12-01 08:07:31.182 1508 2301 I ActivityTaskManager: The Process com.android.music Already Exists in BG. So sending its PID: 25301
12-01 08:07:31.182 1508 2301 W ActivityTaskManager: Tried to set launchTime (0) < mLastActivityLaunchTime (15265094)
12-01 08:07:31.183 1508 2301 I wm_restart_activity: [0,142427346,275,com.android.music/.VideoBrowserActivity]
12-01 08:07:31.185 1508 2301 I wm_set_resumed_activity: [0,com.android.music/.VideoBrowserActivity,minimalResumeActivityLocked]
12-01 08:07:31.193 1508 2301 W ActivityManager: Receiver with filter android.content.IntentFilter@4ba79a3 already registered for pid 25301, callerPackage is com.android.music
12-01 08:07:31.197 2822 2822 I wm_on_top_resumed_lost_called: [103113767,com.android.launcher3.uioverrides.QuickstepLauncher,topStateChangedWhenResumed]
12-01 08:07:31.210 22714 22730 W ContextImpl: Calling a method in the system process without a qualified user: android.app.ContextImpl.startService:1816 android.content.ContextWrapper.startService:774 com.thundercomm.gamemode.ingame.services.GameModeActionUtils.startGameModeService:93 com.thundercomm.gamemode.ingame.services.GameModeActionUtils.startGameModeEntry:21 com.thundercomm.gamemode.ingame.services.ActivityMonitoringService$1.onActivityLaunch:127
12-01 08:07:31.212 25301 25301 I wm_on_create_called: [142427346,com.android.music.VideoBrowserActivity,performCreate]
12-01 08:07:31.212 25301 25301 I wm_on_start_called: [142427346,com.android.music.VideoBrowserActivity,handleStartActivity]
12-01 08:07:31.212 25301 25301 I wm_on_resume_called: [142427346,com.android.music.VideoBrowserActivity,RESUME_ACTIVITY]
12-01 08:07:31.214 1508 1508 I GameModeConfig: Current uri is uri = content://com.thundercomm.gamemode.api/gamemode_settings/gamemode_isgaming
12-01 08:07:31.215 25301 25301 I wm_on_top_resumed_gained_called: [142427346,com.android.music.VideoBrowserActivity,topStateChangedWhenResumed]
12-01 08:07:31.217 1508 2301 W WindowManager: updateScale0.7996942
12-01 08:07:31.218 1508 1508 I GameModeConfig: isGameModeOn = false
12-01 08:07:31.219 1508 1508 I GameModeConfig: isGameModeOn = false
12-01 08:07:31.219 1508 1508 I GameModeConfig: isDisableVoice = true
12-01 08:07:31.222 1508 1637 I input_focus: [Focus request d26acc com.android.music/com.android.music.VideoBrowserActivity,reason=UpdateInputWindows]
12-01 08:07:31.226 1508 1637 W WindowManager: updateScale0.7996942
12-01 08:07:31.229 1508 1637 W WindowManager: updateScale0.7996942
12-01 08:07:31.230 1508 1637 W WindowManager: updateScale0.7996942
12-01 08:07:31.239 1508 1633 I sysui_multi_action: [319,59,322,59,325,15269,757,761,758,8,759,2,806,com.android.music,871,com.android.music.VideoBrowserActivity,904,android,905,0,1320,8,1321,5]
12-01 08:07:31.240 1508 1633 I wm_activity_launch_time: [0,142427346,com.android.music/.VideoBrowserActivity,59]
12-01 08:07:31.247 1508 2005 I input_focus: [Focus leaving e9e80a1 com.android.launcher3/com.android.launcher3.uioverrides.QuickstepLauncher (server),reason=setFocusedWindow]
12-01 08:07:31.247 1508 2005 I input_focus: [Focus entering d26acc com.android.music/com.android.music.VideoBrowserActivity (server),reason=setFocusedWindow]
12-01 08:07:31.514 1508 1637 W WindowManager: updateScale0.7996942
12-01 08:07:32.216 1508 2005 I input_interaction: Interaction with: d26acc com.android.music/com.android.music.VideoBrowserActivity (server), edge-swipe (server), swipe-up (server), PointerEventDispatcher0 (server),
12-01 08:07:32.266 1508 3862 E TaskPersister: File error accessing recents directory (directory doesn't exist?).
12-01 08:07:32.346 1508 2301 I ActivityTaskManager: START u0 {act=android.intent.action.VIEW dat=content://media/external/video/media/25 typ=video/mp4 cmp=com.android.gallery3d/.app.MovieActivity (has extras)} from uid 10086
12-01 08:07:32.354 1508 2301 I wm_task_moved: [275,1,8]
12-01 08:07:32.355 1508 2301 I wm_set_resumed_activity: [0,com.android.music/.VideoBrowserActivity,positionChildAt]
12-01 08:07:32.355 1508 2301 I wm_create_activity: [0,86041510,275,com.android.gallery3d/.app.MovieActivity,android.intent.action.VIEW,video/mp4,content://media/external/video/media/25,0]
12-01 08:07:32.356 1508 2301 I wm_pause_activity: [0,142427346,com.android.music/.VideoBrowserActivity,userLeaving=true,resumeTopActivityInnerLocked]
12-01 08:07:32.357 1508 2301 W WindowManager: updateScale0.7996942
12-01 08:07:32.363 25301 25301 I wm_on_top_resumed_lost_called: [142427346,com.android.music.VideoBrowserActivity,topStateChangedWhenResumed]
12-01 08:07:32.363 25301 25301 I wm_on_paused_called: [142427346,com.android.music.VideoBrowserActivity,performPause]
12-01 08:07:32.365 1508 9618 I ActivityTaskManager: FOREGROUND_APPLICATION_CHANGED to com.android.gallery3d.app.MovieActivity
12-01 08:07:32.365 1508 9618 I ActivityTaskManager: The Process com.android.gallery3d Already Exists in BG. So sending its PID: 26405
12-01 08:07:32.366 1508 9618 W ActivityTaskManager: Tried to set launchTime (0) < mLastActivityLaunchTime (15266347)
12-01 08:07:32.368 1508 9618 I wm_restart_activity: [0,86041510,275,com.android.gallery3d/.app.MovieActivity]
12-01 08:07:32.372 1508 9618 I wm_set_resumed_activity: [0,com.android.gallery3d/.app.MovieActivity,minimalResumeActivityLocked]
12-01 08:07:32.383 1508 1636 I sysui_multi_action: [757,803,799,window_time_0,802,2]
12-01 08:07:32.392 22714 22730 W ContextImpl: Calling a method in the system process without a qualified user: android.app.ContextImpl.startService:1816 android.content.ContextWrapper.startService:774 com.thundercomm.gamemode.ingame.services.GameModeActionUtils.startGameModeService:93 com.thundercomm.gamemode.ingame.services.GameModeActionUtils.startGameModeEntry:21 com.thundercomm.gamemode.ingame.services.ActivityMonitoringService$1.onActivityLaunch:127
12-01 08:07:32.398 1508 1508 I GameModeConfig: Current uri is uri = content://com.thundercomm.gamemode.api/gamemode_settings/gamemode_isgaming
12-01 08:07:32.400 1508 1508 I GameModeConfig: isGameModeOn = false
12-01 08:07:32.400 1508 1508 I GameModeConfig: isGameModeOn = false
12-01 08:07:32.400 1508 1508 I GameModeConfig: isDisableVoice = true
12-01 08:07:32.416 26405 26405 I wm_on_create_called: [86041510,com.android.gallery3d.app.MovieActivity,performCreate]
12-01 08:07:32.418 1508 1508 I notification_enqueue: [10086,25301,com.android.music,1,NULL,0,Notification(channel=Channel-music shortcut=null contentView=null vibrate=null sound=null defaults=0x0 flags=0x62 color=0x00000000 category=transport actions=4 vis=PRIVATE),1]
12-01 08:07:32.420 1508 2321 I GameModeConfig: isGameModeOn = false
12-01 08:07:32.420 1508 2321 I GameModeConfig: isGameModeOn = false
12-01 08:07:32.421 1508 2321 I GameModeConfig: isGameModeOn = false
12-01 08:07:32.421 1508 2321 I GameModeConfig: isGameModeOn = false
12-01 08:07:32.421 1508 2321 I GameModeConfig: isGameModeOn = false
12-01 08:07:32.423 26405 26405 I wm_on_start_called: [86041510,com.android.gallery3d.app.MovieActivity,handleStartActivity]
12-01 08:07:32.423 26405 26405 I wm_on_resume_called: [86041510,com.android.gallery3d.app.MovieActivity,RESUME_ACTIVITY]
12-01 08:07:32.425 1508 2301 W WindowManager: Failed looking up window session=Session{a1a4d7c 26405:u0a10064} callers=com.android.server.wm.WindowManagerService.windowForClientLocked:5628 com.android.server.wm.Session.insetsModified:629 android.view.IWindowSession$Stub.onTransact:1151
12-01 08:07:32.429 26405 26405 I wm_on_top_resumed_gained_called: [86041510,com.android.gallery3d.app.MovieActivity,topStateChangedWhenResumed]
12-01 08:07:32.431 1508 1508 I notification_enqueue: [10086,25301,com.android.music,1,NULL,0,Notification(channel=Channel-music shortcut=null contentView=null vibrate=null sound=null defaults=0x0 flags=0x0 color=0x00000000 category=transport actions=4 vis=PRIVATE),1]
12-01 08:07:32.433 1508 7139 W WindowManager: updateScale0.7996942
12-01 08:07:32.433 1508 7139 W WindowManager: updateScale0.7996942
12-01 08:07:32.433 1508 7139 W WindowManager: updateScale0.7996942
12-01 08:07:32.434 1508 1637 I input_focus: [Focus request 978f6df com.android.gallery3d/com.android.gallery3d.app.MovieActivity,reason=UpdateInputWindows]
12-01 08:07:32.441 1508 2301 W WindowManager: updateScale0.7996942
12-01 08:07:32.441 1508 2301 W WindowManager: updateScale0.7996942
12-01 08:07:32.441 1508 2301 W WindowManager: updateScale0.7996942
12-01 08:07:32.452 1508 2005 I input_focus: [Focus leaving d26acc com.android.music/com.android.music.VideoBrowserActivity (server),reason=Waiting for window because NOT_VISIBLE]
12-01 08:07:32.474 1508 6436 I snet_event_log: [172655291,-1,]
12-01 08:07:32.482 22714 22730 W ContextImpl: Calling a method in the system process without a qualified user: android.app.ContextImpl.startService:1816 android.content.ContextWrapper.startService:774 com.thundercomm.gamemode.ingame.services.GameModeActionUtils.startGameModeService:93 com.thundercomm.gamemode.ingame.services.GameModeActionUtils.startGameModeEntry:21 com.thundercomm.gamemode.ingame.services.ActivityMonitoringService$1.onActivityLaunch:127
12-01 08:07:32.486 1508 1508 I GameModeConfig: Current uri is uri = content://com.thundercomm.gamemode.api/gamemode_settings/gamemode_isgaming
12-01 08:07:32.488 1508 1508 I GameModeConfig: isGameModeOn = false
12-01 08:07:32.490 1508 1508 I GameModeConfig: isGameModeOn = false
12-01 08:07:32.490 1508 1508 I GameModeConfig: isDisableVoice = true
12-01 08:07:32.525 1508 1637 W WindowManager: updateScale0.7996942
12-01 08:07:32.525 1508 1637 W WindowManager: updateScale0.7996942
12-01 08:07:32.525 1508 1637 W WindowManager: updateScale0.7996942
12-01 08:07:32.526 1508 2301 W WindowManager: updateScale0.7996942
12-01 08:07:32.526 1508 2301 W WindowManager: updateScale0.7996942
12-01 08:07:32.526 1508 2301 W WindowManager: updateScale0.7996942
12-01 08:07:32.528 1508 1637 W WindowManager: updateScale0.7996942
12-01 08:07:32.528 1508 1637 W WindowManager: updateScale0.7996942
12-01 08:07:32.528 1508 1637 W WindowManager: updateScale0.7996942
12-01 08:07:32.532 1508 1637 W WindowManager: updateScale0.7996942
12-01 08:07:32.532 1508 1637 W WindowManager: updateScale0.7996942
12-01 08:07:32.532 1508 1637 W WindowManager: updateScale0.7996942
12-01 08:07:32.536 1508 1633 I sysui_multi_action: [319,185,322,184,325,15270,757,761,758,8,759,2,806,com.android.gallery3d,871,com.android.gallery3d.app.MovieActivity,904,com.android.music,905,0,1320,8,1321,5]
12-01 08:07:32.538 1508 1633 I wm_activity_launch_time: [0,86041510,com.android.gallery3d/.app.MovieActivity,184]
12-01 08:07:32.549 1508 2005 I input_focus: [Focus entering 978f6df com.android.gallery3d/com.android.gallery3d.app.MovieActivity (server),reason=Window became focusable. Previous reason: NOT_VISIBLE]
12-01 08:07:32.621 1508 1508 I GameModeConfig: isGameModeOn = false
12-01 08:07:32.632 1508 1508 I GameModeConfig: isGameModeOn = false
12-01 08:07:32.817 1508 1637 W WindowManager: updateScale0.7996942
12-01 08:07:32.817 1508 1637 W WindowManager: updateScale0.7996942
12-01 08:07:32.817 1508 1637 W WindowManager: updateScale0.7996942
12-01 08:07:33.351 0 0 I auditd : type=1400 audit(0.0:16449): avc: denied { kill } for comm="swapper/0" capability=5 scontext=u:r:kernel:s0 tcontext=u:r:kernel:s0 tclass=capability permissive=0
12-01 08:07:33.360 1508 2005 I input_interaction: Interaction with: 978f6df com.android.gallery3d/com.android.gallery3d.app.MovieActivity (server), edge-swipe (server), swipe-up (server), PointerEventDispatcher0 (server),
12-01 08:07:33.450 1508 7139 W WindowManager: updateScale0.7996942
12-01 08:07:33.450 1508 7139 W WindowManager: updateScale0.7996942
12-01 08:07:33.450 1508 7139 W WindowManager: updateScale0.7996942
12-01 08:07:33.466 1508 7139 W WindowManager: updateScale0.7996942
12-01 08:07:33.466 1508 7139 W WindowManager: updateScale0.7996942
12-01 08:07:33.466 1508 7139 W WindowManager: updateScale0.7996942
12-01 08:07:33.470 1508 1637 I input_focus: [Focus request 444e2d7 com.android.gallery3d/com.android.gallery3d.app.MovieActivity,reason=UpdateInputWindows]
12-01 08:07:33.505 1508 2005 I input_focus: [Focus entering 444e2d7 com.android.gallery3d/com.android.gallery3d.app.MovieActivity (server),reason=setFocusedWindow]
12-01 08:07:33.703 1508 1637 W WindowManager: updateScale0.7996942
12-01 08:07:33.703 1508 1637 W WindowManager: updateScale0.7996942
12-01 08:07:33.719 1508 1637 W WindowManager: updateScale0.7996942
12-01 08:07:33.720 1508 1637 W WindowManager: updateScale0.7996942
12-01 08:07:34.100 1508 2005 I input_interaction: Interaction with: 444e2d7 com.android.gallery3d/com.android.gallery3d.app.MovieActivity (server), edge-swipe (server), swipe-up (server), PointerEventDispatcher0 (server),
12-01 08:07:34.118 1508 9618 W WindowManager: updateScale0.7996942
12-01 08:07:34.118 1508 9618 W WindowManager: updateScale0.7996942
12-01 08:07:34.119 1508 9618 W WindowManager: updateScale0.7996942
12-01 08:07:34.119 1508 9618 W WindowManager: updateScale0.7996942
12-01 08:07:34.351 647 647 I auditd : type=1400 audit(0.0:16450): avc: denied { kill } for comm="vendor.ts.uart@" capability=5 scontext=u:r:uart_service_deamon:s0 tcontext=u:r:uart_service_deamon:s0 tclass=capability permissive=0
12-01 08:07:35.351 352 352 I auditd : type=1400 audit(0.0:16451): avc: denied { kill } for comm="irq/382-atmel_m" capability=5 scontext=u:r:kernel:s0 tcontext=u:r:kernel:s0 tclass=capability permissive=0
12-01 08:07:35.390 1508 3862 E TaskPersister: File error accessing recents directory (directory doesn't exist?).
12-01 08:07:36.106 1508 9618 W WindowManager: updateScale0.7996942
12-01 08:07:36.106 1508 9618 W WindowManager: updateScale0.7996942
12-01 08:07:36.351 0 0 I auditd : type=1400 audit(0.0:16452): avc: denied { kill } for comm="swapper/0" capability=5 scontext=u:r:kernel:s0 tcontext=u:r:kernel:s0 tclass=capability permissive=0
12-01 08:07:36.788 1508 2005 I input_interaction: Interaction with: e9e80a1 com.android.launcher3/com.android.launcher3.uioverrides.QuickstepLauncher (server), 5ecd4a7 com.android.systemui.ImageWallpaper (server), edge-swipe (server), swipe-up (server), PointerEventDispatcher0 (server),
12-01 08:07:36.805 2822 2822 I view_enqueue_input_event: [Motion - Cancel,com.android.launcher3/com.android.launcher3.uioverrides.QuickstepLauncher]
12-01 08:07:36.808 1508 2005 I input_interaction: Interaction with: edge-swipe (server), swipe-up (server), PointerEventDispatcher0 (server),
12-01 08:07:37.116 1508 2301 I ActivityTaskManager: START u0 {act=android.intent.action.MAIN cat=[android.intent.category.HOME] flg=0x10000000 cmp=com.android.launcher3/.uioverrides.QuickstepLauncher} from uid 10076
12-01 08:07:37.118 1508 2301 I wm_task_moved: [1,1,8]
12-01 08:07:37.120 1508 2301 I wm_set_resumed_activity: [0,com.android.launcher3/.uioverrides.QuickstepLauncher,positionChildAt]
12-01 08:07:37.120 1508 2301 I wm_task_moved: [10,1,2147483647]
12-01 08:07:37.120 1508 2301 I wm_task_to_front: [0,10]
12-01 08:07:37.121 1508 2301 I wm_focused_root_task: [0,0,1,275,bringingFoundTaskToFront]
12-01 08:07:37.121 26405 26405 I wm_on_top_resumed_lost_called: [86041510,com.android.gallery3d.app.MovieActivity,topStateChangedWhenResumed]
12-01 08:07:37.121 1508 2301 I wm_set_resumed_activity: [0,com.android.launcher3/.uioverrides.QuickstepLauncher,bringingFoundTaskToFront]
12-01 08:07:37.121 1508 2301 I wm_new_intent: [0,103113767,10,com.android.launcher3/.uioverrides.QuickstepLauncher,android.intent.action.MAIN,NULL,NULL,268435712]
12-01 08:07:37.122 1508 2301 I wm_task_moved: [1,1,8]
12-01 08:07:37.122 1508 2301 I wm_set_resumed_activity: [0,com.android.launcher3/.uioverrides.QuickstepLauncher,positionChildAt]
12-01 08:07:37.122 1508 2301 I ActivityTaskManager: FOREGROUND_APPLICATION_CHANGED to com.android.launcher3.uioverrides.QuickstepLauncher
12-01 08:07:37.122 1508 2301 W WindowManager: updateScale0.7996942
12-01 08:07:37.123 1508 2301 W WindowManager: updateScale0.7996942
12-01 08:07:37.126 1508 2301 W WindowManager: updateScale0.7996942
12-01 08:07:37.126 1508 2301 W WindowManager: updateScale0.7996942
12-01 08:07:37.131 1508 1637 I input_focus: [Focus request e9e80a1 com.android.launcher3/com.android.launcher3.uioverrides.QuickstepLauncher,reason=UpdateInputWindows]
12-01 08:07:37.133 2822 2822 I wm_on_paused_called: [103113767,com.android.launcher3.uioverrides.QuickstepLauncher,performPause]
12-01 08:07:37.135 2822 2822 I wm_on_resume_called: [103113767,com.android.launcher3.uioverrides.QuickstepLauncher,LIFECYCLER_RESUME_ACTIVITY]
12-01 08:07:37.147 1508 2005 I input_focus: [Focus leaving 444e2d7 com.android.gallery3d/com.android.gallery3d.app.MovieActivity (server),reason=setFocusedWindow]
12-01 08:07:37.147 1508 2005 I input_focus: [Focus entering e9e80a1 com.android.launcher3/com.android.launcher3.uioverrides.QuickstepLauncher (server),reason=setFocusedWindow]
12-01 08:07:37.157 1508 7139 W WindowManager: updateScale0.7996942
12-01 08:07:37.157 1508 7139 W WindowManager: updateScale0.7996942
12-01 08:07:37.161 2822 2822 I wm_on_top_resumed_gained_called: [103113767,com.android.launcher3.uioverrides.QuickstepLauncher,topStateChangedWhenResumed]
12-01 08:07:37.317 1508 2005 I input_interaction: Interaction with: e9e80a1 com.android.launcher3/com.android.launcher3.uioverrides.QuickstepLauncher (server), 5ecd4a7 com.android.systemui.ImageWallpaper (server), edge-swipe (server), swipe-up (server), PointerEventDispatcher0 (server),
12-01 08:07:37.351 0 0 I auditd : type=1400 audit(0.0:16453): avc: denied { kill } for comm="swapper/0" capability=5 scontext=u:r:kernel:s0 tcontext=u:r:kernel:s0 tclass=capability permissive=0
12-01 08:07:37.356 2822 2822 I view_enqueue_input_event: [Motion - Cancel,com.android.launcher3/com.android.launcher3.uioverrides.QuickstepLauncher]
12-01 08:07:37.358 1508 2005 I input_interaction: Interaction with: edge-swipe (server), swipe-up (server), PointerEventDispatcher0 (server),
12-01 08:07:37.367 1508 4735 W ActivityTaskManager: getTaskSnapshot: taskId=4266 not found
12-01 08:07:37.367 1508 4735 W ActivityTaskManager: getTaskSnapshot: taskId=3266 not found
12-01 08:07:37.368 1508 4735 W ActivityTaskManager: getTaskSnapshot: taskId=2266 not found
12-01 08:07:37.368 1508 4735 W ActivityTaskManager: getTaskSnapshot: taskId=1266 not found
12-01 08:07:37.546 1508 1754 I commit_sys_config_file: [settings-1-0,5]
12-01 08:07:37.863 1508 1754 I commit_sys_config_file: [settings-1-0,9]
12-01 08:07:37.961 1508 4735 I wm_finish_activity: [0,86041510,275,com.android.gallery3d/.app.MovieActivity,app-request]
12-01 08:07:37.979 1508 4735 I wm_pause_activity: [0,86041510,com.android.gallery3d/.app.MovieActivity,userLeaving=false,finish]
12-01 08:07:37.990 1508 4735 I wm_finish_activity: [0,142427346,275,com.android.music/.VideoBrowserActivity,app-request]
12-01 08:07:38.001 1508 4735 I wm_destroy_activity: [0,142427346,275,com.android.music/.VideoBrowserActivity,finish-imm:finishIfPossible]
12-01 08:07:38.013 1508 6436 W ActivityManager: Receiver with filter android.content.IntentFilter@9f01a9f already registered for pid 25301, callerPackage is com.android.music
12-01 08:07:38.027 26405 26405 I wm_on_paused_called: [86041510,com.android.gallery3d.app.MovieActivity,performPause]
12-01 08:07:38.027 1508 7139 I wm_destroy_activity: [0,86041510,275,com.android.gallery3d/.app.MovieActivity,finish-imm:completePausedLocked]
12-01 08:07:38.028 1508 1636 I sysui_multi_action: [757,803,799,window_time_2,802,6]
12-01 08:07:38.031 22714 22730 W ContextImpl: Calling a method in the system process without a qualified user: android.app.ContextImpl.startService:1816 android.content.ContextWrapper.startService:774 com.thundercomm.gamemode.ingame.services.GameModeActionUtils.startGameModeService:93 com.thundercomm.gamemode.ingame.services.GameModeActionUtils.startGameModeEntry:21 com.thundercomm.gamemode.ingame.services.ActivityMonitoringService$1.onActivityLaunch:127
12-01 08:07:38.035 26405 26405 I wm_on_stop_called: [86041510,com.android.gallery3d.app.MovieActivity,LIFECYCLER_STOP_ACTIVITY]
12-01 08:07:38.037 1508 1508 I GameModeConfig: Current uri is uri = content://com.thundercomm.gamemode.api/gamemode_settings/gamemode_isgaming
12-01 08:07:38.037 25301 25301 I wm_on_stop_called: [142427346,com.android.music.VideoBrowserActivity,LIFECYCLER_STOP_ACTIVITY]
12-01 08:07:38.040 25301 25301 I wm_on_destroy_called: [142427346,com.android.music.VideoBrowserActivity,performDestroy]
12-01 08:07:38.041 26405 26405 I wm_on_destroy_called: [86041510,com.android.gallery3d.app.MovieActivity,performDestroy]
12-01 08:07:38.043 1508 1508 I GameModeConfig: isGameModeOn = false
12-01 08:07:38.043 1508 1508 I GameModeConfig: isGameModeOn = false
12-01 08:07:38.044 1508 1508 I GameModeConfig: isDisableVoice = true
12-01 08:07:38.137 22714 22730 W ContextImpl: Calling a method in the system process without a qualified user: android.app.ContextImpl.startService:1816 android.content.ContextWrapper.startService:774 com.thundercomm.gamemode.ingame.services.GameModeActionUtils.startGameModeService:93 com.thundercomm.gamemode.ingame.services.GameModeActionUtils.startGameModeEntry:21 com.thundercomm.gamemode.ingame.services.ActivityMonitoringService$1.onActivityLaunch:127
12-01 08:07:38.143 1508 1508 I GameModeConfig: Current uri is uri = content://com.thundercomm.gamemode.api/gamemode_settings/gamemode_isgaming
12-01 08:07:38.144 1508 1508 I GameModeConfig: isGameModeOn = false
12-01 08:07:38.144 1508 1508 I GameModeConfig: isGameModeOn = false
12-01 08:07:38.144 1508 1508 I GameModeConfig: isDisableVoice = true
12-01 08:07:38.294 1508 1637 I wm_task_removed: [275,removeChild:removeChild last r=ActivityRecord{87d44d2 u0 com.android.music/.VideoBrowserActivity t-1 f}} in t=Task{8072934 #275 type=standard A=10086:android.task.video U=0 visible=false mode=freeform translucent=true sz=0}]
12-01 08:07:38.294 1508 1637 I wm_task_removed: [275,removeChild]
12-01 08:07:38.295 1508 1637 D FreeFormWindowHelper: Remove freefrom task=Task{8072934 #275 type=standard A=10086:android.task.video U=0 visible=false mode=freeform translucent=true sz=0}
12-01 08:07:38.351 352 352 I auditd : type=1400 audit(0.0:16454): avc: denied { kill } for comm="irq/382-atmel_m" capability=5 scontext=u:r:kernel:s0 tcontext=u:r:kernel:s0 tclass=capability permissive=0
12-01 08:07:38.870 1508 2005 I input_interaction: Interaction with: e9e80a1 com.android.launcher3/com.android.launcher3.uioverrides.QuickstepLauncher (server), 5ecd4a7 com.android.systemui.ImageWallpaper (server), edge-swipe (server), swipe-up (server), PointerEventDispatcher0 (server),
12-01 08:07:38.942 1508 4735 I ActivityTaskManager: START u0 {flg=0x10008000 cmp=com.android.gallery3d/.app.GalleryActivity} from uid 10076
12-01 08:07:38.944 1508 4735 I wm_task_moved: [274,1,7]
12-01 08:07:38.944 1508 4735 I wm_task_to_front: [0,274]
12-01 08:07:38.945 1508 4735 I wm_focused_root_task: [0,0,274,1,bringingFoundTaskToFront]
12-01 08:07:38.946 1508 4735 I wm_set_resumed_activity: [0,com.android.gallery3d/.app.GalleryActivity,bringingFoundTaskToFront]
12-01 08:07:38.948 1508 4735 D FreeFormWindowHelper: Add freeform task=Task{f216b76 #274 type=standard A=10064:com.android.gallery3d U=0 visible=true mode=freeform translucent=true sz=1}
12-01 08:07:38.949 1508 4735 I ActivityTaskManager: FOREGROUND_APPLICATION_CHANGED to com.android.gallery3d.app.GalleryActivity
12-01 08:07:38.949 1508 4735 I wm_set_resumed_activity: [0,com.android.gallery3d/.app.GalleryActivity,resumeTopActivityInnerLocked]
12-01 08:07:38.950 1508 4735 I wm_resume_activity: [0,26257955,274,com.android.gallery3d/.app.GalleryActivity]
12-01 08:07:38.951 1508 4735 I wm_finish_activity: [0,26257955,274,com.android.gallery3d/.app.GalleryActivity,clear-task-all]
12-01 08:07:38.952 1508 4735 I wm_pause_activity: [0,26257955,com.android.gallery3d/.app.GalleryActivity,userLeaving=false,finish]
12-01 08:07:38.955 1508 4735 I wm_task_moved: [274,1,7]
12-01 08:07:38.956 26405 26405 I wm_on_restart_called: [26257955,com.android.gallery3d.app.GalleryActivity,performRestartActivity]
12-01 08:07:38.958 26405 26405 I wm_on_start_called: [26257955,com.android.gallery3d.app.GalleryActivity,handleStartActivity]
12-01 08:07:38.959 1508 4735 I wm_create_activity: [0,113626729,274,com.android.gallery3d/.app.GalleryActivity,NULL,NULL,NULL,272662528]
12-01 08:07:38.967 2822 2822 I wm_on_top_resumed_lost_called: [103113767,com.android.launcher3.uioverrides.QuickstepLauncher,topStateChangedWhenResumed]
12-01 08:07:38.968 26405 26405 I wm_on_resume_called: [26257955,com.android.gallery3d.app.GalleryActivity,RESUME_ACTIVITY]
12-01 08:07:38.972 26405 26405 I wm_on_paused_called: [26257955,com.android.gallery3d.app.GalleryActivity,performPause]
12-01 08:07:38.973 1508 4735 I wm_add_to_stopping: [0,26257955,com.android.gallery3d/.app.GalleryActivity,completeFinishing]
12-01 08:07:38.974 1508 4735 I ActivityTaskManager: The Process com.android.gallery3d Already Exists in BG. So sending its PID: 26405
12-01 08:07:38.974 1508 4735 W ActivityTaskManager: Tried to set launchTime (0) < mLastActivityLaunchTime (15270948)
12-01 08:07:38.976 1508 4735 I wm_restart_activity: [0,113626729,274,com.android.gallery3d/.app.GalleryActivity]
12-01 08:07:38.977 1508 4735 I wm_set_resumed_activity: [0,com.android.gallery3d/.app.GalleryActivity,minimalResumeActivityLocked]
12-01 08:07:38.981 1508 1636 I sysui_multi_action: [757,803,799,window_time_0,802,1]
12-01 08:07:38.984 1508 4735 W ContextImpl: Calling a method in the system process without a qualified user: android.app.ContextImpl.startActivity:1067 com.android.server.wm.FreeFormWindowHelper.exitRecentTasks:426 com.android.server.wm.ActivityTaskManagerService.exitRecentTasks:3795 android.app.IActivityTaskManager$Stub.onTransact:2307 com.android.server.wm.ActivityTaskManagerService.onTransact:5046
12-01 08:07:38.984 1508 4735 I ActivityTaskManager: START u0 {act=android.intent.action.MAIN cat=[android.intent.category.LAUNCHER] flg=0x10300000 cmp=com.android.music/.VideoBrowserActivity} from uid 1000
12-01 08:07:38.989 1508 4735 I wm_task_created: [276,-1]
12-01 08:07:38.989 1508 4735 W ActivityTaskManager: Can't find TaskDisplayArea to determine support for multi window. Task id=276 attached=false
12-01 08:07:38.990 1508 4735 D FreeFormWindowHelper: Need finish old freeform task=Task{f216b76 #274 type=standard A=10064:com.android.gallery3d U=0 visible=true mode=freeform translucent=false sz=2}
12-01 08:07:38.990 1508 4735 I wm_finish_activity: [0,113626729,274,com.android.gallery3d/.app.GalleryActivity,app-request]
12-01 08:07:38.990 1508 4735 I wm_task_moved: [1,1,8]
12-01 08:07:38.990 1508 4735 I wm_set_resumed_activity: [0,com.android.launcher3/.uioverrides.QuickstepLauncher,positionChildAt]
12-01 08:07:38.990 1508 4735 I wm_task_moved: [10,1,2147483647]
12-01 08:07:38.991 1508 4735 I wm_task_to_front: [0,10]
12-01 08:07:38.991 1508 4735 I wm_focused_root_task: [0,0,1,-1,finish-top adjustFocusToNextFocusableTask]
12-01 08:07:38.991 1508 4735 I wm_set_resumed_activity: [0,com.android.launcher3/.uioverrides.QuickstepLauncher,finish-top]
12-01 08:07:38.991 1508 4735 I wm_pause_activity: [0,113626729,com.android.gallery3d/.app.GalleryActivity,userLeaving=false,finish]
12-01 08:07:38.992 1508 4735 W ActivityTaskManager: Finishing task with all activities already finished
12-01 08:07:38.992 1508 4735 W ActivityTaskManager: Duplicate finish request for r=ActivityRecord{190aa23 u0 com.android.gallery3d/.app.GalleryActivity t274 f}}
12-01 08:07:38.992 1508 4735 D FreeFormWindowHelper: Add freeform task=Task{db9341c #276 type=standard ?? U=0 visible=false mode=freeform translucent=true sz=0}
12-01 08:07:38.993 1508 4735 I wm_task_moved: [276,1,8]
12-01 08:07:38.993 1508 4735 I wm_task_to_front: [0,276]
12-01 08:07:38.994 1508 4735 I wm_focused_root_task: [0,0,276,1,reuseOrNewTask]
12-01 08:07:38.994 1508 4735 I wm_create_task: [0,276]
12-01 08:07:38.994 1508 4735 I wm_create_activity: [0,249991083,276,com.android.music/.VideoBrowserActivity,android.intent.action.MAIN,NULL,NULL,271581184]
12-01 08:07:38.994 1508 4735 I wm_task_moved: [276,1,8]
12-01 08:07:39.013 1508 1637 I input_focus: [Focus request e9e80a1 com.android.launcher3/com.android.launcher3.uioverrides.QuickstepLauncher,reason=UpdateInputWindows]
12-01 08:07:39.024 1508 2321 I GameModeConfig: isGameModeOn = false
12-01 08:07:39.046 26405 26405 I wm_on_create_called: [113626729,com.android.gallery3d.app.GalleryActivity,performCreate]
12-01 08:07:39.047 26405 26405 I wm_on_start_called: [113626729,com.android.gallery3d.app.GalleryActivity,handleStartActivity]
12-01 08:07:39.049 26405 26405 I wm_on_resume_called: [113626729,com.android.gallery3d.app.GalleryActivity,RESUME_ACTIVITY]
12-01 08:07:39.051 26405 26405 I wm_on_top_resumed_gained_called: [113626729,com.android.gallery3d.app.GalleryActivity,topStateChangedWhenResumed]
12-01 08:07:39.051 26405 26405 I wm_on_top_resumed_lost_called: [113626729,com.android.gallery3d.app.GalleryActivity,topStateChangedWhenResumed]
12-01 08:07:39.052 26405 26405 I wm_on_paused_called: [113626729,com.android.gallery3d.app.GalleryActivity,performPause]
12-01 08:07:39.052 1508 7139 I wm_add_to_stopping: [0,113626729,com.android.gallery3d/.app.GalleryActivity,completeFinishing]
12-01 08:07:39.052 1508 7139 I ActivityTaskManager: FOREGROUND_APPLICATION_CHANGED to com.android.music.VideoBrowserActivity
12-01 08:07:39.054 1508 7139 I ActivityTaskManager: The Process com.android.music Already Exists in BG. So sending its PID: 25301
12-01 08:07:39.054 1508 7139 W ActivityTaskManager: Tried to set launchTime (0) < mLastActivityLaunchTime (15269763)
12-01 08:07:39.055 1508 7139 I wm_restart_activity: [0,249991083,276,com.android.music/.VideoBrowserActivity]
12-01 08:07:39.057 1508 7139 I wm_set_resumed_activity: [0,com.android.music/.VideoBrowserActivity,minimalResumeActivityLocked]
12-01 08:07:39.064 1508 1636 I sysui_multi_action: [757,803,799,window_time_2,802,0]
12-01 08:07:39.066 1508 6436 W WindowManager: updateScale0.7996942
12-01 08:07:39.076 22714 22730 W ContextImpl: Calling a method in the system process without a qualified user: android.app.ContextImpl.startService:1816 android.content.ContextWrapper.startService:774 com.thundercomm.gamemode.ingame.services.GameModeActionUtils.startGameModeService:93 com.thundercomm.gamemode.ingame.services.GameModeActionUtils.startGameModeEntry:21 com.thundercomm.gamemode.ingame.services.ActivityMonitoringService$1.onActivityLaunch:127
12-01 08:07:39.078 1508 6436 W ActivityManager: Receiver with filter android.content.IntentFilter@b9b4923 already registered for pid 25301, callerPackage is com.android.music
12-01 08:07:39.082 1508 1508 I GameModeConfig: Current uri is uri = content://com.thundercomm.gamemode.api/gamemode_settings/gamemode_isgaming
12-01 08:07:39.087 1508 4735 W WindowManager: updateScale0.7996942
12-01 08:07:39.088 1508 1508 I GameModeConfig: isGameModeOn = false
12-01 08:07:39.088 1508 1508 I GameModeConfig: isGameModeOn = false
12-01 08:07:39.088 1508 1508 I GameModeConfig: isDisableVoice = true
12-01 08:07:39.096 25301 25301 I wm_on_create_called: [249991083,com.android.music.VideoBrowserActivity,performCreate]
12-01 08:07:39.097 25301 25301 I wm_on_start_called: [249991083,com.android.music.VideoBrowserActivity,handleStartActivity]
12-01 08:07:39.097 25301 25301 I wm_on_resume_called: [249991083,com.android.music.VideoBrowserActivity,RESUME_ACTIVITY]
12-01 08:07:39.099 25301 25301 I wm_on_top_resumed_gained_called: [249991083,com.android.music.VideoBrowserActivity,topStateChangedWhenResumed]
12-01 08:07:39.103 1508 2301 W WindowManager: updateScale0.7996942
12-01 08:07:39.105 1508 1637 I input_focus: [Focus request 5cf547f com.android.music/com.android.music.VideoBrowserActivity,reason=UpdateInputWindows]
12-01 08:07:39.109 1508 1637 W WindowManager: updateScale0.7996942
12-01 08:07:39.116 1508 1637 W WindowManager: updateScale0.7996942
12-01 08:07:39.116 1508 2005 I input_focus: [Focus leaving e9e80a1 com.android.launcher3/com.android.launcher3.uioverrides.QuickstepLauncher (server),reason=Waiting for window because NOT_VISIBLE]
12-01 08:07:39.118 1508 1637 W WindowManager: updateScale0.7996942
12-01 08:07:39.119 1508 1637 W WindowManager: updateScale0.7996942
12-01 08:07:39.121 1508 1633 I sysui_multi_action: [319,133,322,133,325,15277,757,761,758,8,759,2,806,com.android.music,871,com.android.music.VideoBrowserActivity,904,android,905,0,1320,8,1321,5]
12-01 08:07:39.131 1508 1633 I wm_activity_launch_time: [0,249991083,com.android.music/.VideoBrowserActivity,133]
12-01 08:07:39.133 1508 2005 I input_focus: [Focus entering 5cf547f com.android.music/com.android.music.VideoBrowserActivity (server),reason=Window became focusable. Previous reason: NOT_VISIBLE]
12-01 08:07:39.137 1508 1637 W WindowManager: updateScale0.7996942
12-01 08:07:39.167 22714 22730 W ContextImpl: Calling a method in the system process without a qualified user: android.app.ContextImpl.startService:1816 android.content.ContextWrapper.startService:774 com.thundercomm.gamemode.ingame.services.GameModeActionUtils.startGameModeService:93 com.thundercomm.gamemode.ingame.services.GameModeActionUtils.startGameModeEntry:21 com.thundercomm.gamemode.ingame.services.ActivityMonitoringService$1.onActivityLaunch:127
12-01 08:07:39.167 1508 4735 I wm_destroy_activity: [0,113626729,274,com.android.gallery3d/.app.GalleryActivity,finish-imm:idle]
12-01 08:07:39.169 1508 4735 I wm_destroy_activity: [0,26257955,274,com.android.gallery3d/.app.GalleryActivity,finish-imm:idle]
12-01 08:07:39.174 1508 1508 I GameModeConfig: Current uri is uri = content://com.thundercomm.gamemode.api/gamemode_settings/gamemode_isgaming
12-01 08:07:39.177 1508 1508 I GameModeConfig: isGameModeOn = false
12-01 08:07:39.177 1508 1508 I GameModeConfig: isGameModeOn = false
12-01 08:07:39.177 1508 1508 I GameModeConfig: isDisableVoice = true
12-01 08:07:39.183 26405 26405 I wm_on_stop_called: [113626729,com.android.gallery3d.app.GalleryActivity,LIFECYCLER_STOP_ACTIVITY]
12-01 08:07:39.185 26405 26405 I wm_on_destroy_called: [113626729,com.android.gallery3d.app.GalleryActivity,performDestroy]
12-01 08:07:39.191 22714 22730 W ContextImpl: Calling a method in the system process without a qualified user: android.app.ContextImpl.startService:1816 android.content.ContextWrapper.startService:774 com.thundercomm.gamemode.ingame.services.GameModeActionUtils.startGameModeService:93 com.thundercomm.gamemode.ingame.services.GameModeActionUtils.startGameModeEntry:21 com.thundercomm.gamemode.ingame.services.ActivityMonitoringService$1.onActivityLaunch:127
12-01 08:07:39.192 1508 2301 W WindowManager: updateScale0.7996942
12-01 08:07:39.197 1508 1508 I GameModeConfig: Current uri is uri = content://com.thundercomm.gamemode.api/gamemode_settings/gamemode_isgaming
12-01 08:07:39.199 1508 1508 I GameModeConfig: isGameModeOn = false
12-01 08:07:39.199 1508 1508 I GameModeConfig: isGameModeOn = false
12-01 08:07:39.199 1508 1508 I GameModeConfig: isDisableVoice = true
12-01 08:07:39.203 26405 26405 I wm_on_stop_called: [26257955,com.android.gallery3d.app.GalleryActivity,LIFECYCLER_STOP_ACTIVITY]
12-01 08:07:39.206 26405 26405 I wm_on_destroy_called: [26257955,com.android.gallery3d.app.GalleryActivity,performDestroy]
12-01 08:07:39.214 1508 2301 W WindowManager: updateScale0.7996942
12-01 08:07:39.220 1508 2301 I wm_task_removed: [274,removeChild:removeChild last r=ActivityRecord{190aa23 u0 com.android.gallery3d/.app.GalleryActivity t-1 f}} in t=Task{f216b76 #274 type=standard A=10064:com.android.gallery3d U=0 visible=false mode=freeform translucent=true sz=0}]
12-01 08:07:39.220 1508 2301 I wm_task_removed: [274,removeChild]
12-01 08:07:39.351 0 0 I auditd : type=1400 audit(0.0:16455): avc: denied { kill } for comm="swapper/0" capability=5 scontext=u:r:kernel:s0 tcontext=u:r:kernel:s0 tclass=capability permissive=0
12-01 08:07:39.400 1508 1637 W WindowManager: updateScale0.7996942
12-01 08:07:40.351 352 352 I auditd : type=1400 audit(0.0:16456): avc: denied { kill } for comm="irq/382-atmel_m" capability=5 scontext=u:r:kernel:s0 tcontext=u:r:kernel:s0 tclass=capability permissive=0
12-01 08:07:40.500 1508 1648 I am_uid_idle: 10088
12-01 08:07:41.351 352 352 I auditd : type=1400 audit(0.0:16457): avc: denied { kill } for comm="irq/382-atmel_m" capability=5 scontext=u:r:kernel:s0 tcontext=u:r:kernel:s0 tclass=capability permissive=0
12-01 08:07:42.351 352 352 I auditd : type=1400 audit(0.0:16458): avc: denied { kill } for comm="irq/382-atmel_m" capability=5 scontext=u:r:kernel:s0 tcontext=u:r:kernel:s0 tclass=capability permissive=0
12-01 08:07:42.424 1508 2321 I GameModeConfig: isGameModeOn = false
12-01 08:07:42.813 1508 3862 E TaskPersister: File error accessing recents directory (directory doesn't exist?).
12-01 08:07:43.351 352 352 I auditd : type=1400 audit(0.0:16459): avc: denied { kill } for comm="irq/382-atmel_m" capability=5 scontext=u:r:kernel:s0 tcontext=u:r:kernel:s0 tclass=capability permissive=0
12-01 08:07:44.351 0 0 I auditd : type=1400 audit(0.0:16460): avc: denied { kill } for comm="swapper/0" capability=5 scontext=u:r:kernel:s0 tcontext=u:r:kernel:s0 tclass=capability permissive=0
12-01 08:07:45.351 352 352 I auditd : type=1400 audit(0.0:16461): avc: denied { kill } for comm="irq/382-atmel_m" capability=5 scontext=u:r:kernel:s0 tcontext=u:r:kernel:s0 tclass=capability permissive=0
12-01 08:07:46.351 352 352 I auditd : type=1400 audit(0.0:16462): avc: denied { kill } for comm="irq/382-atmel_m" capability=5 scontext=u:r:kernel:s0 tcontext=u:r:kernel:s0 tclass=capability permissive=0
12-01 08:07:47.351 0 0 I auditd : type=1400 audit(0.0:16463): avc: denied { kill } for comm="swapper/0" capability=5 scontext=u:r:kernel:s0 tcontext=u:r:kernel:s0 tclass=capability permissive=0
12-01 08:07:48.351 352 352 I auditd : type=1400 audit(0.0:16464): avc: denied { kill } for comm="irq/382-atmel_m" capability=5 scontext=u:r:kernel:s0 tcontext=u:r:kernel:s0 tclass=capability permissive=0
12-01 08:07:49.351 0 0 I auditd : type=1400 audit(0.0:16465): avc: denied { kill } for comm="swapper/0" capability=5 scontext=u:r:kernel:s0 tcontext=u:r:kernel:s0 tclass=capability permissive=0
12-01 08:07:50.351 0 0 I auditd : type=1400 audit(0.0:16466): avc: denied { kill } for comm="swapper/0" capability=5 scontext=u:r:kernel:s0 tcontext=u:r:kernel:s0 tclass=capability permissive=0
12-01 08:07:51.351 0 0 I auditd : type=1400 audit(0.0:16467): avc: denied { kill } for comm="swapper/0" capability=5 scontext=u:r:kernel:s0 tcontext=u:r:kernel:s0 tclass=capability permissive=0
12-01 08:07:51.413 1508 2005 I input_interaction: Interaction with: 5cf547f com.android.music/com.android.music.VideoBrowserActivity (server), edge-swipe (server), swipe-up (server), PointerEventDispatcher0 (server),
12-01 08:07:52.304 1508 4735 I ActivityTaskManager: START u0 {act=android.intent.action.VIEW dat=content://media/external/video/media/25 typ=video/mp4 cmp=com.android.gallery3d/.app.MovieActivity (has extras)} from uid 10086
12-01 08:07:52.311 1508 4735 I wm_task_moved: [276,1,7]
12-01 08:07:52.311 1508 4735 I wm_set_resumed_activity: [0,com.android.music/.VideoBrowserActivity,positionChildAt]
12-01 08:07:52.312 1508 4735 I wm_create_activity: [0,179995321,276,com.android.gallery3d/.app.MovieActivity,android.intent.action.VIEW,video/mp4,content://media/external/video/media/25,0]
12-01 08:07:52.316 1508 4735 I wm_pause_activity: [0,249991083,com.android.music/.VideoBrowserActivity,userLeaving=true,resumeTopActivityInnerLocked]
12-01 08:07:52.318 1508 4735 W WindowManager: updateScale0.7996942
12-01 08:07:52.324 25301 25301 I wm_on_top_resumed_lost_called: [249991083,com.android.music.VideoBrowserActivity,topStateChangedWhenResumed]
12-01 08:07:52.325 25301 25301 I wm_on_paused_called: [249991083,com.android.music.VideoBrowserActivity,performPause]
12-01 08:07:52.328 1508 6163 I ActivityTaskManager: FOREGROUND_APPLICATION_CHANGED to com.android.gallery3d.app.MovieActivity
12-01 08:07:52.328 1508 6163 I ActivityTaskManager: The Process com.android.gallery3d Already Exists in BG. So sending its PID: 26405
12-01 08:07:52.328 1508 6163 W ActivityTaskManager: Tried to set launchTime (0) < mLastActivityLaunchTime (15277556)
12-01 08:07:52.330 1508 6163 I wm_restart_activity: [0,179995321,276,com.android.gallery3d/.app.MovieActivity]
12-01 08:07:52.332 1508 6163 I wm_set_resumed_activity: [0,com.android.gallery3d/.app.MovieActivity,minimalResumeActivityLocked]
12-01 08:07:52.347 1508 1636 I sysui_multi_action: [757,803,799,window_time_2,802,13]
12-01 08:07:52.353 22714 22730 W ContextImpl: Calling a method in the system process without a qualified user: android.app.ContextImpl.startService:1816 android.content.ContextWrapper.startService:774 com.thundercomm.gamemode.ingame.services.GameModeActionUtils.startGameModeService:93 com.thundercomm.gamemode.ingame.services.GameModeActionUtils.startGameModeEntry:21 com.thundercomm.gamemode.ingame.services.ActivityMonitoringService$1.onActivityLaunch:127
12-01 08:07:52.359 1508 1508 I GameModeConfig: Current uri is uri = content://com.thundercomm.gamemode.api/gamemode_settings/gamemode_isgaming
12-01 08:07:52.364 1508 1508 I GameModeConfig: isGameModeOn = false
12-01 08:07:52.365 1508 1508 I GameModeConfig: isGameModeOn = false
12-01 08:07:52.365 1508 1508 I GameModeConfig: isDisableVoice = true
12-01 08:07:52.379 26405 26405 I wm_on_create_called: [179995321,com.android.gallery3d.app.MovieActivity,performCreate]
12-01 08:07:52.381 26405 26405 I wm_on_start_called: [179995321,com.android.gallery3d.app.MovieActivity,handleStartActivity]
12-01 08:07:52.381 26405 26405 I wm_on_resume_called: [179995321,com.android.gallery3d.app.MovieActivity,RESUME_ACTIVITY]
12-01 08:07:52.383 26405 26405 I wm_on_top_resumed_gained_called: [179995321,com.android.gallery3d.app.MovieActivity,topStateChangedWhenResumed]
12-01 08:07:52.386 1508 4735 W WindowManager: updateScale0.7996942
12-01 08:07:52.386 1508 4735 W WindowManager: updateScale0.7996942
12-01 08:07:52.386 1508 4735 W WindowManager: updateScale0.7996942
12-01 08:07:52.388 1508 1637 I input_focus: [Focus request 82627d6 com.android.gallery3d/com.android.gallery3d.app.MovieActivity,reason=UpdateInputWindows]
12-01 08:07:52.394 1508 4735 W WindowManager: updateScale0.7996942
12-01 08:07:52.394 1508 4735 W WindowManager: updateScale0.7996942
12-01 08:07:52.394 1508 4735 W WindowManager: updateScale0.7996942
12-01 08:07:52.413 1508 2005 I input_focus: [Focus leaving 5cf547f com.android.music/com.android.music.VideoBrowserActivity (server),reason=Waiting for window because NOT_VISIBLE]
12-01 08:07:52.424 1508 1637 W WindowManager: updateScale0.7996942
12-01 08:07:52.424 1508 1637 W WindowManager: updateScale0.7996942
12-01 08:07:52.424 1508 1637 W WindowManager: updateScale0.7996942
12-01 08:07:52.426 1508 4735 W WindowManager: updateScale0.7996942
12-01 08:07:52.426 1508 4735 W WindowManager: updateScale0.7996942
12-01 08:07:52.426 1508 4735 W WindowManager: updateScale0.7996942
12-01 08:07:52.435 1508 4735 W WindowManager: updateScale0.7996942
12-01 08:07:52.435 1508 4735 W WindowManager: updateScale0.7996942
12-01 08:07:52.435 1508 4735 W WindowManager: updateScale0.7996942
12-01 08:07:52.440 1508 1633 I sysui_multi_action: [319,128,322,126,325,15290,757,761,758,8,759,2,806,com.android.gallery3d,871,com.android.gallery3d.app.MovieActivity,904,com.android.music,905,0,1320,8,1321,5]
12-01 08:07:52.442 1508 1633 I wm_activity_launch_time: [0,179995321,com.android.gallery3d/.app.MovieActivity,126]
12-01 08:07:52.447 1508 2005 I input_focus: [Focus entering 82627d6 com.android.gallery3d/com.android.gallery3d.app.MovieActivity (server),reason=Window became focusable. Previous reason: NOT_VISIBLE]
12-01 08:07:52.454 22714 22730 W ContextImpl: Calling a method in the system process without a qualified user: android.app.ContextImpl.startService:1816 android.content.ContextWrapper.startService:774 com.thundercomm.gamemode.ingame.services.GameModeActionUtils.startGameModeService:93 com.thundercomm.gamemode.ingame.services.GameModeActionUtils.startGameModeEntry:21 com.thundercomm.gamemode.ingame.services.ActivityMonitoringService$1.onActivityLaunch:127
12-01 08:07:52.459 1508 1508 I GameModeConfig: Current uri is uri = content://com.thundercomm.gamemode.api/gamemode_settings/gamemode_isgaming
12-01 08:07:52.462 1508 1508 I GameModeConfig: isGameModeOn = false
12-01 08:07:52.463 1508 1508 I GameModeConfig: isGameModeOn = false
12-01 08:07:52.463 1508 1508 I GameModeConfig: isDisableVoice = true
12-01 08:07:52.502 1508 1647 I am_pss : [26407,1000,com.android.settings,44609536,33284096,0,174678016,0,16,8]
12-01 08:07:52.509 1508 1647 I am_pss : [26614,10061,com.android.soundrecorder,5542912,3833856,0,88506368,0,19,5]
12-01 08:07:52.716 1508 1637 W WindowManager: updateScale0.7996942
12-01 08:07:52.717 1508 1637 W WindowManager: updateScale0.7996942
12-01 08:07:52.717 1508 1637 W WindowManager: updateScale0.7996942
12-01 08:07:53.351 0 0 I auditd : type=1400 audit(0.0:16468): avc: denied { kill } for comm="swapper/2" capability=5 scontext=u:r:kernel:s0 tcontext=u:r:kernel:s0 tclass=capability permissive=0
12-01 08:07:53.520 1508 2005 I input_interaction: Interaction with: 82627d6 com.android.gallery3d/com.android.gallery3d.app.MovieActivity (server), edge-swipe (server), swipe-up (server), PointerEventDispatcher0 (server),
12-01 08:07:53.616 1508 9618 W WindowManager: updateScale0.7996942
12-01 08:07:53.616 1508 9618 W WindowManager: updateScale0.7996942
12-01 08:07:53.616 1508 9618 W WindowManager: updateScale0.7996942
12-01 08:07:53.621 1508 7139 I wm_finish_activity: [0,179995321,276,com.android.gallery3d/.app.MovieActivity,app-request]
12-01 08:07:53.638 1508 7139 I wm_pause_activity: [0,179995321,com.android.gallery3d/.app.MovieActivity,userLeaving=false,finish]
12-01 08:07:53.641 26405 26405 I wm_on_top_resumed_lost_called: [179995321,com.android.gallery3d.app.MovieActivity,topStateChangedWhenResumed]
12-01 08:07:53.652 26405 26405 I wm_on_paused_called: [179995321,com.android.gallery3d.app.MovieActivity,performPause]
12-01 08:07:53.655 1508 4735 I ActivityTaskManager: FOREGROUND_APPLICATION_CHANGED to com.android.music.VideoBrowserActivity
12-01 08:07:53.657 1508 4735 I wm_set_resumed_activity: [0,com.android.music/.VideoBrowserActivity,resumeTopActivityInnerLocked]
12-01 08:07:53.661 1508 4735 I wm_resume_activity: [0,249991083,276,com.android.music/.VideoBrowserActivity]
12-01 08:07:53.662 25301 25301 I wm_on_resume_called: [249991083,com.android.music.VideoBrowserActivity,RESUME_ACTIVITY]
12-01 08:07:53.662 25301 25301 I wm_on_top_resumed_gained_called: [249991083,com.android.music.VideoBrowserActivity,topWhenResuming]
12-01 08:07:53.662 1508 4735 W WindowManager: updateScale0.7996942
12-01 08:07:53.666 1508 4735 W WindowManager: updateScale0.7996942
12-01 08:07:53.668 1508 1637 I input_focus: [Focus request 5cf547f com.android.music/com.android.music.VideoBrowserActivity,reason=UpdateInputWindows]
12-01 08:07:53.669 1508 1636 I sysui_multi_action: [757,803,799,window_time_2,802,2]
12-01 08:07:53.671 1508 9618 W WindowManager: updateScale0.7996942
12-01 08:07:53.683 1508 7139 I wm_destroy_activity: [0,179995321,276,com.android.gallery3d/.app.MovieActivity,finish-idle]
12-01 08:07:53.685 1508 2005 I input_focus: [Focus entering 5cf547f com.android.music/com.android.music.VideoBrowserActivity (server),reason=setFocusedWindow]
12-01 08:07:53.692 26405 26405 I wm_on_stop_called: [179995321,com.android.gallery3d.app.MovieActivity,LIFECYCLER_STOP_ACTIVITY]
12-01 08:07:53.693 26405 26405 I wm_on_destroy_called: [179995321,com.android.gallery3d.app.MovieActivity,performDestroy]
12-01 08:07:53.694 22714 22730 W ContextImpl: Calling a method in the system process without a qualified user: android.app.ContextImpl.startService:1816 android.content.ContextWrapper.startService:774 com.thundercomm.gamemode.ingame.services.GameModeActionUtils.startGameModeService:93 com.thundercomm.gamemode.ingame.services.GameModeActionUtils.startGameModeEntry:21 com.thundercomm.gamemode.ingame.services.ActivityMonitoringService$1.onActivityLaunch:127
12-01 08:07:53.704 1508 1508 I GameModeConfig: Current uri is uri = content://com.thundercomm.gamemode.api/gamemode_settings/gamemode_isgaming
12-01 08:07:53.705 1508 1508 I GameModeConfig: isGameModeOn = false
12-01 08:07:53.706 1508 1508 I GameModeConfig: isGameModeOn = false
12-01 08:07:53.706 1508 1508 I GameModeConfig: isDisableVoice = true
12-01 08:07:53.715 1508 7139 W WindowManager: updateScale0.7996942
12-01 08:07:53.769 22714 22730 W ContextImpl: Calling a method in the system process without a qualified user: android.app.ContextImpl.startService:1816 android.content.ContextWrapper.startService:774 com.thundercomm.gamemode.ingame.services.GameModeActionUtils.startGameModeService:93 com.thundercomm.gamemode.ingame.services.GameModeActionUtils.startGameModeEntry:21 com.thundercomm.gamemode.ingame.services.ActivityMonitoringService$1.onActivityLaunch:127
12-01 08:07:53.774 1508 1508 I GameModeConfig: Current uri is uri = content://com.thundercomm.gamemode.api/gamemode_settings/gamemode_isgaming
12-01 08:07:53.776 1508 1508 I GameModeConfig: isGameModeOn = false
12-01 08:07:53.776 1508 1508 I GameModeConfig: isGameModeOn = false
12-01 08:07:53.776 1508 1508 I GameModeConfig: isDisableVoice = true
12-01 08:07:53.867 1508 1637 W WindowManager: updateScale0.7996942
12-01 08:07:53.883 1508 1637 W WindowManager: updateScale0.7996942
12-01 08:07:53.952 1508 1637 W WindowManager: updateScale0.7996942
12-01 08:07:53.955 1508 1637 W WindowManager: updateScale0.7996942
12-01 08:07:53.967 1508 1637 W WindowManager: updateScale0.7996942
12-01 08:07:54.351 0 0 I auditd : type=1400 audit(0.0:16469): avc: denied { kill } for comm="swapper/2" capability=5 scontext=u:r:kernel:s0 tcontext=u:r:kernel:s0 tclass=capability permissive=0
