12-01 07:58:03.404 1508 2301 W ActivityTaskManager: getTaskSnapshot: taskId=4235 not found
12-01 07:58:03.406 1508 2301 W ActivityTaskManager: getTaskSnapshot: taskId=3235 not found
12-01 07:58:03.407 1508 2301 W ActivityTaskManager: getTaskSnapshot: taskId=2235 not found
12-01 07:58:03.409 1508 8059 W ActivityTaskManager: getTaskSnapshot: taskId=1235 not found
12-01 07:58:04.718 1508 6928 D FreeFormWindowHelper: Add freeform task=Task{875d641 #235 type=standard A=10064:com.android.gallery3d U=0 visible=false mode=freeform translucent=true sz=0}
12-01 07:58:04.721 1508 6928 I ActivityTaskManager: START u0 {flg=0x10108000 cmp=com.android.gallery3d/.app.GalleryActivity} from uid 10076
12-01 07:58:04.726 1508 6928 I ActivityTaskManager: FOREGROUND_APPLICATION_CHANGED to com.android.gallery3d.app.GalleryActivity
12-01 07:58:04.726 1508 6928 I ActivityTaskManager: The Process com.android.gallery3d Already Exists in BG. So sending its PID: 22978
12-01 07:58:04.726 1508 6928 W ActivityTaskManager: Tried to set launchTime (0) < mLastActivityLaunchTime (14693980)
12-01 07:58:04.751 22714 22730 W ContextImpl: Calling a method in the system process without a qualified user: android.app.ContextImpl.startService:1816 android.content.ContextWrapper.startService:774 com.thundercomm.gamemode.ingame.services.GameModeActionUtils.startGameModeService:93 com.thundercomm.gamemode.ingame.services.GameModeActionUtils.startGameModeEntry:21 com.thundercomm.gamemode.ingame.services.ActivityMonitoringService$1.onActivityLaunch:127
12-01 07:58:04.756 1508 1508 I GameModeConfig: Current uri is uri = content://com.thundercomm.gamemode.api/gamemode_settings/gamemode_isgaming
12-01 07:58:04.759 1508 1508 I GameModeConfig: isGameModeOn = false
12-01 07:58:04.759 1508 1508 I GameModeConfig: isGameModeOn = false
12-01 07:58:04.759 1508 1508 I GameModeConfig: isDisableVoice = true
12-01 07:58:04.785 1508 2301 W WindowManager: updateScale0.7996942
12-01 07:58:04.858 1508 1637 W WindowManager: updateScale0.7996942
12-01 07:58:04.862 1508 1637 W WindowManager: updateScale0.7996942
12-01 07:58:04.864 1508 1637 W WindowManager: updateScale0.7996942
12-01 07:58:05.138 1508 1637 W WindowManager: updateScale0.7996942
12-01 07:58:06.361 1508 3862 E TaskPersister: File error accessing recents directory (directory doesn't exist?).
12-01 07:58:06.428 1508 8059 W WindowManager: updateScale0.7996942
12-01 07:58:06.439 1508 1637 W WindowManager: updateScale0.7996942
12-01 07:58:06.508 1508 2301 D FreeFormWindowHelper: Remove freefrom task=Task{875d641 #235 type=standard A=10064:com.android.gallery3d U=0 visible=true mode=fullscreen translucent=false sz=1}
12-01 07:58:06.524 22714 22730 W ContextImpl: Calling a method in the system process without a qualified user: android.app.ContextImpl.startService:1816 android.content.ContextWrapper.startService:774 com.thundercomm.gamemode.ingame.services.GameModeActionUtils.startGameModeService:93 com.thundercomm.gamemode.ingame.services.GameModeActionUtils.startGameModeEntry:21 com.thundercomm.gamemode.ingame.services.ActivityMonitoringService$1.onActivityLaunch:127
12-01 07:58:06.530 1508 1508 I GameModeConfig: Current uri is uri = content://com.thundercomm.gamemode.api/gamemode_settings/gamemode_isgaming
12-01 07:58:06.532 1508 1508 I GameModeConfig: isGameModeOn = false
12-01 07:58:06.532 1508 1508 I GameModeConfig: isGameModeOn = false
12-01 07:58:06.532 1508 1508 I GameModeConfig: isDisableVoice = true
12-01 07:58:06.545 1508 6335 W WindowManager: Attempted to set replacing window on app token with no content Token{f2261df ActivityRecord{cefce2c u0 com.android.gallery3d/.app.GalleryActivity t235}}
12-01 07:58:06.556 1508 6335 I WindowManager: finishDrawing of relaunch: Window{83f9956 u0 com.android.gallery3d/com.android.gallery3d.app.GalleryActivity} 51ms
12-01 07:58:06.594 1508 2321 I GameModeConfig: isGameModeOn = false
12-01 07:58:06.595 1508 2321 I GameModeConfig: isGameModeOn = false
12-01 07:58:06.595 1508 2321 I GameModeConfig: isGameModeOn = false
12-01 07:58:06.595 1508 2321 I GameModeConfig: isGameModeOn = false
12-01 07:58:06.595 1508 2321 I GameModeConfig: isGameModeOn = false
12-01 07:58:06.799 1508 1508 I GameModeConfig: isGameModeOn = false
12-01 07:58:06.953 22714 22730 W ContextImpl: Calling a method in the system process without a qualified user: android.app.ContextImpl.startService:1816 android.content.ContextWrapper.startService:774 com.thundercomm.gamemode.ingame.services.GameModeActionUtils.startGameModeService:93 com.thundercomm.gamemode.ingame.services.GameModeActionUtils.startGameModeEntry:21 com.thundercomm.gamemode.ingame.services.ActivityMonitoringService$1.onActivityLaunch:127
12-01 07:58:06.963 1508 1508 I GameModeConfig: Current uri is uri = content://com.thundercomm.gamemode.api/gamemode_settings/gamemode_isgaming
12-01 07:58:06.964 1508 1508 I GameModeConfig: isGameModeOn = false
12-01 07:58:06.965 1508 1508 I GameModeConfig: isGameModeOn = false
12-01 07:58:06.965 1508 1508 I GameModeConfig: isDisableVoice = true
12-01 07:58:07.000 22714 22730 W ContextImpl: Calling a method in the system process without a qualified user: android.app.ContextImpl.startService:1816 android.content.ContextWrapper.startService:774 com.thundercomm.gamemode.ingame.services.GameModeActionUtils.startGameModeService:93 com.thundercomm.gamemode.ingame.services.GameModeActionUtils.startGameModeEntry:21 com.thundercomm.gamemode.ingame.services.ActivityMonitoringService$1.onActivityLaunch:127
12-01 07:58:07.011 1508 1508 I GameModeConfig: Current uri is uri = content://com.thundercomm.gamemode.api/gamemode_settings/gamemode_isgaming
12-01 07:58:07.013 1508 1508 I GameModeConfig: isGameModeOn = false
12-01 07:58:07.013 1508 1508 I GameModeConfig: isGameModeOn = false
12-01 07:58:07.013 1508 1508 I GameModeConfig: isDisableVoice = true
12-01 07:58:07.408 1508 2301 W ActivityTaskManager: getTaskSnapshot: taskId=5235 not found
12-01 07:58:07.411 22714 22730 W ContextImpl: Calling a method in the system process without a qualified user: android.app.ContextImpl.startService:1816 android.content.ContextWrapper.startService:774 com.thundercomm.gamemode.ingame.services.GameModeActionUtils.startGameModeService:93 com.thundercomm.gamemode.ingame.services.GameModeActionUtils.startGameModeEntry:21 com.thundercomm.gamemode.ingame.services.ActivityMonitoringService$1.onActivityLaunch:127
12-01 07:58:07.416 1508 1508 I GameModeConfig: Current uri is uri = content://com.thundercomm.gamemode.api/gamemode_settings/gamemode_isgaming
12-01 07:58:07.418 1508 6335 W ActivityTaskManager: getTaskSnapshot: taskId=4235 not found
12-01 07:58:07.418 1508 1508 I GameModeConfig: isGameModeOn = false
12-01 07:58:07.419 1508 1508 I GameModeConfig: isGameModeOn = false
12-01 07:58:07.419 1508 1508 I GameModeConfig: isDisableVoice = true
12-01 07:58:07.447 1508 6928 W ActivityTaskManager: getTaskSnapshot: taskId=4235 not found
12-01 07:58:07.449 1508 6928 W ActivityTaskManager: getTaskSnapshot: taskId=5235 not found
12-01 07:58:08.051 1508 6408 I ActivityTaskManager: FOREGROUND_APPLICATION_CHANGED to com.android.launcher3.uioverrides.QuickstepLauncher
12-01 07:58:08.118 22714 22730 W ContextImpl: Calling a method in the system process without a qualified user: android.app.ContextImpl.startService:1816 android.content.ContextWrapper.startService:774 com.thundercomm.gamemode.ingame.services.GameModeActionUtils.startGameModeService:93 com.thundercomm.gamemode.ingame.services.GameModeActionUtils.startGameModeEntry:21 com.thundercomm.gamemode.ingame.services.ActivityMonitoringService$1.onActivityLaunch:127
12-01 07:58:08.123 1508 1508 I GameModeConfig: Current uri is uri = content://com.thundercomm.gamemode.api/gamemode_settings/gamemode_isgaming
12-01 07:58:08.124 1508 1508 I GameModeConfig: isGameModeOn = false
12-01 07:58:08.125 1508 1508 I GameModeConfig: isGameModeOn = false
12-01 07:58:08.125 1508 1508 I GameModeConfig: isDisableVoice = true
12-01 07:58:08.170 22714 22730 W ContextImpl: Calling a method in the system process without a qualified user: android.app.ContextImpl.startService:1816 android.content.ContextWrapper.startService:774 com.thundercomm.gamemode.ingame.services.GameModeActionUtils.startGameModeService:93 com.thundercomm.gamemode.ingame.services.GameModeActionUtils.startGameModeEntry:21 com.thundercomm.gamemode.ingame.services.ActivityMonitoringService$1.onActivityLaunch:127
12-01 07:58:08.176 1508 1508 I GameModeConfig: Current uri is uri = content://com.thundercomm.gamemode.api/gamemode_settings/gamemode_isgaming
12-01 07:58:08.179 1508 1508 I GameModeConfig: isGameModeOn = false
12-01 07:58:08.179 1508 1508 I GameModeConfig: isGameModeOn = false
12-01 07:58:08.179 1508 1508 I GameModeConfig: isDisableVoice = true
12-01 07:58:09.015 1508 2971 D FreeFormWindowHelper: Add freeform task=Task{875d641 #235 type=standard A=10064:com.android.gallery3d U=0 visible=false mode=freeform translucent=true sz=1}
12-01 07:58:09.020 1508 2971 I ActivityTaskManager: FOREGROUND_APPLICATION_CHANGED to com.android.gallery3d.app.GalleryActivity
12-01 07:58:09.033 1508 8059 W WindowManager: updateScale0.7996942
12-01 07:58:09.044 1508 8059 W WindowManager: Attempted to set replacing window on app token with no content Token{f2261df ActivityRecord{cefce2c u0 com.android.gallery3d/.app.GalleryActivity t235}}
12-01 07:58:09.057 22714 22730 W ContextImpl: Calling a method in the system process without a qualified user: android.app.ContextImpl.startService:1816 android.content.ContextWrapper.startService:774 com.thundercomm.gamemode.ingame.services.GameModeActionUtils.startGameModeService:93 com.thundercomm.gamemode.ingame.services.GameModeActionUtils.startGameModeEntry:21 com.thundercomm.gamemode.ingame.services.ActivityMonitoringService$1.onActivityLaunch:127
12-01 07:58:09.063 1508 1508 I GameModeConfig: Current uri is uri = content://com.thundercomm.gamemode.api/gamemode_settings/gamemode_isgaming
12-01 07:58:09.065 1508 1508 I GameModeConfig: isGameModeOn = false
12-01 07:58:09.065 1508 1508 I GameModeConfig: isGameModeOn = false
12-01 07:58:09.065 1508 1508 I GameModeConfig: isDisableVoice = true
12-01 07:58:09.084 1508 6408 W WindowManager: updateScale0.7996942
12-01 07:58:09.094 1508 1637 W WindowManager: updateScale0.7996942
12-01 07:58:09.112 1508 6408 I WindowManager: finishDrawing of relaunch: Window{83f9956 u0 com.android.gallery3d/com.android.gallery3d.app.GalleryActivity} 97ms
12-01 07:58:09.112 1508 1637 W WindowManager: updateScale0.7996942
12-01 07:58:09.114 1508 1637 W WindowManager: updateScale0.7996942
12-01 07:58:10.180 1508 8059 W WindowManager: updateScale0.7996942
12-01 07:58:10.190 1508 1637 W WindowManager: updateScale0.7996942
12-01 07:58:10.257 1508 8059 D FreeFormWindowHelper: Remove freefrom task=Task{875d641 #235 type=standard A=10064:com.android.gallery3d U=0 visible=true mode=fullscreen translucent=false sz=1}
12-01 07:58:10.261 1508 8059 W WindowManager: Attempted to set replacing window on app token with no content Token{f2261df ActivityRecord{cefce2c u0 com.android.gallery3d/.app.GalleryActivity t235}}
12-01 07:58:10.277 22714 22730 W ContextImpl: Calling a method in the system process without a qualified user: android.app.ContextImpl.startService:1816 android.content.ContextWrapper.startService:774 com.thundercomm.gamemode.ingame.services.GameModeActionUtils.startGameModeService:93 com.thundercomm.gamemode.ingame.services.GameModeActionUtils.startGameModeEntry:21 com.thundercomm.gamemode.ingame.services.ActivityMonitoringService$1.onActivityLaunch:127
12-01 07:58:10.285 1508 1508 I GameModeConfig: Current uri is uri = content://com.thundercomm.gamemode.api/gamemode_settings/gamemode_isgaming
12-01 07:58:10.287 1508 1508 I GameModeConfig: isGameModeOn = false
12-01 07:58:10.288 1508 1508 I GameModeConfig: isGameModeOn = false
12-01 07:58:10.288 1508 1508 I GameModeConfig: isDisableVoice = true
12-01 07:58:10.322 1508 2321 I GameModeConfig: isGameModeOn = false
12-01 07:58:10.323 1508 2321 I GameModeConfig: isGameModeOn = false
12-01 07:58:10.323 1508 2321 I GameModeConfig: isGameModeOn = false
12-01 07:58:10.323 1508 2321 I GameModeConfig: isGameModeOn = false
12-01 07:58:10.323 1508 2321 I GameModeConfig: isGameModeOn = false
12-01 07:58:10.338 1508 6335 I WindowManager: finishDrawing of relaunch: Window{83f9956 u0 com.android.gallery3d/com.android.gallery3d.app.GalleryActivity} 84ms
12-01 07:58:10.530 1508 1508 I GameModeConfig: isGameModeOn = false
12-01 07:58:10.695 22714 22730 W ContextImpl: Calling a method in the system process without a qualified user: android.app.ContextImpl.startService:1816 android.content.ContextWrapper.startService:774 com.thundercomm.gamemode.ingame.services.GameModeActionUtils.startGameModeService:93 com.thundercomm.gamemode.ingame.services.GameModeActionUtils.startGameModeEntry:21 com.thundercomm.gamemode.ingame.services.ActivityMonitoringService$1.onActivityLaunch:127
12-01 07:58:10.705 1508 1508 I GameModeConfig: Current uri is uri = content://com.thundercomm.gamemode.api/gamemode_settings/gamemode_isgaming
12-01 07:58:10.708 1508 1508 I GameModeConfig: isGameModeOn = false
12-01 07:58:10.709 1508 1508 I GameModeConfig: isGameModeOn = false
12-01 07:58:10.709 1508 1508 I GameModeConfig: isDisableVoice = true
12-01 07:58:10.741 22714 22730 W ContextImpl: Calling a method in the system process without a qualified user: android.app.ContextImpl.startService:1816 android.content.ContextWrapper.startService:774 com.thundercomm.gamemode.ingame.services.GameModeActionUtils.startGameModeService:93 com.thundercomm.gamemode.ingame.services.GameModeActionUtils.startGameModeEntry:21 com.thundercomm.gamemode.ingame.services.ActivityMonitoringService$1.onActivityLaunch:127
12-01 07:58:10.747 1508 1508 I GameModeConfig: Current uri is uri = content://com.thundercomm.gamemode.api/gamemode_settings/gamemode_isgaming
12-01 07:58:10.749 1508 1508 I GameModeConfig: isGameModeOn = false
12-01 07:58:10.749 1508 1508 I GameModeConfig: isGameModeOn = false
12-01 07:58:10.749 1508 1508 I GameModeConfig: isDisableVoice = true
12-01 07:58:11.127 22714 22730 W ContextImpl: Calling a method in the system process without a qualified user: android.app.ContextImpl.startService:1816 android.content.ContextWrapper.startService:774 com.thundercomm.gamemode.ingame.services.GameModeActionUtils.startGameModeService:93 com.thundercomm.gamemode.ingame.services.GameModeActionUtils.startGameModeEntry:21 com.thundercomm.gamemode.ingame.services.ActivityMonitoringService$1.onActivityLaunch:127
12-01 07:58:11.134 1508 1508 I GameModeConfig: Current uri is uri = content://com.thundercomm.gamemode.api/gamemode_settings/gamemode_isgaming
12-01 07:58:11.136 1508 1508 I GameModeConfig: isGameModeOn = false
12-01 07:58:11.137 1508 1508 I GameModeConfig: isGameModeOn = false
12-01 07:58:11.137 1508 1508 I GameModeConfig: isDisableVoice = true
12-01 07:58:11.142 1508 8059 W ActivityTaskManager: getTaskSnapshot: taskId=5235 not found
12-01 07:58:11.153 1508 2971 W ActivityTaskManager: getTaskSnapshot: taskId=1235 not found
12-01 07:58:11.154 1508 8059 W ActivityTaskManager: getTaskSnapshot: taskId=5235 not found
12-01 07:58:11.155 1508 8059 W ActivityTaskManager: getTaskSnapshot: taskId=4235 not found
12-01 07:58:11.162 1508 6335 W ActivityTaskManager: getTaskSnapshot: taskId=3235 not found
12-01 07:58:11.164 1508 2971 W ActivityTaskManager: getTaskSnapshot: taskId=2235 not found
12-01 07:58:11.166 1508 8059 W ActivityTaskManager: getTaskSnapshot: taskId=1235 not found
12-01 07:58:11.808 1508 2971 I ActivityTaskManager: FOREGROUND_APPLICATION_CHANGED to com.android.launcher3.uioverrides.QuickstepLauncher
12-01 07:58:11.863 22714 22730 W ContextImpl: Calling a method in the system process without a qualified user: android.app.ContextImpl.startService:1816 android.content.ContextWrapper.startService:774 com.thundercomm.gamemode.ingame.services.GameModeActionUtils.startGameModeService:93 com.thundercomm.gamemode.ingame.services.GameModeActionUtils.startGameModeEntry:21 com.thundercomm.gamemode.ingame.services.ActivityMonitoringService$1.onActivityLaunch:127
12-01 07:58:11.869 1508 1508 I GameModeConfig: Current uri is uri = content://com.thundercomm.gamemode.api/gamemode_settings/gamemode_isgaming
12-01 07:58:11.874 1508 1508 I GameModeConfig: isGameModeOn = false
12-01 07:58:11.874 1508 1508 I GameModeConfig: isGameModeOn = false
12-01 07:58:11.874 1508 1508 I GameModeConfig: isDisableVoice = true
12-01 07:58:11.932 22714 22730 W ContextImpl: Calling a method in the system process without a qualified user: android.app.ContextImpl.startService:1816 android.content.ContextWrapper.startService:774 com.thundercomm.gamemode.ingame.services.GameModeActionUtils.startGameModeService:93 com.thundercomm.gamemode.ingame.services.GameModeActionUtils.startGameModeEntry:21 com.thundercomm.gamemode.ingame.services.ActivityMonitoringService$1.onActivityLaunch:127
12-01 07:58:11.940 1508 1508 I GameModeConfig: Current uri is uri = content://com.thundercomm.gamemode.api/gamemode_settings/gamemode_isgaming
12-01 07:58:11.942 1508 1508 I GameModeConfig: isGameModeOn = false
12-01 07:58:11.942 1508 1508 I GameModeConfig: isGameModeOn = false
12-01 07:58:11.942 1508 1508 I GameModeConfig: isDisableVoice = true
12-01 07:58:12.025 1508 3862 E TaskPersister: File error accessing recents directory (directory doesn't exist?).
12-01 07:58:13.408 1508 2971 D FreeFormWindowHelper: Add freeform task=Task{875d641 #235 type=standard A=10064:com.android.gallery3d U=0 visible=false mode=freeform translucent=true sz=1}
12-01 07:58:13.413 1508 2971 I ActivityTaskManager: FOREGROUND_APPLICATION_CHANGED to com.android.gallery3d.app.GalleryActivity
12-01 07:58:13.420 1508 8059 W WindowManager: Attempted to set replacing window on app token with no content Token{f2261df ActivityRecord{cefce2c u0 com.android.gallery3d/.app.GalleryActivity t235}}
12-01 07:58:13.451 22714 22730 W ContextImpl: Calling a method in the system process without a qualified user: android.app.ContextImpl.startService:1816 android.content.ContextWrapper.startService:774 com.thundercomm.gamemode.ingame.services.GameModeActionUtils.startGameModeService:93 com.thundercomm.gamemode.ingame.services.GameModeActionUtils.startGameModeEntry:21 com.thundercomm.gamemode.ingame.services.ActivityMonitoringService$1.onActivityLaunch:127
12-01 07:58:13.460 1508 1508 I GameModeConfig: Current uri is uri = content://com.thundercomm.gamemode.api/gamemode_settings/gamemode_isgaming
12-01 07:58:13.466 1508 1508 I GameModeConfig: isGameModeOn = false
12-01 07:58:13.466 1508 1508 I GameModeConfig: isGameModeOn = false
12-01 07:58:13.466 1508 1508 I GameModeConfig: isDisableVoice = true
12-01 07:58:13.480 1508 6408 W WindowManager: updateScale0.7996942
12-01 07:58:13.488 1508 1637 W WindowManager: updateScale0.7996942
12-01 07:58:13.506 1508 6928 I WindowManager: finishDrawing of relaunch: Window{83f9956 u0 com.android.gallery3d/com.android.gallery3d.app.GalleryActivity} 98ms
12-01 07:58:13.506 1508 1637 W WindowManager: updateScale0.7996942
12-01 07:58:13.509 1508 1637 W WindowManager: updateScale0.7996942
12-01 07:58:14.814 1508 6928 W WindowManager: updateScale0.4617737
12-01 07:58:14.817 1508 6928 W WindowManager: updateScale0.4617737
12-01 07:58:14.848 1508 6928 I WindowManager: finishDrawing of relaunch: Window{83f9956 u0 com.android.gallery3d/com.android.gallery3d.app.GalleryActivity} 33ms
12-01 07:58:14.888 1508 6928 W WindowManager: updateScale0.4617737
12-01 07:58:14.891 1508 6928 W WindowManager: updateScale0.4617737
12-01 07:58:15.378 1508 1637 D FreeFormWindowHelper: refreshTipWindow windowDragBounds:Rect(0, 98 - 302, 636)
12-01 07:58:15.380 1508 1637 W WindowManager: updateScale0.4617737
12-01 07:58:15.394 1508 1637 D FreeFormWindowHelper: refreshTipWindow windowDragBounds:Rect(0, 123 - 302, 661)
12-01 07:58:15.395 1508 1637 W WindowManager: updateScale0.4617737
12-01 07:58:15.411 1508 1637 D FreeFormWindowHelper: refreshTipWindow windowDragBounds:Rect(0, 159 - 302, 697)
12-01 07:58:15.413 1508 1637 W WindowManager: updateScale0.4617737
12-01 07:58:15.427 1508 1637 D FreeFormWindowHelper: refreshTipWindow windowDragBounds:Rect(0, 207 - 302, 745)
12-01 07:58:15.429 1508 1637 W WindowManager: updateScale0.4617737
12-01 07:58:15.444 1508 1637 D FreeFormWindowHelper: refreshTipWindow windowDragBounds:Rect(0, 260 - 302, 798)
12-01 07:58:15.450 1508 1637 W WindowManager: updateScale0.4617737
12-01 07:58:15.460 1508 6408 W WindowManager: updateScale0.4617737
12-01 07:58:15.462 1508 1637 D FreeFormWindowHelper: refreshTipWindow windowDragBounds:Rect(0, 314 - 302, 852)
12-01 07:58:15.463 1508 1637 W WindowManager: updateScale0.4617737
12-01 07:58:15.477 1508 1637 D FreeFormWindowHelper: refreshTipWindow windowDragBounds:Rect(-10, 379 - 292, 917)
12-01 07:58:15.478 1508 1637 W WindowManager: updateScale0.4617737
12-01 07:58:15.496 1508 1637 D FreeFormWindowHelper: refreshTipWindow windowDragBounds:Rect(-10, 455 - 292, 993)
12-01 07:58:15.497 1508 1637 W WindowManager: updateScale0.4617737
12-01 07:58:15.510 1508 2971 W WindowManager: updateScale0.4617737
12-01 07:58:15.512 1508 1637 D FreeFormWindowHelper: refreshTipWindow windowDragBounds:Rect(-7, 528 - 295, 1066)
12-01 07:58:15.514 1508 1637 W WindowManager: updateScale0.4617737
12-01 07:58:15.528 1508 1637 D FreeFormWindowHelper: refreshTipWindow windowDragBounds:Rect(5, 573 - 307, 1111)
12-01 07:58:15.529 1508 1637 W WindowManager: updateScale0.4617737
12-01 07:58:15.551 1508 1637 D WindowManager: updateWindowDragBounds: mIsSwipeYtrue
12-01 07:58:15.551 1508 1637 D WindowManager: updateWindowDragBounds: mIsTopfalse
12-01 07:58:15.551 1508 1637 D WindowManager: updateWindowDragBounds: mIsSwipeXfalse
12-01 07:58:15.553 1508 1637 W WindowManager: updateScale0.4617737
12-01 07:58:15.586 1508 2971 W WindowManager: updateScale0.4617737
12-01 07:58:15.601 1508 2971 W WindowManager: updateScale0.4617737
12-01 07:58:16.420 1508 3862 E TaskPersister: File error accessing recents directory (directory doesn't exist?).
12-01 07:58:16.831 1508 2321 I GameModeConfig: isGameModeOn = false
12-01 07:58:17.146 1508 2971 I ActivityTaskManager: START u0 {act=android.intent.action.MAIN cat=[android.intent.category.HOME] flg=0x10000000 cmp=com.android.launcher3/.uioverrides.QuickstepLauncher} from uid 10076
12-01 07:58:17.152 1508 2971 I ActivityTaskManager: FOREGROUND_APPLICATION_CHANGED to com.android.launcher3.uioverrides.QuickstepLauncher
12-01 07:58:17.152 1508 2971 W WindowManager: updateScale0.4617737
12-01 07:58:17.156 1508 2971 W WindowManager: updateScale0.4617737
12-01 07:58:17.178 1508 2971 W WindowManager: updateScale0.4617737
12-01 07:58:19.037 22714 22730 W ContextImpl: Calling a method in the system process without a qualified user: android.app.ContextImpl.startService:1816 android.content.ContextWrapper.startService:774 com.thundercomm.gamemode.ingame.services.GameModeActionUtils.startGameModeService:93 com.thundercomm.gamemode.ingame.services.GameModeActionUtils.startGameModeEntry:21 com.thundercomm.gamemode.ingame.services.ActivityMonitoringService$1.onActivityLaunch:127
12-01 07:58:19.049 1508 1508 I GameModeConfig: Current uri is uri = content://com.thundercomm.gamemode.api/gamemode_settings/gamemode_isgaming
12-01 07:58:19.054 1508 1508 I GameModeConfig: isGameModeOn = false
12-01 07:58:19.055 1508 1508 I GameModeConfig: isGameModeOn = false
12-01 07:58:19.055 1508 1508 I GameModeConfig: isDisableVoice = true
12-01 07:58:19.115 22714 22730 W ContextImpl: Calling a method in the system process without a qualified user: android.app.ContextImpl.startService:1816 android.content.ContextWrapper.startService:774 com.thundercomm.gamemode.ingame.services.GameModeActionUtils.startGameModeService:93 com.thundercomm.gamemode.ingame.services.GameModeActionUtils.startGameModeEntry:21 com.thundercomm.gamemode.ingame.services.ActivityMonitoringService$1.onActivityLaunch:127
12-01 07:58:19.121 1508 1508 I GameModeConfig: Current uri is uri = content://com.thundercomm.gamemode.api/gamemode_settings/gamemode_isgaming
12-01 07:58:19.123 1508 1508 I GameModeConfig: isGameModeOn = false
12-01 07:58:19.123 1508 1508 I GameModeConfig: isGameModeOn = false
12-01 07:58:19.123 1508 1508 I GameModeConfig: isDisableVoice = true
12-01 07:58:19.302 1508 1637 D FreeFormWindowHelper: Remove freefrom task=Task{875d641 #235 type=standard A=10064:com.android.gallery3d U=0 visible=false mode=freeform translucent=true sz=0}
12-01 07:58:19.689 1508 6928 W ContextImpl: Calling a method in the system process without a qualified user: android.app.ContextImpl.startActivity:1067 com.android.server.wm.FreeFormWindowHelper.exitRecentTasks:426 com.android.server.wm.ActivityTaskManagerService.exitRecentTasks:3795 android.app.IActivityTaskManager$Stub.onTransact:2307 com.android.server.wm.ActivityTaskManagerService.onTransact:5046
12-01 07:58:19.690 1508 6928 I ActivityTaskManager: START u0 {flg=0x10108000 cmp=com.android.gallery3d/.app.GalleryActivity} from uid 1000
12-01 07:58:19.694 1508 6928 W ActivityTaskManager: Can't find TaskDisplayArea to determine support for multi window. Task id=236 attached=false
12-01 07:58:19.696 1508 6928 D FreeFormWindowHelper: Add freeform task=Task{974deed #236 type=standard ?? U=0 visible=false mode=freeform translucent=true sz=0}
12-01 07:58:19.700 1508 6928 I ActivityTaskManager: FOREGROUND_APPLICATION_CHANGED to com.android.gallery3d.app.GalleryActivity
12-01 07:58:19.700 1508 6928 I ActivityTaskManager: The Process com.android.gallery3d Already Exists in BG. So sending its PID: 22978
12-01 07:58:19.701 1508 6928 W ActivityTaskManager: Tried to set launchTime (0) < mLastActivityLaunchTime (14703307)
12-01 07:58:19.761 1508 6928 W WindowManager: updateScale0.4617737
12-01 07:58:19.793 1508 1637 W WindowManager: updateScale0.4617737
12-01 07:58:19.796 1508 1637 W WindowManager: updateScale0.4617737
12-01 07:58:19.797 1508 1637 W WindowManager: updateScale0.4617737
12-01 07:58:19.979 1508 1508 I GameModeConfig: isGameModeOn = false
12-01 07:58:20.072 1508 1637 W WindowManager: updateScale0.4617737
12-01 07:58:20.341 1508 2321 I GameModeConfig: isGameModeOn = false
12-01 07:58:20.532 1508 2321 I GameModeConfig: isGameModeOn = false
12-01 07:58:20.724 1508 1637 D FreeFormWindowHelper: refreshTipWindow windowDragBounds:Rect(27, 492 - 329, 1030)
12-01 07:58:20.726 1508 1637 W WindowManager: updateScale0.4617737
12-01 07:58:20.740 1508 6335 W WindowManager: updateScale0.4617737
12-01 07:58:20.741 1508 1637 D FreeFormWindowHelper: refreshTipWindow windowDragBounds:Rect(61, 495 - 363, 1033)
12-01 07:58:20.743 1508 1637 W WindowManager: updateScale0.4617737
12-01 07:58:20.757 1508 1637 D FreeFormWindowHelper: refreshTipWindow windowDragBounds:Rect(109, 495 - 411, 1033)
12-01 07:58:20.759 1508 1637 W WindowManager: updateScale0.4617737
12-01 07:58:20.774 1508 1637 D FreeFormWindowHelper: refreshTipWindow windowDragBounds:Rect(157, 482 - 459, 1020)
12-01 07:58:20.775 1508 1637 W WindowManager: updateScale0.4617737
12-01 07:58:20.778 1508 6335 W WindowManager: updateScale0.4617737
12-01 07:58:20.791 1508 1637 D FreeFormWindowHelper: refreshTipWindow windowDragBounds:Rect(217, 471 - 519, 1009)
12-01 07:58:20.792 1508 1637 W WindowManager: updateScale0.4617737
12-01 07:58:20.807 1508 1637 D FreeFormWindowHelper: refreshTipWindow windowDragBounds:Rect(277, 461 - 579, 999)
12-01 07:58:20.808 1508 1637 W WindowManager: updateScale0.4617737
12-01 07:58:20.823 1508 1603 W WindowManager: updateScale0.4617737
12-01 07:58:20.825 1508 1637 D FreeFormWindowHelper: refreshTipWindow windowDragBounds:Rect(343, 448 - 645, 986)
12-01 07:58:20.827 1508 1637 W WindowManager: updateScale0.4617737
12-01 07:58:20.840 1508 1637 D FreeFormWindowHelper: refreshTipWindow windowDragBounds:Rect(409, 439 - 711, 977)
12-01 07:58:20.842 1508 1637 W WindowManager: updateScale0.4617737
12-01 07:58:20.859 1508 1637 D FreeFormWindowHelper: refreshTipWindow windowDragBounds:Rect(493, 431 - 795, 969)
12-01 07:58:20.861 1508 1637 W WindowManager: updateScale0.4617737
12-01 07:58:20.875 1508 1637 D FreeFormWindowHelper: refreshTipWindow windowDragBounds:Rect(572, 427 - 874, 965)
12-01 07:58:20.877 1508 1637 W WindowManager: updateScale0.4617737
12-01 07:58:20.891 1508 1637 D FreeFormWindowHelper: refreshTipWindow windowDragBounds:Rect(663, 425 - 965, 963)
12-01 07:58:20.892 1508 1637 W WindowManager: updateScale0.4617737
12-01 07:58:20.907 1508 1637 D FreeFormWindowHelper: refreshTipWindow windowDragBounds:Rect(756, 423 - 1058, 961)
12-01 07:58:20.909 1508 1637 W WindowManager: updateScale0.4617737
12-01 07:58:20.924 1508 1637 D FreeFormWindowHelper: refreshTipWindow windowDragBounds:Rect(857, 422 - 1159, 960)
12-01 07:58:20.925 1508 1637 W WindowManager: updateScale0.4617737
12-01 07:58:20.941 1508 1637 D FreeFormWindowHelper: refreshTipWindow windowDragBounds:Rect(955, 422 - 1257, 960)
12-01 07:58:20.942 1508 1637 W WindowManager: updateScale0.4617737
12-01 07:58:20.946 1508 1603 W WindowManager: updateScale0.4617737
12-01 07:58:20.957 1508 1637 D FreeFormWindowHelper: refreshTipWindow windowDragBounds:Rect(1054, 422 - 1356, 960)
12-01 07:58:20.959 1508 1637 W WindowManager: updateScale0.4617737
12-01 07:58:20.974 1508 1637 D FreeFormWindowHelper: refreshTipWindow windowDragBounds:Rect(1155, 430 - 1457, 968)
12-01 07:58:20.975 1508 1637 W WindowManager: updateScale0.4617737
12-01 07:58:20.991 1508 1637 D FreeFormWindowHelper: refreshTipWindow windowDragBounds:Rect(1261, 434 - 1563, 972)
12-01 07:58:20.992 1508 1637 W WindowManager: updateScale0.4617737
12-01 07:58:21.008 1508 1637 D FreeFormWindowHelper: refreshTipWindow windowDragBounds:Rect(1364, 445 - 1666, 983)
12-01 07:58:21.009 1508 1637 W WindowManager: updateScale0.4617737
12-01 07:58:21.024 1508 1637 D FreeFormWindowHelper: refreshTipWindow windowDragBounds:Rect(1468, 459 - 1770, 997)
12-01 07:58:21.026 1508 1637 W WindowManager: updateScale0.4617737
12-01 07:58:21.041 1508 1637 D FreeFormWindowHelper: refreshTipWindow windowDragBounds:Rect(1539, 465 - 1841, 1003)
12-01 07:58:21.042 1508 1637 W WindowManager: updateScale0.4617737
12-01 07:58:21.044 1508 6335 W WindowManager: updateScale0.4617737
12-01 07:58:21.058 1508 1637 D FreeFormWindowHelper: refreshTipWindow windowDragBounds:Rect(1615, 472 - 1917, 1010)
12-01 07:58:21.060 1508 1637 W WindowManager: updateScale0.4617737
12-01 07:58:21.072 1508 6335 W WindowManager: updateScale0.4617737
12-01 07:58:21.074 1508 1637 D FreeFormWindowHelper: refreshTipWindow windowDragBounds:Rect(1684, 480 - 1986, 1018)
12-01 07:58:21.076 1508 1637 W WindowManager: updateScale0.4617737
12-01 07:58:21.091 1508 1637 D FreeFormWindowHelper: refreshTipWindow windowDragBounds:Rect(1736, 487 - 2038, 1025)
12-01 07:58:21.092 1508 1637 W WindowManager: updateScale0.4617737
12-01 07:58:21.107 1508 6335 W WindowManager: updateScale0.4617737
12-01 07:58:21.109 1508 1637 D FreeFormWindowHelper: refreshTipWindow windowDragBounds:Rect(1762, 488 - 2064, 1026)
12-01 07:58:21.111 1508 1637 W WindowManager: updateScale0.4617737
12-01 07:58:21.125 1508 1637 D FreeFormWindowHelper: refreshTipWindow windowDragBounds:Rect(1771, 488 - 2073, 1026)
12-01 07:58:21.126 1508 1637 W WindowManager: updateScale0.4617737
12-01 07:58:21.144 1508 1637 D WindowManager: updateWindowDragBounds: mIsSwipeYfalse
12-01 07:58:21.144 1508 1637 D WindowManager: updateWindowDragBounds: mIsTopfalse
12-01 07:58:21.144 1508 1637 D WindowManager: updateWindowDragBounds: mIsSwipeXtrue
12-01 07:58:21.145 1508 1637 W WindowManager: updateScale0.4617737
12-01 07:58:21.716 1508 1768 D ActivityManager: freezing 22492 com.qti.diagservices
12-01 07:58:21.716 1508 1768 E ActivityManager: Unable to freeze binder for 22492 com.qti.diagservices
12-01 07:58:21.718 1508 1768 D ActivityManager: froze 22492 com.qti.diagservices
12-01 07:58:21.718 1508 1768 E ActivityManager: Unable to freeze binder for 22492 com.qti.diagservices
12-01 07:58:21.719 1508 1768 I ActivityManager: Killing 22492:com.qti.diagservices/1000 (adj 945): Unable to freeze binder interface
12-01 07:58:21.749 1508 6335 W ActivityManager: Scheduling restart of crashed service com.qti.diagservices/.QTIDiagServices in 1000ms for start-requested
12-01 07:58:22.011 1508 6335 I ActivityTaskManager: START u0 {act=android.intent.action.MAIN cat=[android.intent.category.HOME] flg=0x10000000 cmp=com.android.launcher3/.uioverrides.QuickstepLauncher} from uid 10076
12-01 07:58:22.018 1508 6335 I ActivityTaskManager: FOREGROUND_APPLICATION_CHANGED to com.android.launcher3.uioverrides.QuickstepLauncher
12-01 07:58:22.019 1508 6335 W WindowManager: updateScale0.4617737
12-01 07:58:22.023 1508 6335 W WindowManager: updateScale0.4617737
12-01 07:58:22.040 1508 1603 W WindowManager: updateScale0.4617737
12-01 07:58:22.752 1508 1648 D CompatibilityChangeReporter: Compat change id reported: 135634846; UID 1000; state: DISABLED
12-01 07:58:22.752 1508 1648 D CompatibilityChangeReporter: Compat change id reported: 177438394; UID 1000; state: DISABLED
12-01 07:58:22.752 1508 1648 D CompatibilityChangeReporter: Compat change id reported: 135772972; UID 1000; state: DISABLED
12-01 07:58:22.752 1508 1648 D CompatibilityChangeReporter: Compat change id reported: 135754954; UID 1000; state: ENABLED
12-01 07:58:22.783 1508 1649 I ActivityManager: Start proc 25093:com.qti.diagservices/1000 for service {com.qti.diagservices/com.qti.diagservices.QTIDiagServices}
12-01 07:58:22.827 1508 1603 D CompatibilityChangeReporter: Compat change id reported: 168419799; UID 1000; state: DISABLED
12-01 07:58:23.182 22714 22730 W ContextImpl: Calling a method in the system process without a qualified user: android.app.ContextImpl.startService:1816 android.content.ContextWrapper.startService:774 com.thundercomm.gamemode.ingame.services.GameModeActionUtils.startGameModeService:93 com.thundercomm.gamemode.ingame.services.GameModeActionUtils.startGameModeEntry:21 com.thundercomm.gamemode.ingame.services.ActivityMonitoringService$1.onActivityLaunch:127
12-01 07:58:23.187 1508 1508 I GameModeConfig: Current uri is uri = content://com.thundercomm.gamemode.api/gamemode_settings/gamemode_isgaming
12-01 07:58:23.191 1508 1508 I GameModeConfig: isGameModeOn = false
12-01 07:58:23.191 1508 1508 I GameModeConfig: isGameModeOn = false
12-01 07:58:23.191 1508 1508 I GameModeConfig: isDisableVoice = true
12-01 07:58:23.279 22714 22730 W ContextImpl: Calling a method in the system process without a qualified user: android.app.ContextImpl.startService:1816 android.content.ContextWrapper.startService:774 com.thundercomm.gamemode.ingame.services.GameModeActionUtils.startGameModeService:93 com.thundercomm.gamemode.ingame.services.GameModeActionUtils.startGameModeEntry:21 com.thundercomm.gamemode.ingame.services.ActivityMonitoringService$1.onActivityLaunch:127
12-01 07:58:23.286 1508 1508 I GameModeConfig: Current uri is uri = content://com.thundercomm.gamemode.api/gamemode_settings/gamemode_isgaming
12-01 07:58:23.290 1508 1508 I GameModeConfig: isGameModeOn = false
12-01 07:58:23.290 1508 1508 I GameModeConfig: isGameModeOn = false
12-01 07:58:23.290 1508 1508 I GameModeConfig: isDisableVoice = true
12-01 07:58:23.310 1508 3862 E TaskPersister: File error accessing recents directory (directory doesn't exist?).
12-01 07:58:23.462 1508 1637 D FreeFormWindowHelper: Remove freefrom task=Task{974deed #236 type=standard A=10064:com.android.gallery3d U=0 visible=false mode=freeform translucent=true sz=0}
12-01 07:58:23.824 1508 6928 I ActivityTaskManager: START u0 {act=android.intent.action.MAIN cat=[android.intent.category.LAUNCHER] flg=0x10200000 cmp=com.android.music/.VideoBrowserActivity bnds=[2308,540][2494,740]} from uid 10076
12-01 07:58:23.829 1508 6928 W ActivityTaskManager: Can't find TaskDisplayArea to determine support for multi window. Task id=237 attached=false
12-01 07:58:23.853 1508 6408 I ActivityTaskManager: FOREGROUND_APPLICATION_CHANGED to com.android.music.VideoBrowserActivity
12-01 07:58:23.858 1508 6408 I ActivityTaskManager: The Process com.android.music Already Exists in BG. So sending its PID: 24969
12-01 07:58:23.887 22714 22730 W ContextImpl: Calling a method in the system process without a qualified user: android.app.ContextImpl.startService:1816 android.content.ContextWrapper.startService:774 com.thundercomm.gamemode.ingame.services.GameModeActionUtils.startGameModeService:93 com.thundercomm.gamemode.ingame.services.GameModeActionUtils.startGameModeEntry:21 com.thundercomm.gamemode.ingame.services.ActivityMonitoringService$1.onActivityLaunch:127
12-01 07:58:23.891 1508 1508 I GameModeConfig: Current uri is uri = content://com.thundercomm.gamemode.api/gamemode_settings/gamemode_isgaming
12-01 07:58:23.896 1508 1508 I GameModeConfig: isGameModeOn = false
12-01 07:58:23.896 1508 1508 I GameModeConfig: isGameModeOn = false
12-01 07:58:23.896 1508 1508 I GameModeConfig: isDisableVoice = true
12-01 07:58:23.969 22714 22730 W ContextImpl: Calling a method in the system process without a qualified user: android.app.ContextImpl.startService:1816 android.content.ContextWrapper.startService:774 com.thundercomm.gamemode.ingame.services.GameModeActionUtils.startGameModeService:93 com.thundercomm.gamemode.ingame.services.GameModeActionUtils.startGameModeEntry:21 com.thundercomm.gamemode.ingame.services.ActivityMonitoringService$1.onActivityLaunch:127
12-01 07:58:23.974 1508 1508 I GameModeConfig: Current uri is uri = content://com.thundercomm.gamemode.api/gamemode_settings/gamemode_isgaming
12-01 07:58:23.981 1508 1508 I GameModeConfig: isGameModeOn = false
12-01 07:58:23.981 1508 1508 I GameModeConfig: isGameModeOn = false
12-01 07:58:23.981 1508 1508 I GameModeConfig: isDisableVoice = true
12-01 07:58:24.504 1508 6408 W ContextImpl: Calling a method in the system process without a qualified user: android.app.ContextImpl.startActivity:1067 com.android.server.wm.FreeFormWindowHelper.exitRecentTasks:426 com.android.server.wm.ActivityTaskManagerService.exitRecentTasks:3795 android.app.IActivityTaskManager$Stub.onTransact:2307 com.android.server.wm.ActivityTaskManagerService.onTransact:5046
12-01 07:58:24.507 1508 6408 I ActivityTaskManager: START u0 {flg=0x10108000 cmp=com.android.gallery3d/.app.GalleryActivity} from uid 1000
12-01 07:58:24.513 1508 6408 W ActivityTaskManager: Can't find TaskDisplayArea to determine support for multi window. Task id=238 attached=false
12-01 07:58:24.516 1508 6408 D FreeFormWindowHelper: Add freeform task=Task{37c6454 #238 type=standard ?? U=0 visible=false mode=freeform translucent=true sz=0}
12-01 07:58:24.520 1508 6408 I ActivityTaskManager: FOREGROUND_APPLICATION_CHANGED to com.android.gallery3d.app.GalleryActivity
12-01 07:58:24.520 1508 6408 I ActivityTaskManager: The Process com.android.gallery3d Already Exists in BG. So sending its PID: 22978
12-01 07:58:24.521 1508 6408 W ActivityTaskManager: Tried to set launchTime (0) < mLastActivityLaunchTime (14718282)
12-01 07:58:24.555 22714 22730 W ContextImpl: Calling a method in the system process without a qualified user: android.app.ContextImpl.startService:1816 android.content.ContextWrapper.startService:774 com.thundercomm.gamemode.ingame.services.GameModeActionUtils.startGameModeService:93 com.thundercomm.gamemode.ingame.services.GameModeActionUtils.startGameModeEntry:21 com.thundercomm.gamemode.ingame.services.ActivityMonitoringService$1.onActivityLaunch:127
12-01 07:58:24.560 1508 1508 I GameModeConfig: Current uri is uri = content://com.thundercomm.gamemode.api/gamemode_settings/gamemode_isgaming
12-01 07:58:24.561 1508 1508 I GameModeConfig: isGameModeOn = false
12-01 07:58:24.562 1508 1508 I GameModeConfig: isGameModeOn = false
12-01 07:58:24.562 1508 1508 I GameModeConfig: isDisableVoice = true
12-01 07:58:24.567 22714 22730 W ContextImpl: Calling a method in the system process without a qualified user: android.app.ContextImpl.startService:1816 android.content.ContextWrapper.startService:774 com.thundercomm.gamemode.ingame.services.GameModeActionUtils.startGameModeService:93 com.thundercomm.gamemode.ingame.services.GameModeActionUtils.startGameModeEntry:21 com.thundercomm.gamemode.ingame.services.ActivityMonitoringService$1.onActivityLaunch:127
12-01 07:58:24.570 1508 1508 I GameModeConfig: Current uri is uri = content://com.thundercomm.gamemode.api/gamemode_settings/gamemode_isgaming
12-01 07:58:24.571 1508 1508 I GameModeConfig: isGameModeOn = false
12-01 07:58:24.572 1508 1508 I GameModeConfig: isGameModeOn = false
12-01 07:58:24.572 1508 1508 I GameModeConfig: isDisableVoice = true
12-01 07:58:24.599 1508 1603 W WindowManager: updateScale0.4617737
12-01 07:58:24.657 1508 1637 W WindowManager: updateScale0.4617737
12-01 07:58:24.662 1508 1637 W WindowManager: updateScale0.4617737
12-01 07:58:24.664 1508 1637 W WindowManager: updateScale0.4617737
12-01 07:58:25.153 1508 1637 W WindowManager: updateScale0.4617737
12-01 07:58:25.154 1508 6335 W WindowManager: updateScale0.4617737
12-01 07:58:25.158 1508 1636 W WindowManager: updateScale0.4617737
12-01 07:58:25.161 1508 1636 I ActivityTaskManager: FOREGROUND_APPLICATION_CHANGED to com.android.music.VideoBrowserActivity
12-01 07:58:25.166 1508 6928 W WindowManager: updateScale0.4617737
12-01 07:58:25.233 22714 22730 W ContextImpl: Calling a method in the system process without a qualified user: android.app.ContextImpl.startService:1816 android.content.ContextWrapper.startService:774 com.thundercomm.gamemode.ingame.services.GameModeActionUtils.startGameModeService:93 com.thundercomm.gamemode.ingame.services.GameModeActionUtils.startGameModeEntry:21 com.thundercomm.gamemode.ingame.services.ActivityMonitoringService$1.onActivityLaunch:127
12-01 07:58:25.233 1508 6335 W ActivityTaskManager: getTaskSnapshot: taskId=5237 not found
12-01 07:58:25.239 1508 1508 I GameModeConfig: Current uri is uri = content://com.thundercomm.gamemode.api/gamemode_settings/gamemode_isgaming
12-01 07:58:25.240 1508 1508 I GameModeConfig: isGameModeOn = false
12-01 07:58:25.241 1508 1508 I GameModeConfig: isGameModeOn = false
12-01 07:58:25.241 1508 1508 I GameModeConfig: isDisableVoice = true
12-01 07:58:25.251 1508 6928 D FreeFormWindowHelper: Remove freefrom task=Task{37c6454 #238 type=standard A=10064:com.android.gallery3d U=0 visible=false mode=freeform translucent=true sz=0}
12-01 07:58:25.255 1508 6335 W ActivityTaskManager: getTaskSnapshot: taskId=5237 not found
12-01 07:58:25.255 1508 6335 W ActivityTaskManager: getTaskSnapshot: taskId=4237 not found
12-01 07:58:25.259 1508 6335 W ActivityTaskManager: getTaskSnapshot: taskId=3237 not found
12-01 07:58:25.263 1508 1603 W ActivityTaskManager: getTaskSnapshot: taskId=2237 not found
12-01 07:58:25.263 22714 22730 W ContextImpl: Calling a method in the system process without a qualified user: android.app.ContextImpl.startService:1816 android.content.ContextWrapper.startService:774 com.thundercomm.gamemode.ingame.services.GameModeActionUtils.startGameModeService:93 com.thundercomm.gamemode.ingame.services.GameModeActionUtils.startGameModeEntry:21 com.thundercomm.gamemode.ingame.services.ActivityMonitoringService$1.onActivityLaunch:127
12-01 07:58:25.269 1508 1508 I GameModeConfig: Current uri is uri = content://com.thundercomm.gamemode.api/gamemode_settings/gamemode_isgaming
12-01 07:58:25.271 1508 1508 I GameModeConfig: isGameModeOn = false
12-01 07:58:25.271 1508 1508 I GameModeConfig: isGameModeOn = false
12-01 07:58:25.271 1508 1508 I GameModeConfig: isDisableVoice = true
12-01 07:58:25.273 1508 6335 W ActivityTaskManager: getTaskSnapshot: taskId=1237 not found
12-01 07:58:25.311 22714 22730 W ContextImpl: Calling a method in the system process without a qualified user: android.app.ContextImpl.startService:1816 android.content.ContextWrapper.startService:774 com.thundercomm.gamemode.ingame.services.GameModeActionUtils.startGameModeService:93 com.thundercomm.gamemode.ingame.services.GameModeActionUtils.startGameModeEntry:21 com.thundercomm.gamemode.ingame.services.ActivityMonitoringService$1.onActivityLaunch:127
12-01 07:58:25.315 1508 1508 I GameModeConfig: Current uri is uri = content://com.thundercomm.gamemode.api/gamemode_settings/gamemode_isgaming
12-01 07:58:25.318 1508 1508 I GameModeConfig: isGameModeOn = false
12-01 07:58:25.318 1508 1508 I GameModeConfig: isGameModeOn = false
12-01 07:58:25.318 1508 1508 I GameModeConfig: isDisableVoice = true
12-01 07:58:25.864 1508 6928 I ActivityTaskManager: FOREGROUND_APPLICATION_CHANGED to com.android.launcher3.uioverrides.QuickstepLauncher
12-01 07:58:25.944 22714 22730 W ContextImpl: Calling a method in the system process without a qualified user: android.app.ContextImpl.startService:1816 android.content.ContextWrapper.startService:774 com.thundercomm.gamemode.ingame.services.GameModeActionUtils.startGameModeService:93 com.thundercomm.gamemode.ingame.services.GameModeActionUtils.startGameModeEntry:21 com.thundercomm.gamemode.ingame.services.ActivityMonitoringService$1.onActivityLaunch:127
12-01 07:58:25.948 1508 1508 I GameModeConfig: Current uri is uri = content://com.thundercomm.gamemode.api/gamemode_settings/gamemode_isgaming
12-01 07:58:25.950 1508 1508 I GameModeConfig: isGameModeOn = false
12-01 07:58:25.951 1508 1508 I GameModeConfig: isGameModeOn = false
12-01 07:58:25.951 1508 1508 I GameModeConfig: isDisableVoice = true
12-01 07:58:25.994 22714 22730 W ContextImpl: Calling a method in the system process without a qualified user: android.app.ContextImpl.startService:1816 android.content.ContextWrapper.startService:774 com.thundercomm.gamemode.ingame.services.GameModeActionUtils.startGameModeService:93 com.thundercomm.gamemode.ingame.services.GameModeActionUtils.startGameModeEntry:21 com.thundercomm.gamemode.ingame.services.ActivityMonitoringService$1.onActivityLaunch:127
12-01 07:58:25.998 1508 1508 I GameModeConfig: Current uri is uri = content://com.thundercomm.gamemode.api/gamemode_settings/gamemode_isgaming
12-01 07:58:26.000 1508 1508 I GameModeConfig: isGameModeOn = false
12-01 07:58:26.000 1508 1508 I GameModeConfig: isGameModeOn = false
12-01 07:58:26.000 1508 1508 I GameModeConfig: isDisableVoice = true
12-01 07:58:26.165 1508 6408 W ContextImpl: Calling a method in the system process without a qualified user: android.app.ContextImpl.startActivity:1067 com.android.server.wm.FreeFormWindowHelper.exitRecentTasks:426 com.android.server.wm.ActivityTaskManagerService.exitRecentTasks:3795 android.app.IActivityTaskManager$Stub.onTransact:2307 com.android.server.wm.ActivityTaskManagerService.onTransact:5046
12-01 07:58:26.165 1508 6408 I ActivityTaskManager: START u0 {flg=0x10108000 cmp=com.android.gallery3d/.app.GalleryActivity} from uid 1000
12-01 07:58:26.168 1508 6408 W ActivityTaskManager: Can't find TaskDisplayArea to determine support for multi window. Task id=239 attached=false
12-01 07:58:26.169 1508 6408 D FreeFormWindowHelper: Add freeform task=Task{f896d62 #239 type=standard ?? U=0 visible=false mode=freeform translucent=true sz=0}
12-01 07:58:26.172 1508 6408 I ActivityTaskManager: FOREGROUND_APPLICATION_CHANGED to com.android.gallery3d.app.GalleryActivity
12-01 07:58:26.172 1508 6408 I ActivityTaskManager: The Process com.android.gallery3d Already Exists in BG. So sending its PID: 22978
12-01 07:58:26.173 1508 6408 W ActivityTaskManager: Tried to set launchTime (0) < mLastActivityLaunchTime (14723102)
12-01 07:58:26.197 22714 22730 W ContextImpl: Calling a method in the system process without a qualified user: android.app.ContextImpl.startService:1816 android.content.ContextWrapper.startService:774 com.thundercomm.gamemode.ingame.services.GameModeActionUtils.startGameModeService:93 com.thundercomm.gamemode.ingame.services.GameModeActionUtils.startGameModeEntry:21 com.thundercomm.gamemode.ingame.services.ActivityMonitoringService$1.onActivityLaunch:127
12-01 07:58:26.202 1508 1508 I GameModeConfig: Current uri is uri = content://com.thundercomm.gamemode.api/gamemode_settings/gamemode_isgaming
12-01 07:58:26.204 1508 1508 I GameModeConfig: isGameModeOn = false
12-01 07:58:26.204 1508 1508 I GameModeConfig: isGameModeOn = false
12-01 07:58:26.204 1508 1508 I GameModeConfig: isDisableVoice = true
12-01 07:58:26.220 1508 6335 W WindowManager: updateScale0.4617737
12-01 07:58:26.254 1508 1637 W WindowManager: updateScale0.4617737
12-01 07:58:26.257 1508 1637 W WindowManager: updateScale0.4617737
12-01 07:58:26.259 1508 1637 W WindowManager: updateScale0.4617737
12-01 07:58:26.539 1508 1637 W WindowManager: updateScale0.4617737
12-01 07:58:27.506 1508 1603 I ActivityTaskManager: START u0 {act=android.intent.action.MAIN cat=[android.intent.category.LAUNCHER] flg=0x10200000 cmp=com.android.music/.VideoBrowserActivity bnds=[2308,540][2494,740]} from uid 10076
12-01 07:58:27.516 1508 1603 W WindowManager: updateScale0.4617737
12-01 07:58:27.528 1508 1603 W WindowManager: updateScale0.4617737
12-01 07:58:27.536 1508 2301 I ActivityTaskManager: FOREGROUND_APPLICATION_CHANGED to com.android.music.VideoBrowserActivity
12-01 07:58:27.551 1508 1637 W WindowManager: updateScale0.4617737
12-01 07:58:27.557 1508 1637 W WindowManager: updateScale0.4617737
12-01 07:58:27.562 1508 6335 W WindowManager: updateScale0.4617737
12-01 07:58:27.576 1508 6335 W WindowManager: updateScale0.4617737
12-01 07:58:27.582 22714 22730 W ContextImpl: Calling a method in the system process without a qualified user: android.app.ContextImpl.startService:1816 android.content.ContextWrapper.startService:774 com.thundercomm.gamemode.ingame.services.GameModeActionUtils.startGameModeService:93 com.thundercomm.gamemode.ingame.services.GameModeActionUtils.startGameModeEntry:21 com.thundercomm.gamemode.ingame.services.ActivityMonitoringService$1.onActivityLaunch:127
12-01 07:58:27.586 1508 1637 W WindowManager: updateScale0.4617737
12-01 07:58:27.587 1508 1508 I GameModeConfig: Current uri is uri = content://com.thundercomm.gamemode.api/gamemode_settings/gamemode_isgaming
