12-01 08:07:10.469 1508 1636 I wm_stop_activity: [0,139459562,com.android.settings/.homepage.SettingsHomepageActivity]
12-01 08:07:10.472 2822 2822 I wm_on_resume_called: [103113767,com.android.launcher3.uioverrides.QuickstepLauncher,RESUME_ACTIVITY]
12-01 08:07:10.474 1508 1636 I sysui_multi_action: [757,803,799,window_time_0,802,1]
12-01 08:07:10.481 1508 2005 I input_focus: [Focus leaving recents_animation_input_consumer (server),reason=NOT_VISIBLE]
12-01 08:07:10.481 1508 2005 I input_focus: [Focus entering e9e80a1 com.android.launcher3/com.android.launcher3.uioverrides.QuickstepLauncher (server),reason=setFocusedWindow]
12-01 08:07:10.482 2822 2822 I wm_on_top_resumed_gained_called: [103113767,com.android.launcher3.uioverrides.QuickstepLauncher,topStateChangedWhenResumed]
12-01 08:07:10.493 26407 26407 I wm_on_stop_called: [139459562,com.android.settings.homepage.SettingsHomepageActivity,STOP_ACTIVITY_ITEM]
12-01 08:07:10.511 22714 22730 W ContextImpl: Calling a method in the system process without a qualified user: android.app.ContextImpl.startService:1816 android.content.ContextWrapper.startService:774 com.thundercomm.gamemode.ingame.services.GameModeActionUtils.startGameModeService:93 com.thundercomm.gamemode.ingame.services.GameModeActionUtils.startGameModeEntry:21 com.thundercomm.gamemode.ingame.services.ActivityMonitoringService$1.onActivityLaunch:127
12-01 08:07:10.515 1508 1508 I GameModeConfig: Current uri is uri = content://com.thundercomm.gamemode.api/gamemode_settings/gamemode_isgaming
12-01 08:07:10.516 1508 1508 I GameModeConfig: isGameModeOn = false
12-01 08:07:10.517 1508 1508 I GameModeConfig: isGameModeOn = false
12-01 08:07:10.517 1508 1508 I GameModeConfig: isDisableVoice = true
12-01 08:07:10.574 22714 22730 W ContextImpl: Calling a method in the system process without a qualified user: android.app.ContextImpl.startService:1816 android.content.ContextWrapper.startService:774 com.thundercomm.gamemode.ingame.services.GameModeActionUtils.startGameModeService:93 com.thundercomm.gamemode.ingame.services.GameModeActionUtils.startGameModeEntry:21 com.thundercomm.gamemode.ingame.services.ActivityMonitoringService$1.onActivityLaunch:127
12-01 08:07:10.581 1508 1508 I GameModeConfig: Current uri is uri = content://com.thundercomm.gamemode.api/gamemode_settings/gamemode_isgaming
12-01 08:07:10.583 1508 1508 I GameModeConfig: isGameModeOn = false
12-01 08:07:10.583 1508 1508 I GameModeConfig: isGameModeOn = false
12-01 08:07:10.583 1508 1508 I GameModeConfig: isDisableVoice = true
12-01 08:07:10.591 1508 1754 I commit_sys_config_file: [settings-1-0,9]
12-01 08:07:10.771 1508 2005 I input_interaction: Interaction with: e9e80a1 com.android.launcher3/com.android.launcher3.uioverrides.QuickstepLauncher (server), 5ecd4a7 com.android.systemui.ImageWallpaper (server), edge-swipe (server), swipe-up (server), PointerEventDispatcher0 (server),
12-01 08:07:10.829 2822 2822 I view_enqueue_input_event: [Motion - Cancel,com.android.launcher3/com.android.launcher3.uioverrides.QuickstepLauncher]
12-01 08:07:10.832 1508 2005 I input_interaction: Interaction with: edge-swipe (server), swipe-up (server), PointerEventDispatcher0 (server),
12-01 08:07:10.973 1508 1508 I service_manager_stats: [100,72,31375]
12-01 08:07:10.976 1508 9618 W ContextImpl: Calling a method in the system process without a qualified user: android.app.ContextImpl.startActivity:1067 com.android.server.wm.FreeFormWindowHelper.exitRecentTasks:426 com.android.server.wm.ActivityTaskManagerService.exitRecentTasks:3795 android.app.IActivityTaskManager$Stub.onTransact:2307 com.android.server.wm.ActivityTaskManagerService.onTransact:5046
12-01 08:07:10.977 1508 9618 I ActivityTaskManager: START u0 {act=android.intent.action.MAIN cat=[android.intent.category.LAUNCHER] flg=0x10200000 cmp=com.android.music/.VideoBrowserActivity} from uid 1000
12-01 08:07:10.980 1508 9618 I wm_task_created: [271,-1]
12-01 08:07:10.980 1508 9618 W ActivityTaskManager: Can't find TaskDisplayArea to determine support for multi window. Task id=271 attached=false
12-01 08:07:10.981 1508 9618 D FreeFormWindowHelper: Add freeform task=Task{bf7d671 #271 type=standard ?? U=0 visible=false mode=freeform translucent=true sz=0}
12-01 08:07:10.985 1508 9618 I wm_task_moved: [271,1,7]
12-01 08:07:10.985 1508 9618 I wm_task_to_front: [0,271]
12-01 08:07:10.985 1508 9618 I wm_create_task: [0,271]
12-01 08:07:10.985 1508 9618 I wm_create_activity: [0,138603606,271,com.android.music/.VideoBrowserActivity,android.intent.action.MAIN,NULL,NULL,270532608]
12-01 08:07:10.986 1508 9618 I wm_task_moved: [271,1,7]
12-01 08:07:10.986 1508 9618 I ActivityTaskManager: FOREGROUND_APPLICATION_CHANGED to com.android.music.VideoBrowserActivity
12-01 08:07:10.987 1508 9618 I ActivityTaskManager: The Process com.android.music Already Exists in BG. So sending its PID: 25301
12-01 08:07:10.987 1508 9618 W ActivityTaskManager: Tried to set launchTime (0) < mLastActivityLaunchTime (15243255)
12-01 08:07:10.988 1508 9618 I wm_restart_activity: [0,138603606,271,com.android.music/.VideoBrowserActivity]
12-01 08:07:10.990 1508 9618 I wm_set_resumed_activity: [0,com.android.music/.VideoBrowserActivity,minimalResumeActivityLocked]
12-01 08:07:10.996 1508 9618 W ActivityManager: Receiver with filter android.content.IntentFilter@90504d7 already registered for pid 25301, callerPackage is com.android.music
12-01 08:07:10.997 2822 2822 I wm_on_top_resumed_lost_called: [103113767,com.android.launcher3.uioverrides.QuickstepLauncher,topStateChangedWhenResumed]
12-01 08:07:11.014 22714 22730 W ContextImpl: Calling a method in the system process without a qualified user: android.app.ContextImpl.startService:1816 android.content.ContextWrapper.startService:774 com.thundercomm.gamemode.ingame.services.GameModeActionUtils.startGameModeService:93 com.thundercomm.gamemode.ingame.services.GameModeActionUtils.startGameModeEntry:21 com.thundercomm.gamemode.ingame.services.ActivityMonitoringService$1.onActivityLaunch:127
12-01 08:07:11.019 1508 1508 I GameModeConfig: Current uri is uri = content://com.thundercomm.gamemode.api/gamemode_settings/gamemode_isgaming
12-01 08:07:11.022 1508 1508 I GameModeConfig: isGameModeOn = false
12-01 08:07:11.023 1508 1508 I GameModeConfig: isGameModeOn = false
12-01 08:07:11.023 25301 25301 I wm_on_create_called: [138603606,com.android.music.VideoBrowserActivity,performCreate]
12-01 08:07:11.023 1508 1508 I GameModeConfig: isDisableVoice = true
12-01 08:07:11.023 25301 25301 I wm_on_start_called: [138603606,com.android.music.VideoBrowserActivity,handleStartActivity]
12-01 08:07:11.024 25301 25301 I wm_on_resume_called: [138603606,com.android.music.VideoBrowserActivity,RESUME_ACTIVITY]
12-01 08:07:11.027 25301 25301 I wm_on_top_resumed_gained_called: [138603606,com.android.music.VideoBrowserActivity,topStateChangedWhenResumed]
12-01 08:07:11.030 1508 9619 W WindowManager: updateScale0.7996942
12-01 08:07:11.034 1508 1637 I input_focus: [Focus request 5703630 com.android.music/com.android.music.VideoBrowserActivity,reason=UpdateInputWindows]
12-01 08:07:11.040 1508 1637 W WindowManager: updateScale0.7996942
12-01 08:07:11.044 1508 1637 W WindowManager: updateScale0.7996942
12-01 08:07:11.046 1508 1637 W WindowManager: updateScale0.7996942
12-01 08:07:11.047 1508 2005 I input_focus: [Focus leaving e9e80a1 com.android.launcher3/com.android.launcher3.uioverrides.QuickstepLauncher (server),reason=Waiting for window because NOT_VISIBLE]
12-01 08:07:11.049 1508 1633 I sysui_multi_action: [319,66,322,66,325,15249,757,761,758,8,759,2,806,com.android.music,871,com.android.music.VideoBrowserActivity,904,android,905,0,1320,8,1321,5]
12-01 08:07:11.055 1508 1633 I wm_activity_launch_time: [0,138603606,com.android.music/.VideoBrowserActivity,66]
12-01 08:07:11.065 1508 2005 I input_focus: [Focus entering 5703630 com.android.music/com.android.music.VideoBrowserActivity (server),reason=Window became focusable. Previous reason: NOT_VISIBLE]
12-01 08:07:11.317 1508 1637 W WindowManager: updateScale0.7996942
12-01 08:07:11.351 0 0 I auditd : type=1400 audit(0.0:16436): avc: denied { kill } for comm="swapper/1" capability=5 scontext=u:r:kernel:s0 tcontext=u:r:kernel:s0 tclass=capability permissive=0
12-01 08:07:11.945 1508 2005 I input_interaction: Interaction with: e9e80a1 com.android.launcher3/com.android.launcher3.uioverrides.QuickstepLauncher (server), 5ecd4a7 com.android.systemui.ImageWallpaper (server), edge-swipe (server), swipe-up (server), PointerEventDispatcher0 (server),
12-01 08:07:12.026 1508 6993 I ActivityTaskManager: START u0 {act=android.intent.action.MAIN cat=[android.intent.category.LAUNCHER] flg=0x10200000 cmp=com.android.settings/.Settings bnds=[2308,740][2494,940]} from uid 10076
12-01 08:07:12.029 1508 6993 I wm_task_moved: [266,1,7]
12-01 08:07:12.029 1508 6993 I wm_task_to_front: [0,266]
12-01 08:07:12.031 1508 6993 I wm_focused_root_task: [0,0,266,271,bringingFoundTaskToFront]
12-01 08:07:12.031 25301 25301 I wm_on_top_resumed_lost_called: [138603606,com.android.music.VideoBrowserActivity,topStateChangedWhenResumed]
12-01 08:07:12.034 1508 6993 I wm_set_resumed_activity: [0,com.android.settings/.homepage.SettingsHomepageActivity,bringingFoundTaskToFront]
12-01 08:07:12.034 1508 6993 I wm_new_intent: [0,139459562,266,com.android.settings/.homepage.SettingsHomepageActivity,android.intent.action.MAIN,NULL,NULL,335544320]
12-01 08:07:12.035 1508 6993 I wm_pause_activity: [0,103113767,com.android.launcher3/.uioverrides.QuickstepLauncher,userLeaving=true,pauseBackTasks]
12-01 08:07:12.036 1508 6993 W WindowManager: updateScale0.7996942
12-01 08:07:12.043 2822 2822 I wm_on_paused_called: [103113767,com.android.launcher3.uioverrides.QuickstepLauncher,performPause]
12-01 08:07:12.044 1508 9619 W WindowManager: updateScale0.7996942
12-01 08:07:12.048 1508 6993 I ActivityTaskManager: FOREGROUND_APPLICATION_CHANGED to com.android.settings.homepage.SettingsHomepageActivity
12-01 08:07:12.049 1508 6993 I wm_set_resumed_activity: [0,com.android.settings/.homepage.SettingsHomepageActivity,resumeTopActivityInnerLocked]
12-01 08:07:12.053 1508 6993 I wm_add_to_stopping: [0,103113767,com.android.launcher3/.uioverrides.QuickstepLauncher,makeInvisible]
12-01 08:07:12.054 1508 6993 I wm_resume_activity: [0,139459562,266,com.android.settings/.homepage.SettingsHomepageActivity]
12-01 08:07:12.060 1508 1637 W WindowManager: updateScale0.7996942
12-01 08:07:12.077 1508 1637 W WindowManager: updateScale0.7996942
12-01 08:07:12.078 1508 1637 W WindowManager: updateScale0.7996942
12-01 08:07:12.086 1508 6993 W WindowManager: updateScale0.7996942
12-01 08:07:12.090 26407 26407 I wm_on_restart_called: [139459562,com.android.settings.homepage.SettingsHomepageActivity,performRestartActivity]
12-01 08:07:12.100 1508 1636 I sysui_multi_action: [757,803,799,window_time_0,802,1]
12-01 08:07:12.102 26407 26407 I wm_on_start_called: [139459562,com.android.settings.homepage.SettingsHomepageActivity,handleStartActivity]
12-01 08:07:12.102 26407 26407 I snet_event_log: [120484087,-1,]
12-01 08:07:12.102 26407 26407 I wm_on_resume_called: [139459562,com.android.settings.homepage.SettingsHomepageActivity,RESUME_ACTIVITY]
12-01 08:07:12.102 26407 26407 I sysui_multi_action: [757,35,758,1,833,0,1089,0]
12-01 08:07:12.103 26407 26407 I sysui_multi_action: [757,1748,758,1,833,0,1089,0]
12-01 08:07:12.109 1508 6436 W WindowManager: Non-null activity for system window of rootType=2038
12-01 08:07:12.110 26407 26407 I wm_on_top_resumed_gained_called: [139459562,com.android.settings.homepage.SettingsHomepageActivity,topWhenResuming]
12-01 08:07:12.111 22714 22730 W ContextImpl: Calling a method in the system process without a qualified user: android.app.ContextImpl.startService:1816 android.content.ContextWrapper.startService:774 com.thundercomm.gamemode.ingame.services.GameModeActionUtils.startGameModeService:93 com.thundercomm.gamemode.ingame.services.GameModeActionUtils.startGameModeEntry:21 com.thundercomm.gamemode.ingame.services.ActivityMonitoringService$1.onActivityLaunch:127
12-01 08:07:12.117 1508 6896 W WindowManager: updateScale0.7996942
12-01 08:07:12.122 1508 1637 I input_focus: [Focus request faeb9ee com.android.settings/com.android.settings.homepage.SettingsHomepageActivity,reason=UpdateInputWindows]
12-01 08:07:12.124 1508 1508 I GameModeConfig: Current uri is uri = content://com.thundercomm.gamemode.api/gamemode_settings/gamemode_isgaming
12-01 08:07:12.127 1508 1508 I GameModeConfig: isGameModeOn = false
12-01 08:07:12.127 1508 1508 I GameModeConfig: isGameModeOn = false
12-01 08:07:12.127 1508 1508 I GameModeConfig: isDisableVoice = true
12-01 08:07:12.129 1508 9619 W WindowManager: updateScale0.7996942
12-01 08:07:12.133 1508 2005 I input_focus: [Focus leaving 5703630 com.android.music/com.android.music.VideoBrowserActivity (server),reason=Waiting for window because NOT_VISIBLE]
12-01 08:07:12.134 1508 1637 W WindowManager: updateScale0.7996942
12-01 08:07:12.136 1508 1637 W WindowManager: updateScale0.7996942
12-01 08:07:12.136 1508 1637 W WindowManager: updateScale0.7996942
12-01 08:07:12.142 1508 1633 I sysui_multi_action: [319,50,321,34,322,110,325,15250,757,761,758,9,759,4,806,com.android.settings,871,com.android.settings.homepage.SettingsHomepageActivity,904,com.android.settings,905,0,1320,8,1321,5]
12-01 08:07:12.149 1508 2005 I input_focus: [Focus entering faeb9ee com.android.settings/com.android.settings.homepage.SettingsHomepageActivity (server),reason=Window became focusable. Previous reason: NOT_VISIBLE]
12-01 08:07:12.161 22714 22730 W ContextImpl: Calling a method in the system process without a qualified user: android.app.ContextImpl.startService:1816 android.content.ContextWrapper.startService:774 com.thundercomm.gamemode.ingame.services.GameModeActionUtils.startGameModeService:93 com.thundercomm.gamemode.ingame.services.GameModeActionUtils.startGameModeEntry:21 com.thundercomm.gamemode.ingame.services.ActivityMonitoringService$1.onActivityLaunch:127
12-01 08:07:12.165 1508 1508 I GameModeConfig: Current uri is uri = content://com.thundercomm.gamemode.api/gamemode_settings/gamemode_isgaming
12-01 08:07:12.167 1508 1508 I GameModeConfig: isGameModeOn = false
12-01 08:07:12.167 1508 1508 I GameModeConfig: isGameModeOn = false
12-01 08:07:12.167 1508 1508 I GameModeConfig: isDisableVoice = true
12-01 08:07:12.241 1508 6163 W WindowManager: updateScale0.7996942
12-01 08:07:12.351 0 0 I auditd : type=1400 audit(0.0:16437): avc: denied { kill } for comm="swapper/1" capability=5 scontext=u:r:kernel:s0 tcontext=u:r:kernel:s0 tclass=capability permissive=0
12-01 08:07:12.401 1508 1637 W WindowManager: updateScale0.7996942
12-01 08:07:12.417 1508 1637 W WindowManager: updateScale0.7996942
12-01 08:07:12.647 1508 1636 I wm_stop_activity: [0,103113767,com.android.launcher3/.uioverrides.QuickstepLauncher]
12-01 08:07:12.661 1508 1637 W WindowManager: updateScale0.7996942
12-01 08:07:12.692 2822 2822 I wm_on_stop_called: [103113767,com.android.launcher3.uioverrides.QuickstepLauncher,STOP_ACTIVITY_ITEM]
12-01 08:07:12.702 1508 9619 W WindowManager: updateScale0.7996942
12-01 08:07:12.717 22714 22730 W ContextImpl: Calling a method in the system process without a qualified user: android.app.ContextImpl.startService:1816 android.content.ContextWrapper.startService:774 com.thundercomm.gamemode.ingame.services.GameModeActionUtils.startGameModeService:93 com.thundercomm.gamemode.ingame.services.GameModeActionUtils.startGameModeEntry:21 com.thundercomm.gamemode.ingame.services.ActivityMonitoringService$1.onActivityLaunch:127
12-01 08:07:12.720 1508 1637 W WindowManager: updateScale0.7996942
12-01 08:07:12.723 1508 1508 I GameModeConfig: Current uri is uri = content://com.thundercomm.gamemode.api/gamemode_settings/gamemode_isgaming
12-01 08:07:12.726 1508 1508 I GameModeConfig: isGameModeOn = false
12-01 08:07:12.727 1508 1508 I GameModeConfig: isGameModeOn = false
12-01 08:07:12.727 1508 1508 I GameModeConfig: isDisableVoice = true
12-01 08:07:13.056 1508 2005 I input_interaction: Interaction with: faeb9ee com.android.settings/com.android.settings.homepage.SettingsHomepageActivity (server), edge-swipe (server), swipe-up (server), PointerEventDispatcher0 (server),
12-01 08:07:13.075 1508 6163 I wm_task_moved: [1,0,0]
12-01 08:07:13.075 1508 6163 I wm_task_moved: [1,0,6]
12-01 08:07:13.079 1508 6163 W WindowManager: updateScale0.7996942
12-01 08:07:13.081 26407 26407 I view_enqueue_input_event: [Motion - Cancel,com.android.settings/com.android.settings.homepage.SettingsHomepageActivity]
12-01 08:07:13.082 1508 2005 I input_interaction: Interaction with: edge-swipe (server), swipe-up (server), PointerEventDispatcher0 (server),
12-01 08:07:13.088 2822 2822 I wm_on_restart_called: [103113767,com.android.launcher3.uioverrides.QuickstepLauncher,performRestartActivity]
12-01 08:07:13.088 1508 6163 I wm_finish_activity: [0,138603606,271,com.android.music/.VideoBrowserActivity,app-request]
12-01 08:07:13.102 1508 6163 I wm_pause_activity: [0,138603606,com.android.music/.VideoBrowserActivity,userLeaving=false,finish]
12-01 08:07:13.104 25301 25301 I wm_on_paused_called: [138603606,com.android.music.VideoBrowserActivity,performPause]
12-01 08:07:13.108 1508 6993 I wm_destroy_activity: [0,138603606,271,com.android.music/.VideoBrowserActivity,finish-imm:completePausedLocked]
12-01 08:07:13.121 1508 6436 W ActivityManager: Receiver with filter android.content.IntentFilter@dd3baee already registered for pid 25301, callerPackage is com.android.music
12-01 08:07:13.122 1508 1636 I sysui_multi_action: [757,803,799,window_time_0,802,1]
12-01 08:07:13.123 2822 2822 I wm_on_start_called: [103113767,com.android.launcher3.uioverrides.QuickstepLauncher,handleStartActivity]
12-01 08:07:13.124 1508 1637 I input_focus: [Focus request recents_animation_input_consumer,reason=UpdateInputWindows]
12-01 08:07:13.127 22714 22730 W ContextImpl: Calling a method in the system process without a qualified user: android.app.ContextImpl.startService:1816 android.content.ContextWrapper.startService:774 com.thundercomm.gamemode.ingame.services.GameModeActionUtils.startGameModeService:93 com.thundercomm.gamemode.ingame.services.GameModeActionUtils.startGameModeEntry:21 com.thundercomm.gamemode.ingame.services.ActivityMonitoringService$1.onActivityLaunch:127
12-01 08:07:13.129 25301 25301 I wm_on_stop_called: [138603606,com.android.music.VideoBrowserActivity,LIFECYCLER_STOP_ACTIVITY]
12-01 08:07:13.130 1508 6993 W ActivityTaskManager: getTaskSnapshot: taskId=5266 not found
12-01 08:07:13.133 25301 25301 I wm_on_destroy_called: [138603606,com.android.music.VideoBrowserActivity,performDestroy]
12-01 08:07:13.133 2822 2822 I sysui_latency: [1,77]
12-01 08:07:13.135 1508 2005 I input_focus: [Focus leaving faeb9ee com.android.settings/com.android.settings.homepage.SettingsHomepageActivity (server),reason=NOT_FOCUSABLE]
12-01 08:07:13.135 1508 2005 I input_focus: [Focus entering recents_animation_input_consumer (server),reason=setFocusedWindow]
12-01 08:07:13.137 1508 1508 I GameModeConfig: Current uri is uri = content://com.thundercomm.gamemode.api/gamemode_settings/gamemode_isgaming
12-01 08:07:13.139 1508 1508 I GameModeConfig: isGameModeOn = false
12-01 08:07:13.139 1508 1508 I GameModeConfig: isGameModeOn = false
12-01 08:07:13.139 1508 1508 I GameModeConfig: isDisableVoice = true
12-01 08:07:13.139 1508 6163 W ContextImpl: Calling a method in the system process without a qualified user: android.app.ContextImpl.startActivity:1067 com.android.server.wm.FreeFormWindowHelper.exitRecentTasks:426 com.android.server.wm.ActivityTaskManagerService.exitRecentTasks:3795 android.app.IActivityTaskManager$Stub.onTransact:2307 com.android.server.wm.ActivityTaskManagerService.onTransact:5046
12-01 08:07:13.148 1508 9619 I wm_task_removed: [271,removeChild:removeChild last r=ActivityRecord{842ec56 u0 com.android.music/.VideoBrowserActivity t-1 f}} in t=Task{bf7d671 #271 type=standard A=10086:android.task.video U=0 visible=false mode=freeform translucent=true sz=0}]
12-01 08:07:13.148 1508 9619 I wm_task_removed: [271,removeChild]
12-01 08:07:13.148 1508 9619 D FreeFormWindowHelper: Remove freefrom task=Task{bf7d671 #271 type=standard A=10086:android.task.video U=0 visible=false mode=freeform translucent=true sz=0}
12-01 08:07:13.149 1508 6163 I ActivityTaskManager: START u0 {act=android.intent.action.MAIN cat=[android.intent.category.LAUNCHER] flg=0x10200000 cmp=com.android.music/.VideoBrowserActivity} from uid 1000
12-01 08:07:13.152 22714 22730 W ContextImpl: Calling a method in the system process without a qualified user: android.app.ContextImpl.startService:1816 android.content.ContextWrapper.startService:774 com.thundercomm.gamemode.ingame.services.GameModeActionUtils.startGameModeService:93 com.thundercomm.gamemode.ingame.services.GameModeActionUtils.startGameModeEntry:21 com.thundercomm.gamemode.ingame.services.ActivityMonitoringService$1.onActivityLaunch:127
12-01 08:07:13.154 1508 6163 I wm_task_created: [272,-1]
12-01 08:07:13.154 1508 6163 W ActivityTaskManager: Can't find TaskDisplayArea to determine support for multi window. Task id=272 attached=false
12-01 08:07:13.154 1508 6163 D FreeFormWindowHelper: Add freeform task=Task{9d4e4b4 #272 type=standard ?? U=0 visible=false mode=freeform translucent=true sz=0}
12-01 08:07:13.155 1508 6163 I wm_task_moved: [272,1,7]
12-01 08:07:13.155 1508 6163 I wm_task_to_front: [0,272]
12-01 08:07:13.156 1508 6163 I wm_create_task: [0,272]
12-01 08:07:13.156 1508 6163 I wm_create_activity: [0,76310749,272,com.android.music/.VideoBrowserActivity,android.intent.action.MAIN,NULL,NULL,270532608]
12-01 08:07:13.156 1508 6163 I wm_task_moved: [272,1,7]
12-01 08:07:13.156 1508 1508 I GameModeConfig: Current uri is uri = content://com.thundercomm.gamemode.api/gamemode_settings/gamemode_isgaming
12-01 08:07:13.156 1508 6163 I ActivityTaskManager: FOREGROUND_APPLICATION_CHANGED to com.android.music.VideoBrowserActivity
12-01 08:07:13.156 1508 6163 I ActivityTaskManager: The Process com.android.music Already Exists in BG. So sending its PID: 25301
12-01 08:07:13.157 1508 6163 W ActivityTaskManager: Tried to set launchTime (0) < mLastActivityLaunchTime (15249568)
12-01 08:07:13.157 1508 6163 I wm_restart_activity: [0,76310749,272,com.android.music/.VideoBrowserActivity]
12-01 08:07:13.158 1508 6163 I wm_set_resumed_activity: [0,com.android.music/.VideoBrowserActivity,minimalResumeActivityLocked]
12-01 08:07:13.159 1508 1508 I GameModeConfig: isGameModeOn = false
12-01 08:07:13.160 1508 1508 I GameModeConfig: isGameModeOn = false
12-01 08:07:13.160 1508 1508 I GameModeConfig: isDisableVoice = true
12-01 08:07:13.160 1508 6436 W ActivityManager: Receiver with filter android.content.IntentFilter@faa2c52 already registered for pid 25301, callerPackage is com.android.music
12-01 08:07:13.167 26407 26407 I wm_on_top_resumed_lost_called: [139459562,com.android.settings.homepage.SettingsHomepageActivity,topStateChangedWhenResumed]
12-01 08:07:13.179 1508 1633 I sysui_multi_action: [319,8,322,100,325,15251,757,761,758,9,759,5,806,com.android.launcher3,871,com.android.launcher3.uioverrides.QuickstepLauncher,905,0,1320,8,1321,5]
12-01 08:07:13.185 22714 22730 W ContextImpl: Calling a method in the system process without a qualified user: android.app.ContextImpl.startService:1816 android.content.ContextWrapper.startService:774 com.thundercomm.gamemode.ingame.services.GameModeActionUtils.startGameModeService:93 com.thundercomm.gamemode.ingame.services.GameModeActionUtils.startGameModeEntry:21 com.thundercomm.gamemode.ingame.services.ActivityMonitoringService$1.onActivityLaunch:127
12-01 08:07:13.186 25301 25301 I wm_on_create_called: [76310749,com.android.music.VideoBrowserActivity,performCreate]
12-01 08:07:13.186 25301 25301 I wm_on_start_called: [76310749,com.android.music.VideoBrowserActivity,handleStartActivity]
12-01 08:07:13.186 25301 25301 I wm_on_resume_called: [76310749,com.android.music.VideoBrowserActivity,RESUME_ACTIVITY]
12-01 08:07:13.188 25301 25301 I wm_on_top_resumed_gained_called: [76310749,com.android.music.VideoBrowserActivity,topStateChangedWhenResumed]
12-01 08:07:13.191 1508 9618 W WindowManager: updateScale0.7996942
12-01 08:07:13.193 1508 1508 I GameModeConfig: Current uri is uri = content://com.thundercomm.gamemode.api/gamemode_settings/gamemode_isgaming
12-01 08:07:13.195 1508 1637 I input_focus: [Focus request 5e4a076 com.android.music/com.android.music.VideoBrowserActivity,reason=UpdateInputWindows]
12-01 08:07:13.200 1508 1508 I GameModeConfig: isGameModeOn = false
12-01 08:07:13.201 1508 1508 I GameModeConfig: isGameModeOn = false
12-01 08:07:13.201 1508 1508 I GameModeConfig: isDisableVoice = true
12-01 08:07:13.206 1508 1637 W WindowManager: updateScale0.7996942
12-01 08:07:13.208 1508 1637 W WindowManager: updateScale0.7996942
12-01 08:07:13.209 1508 1637 W WindowManager: updateScale0.7996942
12-01 08:07:13.211 1508 1633 I sysui_multi_action: [319,60,322,59,325,15251,757,761,758,8,759,2,806,com.android.music,871,com.android.music.VideoBrowserActivity,904,android,905,0,1320,8,1321,5]
12-01 08:07:13.213 1508 1633 I wm_activity_launch_time: [0,76310749,com.android.music/.VideoBrowserActivity,59]
12-01 08:07:13.220 1508 2005 I input_focus: [Focus leaving recents_animation_input_consumer (server),reason=setFocusedWindow]
12-01 08:07:13.221 1508 2005 I input_focus: [Focus entering 5e4a076 com.android.music/com.android.music.VideoBrowserActivity (server),reason=setFocusedWindow]
12-01 08:07:13.230 22714 22730 W ContextImpl: Calling a method in the system process without a qualified user: android.app.ContextImpl.startService:1816 android.content.ContextWrapper.startService:774 com.thundercomm.gamemode.ingame.services.GameModeActionUtils.startGameModeService:93 com.thundercomm.gamemode.ingame.services.GameModeActionUtils.startGameModeEntry:21 com.thundercomm.gamemode.ingame.services.ActivityMonitoringService$1.onActivityLaunch:127
12-01 08:07:13.237 1508 1508 I GameModeConfig: Current uri is uri = content://com.thundercomm.gamemode.api/gamemode_settings/gamemode_isgaming
12-01 08:07:13.238 1508 1508 I GameModeConfig: isGameModeOn = false
12-01 08:07:13.238 1508 1508 I GameModeConfig: isGameModeOn = false
12-01 08:07:13.238 1508 1508 I GameModeConfig: isDisableVoice = true
12-01 08:07:13.330 1508 1754 I commit_sys_config_file: [settings-1-0,8]
12-01 08:07:13.477 1508 1647 I sysui_latency: [8,112]
12-01 08:07:13.756 1508 2005 I input_interaction: Interaction with: recents_animation_input_consumer (server), edge-swipe (server), swipe-up (server), PointerEventDispatcher0 (server),
12-01 08:07:13.809 1508 6993 I wm_task_moved: [1,1,7]
12-01 08:07:13.810 1508 6993 I wm_task_moved: [10,1,2147483647]
12-01 08:07:13.810 1508 6993 I wm_task_to_front: [0,10]
12-01 08:07:13.810 1508 6993 I wm_focused_root_task: [0,0,1,272,RecentsAnimation.onAnimationFinished()]
12-01 08:07:13.810 1508 6993 I wm_set_resumed_activity: [0,com.android.launcher3/.uioverrides.QuickstepLauncher,RecentsAnimation.onAnimationFinished()]
12-01 08:07:13.811 25301 25301 I wm_on_top_resumed_lost_called: [76310749,com.android.music.VideoBrowserActivity,topStateChangedWhenResumed]
12-01 08:07:13.811 1508 2005 I input_interaction: Interaction with: edge-swipe (server), swipe-up (server), PointerEventDispatcher0 (server),
12-01 08:07:13.811 1508 6993 I wm_pause_activity: [0,139459562,com.android.settings/.homepage.SettingsHomepageActivity,userLeaving=true,pauseBackTasks]
12-01 08:07:13.812 1508 6993 I wm_add_to_stopping: [0,139459562,com.android.settings/.homepage.SettingsHomepageActivity,makeInvisible]
12-01 08:07:13.812 1508 6993 I ActivityTaskManager: FOREGROUND_APPLICATION_CHANGED to com.android.launcher3.uioverrides.QuickstepLauncher
12-01 08:07:13.813 1508 6993 I wm_set_resumed_activity: [0,com.android.launcher3/.uioverrides.QuickstepLauncher,resumeTopActivityInnerLocked]
12-01 08:07:13.813 1508 6993 I wm_resume_activity: [0,103113767,10,com.android.launcher3/.uioverrides.QuickstepLauncher]
12-01 08:07:13.815 1508 6993 W WindowManager: updateScale0.7996942
12-01 08:07:13.816 1508 6993 W WindowManager: updateScale0.7996942
12-01 08:07:13.819 1508 1637 I input_focus: [Focus request e9e80a1 com.android.launcher3/com.android.launcher3.uioverrides.QuickstepLauncher,reason=UpdateInputWindows]
12-01 08:07:13.821 1508 1636 I wm_stop_activity: [0,139459562,com.android.settings/.homepage.SettingsHomepageActivity]
12-01 08:07:13.821 1508 1636 I sysui_multi_action: [757,803,799,window_time_0,802,1]
12-01 08:07:13.821 2822 2822 I wm_on_resume_called: [103113767,com.android.launcher3.uioverrides.QuickstepLauncher,RESUME_ACTIVITY]
12-01 08:07:13.822 2822 2822 I wm_on_top_resumed_gained_called: [103113767,com.android.launcher3.uioverrides.QuickstepLauncher,topStateChangedWhenResumed]
12-01 08:07:13.828 1508 1636 I sysui_multi_action: [757,803,799,window_time_0,802,0]
12-01 08:07:13.837 1508 2005 I input_focus: [Focus leaving 5e4a076 com.android.music/com.android.music.VideoBrowserActivity (server),reason=setFocusedWindow]
12-01 08:07:13.837 1508 2005 I input_focus: [Focus entering e9e80a1 com.android.launcher3/com.android.launcher3.uioverrides.QuickstepLauncher (server),reason=setFocusedWindow]
12-01 08:07:13.840 1508 7139 W ActivityTaskManager: getTaskSnapshot: taskId=5266 not found
12-01 08:07:13.841 26407 26407 I sysui_multi_action: [757,35,758,2,1089,1738]
12-01 08:07:13.841 26407 26407 I sysui_multi_action: [757,1748,758,2,1089,1738]
12-01 08:07:13.843 26407 26407 I wm_on_paused_called: [139459562,com.android.settings.homepage.SettingsHomepageActivity,performPause]
12-01 08:07:13.844 1508 6163 W ActivityTaskManager: getTaskSnapshot: taskId=4266 not found
12-01 08:07:13.846 1508 6163 W ActivityTaskManager: getTaskSnapshot: taskId=3266 not found
12-01 08:07:13.846 26407 26407 I wm_on_stop_called: [139459562,com.android.settings.homepage.SettingsHomepageActivity,STOP_ACTIVITY_ITEM]
12-01 08:07:13.847 1508 6993 W ActivityTaskManager: getTaskSnapshot: taskId=2266 not found
12-01 08:07:13.848 1508 6993 W ActivityTaskManager: getTaskSnapshot: taskId=1266 not found
12-01 08:07:13.851 1508 6993 W WindowManager: updateScale0.7996942
12-01 08:07:13.857 1508 9619 W WindowManager: updateScale0.7996942
12-01 08:07:13.866 1508 6163 I wm_finish_activity: [0,76310749,272,com.android.music/.VideoBrowserActivity,app-request]
12-01 08:07:13.867 22714 22730 W ContextImpl: Calling a method in the system process without a qualified user: android.app.ContextImpl.startService:1816 android.content.ContextWrapper.startService:774 com.thundercomm.gamemode.ingame.services.GameModeActionUtils.startGameModeService:93 com.thundercomm.gamemode.ingame.services.GameModeActionUtils.startGameModeEntry:21 com.thundercomm.gamemode.ingame.services.ActivityMonitoringService$1.onActivityLaunch:127
12-01 08:07:13.870 1508 6163 I wm_pause_activity: [0,76310749,com.android.music/.VideoBrowserActivity,userLeaving=false,finish]
12-01 08:07:13.870 25301 25301 I wm_on_paused_called: [76310749,com.android.music.VideoBrowserActivity,performPause]
12-01 08:07:13.873 1508 1508 I GameModeConfig: Current uri is uri = content://com.thundercomm.gamemode.api/gamemode_settings/gamemode_isgaming
12-01 08:07:13.873 1508 1508 I GameModeConfig: isGameModeOn = false
12-01 08:07:13.873 1508 1508 I GameModeConfig: isGameModeOn = false
12-01 08:07:13.873 1508 1508 I GameModeConfig: isDisableVoice = true
12-01 08:07:13.874 1508 6436 I wm_destroy_activity: [0,76310749,272,com.android.music/.VideoBrowserActivity,finish-imm:completePausedLocked]
12-01 08:07:13.881 1508 1636 I sysui_multi_action: [757,803,799,window_time_0,802,0]
12-01 08:07:13.883 1508 6163 W ActivityManager: Receiver with filter android.content.IntentFilter@722f3e5 already registered for pid 25301, callerPackage is com.android.music
12-01 08:07:13.884 25301 25301 I wm_on_stop_called: [76310749,com.android.music.VideoBrowserActivity,LIFECYCLER_STOP_ACTIVITY]
12-01 08:07:13.886 25301 25301 I wm_on_destroy_called: [76310749,com.android.music.VideoBrowserActivity,performDestroy]
12-01 08:07:13.894 22714 22730 W ContextImpl: Calling a method in the system process without a qualified user: android.app.ContextImpl.startService:1816 android.content.ContextWrapper.startService:774 com.thundercomm.gamemode.ingame.services.GameModeActionUtils.startGameModeService:93 com.thundercomm.gamemode.ingame.services.GameModeActionUtils.startGameModeEntry:21 com.thundercomm.gamemode.ingame.services.ActivityMonitoringService$1.onActivityLaunch:127
12-01 08:07:13.897 1508 1508 I GameModeConfig: Current uri is uri = content://com.thundercomm.gamemode.api/gamemode_settings/gamemode_isgaming
12-01 08:07:13.899 1508 1508 I GameModeConfig: isGameModeOn = false
12-01 08:07:13.900 1508 1508 I GameModeConfig: isGameModeOn = false
12-01 08:07:13.900 1508 1508 I GameModeConfig: isDisableVoice = true
12-01 08:07:13.989 1508 1754 I commit_sys_config_file: [settings-1-0,11]
12-01 08:07:13.993 22714 22730 W ContextImpl: Calling a method in the system process without a qualified user: android.app.ContextImpl.startService:1816 android.content.ContextWrapper.startService:774 com.thundercomm.gamemode.ingame.services.GameModeActionUtils.startGameModeService:93 com.thundercomm.gamemode.ingame.services.GameModeActionUtils.startGameModeEntry:21 com.thundercomm.gamemode.ingame.services.ActivityMonitoringService$1.onActivityLaunch:127
12-01 08:07:13.997 1508 1508 I GameModeConfig: Current uri is uri = content://com.thundercomm.gamemode.api/gamemode_settings/gamemode_isgaming
12-01 08:07:14.004 1508 1508 I GameModeConfig: isGameModeOn = false
12-01 08:07:14.005 1508 1508 I GameModeConfig: isGameModeOn = false
12-01 08:07:14.005 1508 1508 I GameModeConfig: isDisableVoice = true
12-01 08:07:14.169 1508 1637 I wm_task_removed: [272,removeChild:removeChild last r=ActivityRecord{48c68dd u0 com.android.music/.VideoBrowserActivity t-1 f}} in t=Task{9d4e4b4 #272 type=standard A=10086:android.task.video U=0 visible=false mode=freeform translucent=true sz=0}]
12-01 08:07:14.169 1508 1637 I wm_task_removed: [272,removeChild]
12-01 08:07:14.169 1508 1637 D FreeFormWindowHelper: Remove freefrom task=Task{9d4e4b4 #272 type=standard A=10086:android.task.video U=0 visible=false mode=freeform translucent=true sz=0}
12-01 08:07:14.351 0 0 I auditd : type=1400 audit(0.0:16438): avc: denied { kill } for comm="swapper/3" capability=5 scontext=u:r:kernel:s0 tcontext=u:r:kernel:s0 tclass=capability permissive=0
12-01 08:07:14.450 1508 2005 I input_interaction: Interaction with: e9e80a1 com.android.launcher3/com.android.launcher3.uioverrides.QuickstepLauncher (server), 5ecd4a7 com.android.systemui.ImageWallpaper (server), edge-swipe (server), swipe-up (server), PointerEventDispatcher0 (server),
12-01 08:07:14.482 2822 2822 I view_enqueue_input_event: [Motion - Cancel,com.android.launcher3/com.android.launcher3.uioverrides.QuickstepLauncher]
12-01 08:07:14.482 1508 2005 I input_interaction: Interaction with: edge-swipe (server), swipe-up (server), PointerEventDispatcher0 (server),
12-01 08:07:14.496 1508 6436 W ActivityTaskManager: getTaskSnapshot: taskId=4266 not found
12-01 08:07:14.498 1508 6436 W ActivityTaskManager: getTaskSnapshot: taskId=3266 not found
12-01 08:07:14.499 1508 6436 W ActivityTaskManager: getTaskSnapshot: taskId=2266 not found
12-01 08:07:14.501 1508 6436 W ActivityTaskManager: getTaskSnapshot: taskId=1266 not found
12-01 08:07:14.675 1508 1754 I commit_sys_config_file: [settings-1-0,12]
12-01 08:07:14.911 1508 2005 I input_interaction: Interaction with: e9e80a1 com.android.launcher3/com.android.launcher3.uioverrides.QuickstepLauncher (server), 5ecd4a7 com.android.systemui.ImageWallpaper (server), edge-swipe (server), swipe-up (server), PointerEventDispatcher0 (server),
12-01 08:07:14.968 1508 2005 I input_interaction: Interaction with: edge-swipe (server), swipe-up (server), PointerEventDispatcher0 (server),
12-01 08:07:14.970 2822 2822 I view_enqueue_input_event: [Motion - Cancel,com.android.launcher3/com.android.launcher3.uioverrides.QuickstepLauncher]
12-01 08:07:14.991 1508 6896 W ActivityTaskManager: getTaskSnapshot: taskId=4266 not found
12-01 08:07:14.994 1508 3862 E TaskPersister: File error accessing recents directory (directory doesn't exist?).
12-01 08:07:15.171 1508 1754 I commit_sys_config_file: [settings-1-0,15]
12-01 08:07:15.450 1508 2005 I input_interaction: Interaction with: e9e80a1 com.android.launcher3/com.android.launcher3.uioverrides.QuickstepLauncher (server), 5ecd4a7 com.android.systemui.ImageWallpaper (server), edge-swipe (server), swipe-up (server), PointerEventDispatcher0 (server),
12-01 08:07:15.490 2822 2822 I view_enqueue_input_event: [Motion - Cancel,com.android.launcher3/com.android.launcher3.uioverrides.QuickstepLauncher]
12-01 08:07:15.492 1508 2005 I input_interaction: Interaction with: edge-swipe (server), swipe-up (server), PointerEventDispatcher0 (server),
12-01 08:07:15.493 1508 6896 W ActivityTaskManager: getTaskSnapshot: taskId=3266 not found
12-01 08:07:15.493 1508 6896 W ActivityTaskManager: getTaskSnapshot: taskId=2266 not found
12-01 08:07:15.495 1508 6436 W ActivityTaskManager: getTaskSnapshot: taskId=1266 not found
12-01 08:07:15.683 1508 1754 I commit_sys_config_file: [settings-1-0,10]
12-01 08:07:15.929 1508 1754 I commit_sys_config_file: [settings-1-0,5]
12-01 08:07:16.310 1508 2005 I input_interaction: Interaction with: e9e80a1 com.android.launcher3/com.android.launcher3.uioverrides.QuickstepLauncher (server), 5ecd4a7 com.android.systemui.ImageWallpaper (server), edge-swipe (server), swipe-up (server), PointerEventDispatcher0 (server),
12-01 08:07:16.342 2822 2822 I view_enqueue_input_event: [Motion - Cancel,com.android.launcher3/com.android.launcher3.uioverrides.QuickstepLauncher]
12-01 08:07:16.348 1508 2005 I input_interaction: Interaction with: edge-swipe (server), swipe-up (server), PointerEventDispatcher0 (server),
12-01 08:07:16.768 1508 2005 I input_interaction: Interaction with: e9e80a1 com.android.launcher3/com.android.launcher3.uioverrides.QuickstepLauncher (server), 5ecd4a7 com.android.systemui.ImageWallpaper (server), edge-swipe (server), swipe-up (server), PointerEventDispatcher0 (server),
12-01 08:07:16.809 1508 2005 I input_interaction: Interaction with: edge-swipe (server), swipe-up (server), PointerEventDispatcher0 (server),
12-01 08:07:16.810 2822 2822 I view_enqueue_input_event: [Motion - Cancel,com.android.launcher3/com.android.launcher3.uioverrides.QuickstepLauncher]
12-01 08:07:17.001 1508 1754 I commit_sys_config_file: [settings-1-0,4]
12-01 08:07:17.186 1508 2005 I input_interaction: Interaction with: e9e80a1 com.android.launcher3/com.android.launcher3.uioverrides.QuickstepLauncher (server), 5ecd4a7 com.android.systemui.ImageWallpaper (server), edge-swipe (server), swipe-up (server), PointerEventDispatcher0 (server),
12-01 08:07:17.215 2822 2822 I view_enqueue_input_event: [Motion - Cancel,com.android.launcher3/com.android.launcher3.uioverrides.QuickstepLauncher]
12-01 08:07:17.220 1508 2005 I input_interaction: Interaction with: edge-swipe (server), swipe-up (server), PointerEventDispatcher0 (server),
12-01 08:07:17.234 1508 6163 W ActivityTaskManager: getTaskSnapshot: taskId=4266 not found
12-01 08:07:17.351 0 0 I auditd : type=1400 audit(0.0:16439): avc: denied { kill } for comm="swapper/1" capability=5 scontext=u:r:kernel:s0 tcontext=u:r:kernel:s0 tclass=capability permissive=0
12-01 08:07:17.406 1508 1754 I commit_sys_config_file: [settings-1-0,8]
12-01 08:07:17.704 1508 1754 I commit_sys_config_file: [settings-1-0,5]
12-01 08:07:17.842 1508 2005 I input_interaction: Interaction with: e9e80a1 com.android.launcher3/com.android.launcher3.uioverrides.QuickstepLauncher (server), 5ecd4a7 com.android.systemui.ImageWallpaper (server), edge-swipe (server), swipe-up (server), PointerEventDispatcher0 (server),
12-01 08:07:17.898 2822 2822 I view_enqueue_input_event: [Motion - Cancel,com.android.launcher3/com.android.launcher3.uioverrides.QuickstepLauncher]
12-01 08:07:17.902 1508 2005 I input_interaction: Interaction with: edge-swipe (server), swipe-up (server), PointerEventDispatcher0 (server),
12-01 08:07:17.903 1508 6896 W ActivityTaskManager: getTaskSnapshot: taskId=3266 not found
12-01 08:07:17.905 1508 6896 W ActivityTaskManager: getTaskSnapshot: taskId=2266 not found
12-01 08:07:17.906 1508 6163 W ActivityTaskManager: getTaskSnapshot: taskId=1266 not found
12-01 08:07:18.090 1508 1754 I commit_sys_config_file: [settings-1-0,7]
12-01 08:07:18.351 0 0 I auditd : type=1400 audit(0.0:16440): avc: denied { kill } for comm="swapper/1" capability=5 scontext=u:r:kernel:s0 tcontext=u:r:kernel:s0 tclass=capability permissive=0
12-01 08:07:18.454 1508 1754 I commit_sys_config_file: [settings-1-0,4]
12-01 08:07:19.699 1508 1768 D ActivityManager: freezing 24633 com.android.soundrecorder
12-01 08:07:19.699 1508 1768 E ActivityManager: Unable to freeze binder for 24633 com.android.soundrecorder
12-01 08:07:19.701 1508 1768 D ActivityManager: froze 24633 com.android.soundrecorder
12-01 08:07:19.701 1508 1768 I am_freeze: [24633,com.android.soundrecorder]
12-01 08:07:19.702 1508 1768 E ActivityManager: Unable to freeze binder for 24633 com.android.soundrecorder
12-01 08:07:19.702 1508 1768 I ActivityManager: Killing 24633:com.android.soundrecorder/u0a61 (adj 905): Unable to freeze binder interface
12-01 08:07:19.703 1508 1768 I am_kill : [0,24633,com.android.soundrecorder,905,Unable to freeze binder interface]
12-01 08:07:19.715 1508 2005 I input_interaction: Interaction with: e9e80a1 com.android.launcher3/com.android.launcher3.uioverrides.QuickstepLauncher (server), 5ecd4a7 com.android.systemui.ImageWallpaper (server), edge-swipe (server), swipe-up (server), PointerEventDispatcher0 (server),
12-01 08:07:19.745 1508 6163 I am_proc_died: [0,24633,com.android.soundrecorder,905,19]
12-01 08:07:19.745 1508 6163 I am_uid_stopped: 10061
12-01 08:07:19.747 1508 1636 W ActivityManager: setHasOverlayUi called on unknown pid: 24633
12-01 08:07:19.781 1508 6542 I wm_task_moved: [1,1,6]
12-01 08:07:19.782 1508 6542 I wm_set_resumed_activity: [0,com.android.launcher3/.uioverrides.QuickstepLauncher,positionChildAt]
12-01 08:07:19.782 1508 6542 I wm_task_moved: [266,1,6]
12-01 08:07:19.782 1508 6542 I wm_task_to_front: [0,266]
12-01 08:07:19.782 1508 6542 I wm_focused_root_task: [0,0,266,1,moveTaskToFront findTaskToMoveToFront]
12-01 08:07:19.783 1508 6542 I wm_set_resumed_activity: [0,com.android.settings/.homepage.SettingsHomepageActivity,moveTaskToFront findTaskToMoveToFront]
12-01 08:07:19.784 1508 6542 I wm_pause_activity: [0,103113767,com.android.launcher3/.uioverrides.QuickstepLauncher,userLeaving=true,pauseBackTasks]
12-01 08:07:19.788 2822 2822 I wm_on_top_resumed_lost_called: [103113767,com.android.launcher3.uioverrides.QuickstepLauncher,topStateChangedWhenResumed]
12-01 08:07:19.789 2822 2822 I wm_on_paused_called: [103113767,com.android.launcher3.uioverrides.QuickstepLauncher,performPause]
12-01 08:07:19.792 1508 9619 I ActivityTaskManager: FOREGROUND_APPLICATION_CHANGED to com.android.settings.homepage.SettingsHomepageActivity
12-01 08:07:19.794 1508 9619 I wm_set_resumed_activity: [0,com.android.settings/.homepage.SettingsHomepageActivity,resumeTopActivityInnerLocked]
12-01 08:07:19.794 1508 9619 I wm_add_to_stopping: [0,103113767,com.android.launcher3/.uioverrides.QuickstepLauncher,makeInvisible]
12-01 08:07:19.795 1508 9619 I wm_resume_activity: [0,139459562,266,com.android.settings/.homepage.SettingsHomepageActivity]
12-01 08:07:19.804 1508 2005 I input_focus: [Focus leaving e9e80a1 com.android.launcher3/com.android.launcher3.uioverrides.QuickstepLauncher (server),reason=NO_WINDOW]
12-01 08:07:19.814 26407 26407 I wm_on_restart_called: [139459562,com.android.settings.homepage.SettingsHomepageActivity,performRestartActivity]
12-01 08:07:19.817 26407 26407 I wm_on_start_called: [139459562,com.android.settings.homepage.SettingsHomepageActivity,handleStartActivity]
12-01 08:07:19.818 26407 26407 I snet_event_log: [120484087,-1,]
12-01 08:07:19.820 26407 26407 I wm_on_resume_called: [139459562,com.android.settings.homepage.SettingsHomepageActivity,RESUME_ACTIVITY]
12-01 08:07:19.822 26407 26407 I sysui_multi_action: [757,35,758,1,833,0,1089,0]
12-01 08:07:19.827 26407 26407 I sysui_multi_action: [757,1748,758,1,833,0,1089,0]
12-01 08:07:19.829 1508 7139 W WindowManager: Failed looking up window session=Session{bfc5233 26407:1000} callers=com.android.server.wm.WindowManagerService.windowForClientLocked:5628 com.android.server.wm.Session.insetsModified:629 android.view.IWindowSession$Stub.onTransact:1151
12-01 08:07:19.829 1508 7139 W WindowManager: Non-null activity for system window of rootType=2038
12-01 08:07:19.833 22714 22730 W ContextImpl: Calling a method in the system process without a qualified user: android.app.ContextImpl.startService:1816 android.content.ContextWrapper.startService:774 com.thundercomm.gamemode.ingame.services.GameModeActionUtils.startGameModeService:93 com.thundercomm.gamemode.ingame.services.GameModeActionUtils.startGameModeEntry:21 com.thundercomm.gamemode.ingame.services.ActivityMonitoringService$1.onActivityLaunch:127
12-01 08:07:19.833 26407 26407 I wm_on_top_resumed_gained_called: [139459562,com.android.settings.homepage.SettingsHomepageActivity,topWhenResuming]
12-01 08:07:19.835 1508 1636 I sysui_multi_action: [757,803,799,window_time_0,802,6]
12-01 08:07:19.840 1508 1637 I input_focus: [Focus request faeb9ee com.android.settings/com.android.settings.homepage.SettingsHomepageActivity,reason=UpdateInputWindows]
12-01 08:07:19.844 1508 1508 I GameModeConfig: Current uri is uri = content://com.thundercomm.gamemode.api/gamemode_settings/gamemode_isgaming
12-01 08:07:19.847 1508 1508 I GameModeConfig: isGameModeOn = false
12-01 08:07:19.848 1508 1508 I GameModeConfig: isGameModeOn = false
12-01 08:07:19.848 1508 1508 I GameModeConfig: isDisableVoice = true
12-01 08:07:19.863 1508 1633 I sysui_multi_action: [319,25,321,22,322,74,325,15258,757,761,758,9,759,4,806,com.android.settings,871,com.android.settings.homepage.SettingsHomepageActivity,904,com.android.settings,905,0,1320,8,1321,5]
12-01 08:07:19.869 1508 2005 I input_focus: [Focus entering faeb9ee com.android.settings/com.android.settings.homepage.SettingsHomepageActivity (server),reason=Window became focusable. Previous reason: NOT_VISIBLE]
12-01 08:07:19.908 22714 22730 W ContextImpl: Calling a method in the system process without a qualified user: android.app.ContextImpl.startService:1816 android.content.ContextWrapper.startService:774 com.thundercomm.gamemode.ingame.services.GameModeActionUtils.startGameModeService:93 com.thundercomm.gamemode.ingame.services.GameModeActionUtils.startGameModeEntry:21 com.thundercomm.gamemode.ingame.services.ActivityMonitoringService$1.onActivityLaunch:127
12-01 08:07:19.913 1508 1508 I GameModeConfig: Current uri is uri = content://com.thundercomm.gamemode.api/gamemode_settings/gamemode_isgaming
12-01 08:07:19.914 1508 1508 I GameModeConfig: isGameModeOn = false
12-01 08:07:19.915 1508 1508 I GameModeConfig: isGameModeOn = false
12-01 08:07:19.915 1508 1508 I GameModeConfig: isDisableVoice = true
12-01 08:07:20.196 1508 1636 I wm_stop_activity: [0,103113767,com.android.launcher3/.uioverrides.QuickstepLauncher]
12-01 08:07:20.262 2822 2822 I wm_on_stop_called: [103113767,com.android.launcher3.uioverrides.QuickstepLauncher,STOP_ACTIVITY_ITEM]
12-01 08:07:20.281 22714 22730 W ContextImpl: Calling a method in the system process without a qualified user: android.app.ContextImpl.startService:1816 android.content.ContextWrapper.startService:774 com.thundercomm.gamemode.ingame.services.GameModeActionUtils.startGameModeService:93 com.thundercomm.gamemode.ingame.services.GameModeActionUtils.startGameModeEntry:21 com.thundercomm.gamemode.ingame.services.ActivityMonitoringService$1.onActivityLaunch:127
12-01 08:07:20.284 1508 1508 I GameModeConfig: Current uri is uri = content://com.thundercomm.gamemode.api/gamemode_settings/gamemode_isgaming
12-01 08:07:20.285 1508 1508 I GameModeConfig: isGameModeOn = false
12-01 08:07:20.286 1508 1508 I GameModeConfig: isGameModeOn = false
12-01 08:07:20.286 1508 1508 I GameModeConfig: isDisableVoice = true
12-01 08:07:20.351 0 0 I auditd : type=1400 audit(0.0:16441): avc: denied { kill } for comm="swapper/1" capability=5 scontext=u:r:kernel:s0 tcontext=u:r:kernel:s0 tclass=capability permissive=0
12-01 08:07:20.536 1508 2005 I input_interaction: Interaction with: faeb9ee com.android.settings/com.android.settings.homepage.SettingsHomepageActivity (server), edge-swipe (server), swipe-up (server), PointerEventDispatcher0 (server),
12-01 08:07:20.554 1508 6542 I wm_task_moved: [1,0,0]
12-01 08:07:20.555 1508 6542 I wm_task_moved: [1,0,5]
12-01 08:07:20.568 26407 26407 I view_enqueue_input_event: [Motion - Cancel,com.android.settings/com.android.settings.homepage.SettingsHomepageActivity]
12-01 08:07:20.572 2822 2822 I wm_on_restart_called: [103113767,com.android.launcher3.uioverrides.QuickstepLauncher,performRestartActivity]
12-01 08:07:20.573 1508 2005 I input_interaction: Interaction with: edge-swipe (server), swipe-up (server), PointerEventDispatcher0 (server),
12-01 08:07:20.583 2822 2822 I wm_on_start_called: [103113767,com.android.launcher3.uioverrides.QuickstepLauncher,handleStartActivity]
12-01 08:07:20.586 1508 1637 I input_focus: [Focus request recents_animation_input_consumer,reason=UpdateInputWindows]
