12-01 07:47:22.451 1508 6408 W WindowManager: updateScale0.7996942
12-01 07:47:22.455 1508 8164 W WindowManager: updateScale0.7996942
12-01 07:47:22.469 1508 1636 W WindowManager: updateScale0.7996942
12-01 07:47:22.475 1508 1666 I PowerManagerService: Powering on display group fromDreaming (groupId=0, uid=1000, reason=WAKE_REASON_UNKNOWN, details=android.server.power:DREAM_FINISHED)...
12-01 07:47:22.475 1508 1666 I PowerManagerService: Waking up from Dreaming (uid=1000, reason=WAKE_REASON_UNKNOWN, details=android.server.power:DREAM_FINISHED)...
12-01 07:47:22.487 22714 22730 W ContextImpl: Calling a method in the system process without a qualified user: android.app.ContextImpl.startService:1816 android.content.ContextWrapper.startService:774 com.thundercomm.gamemode.ingame.services.GameModeActionUtils.startGameModeService:93 com.thundercomm.gamemode.ingame.services.GameModeActionUtils.startGameModeEntry:21 com.thundercomm.gamemode.ingame.services.ActivityMonitoringService$1.onActivityLaunch:127
12-01 07:47:22.497 1508 1508 I GameModeConfig: Current uri is uri = content://com.thundercomm.gamemode.api/gamemode_settings/gamemode_isgaming
12-01 07:47:22.501 1508 1508 I GameModeConfig: isGameModeOn = false
12-01 07:47:22.502 1508 1508 I GameModeConfig: isGameModeOn = false
12-01 07:47:22.502 1508 1508 I GameModeConfig: isDisableVoice = true
12-01 07:47:22.506 1508 6408 W ActivityTaskManager: getTaskSnapshot: taskId=4207 not found
12-01 07:47:22.511 1508 8164 W ActivityTaskManager: getTaskSnapshot: taskId=3207 not found
12-01 07:47:22.512 1508 8164 W ActivityTaskManager: getTaskSnapshot: taskId=2207 not found
12-01 07:47:22.541 1508 9618 I DreamManagerService: Leaving dreamland.
12-01 07:47:22.542 1508 1633 I DreamManagerService: Performing gentle wake from dream.
12-01 07:47:22.542 1508 1633 I DreamController: Stopping dream: name=ComponentInfo{com.thundercomm.screensaver/com.thundercomm.saverclock.service.ClockScreensaver}, isTest=false, canDoze=false, userId=0, reason='finished self'(from 'finished self')
12-01 07:47:22.549 22714 22730 W ContextImpl: Calling a method in the system process without a qualified user: android.app.ContextImpl.startService:1816 android.content.ContextWrapper.startService:774 com.thundercomm.gamemode.ingame.services.GameModeActionUtils.startGameModeService:93 com.thundercomm.gamemode.ingame.services.GameModeActionUtils.startGameModeEntry:21 com.thundercomm.gamemode.ingame.services.ActivityMonitoringService$1.onActivityLaunch:127
12-01 07:47:22.550 1508 10935 W ActivityTaskManager: getTaskSnapshot: taskId=4207 not found
12-01 07:47:22.551 1508 2971 W ActivityTaskManager: Can't find TaskDisplayArea to determine support for multi window. Task id=209 attached=false
12-01 07:47:22.557 1508 1508 I GameModeConfig: Current uri is uri = content://com.thundercomm.gamemode.api/gamemode_settings/gamemode_isgaming
12-01 07:47:22.561 22714 22730 W ContextImpl: Calling a method in the system process without a qualified user: android.app.ContextImpl.startService:1816 android.content.ContextWrapper.startService:774 com.thundercomm.gamemode.ingame.services.GameModeActionUtils.startGameModeService:93 com.thundercomm.gamemode.ingame.services.GameModeActionUtils.startGameModeEntry:21 com.thundercomm.gamemode.ingame.services.ActivityMonitoringService$1.onActivityLaunch:127
12-01 07:47:22.561 1508 1508 I GameModeConfig: isGameModeOn = false
12-01 07:47:22.561 1508 1508 I GameModeConfig: isGameModeOn = false
12-01 07:47:22.561 1508 1508 I GameModeConfig: isDisableVoice = true
12-01 07:47:22.563 1508 10935 W ContextImpl: Calling a method in the system process without a qualified user: android.app.ContextImpl.startActivity:1067 com.android.server.wm.FreeFormWindowHelper.exitRecentTasks:426 com.android.server.wm.ActivityTaskManagerService.exitRecentTasks:3795 android.app.IActivityTaskManager$Stub.onTransact:2307 com.android.server.wm.ActivityTaskManagerService.onTransact:5046
12-01 07:47:22.565 1508 10935 I ActivityTaskManager: START u0 {flg=0x10008000 cmp=com.android.gallery3d/.app.GalleryActivity} from uid 1000
12-01 07:47:22.567 1508 10935 W ActivityTaskManager: Can't find TaskDisplayArea to determine support for multi window. Task id=210 attached=false
12-01 07:47:22.568 1508 10935 D FreeFormWindowHelper: Add freeform task=Task{b9c1e21 #210 type=standard ?? U=0 visible=false mode=freeform translucent=true sz=0}
12-01 07:47:22.569 1508 1508 I GameModeConfig: Current uri is uri = content://com.thundercomm.gamemode.api/gamemode_settings/gamemode_isgaming
12-01 07:47:22.571 1508 1508 I GameModeConfig: isGameModeOn = false
12-01 07:47:22.571 1508 1508 I GameModeConfig: isGameModeOn = false
12-01 07:47:22.571 1508 1508 I GameModeConfig: isDisableVoice = true
12-01 07:47:22.574 1508 10935 I ActivityTaskManager: FOREGROUND_APPLICATION_CHANGED to com.android.gallery3d.app.GalleryActivity
12-01 07:47:22.574 1508 10935 I ActivityTaskManager: The Process com.android.gallery3d Already Exists in BG. So sending its PID: 22978
12-01 07:47:22.574 1508 10935 W ActivityTaskManager: Tried to set launchTime (0) < mLastActivityLaunchTime (13960179)
12-01 07:47:22.576 1508 10935 I ActivityTaskManager: Add Task{55c0ffd #208 type=standard A=10064:com.android.gallery3d U=0 visible=false mode=freeform translucent=true sz=1} to hidden list because adding Task{b9c1e21 #210 type=standard A=10064:com.android.gallery3d U=0 visible=true mode=freeform translucent=false sz=1}
12-01 07:47:22.582 1508 8164 W ActivityTaskManager: getTaskSnapshot: taskId=3207 not found
12-01 07:47:22.588 1508 7139 W ActivityTaskManager: getTaskSnapshot: taskId=2207 not found
12-01 07:47:22.597 22714 22730 W ContextImpl: Calling a method in the system process without a qualified user: android.app.ContextImpl.startService:1816 android.content.ContextWrapper.startService:774 com.thundercomm.gamemode.ingame.services.GameModeActionUtils.startGameModeService:93 com.thundercomm.gamemode.ingame.services.GameModeActionUtils.startGameModeEntry:21 com.thundercomm.gamemode.ingame.services.ActivityMonitoringService$1.onActivityLaunch:127
12-01 07:47:22.600 1508 1508 I GameModeConfig: Current uri is uri = content://com.thundercomm.gamemode.api/gamemode_settings/gamemode_isgaming
12-01 07:47:22.603 1508 1508 I GameModeConfig: isGameModeOn = false
12-01 07:47:22.604 1508 1508 I GameModeConfig: isGameModeOn = false
12-01 07:47:22.604 1508 1508 I GameModeConfig: isDisableVoice = true
12-01 07:47:22.605 22714 22730 W ContextImpl: Calling a method in the system process without a qualified user: android.app.ContextImpl.startService:1816 android.content.ContextWrapper.startService:774 com.thundercomm.gamemode.ingame.services.GameModeActionUtils.startGameModeService:93 com.thundercomm.gamemode.ingame.services.GameModeActionUtils.startGameModeEntry:21 com.thundercomm.gamemode.ingame.services.ActivityMonitoringService$1.onActivityLaunch:127
12-01 07:47:22.608 1508 1508 I GameModeConfig: Current uri is uri = content://com.thundercomm.gamemode.api/gamemode_settings/gamemode_isgaming
12-01 07:47:22.609 1508 1508 I GameModeConfig: isGameModeOn = false
12-01 07:47:22.610 1508 1508 I GameModeConfig: isGameModeOn = false
12-01 07:47:22.610 1508 1508 I GameModeConfig: isDisableVoice = true
12-01 07:47:22.613 1508 6408 W WindowManager: updateScale0.7996942
12-01 07:47:22.676 1508 1637 W WindowManager: updateScale0.7996942
12-01 07:47:22.679 1508 1637 W WindowManager: updateScale0.7996942
12-01 07:47:22.681 1508 1637 W WindowManager: updateScale0.7996942
12-01 07:47:22.686 1508 6408 W WindowManager: updateScale0.7996942
12-01 07:47:23.880 1508 9618 I ActivityTaskManager: FOREGROUND_APPLICATION_CHANGED to com.android.launcher3.uioverrides.QuickstepLauncher
12-01 07:47:23.910 1508 3862 E TaskPersister: File error accessing recents directory (directory doesn't exist?).
12-01 07:47:23.918 22714 22730 W ContextImpl: Calling a method in the system process without a qualified user: android.app.ContextImpl.startService:1816 android.content.ContextWrapper.startService:774 com.thundercomm.gamemode.ingame.services.GameModeActionUtils.startGameModeService:93 com.thundercomm.gamemode.ingame.services.GameModeActionUtils.startGameModeEntry:21 com.thundercomm.gamemode.ingame.services.ActivityMonitoringService$1.onActivityLaunch:127
12-01 07:47:23.927 1508 1508 I GameModeConfig: Current uri is uri = content://com.thundercomm.gamemode.api/gamemode_settings/gamemode_isgaming
12-01 07:47:23.930 1508 1508 I GameModeConfig: isGameModeOn = false
12-01 07:47:23.931 1508 1508 I GameModeConfig: isGameModeOn = false
12-01 07:47:23.931 1508 1508 I GameModeConfig: isDisableVoice = true
12-01 07:47:23.989 22714 22730 W ContextImpl: Calling a method in the system process without a qualified user: android.app.ContextImpl.startService:1816 android.content.ContextWrapper.startService:774 com.thundercomm.gamemode.ingame.services.GameModeActionUtils.startGameModeService:93 com.thundercomm.gamemode.ingame.services.GameModeActionUtils.startGameModeEntry:21 com.thundercomm.gamemode.ingame.services.ActivityMonitoringService$1.onActivityLaunch:127
12-01 07:47:23.994 1508 1508 I GameModeConfig: Current uri is uri = content://com.thundercomm.gamemode.api/gamemode_settings/gamemode_isgaming
12-01 07:47:23.997 1508 1508 I GameModeConfig: isGameModeOn = false
12-01 07:47:23.997 1508 1508 I GameModeConfig: isGameModeOn = false
12-01 07:47:23.997 1508 1508 I GameModeConfig: isDisableVoice = true
12-01 07:47:24.178 1508 1637 D FreeFormWindowHelper: Remove freefrom task=Task{b9c1e21 #210 type=standard A=10064:com.android.gallery3d U=0 visible=false mode=freeform translucent=true sz=0}
12-01 07:47:25.614 1508 10935 I ActivityTaskManager: START u0 {flg=0x10008000 cmp=com.android.music/.VideoBrowserActivity} from uid 10076
12-01 07:47:25.623 1508 10935 W ActivityTaskManager: Can't find TaskDisplayArea to determine support for multi window. Task id=211 attached=false
12-01 07:47:25.624 1508 10935 D FreeFormWindowHelper: Add freeform task=Task{486b1f4 #211 type=standard ?? U=0 visible=false mode=freeform translucent=true sz=0}
12-01 07:47:25.632 1508 10935 I ActivityTaskManager: FOREGROUND_APPLICATION_CHANGED to com.android.music.VideoBrowserActivity
12-01 07:47:25.632 1508 10935 I ActivityTaskManager: The Process com.android.music Already Exists in BG. So sending its PID: 23346
12-01 07:47:25.632 1508 10935 W ActivityTaskManager: Tried to set launchTime (0) < mLastActivityLaunchTime (13939191)
12-01 07:47:25.659 22714 22730 W ContextImpl: Calling a method in the system process without a qualified user: android.app.ContextImpl.startService:1816 android.content.ContextWrapper.startService:774 com.thundercomm.gamemode.ingame.services.GameModeActionUtils.startGameModeService:93 com.thundercomm.gamemode.ingame.services.GameModeActionUtils.startGameModeEntry:21 com.thundercomm.gamemode.ingame.services.ActivityMonitoringService$1.onActivityLaunch:127
12-01 07:47:25.664 1508 1508 I GameModeConfig: Current uri is uri = content://com.thundercomm.gamemode.api/gamemode_settings/gamemode_isgaming
12-01 07:47:25.668 1508 1508 I GameModeConfig: isGameModeOn = false
12-01 07:47:25.668 1508 1508 I GameModeConfig: isGameModeOn = false
12-01 07:47:25.668 1508 1508 I GameModeConfig: isDisableVoice = true
12-01 07:47:25.693 1508 10935 W WindowManager: updateScale0.7996942
12-01 07:47:25.709 1508 1637 W WindowManager: updateScale0.7996942
12-01 07:47:25.712 1508 1637 W WindowManager: updateScale0.7996942
12-01 07:47:25.714 1508 1637 W WindowManager: updateScale0.7996942
12-01 07:47:25.985 1508 1637 W WindowManager: updateScale0.7996942
12-01 07:47:26.539 1508 10935 I ActivityTaskManager: START u0 {act=android.intent.action.MAIN cat=[android.intent.category.HOME] flg=0x10000000 cmp=com.android.launcher3/.uioverrides.QuickstepLauncher} from uid 10076
12-01 07:47:26.551 1508 10935 I ActivityTaskManager: FOREGROUND_APPLICATION_CHANGED to com.android.launcher3.uioverrides.QuickstepLauncher
12-01 07:47:26.553 1508 10935 W WindowManager: updateScale0.7996942
12-01 07:47:26.558 1508 10935 W WindowManager: updateScale0.7996942
12-01 07:47:26.583 1508 8164 W WindowManager: updateScale0.7996942
12-01 07:47:26.812 1508 8013 W ActivityTaskManager: getTaskSnapshot: taskId=4204 not found
12-01 07:47:26.824 1508 8164 W ActivityTaskManager: getTaskSnapshot: taskId=3204 not found
12-01 07:47:26.827 1508 8164 W ActivityTaskManager: getTaskSnapshot: taskId=2204 not found
12-01 07:47:26.828 1508 8013 W ActivityTaskManager: getTaskSnapshot: taskId=1204 not found
12-01 07:47:27.458 22714 22730 W ContextImpl: Calling a method in the system process without a qualified user: android.app.ContextImpl.startService:1816 android.content.ContextWrapper.startService:774 com.thundercomm.gamemode.ingame.services.GameModeActionUtils.startGameModeService:93 com.thundercomm.gamemode.ingame.services.GameModeActionUtils.startGameModeEntry:21 com.thundercomm.gamemode.ingame.services.ActivityMonitoringService$1.onActivityLaunch:127
12-01 07:47:27.464 1508 1508 I GameModeConfig: Current uri is uri = content://com.thundercomm.gamemode.api/gamemode_settings/gamemode_isgaming
12-01 07:47:27.468 1508 1508 I GameModeConfig: isGameModeOn = false
12-01 07:47:27.470 1508 1508 I GameModeConfig: isGameModeOn = false
12-01 07:47:27.470 1508 1508 I GameModeConfig: isDisableVoice = true
12-01 07:47:27.537 22714 22730 W ContextImpl: Calling a method in the system process without a qualified user: android.app.ContextImpl.startService:1816 android.content.ContextWrapper.startService:774 com.thundercomm.gamemode.ingame.services.GameModeActionUtils.startGameModeService:93 com.thundercomm.gamemode.ingame.services.GameModeActionUtils.startGameModeEntry:21 com.thundercomm.gamemode.ingame.services.ActivityMonitoringService$1.onActivityLaunch:127
12-01 07:47:27.543 1508 1508 I GameModeConfig: Current uri is uri = content://com.thundercomm.gamemode.api/gamemode_settings/gamemode_isgaming
12-01 07:47:27.545 1508 1508 I GameModeConfig: isGameModeOn = false
12-01 07:47:27.545 1508 1508 I GameModeConfig: isGameModeOn = false
12-01 07:47:27.545 1508 1508 I GameModeConfig: isDisableVoice = true
12-01 07:47:27.737 1508 1637 D FreeFormWindowHelper: Remove freefrom task=Task{486b1f4 #211 type=standard A=10086:android.task.video U=0 visible=false mode=freeform translucent=true sz=0}
12-01 07:47:28.698 1508 3862 E TaskPersister: File error accessing recents directory (directory doesn't exist?).
12-01 07:47:29.191 1508 10935 I ActivityTaskManager: START u0 {act=android.intent.action.MAIN cat=[android.intent.category.LAUNCHER] flg=0x10200000 cmp=com.android.music/.VideoBrowserActivity bnds=[2308,540][2494,740]} from uid 10076
12-01 07:47:29.197 1508 10935 W ActivityTaskManager: Can't find TaskDisplayArea to determine support for multi window. Task id=212 attached=false
12-01 07:47:29.220 1508 10935 I ActivityTaskManager: FOREGROUND_APPLICATION_CHANGED to com.android.music.VideoBrowserActivity
12-01 07:47:29.221 1508 10935 I ActivityTaskManager: The Process com.android.music Already Exists in BG. So sending its PID: 23346
12-01 07:47:29.221 1508 10935 W ActivityTaskManager: Tried to set launchTime (0) < mLastActivityLaunchTime (14064214)
12-01 07:47:29.249 22714 22730 W ContextImpl: Calling a method in the system process without a qualified user: android.app.ContextImpl.startService:1816 android.content.ContextWrapper.startService:774 com.thundercomm.gamemode.ingame.services.GameModeActionUtils.startGameModeService:93 com.thundercomm.gamemode.ingame.services.GameModeActionUtils.startGameModeEntry:21 com.thundercomm.gamemode.ingame.services.ActivityMonitoringService$1.onActivityLaunch:127
12-01 07:47:29.256 1508 1508 I GameModeConfig: Current uri is uri = content://com.thundercomm.gamemode.api/gamemode_settings/gamemode_isgaming
12-01 07:47:29.272 1508 1508 I GameModeConfig: isGameModeOn = false
12-01 07:47:29.272 1508 1508 I GameModeConfig: isGameModeOn = false
12-01 07:47:29.272 1508 1508 I GameModeConfig: isDisableVoice = true
12-01 07:47:29.332 22714 22730 W ContextImpl: Calling a method in the system process without a qualified user: android.app.ContextImpl.startService:1816 android.content.ContextWrapper.startService:774 com.thundercomm.gamemode.ingame.services.GameModeActionUtils.startGameModeService:93 com.thundercomm.gamemode.ingame.services.GameModeActionUtils.startGameModeEntry:21 com.thundercomm.gamemode.ingame.services.ActivityMonitoringService$1.onActivityLaunch:127
12-01 07:47:29.337 1508 1508 I GameModeConfig: Current uri is uri = content://com.thundercomm.gamemode.api/gamemode_settings/gamemode_isgaming
12-01 07:47:29.338 1508 1508 I GameModeConfig: isGameModeOn = false
12-01 07:47:29.338 1508 1508 I GameModeConfig: isGameModeOn = false
12-01 07:47:29.338 1508 1508 I GameModeConfig: isDisableVoice = true
12-01 07:47:29.888 1508 10935 W ContextImpl: Calling a method in the system process without a qualified user: android.app.ContextImpl.startActivity:1067 com.android.server.wm.FreeFormWindowHelper.exitRecentTasks:426 com.android.server.wm.ActivityTaskManagerService.exitRecentTasks:3795 android.app.IActivityTaskManager$Stub.onTransact:2307 com.android.server.wm.ActivityTaskManagerService.onTransact:5046
12-01 07:47:29.892 1508 10935 I ActivityTaskManager: START u0 {flg=0x10008000 cmp=com.android.music/.VideoBrowserActivity} from uid 1000
12-01 07:47:29.910 1508 10935 D FreeFormWindowHelper: Add freeform task=Task{b1d15fa #212 type=standard A=10086:android.task.video U=0 visible=true mode=freeform translucent=false sz=1}
12-01 07:47:29.911 1508 10935 I ActivityTaskManager: FOREGROUND_APPLICATION_CHANGED to com.android.launcher3.uioverrides.QuickstepLauncher
12-01 07:47:29.914 1508 10935 I ActivityTaskManager: FOREGROUND_APPLICATION_CHANGED to com.android.music.VideoBrowserActivity
12-01 07:47:29.945 1508 7139 I ActivityTaskManager: The Process com.android.music Already Exists in BG. So sending its PID: 23346
12-01 07:47:29.946 1508 7139 W ActivityTaskManager: Tried to set launchTime (0) < mLastActivityLaunchTime (14067802)
12-01 07:47:29.970 1508 6408 I ActivityTaskManager: Activity reported stop, but no longer stopping: ActivityRecord{6256427 u0 com.android.launcher3/.uioverrides.QuickstepLauncher t10} RESUMED
12-01 07:47:29.972 1508 6408 D WindowManager: relayoutVisibleWindow: Window{9ddf785 u0 com.android.launcher3/com.android.launcher3.uioverrides.QuickstepLauncher EXITING} mAnimatingExit=true, mRemoveOnExit=false, mDestroying=false
12-01 07:47:30.013 1508 6408 W WindowManager: updateScale0.7996942
12-01 07:47:30.024 1508 1637 W WindowManager: updateScale0.7996942
12-01 07:47:30.030 1508 1637 W WindowManager: updateScale0.7996942
12-01 07:47:30.063 22714 22730 W ContextImpl: Calling a method in the system process without a qualified user: android.app.ContextImpl.startService:1816 android.content.ContextWrapper.startService:774 com.thundercomm.gamemode.ingame.services.GameModeActionUtils.startGameModeService:93 com.thundercomm.gamemode.ingame.services.GameModeActionUtils.startGameModeEntry:21 com.thundercomm.gamemode.ingame.services.ActivityMonitoringService$1.onActivityLaunch:127
12-01 07:47:30.067 1508 1508 I GameModeConfig: Current uri is uri = content://com.thundercomm.gamemode.api/gamemode_settings/gamemode_isgaming
12-01 07:47:30.070 1508 1508 I GameModeConfig: isGameModeOn = false
12-01 07:47:30.070 1508 1508 I GameModeConfig: isGameModeOn = false
12-01 07:47:30.070 1508 1508 I GameModeConfig: isDisableVoice = true
12-01 07:47:30.381 1508 1637 W WindowManager: updateScale0.7996942
12-01 07:47:30.397 1508 7139 W WindowManager: updateScale0.7996942
12-01 07:47:30.406 1508 7139 W WindowManager: updateScale0.7996942
12-01 07:47:31.668 1508 7139 I ActivityTaskManager: START u0 {act=android.intent.action.MAIN cat=[android.intent.category.HOME] flg=0x10000000 cmp=com.android.launcher3/.uioverrides.QuickstepLauncher} from uid 10076
12-01 07:47:31.675 1508 7139 I ActivityTaskManager: FOREGROUND_APPLICATION_CHANGED to com.android.launcher3.uioverrides.QuickstepLauncher
12-01 07:47:31.676 1508 7139 W WindowManager: updateScale0.7996942
12-01 07:47:31.681 1508 7139 W WindowManager: updateScale0.7996942
12-01 07:47:32.007 1508 6408 W ActivityTaskManager: getTaskSnapshot: taskId=4204 not found
12-01 07:47:32.008 1508 6408 W ActivityTaskManager: getTaskSnapshot: taskId=3204 not found
12-01 07:47:32.658 22714 22730 W ContextImpl: Calling a method in the system process without a qualified user: android.app.ContextImpl.startService:1816 android.content.ContextWrapper.startService:774 com.thundercomm.gamemode.ingame.services.GameModeActionUtils.startGameModeService:93 com.thundercomm.gamemode.ingame.services.GameModeActionUtils.startGameModeEntry:21 com.thundercomm.gamemode.ingame.services.ActivityMonitoringService$1.onActivityLaunch:127
12-01 07:47:32.662 1508 1508 I GameModeConfig: Current uri is uri = content://com.thundercomm.gamemode.api/gamemode_settings/gamemode_isgaming
12-01 07:47:32.664 1508 1508 I GameModeConfig: isGameModeOn = false
12-01 07:47:32.664 1508 1508 I GameModeConfig: isGameModeOn = false
12-01 07:47:32.664 1508 1508 I GameModeConfig: isDisableVoice = true
12-01 07:47:32.722 1508 3862 E TaskPersister: File error accessing recents directory (directory doesn't exist?).
12-01 07:47:32.753 22714 22730 W ContextImpl: Calling a method in the system process without a qualified user: android.app.ContextImpl.startService:1816 android.content.ContextWrapper.startService:774 com.thundercomm.gamemode.ingame.services.GameModeActionUtils.startGameModeService:93 com.thundercomm.gamemode.ingame.services.GameModeActionUtils.startGameModeEntry:21 com.thundercomm.gamemode.ingame.services.ActivityMonitoringService$1.onActivityLaunch:127
12-01 07:47:32.760 1508 1508 I GameModeConfig: Current uri is uri = content://com.thundercomm.gamemode.api/gamemode_settings/gamemode_isgaming
12-01 07:47:32.762 1508 1508 I GameModeConfig: isGameModeOn = false
12-01 07:47:32.762 1508 1508 I GameModeConfig: isGameModeOn = false
12-01 07:47:32.762 1508 1508 I GameModeConfig: isDisableVoice = true
12-01 07:47:32.932 1508 1637 D FreeFormWindowHelper: Remove freefrom task=Task{b1d15fa #212 type=standard A=10086:android.task.video U=0 visible=false mode=freeform translucent=true sz=0}
12-01 07:47:33.232 1508 9618 I ActivityTaskManager: START u0 {act=android.intent.action.MAIN cat=[android.intent.category.LAUNCHER] flg=0x10200000 cmp=com.android.music/.VideoBrowserActivity bnds=[2308,540][2494,740]} from uid 10076
12-01 07:47:33.236 1508 9618 W ActivityTaskManager: Can't find TaskDisplayArea to determine support for multi window. Task id=213 attached=false
12-01 07:47:33.265 1508 9618 I ActivityTaskManager: FOREGROUND_APPLICATION_CHANGED to com.android.music.VideoBrowserActivity
12-01 07:47:33.266 1508 9618 I ActivityTaskManager: The Process com.android.music Already Exists in BG. So sending its PID: 23346
12-01 07:47:33.266 1508 9618 W ActivityTaskManager: Tried to set launchTime (0) < mLastActivityLaunchTime (14068532)
12-01 07:47:33.290 22714 22730 W ContextImpl: Calling a method in the system process without a qualified user: android.app.ContextImpl.startService:1816 android.content.ContextWrapper.startService:774 com.thundercomm.gamemode.ingame.services.GameModeActionUtils.startGameModeService:93 com.thundercomm.gamemode.ingame.services.GameModeActionUtils.startGameModeEntry:21 com.thundercomm.gamemode.ingame.services.ActivityMonitoringService$1.onActivityLaunch:127
12-01 07:47:33.296 1508 1508 I GameModeConfig: Current uri is uri = content://com.thundercomm.gamemode.api/gamemode_settings/gamemode_isgaming
12-01 07:47:33.298 1508 1508 I GameModeConfig: isGameModeOn = false
12-01 07:47:33.298 1508 1508 I GameModeConfig: isGameModeOn = false
12-01 07:47:33.298 1508 1508 I GameModeConfig: isDisableVoice = true
12-01 07:47:33.379 22714 22730 W ContextImpl: Calling a method in the system process without a qualified user: android.app.ContextImpl.startService:1816 android.content.ContextWrapper.startService:774 com.thundercomm.gamemode.ingame.services.GameModeActionUtils.startGameModeService:93 com.thundercomm.gamemode.ingame.services.GameModeActionUtils.startGameModeEntry:21 com.thundercomm.gamemode.ingame.services.ActivityMonitoringService$1.onActivityLaunch:127
12-01 07:47:33.386 1508 1508 I GameModeConfig: Current uri is uri = content://com.thundercomm.gamemode.api/gamemode_settings/gamemode_isgaming
12-01 07:47:33.388 1508 1508 I GameModeConfig: isGameModeOn = false
12-01 07:47:33.388 1508 1508 I GameModeConfig: isGameModeOn = false
12-01 07:47:33.388 1508 1508 I GameModeConfig: isDisableVoice = true
12-01 07:47:33.896 1508 10935 W ContextImpl: Calling a method in the system process without a qualified user: android.app.ContextImpl.startActivity:1067 com.android.server.wm.FreeFormWindowHelper.exitRecentTasks:426 com.android.server.wm.ActivityTaskManagerService.exitRecentTasks:3795 android.app.IActivityTaskManager$Stub.onTransact:2307 com.android.server.wm.ActivityTaskManagerService.onTransact:5046
12-01 07:47:33.897 1508 10935 I ActivityTaskManager: START u0 {act=android.intent.action.MAIN cat=[android.intent.category.LAUNCHER] flg=0x10200000 cmp=com.android.music/.VideoBrowserActivity} from uid 1000
12-01 07:47:33.908 1508 10935 D FreeFormWindowHelper: Add freeform task=Task{364316c #213 type=standard A=10086:android.task.video U=0 visible=true mode=freeform translucent=false sz=1}
12-01 07:47:33.909 1508 10935 I ActivityTaskManager: FOREGROUND_APPLICATION_CHANGED to com.android.launcher3.uioverrides.QuickstepLauncher
12-01 07:47:33.912 1508 10935 I ActivityTaskManager: FOREGROUND_APPLICATION_CHANGED to com.android.music.VideoBrowserActivity
12-01 07:47:33.913 1508 10935 W WindowManager: updateScale0.7996942
12-01 07:47:33.914 1508 10935 W WindowManager: updateScale0.7996942
12-01 07:47:33.920 1508 1637 W WindowManager: updateScale0.7996942
12-01 07:47:33.923 1508 1637 W WindowManager: updateScale0.7996942
12-01 07:47:33.924 1508 8164 W WindowManager: updateScale0.7996942
12-01 07:47:33.953 1508 8013 W WindowManager: updateScale0.7996942
12-01 07:47:33.959 1508 10935 I ActivityTaskManager: Activity reported stop, but no longer stopping: ActivityRecord{6256427 u0 com.android.launcher3/.uioverrides.QuickstepLauncher t10} RESUMED
12-01 07:47:33.971 1508 10935 W WindowManager: updateScale0.7996942
12-01 07:47:33.989 1508 1637 W WindowManager: updateScale0.7996942
12-01 07:47:33.992 1508 1637 W WindowManager: updateScale0.7996942
12-01 07:47:34.372 1508 1637 W WindowManager: updateScale0.7996942
12-01 07:47:35.011 1508 6408 I ActivityTaskManager: START u0 {act=android.intent.action.MAIN cat=[android.intent.category.HOME] flg=0x10000000 cmp=com.android.launcher3/.uioverrides.QuickstepLauncher} from uid 10076
12-01 07:47:35.017 1508 6408 I ActivityTaskManager: FOREGROUND_APPLICATION_CHANGED to com.android.launcher3.uioverrides.QuickstepLauncher
12-01 07:47:35.018 1508 6408 W WindowManager: updateScale0.7996942
12-01 07:47:35.021 1508 6408 W WindowManager: updateScale0.7996942
12-01 07:47:35.255 1508 1636 W WindowManager: updateScale0.7996942
12-01 07:47:35.258 1508 1636 I ActivityTaskManager: FOREGROUND_APPLICATION_CHANGED to com.android.music.VideoBrowserActivity
12-01 07:47:35.330 1508 8164 W ActivityTaskManager: getTaskSnapshot: taskId=4204 not found
12-01 07:47:35.331 1508 8164 W ActivityTaskManager: getTaskSnapshot: taskId=3204 not found
12-01 07:47:35.331 1508 8164 W ActivityTaskManager: getTaskSnapshot: taskId=2204 not found
12-01 07:47:35.331 1508 8164 W ActivityTaskManager: getTaskSnapshot: taskId=1204 not found
12-01 07:47:35.916 1508 6408 I ActivityTaskManager: FOREGROUND_APPLICATION_CHANGED to com.android.launcher3.uioverrides.QuickstepLauncher
12-01 07:47:35.960 22714 22730 W ContextImpl: Calling a method in the system process without a qualified user: android.app.ContextImpl.startService:1816 android.content.ContextWrapper.startService:774 com.thundercomm.gamemode.ingame.services.GameModeActionUtils.startGameModeService:93 com.thundercomm.gamemode.ingame.services.GameModeActionUtils.startGameModeEntry:21 com.thundercomm.gamemode.ingame.services.ActivityMonitoringService$1.onActivityLaunch:127
12-01 07:47:35.966 1508 1508 I GameModeConfig: Current uri is uri = content://com.thundercomm.gamemode.api/gamemode_settings/gamemode_isgaming
12-01 07:47:35.969 1508 1508 I GameModeConfig: isGameModeOn = false
12-01 07:47:35.970 1508 1508 I GameModeConfig: isGameModeOn = false
12-01 07:47:35.970 1508 1508 I GameModeConfig: isDisableVoice = true
12-01 07:47:36.024 22714 22730 W ContextImpl: Calling a method in the system process without a qualified user: android.app.ContextImpl.startService:1816 android.content.ContextWrapper.startService:774 com.thundercomm.gamemode.ingame.services.GameModeActionUtils.startGameModeService:93 com.thundercomm.gamemode.ingame.services.GameModeActionUtils.startGameModeEntry:21 com.thundercomm.gamemode.ingame.services.ActivityMonitoringService$1.onActivityLaunch:127
12-01 07:47:36.029 1508 1508 I GameModeConfig: Current uri is uri = content://com.thundercomm.gamemode.api/gamemode_settings/gamemode_isgaming
12-01 07:47:36.031 1508 1508 I GameModeConfig: isGameModeOn = false
12-01 07:47:36.031 1508 1508 I GameModeConfig: isGameModeOn = false
12-01 07:47:36.031 1508 1508 I GameModeConfig: isDisableVoice = true
12-01 07:47:36.067 1508 7139 I ActivityTaskManager: START u0 {act=android.intent.action.MAIN cat=[android.intent.category.HOME] flg=0x10000000 cmp=com.android.launcher3/.uioverrides.QuickstepLauncher} from uid 10076
12-01 07:47:36.086 1508 7139 W ContextImpl: Calling a method in the system process without a qualified user: android.app.ContextImpl.startActivity:1067 com.android.server.wm.FreeFormWindowHelper.exitRecentTasks:426 com.android.server.wm.ActivityTaskManagerService.exitRecentTasks:3795 android.app.IActivityTaskManager$Stub.onTransact:2307 com.android.server.wm.ActivityTaskManagerService.onTransact:5046
12-01 07:47:36.086 1508 7139 I ActivityTaskManager: START u0 {act=android.intent.action.MAIN cat=[android.intent.category.LAUNCHER] flg=0x10200000 cmp=com.android.music/.VideoBrowserActivity} from uid 1000
12-01 07:47:36.089 1508 7139 W ActivityTaskManager: Can't find TaskDisplayArea to determine support for multi window. Task id=214 attached=false
12-01 07:47:36.091 1508 7139 D FreeFormWindowHelper: Add freeform task=Task{23a8006 #214 type=standard ?? U=0 visible=false mode=freeform translucent=true sz=0}
12-01 07:47:36.097 1508 7139 I ActivityTaskManager: FOREGROUND_APPLICATION_CHANGED to com.android.music.VideoBrowserActivity
12-01 07:47:36.097 1508 7139 I ActivityTaskManager: The Process com.android.music Already Exists in BG. So sending its PID: 23346
12-01 07:47:36.097 1508 7139 W ActivityTaskManager: Tried to set launchTime (0) < mLastActivityLaunchTime (14071847)
12-01 07:47:36.099 1508 7139 I ActivityTaskManager: Add Task{364316c #213 type=standard A=10086:android.task.video U=0 visible=false mode=freeform translucent=true sz=1} to hidden list because adding Task{23a8006 #214 type=standard A=10086:android.task.video U=0 visible=true mode=freeform translucent=false sz=1}
12-01 07:47:36.122 22714 22730 W ContextImpl: Calling a method in the system process without a qualified user: android.app.ContextImpl.startService:1816 android.content.ContextWrapper.startService:774 com.thundercomm.gamemode.ingame.services.GameModeActionUtils.startGameModeService:93 com.thundercomm.gamemode.ingame.services.GameModeActionUtils.startGameModeEntry:21 com.thundercomm.gamemode.ingame.services.ActivityMonitoringService$1.onActivityLaunch:127
12-01 07:47:36.133 1508 1508 I GameModeConfig: Current uri is uri = content://com.thundercomm.gamemode.api/gamemode_settings/gamemode_isgaming
12-01 07:47:36.134 1508 1508 I GameModeConfig: isGameModeOn = false
12-01 07:47:36.134 1508 1508 I GameModeConfig: isGameModeOn = false
12-01 07:47:36.134 1508 1508 I GameModeConfig: isDisableVoice = true
12-01 07:47:36.163 1508 6408 W WindowManager: updateScale3.9143732
12-01 07:47:36.180 1508 1637 W WindowManager: updateScale3.9143732
12-01 07:47:36.183 1508 1637 W WindowManager: updateScale3.9143732
12-01 07:47:36.185 1508 1637 W WindowManager: updateScale3.9143732
12-01 07:47:36.193 1508 1637 W WindowManager: updateScale3.9143732
12-01 07:47:36.208 1508 1637 W WindowManager: updateScale3.9143732
12-01 07:47:36.461 1508 1637 W WindowManager: updateScale3.9143732
12-01 07:47:36.557 1508 7139 I ActivityTaskManager: START u0 {act=android.intent.action.MAIN cat=[android.intent.category.HOME] flg=0x10000000 cmp=com.android.launcher3/.uioverrides.QuickstepLauncher} from uid 10076
12-01 07:47:36.565 1508 7139 I ActivityTaskManager: FOREGROUND_APPLICATION_CHANGED to com.android.launcher3.uioverrides.QuickstepLauncher
12-01 07:47:36.566 1508 7139 W WindowManager: updateScale3.9143732
12-01 07:47:36.570 1508 7139 W WindowManager: updateScale3.9143732
12-01 07:47:37.286 1508 1636 W WindowManager: updateScale3.9143732
12-01 07:47:37.297 1508 1636 I ActivityTaskManager: FOREGROUND_APPLICATION_CHANGED to com.android.music.VideoBrowserActivity
12-01 07:47:37.387 1508 3862 E TaskPersister: File error accessing recents directory (directory doesn't exist?).
12-01 07:47:37.395 1508 7139 I ActivityTaskManager: FOREGROUND_APPLICATION_CHANGED to com.android.launcher3.uioverrides.QuickstepLauncher
12-01 07:47:37.445 22714 22730 W ContextImpl: Calling a method in the system process without a qualified user: android.app.ContextImpl.startService:1816 android.content.ContextWrapper.startService:774 com.thundercomm.gamemode.ingame.services.GameModeActionUtils.startGameModeService:93 com.thundercomm.gamemode.ingame.services.GameModeActionUtils.startGameModeEntry:21 com.thundercomm.gamemode.ingame.services.ActivityMonitoringService$1.onActivityLaunch:127
12-01 07:47:37.452 1508 1508 I GameModeConfig: Current uri is uri = content://com.thundercomm.gamemode.api/gamemode_settings/gamemode_isgaming
12-01 07:47:37.453 1508 1508 I GameModeConfig: isGameModeOn = false
12-01 07:47:37.454 1508 1508 I GameModeConfig: isGameModeOn = false
12-01 07:47:37.454 1508 1508 I GameModeConfig: isDisableVoice = true
12-01 07:47:37.508 22714 22730 W ContextImpl: Calling a method in the system process without a qualified user: android.app.ContextImpl.startService:1816 android.content.ContextWrapper.startService:774 com.thundercomm.gamemode.ingame.services.GameModeActionUtils.startGameModeService:93 com.thundercomm.gamemode.ingame.services.GameModeActionUtils.startGameModeEntry:21 com.thundercomm.gamemode.ingame.services.ActivityMonitoringService$1.onActivityLaunch:127
12-01 07:47:37.513 1508 1508 I GameModeConfig: Current uri is uri = content://com.thundercomm.gamemode.api/gamemode_settings/gamemode_isgaming
12-01 07:47:37.515 1508 1508 I GameModeConfig: isGameModeOn = false
12-01 07:47:37.517 1508 1508 I GameModeConfig: isGameModeOn = false
12-01 07:47:37.517 1508 1508 I GameModeConfig: isDisableVoice = true
12-01 07:47:37.694 1508 1637 D FreeFormWindowHelper: Remove freefrom task=Task{23a8006 #214 type=standard A=10086:android.task.video U=0 visible=false mode=freeform translucent=true sz=0}
12-01 07:47:38.828 1508 10935 W ActivityTaskManager: getTaskSnapshot: taskId=3204 not found
12-01 07:47:38.829 1508 7139 W ActivityTaskManager: getTaskSnapshot: taskId=2204 not found
12-01 07:47:38.829 1508 7139 W ActivityTaskManager: getTaskSnapshot: taskId=1204 not found
12-01 07:47:40.602 1508 10935 D FreeFormWindowHelper: Add freeform task=Task{23a8006 #214 type=standard A=10086:android.task.video U=0 visible=false mode=freeform translucent=true sz=0}
12-01 07:47:40.605 1508 10935 I ActivityTaskManager: START u0 {act=android.intent.action.MAIN cat=[android.intent.category.LAUNCHER] flg=0x10300000 cmp=com.android.music/.VideoBrowserActivity} from uid 1000
12-01 07:47:40.609 1508 10935 I ActivityTaskManager: FOREGROUND_APPLICATION_CHANGED to com.android.music.VideoBrowserActivity
12-01 07:47:40.610 1508 10935 I ActivityTaskManager: The Process com.android.music Already Exists in BG. So sending its PID: 23346
12-01 07:47:40.610 1508 10935 W ActivityTaskManager: Tried to set launchTime (0) < mLastActivityLaunchTime (14074678)
12-01 07:47:40.631 22714 22730 W ContextImpl: Calling a method in the system process without a qualified user: android.app.ContextImpl.startService:1816 android.content.ContextWrapper.startService:774 com.thundercomm.gamemode.ingame.services.GameModeActionUtils.startGameModeService:93 com.thundercomm.gamemode.ingame.services.GameModeActionUtils.startGameModeEntry:21 com.thundercomm.gamemode.ingame.services.ActivityMonitoringService$1.onActivityLaunch:127
12-01 07:47:40.635 1508 1508 I GameModeConfig: Current uri is uri = content://com.thundercomm.gamemode.api/gamemode_settings/gamemode_isgaming
12-01 07:47:40.639 1508 1508 I GameModeConfig: isGameModeOn = false
12-01 07:47:40.639 1508 1508 I GameModeConfig: isGameModeOn = false
12-01 07:47:40.639 1508 1508 I GameModeConfig: isDisableVoice = true
12-01 07:47:40.657 1508 10935 W WindowManager: updateScale0.7996942
12-01 07:47:40.667 1508 1637 W WindowManager: updateScale0.7996942
12-01 07:47:40.678 1508 1637 W WindowManager: updateScale0.7996942
12-01 07:47:40.682 1508 1637 W WindowManager: updateScale0.7996942
12-01 07:47:40.955 1508 1637 W WindowManager: updateScale0.7996942
12-01 07:47:41.126 1508 1508 I GameModeConfig: isGameModeOn = false
12-01 07:47:41.212 1508 3862 E TaskPersister: File error accessing recents directory (directory doesn't exist?).
12-01 07:47:41.917 1508 8013 I ActivityTaskManager: FOREGROUND_APPLICATION_CHANGED to com.android.launcher3.uioverrides.QuickstepLauncher
12-01 07:47:41.928 1508 3862 E TaskPersister: File error accessing recents directory (directory doesn't exist?).
12-01 07:47:41.944 22714 22730 W ContextImpl: Calling a method in the system process without a qualified user: android.app.ContextImpl.startService:1816 android.content.ContextWrapper.startService:774 com.thundercomm.gamemode.ingame.services.GameModeActionUtils.startGameModeService:93 com.thundercomm.gamemode.ingame.services.GameModeActionUtils.startGameModeEntry:21 com.thundercomm.gamemode.ingame.services.ActivityMonitoringService$1.onActivityLaunch:127
12-01 07:47:41.947 1508 1508 I GameModeConfig: Current uri is uri = content://com.thundercomm.gamemode.api/gamemode_settings/gamemode_isgaming
12-01 07:47:41.949 1508 1508 I GameModeConfig: isGameModeOn = false
12-01 07:47:41.950 1508 1508 I GameModeConfig: isGameModeOn = false
12-01 07:47:41.950 1508 1508 I GameModeConfig: isDisableVoice = true
12-01 07:47:42.032 22714 22730 W ContextImpl: Calling a method in the system process without a qualified user: android.app.ContextImpl.startService:1816 android.content.ContextWrapper.startService:774 com.thundercomm.gamemode.ingame.services.GameModeActionUtils.startGameModeService:93 com.thundercomm.gamemode.ingame.services.GameModeActionUtils.startGameModeEntry:21 com.thundercomm.gamemode.ingame.services.ActivityMonitoringService$1.onActivityLaunch:127
12-01 07:47:42.036 1508 1508 I GameModeConfig: Current uri is uri = content://com.thundercomm.gamemode.api/gamemode_settings/gamemode_isgaming
12-01 07:47:42.038 1508 1508 I GameModeConfig: isGameModeOn = false
12-01 07:47:42.038 1508 1508 I GameModeConfig: isGameModeOn = false
12-01 07:47:42.038 1508 1508 I GameModeConfig: isDisableVoice = true
12-01 07:47:42.222 1508 1637 D FreeFormWindowHelper: Remove freefrom task=Task{23a8006 #214 type=standard A=10086:android.task.video U=0 visible=false mode=freeform translucent=true sz=0}
12-01 07:47:43.502 1508 7139 I ActivityTaskManager: START u0 {flg=0x10008000 cmp=com.android.gallery3d/.app.GalleryActivity} from uid 10076
12-01 07:47:43.507 1508 7139 W ActivityTaskManager: Can't find TaskDisplayArea to determine support for multi window. Task id=215 attached=false
12-01 07:47:43.509 1508 7139 D FreeFormWindowHelper: Add freeform task=Task{6f9cef1 #215 type=standard ?? U=0 visible=false mode=freeform translucent=true sz=0}
12-01 07:47:43.513 1508 7139 I ActivityTaskManager: FOREGROUND_APPLICATION_CHANGED to com.android.gallery3d.app.GalleryActivity
12-01 07:47:43.513 1508 7139 I ActivityTaskManager: The Process com.android.gallery3d Already Exists in BG. So sending its PID: 22978
12-01 07:47:43.513 1508 7139 W ActivityTaskManager: Tried to set launchTime (0) < mLastActivityLaunchTime (14061155)
12-01 07:47:43.543 22714 22730 W ContextImpl: Calling a method in the system process without a qualified user: android.app.ContextImpl.startService:1816 android.content.ContextWrapper.startService:774 com.thundercomm.gamemode.ingame.services.GameModeActionUtils.startGameModeService:93 com.thundercomm.gamemode.ingame.services.GameModeActionUtils.startGameModeEntry:21 com.thundercomm.gamemode.ingame.services.ActivityMonitoringService$1.onActivityLaunch:127
12-01 07:47:43.546 1508 1508 I GameModeConfig: Current uri is uri = content://com.thundercomm.gamemode.api/gamemode_settings/gamemode_isgaming
12-01 07:47:43.550 1508 1508 I GameModeConfig: isGameModeOn = false
12-01 07:47:43.550 1508 1508 I GameModeConfig: isGameModeOn = false
12-01 07:47:43.550 1508 1508 I GameModeConfig: isDisableVoice = true
12-01 07:47:43.594 1508 7139 W WindowManager: updateScale0.7996942
12-01 07:47:43.660 1508 1637 W WindowManager: updateScale0.7996942
12-01 07:47:43.664 1508 1637 W WindowManager: updateScale0.7996942
12-01 07:47:43.666 1508 1637 W WindowManager: updateScale0.7996942
12-01 07:47:43.946 1508 1637 W WindowManager: updateScale0.7996942
12-01 07:47:44.582 1508 8164 I ActivityTaskManager: START u0 {act=android.intent.action.MAIN cat=[android.intent.category.HOME] flg=0x10000000 cmp=com.android.launcher3/.uioverrides.QuickstepLauncher} from uid 10076
12-01 07:47:44.589 1508 8164 I ActivityTaskManager: FOREGROUND_APPLICATION_CHANGED to com.android.launcher3.uioverrides.QuickstepLauncher
12-01 07:47:44.589 1508 8164 W WindowManager: updateScale0.7996942
12-01 07:47:44.594 1508 8164 W WindowManager: updateScale0.7996942
12-01 07:47:44.608 1508 7139 W WindowManager: updateScale0.7996942
12-01 07:47:44.869 1508 7139 W ActivityTaskManager: getTaskSnapshot: taskId=4204 not found
12-01 07:47:44.869 1508 7139 W ActivityTaskManager: getTaskSnapshot: taskId=3204 not found
12-01 07:47:44.870 1508 7139 W ActivityTaskManager: getTaskSnapshot: taskId=2204 not found
12-01 07:47:44.870 1508 7139 W ActivityTaskManager: getTaskSnapshot: taskId=1204 not found
12-01 07:47:45.570 22714 22730 W ContextImpl: Calling a method in the system process without a qualified user: android.app.ContextImpl.startService:1816 android.content.ContextWrapper.startService:774 com.thundercomm.gamemode.ingame.services.GameModeActionUtils.startGameModeService:93 com.thundercomm.gamemode.ingame.services.GameModeActionUtils.startGameModeEntry:21 com.thundercomm.gamemode.ingame.services.ActivityMonitoringService$1.onActivityLaunch:127
12-01 07:47:45.575 1508 1508 I GameModeConfig: Current uri is uri = content://com.thundercomm.gamemode.api/gamemode_settings/gamemode_isgaming
12-01 07:47:45.577 1508 1508 I GameModeConfig: isGameModeOn = false
12-01 07:47:45.578 1508 1508 I GameModeConfig: isGameModeOn = false
12-01 07:47:45.578 1508 1508 I GameModeConfig: isDisableVoice = true
12-01 07:47:45.668 22714 22730 W ContextImpl: Calling a method in the system process without a qualified user: android.app.ContextImpl.startService:1816 android.content.ContextWrapper.startService:774 com.thundercomm.gamemode.ingame.services.GameModeActionUtils.startGameModeService:93 com.thundercomm.gamemode.ingame.services.GameModeActionUtils.startGameModeEntry:21 com.thundercomm.gamemode.ingame.services.ActivityMonitoringService$1.onActivityLaunch:127
12-01 07:47:45.675 1508 1508 I GameModeConfig: Current uri is uri = content://com.thundercomm.gamemode.api/gamemode_settings/gamemode_isgaming
12-01 07:47:45.680 1508 1508 I GameModeConfig: isGameModeOn = false
12-01 07:47:45.681 1508 1508 I GameModeConfig: isGameModeOn = false
12-01 07:47:45.681 1508 1508 I GameModeConfig: isDisableVoice = true
12-01 07:47:45.848 1508 1637 D FreeFormWindowHelper: Remove freefrom task=Task{6f9cef1 #215 type=standard A=10064:com.android.gallery3d U=0 visible=false mode=freeform translucent=true sz=0}
12-01 07:47:46.068 1508 8013 I ActivityTaskManager: START u0 {act=android.intent.action.MAIN cat=[android.intent.category.LAUNCHER] flg=0x10200000 cmp=com.android.gallery3d/.app.GalleryActivity bnds=[2308,140][2494,340]} from uid 10076
12-01 07:47:46.074 1508 8013 W ActivityTaskManager: Can't find TaskDisplayArea to determine support for multi window. Task id=216 attached=false
12-01 07:47:46.097 1508 10935 I ActivityTaskManager: FOREGROUND_APPLICATION_CHANGED to com.android.gallery3d.app.GalleryActivity
12-01 07:47:46.097 1508 10935 I ActivityTaskManager: The Process com.android.gallery3d Already Exists in BG. So sending its PID: 22978
12-01 07:47:46.097 1508 10935 W ActivityTaskManager: Tried to set launchTime (0) < mLastActivityLaunchTime (14082094)
12-01 07:47:46.127 22714 22730 W ContextImpl: Calling a method in the system process without a qualified user: android.app.ContextImpl.startService:1816 android.content.ContextWrapper.startService:774 com.thundercomm.gamemode.ingame.services.GameModeActionUtils.startGameModeService:93 com.thundercomm.gamemode.ingame.services.GameModeActionUtils.startGameModeEntry:21 com.thundercomm.gamemode.ingame.services.ActivityMonitoringService$1.onActivityLaunch:127
12-01 07:47:46.132 1508 1508 I GameModeConfig: Current uri is uri = content://com.thundercomm.gamemode.api/gamemode_settings/gamemode_isgaming
12-01 07:47:46.135 1508 1508 I GameModeConfig: isGameModeOn = false
12-01 07:47:46.135 1508 1508 I GameModeConfig: isGameModeOn = false
12-01 07:47:46.135 1508 1508 I GameModeConfig: isDisableVoice = true
12-01 07:47:46.157 1508 2321 I GameModeConfig: isGameModeOn = false
12-01 07:47:46.157 1508 2321 I GameModeConfig: isGameModeOn = false
12-01 07:47:46.157 1508 2321 I GameModeConfig: isGameModeOn = false
12-01 07:47:46.158 1508 2321 I GameModeConfig: isGameModeOn = false
12-01 07:47:46.158 1508 2321 I GameModeConfig: isGameModeOn = false
12-01 07:47:46.210 22714 22730 W ContextImpl: Calling a method in the system process without a qualified user: android.app.ContextImpl.startService:1816 android.content.ContextWrapper.startService:774 com.thundercomm.gamemode.ingame.services.GameModeActionUtils.startGameModeService:93 com.thundercomm.gamemode.ingame.services.GameModeActionUtils.startGameModeEntry:21 com.thundercomm.gamemode.ingame.services.ActivityMonitoringService$1.onActivityLaunch:127
12-01 07:47:46.227 1508 1508 I GameModeConfig: Current uri is uri = content://com.thundercomm.gamemode.api/gamemode_settings/gamemode_isgaming
12-01 07:47:46.229 1508 1508 I GameModeConfig: isGameModeOn = false
12-01 07:47:46.229 1508 1508 I GameModeConfig: isGameModeOn = false
12-01 07:47:46.229 1508 1508 I GameModeConfig: isDisableVoice = true
12-01 07:47:46.362 1508 1508 I GameModeConfig: isGameModeOn = false
12-01 07:47:46.766 1508 8164 W ContextImpl: Calling a method in the system process without a qualified user: android.app.ContextImpl.startActivity:1067 com.android.server.wm.FreeFormWindowHelper.exitRecentTasks:426 com.android.server.wm.ActivityTaskManagerService.exitRecentTasks:3795 android.app.IActivityTaskManager$Stub.onTransact:2307 com.android.server.wm.ActivityTaskManagerService.onTransact:5046
12-01 07:47:46.767 1508 8164 I ActivityTaskManager: START u0 {flg=0x10008000 cmp=com.android.gallery3d/.app.GalleryActivity} from uid 1000
12-01 07:47:46.803 1508 8164 D FreeFormWindowHelper: Add freeform task=Task{a196d70 #216 type=standard A=10064:com.android.gallery3d U=0 visible=true mode=freeform translucent=false sz=1}
12-01 07:47:46.805 1508 8164 I ActivityTaskManager: FOREGROUND_APPLICATION_CHANGED to com.android.launcher3.uioverrides.QuickstepLauncher
12-01 07:47:46.809 1508 8164 I ActivityTaskManager: FOREGROUND_APPLICATION_CHANGED to com.android.gallery3d.app.GalleryActivity
12-01 07:47:46.856 1508 7139 I ActivityTaskManager: The Process com.android.gallery3d Already Exists in BG. So sending its PID: 22978
12-01 07:47:46.858 1508 7139 W ActivityTaskManager: Tried to set launchTime (0) < mLastActivityLaunchTime (14084678)
12-01 07:47:46.881 1508 10935 I ActivityTaskManager: Activity reported stop, but no longer stopping: ActivityRecord{6256427 u0 com.android.launcher3/.uioverrides.QuickstepLauncher t10} RESUMED
12-01 07:47:46.885 1508 8013 D WindowManager: relayoutVisibleWindow: Window{9ddf785 u0 com.android.launcher3/com.android.launcher3.uioverrides.QuickstepLauncher EXITING} mAnimatingExit=true, mRemoveOnExit=false, mDestroying=false
12-01 07:47:46.919 1508 9618 W WindowManager: updateScale0.7996942
12-01 07:47:46.953 1508 1637 W WindowManager: updateScale0.7996942
12-01 07:47:46.956 1508 1637 W WindowManager: updateScale0.7996942
12-01 07:47:46.980 22714 22730 W ContextImpl: Calling a method in the system process without a qualified user: android.app.ContextImpl.startService:1816 android.content.ContextWrapper.startService:774 com.thundercomm.gamemode.ingame.services.GameModeActionUtils.startGameModeService:93 com.thundercomm.gamemode.ingame.services.GameModeActionUtils.startGameModeEntry:21 com.thundercomm.gamemode.ingame.services.ActivityMonitoringService$1.onActivityLaunch:127
12-01 07:47:46.985 1508 1508 I GameModeConfig: Current uri is uri = content://com.thundercomm.gamemode.api/gamemode_settings/gamemode_isgaming
12-01 07:47:46.986 1508 1508 I GameModeConfig: isGameModeOn = false
12-01 07:47:46.987 1508 1508 I GameModeConfig: isGameModeOn = false
12-01 07:47:46.987 1508 1508 I GameModeConfig: isDisableVoice = true
12-01 07:47:47.305 1508 1637 W WindowManager: updateScale0.7996942
12-01 07:47:47.320 1508 8013 W WindowManager: updateScale0.7996942
12-01 07:47:47.328 1508 6408 W WindowManager: updateScale0.7996942
