12-01 08:01:31.940 1508 8059 W WindowManager: Attempted to set replacing window on app token with no content Token{9a2e68d ActivityRecord{8002e8e u0 com.android.music/.MusicBrowserActivity t258 f}}}
12-01 08:01:31.947 25301 25301 I wm_on_destroy_called: [134229646,com.android.music.MusicBrowserActivity,performDestroy]
12-01 08:01:31.950 2822 2822 I wm_on_top_resumed_lost_called: [103113767,com.android.launcher3.uioverrides.QuickstepLauncher,topStateChangedWhenResumed]
12-01 08:01:31.961 22714 22730 W ContextImpl: Calling a method in the system process without a qualified user: android.app.ContextImpl.startService:1816 android.content.ContextWrapper.startService:774 com.thundercomm.gamemode.ingame.services.GameModeActionUtils.startGameModeService:93 com.thundercomm.gamemode.ingame.services.GameModeActionUtils.startGameModeEntry:21 com.thundercomm.gamemode.ingame.services.ActivityMonitoringService$1.onActivityLaunch:127
12-01 08:01:31.965 1508 1508 I GameModeConfig: Current uri is uri = content://com.thundercomm.gamemode.api/gamemode_settings/gamemode_isgaming
12-01 08:01:31.967 1508 1508 I GameModeConfig: isGameModeOn = false
12-01 08:01:31.969 1508 1647 I am_pss : [25301,10086,com.android.music,57904128,52006912,0,187424768,0,2,10]
12-01 08:01:31.969 1508 1508 I GameModeConfig: isGameModeOn = false
12-01 08:01:31.970 1508 1508 I GameModeConfig: isDisableVoice = true
12-01 08:01:32.004 25301 25301 I wm_on_create_called: [134229646,com.android.music.MusicBrowserActivity,performCreate]
12-01 08:01:32.012 25301 25301 I wm_on_start_called: [134229646,com.android.music.MusicBrowserActivity,handleStartActivity]
12-01 08:01:32.013 25301 25301 I wm_on_resume_called: [134229646,com.android.music.MusicBrowserActivity,RESUME_ACTIVITY]
12-01 08:01:32.024 25301 25301 I wm_on_paused_called: [134229646,com.android.music.MusicBrowserActivity,performPause]
12-01 08:01:32.025 1508 8059 I wm_add_to_stopping: [0,134229646,com.android.music/.MusicBrowserActivity,completeFinishing]
12-01 08:01:32.025 1508 8059 I ActivityTaskManager: The Process com.android.music Already Exists in BG. So sending its PID: 25301
12-01 08:01:32.026 1508 8059 W ActivityTaskManager: Tried to set launchTime (0) < mLastActivityLaunchTime (14899168)
12-01 08:01:32.026 1508 8059 I wm_restart_activity: [0,129991034,258,com.android.music/.MusicBrowserActivity]
12-01 08:01:32.027 1508 8059 I wm_set_resumed_activity: [0,com.android.music/.MusicBrowserActivity,minimalResumeActivityLocked]
12-01 08:01:32.029 1508 5207 I WindowManager: finishDrawing of relaunch: Window{cda9908 u0 com.android.music/com.android.music.MusicBrowserActivity} 101ms
12-01 08:01:32.030 1508 2321 I GameModeConfig: isGameModeOn = false
12-01 08:01:32.030 1508 2321 I GameModeConfig: isGameModeOn = false
12-01 08:01:32.030 1508 1636 I sysui_multi_action: [757,803,799,window_time_0,802,3]
12-01 08:01:32.030 1508 2321 I GameModeConfig: isGameModeOn = false
12-01 08:01:32.030 1508 2321 I GameModeConfig: isGameModeOn = false
12-01 08:01:32.031 1508 2321 I GameModeConfig: isGameModeOn = false
12-01 08:01:32.046 1508 1508 I notification_enqueue: [10086,25301,com.android.music,1,NULL,0,Notification(channel=Channel-music shortcut=null contentView=null vibrate=null sound=null defaults=0x0 flags=0x40 color=0x00000000 category=transport actions=4 vis=PRIVATE),1]
12-01 08:01:32.050 1508 2321 I GameModeConfig: isGameModeOn = false
12-01 08:01:32.051 1508 2321 I GameModeConfig: isGameModeOn = false
12-01 08:01:32.051 1508 2321 I GameModeConfig: isGameModeOn = false
12-01 08:01:32.051 1508 2321 I GameModeConfig: isGameModeOn = false
12-01 08:01:32.052 1508 2321 I GameModeConfig: isGameModeOn = false
12-01 08:01:32.053 1508 1508 I notification_enqueue: [10086,25301,com.android.music,1,NULL,0,Notification(channel=Channel-music shortcut=null contentView=null vibrate=null sound=null defaults=0x0 flags=0x40 color=0x00000000 category=transport actions=4 vis=PRIVATE),1]
12-01 08:01:32.063 1508 1508 I notification_enqueue: [10086,25301,com.android.music,1,NULL,0,Notification(channel=Channel-music shortcut=null contentView=null vibrate=null sound=null defaults=0x0 flags=0x40 color=0x00000000 category=transport actions=4 vis=PRIVATE),1]
12-01 08:01:32.065 1508 1508 I notification_enqueue: [10086,25301,com.android.music,1,NULL,0,Notification(channel=Channel-music shortcut=null contentView=null vibrate=null sound=null defaults=0x0 flags=0x40 color=0x00000000 category=transport actions=4 vis=PRIVATE),1]
12-01 08:01:32.075 1508 2321 I GameModeConfig: isGameModeOn = false
12-01 08:01:32.075 1508 2321 I GameModeConfig: isGameModeOn = false
12-01 08:01:32.075 1508 2321 I GameModeConfig: isGameModeOn = false
12-01 08:01:32.075 1508 2321 I GameModeConfig: isGameModeOn = false
12-01 08:01:32.075 1508 2321 I GameModeConfig: isGameModeOn = false
12-01 08:01:32.078 1508 1508 I notification_enqueue: [10086,25301,com.android.music,1,NULL,0,Notification(channel=Channel-music shortcut=null contentView=null vibrate=null sound=null defaults=0x0 flags=0x40 color=0x00000000 category=transport actions=4 vis=PRIVATE),1]
12-01 08:01:32.078 1508 1508 I notification_enqueue: [10086,25301,com.android.music,1,NULL,0,Notification(channel=Channel-music shortcut=null contentView=null vibrate=null sound=null defaults=0x0 flags=0x40 color=0x00000000 category=transport actions=4 vis=PRIVATE),1]
12-01 08:01:32.087 1508 9618 I ActivityTaskManager: START u0 {cmp=com.android.music/.ScanningProgress} from uid 10086
12-01 08:01:32.087 1508 9618 W ActivityTaskManager: startActivity called from finishing ActivityRecord{8002e8e u0 com.android.music/.MusicBrowserActivity t258 f}}; forcing Intent.FLAG_ACTIVITY_NEW_TASK for: Intent { cmp=com.android.music/.ScanningProgress }
12-01 08:01:32.091 1508 9618 I wm_task_moved: [258,1,8]
12-01 08:01:32.095 1508 9618 I wm_set_resumed_activity: [0,com.android.music/.MusicBrowserActivity,positionChildAt]
12-01 08:01:32.096 1508 9618 I wm_create_activity: [0,198744202,258,com.android.music/.ScanningProgress,NULL,NULL,NULL,268435456]
12-01 08:01:32.098 1508 9618 I wm_pause_activity: [0,129991034,com.android.music/.MusicBrowserActivity,userLeaving=true,resumeTopActivityInnerLocked]
12-01 08:01:32.134 25301 25301 I wm_on_create_called: [129991034,com.android.music.MusicBrowserActivity,performCreate]
12-01 08:01:32.136 25301 25301 I wm_on_start_called: [129991034,com.android.music.MusicBrowserActivity,handleStartActivity]
12-01 08:01:32.137 25301 25301 I wm_on_resume_called: [129991034,com.android.music.MusicBrowserActivity,RESUME_ACTIVITY]
12-01 08:01:32.138 25301 25301 I wm_on_top_resumed_gained_called: [129991034,com.android.music.MusicBrowserActivity,topStateChangedWhenResumed]
12-01 08:01:32.139 25301 25301 I wm_on_top_resumed_lost_called: [129991034,com.android.music.MusicBrowserActivity,topStateChangedWhenResumed]
12-01 08:01:32.139 25301 25301 I wm_on_paused_called: [129991034,com.android.music.MusicBrowserActivity,performPause]
12-01 08:01:32.139 1508 9285 I ActivityTaskManager: FOREGROUND_APPLICATION_CHANGED to com.android.music.ScanningProgress
12-01 08:01:32.139 1508 9285 I ActivityTaskManager: The Process com.android.music Already Exists in BG. So sending its PID: 25301
12-01 08:01:32.140 22714 22730 W ContextImpl: Calling a method in the system process without a qualified user: android.app.ContextImpl.startService:1816 android.content.ContextWrapper.startService:774 com.thundercomm.gamemode.ingame.services.GameModeActionUtils.startGameModeService:93 com.thundercomm.gamemode.ingame.services.GameModeActionUtils.startGameModeEntry:21 com.thundercomm.gamemode.ingame.services.ActivityMonitoringService$1.onActivityLaunch:127
12-01 08:01:32.141 1508 9285 W ActivityTaskManager: Tried to set launchTime (0) < mLastActivityLaunchTime (14910606)
12-01 08:01:32.143 1508 9285 I wm_restart_activity: [0,198744202,258,com.android.music/.ScanningProgress]
12-01 08:01:32.144 1508 1508 I GameModeConfig: Current uri is uri = content://com.thundercomm.gamemode.api/gamemode_settings/gamemode_isgaming
12-01 08:01:32.144 1508 9285 I wm_set_resumed_activity: [0,com.android.music/.ScanningProgress,minimalResumeActivityLocked]
12-01 08:01:32.145 1508 1508 I GameModeConfig: isGameModeOn = false
12-01 08:01:32.146 1508 1508 I GameModeConfig: isGameModeOn = false
12-01 08:01:32.146 1508 1508 I GameModeConfig: isDisableVoice = true
12-01 08:01:32.147 1508 1636 I sysui_multi_action: [757,803,799,window_time_2,802,0]
12-01 08:01:32.151 1508 2996 W WindowManager: updateScale0.7996942
12-01 08:01:32.161 1508 1637 W WindowManager: updateScale0.7996942
12-01 08:01:32.162 1508 2321 I GameModeConfig: isGameModeOn = false
12-01 08:01:32.162 1508 2321 I GameModeConfig: isGameModeOn = false
12-01 08:01:32.162 1508 2321 I GameModeConfig: isGameModeOn = false
12-01 08:01:32.162 1508 1637 W WindowManager: updateScale0.7996942
12-01 08:01:32.162 1508 2321 I GameModeConfig: isGameModeOn = false
12-01 08:01:32.162 1508 2321 I GameModeConfig: isGameModeOn = false
12-01 08:01:32.179 1508 1508 I notification_enqueue: [10086,25301,com.android.music,1,NULL,0,Notification(channel=Channel-music shortcut=null contentView=null vibrate=null sound=null defaults=0x0 flags=0x40 color=0x00000000 category=transport actions=4 vis=PRIVATE),1]
12-01 08:01:32.179 1508 1508 I notification_enqueue: [10086,25301,com.android.music,1,NULL,0,Notification(channel=Channel-music shortcut=null contentView=null vibrate=null sound=null defaults=0x0 flags=0x40 color=0x00000000 category=transport actions=4 vis=PRIVATE),1]
12-01 08:01:32.196 25301 25301 I wm_on_create_called: [198744202,com.android.music.ScanningProgress,performCreate]
12-01 08:01:32.196 25301 25301 I wm_on_start_called: [198744202,com.android.music.ScanningProgress,handleStartActivity]
12-01 08:01:32.196 25301 25301 I wm_on_resume_called: [198744202,com.android.music.ScanningProgress,RESUME_ACTIVITY]
12-01 08:01:32.198 25301 25301 I wm_on_top_resumed_gained_called: [198744202,com.android.music.ScanningProgress,topStateChangedWhenResumed]
12-01 08:01:32.201 1508 2996 W WindowManager: updateScale0.7996942
12-01 08:01:32.201 1508 2996 W WindowManager: updateScale0.7996942
12-01 08:01:32.207 1508 8124 W WindowManager: updateScale0.7996942
12-01 08:01:32.207 1508 8124 W WindowManager: updateScale0.7996942
12-01 08:01:32.211 1508 1637 I input_focus: [Focus request 85d9124 com.android.music/com.android.music.ScanningProgress,reason=UpdateInputWindows]
12-01 08:01:32.215 1508 1637 W WindowManager: updateScale0.7996942
12-01 08:01:32.215 1508 1637 W WindowManager: updateScale0.7996942
12-01 08:01:32.217 1508 1637 W WindowManager: updateScale0.7996942
12-01 08:01:32.217 1508 1637 W WindowManager: updateScale0.7996942
12-01 08:01:32.218 1508 1633 I wm_activity_launch_time: [0,198744202,com.android.music/.ScanningProgress,297]
12-01 08:01:32.219 1508 1637 W WindowManager: updateScale0.7996942
12-01 08:01:32.219 1508 1637 W WindowManager: updateScale0.7996942
12-01 08:01:32.224 1508 2996 W WindowManager: updateScale0.7996942
12-01 08:01:32.224 1508 2996 W WindowManager: updateScale0.7996942
12-01 08:01:32.235 1508 2005 I input_focus: [Focus leaving 9ddf785 com.android.launcher3/com.android.launcher3.uioverrides.QuickstepLauncher (server),reason=setFocusedWindow]
12-01 08:01:32.235 1508 2005 I input_focus: [Focus entering 85d9124 com.android.music/com.android.music.ScanningProgress (server),reason=setFocusedWindow]
12-01 08:01:32.235 1508 8124 W WindowManager: updateScale0.7996942
12-01 08:01:32.241 1508 8124 W WindowManager: updateScale0.7996942
12-01 08:01:32.249 1508 1508 I GameModeConfig: isGameModeOn = false
12-01 08:01:32.253 1508 9285 W WindowManager: updateScale0.7996942
12-01 08:01:32.254 1508 1508 I GameModeConfig: isGameModeOn = false
12-01 08:01:32.254 1508 9285 W WindowManager: updateScale0.7996942
12-01 08:01:32.257 22714 22730 W ContextImpl: Calling a method in the system process without a qualified user: android.app.ContextImpl.startService:1816 android.content.ContextWrapper.startService:774 com.thundercomm.gamemode.ingame.services.GameModeActionUtils.startGameModeService:93 com.thundercomm.gamemode.ingame.services.GameModeActionUtils.startGameModeEntry:21 com.thundercomm.gamemode.ingame.services.ActivityMonitoringService$1.onActivityLaunch:127
12-01 08:01:32.265 1508 1508 I GameModeConfig: isGameModeOn = false
12-01 08:01:32.266 1508 1508 I GameModeConfig: isGameModeOn = false
12-01 08:01:32.266 1508 1508 I GameModeConfig: Current uri is uri = content://com.thundercomm.gamemode.api/gamemode_settings/gamemode_isgaming
12-01 08:01:32.268 1508 1508 I GameModeConfig: isGameModeOn = false
12-01 08:01:32.268 1508 1508 I GameModeConfig: isGameModeOn = false
12-01 08:01:32.268 1508 1508 I GameModeConfig: isDisableVoice = true
12-01 08:01:32.278 1508 1508 I GameModeConfig: isGameModeOn = false
12-01 08:01:32.279 1508 1508 I GameModeConfig: isGameModeOn = false
12-01 08:01:32.284 1508 8059 W WindowManager: updateScale0.7996942
12-01 08:01:32.284 1508 8059 W WindowManager: updateScale0.7996942
12-01 08:01:32.380 1508 1508 I GameModeConfig: isGameModeOn = false
12-01 08:01:32.382 1508 1508 I GameModeConfig: isGameModeOn = false
12-01 08:01:32.501 1508 1637 W WindowManager: updateScale0.7996942
12-01 08:01:32.501 1508 1637 W WindowManager: updateScale0.7996942
12-01 08:01:32.503 1508 1636 I wm_destroy_activity: [0,134229646,258,com.android.music/.MusicBrowserActivity,finish-imm:transit]
12-01 08:01:32.577 25301 25301 I wm_on_stop_called: [134229646,com.android.music.MusicBrowserActivity,LIFECYCLER_STOP_ACTIVITY]
12-01 08:01:32.580 25301 25301 I wm_on_destroy_called: [134229646,com.android.music.MusicBrowserActivity,performDestroy]
12-01 08:01:32.611 1508 9618 W WindowManager: updateScale0.7996942
12-01 08:01:32.611 1508 9618 W WindowManager: updateScale0.7996942
12-01 08:01:32.631 1508 1647 I am_pss : [25760,10018,com.android.musicfx,5613568,3846144,0,89104384,0,19,8]
12-01 08:01:33.248 1508 9618 I wm_finish_activity: [0,198744202,258,com.android.music/.ScanningProgress,app-request]
12-01 08:01:33.254 1508 9618 I wm_pause_activity: [0,198744202,com.android.music/.ScanningProgress,userLeaving=false,finish]
12-01 08:01:33.258 25301 25301 I wm_on_top_resumed_lost_called: [198744202,com.android.music.ScanningProgress,topStateChangedWhenResumed]
12-01 08:01:33.261 25301 25301 I wm_on_paused_called: [198744202,com.android.music.ScanningProgress,performPause]
12-01 08:01:33.262 1508 9618 I ActivityTaskManager: FOREGROUND_APPLICATION_CHANGED to com.android.music.MusicBrowserActivity
12-01 08:01:33.265 1508 9618 I wm_set_resumed_activity: [0,com.android.music/.MusicBrowserActivity,resumeTopActivityInnerLocked]
12-01 08:01:33.267 1508 9618 I wm_resume_activity: [0,129991034,258,com.android.music/.MusicBrowserActivity]
12-01 08:01:33.269 1508 9618 W WindowManager: updateScale0.7996942
12-01 08:01:33.277 1508 9618 W WindowManager: updateScale0.7996942
12-01 08:01:33.279 1508 1637 I input_focus: [Focus request 5d982f4 com.android.music/com.android.music.MusicBrowserActivity,reason=UpdateInputWindows]
12-01 08:01:33.280 1508 1636 I sysui_multi_action: [757,803,799,window_time_2,802,1]
12-01 08:01:33.289 1508 2005 I input_focus: [Focus leaving 85d9124 com.android.music/com.android.music.ScanningProgress (server),reason=NO_WINDOW]
12-01 08:01:33.290 1508 2005 I input_focus: [Focus entering 5d982f4 com.android.music/com.android.music.MusicBrowserActivity (server),reason=setFocusedWindow]
12-01 08:01:33.303 25301 25301 I wm_on_resume_called: [129991034,com.android.music.MusicBrowserActivity,RESUME_ACTIVITY]
12-01 08:01:33.303 25301 25301 I wm_on_top_resumed_gained_called: [129991034,com.android.music.MusicBrowserActivity,topWhenResuming]
12-01 08:01:33.353 1508 9618 I wm_destroy_activity: [0,198744202,258,com.android.music/.ScanningProgress,finish-idle]
12-01 08:01:33.354 1508 9856 W ActivityManager: Receiver with filter android.content.IntentFilter@d773f08 already registered for pid 25301, callerPackage is com.android.music
12-01 08:01:33.355 1508 8059 W ActivityManager: Receiver with filter android.content.IntentFilter@92a76a1 already registered for pid 25301, callerPackage is com.android.music
12-01 08:01:33.366 25301 25301 I wm_on_stop_called: [198744202,com.android.music.ScanningProgress,LIFECYCLER_STOP_ACTIVITY]
12-01 08:01:33.369 25301 25301 I wm_on_destroy_called: [198744202,com.android.music.ScanningProgress,performDestroy]
12-01 08:01:33.371 1508 8059 W WindowManager: updateScale0.7996942
12-01 08:01:33.381 22714 22730 W ContextImpl: Calling a method in the system process without a qualified user: android.app.ContextImpl.startService:1816 android.content.ContextWrapper.startService:774 com.thundercomm.gamemode.ingame.services.GameModeActionUtils.startGameModeService:93 com.thundercomm.gamemode.ingame.services.GameModeActionUtils.startGameModeEntry:21 com.thundercomm.gamemode.ingame.services.ActivityMonitoringService$1.onActivityLaunch:127
12-01 08:01:33.388 1508 1508 I GameModeConfig: Current uri is uri = content://com.thundercomm.gamemode.api/gamemode_settings/gamemode_isgaming
12-01 08:01:33.390 1508 1508 I GameModeConfig: isGameModeOn = false
12-01 08:01:33.390 1508 1508 I GameModeConfig: isGameModeOn = false
12-01 08:01:33.390 1508 1508 I GameModeConfig: isDisableVoice = true
12-01 08:01:33.538 1508 1637 W WindowManager: updateScale0.7996942
12-01 08:01:33.541 1508 1637 W WindowManager: updateScale0.7996942
12-01 08:01:33.553 1508 1637 W WindowManager: updateScale0.7996942
12-01 08:01:34.351 0 0 I auditd : type=1400 audit(0.0:16063): avc: denied { kill } for comm="swapper/1" capability=5 scontext=u:r:kernel:s0 tcontext=u:r:kernel:s0 tclass=capability permissive=0
12-01 08:01:35.139 2822 2822 I view_enqueue_input_event: [Motion - Cancel,com.android.launcher3/com.android.launcher3.uioverrides.QuickstepLauncher]
12-01 08:01:35.147 1508 2005 I input_interaction: Interaction with: edge-swipe (server), swipe-up (server), PointerEventDispatcher0 (server),
12-01 08:01:35.351 0 0 I auditd : type=1400 audit(0.0:16064): avc: denied { kill } for comm="swapper/1" capability=5 scontext=u:r:kernel:s0 tcontext=u:r:kernel:s0 tclass=capability permissive=0
12-01 08:01:35.445 1508 3862 E TaskPersister: File error accessing recents directory (directory doesn't exist?).
12-01 08:01:35.614 1508 8164 I ActivityTaskManager: START u0 {act=android.intent.action.MAIN cat=[android.intent.category.HOME] flg=0x10000000 cmp=com.android.launcher3/.uioverrides.QuickstepLauncher} from uid 10076
12-01 08:01:35.622 1508 8164 I wm_task_moved: [1,1,8]
12-01 08:01:35.626 1508 8164 I wm_set_resumed_activity: [0,com.android.launcher3/.uioverrides.QuickstepLauncher,positionChildAt]
12-01 08:01:35.626 25301 25301 I wm_on_top_resumed_lost_called: [129991034,com.android.music.MusicBrowserActivity,topStateChangedWhenResumed]
12-01 08:01:35.626 1508 8164 I wm_task_moved: [10,1,2147483647]
12-01 08:01:35.626 1508 8164 I wm_task_to_front: [0,10]
12-01 08:01:35.626 1508 8164 I wm_focused_root_task: [0,0,1,258,bringingFoundTaskToFront]
12-01 08:01:35.626 1508 8164 I wm_set_resumed_activity: [0,com.android.launcher3/.uioverrides.QuickstepLauncher,bringingFoundTaskToFront]
12-01 08:01:35.627 1508 8164 I wm_new_intent: [0,103113767,10,com.android.launcher3/.uioverrides.QuickstepLauncher,android.intent.action.MAIN,NULL,NULL,268435712]
12-01 08:01:35.628 1508 8164 I wm_task_moved: [1,1,8]
12-01 08:01:35.628 1508 8164 I wm_set_resumed_activity: [0,com.android.launcher3/.uioverrides.QuickstepLauncher,positionChildAt]
12-01 08:01:35.628 1508 8164 I ActivityTaskManager: FOREGROUND_APPLICATION_CHANGED to com.android.launcher3.uioverrides.QuickstepLauncher
12-01 08:01:35.629 1508 8164 W WindowManager: updateScale0.7996942
12-01 08:01:35.636 1508 8164 W WindowManager: updateScale0.7996942
12-01 08:01:35.642 2822 2822 I wm_on_paused_called: [103113767,com.android.launcher3.uioverrides.QuickstepLauncher,performPause]
12-01 08:01:35.645 1508 1637 I input_focus: [Focus request 9ddf785 com.android.launcher3/com.android.launcher3.uioverrides.QuickstepLauncher,reason=UpdateInputWindows]
12-01 08:01:35.646 2822 2822 I wm_on_resume_called: [103113767,com.android.launcher3.uioverrides.QuickstepLauncher,LIFECYCLER_RESUME_ACTIVITY]
12-01 08:01:35.650 2822 2822 I wm_on_top_resumed_gained_called: [103113767,com.android.launcher3.uioverrides.QuickstepLauncher,topStateChangedWhenResumed]
12-01 08:01:35.655 1508 9618 W WindowManager: updateScale0.7996942
12-01 08:01:35.658 1508 2005 I input_focus: [Focus leaving 5d982f4 com.android.music/com.android.music.MusicBrowserActivity (server),reason=setFocusedWindow]
12-01 08:01:35.658 1508 2005 I input_focus: [Focus entering 9ddf785 com.android.launcher3/com.android.launcher3.uioverrides.QuickstepLauncher (server),reason=setFocusedWindow]
12-01 08:01:36.351 0 0 I auditd : type=1400 audit(0.0:16065): avc: denied { kill } for comm="swapper/1" capability=5 scontext=u:r:kernel:s0 tcontext=u:r:kernel:s0 tclass=capability permissive=0
12-01 08:01:37.351 288 288 I auditd : type=1400 audit(0.0:16066): avc: denied { kill } for comm="kgsl_worker_thr" capability=5 scontext=u:r:kernel:s0 tcontext=u:r:kernel:s0 tclass=capability permissive=0
12-01 08:01:38.351 0 0 I auditd : type=1400 audit(0.0:16067): avc: denied { kill } for comm="swapper/1" capability=5 scontext=u:r:kernel:s0 tcontext=u:r:kernel:s0 tclass=capability permissive=0
12-01 08:01:38.982 1508 2305 I netstats_mobile_sample: [0,0,0,0,0,0,0,0,0,0,0,0,1669852898982]
12-01 08:01:38.982 1508 2305 I netstats_wifi_sample: [235867472,503847,145844921,343568,235867472,503847,145844921,343568,302870971,990495,73634398,180347,1669852898982]
12-01 08:01:39.351 0 0 I auditd : type=1400 audit(0.0:16068): avc: denied { kill } for comm="swapper/1" capability=5 scontext=u:r:kernel:s0 tcontext=u:r:kernel:s0 tclass=capability permissive=0
12-01 08:01:40.351 0 0 I auditd : type=1400 audit(0.0:16069): avc: denied { kill } for comm="swapper/1" capability=5 scontext=u:r:kernel:s0 tcontext=u:r:kernel:s0 tclass=capability permissive=0
12-01 08:01:41.351 0 0 I auditd : type=1400 audit(0.0:16070): avc: denied { kill } for comm="swapper/1" capability=5 scontext=u:r:kernel:s0 tcontext=u:r:kernel:s0 tclass=capability permissive=0
12-01 08:01:41.789 1508 2005 I input_interaction: Interaction with: 5d982f4 com.android.music/com.android.music.MusicBrowserActivity (server), edge-swipe (server), swipe-up (server), PointerEventDispatcher0 (server),
12-01 08:01:41.794 1508 1636 I wm_task_moved: [258,1,8]
12-01 08:01:41.794 1508 1636 I wm_task_to_front: [0,258]
12-01 08:01:41.796 1508 1636 W WindowManager: updateScale0.7996942
12-01 08:01:41.802 1508 1636 I wm_set_resumed_activity: [0,com.android.music/.MusicBrowserActivity,positionChildAt]
12-01 08:01:41.802 1508 1636 I wm_focused_root_task: [0,0,258,1,setFocusedTask]
12-01 08:01:41.803 1508 1636 I wm_set_resumed_activity: [0,com.android.music/.MusicBrowserActivity,setFocusedTask]
12-01 08:01:41.803 2822 2822 I wm_on_top_resumed_lost_called: [103113767,com.android.launcher3.uioverrides.QuickstepLauncher,topStateChangedWhenResumed]
12-01 08:01:41.803 1508 1636 I ActivityTaskManager: FOREGROUND_APPLICATION_CHANGED to com.android.music.MusicBrowserActivity
12-01 08:01:41.804 1508 1637 I input_focus: [Focus request 5d982f4 com.android.music/com.android.music.MusicBrowserActivity,reason=UpdateInputWindows]
12-01 08:01:41.818 25301 25301 I wm_on_top_resumed_gained_called: [129991034,com.android.music.MusicBrowserActivity,topStateChangedWhenResumed]
12-01 08:01:41.842 1508 2005 I input_focus: [Focus leaving 9ddf785 com.android.launcher3/com.android.launcher3.uioverrides.QuickstepLauncher (server),reason=setFocusedWindow]
12-01 08:01:41.842 1508 2005 I input_focus: [Focus entering 5d982f4 com.android.music/com.android.music.MusicBrowserActivity (server),reason=setFocusedWindow]
12-01 08:01:41.946 1508 8059 I wm_relaunch_resume_activity: [0,129991034,258,com.android.music/.MusicBrowserActivity]
12-01 08:01:41.947 1508 8059 I wm_add_to_stopping: [0,103113767,com.android.launcher3/.uioverrides.QuickstepLauncher,makeInvisible]
12-01 08:01:41.951 1508 8059 D FreeFormWindowHelper: Remove freefrom task=Task{7e45e89 #258 type=standard A=10086:android.task.music U=0 visible=true mode=fullscreen translucent=false sz=1}
12-01 08:01:41.963 1508 8059 W ActivityManager: Receiver with filter android.content.IntentFilter@fc3d981 already registered for pid 25301, callerPackage is com.android.music
12-01 08:01:41.963 25301 25301 I wm_on_top_resumed_lost_called: [129991034,com.android.music.MusicBrowserActivity,pausing]
12-01 08:01:41.963 25301 25301 I wm_on_paused_called: [129991034,com.android.music.MusicBrowserActivity,performPause]
12-01 08:01:41.964 1508 8164 W WindowManager: Attempted to set replacing window on app token with no content Token{8eb0c6e ActivityRecord{7bf817a u0 com.android.music/.MusicBrowserActivity t258}}
12-01 08:01:41.965 25301 25301 I wm_on_stop_called: [129991034,com.android.music.MusicBrowserActivity,handleRelaunchActivity]
12-01 08:01:41.967 25301 25301 I wm_on_destroy_called: [129991034,com.android.music.MusicBrowserActivity,performDestroy]
12-01 08:01:41.982 22714 22730 W ContextImpl: Calling a method in the system process without a qualified user: android.app.ContextImpl.startService:1816 android.content.ContextWrapper.startService:774 com.thundercomm.gamemode.ingame.services.GameModeActionUtils.startGameModeService:93 com.thundercomm.gamemode.ingame.services.GameModeActionUtils.startGameModeEntry:21 com.thundercomm.gamemode.ingame.services.ActivityMonitoringService$1.onActivityLaunch:127
12-01 08:01:41.988 1508 1508 I GameModeConfig: Current uri is uri = content://com.thundercomm.gamemode.api/gamemode_settings/gamemode_isgaming
12-01 08:01:41.994 1508 1508 I GameModeConfig: isGameModeOn = false
12-01 08:01:41.994 1508 1508 I GameModeConfig: isGameModeOn = false
12-01 08:01:41.994 1508 1508 I GameModeConfig: isDisableVoice = true
12-01 08:01:42.008 25301 25301 I wm_on_create_called: [129991034,com.android.music.MusicBrowserActivity,performCreate]
12-01 08:01:42.016 25301 25301 I wm_on_start_called: [129991034,com.android.music.MusicBrowserActivity,handleStartActivity]
12-01 08:01:42.017 25301 25301 I wm_on_resume_called: [129991034,com.android.music.MusicBrowserActivity,RESUME_ACTIVITY]
12-01 08:01:42.017 25301 25301 I wm_on_top_resumed_gained_called: [129991034,com.android.music.MusicBrowserActivity,topWhenResuming]
12-01 08:01:42.028 1508 8164 I WindowManager: finishDrawing of relaunch: Window{5d982f4 u0 com.android.music/com.android.music.MusicBrowserActivity} 82ms
12-01 08:01:42.029 1508 2321 I GameModeConfig: isGameModeOn = false
12-01 08:01:42.029 1508 2321 I GameModeConfig: isGameModeOn = false
12-01 08:01:42.029 1508 2321 I GameModeConfig: isGameModeOn = false
12-01 08:01:42.029 1508 2321 I GameModeConfig: isGameModeOn = false
12-01 08:01:42.029 1508 2321 I GameModeConfig: isGameModeOn = false
12-01 08:01:42.041 1508 1508 I notification_enqueue: [10086,25301,com.android.music,1,NULL,0,Notification(channel=Channel-music shortcut=null contentView=null vibrate=null sound=null defaults=0x0 flags=0x40 color=0x00000000 category=transport actions=4 vis=PRIVATE),1]
12-01 08:01:42.047 1508 1508 I notification_enqueue: [10086,25301,com.android.music,1,NULL,0,Notification(channel=Channel-music shortcut=null contentView=null vibrate=null sound=null defaults=0x0 flags=0x40 color=0x00000000 category=transport actions=4 vis=PRIVATE),1]
12-01 08:01:42.049 1508 2321 I GameModeConfig: isGameModeOn = false
12-01 08:01:42.049 1508 2321 I GameModeConfig: isGameModeOn = false
12-01 08:01:42.050 1508 2321 I GameModeConfig: isGameModeOn = false
12-01 08:01:42.050 1508 2321 I GameModeConfig: isGameModeOn = false
12-01 08:01:42.050 1508 2321 I GameModeConfig: isGameModeOn = false
12-01 08:01:42.058 1508 1508 I notification_enqueue: [10086,25301,com.android.music,1,NULL,0,Notification(channel=Channel-music shortcut=null contentView=null vibrate=null sound=null defaults=0x0 flags=0x40 color=0x00000000 category=transport actions=4 vis=PRIVATE),1]
12-01 08:01:42.062 1508 1508 I notification_enqueue: [10086,25301,com.android.music,1,NULL,0,Notification(channel=Channel-music shortcut=null contentView=null vibrate=null sound=null defaults=0x0 flags=0x40 color=0x00000000 category=transport actions=4 vis=PRIVATE),1]
12-01 08:01:42.245 1508 1508 I GameModeConfig: isGameModeOn = false
12-01 08:01:42.247 1508 1508 I GameModeConfig: isGameModeOn = false
12-01 08:01:42.261 1508 1508 I GameModeConfig: isGameModeOn = false
12-01 08:01:42.263 1508 1508 I GameModeConfig: isGameModeOn = false
12-01 08:01:42.375 1508 1636 I wm_stop_activity: [0,103113767,com.android.launcher3/.uioverrides.QuickstepLauncher]
12-01 08:01:42.384 22714 22730 W ContextImpl: Calling a method in the system process without a qualified user: android.app.ContextImpl.startService:1816 android.content.ContextWrapper.startService:774 com.thundercomm.gamemode.ingame.services.GameModeActionUtils.startGameModeService:93 com.thundercomm.gamemode.ingame.services.GameModeActionUtils.startGameModeEntry:21 com.thundercomm.gamemode.ingame.services.ActivityMonitoringService$1.onActivityLaunch:127
12-01 08:01:42.388 1508 1508 I GameModeConfig: Current uri is uri = content://com.thundercomm.gamemode.api/gamemode_settings/gamemode_isgaming
12-01 08:01:42.391 1508 1508 I GameModeConfig: isGameModeOn = false
12-01 08:01:42.391 1508 1508 I GameModeConfig: isGameModeOn = false
12-01 08:01:42.391 1508 1508 I GameModeConfig: isDisableVoice = true
12-01 08:01:42.407 2822 2822 I wm_on_paused_called: [103113767,com.android.launcher3.uioverrides.QuickstepLauncher,performPause]
12-01 08:01:42.410 2822 2822 I wm_on_stop_called: [103113767,com.android.launcher3.uioverrides.QuickstepLauncher,STOP_ACTIVITY_ITEM]
12-01 08:01:42.433 22714 22730 W ContextImpl: Calling a method in the system process without a qualified user: android.app.ContextImpl.startService:1816 android.content.ContextWrapper.startService:774 com.thundercomm.gamemode.ingame.services.GameModeActionUtils.startGameModeService:93 com.thundercomm.gamemode.ingame.services.GameModeActionUtils.startGameModeEntry:21 com.thundercomm.gamemode.ingame.services.ActivityMonitoringService$1.onActivityLaunch:127
12-01 08:01:42.437 1508 1508 I GameModeConfig: Current uri is uri = content://com.thundercomm.gamemode.api/gamemode_settings/gamemode_isgaming
12-01 08:01:42.440 1508 1508 I GameModeConfig: isGameModeOn = false
12-01 08:01:42.440 1508 1508 I GameModeConfig: isGameModeOn = false
12-01 08:01:42.440 1508 1508 I GameModeConfig: isDisableVoice = true
12-01 08:01:43.351 0 0 I auditd : type=1400 audit(0.0:16071): avc: denied { kill } for comm="swapper/1" capability=5 scontext=u:r:kernel:s0 tcontext=u:r:kernel:s0 tclass=capability permissive=0
12-01 08:01:44.097 1508 9618 I wm_task_moved: [1,0,0]
12-01 08:01:44.098 1508 9618 I wm_task_moved: [1,0,7]
12-01 08:01:44.108 2822 2822 I wm_on_restart_called: [103113767,com.android.launcher3.uioverrides.QuickstepLauncher,performRestartActivity]
12-01 08:01:44.133 22714 22730 W ContextImpl: Calling a method in the system process without a qualified user: android.app.ContextImpl.startService:1816 android.content.ContextWrapper.startService:774 com.thundercomm.gamemode.ingame.services.GameModeActionUtils.startGameModeService:93 com.thundercomm.gamemode.ingame.services.GameModeActionUtils.startGameModeEntry:21 com.thundercomm.gamemode.ingame.services.ActivityMonitoringService$1.onActivityLaunch:127
12-01 08:01:44.136 1508 1508 I GameModeConfig: Current uri is uri = content://com.thundercomm.gamemode.api/gamemode_settings/gamemode_isgaming
12-01 08:01:44.138 1508 1508 I GameModeConfig: isGameModeOn = false
12-01 08:01:44.138 1508 1508 I GameModeConfig: isGameModeOn = false
12-01 08:01:44.138 1508 1508 I GameModeConfig: isDisableVoice = true
12-01 08:01:44.139 2822 2822 I wm_on_start_called: [103113767,com.android.launcher3.uioverrides.QuickstepLauncher,handleStartActivity]
12-01 08:01:44.144 1508 9856 W ActivityTaskManager: getTaskSnapshot: taskId=2249 not found
12-01 08:01:44.145 1508 9856 W ActivityTaskManager: getTaskSnapshot: taskId=1249 not found
12-01 08:01:44.157 1508 1633 I sysui_multi_action: [319,19,322,54,325,14922,757,761,758,9,759,5,806,com.android.launcher3,871,com.android.launcher3.uioverrides.QuickstepLauncher,905,0,1320,8,1321,5]
12-01 08:01:44.194 25301 25301 I view_enqueue_input_event: [Motion - Cancel,com.android.music/com.android.music.MusicBrowserActivity]
12-01 08:01:44.196 2822 2822 I sysui_latency: [1,69]
12-01 08:01:44.203 1508 2005 I input_interaction: Interaction with: edge-swipe (server), swipe-up (server), PointerEventDispatcher0 (server),
12-01 08:01:44.224 1508 1637 I input_focus: [Focus request recents_animation_input_consumer,reason=UpdateInputWindows]
12-01 08:01:44.246 1508 2005 I input_focus: [Focus leaving 5d982f4 com.android.music/com.android.music.MusicBrowserActivity (server),reason=NOT_FOCUSABLE]
12-01 08:01:44.246 1508 2005 I input_focus: [Focus entering recents_animation_input_consumer (server),reason=setFocusedWindow]
12-01 08:01:44.349 1508 1754 I commit_sys_config_file: [settings-1-0,11]
12-01 08:01:44.452 1508 1647 I sysui_latency: [8,70]
12-01 08:01:44.963 1508 9618 I wm_task_moved: [1,1,8]
12-01 08:01:44.965 1508 9618 I wm_focused_root_task: [0,0,1,258,RecentsAnimation.onAnimationFinished()]
12-01 08:01:44.965 25301 25301 I wm_on_top_resumed_lost_called: [129991034,com.android.music.MusicBrowserActivity,topStateChangedWhenResumed]
12-01 08:01:44.968 1508 9618 I wm_pause_activity: [0,129991034,com.android.music/.MusicBrowserActivity,userLeaving=false,pauseBackTasks]
12-01 08:01:44.975 1508 9618 I ActivityTaskManager: FOREGROUND_APPLICATION_CHANGED to com.android.launcher3.uioverrides.QuickstepLauncher
12-01 08:01:44.976 1508 9618 I wm_set_resumed_activity: [0,com.android.launcher3/.uioverrides.QuickstepLauncher,resumeTopActivityInnerLocked]
12-01 08:01:44.977 1508 9618 I wm_resume_activity: [0,103113767,10,com.android.launcher3/.uioverrides.QuickstepLauncher]
12-01 08:01:44.978 1508 9618 I wm_add_to_stopping: [0,129991034,com.android.music/.MusicBrowserActivity,makeInvisible]
12-01 08:01:44.978 2822 2822 I wm_on_resume_called: [103113767,com.android.launcher3.uioverrides.QuickstepLauncher,RESUME_ACTIVITY]
12-01 08:01:44.985 1508 1637 I input_focus: [Focus request 9ddf785 com.android.launcher3/com.android.launcher3.uioverrides.QuickstepLauncher,reason=UpdateInputWindows]
12-01 08:01:44.985 25301 25301 I wm_on_paused_called: [129991034,com.android.music.MusicBrowserActivity,performPause]
12-01 08:01:44.986 1508 1636 I sysui_multi_action: [757,803,799,window_time_2,802,12]
12-01 08:01:44.993 1508 1636 I wm_stop_activity: [0,129991034,com.android.music/.MusicBrowserActivity]
12-01 08:01:44.994 1508 1636 I sysui_multi_action: [757,803,799,window_time_0,802,0]
12-01 08:01:44.998 2822 2822 I wm_on_top_resumed_gained_called: [103113767,com.android.launcher3.uioverrides.QuickstepLauncher,topStateChangedWhenResumed]
12-01 08:01:44.998 1508 2005 I input_focus: [Focus leaving recents_animation_input_consumer (server),reason=NOT_VISIBLE]
12-01 08:01:44.998 1508 2005 I input_focus: [Focus entering 9ddf785 com.android.launcher3/com.android.launcher3.uioverrides.QuickstepLauncher (server),reason=setFocusedWindow]
12-01 08:01:45.009 25301 25301 I wm_on_stop_called: [129991034,com.android.music.MusicBrowserActivity,STOP_ACTIVITY_ITEM]
12-01 08:01:45.027 22714 22730 W ContextImpl: Calling a method in the system process without a qualified user: android.app.ContextImpl.startService:1816 android.content.ContextWrapper.startService:774 com.thundercomm.gamemode.ingame.services.GameModeActionUtils.startGameModeService:93 com.thundercomm.gamemode.ingame.services.GameModeActionUtils.startGameModeEntry:21 com.thundercomm.gamemode.ingame.services.ActivityMonitoringService$1.onActivityLaunch:127
12-01 08:01:45.029 1508 1508 I GameModeConfig: Current uri is uri = content://com.thundercomm.gamemode.api/gamemode_settings/gamemode_isgaming
12-01 08:01:45.031 1508 1508 I GameModeConfig: isGameModeOn = false
12-01 08:01:45.031 1508 1508 I GameModeConfig: isGameModeOn = false
12-01 08:01:45.031 1508 1508 I GameModeConfig: isDisableVoice = true
12-01 08:01:45.100 22714 22730 W ContextImpl: Calling a method in the system process without a qualified user: android.app.ContextImpl.startService:1816 android.content.ContextWrapper.startService:774 com.thundercomm.gamemode.ingame.services.GameModeActionUtils.startGameModeService:93 com.thundercomm.gamemode.ingame.services.GameModeActionUtils.startGameModeEntry:21 com.thundercomm.gamemode.ingame.services.ActivityMonitoringService$1.onActivityLaunch:127
12-01 08:01:45.104 1508 1508 I GameModeConfig: Current uri is uri = content://com.thundercomm.gamemode.api/gamemode_settings/gamemode_isgaming
12-01 08:01:45.107 1508 1508 I GameModeConfig: isGameModeOn = false
12-01 08:01:45.108 1508 1508 I GameModeConfig: isGameModeOn = false
12-01 08:01:45.108 1508 1508 I GameModeConfig: isDisableVoice = true
12-01 08:01:45.196 1508 1754 I commit_sys_config_file: [settings-1-0,4]
12-01 08:01:45.351 0 0 I auditd : type=1400 audit(0.0:16072): avc: denied { kill } for comm="swapper/1" capability=5 scontext=u:r:kernel:s0 tcontext=u:r:kernel:s0 tclass=capability permissive=0
12-01 08:01:46.351 0 0 I auditd : type=1400 audit(0.0:16073): avc: denied { kill } for comm="swapper/1" capability=5 scontext=u:r:kernel:s0 tcontext=u:r:kernel:s0 tclass=capability permissive=0
12-01 08:01:46.358 1508 2005 I input_interaction: Interaction with: 9ddf785 com.android.launcher3/com.android.launcher3.uioverrides.QuickstepLauncher (server), a0d30ab com.android.systemui.ImageWallpaper (server), edge-swipe (server), swipe-up (server), PointerEventDispatcher0 (server),
12-01 08:01:46.516 1508 1508 I service_manager_stats: [100,93,50852]
12-01 08:01:46.520 1508 9618 I ActivityTaskManager: START u0 {flg=0x10008000 cmp=com.android.gallery3d/.app.GalleryActivity} from uid 10076
12-01 08:01:46.526 1508 9618 I wm_task_created: [259,-1]
12-01 08:01:46.526 1508 9618 W ActivityTaskManager: Can't find TaskDisplayArea to determine support for multi window. Task id=259 attached=false
12-01 08:01:46.528 1508 9618 D FreeFormWindowHelper: Add freeform task=Task{ccb9317 #259 type=standard ?? U=0 visible=false mode=freeform translucent=true sz=0}
12-01 08:01:46.535 1508 9618 I wm_task_moved: [259,1,9]
12-01 08:01:46.535 1508 9618 I wm_task_to_front: [0,259]
12-01 08:01:46.535 1508 9618 I wm_create_task: [0,259]
12-01 08:01:46.536 1508 9618 I wm_create_activity: [0,71881476,259,com.android.gallery3d/.app.GalleryActivity,NULL,NULL,NULL,268468224]
12-01 08:01:46.536 1508 9618 I wm_task_moved: [259,1,9]
12-01 08:01:46.538 1508 9618 I ActivityTaskManager: FOREGROUND_APPLICATION_CHANGED to com.android.gallery3d.app.GalleryActivity
12-01 08:01:46.539 1508 9618 I ActivityTaskManager: The Process com.android.gallery3d Already Exists in BG. So sending its PID: 22978
12-01 08:01:46.541 1508 9618 W ActivityTaskManager: Tried to set launchTime (0) < mLastActivityLaunchTime (14823811)
12-01 08:01:46.543 1508 9618 I wm_restart_activity: [0,71881476,259,com.android.gallery3d/.app.GalleryActivity]
12-01 08:01:46.545 1508 9618 I wm_set_resumed_activity: [0,com.android.gallery3d/.app.GalleryActivity,minimalResumeActivityLocked]
12-01 08:01:46.558 2822 2822 I wm_on_top_resumed_lost_called: [103113767,com.android.launcher3.uioverrides.QuickstepLauncher,topStateChangedWhenResumed]
12-01 08:01:46.576 22714 22730 W ContextImpl: Calling a method in the system process without a qualified user: android.app.ContextImpl.startService:1816 android.content.ContextWrapper.startService:774 com.thundercomm.gamemode.ingame.services.GameModeActionUtils.startGameModeService:93 com.thundercomm.gamemode.ingame.services.GameModeActionUtils.startGameModeEntry:21 com.thundercomm.gamemode.ingame.services.ActivityMonitoringService$1.onActivityLaunch:127
12-01 08:01:46.582 1508 1508 I GameModeConfig: Current uri is uri = content://com.thundercomm.gamemode.api/gamemode_settings/gamemode_isgaming
12-01 08:01:46.588 1508 1508 I GameModeConfig: isGameModeOn = false
12-01 08:01:46.589 22978 22978 I wm_on_create_called: [71881476,com.android.gallery3d.app.GalleryActivity,performCreate]
12-01 08:01:46.590 22978 22978 I wm_on_start_called: [71881476,com.android.gallery3d.app.GalleryActivity,handleStartActivity]
12-01 08:01:46.591 1508 1508 I GameModeConfig: isGameModeOn = false
12-01 08:01:46.591 1508 1508 I GameModeConfig: isDisableVoice = true
12-01 08:01:46.593 22978 22978 I wm_on_resume_called: [71881476,com.android.gallery3d.app.GalleryActivity,RESUME_ACTIVITY]
12-01 08:01:46.596 22978 22978 I wm_on_top_resumed_gained_called: [71881476,com.android.gallery3d.app.GalleryActivity,topStateChangedWhenResumed]
12-01 08:01:46.601 1508 8059 W WindowManager: updateScale0.7996942
12-01 08:01:46.605 1508 1637 I input_focus: [Focus request 1ab76e com.android.gallery3d/com.android.gallery3d.app.GalleryActivity,reason=UpdateInputWindows]
12-01 08:01:46.635 1508 2005 I input_focus: [Focus leaving 9ddf785 com.android.launcher3/com.android.launcher3.uioverrides.QuickstepLauncher (server),reason=Waiting for window because NOT_VISIBLE]
12-01 08:01:46.638 1508 1637 W WindowManager: updateScale0.7996942
12-01 08:01:46.641 1508 1637 W WindowManager: updateScale0.7996942
12-01 08:01:46.643 1508 1637 W WindowManager: updateScale0.7996942
12-01 08:01:46.647 1508 1633 I sysui_multi_action: [319,121,322,121,325,14925,757,761,758,8,759,2,806,com.android.gallery3d,871,com.android.gallery3d.app.GalleryActivity,904,com.android.launcher3,905,0,1320,8,1321,5]
12-01 08:01:46.648 1508 1633 I wm_activity_launch_time: [0,71881476,com.android.gallery3d/.app.GalleryActivity,121]
12-01 08:01:46.652 1508 2005 I input_focus: [Focus entering 1ab76e com.android.gallery3d/com.android.gallery3d.app.GalleryActivity (server),reason=Window became focusable. Previous reason: NOT_VISIBLE]
12-01 08:01:46.920 1508 1637 W WindowManager: updateScale0.7996942
12-01 08:01:47.351 0 0 I auditd : type=1400 audit(0.0:16074): avc: denied { kill } for comm="swapper/1" capability=5 scontext=u:r:kernel:s0 tcontext=u:r:kernel:s0 tclass=capability permissive=0
12-01 08:01:48.351 0 0 I auditd : type=1400 audit(0.0:16075): avc: denied { kill } for comm="swapper/1" capability=5 scontext=u:r:kernel:s0 tcontext=u:r:kernel:s0 tclass=capability permissive=0
12-01 08:01:49.128 1508 2005 I input_interaction: Interaction with: 1ab76e com.android.gallery3d/com.android.gallery3d.app.GalleryActivity (server), edge-swipe (server), swipe-up (server), PointerEventDispatcher0 (server),
12-01 08:01:49.272 1508 9618 W WindowManager: updateScale0.7996942
12-01 08:01:49.272 1508 9618 W WindowManager: updateScale0.7996942
12-01 08:01:49.277 1508 1637 I input_focus: [Focus request e3c83b8 PopupWindow:180578b,reason=UpdateInputWindows]
12-01 08:01:49.297 1508 1637 W WindowManager: updateScale0.7996942
12-01 08:01:49.297 1508 1637 W WindowManager: updateScale0.7996942
12-01 08:01:49.299 1508 1637 W WindowManager: updateScale0.7996942
12-01 08:01:49.299 1508 1637 W WindowManager: updateScale0.7996942
12-01 08:01:49.303 1508 9618 W WindowManager: updateScale0.7996942
12-01 08:01:49.303 1508 9618 W WindowManager: updateScale0.7996942
12-01 08:01:49.314 1508 2005 I input_focus: [Focus leaving 1ab76e com.android.gallery3d/com.android.gallery3d.app.GalleryActivity (server),reason=setFocusedWindow]
12-01 08:01:49.314 1508 2005 I input_focus: [Focus entering e3c83b8 PopupWindow:180578b (server),reason=setFocusedWindow]
12-01 08:01:49.351 0 0 I auditd : type=1400 audit(0.0:16076): avc: denied { kill } for comm="swapper/1" capability=5 scontext=u:r:kernel:s0 tcontext=u:r:kernel:s0 tclass=capability permissive=0
12-01 08:01:50.246 1508 2005 I input_interaction: Interaction with: e3c83b8 PopupWindow:180578b (server), edge-swipe (server), swipe-up (server), PointerEventDispatcher0 (server),
12-01 08:01:50.265 1508 9618 W WindowManager: updateScale0.7996942
12-01 08:01:50.265 1508 9618 W WindowManager: updateScale0.7996942
12-01 08:01:50.270 1508 1637 I input_focus: [Focus request 1ab76e com.android.gallery3d/com.android.gallery3d.app.GalleryActivity,reason=UpdateInputWindows]
12-01 08:01:50.304 1508 2005 I input_focus: [Focus entering 1ab76e com.android.gallery3d/com.android.gallery3d.app.GalleryActivity (server),reason=setFocusedWindow]
12-01 08:01:50.514 1508 1637 W WindowManager: updateScale0.7996942
12-01 08:01:50.529 1508 1637 W WindowManager: updateScale0.7996942
12-01 08:01:50.564 1508 3862 E TaskPersister: File error accessing recents directory (directory doesn't exist?).
12-01 08:01:50.784 1508 1508 I notification_enqueue: [10097,9319,com.github.uiautomator,1,NULL,0,Notification(channel=monitor service shortcut=null contentView=null vibrate=null sound=null tick defaults=0x0 flags=0x40 color=0x00000000 vis=PRIVATE),1]
12-01 08:01:50.925 1508 2005 I input_interaction: Interaction with: 1ab76e com.android.gallery3d/com.android.gallery3d.app.GalleryActivity (server), edge-swipe (server), swipe-up (server), PointerEventDispatcher0 (server),
12-01 08:01:50.986 1508 1508 I GameModeConfig: isGameModeOn = false
12-01 08:01:51.073 1508 9618 W WindowManager: updateScale0.7996942
12-01 08:01:51.073 1508 9618 W WindowManager: updateScale0.7996942
12-01 08:01:51.076 1508 1637 I input_focus: [Focus request 706c501 PopupWindow:b5829b2,reason=UpdateInputWindows]
12-01 08:01:51.092 1508 1637 W WindowManager: updateScale0.7996942
12-01 08:01:51.092 1508 1637 W WindowManager: updateScale0.7996942
12-01 08:01:51.095 1508 1637 W WindowManager: updateScale0.7996942
12-01 08:01:51.095 1508 1637 W WindowManager: updateScale0.7996942
12-01 08:01:51.098 1508 2005 I input_focus: [Focus leaving 1ab76e com.android.gallery3d/com.android.gallery3d.app.GalleryActivity (server),reason=Waiting for window because NOT_VISIBLE]
12-01 08:01:51.115 1508 2005 I input_focus: [Focus entering 706c501 PopupWindow:b5829b2 (server),reason=Window became focusable. Previous reason: NOT_VISIBLE]
12-01 08:01:51.351 0 0 I auditd : type=1400 audit(0.0:16077): avc: denied { kill } for comm="swapper/1" capability=5 scontext=u:r:kernel:s0 tcontext=u:r:kernel:s0 tclass=capability permissive=0
12-01 08:01:52.351 0 0 I auditd : type=1400 audit(0.0:16078): avc: denied { kill } for comm="swapper/1" capability=5 scontext=u:r:kernel:s0 tcontext=u:r:kernel:s0 tclass=capability permissive=0
12-01 08:01:53.351 0 0 I auditd : type=1400 audit(0.0:16079): avc: denied { kill } for comm="swapper/1" capability=5 scontext=u:r:kernel:s0 tcontext=u:r:kernel:s0 tclass=capability permissive=0
12-01 08:01:53.544 1508 2005 I input_interaction: Interaction with: 706c501 PopupWindow:b5829b2 (server), edge-swipe (server), swipe-up (server), PointerEventDispatcher0 (server),
12-01 08:01:53.702 22978 22978 I menu_item_selected: [0,刷新]
12-01 08:01:53.711 1508 9618 W WindowManager: updateScale0.7996942
12-01 08:01:53.712 1508 9618 W WindowManager: updateScale0.7996942
12-01 08:01:53.718 1508 1637 I input_focus: [Focus request 1ab76e com.android.gallery3d/com.android.gallery3d.app.GalleryActivity,reason=UpdateInputWindows]
12-01 08:01:53.740 1508 2005 I input_focus: [Focus entering 1ab76e com.android.gallery3d/com.android.gallery3d.app.GalleryActivity (server),reason=setFocusedWindow]
12-01 08:01:53.956 1508 1637 W WindowManager: updateScale0.7996942
12-01 08:01:53.972 1508 1637 W WindowManager: updateScale0.7996942
12-01 08:01:54.351 0 0 I auditd : type=1400 audit(0.0:16080): avc: denied { kill } for comm="swapper/1" capability=5 scontext=u:r:kernel:s0 tcontext=u:r:kernel:s0 tclass=capability permissive=0
12-01 08:01:54.648 1508 2005 I input_interaction: Interaction with: 1ab76e com.android.gallery3d/com.android.gallery3d.app.GalleryActivity (server), edge-swipe (server), swipe-up (server), PointerEventDispatcher0 (server),
12-01 08:01:55.044 1508 9618 W WindowManager: updateScale0.7996942
12-01 08:01:56.458 1508 9618 W WindowManager: updateScale0.7996942
12-01 08:01:57.350 1508 9618 W WindowManager: updateScale0.7996942
12-01 08:01:57.350 1508 9618 W WindowManager: updateScale0.7996942
12-01 08:01:57.353 1508 1637 I input_focus: [Focus request e1ba9f5 PopupWindow:1daa6cb,reason=UpdateInputWindows]
12-01 08:01:57.351 0 0 I auditd : type=1400 audit(0.0:16081): avc: denied { kill } for comm="swapper/3" capability=5 scontext=u:r:kernel:s0 tcontext=u:r:kernel:s0 tclass=capability permissive=0
12-01 08:01:57.372 1508 1637 W WindowManager: updateScale0.7996942
12-01 08:01:57.373 1508 1637 W WindowManager: updateScale0.7996942
12-01 08:01:57.375 1508 1637 W WindowManager: updateScale0.7996942
12-01 08:01:57.375 1508 1637 W WindowManager: updateScale0.7996942
12-01 08:01:57.380 1508 2005 I input_focus: [Focus leaving 1ab76e com.android.gallery3d/com.android.gallery3d.app.GalleryActivity (server),reason=setFocusedWindow]
12-01 08:01:57.380 1508 2005 I input_focus: [Focus entering e1ba9f5 PopupWindow:1daa6cb (server),reason=setFocusedWindow]
12-01 08:01:58.351 0 0 I auditd : type=1400 audit(0.0:16082): avc: denied { kill } for comm="swapper/3" capability=5 scontext=u:r:kernel:s0 tcontext=u:r:kernel:s0 tclass=capability permissive=0
12-01 08:01:59.351 0 0 I auditd : type=1400 audit(0.0:16083): avc: denied { kill } for comm="swapper/3" capability=5 scontext=u:r:kernel:s0 tcontext=u:r:kernel:s0 tclass=capability permissive=0
12-01 08:02:00.351 0 0 I auditd : type=1400 audit(0.0:16084): avc: denied { kill } for comm="swapper/3" capability=5 scontext=u:r:kernel:s0 tcontext=u:r:kernel:s0 tclass=capability permissive=0
12-01 08:02:01.351 0 0 I auditd : type=1400 audit(0.0:16085): avc: denied { kill } for comm="swapper/3" capability=5 scontext=u:r:kernel:s0 tcontext=u:r:kernel:s0 tclass=capability permissive=0
