12-01 07:45:12.879 1508 1739 W ActivityTaskManager: getTaskSnapshot: taskId=5204 not found
12-01 07:45:12.883 1508 1739 W ActivityTaskManager: getTaskSnapshot: taskId=4204 not found
12-01 07:45:12.886 1508 10935 W ActivityTaskManager: getTaskSnapshot: taskId=3204 not found
12-01 07:45:12.889 1508 2971 W ActivityTaskManager: getTaskSnapshot: taskId=2204 not found
12-01 07:45:12.890 1508 1739 W ActivityTaskManager: getTaskSnapshot: taskId=1204 not found
12-01 07:45:13.463 1508 9618 W ActivityManager: Receiver with filter android.content.IntentFilter@c626a1d already registered for pid 23346, callerPackage is com.android.music
12-01 07:45:13.472 22714 22730 W ContextImpl: Calling a method in the system process without a qualified user: android.app.ContextImpl.startService:1816 android.content.ContextWrapper.startService:774 com.thundercomm.gamemode.ingame.services.GameModeActionUtils.startGameModeService:93 com.thundercomm.gamemode.ingame.services.GameModeActionUtils.startGameModeEntry:21 com.thundercomm.gamemode.ingame.services.ActivityMonitoringService$1.onActivityLaunch:127
12-01 07:45:13.481 1508 1508 I GameModeConfig: Current uri is uri = content://com.thundercomm.gamemode.api/gamemode_settings/gamemode_isgaming
12-01 07:45:13.483 1508 1508 I GameModeConfig: isGameModeOn = false
12-01 07:45:13.483 1508 1508 I GameModeConfig: isGameModeOn = false
12-01 07:45:13.483 1508 1508 I GameModeConfig: isDisableVoice = true
12-01 07:45:13.548 22714 22730 W ContextImpl: Calling a method in the system process without a qualified user: android.app.ContextImpl.startService:1816 android.content.ContextWrapper.startService:774 com.thundercomm.gamemode.ingame.services.GameModeActionUtils.startGameModeService:93 com.thundercomm.gamemode.ingame.services.GameModeActionUtils.startGameModeEntry:21 com.thundercomm.gamemode.ingame.services.ActivityMonitoringService$1.onActivityLaunch:127
12-01 07:45:13.551 1508 1508 I GameModeConfig: Current uri is uri = content://com.thundercomm.gamemode.api/gamemode_settings/gamemode_isgaming
12-01 07:45:13.554 1508 1508 I GameModeConfig: isGameModeOn = false
12-01 07:45:13.554 1508 1508 I GameModeConfig: isGameModeOn = false
12-01 07:45:13.554 1508 1508 I GameModeConfig: isDisableVoice = true
12-01 07:45:13.732 1508 1637 D FreeFormWindowHelper: Remove freefrom task=Task{579bee3 #206 type=standard A=10086:android.task.music U=0 visible=false mode=freeform translucent=true sz=0}
12-01 07:45:14.236 1508 9618 D FreeFormWindowHelper: Add freeform task=Task{aaa01c7 #204 type=standard A=10065:com.android.deskclock U=0 visible=false mode=freeform translucent=true sz=0}
12-01 07:45:14.239 1508 9618 I ActivityTaskManager: START u0 {flg=0x10108000 cmp=com.android.deskclock/.DeskClock} from uid 10076
12-01 07:45:14.251 1508 9618 I ActivityTaskManager: FOREGROUND_APPLICATION_CHANGED to com.android.deskclock.DeskClock
12-01 07:45:14.251 1508 9618 I ActivityTaskManager: The Process com.android.deskclock Already Exists in BG. So sending its PID: 23086
12-01 07:45:14.251 1508 9618 W ActivityTaskManager: Tried to set launchTime (0) < mLastActivityLaunchTime (13923592)
12-01 07:45:14.277 22714 22730 W ContextImpl: Calling a method in the system process without a qualified user: android.app.ContextImpl.startService:1816 android.content.ContextWrapper.startService:774 com.thundercomm.gamemode.ingame.services.GameModeActionUtils.startGameModeService:93 com.thundercomm.gamemode.ingame.services.GameModeActionUtils.startGameModeEntry:21 com.thundercomm.gamemode.ingame.services.ActivityMonitoringService$1.onActivityLaunch:127
12-01 07:45:14.281 1508 1508 I GameModeConfig: Current uri is uri = content://com.thundercomm.gamemode.api/gamemode_settings/gamemode_isgaming
12-01 07:45:14.282 1508 1508 I GameModeConfig: isGameModeOn = false
12-01 07:45:14.282 1508 1508 I GameModeConfig: isGameModeOn = false
12-01 07:45:14.282 1508 1508 I GameModeConfig: isDisableVoice = true
12-01 07:45:14.285 1508 2971 I ActivityTaskManager: START u0 {act=android.content.pm.action.REQUEST_PERMISSIONS pkg=com.android.permissioncontroller cmp=com.android.permissioncontroller/.permission.ui.GrantPermissionsActivity (has extras)} from uid 10065
12-01 07:45:14.313 1508 9618 I ActivityTaskManager: FOREGROUND_APPLICATION_CHANGED to com.android.permissioncontroller.permission.ui.GrantPermissionsActivity
12-01 07:45:14.313 1508 9618 I ActivityTaskManager: The Process com.android.permissioncontroller Already Exists in BG. So sending its PID: 23287
12-01 07:45:14.313 1508 9618 W ActivityTaskManager: Tried to set launchTime (0) < mLastActivityLaunchTime (13926898)
12-01 07:45:14.351 1508 10935 W WindowManager: updateScale0.7996942
12-01 07:45:14.355 1508 10935 W WindowManager: updateScale0.7996942
12-01 07:45:14.359 1508 2971 W WindowManager: updateScale0.7996942
12-01 07:45:14.363 1508 9619 I ActivityTaskManager: FOREGROUND_APPLICATION_CHANGED to com.android.deskclock.DeskClock
12-01 07:45:14.366 1508 9619 W WindowManager: updateScale0.7996942
12-01 07:45:14.372 1508 1637 W WindowManager: updateScale0.7996942
12-01 07:45:14.401 1508 1637 W WindowManager: updateScale0.7996942
12-01 07:45:14.403 1508 1637 W WindowManager: updateScale0.7996942
12-01 07:45:14.404 1508 1637 W WindowManager: updateScale0.7996942
12-01 07:45:14.483 22714 22730 W ContextImpl: Calling a method in the system process without a qualified user: android.app.ContextImpl.startService:1816 android.content.ContextWrapper.startService:774 com.thundercomm.gamemode.ingame.services.GameModeActionUtils.startGameModeService:93 com.thundercomm.gamemode.ingame.services.GameModeActionUtils.startGameModeEntry:21 com.thundercomm.gamemode.ingame.services.ActivityMonitoringService$1.onActivityLaunch:127
12-01 07:45:14.494 1508 1508 I GameModeConfig: Current uri is uri = content://com.thundercomm.gamemode.api/gamemode_settings/gamemode_isgaming
12-01 07:45:14.498 1508 1508 I GameModeConfig: isGameModeOn = false
12-01 07:45:14.498 1508 1508 I GameModeConfig: isGameModeOn = false
12-01 07:45:14.498 1508 1508 I GameModeConfig: isDisableVoice = true
12-01 07:45:14.688 1508 1637 W WindowManager: updateScale0.7996942
12-01 07:45:14.696 1508 10935 W WindowManager: updateScale0.7996942
12-01 07:45:14.704 22714 22730 W ContextImpl: Calling a method in the system process without a qualified user: android.app.ContextImpl.startService:1816 android.content.ContextWrapper.startService:774 com.thundercomm.gamemode.ingame.services.GameModeActionUtils.startGameModeService:93 com.thundercomm.gamemode.ingame.services.GameModeActionUtils.startGameModeEntry:21 com.thundercomm.gamemode.ingame.services.ActivityMonitoringService$1.onActivityLaunch:127
12-01 07:45:14.710 1508 1508 I GameModeConfig: Current uri is uri = content://com.thundercomm.gamemode.api/gamemode_settings/gamemode_isgaming
12-01 07:45:14.714 1508 1508 I GameModeConfig: isGameModeOn = false
12-01 07:45:14.714 1508 1508 I GameModeConfig: isGameModeOn = false
12-01 07:45:14.714 1508 1508 I GameModeConfig: isDisableVoice = true
12-01 07:45:14.914 1508 3862 E TaskPersister: File error accessing recents directory (directory doesn't exist?).
12-01 07:45:15.812 1508 2971 W WindowManager: updateScale0.4617737
12-01 07:45:15.816 1508 2971 W WindowManager: updateScale0.4617737
12-01 07:45:15.859 1508 10935 I ActivityTaskManager: START u0 {act=android.content.pm.action.REQUEST_PERMISSIONS pkg=com.android.permissioncontroller cmp=com.android.permissioncontroller/.permission.ui.GrantPermissionsActivity (has extras)} from uid 10065
12-01 07:45:15.866 1508 10935 W WindowManager: updateScale0.4617737
12-01 07:45:15.931 1508 1739 W WindowManager: updateScale0.4617737
12-01 07:45:15.933 1508 1739 W WindowManager: updateScale0.4617737
12-01 07:45:15.967 1508 1739 I ActivityTaskManager: FOREGROUND_APPLICATION_CHANGED to com.android.permissioncontroller.permission.ui.GrantPermissionsActivity
12-01 07:45:15.967 1508 1739 I ActivityTaskManager: The Process com.android.permissioncontroller Already Exists in BG. So sending its PID: 23287
12-01 07:45:15.968 1508 1739 W ActivityTaskManager: Tried to set launchTime (0) < mLastActivityLaunchTime (13932894)
12-01 07:45:15.993 22714 22730 W ContextImpl: Calling a method in the system process without a qualified user: android.app.ContextImpl.startService:1816 android.content.ContextWrapper.startService:774 com.thundercomm.gamemode.ingame.services.GameModeActionUtils.startGameModeService:93 com.thundercomm.gamemode.ingame.services.GameModeActionUtils.startGameModeEntry:21 com.thundercomm.gamemode.ingame.services.ActivityMonitoringService$1.onActivityLaunch:127
12-01 07:45:15.999 1508 1508 I GameModeConfig: Current uri is uri = content://com.thundercomm.gamemode.api/gamemode_settings/gamemode_isgaming
12-01 07:45:16.004 1508 1508 I GameModeConfig: isGameModeOn = false
12-01 07:45:16.004 1508 1508 I GameModeConfig: isGameModeOn = false
12-01 07:45:16.004 1508 1508 I GameModeConfig: isDisableVoice = true
12-01 07:45:16.005 1508 10935 W WindowManager: updateScale0.4617737
12-01 07:45:16.005 1508 10935 W WindowManager: updateScale0.4617737
12-01 07:45:16.011 1508 1637 W WindowManager: updateScale0.4617737
12-01 07:45:16.011 1508 1637 W WindowManager: updateScale0.4617737
12-01 07:45:16.013 1508 1637 W WindowManager: updateScale0.4617737
12-01 07:45:16.014 1508 1637 W WindowManager: updateScale0.4617737
12-01 07:45:16.035 1508 6408 I ActivityTaskManager: FOREGROUND_APPLICATION_CHANGED to com.android.deskclock.DeskClock
12-01 07:45:16.044 1508 6408 W WindowManager: updateScale0.4617737
12-01 07:45:16.054 1508 9618 W WindowManager: updateScale0.4617737
12-01 07:45:16.095 1508 9618 W WindowManager: updateScale0.4617737
12-01 07:45:16.112 22714 22730 W ContextImpl: Calling a method in the system process without a qualified user: android.app.ContextImpl.startService:1816 android.content.ContextWrapper.startService:774 com.thundercomm.gamemode.ingame.services.GameModeActionUtils.startGameModeService:93 com.thundercomm.gamemode.ingame.services.GameModeActionUtils.startGameModeEntry:21 com.thundercomm.gamemode.ingame.services.ActivityMonitoringService$1.onActivityLaunch:127
12-01 07:45:16.117 1508 1508 I GameModeConfig: Current uri is uri = content://com.thundercomm.gamemode.api/gamemode_settings/gamemode_isgaming
12-01 07:45:16.119 1508 1508 I GameModeConfig: isGameModeOn = false
12-01 07:45:16.119 1508 1508 I GameModeConfig: isGameModeOn = false
12-01 07:45:16.119 1508 1508 I GameModeConfig: isDisableVoice = true
12-01 07:45:16.149 22714 22730 W ContextImpl: Calling a method in the system process without a qualified user: android.app.ContextImpl.startService:1816 android.content.ContextWrapper.startService:774 com.thundercomm.gamemode.ingame.services.GameModeActionUtils.startGameModeService:93 com.thundercomm.gamemode.ingame.services.GameModeActionUtils.startGameModeEntry:21 com.thundercomm.gamemode.ingame.services.ActivityMonitoringService$1.onActivityLaunch:127
12-01 07:45:16.156 1508 1508 I GameModeConfig: Current uri is uri = content://com.thundercomm.gamemode.api/gamemode_settings/gamemode_isgaming
12-01 07:45:16.159 1508 1508 I GameModeConfig: isGameModeOn = false
12-01 07:45:16.159 1508 1508 I GameModeConfig: isGameModeOn = false
12-01 07:45:16.159 1508 1508 I GameModeConfig: isDisableVoice = true
12-01 07:45:16.257 1508 1637 W WindowManager: updateScale0.4617737
12-01 07:45:16.272 1508 1637 W WindowManager: updateScale0.4617737
12-01 07:45:16.308 1508 1637 W WindowManager: updateScale0.4617737
12-01 07:45:16.614 1508 9618 W WindowManager: updateScale0.7996942
12-01 07:45:16.618 1508 9618 W WindowManager: updateScale0.7996942
12-01 07:45:16.672 1508 10935 I ActivityTaskManager: START u0 {act=android.content.pm.action.REQUEST_PERMISSIONS pkg=com.android.permissioncontroller cmp=com.android.permissioncontroller/.permission.ui.GrantPermissionsActivity (has extras)} from uid 10065
12-01 07:45:16.678 1508 10935 W WindowManager: updateScale0.7996942
12-01 07:45:16.730 1508 9618 W WindowManager: updateScale0.7996942
12-01 07:45:16.734 1508 9618 W WindowManager: updateScale0.7996942
12-01 07:45:16.775 1508 9618 I ActivityTaskManager: FOREGROUND_APPLICATION_CHANGED to com.android.permissioncontroller.permission.ui.GrantPermissionsActivity
12-01 07:45:16.775 1508 9618 I ActivityTaskManager: The Process com.android.permissioncontroller Already Exists in BG. So sending its PID: 23287
12-01 07:45:16.776 1508 9618 W ActivityTaskManager: Tried to set launchTime (0) < mLastActivityLaunchTime (13934550)
12-01 07:45:16.793 22714 22730 W ContextImpl: Calling a method in the system process without a qualified user: android.app.ContextImpl.startService:1816 android.content.ContextWrapper.startService:774 com.thundercomm.gamemode.ingame.services.GameModeActionUtils.startGameModeService:93 com.thundercomm.gamemode.ingame.services.GameModeActionUtils.startGameModeEntry:21 com.thundercomm.gamemode.ingame.services.ActivityMonitoringService$1.onActivityLaunch:127
12-01 07:45:16.798 1508 1508 I GameModeConfig: Current uri is uri = content://com.thundercomm.gamemode.api/gamemode_settings/gamemode_isgaming
12-01 07:45:16.800 1508 1508 I GameModeConfig: isGameModeOn = false
12-01 07:45:16.801 1508 1508 I GameModeConfig: isGameModeOn = false
12-01 07:45:16.801 1508 1508 I GameModeConfig: isDisableVoice = true
12-01 07:45:16.806 1508 9618 W WindowManager: updateScale0.7996942
12-01 07:45:16.807 1508 9618 W WindowManager: updateScale0.7996942
12-01 07:45:16.815 1508 1637 W WindowManager: updateScale0.7996942
12-01 07:45:16.815 1508 1637 W WindowManager: updateScale0.7996942
12-01 07:45:16.817 1508 1637 W WindowManager: updateScale0.7996942
12-01 07:45:16.817 1508 1637 W WindowManager: updateScale0.7996942
12-01 07:45:16.833 1508 9618 I ActivityTaskManager: FOREGROUND_APPLICATION_CHANGED to com.android.deskclock.DeskClock
12-01 07:45:16.841 1508 9618 W WindowManager: updateScale0.7996942
12-01 07:45:16.856 1508 1739 W WindowManager: updateScale0.7996942
12-01 07:45:16.895 1508 6408 W WindowManager: updateScale0.7996942
12-01 07:45:16.909 22714 22730 W ContextImpl: Calling a method in the system process without a qualified user: android.app.ContextImpl.startService:1816 android.content.ContextWrapper.startService:774 com.thundercomm.gamemode.ingame.services.GameModeActionUtils.startGameModeService:93 com.thundercomm.gamemode.ingame.services.GameModeActionUtils.startGameModeEntry:21 com.thundercomm.gamemode.ingame.services.ActivityMonitoringService$1.onActivityLaunch:127
12-01 07:45:16.916 1508 1508 I GameModeConfig: Current uri is uri = content://com.thundercomm.gamemode.api/gamemode_settings/gamemode_isgaming
12-01 07:45:16.919 1508 1508 I GameModeConfig: isGameModeOn = false
12-01 07:45:16.919 1508 1508 I GameModeConfig: isGameModeOn = false
12-01 07:45:16.919 1508 1508 I GameModeConfig: isDisableVoice = true
12-01 07:45:16.946 22714 22730 W ContextImpl: Calling a method in the system process without a qualified user: android.app.ContextImpl.startService:1816 android.content.ContextWrapper.startService:774 com.thundercomm.gamemode.ingame.services.GameModeActionUtils.startGameModeService:93 com.thundercomm.gamemode.ingame.services.GameModeActionUtils.startGameModeEntry:21 com.thundercomm.gamemode.ingame.services.ActivityMonitoringService$1.onActivityLaunch:127
12-01 07:45:16.950 1508 1508 I GameModeConfig: Current uri is uri = content://com.thundercomm.gamemode.api/gamemode_settings/gamemode_isgaming
12-01 07:45:16.953 1508 1508 I GameModeConfig: isGameModeOn = false
12-01 07:45:16.953 1508 1508 I GameModeConfig: isGameModeOn = false
12-01 07:45:16.953 1508 1508 I GameModeConfig: isDisableVoice = true
12-01 07:45:17.060 1508 1637 W WindowManager: updateScale0.7996942
12-01 07:45:17.074 1508 1637 W WindowManager: updateScale0.7996942
12-01 07:45:17.077 1508 1637 W WindowManager: updateScale0.7996942
12-01 07:45:17.113 1508 6408 W WindowManager: updateScale0.7996942
12-01 07:45:17.125 1508 1637 W WindowManager: updateScale0.7996942
12-01 07:45:17.206 1508 6408 W WindowManager: updateScale0.7996942
12-01 07:45:18.099 1508 1739 W WindowManager: updateScale0.7996942
12-01 07:45:18.110 1508 1637 W WindowManager: updateScale0.7996942
12-01 07:45:18.206 1508 1739 D FreeFormWindowHelper: Remove freefrom task=Task{aaa01c7 #204 type=standard A=10065:com.android.deskclock U=0 visible=true mode=fullscreen translucent=false sz=1}
12-01 07:45:18.216 1508 6408 W WindowManager: Attempted to set replacing window on app token with no content Token{82f8451 ActivityRecord{7b74845 u0 com.android.deskclock/.DeskClock t204}}
12-01 07:45:18.226 22714 22730 W ContextImpl: Calling a method in the system process without a qualified user: android.app.ContextImpl.startService:1816 android.content.ContextWrapper.startService:774 com.thundercomm.gamemode.ingame.services.GameModeActionUtils.startGameModeService:93 com.thundercomm.gamemode.ingame.services.GameModeActionUtils.startGameModeEntry:21 com.thundercomm.gamemode.ingame.services.ActivityMonitoringService$1.onActivityLaunch:127
12-01 07:45:18.231 1508 1508 I GameModeConfig: Current uri is uri = content://com.thundercomm.gamemode.api/gamemode_settings/gamemode_isgaming
12-01 07:45:18.234 1508 1508 I GameModeConfig: isGameModeOn = false
12-01 07:45:18.234 1508 1508 I GameModeConfig: isGameModeOn = false
12-01 07:45:18.234 1508 1508 I GameModeConfig: isDisableVoice = true
12-01 07:45:18.251 1508 6408 I ActivityTaskManager: START u0 {act=android.content.pm.action.REQUEST_PERMISSIONS pkg=com.android.permissioncontroller cmp=com.android.permissioncontroller/.permission.ui.GrantPermissionsActivity (has extras)} from uid 10065
12-01 07:45:18.262 1508 9618 I ActivityTaskManager: The Process com.android.permissioncontroller Already Exists in BG. So sending its PID: 23287
12-01 07:45:18.274 22714 22730 W ContextImpl: Calling a method in the system process without a qualified user: android.app.ContextImpl.startService:1816 android.content.ContextWrapper.startService:774 com.thundercomm.gamemode.ingame.services.GameModeActionUtils.startGameModeService:93 com.thundercomm.gamemode.ingame.services.GameModeActionUtils.startGameModeEntry:21 com.thundercomm.gamemode.ingame.services.ActivityMonitoringService$1.onActivityLaunch:127
12-01 07:45:18.278 1508 1508 I GameModeConfig: Current uri is uri = content://com.thundercomm.gamemode.api/gamemode_settings/gamemode_isgaming
12-01 07:45:18.280 1508 1508 I GameModeConfig: isGameModeOn = false
12-01 07:45:18.280 1508 1508 I GameModeConfig: isGameModeOn = false
12-01 07:45:18.280 1508 1508 I GameModeConfig: isDisableVoice = true
12-01 07:45:18.348 1508 9618 I WindowManager: finishDrawing of relaunch: Window{b0f3766 u0 com.android.deskclock/com.android.deskclock.DeskClock} 145ms
12-01 07:45:18.350 1508 6408 I ActivityTaskManager: FOREGROUND_APPLICATION_CHANGED to com.android.permissioncontroller.permission.ui.GrantPermissionsActivity
12-01 07:45:18.350 1508 6408 I ActivityTaskManager: The Process com.android.permissioncontroller Already Exists in BG. So sending its PID: 23287
12-01 07:45:18.350 1508 6408 W ActivityTaskManager: Tried to set launchTime (0) < mLastActivityLaunchTime (13935357)
12-01 07:45:18.371 22714 22730 W ContextImpl: Calling a method in the system process without a qualified user: android.app.ContextImpl.startService:1816 android.content.ContextWrapper.startService:774 com.thundercomm.gamemode.ingame.services.GameModeActionUtils.startGameModeService:93 com.thundercomm.gamemode.ingame.services.GameModeActionUtils.startGameModeEntry:21 com.thundercomm.gamemode.ingame.services.ActivityMonitoringService$1.onActivityLaunch:127
12-01 07:45:18.378 1508 1508 I GameModeConfig: Current uri is uri = content://com.thundercomm.gamemode.api/gamemode_settings/gamemode_isgaming
12-01 07:45:18.380 1508 1508 I GameModeConfig: isGameModeOn = false
12-01 07:45:18.381 1508 1508 I GameModeConfig: isGameModeOn = false
12-01 07:45:18.381 1508 1508 I GameModeConfig: isDisableVoice = true
12-01 07:45:18.409 1508 10935 I ActivityTaskManager: FOREGROUND_APPLICATION_CHANGED to com.android.deskclock.DeskClock
12-01 07:45:18.453 22714 22730 W ContextImpl: Calling a method in the system process without a qualified user: android.app.ContextImpl.startService:1816 android.content.ContextWrapper.startService:774 com.thundercomm.gamemode.ingame.services.GameModeActionUtils.startGameModeService:93 com.thundercomm.gamemode.ingame.services.GameModeActionUtils.startGameModeEntry:21 com.thundercomm.gamemode.ingame.services.ActivityMonitoringService$1.onActivityLaunch:127
12-01 07:45:18.460 1508 1508 I GameModeConfig: Current uri is uri = content://com.thundercomm.gamemode.api/gamemode_settings/gamemode_isgaming
12-01 07:45:18.466 1508 1508 I GameModeConfig: isGameModeOn = false
12-01 07:45:18.466 1508 1508 I GameModeConfig: isGameModeOn = false
12-01 07:45:18.466 1508 1508 I GameModeConfig: isDisableVoice = true
12-01 07:45:18.524 22714 22730 W ContextImpl: Calling a method in the system process without a qualified user: android.app.ContextImpl.startService:1816 android.content.ContextWrapper.startService:774 com.thundercomm.gamemode.ingame.services.GameModeActionUtils.startGameModeService:93 com.thundercomm.gamemode.ingame.services.GameModeActionUtils.startGameModeEntry:21 com.thundercomm.gamemode.ingame.services.ActivityMonitoringService$1.onActivityLaunch:127
12-01 07:45:18.531 1508 1508 I GameModeConfig: Current uri is uri = content://com.thundercomm.gamemode.api/gamemode_settings/gamemode_isgaming
12-01 07:45:18.534 1508 1508 I GameModeConfig: isGameModeOn = false
12-01 07:45:18.535 1508 1508 I GameModeConfig: isGameModeOn = false
12-01 07:45:18.535 1508 1508 I GameModeConfig: isDisableVoice = true
12-01 07:45:18.839 22714 22730 W ContextImpl: Calling a method in the system process without a qualified user: android.app.ContextImpl.startService:1816 android.content.ContextWrapper.startService:774 com.thundercomm.gamemode.ingame.services.GameModeActionUtils.startGameModeService:93 com.thundercomm.gamemode.ingame.services.GameModeActionUtils.startGameModeEntry:21 com.thundercomm.gamemode.ingame.services.ActivityMonitoringService$1.onActivityLaunch:127
12-01 07:45:18.842 1508 1508 I GameModeConfig: Current uri is uri = content://com.thundercomm.gamemode.api/gamemode_settings/gamemode_isgaming
12-01 07:45:18.847 1508 1508 I GameModeConfig: isGameModeOn = false
12-01 07:45:18.847 1508 1508 I GameModeConfig: isGameModeOn = false
12-01 07:45:18.847 1508 1508 I GameModeConfig: isDisableVoice = true
12-01 07:45:18.987 22714 22730 W ContextImpl: Calling a method in the system process without a qualified user: android.app.ContextImpl.startService:1816 android.content.ContextWrapper.startService:774 com.thundercomm.gamemode.ingame.services.GameModeActionUtils.startGameModeService:93 com.thundercomm.gamemode.ingame.services.GameModeActionUtils.startGameModeEntry:21 com.thundercomm.gamemode.ingame.services.ActivityMonitoringService$1.onActivityLaunch:127
12-01 07:45:18.991 1508 1508 I GameModeConfig: Current uri is uri = content://com.thundercomm.gamemode.api/gamemode_settings/gamemode_isgaming
12-01 07:45:18.993 1508 1508 I GameModeConfig: isGameModeOn = false
12-01 07:45:18.993 1508 1508 I GameModeConfig: isGameModeOn = false
12-01 07:45:18.993 1508 1508 I GameModeConfig: isDisableVoice = true
12-01 07:45:19.019 1508 1739 W ActivityTaskManager: getTaskSnapshot: taskId=4206 not found
12-01 07:45:19.079 1508 1739 W ActivityTaskManager: getTaskSnapshot: taskId=1206 not found
12-01 07:45:19.080 1508 9618 W ActivityTaskManager: getTaskSnapshot: taskId=2206 not found
12-01 07:45:19.082 1508 9618 W ActivityTaskManager: getTaskSnapshot: taskId=3206 not found
12-01 07:45:19.082 1508 9618 W ActivityTaskManager: getTaskSnapshot: taskId=4206 not found
12-01 07:45:19.723 1508 1739 I ActivityTaskManager: FOREGROUND_APPLICATION_CHANGED to com.android.launcher3.uioverrides.QuickstepLauncher
12-01 07:45:19.794 22714 22730 W ContextImpl: Calling a method in the system process without a qualified user: android.app.ContextImpl.startService:1816 android.content.ContextWrapper.startService:774 com.thundercomm.gamemode.ingame.services.GameModeActionUtils.startGameModeService:93 com.thundercomm.gamemode.ingame.services.GameModeActionUtils.startGameModeEntry:21 com.thundercomm.gamemode.ingame.services.ActivityMonitoringService$1.onActivityLaunch:127
12-01 07:45:19.798 1508 1508 I GameModeConfig: Current uri is uri = content://com.thundercomm.gamemode.api/gamemode_settings/gamemode_isgaming
12-01 07:45:19.803 1508 1508 I GameModeConfig: isGameModeOn = false
12-01 07:45:19.803 1508 1508 I GameModeConfig: isGameModeOn = false
12-01 07:45:19.803 1508 1508 I GameModeConfig: isDisableVoice = true
12-01 07:45:19.852 22714 22730 W ContextImpl: Calling a method in the system process without a qualified user: android.app.ContextImpl.startService:1816 android.content.ContextWrapper.startService:774 com.thundercomm.gamemode.ingame.services.GameModeActionUtils.startGameModeService:93 com.thundercomm.gamemode.ingame.services.GameModeActionUtils.startGameModeEntry:21 com.thundercomm.gamemode.ingame.services.ActivityMonitoringService$1.onActivityLaunch:127
12-01 07:45:19.857 1508 1508 I GameModeConfig: Current uri is uri = content://com.thundercomm.gamemode.api/gamemode_settings/gamemode_isgaming
12-01 07:45:19.861 1508 1508 I GameModeConfig: isGameModeOn = false
12-01 07:45:19.861 1508 1508 I GameModeConfig: isGameModeOn = false
12-01 07:45:19.861 1508 1508 I GameModeConfig: isDisableVoice = true
12-01 07:45:20.581 1508 10935 I ActivityTaskManager: START u0 {act=android.intent.action.MAIN cat=[android.intent.category.LAUNCHER] flg=0x10200000 cmp=com.android.music/.VideoBrowserActivity bnds=[2308,540][2494,740]} from uid 10076
12-01 07:45:20.588 1508 10935 W ActivityTaskManager: Can't find TaskDisplayArea to determine support for multi window. Task id=207 attached=false
12-01 07:45:20.609 1508 10935 I ActivityTaskManager: FOREGROUND_APPLICATION_CHANGED to com.android.music.VideoBrowserActivity
12-01 07:45:20.609 1508 10935 I ActivityTaskManager: The Process com.android.music Already Exists in BG. So sending its PID: 23346
12-01 07:45:20.610 1508 10935 W ActivityTaskManager: Tried to set launchTime (0) < mLastActivityLaunchTime (13929664)
12-01 07:45:20.643 22714 22730 W ContextImpl: Calling a method in the system process without a qualified user: android.app.ContextImpl.startService:1816 android.content.ContextWrapper.startService:774 com.thundercomm.gamemode.ingame.services.GameModeActionUtils.startGameModeService:93 com.thundercomm.gamemode.ingame.services.GameModeActionUtils.startGameModeEntry:21 com.thundercomm.gamemode.ingame.services.ActivityMonitoringService$1.onActivityLaunch:127
12-01 07:45:20.647 1508 1508 I GameModeConfig: Current uri is uri = content://com.thundercomm.gamemode.api/gamemode_settings/gamemode_isgaming
12-01 07:45:20.648 1508 1508 I GameModeConfig: isGameModeOn = false
12-01 07:45:20.648 1508 1508 I GameModeConfig: isGameModeOn = false
12-01 07:45:20.648 1508 1508 I GameModeConfig: isDisableVoice = true
12-01 07:45:20.724 22714 22730 W ContextImpl: Calling a method in the system process without a qualified user: android.app.ContextImpl.startService:1816 android.content.ContextWrapper.startService:774 com.thundercomm.gamemode.ingame.services.GameModeActionUtils.startGameModeService:93 com.thundercomm.gamemode.ingame.services.GameModeActionUtils.startGameModeEntry:21 com.thundercomm.gamemode.ingame.services.ActivityMonitoringService$1.onActivityLaunch:127
12-01 07:45:20.729 1508 1508 I GameModeConfig: Current uri is uri = content://com.thundercomm.gamemode.api/gamemode_settings/gamemode_isgaming
12-01 07:45:20.731 1508 1508 I GameModeConfig: isGameModeOn = false
12-01 07:45:20.731 1508 1508 I GameModeConfig: isGameModeOn = false
12-01 07:45:20.731 1508 1508 I GameModeConfig: isDisableVoice = true
12-01 07:45:21.338 22714 22730 W ContextImpl: Calling a method in the system process without a qualified user: android.app.ContextImpl.startService:1816 android.content.ContextWrapper.startService:774 com.thundercomm.gamemode.ingame.services.GameModeActionUtils.startGameModeService:93 com.thundercomm.gamemode.ingame.services.GameModeActionUtils.startGameModeEntry:21 com.thundercomm.gamemode.ingame.services.ActivityMonitoringService$1.onActivityLaunch:127
12-01 07:45:21.343 1508 1508 I GameModeConfig: Current uri is uri = content://com.thundercomm.gamemode.api/gamemode_settings/gamemode_isgaming
12-01 07:45:21.345 1508 1508 I GameModeConfig: isGameModeOn = false
12-01 07:45:21.345 1508 1508 I GameModeConfig: isGameModeOn = false
12-01 07:45:21.345 1508 1508 I GameModeConfig: isDisableVoice = true
12-01 07:45:21.527 22714 22730 W ContextImpl: Calling a method in the system process without a qualified user: android.app.ContextImpl.startService:1816 android.content.ContextWrapper.startService:774 com.thundercomm.gamemode.ingame.services.GameModeActionUtils.startGameModeService:93 com.thundercomm.gamemode.ingame.services.GameModeActionUtils.startGameModeEntry:21 com.thundercomm.gamemode.ingame.services.ActivityMonitoringService$1.onActivityLaunch:127
12-01 07:45:21.536 1508 1508 I GameModeConfig: Current uri is uri = content://com.thundercomm.gamemode.api/gamemode_settings/gamemode_isgaming
12-01 07:45:21.539 1508 1508 I GameModeConfig: isGameModeOn = false
12-01 07:45:21.539 1508 1508 I GameModeConfig: isGameModeOn = false
12-01 07:45:21.539 1508 1508 I GameModeConfig: isDisableVoice = true
12-01 07:45:21.540 1508 6408 W ActivityTaskManager: getTaskSnapshot: taskId=4204 not found
12-01 07:45:21.542 1508 2971 W ActivityTaskManager: getTaskSnapshot: taskId=3204 not found
12-01 07:45:21.544 1508 2971 W ActivityTaskManager: getTaskSnapshot: taskId=2204 not found
12-01 07:45:21.545 1508 2971 W ActivityTaskManager: getTaskSnapshot: taskId=1204 not found
12-01 07:45:21.554 1508 9618 W ActivityTaskManager: getTaskSnapshot: taskId=1204 not found
12-01 07:45:21.556 1508 9618 W ActivityTaskManager: getTaskSnapshot: taskId=4204 not found
12-01 07:45:21.557 1508 9618 W ActivityTaskManager: getTaskSnapshot: taskId=3204 not found
12-01 07:45:21.558 1508 9618 W ActivityTaskManager: getTaskSnapshot: taskId=2204 not found
12-01 07:45:21.558 1508 6408 W ActivityTaskManager: getTaskSnapshot: taskId=1204 not found
12-01 07:45:22.315 1508 2426 I ActivityTaskManager: FOREGROUND_APPLICATION_CHANGED to com.android.launcher3.uioverrides.QuickstepLauncher
12-01 07:45:22.377 22714 22730 W ContextImpl: Calling a method in the system process without a qualified user: android.app.ContextImpl.startService:1816 android.content.ContextWrapper.startService:774 com.thundercomm.gamemode.ingame.services.GameModeActionUtils.startGameModeService:93 com.thundercomm.gamemode.ingame.services.GameModeActionUtils.startGameModeEntry:21 com.thundercomm.gamemode.ingame.services.ActivityMonitoringService$1.onActivityLaunch:127
12-01 07:45:22.381 1508 1508 I GameModeConfig: Current uri is uri = content://com.thundercomm.gamemode.api/gamemode_settings/gamemode_isgaming
12-01 07:45:22.384 1508 1508 I GameModeConfig: isGameModeOn = false
12-01 07:45:22.385 1508 1508 I GameModeConfig: isGameModeOn = false
12-01 07:45:22.388 1508 1508 I GameModeConfig: isDisableVoice = true
12-01 07:45:22.436 22714 22730 W ContextImpl: Calling a method in the system process without a qualified user: android.app.ContextImpl.startService:1816 android.content.ContextWrapper.startService:774 com.thundercomm.gamemode.ingame.services.GameModeActionUtils.startGameModeService:93 com.thundercomm.gamemode.ingame.services.GameModeActionUtils.startGameModeEntry:21 com.thundercomm.gamemode.ingame.services.ActivityMonitoringService$1.onActivityLaunch:127
12-01 07:45:22.441 1508 1508 I GameModeConfig: Current uri is uri = content://com.thundercomm.gamemode.api/gamemode_settings/gamemode_isgaming
12-01 07:45:22.442 1508 1508 I GameModeConfig: isGameModeOn = false
12-01 07:45:22.443 1508 1508 I GameModeConfig: isGameModeOn = false
12-01 07:45:22.443 1508 1508 I GameModeConfig: isDisableVoice = true
12-01 07:45:23.266 1508 9619 I ActivityTaskManager: FOREGROUND_APPLICATION_CHANGED to com.android.deskclock.DeskClock
12-01 07:45:23.322 22714 22730 W ContextImpl: Calling a method in the system process without a qualified user: android.app.ContextImpl.startService:1816 android.content.ContextWrapper.startService:774 com.thundercomm.gamemode.ingame.services.GameModeActionUtils.startGameModeService:93 com.thundercomm.gamemode.ingame.services.GameModeActionUtils.startGameModeEntry:21 com.thundercomm.gamemode.ingame.services.ActivityMonitoringService$1.onActivityLaunch:127
12-01 07:45:23.328 1508 1508 I GameModeConfig: Current uri is uri = content://com.thundercomm.gamemode.api/gamemode_settings/gamemode_isgaming
12-01 07:45:23.331 1508 1508 I GameModeConfig: isGameModeOn = false
12-01 07:45:23.331 1508 1508 I GameModeConfig: isGameModeOn = false
12-01 07:45:23.331 1508 1508 I GameModeConfig: isDisableVoice = true
12-01 07:45:23.377 22714 22730 W ContextImpl: Calling a method in the system process without a qualified user: android.app.ContextImpl.startService:1816 android.content.ContextWrapper.startService:774 com.thundercomm.gamemode.ingame.services.GameModeActionUtils.startGameModeService:93 com.thundercomm.gamemode.ingame.services.GameModeActionUtils.startGameModeEntry:21 com.thundercomm.gamemode.ingame.services.ActivityMonitoringService$1.onActivityLaunch:127
12-01 07:45:23.380 1508 1508 I GameModeConfig: Current uri is uri = content://com.thundercomm.gamemode.api/gamemode_settings/gamemode_isgaming
12-01 07:45:23.382 1508 1508 I GameModeConfig: isGameModeOn = false
12-01 07:45:23.382 1508 1508 I GameModeConfig: isGameModeOn = false
12-01 07:45:23.382 1508 1508 I GameModeConfig: isDisableVoice = true
12-01 07:45:23.772 22714 22730 W ContextImpl: Calling a method in the system process without a qualified user: android.app.ContextImpl.startService:1816 android.content.ContextWrapper.startService:774 com.thundercomm.gamemode.ingame.services.GameModeActionUtils.startGameModeService:93 com.thundercomm.gamemode.ingame.services.GameModeActionUtils.startGameModeEntry:21 com.thundercomm.gamemode.ingame.services.ActivityMonitoringService$1.onActivityLaunch:127
12-01 07:45:23.776 1508 1508 I GameModeConfig: Current uri is uri = content://com.thundercomm.gamemode.api/gamemode_settings/gamemode_isgaming
12-01 07:45:23.778 1508 1508 I GameModeConfig: isGameModeOn = false
12-01 07:45:23.779 1508 1508 I GameModeConfig: isGameModeOn = false
12-01 07:45:23.779 1508 1508 I GameModeConfig: isDisableVoice = true
12-01 07:45:24.114 1508 3862 E TaskPersister: File error accessing recents directory (directory doesn't exist?).
12-01 07:45:24.356 22714 22730 W ContextImpl: Calling a method in the system process without a qualified user: android.app.ContextImpl.startService:1816 android.content.ContextWrapper.startService:774 com.thundercomm.gamemode.ingame.services.GameModeActionUtils.startGameModeService:93 com.thundercomm.gamemode.ingame.services.GameModeActionUtils.startGameModeEntry:21 com.thundercomm.gamemode.ingame.services.ActivityMonitoringService$1.onActivityLaunch:127
12-01 07:45:24.361 1508 1508 I GameModeConfig: Current uri is uri = content://com.thundercomm.gamemode.api/gamemode_settings/gamemode_isgaming
12-01 07:45:24.364 1508 1508 I GameModeConfig: isGameModeOn = false
12-01 07:45:24.364 1508 1508 I GameModeConfig: isGameModeOn = false
12-01 07:45:24.364 1508 1508 I GameModeConfig: isDisableVoice = true
12-01 07:45:24.395 1508 2426 W ActivityTaskManager: getTaskSnapshot: taskId=4207 not found
12-01 07:45:24.404 1508 10935 W ActivityTaskManager: getTaskSnapshot: taskId=3207 not found
12-01 07:45:24.410 1508 2426 W ActivityTaskManager: getTaskSnapshot: taskId=2207 not found
12-01 07:45:24.414 1508 10935 W ActivityTaskManager: getTaskSnapshot: taskId=1207 not found
12-01 07:45:25.041 1508 1739 I ActivityTaskManager: FOREGROUND_APPLICATION_CHANGED to com.android.launcher3.uioverrides.QuickstepLauncher
12-01 07:45:25.161 22714 22730 W ContextImpl: Calling a method in the system process without a qualified user: android.app.ContextImpl.startService:1816 android.content.ContextWrapper.startService:774 com.thundercomm.gamemode.ingame.services.GameModeActionUtils.startGameModeService:93 com.thundercomm.gamemode.ingame.services.GameModeActionUtils.startGameModeEntry:21 com.thundercomm.gamemode.ingame.services.ActivityMonitoringService$1.onActivityLaunch:127
12-01 07:45:25.166 1508 1508 I GameModeConfig: Current uri is uri = content://com.thundercomm.gamemode.api/gamemode_settings/gamemode_isgaming
12-01 07:45:25.168 1508 1508 I GameModeConfig: isGameModeOn = false
12-01 07:45:25.168 1508 1508 I GameModeConfig: isGameModeOn = false
12-01 07:45:25.168 1508 1508 I GameModeConfig: isDisableVoice = true
12-01 07:45:26.597 1508 9618 I ActivityTaskManager: FOREGROUND_APPLICATION_CHANGED to com.android.music.VideoBrowserActivity
12-01 07:45:26.710 22714 22730 W ContextImpl: Calling a method in the system process without a qualified user: android.app.ContextImpl.startService:1816 android.content.ContextWrapper.startService:774 com.thundercomm.gamemode.ingame.services.GameModeActionUtils.startGameModeService:93 com.thundercomm.gamemode.ingame.services.GameModeActionUtils.startGameModeEntry:21 com.thundercomm.gamemode.ingame.services.ActivityMonitoringService$1.onActivityLaunch:127
12-01 07:45:26.718 1508 1508 I GameModeConfig: Current uri is uri = content://com.thundercomm.gamemode.api/gamemode_settings/gamemode_isgaming
12-01 07:45:26.722 1508 1508 I GameModeConfig: isGameModeOn = false
12-01 07:45:26.723 1508 1508 I GameModeConfig: isGameModeOn = false
12-01 07:45:26.723 1508 1508 I GameModeConfig: isDisableVoice = true
12-01 07:45:27.090 22714 22730 W ContextImpl: Calling a method in the system process without a qualified user: android.app.ContextImpl.startService:1816 android.content.ContextWrapper.startService:774 com.thundercomm.gamemode.ingame.services.GameModeActionUtils.startGameModeService:93 com.thundercomm.gamemode.ingame.services.GameModeActionUtils.startGameModeEntry:21 com.thundercomm.gamemode.ingame.services.ActivityMonitoringService$1.onActivityLaunch:127
12-01 07:45:27.093 1508 1508 I GameModeConfig: Current uri is uri = content://com.thundercomm.gamemode.api/gamemode_settings/gamemode_isgaming
12-01 07:45:27.095 1508 1508 I GameModeConfig: isGameModeOn = false
12-01 07:45:27.096 1508 1508 I GameModeConfig: isGameModeOn = false
12-01 07:45:27.096 1508 1508 I GameModeConfig: isDisableVoice = true
12-01 07:45:28.966 1508 10935 I ActivityTaskManager: START u0 {act=android.intent.action.VIEW dat=content://media/external/video/media/25 typ=video/mp4 cmp=com.android.gallery3d/.app.MovieActivity (has extras)} from uid 10086
12-01 07:45:28.992 1508 9618 I ActivityTaskManager: FOREGROUND_APPLICATION_CHANGED to com.android.gallery3d.app.MovieActivity
12-01 07:45:28.993 1508 9618 I ActivityTaskManager: The Process com.android.gallery3d Already Exists in BG. So sending its PID: 22978
12-01 07:45:28.994 1508 9618 W ActivityTaskManager: Tried to set launchTime (0) < mLastActivityLaunchTime (13917015)
12-01 07:45:29.018 22714 22730 W ContextImpl: Calling a method in the system process without a qualified user: android.app.ContextImpl.startService:1816 android.content.ContextWrapper.startService:774 com.thundercomm.gamemode.ingame.services.GameModeActionUtils.startGameModeService:93 com.thundercomm.gamemode.ingame.services.GameModeActionUtils.startGameModeEntry:21 com.thundercomm.gamemode.ingame.services.ActivityMonitoringService$1.onActivityLaunch:127
12-01 07:45:29.022 1508 1508 I GameModeConfig: Current uri is uri = content://com.thundercomm.gamemode.api/gamemode_settings/gamemode_isgaming
12-01 07:45:29.027 1508 1508 I GameModeConfig: isGameModeOn = false
12-01 07:45:29.028 1508 1508 I GameModeConfig: isGameModeOn = false
12-01 07:45:29.028 1508 1508 I GameModeConfig: isDisableVoice = true
12-01 07:45:29.032 1508 9618 W WindowManager: Failed looking up window session=Session{93be62b 22978:u0a10064} callers=com.android.server.wm.WindowManagerService.windowForClientLocked:5628 com.android.server.wm.Session.insetsModified:629 android.view.IWindowSession$Stub.onTransact:1151
12-01 07:45:29.047 1508 2321 I GameModeConfig: isGameModeOn = false
12-01 07:45:29.047 1508 2321 I GameModeConfig: isGameModeOn = false
12-01 07:45:29.047 1508 2321 I GameModeConfig: isGameModeOn = false
12-01 07:45:29.047 1508 2321 I GameModeConfig: isGameModeOn = false
12-01 07:45:29.047 1508 2321 I GameModeConfig: isGameModeOn = false
12-01 07:45:29.108 22714 22730 W ContextImpl: Calling a method in the system process without a qualified user: android.app.ContextImpl.startService:1816 android.content.ContextWrapper.startService:774 com.thundercomm.gamemode.ingame.services.GameModeActionUtils.startGameModeService:93 com.thundercomm.gamemode.ingame.services.GameModeActionUtils.startGameModeEntry:21 com.thundercomm.gamemode.ingame.services.ActivityMonitoringService$1.onActivityLaunch:127
12-01 07:45:29.113 1508 1508 I GameModeConfig: Current uri is uri = content://com.thundercomm.gamemode.api/gamemode_settings/gamemode_isgaming
12-01 07:45:29.114 1508 1508 I GameModeConfig: isGameModeOn = false
12-01 07:45:29.115 1508 1508 I GameModeConfig: isGameModeOn = false
12-01 07:45:29.115 1508 1508 I GameModeConfig: isDisableVoice = true
12-01 07:45:29.253 1508 1508 I GameModeConfig: isGameModeOn = false
12-01 07:45:29.545 22714 22730 W ContextImpl: Calling a method in the system process without a qualified user: android.app.ContextImpl.startService:1816 android.content.ContextWrapper.startService:774 com.thundercomm.gamemode.ingame.services.GameModeActionUtils.startGameModeService:93 com.thundercomm.gamemode.ingame.services.GameModeActionUtils.startGameModeEntry:21 com.thundercomm.gamemode.ingame.services.ActivityMonitoringService$1.onActivityLaunch:127
12-01 07:45:29.548 1508 1508 I GameModeConfig: Current uri is uri = content://com.thundercomm.gamemode.api/gamemode_settings/gamemode_isgaming
12-01 07:45:29.551 1508 1508 I GameModeConfig: isGameModeOn = false
12-01 07:45:29.551 1508 1508 I GameModeConfig: isGameModeOn = false
12-01 07:45:29.551 1508 1508 I GameModeConfig: isDisableVoice = true
12-01 07:45:30.118 1508 3862 E TaskPersister: File error accessing recents directory (directory doesn't exist?).
12-01 07:45:30.564 22714 22730 W ContextImpl: Calling a method in the system process without a qualified user: android.app.ContextImpl.startService:1816 android.content.ContextWrapper.startService:774 com.thundercomm.gamemode.ingame.services.GameModeActionUtils.startGameModeService:93 com.thundercomm.gamemode.ingame.services.GameModeActionUtils.startGameModeEntry:21 com.thundercomm.gamemode.ingame.services.ActivityMonitoringService$1.onActivityLaunch:127
12-01 07:45:30.568 1508 1508 I GameModeConfig: Current uri is uri = content://com.thundercomm.gamemode.api/gamemode_settings/gamemode_isgaming
12-01 07:45:30.571 1508 1508 I GameModeConfig: isGameModeOn = false
12-01 07:45:30.571 1508 1508 I GameModeConfig: isGameModeOn = false
12-01 07:45:30.571 1508 1508 I GameModeConfig: isDisableVoice = true
12-01 07:45:30.586 1508 9618 W ActivityTaskManager: getTaskSnapshot: taskId=1204 not found
12-01 07:45:30.591 1508 10935 W ActivityTaskManager: getTaskSnapshot: taskId=2204 not found
12-01 07:45:30.595 1508 1739 W ActivityTaskManager: getTaskSnapshot: taskId=3204 not found
12-01 07:45:30.601 1508 9618 W ActivityTaskManager: getTaskSnapshot: taskId=4204 not found
12-01 07:45:31.267 1508 1739 I ActivityTaskManager: FOREGROUND_APPLICATION_CHANGED to com.android.launcher3.uioverrides.QuickstepLauncher
12-01 07:45:31.332 22714 22730 W ContextImpl: Calling a method in the system process without a qualified user: android.app.ContextImpl.startService:1816 android.content.ContextWrapper.startService:774 com.thundercomm.gamemode.ingame.services.GameModeActionUtils.startGameModeService:93 com.thundercomm.gamemode.ingame.services.GameModeActionUtils.startGameModeEntry:21 com.thundercomm.gamemode.ingame.services.ActivityMonitoringService$1.onActivityLaunch:127
12-01 07:45:31.335 1508 1508 I GameModeConfig: Current uri is uri = content://com.thundercomm.gamemode.api/gamemode_settings/gamemode_isgaming
12-01 07:45:31.337 1508 1508 I GameModeConfig: isGameModeOn = false
12-01 07:45:31.337 1508 1508 I GameModeConfig: isGameModeOn = false
12-01 07:45:31.337 1508 1508 I GameModeConfig: isDisableVoice = true
12-01 07:45:31.381 22714 22730 W ContextImpl: Calling a method in the system process without a qualified user: android.app.ContextImpl.startService:1816 android.content.ContextWrapper.startService:774 com.thundercomm.gamemode.ingame.services.GameModeActionUtils.startGameModeService:93 com.thundercomm.gamemode.ingame.services.GameModeActionUtils.startGameModeEntry:21 com.thundercomm.gamemode.ingame.services.ActivityMonitoringService$1.onActivityLaunch:127
12-01 07:45:31.387 1508 1508 I GameModeConfig: Current uri is uri = content://com.thundercomm.gamemode.api/gamemode_settings/gamemode_isgaming
12-01 07:45:31.389 1508 1508 I GameModeConfig: isGameModeOn = false
12-01 07:45:31.389 1508 1508 I GameModeConfig: isGameModeOn = false
12-01 07:45:31.389 1508 1508 I GameModeConfig: isDisableVoice = true
12-01 07:45:32.273 1508 9618 I ActivityTaskManager: FOREGROUND_APPLICATION_CHANGED to com.android.gallery3d.app.MovieActivity
12-01 07:45:32.307 22714 22730 W ContextImpl: Calling a method in the system process without a qualified user: android.app.ContextImpl.startService:1816 android.content.ContextWrapper.startService:774 com.thundercomm.gamemode.ingame.services.GameModeActionUtils.startGameModeService:93 com.thundercomm.gamemode.ingame.services.GameModeActionUtils.startGameModeEntry:21 com.thundercomm.gamemode.ingame.services.ActivityMonitoringService$1.onActivityLaunch:127
12-01 07:45:32.317 1508 2321 I GameModeConfig: isGameModeOn = false
12-01 07:45:32.317 1508 2321 I GameModeConfig: isGameModeOn = false
12-01 07:45:32.317 1508 2321 I GameModeConfig: isGameModeOn = false
12-01 07:45:32.317 1508 2321 I GameModeConfig: isGameModeOn = false
12-01 07:45:32.317 1508 2321 I GameModeConfig: isGameModeOn = false
12-01 07:45:32.322 1508 1508 I GameModeConfig: Current uri is uri = content://com.thundercomm.gamemode.api/gamemode_settings/gamemode_isgaming
12-01 07:45:32.324 1508 1508 I GameModeConfig: isGameModeOn = false
12-01 07:45:32.324 1508 1508 I GameModeConfig: isGameModeOn = false
12-01 07:45:32.324 1508 1508 I GameModeConfig: isDisableVoice = true
12-01 07:45:32.391 22714 22730 W ContextImpl: Calling a method in the system process without a qualified user: android.app.ContextImpl.startService:1816 android.content.ContextWrapper.startService:774 com.thundercomm.gamemode.ingame.services.GameModeActionUtils.startGameModeService:93 com.thundercomm.gamemode.ingame.services.GameModeActionUtils.startGameModeEntry:21 com.thundercomm.gamemode.ingame.services.ActivityMonitoringService$1.onActivityLaunch:127
12-01 07:45:32.397 1508 1508 I GameModeConfig: Current uri is uri = content://com.thundercomm.gamemode.api/gamemode_settings/gamemode_isgaming
12-01 07:45:32.400 1508 1508 I GameModeConfig: isGameModeOn = false
12-01 07:45:32.401 1508 1508 I GameModeConfig: isGameModeOn = false
12-01 07:45:32.401 1508 1508 I GameModeConfig: isDisableVoice = true
12-01 07:45:32.522 1508 1508 I GameModeConfig: isGameModeOn = false
12-01 07:45:32.788 22714 22730 W ContextImpl: Calling a method in the system process without a qualified user: android.app.ContextImpl.startService:1816 android.content.ContextWrapper.startService:774 com.thundercomm.gamemode.ingame.services.GameModeActionUtils.startGameModeService:93 com.thundercomm.gamemode.ingame.services.GameModeActionUtils.startGameModeEntry:21 com.thundercomm.gamemode.ingame.services.ActivityMonitoringService$1.onActivityLaunch:127
12-01 07:45:32.791 1508 1508 I GameModeConfig: Current uri is uri = content://com.thundercomm.gamemode.api/gamemode_settings/gamemode_isgaming
12-01 07:45:32.795 1508 1508 I GameModeConfig: isGameModeOn = false
12-01 07:45:32.795 1508 1508 I GameModeConfig: isGameModeOn = false
12-01 07:45:32.795 1508 1508 I GameModeConfig: isDisableVoice = true
12-01 07:45:33.385 22714 22730 W ContextImpl: Calling a method in the system process without a qualified user: android.app.ContextImpl.startService:1816 android.content.ContextWrapper.startService:774 com.thundercomm.gamemode.ingame.services.GameModeActionUtils.startGameModeService:93 com.thundercomm.gamemode.ingame.services.GameModeActionUtils.startGameModeEntry:21 com.thundercomm.gamemode.ingame.services.ActivityMonitoringService$1.onActivityLaunch:127
12-01 07:45:33.394 1508 1508 I GameModeConfig: Current uri is uri = content://com.thundercomm.gamemode.api/gamemode_settings/gamemode_isgaming
12-01 07:45:33.401 1508 9618 W ActivityTaskManager: getTaskSnapshot: taskId=3204 not found
12-01 07:45:33.401 1508 9618 W ActivityTaskManager: getTaskSnapshot: taskId=2204 not found
12-01 07:45:33.401 1508 9618 W ActivityTaskManager: getTaskSnapshot: taskId=1204 not found
12-01 07:45:33.401 1508 1508 I GameModeConfig: isGameModeOn = false
12-01 07:45:33.401 1508 1508 I GameModeConfig: isGameModeOn = false
12-01 07:45:33.401 1508 1508 I GameModeConfig: isDisableVoice = true
12-01 07:45:34.086 1508 6408 I ActivityTaskManager: FOREGROUND_APPLICATION_CHANGED to com.android.launcher3.uioverrides.QuickstepLauncher
12-01 07:45:34.157 22714 22730 W ContextImpl: Calling a method in the system process without a qualified user: android.app.ContextImpl.startService:1816 android.content.ContextWrapper.startService:774 com.thundercomm.gamemode.ingame.services.GameModeActionUtils.startGameModeService:93 com.thundercomm.gamemode.ingame.services.GameModeActionUtils.startGameModeEntry:21 com.thundercomm.gamemode.ingame.services.ActivityMonitoringService$1.onActivityLaunch:127
