12-01 07:59:16.244 25302 25302 I wm_on_paused_called: [45402212,com.android.settings.Settings,performPause]
12-01 07:59:16.249 1508 3862 E TaskPersister: File error accessing recents directory (directory doesn't exist?).
12-01 07:59:16.257 1508 1647 I am_pss : [25301,10086,com.android.music,6565888,4304896,0,89833472,0,19,5]
12-01 07:59:16.266 25302 25302 I wm_on_stop_called: [45402212,com.android.settings.Settings,STOP_ACTIVITY_ITEM]
12-01 07:59:16.270 1508 2005 I input_interaction: Interaction with: 9ddf785 com.android.launcher3/com.android.launcher3.uioverrides.QuickstepLauncher (server), a0d30ab com.android.systemui.ImageWallpaper (server), edge-swipe (server), swipe-up (server), PointerEventDispatcher0 (server),
12-01 07:59:16.285 22714 22730 W ContextImpl: Calling a method in the system process without a qualified user: android.app.ContextImpl.startService:1816 android.content.ContextWrapper.startService:774 com.thundercomm.gamemode.ingame.services.GameModeActionUtils.startGameModeService:93 com.thundercomm.gamemode.ingame.services.GameModeActionUtils.startGameModeEntry:21 com.thundercomm.gamemode.ingame.services.ActivityMonitoringService$1.onActivityLaunch:127
12-01 07:59:16.289 1508 1508 I GameModeConfig: Current uri is uri = content://com.thundercomm.gamemode.api/gamemode_settings/gamemode_isgaming
12-01 07:59:16.290 1508 1508 I GameModeConfig: isGameModeOn = false
12-01 07:59:16.290 1508 1508 I GameModeConfig: isGameModeOn = false
12-01 07:59:16.290 1508 1508 I GameModeConfig: isDisableVoice = true
12-01 07:59:16.334 22714 22730 W ContextImpl: Calling a method in the system process without a qualified user: android.app.ContextImpl.startService:1816 android.content.ContextWrapper.startService:774 com.thundercomm.gamemode.ingame.services.GameModeActionUtils.startGameModeService:93 com.thundercomm.gamemode.ingame.services.GameModeActionUtils.startGameModeEntry:21 com.thundercomm.gamemode.ingame.services.ActivityMonitoringService$1.onActivityLaunch:127
12-01 07:59:16.337 1508 1508 I GameModeConfig: Current uri is uri = content://com.thundercomm.gamemode.api/gamemode_settings/gamemode_isgaming
12-01 07:59:16.339 1508 1508 I GameModeConfig: isGameModeOn = false
12-01 07:59:16.340 1508 1508 I GameModeConfig: isGameModeOn = false
12-01 07:59:16.340 1508 1508 I GameModeConfig: isDisableVoice = true
12-01 07:59:16.340 2822 2822 I view_enqueue_input_event: [Motion - Cancel,com.android.launcher3/com.android.launcher3.uioverrides.QuickstepLauncher]
12-01 07:59:16.345 1508 2005 I input_interaction: Interaction with: edge-swipe (server), swipe-up (server), PointerEventDispatcher0 (server),
12-01 07:59:16.447 1508 1754 I commit_sys_config_file: [settings-1-0,7]
12-01 07:59:17.183 1508 2005 I input_interaction: Interaction with: 9ddf785 com.android.launcher3/com.android.launcher3.uioverrides.QuickstepLauncher (server), a0d30ab com.android.systemui.ImageWallpaper (server), edge-swipe (server), swipe-up (server), PointerEventDispatcher0 (server),
12-01 07:59:17.263 1508 6928 I wm_task_moved: [1,1,6]
12-01 07:59:17.264 1508 6928 I wm_set_resumed_activity: [0,com.android.launcher3/.uioverrides.QuickstepLauncher,positionChildAt]
12-01 07:59:17.264 1508 6928 I wm_task_moved: [249,1,6]
12-01 07:59:17.265 1508 6928 I wm_focused_root_task: [0,0,249,1,moveTaskToFront findTaskToMoveToFront]
12-01 07:59:17.265 1508 6928 I wm_set_resumed_activity: [0,com.android.settings/.Settings,moveTaskToFront findTaskToMoveToFront]
12-01 07:59:17.266 1508 6928 I wm_pause_activity: [0,103113767,com.android.launcher3/.uioverrides.QuickstepLauncher,userLeaving=true,pauseBackTasks]
12-01 07:59:17.273 2822 2822 I wm_on_top_resumed_lost_called: [103113767,com.android.launcher3.uioverrides.QuickstepLauncher,topStateChangedWhenResumed]
12-01 07:59:17.275 2822 2822 I wm_on_paused_called: [103113767,com.android.launcher3.uioverrides.QuickstepLauncher,performPause]
12-01 07:59:17.278 1508 2426 I ActivityTaskManager: FOREGROUND_APPLICATION_CHANGED to com.android.settings.homepage.SettingsHomepageActivity
12-01 07:59:17.280 1508 2426 I wm_set_resumed_activity: [0,com.android.settings/.Settings,resumeTopActivityInnerLocked]
12-01 07:59:17.280 1508 2426 I wm_add_to_stopping: [0,103113767,com.android.launcher3/.uioverrides.QuickstepLauncher,makeInvisible]
12-01 07:59:17.281 1508 2426 I wm_resume_activity: [0,45402212,249,com.android.settings/.Settings]
12-01 07:59:17.282 25302 25302 I wm_on_restart_called: [45402212,com.android.settings.Settings,performRestartActivity]
12-01 07:59:17.298 1508 1636 I sysui_multi_action: [757,803,799,window_time_0,802,1]
12-01 07:59:17.307 25302 25302 I wm_on_start_called: [45402212,com.android.settings.Settings,handleStartActivity]
12-01 07:59:17.308 22714 22730 W ContextImpl: Calling a method in the system process without a qualified user: android.app.ContextImpl.startService:1816 android.content.ContextWrapper.startService:774 com.thundercomm.gamemode.ingame.services.GameModeActionUtils.startGameModeService:93 com.thundercomm.gamemode.ingame.services.GameModeActionUtils.startGameModeEntry:21 com.thundercomm.gamemode.ingame.services.ActivityMonitoringService$1.onActivityLaunch:127
12-01 07:59:17.308 25302 25302 I snet_event_log: [120484087,-1,]
12-01 07:59:17.309 25302 25302 I wm_on_resume_called: [45402212,com.android.settings.Settings,RESUME_ACTIVITY]
12-01 07:59:17.309 25302 25302 I sysui_multi_action: [757,35,758,1,833,0,1089,0]
12-01 07:59:17.309 1508 2005 I input_focus: [Focus leaving 9ddf785 com.android.launcher3/com.android.launcher3.uioverrides.QuickstepLauncher (server),reason=NO_WINDOW]
12-01 07:59:17.313 1508 1508 I GameModeConfig: Current uri is uri = content://com.thundercomm.gamemode.api/gamemode_settings/gamemode_isgaming
12-01 07:59:17.316 1508 1508 I GameModeConfig: isGameModeOn = false
12-01 07:59:17.316 1508 1508 I GameModeConfig: isGameModeOn = false
12-01 07:59:17.316 1508 1508 I GameModeConfig: isDisableVoice = true
12-01 07:59:17.325 25302 25302 I sysui_multi_action: [757,746,758,1,833,0,1089,0]
12-01 07:59:17.325 1508 8059 D TelephonyRegistry: listen oscl: mHasNotifySubscriptionInfoChangedOccurred==false no callback
12-01 07:59:17.328 1508 8059 D TelephonyRegistry: listen oscl: mHasNotifySubscriptionInfoChangedOccurred==false no callback
12-01 07:59:17.339 25302 25302 I wm_on_top_resumed_gained_called: [45402212,com.android.settings.Settings,topWhenResuming]
12-01 07:59:17.351 0 0 I auditd : type=1400 audit(0.0:15971): avc: denied { kill } for comm="swapper/2" capability=5 scontext=u:r:kernel:s0 tcontext=u:r:kernel:s0 tclass=capability permissive=0
12-01 07:59:17.363 1508 1637 I input_focus: [Focus request cbd5b56 com.android.settings/com.android.settings.Settings,reason=UpdateInputWindows]
12-01 07:59:17.377 1508 2005 I input_focus: [Focus entering cbd5b56 com.android.settings/com.android.settings.Settings (server),reason=setFocusedWindow]
12-01 07:59:17.379 1508 1633 I sysui_multi_action: [319,47,321,40,322,103,325,14775,757,761,758,9,759,4,806,com.android.settings,871,com.android.settings.Settings,904,com.android.launcher3,905,0,1320,8,1321,5]
12-01 07:59:17.390 22714 22730 W ContextImpl: Calling a method in the system process without a qualified user: android.app.ContextImpl.startService:1816 android.content.ContextWrapper.startService:774 com.thundercomm.gamemode.ingame.services.GameModeActionUtils.startGameModeService:93 com.thundercomm.gamemode.ingame.services.GameModeActionUtils.startGameModeEntry:21 com.thundercomm.gamemode.ingame.services.ActivityMonitoringService$1.onActivityLaunch:127
12-01 07:59:17.395 1508 1508 I GameModeConfig: Current uri is uri = content://com.thundercomm.gamemode.api/gamemode_settings/gamemode_isgaming
12-01 07:59:17.397 1508 1508 I GameModeConfig: isGameModeOn = false
12-01 07:59:17.398 1508 1508 I GameModeConfig: isGameModeOn = false
12-01 07:59:17.398 1508 1508 I GameModeConfig: isDisableVoice = true
12-01 07:59:17.691 1508 1636 I wm_stop_activity: [0,103113767,com.android.launcher3/.uioverrides.QuickstepLauncher]
12-01 07:59:17.722 1508 8059 W ContextImpl: Calling a method in the system process without a qualified user: android.app.ContextImpl.startActivity:1067 com.android.server.wm.FreeFormWindowHelper.exitRecentTasks:426 com.android.server.wm.ActivityTaskManagerService.exitRecentTasks:3795 android.app.IActivityTaskManager$Stub.onTransact:2307 com.android.server.wm.ActivityTaskManagerService.onTransact:5046
12-01 07:59:17.722 1508 8059 I ActivityTaskManager: START u0 {flg=0x10008000 cmp=com.android.gallery3d/.app.GalleryActivity} from uid 1000
12-01 07:59:17.725 1508 8059 I wm_task_created: [254,-1]
12-01 07:59:17.725 1508 8059 W ActivityTaskManager: Can't find TaskDisplayArea to determine support for multi window. Task id=254 attached=false
12-01 07:59:17.728 1508 8059 D FreeFormWindowHelper: Add freeform task=Task{1adcadb #254 type=standard ?? U=0 visible=false mode=freeform translucent=true sz=0}
12-01 07:59:17.731 1508 8059 I wm_task_moved: [254,1,7]
12-01 07:59:17.731 1508 8059 I wm_task_to_front: [0,254]
12-01 07:59:17.731 1508 8059 I wm_create_task: [0,254]
12-01 07:59:17.731 1508 8059 I wm_create_activity: [0,187713912,254,com.android.gallery3d/.app.GalleryActivity,NULL,NULL,NULL,268468224]
12-01 07:59:17.731 1508 8059 I wm_task_moved: [254,1,7]
12-01 07:59:17.732 25302 25302 I wm_on_top_resumed_lost_called: [45402212,com.android.settings.Settings,topStateChangedWhenResumed]
12-01 07:59:17.732 1508 8059 I ActivityTaskManager: FOREGROUND_APPLICATION_CHANGED to com.android.gallery3d.app.GalleryActivity
12-01 07:59:17.733 1508 8059 I ActivityTaskManager: The Process com.android.gallery3d Already Exists in BG. So sending its PID: 22978
12-01 07:59:17.733 1508 8059 W ActivityTaskManager: Tried to set launchTime (0) < mLastActivityLaunchTime (14773187)
12-01 07:59:17.735 1508 8059 I wm_restart_activity: [0,187713912,254,com.android.gallery3d/.app.GalleryActivity]
12-01 07:59:17.737 1508 8059 I wm_set_resumed_activity: [0,com.android.gallery3d/.app.GalleryActivity,minimalResumeActivityLocked]
12-01 07:59:17.763 22978 22978 I wm_on_create_called: [187713912,com.android.gallery3d.app.GalleryActivity,performCreate]
12-01 07:59:17.766 22714 22730 W ContextImpl: Calling a method in the system process without a qualified user: android.app.ContextImpl.startService:1816 android.content.ContextWrapper.startService:774 com.thundercomm.gamemode.ingame.services.GameModeActionUtils.startGameModeService:93 com.thundercomm.gamemode.ingame.services.GameModeActionUtils.startGameModeEntry:21 com.thundercomm.gamemode.ingame.services.ActivityMonitoringService$1.onActivityLaunch:127
12-01 07:59:17.766 22978 22978 I wm_on_start_called: [187713912,com.android.gallery3d.app.GalleryActivity,handleStartActivity]
12-01 07:59:17.771 1508 1508 I GameModeConfig: Current uri is uri = content://com.thundercomm.gamemode.api/gamemode_settings/gamemode_isgaming
12-01 07:59:17.772 22978 22978 I wm_on_resume_called: [187713912,com.android.gallery3d.app.GalleryActivity,RESUME_ACTIVITY]
12-01 07:59:17.773 1508 1508 I GameModeConfig: isGameModeOn = false
12-01 07:59:17.773 1508 1508 I GameModeConfig: isGameModeOn = false
12-01 07:59:17.773 1508 1508 I GameModeConfig: isDisableVoice = true
12-01 07:59:17.775 22978 22978 I wm_on_top_resumed_gained_called: [187713912,com.android.gallery3d.app.GalleryActivity,topStateChangedWhenResumed]
12-01 07:59:17.782 1508 6896 W WindowManager: updateScale0.7996942
12-01 07:59:17.786 1508 1637 I input_focus: [Focus request 2eecf90 com.android.gallery3d/com.android.gallery3d.app.GalleryActivity,reason=UpdateInputWindows]
12-01 07:59:17.787 2822 2822 I wm_on_stop_called: [103113767,com.android.launcher3.uioverrides.QuickstepLauncher,STOP_ACTIVITY_ITEM]
12-01 07:59:17.811 1508 1637 W WindowManager: updateScale0.7996942
12-01 07:59:17.816 1508 1637 W WindowManager: updateScale0.7996942
12-01 07:59:17.817 1508 1637 W WindowManager: updateScale0.7996942
12-01 07:59:17.817 1508 2005 I input_focus: [Focus leaving cbd5b56 com.android.settings/com.android.settings.Settings (server),reason=Waiting for window because NOT_VISIBLE]
12-01 07:59:17.820 1508 1633 I sysui_multi_action: [319,93,322,91,325,14776,757,761,758,8,759,2,806,com.android.gallery3d,871,com.android.gallery3d.app.GalleryActivity,904,android,905,0,1320,8,1321,5]
12-01 07:59:17.821 1508 1633 I wm_activity_launch_time: [0,187713912,com.android.gallery3d/.app.GalleryActivity,91]
12-01 07:59:17.830 1508 2005 I input_focus: [Focus entering 2eecf90 com.android.gallery3d/com.android.gallery3d.app.GalleryActivity (server),reason=Window became focusable. Previous reason: NOT_VISIBLE]
12-01 07:59:17.846 22714 22730 W ContextImpl: Calling a method in the system process without a qualified user: android.app.ContextImpl.startService:1816 android.content.ContextWrapper.startService:774 com.thundercomm.gamemode.ingame.services.GameModeActionUtils.startGameModeService:93 com.thundercomm.gamemode.ingame.services.GameModeActionUtils.startGameModeEntry:21 com.thundercomm.gamemode.ingame.services.ActivityMonitoringService$1.onActivityLaunch:127
12-01 07:59:17.852 1508 1508 I GameModeConfig: Current uri is uri = content://com.thundercomm.gamemode.api/gamemode_settings/gamemode_isgaming
12-01 07:59:17.853 1508 1508 I GameModeConfig: isGameModeOn = false
12-01 07:59:17.854 1508 1508 I GameModeConfig: isGameModeOn = false
12-01 07:59:17.854 1508 1508 I GameModeConfig: isDisableVoice = true
12-01 07:59:17.863 1508 1637 W WindowManager: updateScale0.7996942
12-01 07:59:18.314 1508 1637 W WindowManager: updateScale0.7996942
12-01 07:59:18.317 1508 6896 W WindowManager: updateScale0.7996942
12-01 07:59:18.351 0 0 I auditd : type=1400 audit(0.0:15972): avc: denied { kill } for comm="swapper/2" capability=5 scontext=u:r:kernel:s0 tcontext=u:r:kernel:s0 tclass=capability permissive=0
12-01 07:59:18.355 1508 2005 I input_interaction: Interaction with: cbd5b56 com.android.settings/com.android.settings.Settings (server), edge-swipe (server), swipe-up (server), PointerEventDispatcher0 (server),
12-01 07:59:18.359 1508 1636 I wm_task_moved: [249,1,7]
12-01 07:59:18.359 1508 1636 I wm_task_to_front: [0,249]
12-01 07:59:18.361 1508 1636 W WindowManager: updateScale0.7996942
12-01 07:59:18.364 1508 1636 I wm_set_resumed_activity: [0,com.android.settings/.Settings,positionChildAt]
12-01 07:59:18.364 1508 1636 I wm_focused_root_task: [0,0,249,254,setFocusedTask]
12-01 07:59:18.364 1508 1636 I wm_set_resumed_activity: [0,com.android.settings/.Settings,setFocusedTask]
12-01 07:59:18.365 1508 1636 I ActivityTaskManager: FOREGROUND_APPLICATION_CHANGED to com.android.settings.homepage.SettingsHomepageActivity
12-01 07:59:18.365 22978 22978 I wm_on_top_resumed_lost_called: [187713912,com.android.gallery3d.app.GalleryActivity,topStateChangedWhenResumed]
12-01 07:59:18.367 25302 25302 I wm_on_top_resumed_gained_called: [45402212,com.android.settings.Settings,topStateChangedWhenResumed]
12-01 07:59:18.368 1508 1637 I input_focus: [Focus request cbd5b56 com.android.settings/com.android.settings.Settings,reason=UpdateInputWindows]
12-01 07:59:18.380 1508 6335 I wm_task_moved: [1,0,0]
12-01 07:59:18.380 1508 6335 I wm_task_moved: [1,0,6]
12-01 07:59:18.381 1508 2005 I input_focus: [Focus leaving 2eecf90 com.android.gallery3d/com.android.gallery3d.app.GalleryActivity (server),reason=setFocusedWindow]
12-01 07:59:18.381 1508 2005 I input_focus: [Focus entering cbd5b56 com.android.settings/com.android.settings.Settings (server),reason=setFocusedWindow]
12-01 07:59:18.386 1508 6335 W WindowManager: updateScale0.7996942
12-01 07:59:18.395 1508 6928 W WindowManager: updateScale0.7996942
12-01 07:59:18.397 2822 2822 I wm_on_restart_called: [103113767,com.android.launcher3.uioverrides.QuickstepLauncher,performRestartActivity]
12-01 07:59:18.398 1508 6928 I wm_finish_activity: [0,187713912,254,com.android.gallery3d/.app.GalleryActivity,app-request]
12-01 07:59:18.410 1508 6928 I wm_pause_activity: [0,187713912,com.android.gallery3d/.app.GalleryActivity,userLeaving=false,finish]
12-01 07:59:18.414 22978 22978 I wm_on_paused_called: [187713912,com.android.gallery3d.app.GalleryActivity,performPause]
12-01 07:59:18.416 1508 2321 I GameModeConfig: isGameModeOn = false
12-01 07:59:18.417 1508 2321 I GameModeConfig: isGameModeOn = false
12-01 07:59:18.417 1508 2321 I GameModeConfig: isGameModeOn = false
12-01 07:59:18.417 1508 2321 I GameModeConfig: isGameModeOn = false
12-01 07:59:18.417 1508 2321 I GameModeConfig: isGameModeOn = false
12-01 07:59:18.418 1508 2321 I GameModeConfig: isGameModeOn = false
12-01 07:59:18.420 1508 2426 I wm_destroy_activity: [0,187713912,254,com.android.gallery3d/.app.GalleryActivity,finish-imm:completePausedLocked]
12-01 07:59:18.423 1508 2321 I GameModeConfig: isGameModeOn = false
12-01 07:59:18.426 2822 2822 I wm_on_start_called: [103113767,com.android.launcher3.uioverrides.QuickstepLauncher,handleStartActivity]
12-01 07:59:18.427 25302 25302 I view_enqueue_input_event: [Motion - Cancel,com.android.settings/com.android.settings.Settings]
12-01 07:59:18.430 1508 1636 I sysui_multi_action: [757,803,799,window_time_0,802,2]
12-01 07:59:18.431 1508 2005 I input_interaction: Interaction with: edge-swipe (server), swipe-up (server), PointerEventDispatcher0 (server),
12-01 07:59:18.434 22978 22978 I wm_on_stop_called: [187713912,com.android.gallery3d.app.GalleryActivity,LIFECYCLER_STOP_ACTIVITY]
12-01 07:59:18.436 22714 22730 W ContextImpl: Calling a method in the system process without a qualified user: android.app.ContextImpl.startService:1816 android.content.ContextWrapper.startService:774 com.thundercomm.gamemode.ingame.services.GameModeActionUtils.startGameModeService:93 com.thundercomm.gamemode.ingame.services.GameModeActionUtils.startGameModeEntry:21 com.thundercomm.gamemode.ingame.services.ActivityMonitoringService$1.onActivityLaunch:127
12-01 07:59:18.441 2822 2822 I sysui_latency: [1,86]
12-01 07:59:18.443 1508 1508 I GameModeConfig: Current uri is uri = content://com.thundercomm.gamemode.api/gamemode_settings/gamemode_isgaming
12-01 07:59:18.443 1508 2321 I GameModeConfig: isGameModeOn = false
12-01 07:59:18.443 1508 2321 I GameModeConfig: isGameModeOn = false
12-01 07:59:18.446 1508 1508 I GameModeConfig: isGameModeOn = false
12-01 07:59:18.446 1508 1508 I GameModeConfig: isGameModeOn = false
12-01 07:59:18.446 1508 1508 I GameModeConfig: isDisableVoice = true
12-01 07:59:18.449 1508 2321 I GameModeConfig: isGameModeOn = false
12-01 07:59:18.452 22978 22978 I wm_on_destroy_called: [187713912,com.android.gallery3d.app.GalleryActivity,performDestroy]
12-01 07:59:18.454 1508 1633 I sysui_multi_action: [319,10,322,67,325,14776,757,761,758,9,759,5,806,com.android.launcher3,871,com.android.launcher3.uioverrides.QuickstepLauncher,905,0,1320,8,1321,5]
12-01 07:59:18.455 1508 1637 I input_focus: [Focus request recents_animation_input_consumer,reason=UpdateInputWindows]
12-01 07:59:18.459 22714 22730 W ContextImpl: Calling a method in the system process without a qualified user: android.app.ContextImpl.startService:1816 android.content.ContextWrapper.startService:774 com.thundercomm.gamemode.ingame.services.GameModeActionUtils.startGameModeService:93 com.thundercomm.gamemode.ingame.services.GameModeActionUtils.startGameModeEntry:21 com.thundercomm.gamemode.ingame.services.ActivityMonitoringService$1.onActivityLaunch:127
12-01 07:59:18.462 1508 2321 I GameModeConfig: isGameModeOn = false
12-01 07:59:18.464 1508 2321 I GameModeConfig: isGameModeOn = false
12-01 07:59:18.467 1508 1508 I GameModeConfig: Current uri is uri = content://com.thundercomm.gamemode.api/gamemode_settings/gamemode_isgaming
12-01 07:59:18.469 1508 1508 I GameModeConfig: isGameModeOn = false
12-01 07:59:18.470 1508 1508 I GameModeConfig: isGameModeOn = false
12-01 07:59:18.470 1508 1508 I GameModeConfig: isDisableVoice = true
12-01 07:59:18.475 1508 8164 W ActivityTaskManager: getTaskSnapshot: taskId=5249 not found
12-01 07:59:18.479 1508 2005 I input_focus: [Focus leaving cbd5b56 com.android.settings/com.android.settings.Settings (server),reason=NOT_FOCUSABLE]
12-01 07:59:18.479 1508 6928 I wm_task_removed: [254,removeChild:removeChild last r=ActivityRecord{b304978 u0 com.android.gallery3d/.app.GalleryActivity t-1 f}} in t=Task{1adcadb #254 type=standard A=10064:com.android.gallery3d U=0 visible=false mode=freeform translucent=true sz=0}]
12-01 07:59:18.479 1508 6928 I wm_task_removed: [254,removeChild]
12-01 07:59:18.479 1508 2005 I input_focus: [Focus entering recents_animation_input_consumer (server),reason=setFocusedWindow]
12-01 07:59:18.479 1508 6928 D FreeFormWindowHelper: Remove freefrom task=Task{1adcadb #254 type=standard A=10064:com.android.gallery3d U=0 visible=false mode=freeform translucent=true sz=0}
12-01 07:59:18.480 1508 2321 I GameModeConfig: isGameModeOn = false
12-01 07:59:18.483 1508 2321 I GameModeConfig: isGameModeOn = false
12-01 07:59:18.483 1508 10918 W ActivityTaskManager: getTaskSnapshot: taskId=4249 not found
12-01 07:59:18.484 1508 6928 W ActivityTaskManager: getTaskSnapshot: taskId=3249 not found
12-01 07:59:18.485 1508 6928 W ActivityTaskManager: getTaskSnapshot: taskId=2249 not found
12-01 07:59:18.486 1508 8164 W ActivityTaskManager: getTaskSnapshot: taskId=1249 not found
12-01 07:59:18.498 1508 2321 I GameModeConfig: isGameModeOn = false
12-01 07:59:18.502 1508 2321 I GameModeConfig: isGameModeOn = false
12-01 07:59:18.511 1508 6928 W ContextImpl: Calling a method in the system process without a qualified user: android.app.ContextImpl.startActivity:1067 com.android.server.wm.FreeFormWindowHelper.exitRecentTasks:426 com.android.server.wm.ActivityTaskManagerService.exitRecentTasks:3795 android.app.IActivityTaskManager$Stub.onTransact:2307 com.android.server.wm.ActivityTaskManagerService.onTransact:5046
12-01 07:59:18.513 1508 6928 I ActivityTaskManager: START u0 {flg=0x10008000 cmp=com.android.gallery3d/.app.GalleryActivity} from uid 1000
12-01 07:59:18.515 1508 2321 I GameModeConfig: isGameModeOn = false
12-01 07:59:18.518 1508 6928 I wm_task_created: [255,-1]
12-01 07:59:18.518 1508 6928 W ActivityTaskManager: Can't find TaskDisplayArea to determine support for multi window. Task id=255 attached=false
12-01 07:59:18.520 1508 6928 D FreeFormWindowHelper: Add freeform task=Task{6bfbfdd #255 type=standard ?? U=0 visible=false mode=freeform translucent=true sz=0}
12-01 07:59:18.521 1508 2321 I GameModeConfig: isGameModeOn = false
12-01 07:59:18.523 1508 6928 I wm_task_moved: [255,1,7]
12-01 07:59:18.523 1508 6928 I wm_task_to_front: [0,255]
12-01 07:59:18.523 1508 6928 I wm_create_task: [0,255]
12-01 07:59:18.523 1508 6928 I wm_create_activity: [0,235419474,255,com.android.gallery3d/.app.GalleryActivity,NULL,NULL,NULL,268468224]
12-01 07:59:18.523 1508 6928 I wm_task_moved: [255,1,7]
12-01 07:59:18.523 25302 25302 I wm_on_top_resumed_lost_called: [45402212,com.android.settings.Settings,topStateChangedWhenResumed]
12-01 07:59:18.524 1508 6928 I ActivityTaskManager: FOREGROUND_APPLICATION_CHANGED to com.android.gallery3d.app.GalleryActivity
12-01 07:59:18.524 1508 6928 I ActivityTaskManager: The Process com.android.gallery3d Already Exists in BG. So sending its PID: 22978
12-01 07:59:18.525 1508 6928 W ActivityTaskManager: Tried to set launchTime (0) < mLastActivityLaunchTime (14776314)
12-01 07:59:18.527 1508 6928 I wm_restart_activity: [0,235419474,255,com.android.gallery3d/.app.GalleryActivity]
12-01 07:59:18.528 1508 6928 I wm_set_resumed_activity: [0,com.android.gallery3d/.app.GalleryActivity,minimalResumeActivityLocked]
12-01 07:59:18.540 1508 2321 I GameModeConfig: isGameModeOn = false
12-01 07:59:18.540 1508 2321 I GameModeConfig: isGameModeOn = false
12-01 07:59:18.544 22714 22730 W ContextImpl: Calling a method in the system process without a qualified user: android.app.ContextImpl.startService:1816 android.content.ContextWrapper.startService:774 com.thundercomm.gamemode.ingame.services.GameModeActionUtils.startGameModeService:93 com.thundercomm.gamemode.ingame.services.GameModeActionUtils.startGameModeEntry:21 com.thundercomm.gamemode.ingame.services.ActivityMonitoringService$1.onActivityLaunch:127
12-01 07:59:18.547 22978 22978 I wm_on_create_called: [235419474,com.android.gallery3d.app.GalleryActivity,performCreate]
12-01 07:59:18.548 22978 22978 I wm_on_start_called: [235419474,com.android.gallery3d.app.GalleryActivity,handleStartActivity]
12-01 07:59:18.550 22978 22978 I wm_on_resume_called: [235419474,com.android.gallery3d.app.GalleryActivity,RESUME_ACTIVITY]
12-01 07:59:18.551 22978 22978 I wm_on_top_resumed_gained_called: [235419474,com.android.gallery3d.app.GalleryActivity,topStateChangedWhenResumed]
12-01 07:59:18.552 1508 1508 I GameModeConfig: Current uri is uri = content://com.thundercomm.gamemode.api/gamemode_settings/gamemode_isgaming
12-01 07:59:18.554 1508 1508 I GameModeConfig: isGameModeOn = false
12-01 07:59:18.554 1508 1508 I GameModeConfig: isGameModeOn = false
12-01 07:59:18.554 1508 1508 I GameModeConfig: isDisableVoice = true
12-01 07:59:18.558 1508 2321 I GameModeConfig: isGameModeOn = false
12-01 07:59:18.559 22714 22730 W ContextImpl: Calling a method in the system process without a qualified user: android.app.ContextImpl.startService:1816 android.content.ContextWrapper.startService:774 com.thundercomm.gamemode.ingame.services.GameModeActionUtils.startGameModeService:93 com.thundercomm.gamemode.ingame.services.GameModeActionUtils.startGameModeEntry:21 com.thundercomm.gamemode.ingame.services.ActivityMonitoringService$1.onActivityLaunch:127
12-01 07:59:18.563 1508 6335 W WindowManager: updateScale0.7996942
12-01 07:59:18.564 1508 2321 I GameModeConfig: isGameModeOn = false
12-01 07:59:18.566 1508 1508 I GameModeConfig: Current uri is uri = content://com.thundercomm.gamemode.api/gamemode_settings/gamemode_isgaming
12-01 07:59:18.568 1508 1637 I input_focus: [Focus request 8c00d95 com.android.gallery3d/com.android.gallery3d.app.GalleryActivity,reason=UpdateInputWindows]
12-01 07:59:18.570 1508 1508 I GameModeConfig: isGameModeOn = false
12-01 07:59:18.570 1508 1508 I GameModeConfig: isGameModeOn = false
12-01 07:59:18.570 1508 1508 I GameModeConfig: isDisableVoice = true
12-01 07:59:18.574 1508 2321 I GameModeConfig: isGameModeOn = false
12-01 07:59:18.583 1508 2321 I GameModeConfig: isGameModeOn = false
12-01 07:59:18.592 1508 2321 I GameModeConfig: isGameModeOn = false
12-01 07:59:18.594 1508 2321 I GameModeConfig: isGameModeOn = false
12-01 07:59:18.595 1508 1637 W WindowManager: updateScale0.7996942
12-01 07:59:18.597 1508 1637 W WindowManager: updateScale0.7996942
12-01 07:59:18.597 1508 1633 I sysui_multi_action: [319,83,322,83,325,14777,757,761,758,8,759,2,806,com.android.gallery3d,871,com.android.gallery3d.app.GalleryActivity,904,android,905,0,1320,8,1321,5]
12-01 07:59:18.598 1508 1633 I wm_activity_launch_time: [0,235419474,com.android.gallery3d/.app.GalleryActivity,83]
12-01 07:59:18.598 1508 1637 W WindowManager: updateScale0.7996942
12-01 07:59:18.601 1508 2005 I input_focus: [Focus leaving recents_animation_input_consumer (server),reason=Waiting for window because NOT_VISIBLE]
12-01 07:59:18.609 1508 2321 I GameModeConfig: isGameModeOn = false
12-01 07:59:18.612 1508 2321 I GameModeConfig: isGameModeOn = false
12-01 07:59:18.616 1508 2005 I input_focus: [Focus entering 8c00d95 com.android.gallery3d/com.android.gallery3d.app.GalleryActivity (server),reason=Window became focusable. Previous reason: NOT_VISIBLE]
12-01 07:59:18.626 1508 2321 I GameModeConfig: isGameModeOn = false
12-01 07:59:18.626 1508 2321 I GameModeConfig: isGameModeOn = false
12-01 07:59:18.634 1508 1754 I commit_sys_config_file: [settings-1-0,9]
12-01 07:59:18.644 1508 2321 I GameModeConfig: isGameModeOn = false
12-01 07:59:18.664 1508 2321 I GameModeConfig: isGameModeOn = false
12-01 07:59:18.671 1508 2321 I GameModeConfig: isGameModeOn = false
12-01 07:59:18.687 1508 2321 I GameModeConfig: isGameModeOn = false
12-01 07:59:18.706 1508 2321 I GameModeConfig: isGameModeOn = false
12-01 07:59:18.725 1508 2321 I GameModeConfig: isGameModeOn = false
12-01 07:59:18.745 1508 2321 I GameModeConfig: isGameModeOn = false
12-01 07:59:18.750 1508 1647 I sysui_latency: [8,80]
12-01 07:59:18.766 1508 2321 I GameModeConfig: isGameModeOn = false
12-01 07:59:18.781 1508 2321 I GameModeConfig: isGameModeOn = false
12-01 07:59:18.798 1508 2321 I GameModeConfig: isGameModeOn = false
12-01 07:59:18.812 1508 2321 I GameModeConfig: isGameModeOn = false
12-01 07:59:18.830 1508 2321 I GameModeConfig: isGameModeOn = false
12-01 07:59:18.866 1508 2321 I GameModeConfig: isGameModeOn = false
12-01 07:59:19.291 1366 16954 I liblog : 24
12-01 07:59:19.291 1366 16954 I liblog : 2
12-01 07:59:19.403 1508 6335 I wm_task_moved: [1,1,7]
12-01 07:59:19.404 1508 6335 I wm_task_moved: [10,1,2147483647]
12-01 07:59:19.404 1508 6335 I wm_task_to_front: [0,10]
12-01 07:59:19.404 1508 6335 I wm_focused_root_task: [0,0,1,255,RecentsAnimation.onAnimationFinished()]
12-01 07:59:19.404 1508 6335 I wm_set_resumed_activity: [0,com.android.launcher3/.uioverrides.QuickstepLauncher,RecentsAnimation.onAnimationFinished()]
12-01 07:59:19.405 22978 22978 I wm_on_top_resumed_lost_called: [235419474,com.android.gallery3d.app.GalleryActivity,topStateChangedWhenResumed]
12-01 07:59:19.405 1508 6335 I wm_pause_activity: [0,45402212,com.android.settings/.Settings,userLeaving=true,pauseBackTasks]
12-01 07:59:19.405 1508 6335 I wm_add_to_stopping: [0,45402212,com.android.settings/.Settings,makeInvisible]
12-01 07:59:19.405 1508 6335 I ActivityTaskManager: FOREGROUND_APPLICATION_CHANGED to com.android.launcher3.uioverrides.QuickstepLauncher
12-01 07:59:19.405 1508 6335 I wm_set_resumed_activity: [0,com.android.launcher3/.uioverrides.QuickstepLauncher,resumeTopActivityInnerLocked]
12-01 07:59:19.406 1508 6335 I wm_resume_activity: [0,103113767,10,com.android.launcher3/.uioverrides.QuickstepLauncher]
12-01 07:59:19.407 1508 6335 W WindowManager: updateScale0.7996942
12-01 07:59:19.408 1508 6335 W WindowManager: updateScale0.7996942
12-01 07:59:19.409 2822 2822 I wm_on_resume_called: [103113767,com.android.launcher3.uioverrides.QuickstepLauncher,RESUME_ACTIVITY]
12-01 07:59:19.410 25302 25302 I sysui_multi_action: [757,35,758,2,1089,2100]
12-01 07:59:19.410 1508 1637 I input_focus: [Focus request 9ddf785 com.android.launcher3/com.android.launcher3.uioverrides.QuickstepLauncher,reason=UpdateInputWindows]
12-01 07:59:19.413 2822 2822 I wm_on_top_resumed_gained_called: [103113767,com.android.launcher3.uioverrides.QuickstepLauncher,topStateChangedWhenResumed]
12-01 07:59:19.422 25302 25302 I sysui_multi_action: [757,746,758,2,1089,2097]
12-01 07:59:19.425 1508 1636 I wm_stop_activity: [0,45402212,com.android.settings/.Settings]
12-01 07:59:19.426 1508 1636 I sysui_multi_action: [757,803,799,window_time_0,802,1]
12-01 07:59:19.431 1508 2005 I input_focus: [Focus leaving 8c00d95 com.android.gallery3d/com.android.gallery3d.app.GalleryActivity (server),reason=setFocusedWindow]
12-01 07:59:19.431 1508 2005 I input_focus: [Focus entering 9ddf785 com.android.launcher3/com.android.launcher3.uioverrides.QuickstepLauncher (server),reason=setFocusedWindow]
12-01 07:59:19.431 1508 1636 I sysui_multi_action: [757,803,799,window_time_0,802,0]
12-01 07:59:19.432 25302 25302 I wm_on_paused_called: [45402212,com.android.settings.Settings,performPause]
12-01 07:59:19.453 25302 25302 I wm_on_stop_called: [45402212,com.android.settings.Settings,STOP_ACTIVITY_ITEM]
12-01 07:59:19.461 1508 6928 W WindowManager: updateScale0.7996942
12-01 07:59:19.476 22714 22730 W ContextImpl: Calling a method in the system process without a qualified user: android.app.ContextImpl.startService:1816 android.content.ContextWrapper.startService:774 com.thundercomm.gamemode.ingame.services.GameModeActionUtils.startGameModeService:93 com.thundercomm.gamemode.ingame.services.GameModeActionUtils.startGameModeEntry:21 com.thundercomm.gamemode.ingame.services.ActivityMonitoringService$1.onActivityLaunch:127
12-01 07:59:19.480 1508 1508 I GameModeConfig: Current uri is uri = content://com.thundercomm.gamemode.api/gamemode_settings/gamemode_isgaming
12-01 07:59:19.482 1508 1508 I GameModeConfig: isGameModeOn = false
12-01 07:59:19.482 1508 1508 I GameModeConfig: isGameModeOn = false
12-01 07:59:19.482 1508 1508 I GameModeConfig: isDisableVoice = true
12-01 07:59:19.519 22714 22730 W ContextImpl: Calling a method in the system process without a qualified user: android.app.ContextImpl.startService:1816 android.content.ContextWrapper.startService:774 com.thundercomm.gamemode.ingame.services.GameModeActionUtils.startGameModeService:93 com.thundercomm.gamemode.ingame.services.GameModeActionUtils.startGameModeEntry:21 com.thundercomm.gamemode.ingame.services.ActivityMonitoringService$1.onActivityLaunch:127
12-01 07:59:19.526 1508 1508 I GameModeConfig: Current uri is uri = content://com.thundercomm.gamemode.api/gamemode_settings/gamemode_isgaming
12-01 07:59:19.527 1508 1508 I GameModeConfig: isGameModeOn = false
12-01 07:59:19.527 1508 1508 I GameModeConfig: isGameModeOn = false
12-01 07:59:19.528 1508 1508 I GameModeConfig: isDisableVoice = true
12-01 07:59:20.182 1508 1508 I notification_enqueue: [10097,9319,com.github.uiautomator,1,NULL,0,Notification(channel=monitor service shortcut=null contentView=null vibrate=null sound=null tick defaults=0x0 flags=0x40 color=0x00000000 vis=PRIVATE),1]
12-01 07:59:20.351 0 0 I auditd : type=1400 audit(0.0:15973): avc: denied { kill } for comm="swapper/2" capability=5 scontext=u:r:kernel:s0 tcontext=u:r:kernel:s0 tclass=capability permissive=0
12-01 07:59:20.383 1508 1508 I GameModeConfig: isGameModeOn = false
12-01 07:59:21.797 1508 3862 E TaskPersister: File error accessing recents directory (directory doesn't exist?).
12-01 07:59:22.351 0 0 I auditd : type=1400 audit(0.0:15974): avc: denied { kill } for comm="swapper/2" capability=5 scontext=u:r:kernel:s0 tcontext=u:r:kernel:s0 tclass=capability permissive=0
12-01 07:59:23.351 0 0 I auditd : type=1400 audit(0.0:15975): avc: denied { kill } for comm="swapper/2" capability=5 scontext=u:r:kernel:s0 tcontext=u:r:kernel:s0 tclass=capability permissive=0
12-01 07:59:24.351 0 0 I auditd : type=1400 audit(0.0:15976): avc: denied { kill } for comm="swapper/2" capability=5 scontext=u:r:kernel:s0 tcontext=u:r:kernel:s0 tclass=capability permissive=0
12-01 07:59:25.351 0 0 I auditd : type=1400 audit(0.0:15977): avc: denied { kill } for comm="swapper/2" capability=5 scontext=u:r:kernel:s0 tcontext=u:r:kernel:s0 tclass=capability permissive=0
12-01 07:59:26.351 0 0 I auditd : type=1400 audit(0.0:15978): avc: denied { kill } for comm="swapper/2" capability=5 scontext=u:r:kernel:s0 tcontext=u:r:kernel:s0 tclass=capability permissive=0
12-01 07:59:27.351 0 0 I auditd : type=1400 audit(0.0:15979): avc: denied { kill } for comm="swapper/2" capability=5 scontext=u:r:kernel:s0 tcontext=u:r:kernel:s0 tclass=capability permissive=0
12-01 07:59:28.351 0 0 I auditd : type=1400 audit(0.0:15980): avc: denied { kill } for comm="swapper/2" capability=5 scontext=u:r:kernel:s0 tcontext=u:r:kernel:s0 tclass=capability permissive=0
12-01 07:59:29.351 0 0 I auditd : type=1400 audit(0.0:15981): avc: denied { kill } for comm="swapper/2" capability=5 scontext=u:r:kernel:s0 tcontext=u:r:kernel:s0 tclass=capability permissive=0
12-01 07:59:30.351 0 0 I auditd : type=1400 audit(0.0:15982): avc: denied { kill } for comm="swapper/2" capability=5 scontext=u:r:kernel:s0 tcontext=u:r:kernel:s0 tclass=capability permissive=0
12-01 07:59:31.351 0 0 I auditd : type=1400 audit(0.0:15983): avc: denied { kill } for comm="swapper/2" capability=5 scontext=u:r:kernel:s0 tcontext=u:r:kernel:s0 tclass=capability permissive=0
12-01 07:59:32.351 0 0 I auditd : type=1400 audit(0.0:15984): avc: denied { kill } for comm="swapper/2" capability=5 scontext=u:r:kernel:s0 tcontext=u:r:kernel:s0 tclass=capability permissive=0
12-01 07:59:33.351 0 0 I auditd : type=1400 audit(0.0:15985): avc: denied { kill } for comm="swapper/2" capability=5 scontext=u:r:kernel:s0 tcontext=u:r:kernel:s0 tclass=capability permissive=0
12-01 07:59:34.351 0 0 I auditd : type=1400 audit(0.0:15986): avc: denied { kill } for comm="swapper/2" capability=5 scontext=u:r:kernel:s0 tcontext=u:r:kernel:s0 tclass=capability permissive=0
12-01 07:59:35.351 0 0 I auditd : type=1400 audit(0.0:15987): avc: denied { kill } for comm="swapper/2" capability=5 scontext=u:r:kernel:s0 tcontext=u:r:kernel:s0 tclass=capability permissive=0
12-01 07:59:36.351 0 0 I auditd : type=1400 audit(0.0:15988): avc: denied { kill } for comm="swapper/2" capability=5 scontext=u:r:kernel:s0 tcontext=u:r:kernel:s0 tclass=capability permissive=0
12-01 07:59:37.351 0 0 I auditd : type=1400 audit(0.0:15989): avc: denied { kill } for comm="swapper/2" capability=5 scontext=u:r:kernel:s0 tcontext=u:r:kernel:s0 tclass=capability permissive=0
12-01 07:59:38.351 0 0 I auditd : type=1400 audit(0.0:15990): avc: denied { kill } for comm="swapper/2" capability=5 scontext=u:r:kernel:s0 tcontext=u:r:kernel:s0 tclass=capability permissive=0
12-01 07:59:39.351 0 0 I auditd : type=1400 audit(0.0:15991): avc: denied { kill } for comm="swapper/2" capability=5 scontext=u:r:kernel:s0 tcontext=u:r:kernel:s0 tclass=capability permissive=0
12-01 07:59:40.351 0 0 I auditd : type=1400 audit(0.0:15992): avc: denied { kill } for comm="swapper/2" capability=5 scontext=u:r:kernel:s0 tcontext=u:r:kernel:s0 tclass=capability permissive=0
12-01 07:59:41.351 0 0 I auditd : type=1400 audit(0.0:15993): avc: denied { kill } for comm="swapper/2" capability=5 scontext=u:r:kernel:s0 tcontext=u:r:kernel:s0 tclass=capability permissive=0
12-01 07:59:42.351 0 0 I auditd : type=1400 audit(0.0:15994): avc: denied { kill } for comm="swapper/2" capability=5 scontext=u:r:kernel:s0 tcontext=u:r:kernel:s0 tclass=capability permissive=0
12-01 07:59:43.351 0 0 I auditd : type=1400 audit(0.0:15995): avc: denied { kill } for comm="swapper/2" capability=5 scontext=u:r:kernel:s0 tcontext=u:r:kernel:s0 tclass=capability permissive=0
12-01 07:59:44.351 0 0 I auditd : type=1400 audit(0.0:15996): avc: denied { kill } for comm="swapper/2" capability=5 scontext=u:r:kernel:s0 tcontext=u:r:kernel:s0 tclass=capability permissive=0
12-01 07:59:45.351 0 0 I auditd : type=1400 audit(0.0:15997): avc: denied { kill } for comm="swapper/2" capability=5 scontext=u:r:kernel:s0 tcontext=u:r:kernel:s0 tclass=capability permissive=0
12-01 07:59:45.969 1508 2005 I input_interaction: Interaction with: 9ddf785 com.android.launcher3/com.android.launcher3.uioverrides.QuickstepLauncher (server), a0d30ab com.android.systemui.ImageWallpaper (server), edge-swipe (server), swipe-up (server), PointerEventDispatcher0 (server),
12-01 07:59:46.351 0 0 I auditd : type=1400 audit(0.0:15998): avc: denied { kill } for comm="swapper/2" capability=5 scontext=u:r:kernel:s0 tcontext=u:r:kernel:s0 tclass=capability permissive=0
12-01 07:59:47.351 0 0 I auditd : type=1400 audit(0.0:15999): avc: denied { kill } for comm="swapper/2" capability=5 scontext=u:r:kernel:s0 tcontext=u:r:kernel:s0 tclass=capability permissive=0
12-01 07:59:47.496 1508 6896 I ActivityTaskManager: START u0 {act=android.intent.action.MAIN cat=[android.intent.category.LAUNCHER] flg=0x10200000 cmp=com.android.calendar/.AllInOneActivity bnds=[1017,416][1319,712]} from uid 10076
12-01 07:59:47.506 1508 6896 I wm_task_created: [256,-1]
12-01 07:59:47.506 1508 6896 W ActivityTaskManager: Can't find TaskDisplayArea to determine support for multi window. Task id=256 attached=false
12-01 07:59:47.509 1508 6896 D CompatibilityChangeReporter: Compat change id reported: 174042980; UID 10066; state: DISABLED
12-01 07:59:47.510 1508 6896 D CompatibilityChangeReporter: Compat change id reported: 184838306; UID 10066; state: DISABLED
12-01 07:59:47.511 1508 6896 D CompatibilityChangeReporter: Compat change id reported: 185004937; UID 10066; state: DISABLED
12-01 07:59:47.512 1508 6896 D CompatibilityChangeReporter: Compat change id reported: 181136395; UID 10066; state: DISABLED
12-01 07:59:47.512 1508 6896 D CompatibilityChangeReporter: Compat change id reported: 174042936; UID 10066; state: DISABLED
12-01 07:59:47.513 1508 6896 I wm_task_moved: [256,1,8]
12-01 07:59:47.513 1508 6896 I wm_task_to_front: [0,256]
12-01 07:59:47.513 1508 6896 I wm_create_task: [0,256]
12-01 07:59:47.514 1508 6896 I wm_create_activity: [0,209307396,256,com.android.calendar/.AllInOneActivity,android.intent.action.MAIN,NULL,NULL,270532608]
12-01 07:59:47.514 1508 6896 I wm_task_moved: [256,1,8]
12-01 07:59:47.515 1508 6896 D CompatibilityChangeReporter: Compat change id reported: 168419799; UID 10066; state: DISABLED
12-01 07:59:47.516 1508 6896 I wm_pause_activity: [0,103113767,com.android.launcher3/.uioverrides.QuickstepLauncher,userLeaving=true,pauseBackTasks]
12-01 07:59:47.518 1508 6896 W WindowManager: updateScale0.7996942
12-01 07:59:47.533 2822 2822 I wm_on_top_resumed_lost_called: [103113767,com.android.launcher3.uioverrides.QuickstepLauncher,topStateChangedWhenResumed]
12-01 07:59:47.534 2822 2822 I wm_on_paused_called: [103113767,com.android.launcher3.uioverrides.QuickstepLauncher,performPause]
12-01 07:59:47.535 1508 10918 I ActivityTaskManager: FOREGROUND_APPLICATION_CHANGED to com.android.calendar.AllInOneActivity
12-01 07:59:47.544 1508 10918 I ActivityTaskManager: The Process com.android.calendar Already Exists in BG. So sending its PID: 24544
12-01 07:59:47.545 1508 10918 I wm_add_to_stopping: [0,103113767,com.android.launcher3/.uioverrides.QuickstepLauncher,makeInvisible]
12-01 07:59:47.546 1508 10918 I wm_restart_activity: [0,209307396,256,com.android.calendar/.AllInOneActivity]
12-01 07:59:47.549 1508 10918 I wm_set_resumed_activity: [0,com.android.calendar/.AllInOneActivity,minimalResumeActivityLocked]
12-01 07:59:47.550 1508 10918 W WindowManager: updateScale0.7996942
12-01 07:59:47.554 1508 1636 I am_uid_active: 10066
12-01 07:59:47.564 1508 1636 I sysui_multi_action: [757,803,799,window_time_0,802,28]
12-01 07:59:47.566 1508 6896 W WindowManager: updateScale0.7996942
12-01 07:59:47.574 22714 22730 W ContextImpl: Calling a method in the system process without a qualified user: android.app.ContextImpl.startService:1816 android.content.ContextWrapper.startService:774 com.thundercomm.gamemode.ingame.services.GameModeActionUtils.startGameModeService:93 com.thundercomm.gamemode.ingame.services.GameModeActionUtils.startGameModeEntry:21 com.thundercomm.gamemode.ingame.services.ActivityMonitoringService$1.onActivityLaunch:127
12-01 07:59:47.574 1508 8124 I am_uid_running: 10021
12-01 07:59:47.575 1508 8124 D CompatibilityChangeReporter: Compat change id reported: 135634846; UID 10021; state: DISABLED
12-01 07:59:47.575 1508 8124 D CompatibilityChangeReporter: Compat change id reported: 177438394; UID 10021; state: DISABLED
12-01 07:59:47.575 1508 8124 D CompatibilityChangeReporter: Compat change id reported: 135772972; UID 10021; state: DISABLED
12-01 07:59:47.575 1508 8124 D CompatibilityChangeReporter: Compat change id reported: 135754954; UID 10021; state: ENABLED
12-01 07:59:47.575 1508 1649 D CompatibilityChangeReporter: Compat change id reported: 143937733; UID 10021; state: ENABLED
12-01 07:59:47.580 1508 1508 I GameModeConfig: Current uri is uri = content://com.thundercomm.gamemode.api/gamemode_settings/gamemode_isgaming
12-01 07:59:47.582 1508 2005 I input_focus: [Focus leaving 9ddf785 com.android.launcher3/com.android.launcher3.uioverrides.QuickstepLauncher (server),reason=NO_WINDOW]
12-01 07:59:47.583 1508 1647 I am_pss : [25302,1000,com.android.settings,42135552,31752192,0,174395392,0,15,8]
12-01 07:59:47.584 1508 1649 I am_proc_start: [0,25522,10021,com.android.providers.calendar,content provider,{com.android.providers.calendar/com.android.providers.calendar.CalendarProvider2}]
12-01 07:59:47.584 1508 1649 I ActivityManager: Start proc 25522:com.android.providers.calendar/u0a21 for content provider {com.android.providers.calendar/com.android.providers.calendar.CalendarProvider2}
12-01 07:59:47.586 1508 1508 I GameModeConfig: isGameModeOn = false
12-01 07:59:47.587 1508 1508 I GameModeConfig: isGameModeOn = false
12-01 07:59:47.588 1508 1508 I GameModeConfig: isDisableVoice = true
12-01 07:59:47.590 1508 1647 I am_pss : [25301,10086,com.android.music,6540288,4304896,0,89833472,0,19,6]
12-01 07:59:47.593 24544 24544 I wm_on_create_called: [209307396,com.android.calendar.AllInOneActivity,performCreate]
12-01 07:59:47.596 1508 1637 W WindowManager: updateScale0.7996942
12-01 07:59:47.599 1508 1637 W WindowManager: updateScale0.7996942
12-01 07:59:47.599 24544 24544 I wm_on_start_called: [209307396,com.android.calendar.AllInOneActivity,handleStartActivity]
12-01 07:59:47.601 1508 1637 W WindowManager: updateScale0.7996942
12-01 07:59:47.604 24544 24544 I wm_on_resume_called: [209307396,com.android.calendar.AllInOneActivity,RESUME_ACTIVITY]
12-01 07:59:47.605 1508 10918 I am_proc_bound: [0,25522,com.android.providers.calendar]
12-01 07:59:47.607 1508 10918 D CompatibilityChangeReporter: Compat change id reported: 168419799; UID 10021; state: DISABLED
12-01 07:59:47.614 24544 24544 I wm_on_top_resumed_gained_called: [209307396,com.android.calendar.AllInOneActivity,topStateChangedWhenResumed]
12-01 07:59:47.617 1508 10918 I am_uid_active: 10021
12-01 07:59:47.620 1508 6896 W WindowManager: updateScale0.7996942
12-01 07:59:47.622 1508 1637 I input_focus: [Focus request e969859 com.android.calendar/com.android.calendar.AllInOneActivity,reason=UpdateInputWindows]
12-01 07:59:47.650 1508 1637 W WindowManager: updateScale0.7996942
12-01 07:59:47.651 1508 1637 W WindowManager: updateScale0.7996942
12-01 07:59:47.659 1508 10918 D CompatibilityChangeReporter: Compat change id reported: 143231523; UID 10066; state: DISABLED
12-01 07:59:47.659 1508 8124 D CompatibilityChangeReporter: Compat change id reported: 143231523; UID 10021; state: DISABLED
12-01 07:59:47.660 22714 22730 W ContextImpl: Calling a method in the system process without a qualified user: android.app.ContextImpl.startService:1816 android.content.ContextWrapper.startService:774 com.thundercomm.gamemode.ingame.services.GameModeActionUtils.startGameModeService:93 com.thundercomm.gamemode.ingame.services.GameModeActionUtils.startGameModeEntry:21 com.thundercomm.gamemode.ingame.services.ActivityMonitoringService$1.onActivityLaunch:127
12-01 07:59:47.662 1508 1633 I sysui_multi_action: [319,104,321,101,322,157,325,14806,757,761,758,8,759,1,806,com.android.calendar,871,com.android.calendar.AllInOneActivity,904,com.android.launcher3,905,0,1320,4,1321,1]
12-01 07:59:47.663 1508 1633 I wm_activity_launch_time: [0,209307396,com.android.calendar/.AllInOneActivity,157]
12-01 07:59:47.666 1508 2005 I input_focus: [Focus entering e969859 com.android.calendar/com.android.calendar.AllInOneActivity (server),reason=Window became focusable. Previous reason: NOT_VISIBLE]
12-01 07:59:47.677 1508 1508 I GameModeConfig: Current uri is uri = content://com.thundercomm.gamemode.api/gamemode_settings/gamemode_isgaming
12-01 07:59:47.679 1508 1508 I GameModeConfig: isGameModeOn = false
12-01 07:59:47.679 1508 1508 I GameModeConfig: isGameModeOn = false
12-01 07:59:47.679 1508 1508 I GameModeConfig: isDisableVoice = true
12-01 07:59:48.072 1508 10918 W WindowManager: updateScale0.7996942
12-01 07:59:48.081 1508 6928 W WindowManager: updateScale0.7996942
12-01 07:59:48.140 1508 1636 I wm_stop_activity: [0,103113767,com.android.launcher3/.uioverrides.QuickstepLauncher]
12-01 07:59:48.150 1508 1637 W WindowManager: updateScale0.7996942
12-01 07:59:48.152 1508 1637 W WindowManager: updateScale0.7996942
12-01 07:59:48.190 2822 2822 I wm_on_stop_called: [103113767,com.android.launcher3.uioverrides.QuickstepLauncher,STOP_ACTIVITY_ITEM]
12-01 07:59:48.194 1508 6928 W WindowManager: updateScale0.7996942
12-01 07:59:48.201 1508 1637 W WindowManager: updateScale0.7996942
12-01 07:59:48.207 22714 22730 W ContextImpl: Calling a method in the system process without a qualified user: android.app.ContextImpl.startService:1816 android.content.ContextWrapper.startService:774 com.thundercomm.gamemode.ingame.services.GameModeActionUtils.startGameModeService:93 com.thundercomm.gamemode.ingame.services.GameModeActionUtils.startGameModeEntry:21 com.thundercomm.gamemode.ingame.services.ActivityMonitoringService$1.onActivityLaunch:127
12-01 07:59:48.211 1508 1508 I GameModeConfig: Current uri is uri = content://com.thundercomm.gamemode.api/gamemode_settings/gamemode_isgaming
12-01 07:59:48.213 1508 1508 I GameModeConfig: isGameModeOn = false
12-01 07:59:48.213 1508 1508 I GameModeConfig: isGameModeOn = false
12-01 07:59:48.213 1508 1508 I GameModeConfig: isDisableVoice = true
12-01 07:59:48.236 1508 1637 W WindowManager: updateScale0.7996942
12-01 07:59:48.237 1508 1637 W WindowManager: updateScale0.7996942
12-01 07:59:48.241 1508 1637 W WindowManager: updateScale0.7996942
12-01 07:59:48.351 0 0 I auditd : type=1400 audit(0.0:16000): avc: denied { kill } for comm="swapper/2" capability=5 scontext=u:r:kernel:s0 tcontext=u:r:kernel:s0 tclass=capability permissive=0
12-01 07:59:49.351 0 0 I auditd : type=1400 audit(0.0:16001): avc: denied { kill } for comm="swapper/2" capability=5 scontext=u:r:kernel:s0 tcontext=u:r:kernel:s0 tclass=capability permissive=0
12-01 07:59:50.258 1508 1508 I notification_enqueue: [10097,9319,com.github.uiautomator,1,NULL,0,Notification(channel=monitor service shortcut=null contentView=null vibrate=null sound=null tick defaults=0x0 flags=0x40 color=0x00000000 vis=PRIVATE),1]
12-01 07:59:50.351 0 0 I auditd : type=1400 audit(0.0:16002): avc: denied { kill } for comm="swapper/2" capability=5 scontext=u:r:kernel:s0 tcontext=u:r:kernel:s0 tclass=capability permissive=0
12-01 07:59:50.460 1508 1508 I GameModeConfig: isGameModeOn = false
12-01 07:59:50.524 1508 3862 E TaskPersister: File error accessing recents directory (directory doesn't exist?).
