12-01 07:59:09.073 1508 1637 D FreeFormWindowHelper: refreshTipWindow windowDragBounds:Rect(55, 97 - 578, 1025)
12-01 07:59:09.074 1508 1637 W WindowManager: updateScale0.7996942
12-01 07:59:09.092 1508 10918 W WindowManager: updateScale0.7996942
12-01 07:59:09.094 1508 1637 D FreeFormWindowHelper: refreshTipWindow windowDragBounds:Rect(75, 102 - 598, 1030)
12-01 07:59:09.096 1508 1637 W WindowManager: updateScale0.7996942
12-01 07:59:09.106 1508 1637 D FreeFormWindowHelper: refreshTipWindow windowDragBounds:Rect(99, 107 - 622, 1035)
12-01 07:59:09.108 1508 1637 W WindowManager: updateScale0.7996942
12-01 07:59:09.117 1508 10918 W WindowManager: updateScale0.7996942
12-01 07:59:09.123 1508 1637 D FreeFormWindowHelper: refreshTipWindow windowDragBounds:Rect(123, 112 - 646, 1040)
12-01 07:59:09.124 1508 1637 W WindowManager: updateScale0.7996942
12-01 07:59:09.140 1508 1637 D FreeFormWindowHelper: refreshTipWindow windowDragBounds:Rect(154, 116 - 677, 1044)
12-01 07:59:09.141 1508 1637 W WindowManager: updateScale0.7996942
12-01 07:59:09.156 1508 1637 D FreeFormWindowHelper: refreshTipWindow windowDragBounds:Rect(187, 119 - 710, 1047)
12-01 07:59:09.158 1508 1637 W WindowManager: updateScale0.7996942
12-01 07:59:09.173 1508 1637 D FreeFormWindowHelper: refreshTipWindow windowDragBounds:Rect(219, 121 - 742, 1049)
12-01 07:59:09.175 1508 1637 W WindowManager: updateScale0.7996942
12-01 07:59:09.190 1508 1637 D FreeFormWindowHelper: refreshTipWindow windowDragBounds:Rect(250, 123 - 773, 1051)
12-01 07:59:09.192 1508 1637 W WindowManager: updateScale0.7996942
12-01 07:59:09.196 1508 10918 W WindowManager: updateScale0.7996942
12-01 07:59:09.207 1508 1637 D FreeFormWindowHelper: refreshTipWindow windowDragBounds:Rect(290, 125 - 813, 1053)
12-01 07:59:09.209 1508 1637 W WindowManager: updateScale0.7996942
12-01 07:59:09.217 1508 10918 W WindowManager: updateScale0.7996942
12-01 07:59:09.223 1508 1637 D FreeFormWindowHelper: refreshTipWindow windowDragBounds:Rect(331, 127 - 854, 1055)
12-01 07:59:09.224 1508 1637 W WindowManager: updateScale0.7996942
12-01 07:59:09.240 1508 1637 D FreeFormWindowHelper: refreshTipWindow windowDragBounds:Rect(373, 127 - 896, 1055)
12-01 07:59:09.242 1508 1637 W WindowManager: updateScale0.7996942
12-01 07:59:09.245 1508 8124 W WindowManager: updateScale0.7996942
12-01 07:59:09.258 1508 1637 D FreeFormWindowHelper: refreshTipWindow windowDragBounds:Rect(415, 127 - 938, 1055)
12-01 07:59:09.263 1508 1637 W WindowManager: updateScale0.7996942
12-01 07:59:09.276 1508 1637 D FreeFormWindowHelper: refreshTipWindow windowDragBounds:Rect(465, 129 - 988, 1057)
12-01 07:59:09.277 1508 1637 W WindowManager: updateScale0.7996942
12-01 07:59:09.290 1508 1637 D FreeFormWindowHelper: refreshTipWindow windowDragBounds:Rect(513, 130 - 1036, 1058)
12-01 07:59:09.292 1508 1637 W WindowManager: updateScale0.7996942
12-01 07:59:09.309 1508 1637 D FreeFormWindowHelper: refreshTipWindow windowDragBounds:Rect(564, 131 - 1087, 1059)
12-01 07:59:09.310 1508 1637 W WindowManager: updateScale0.7996942
12-01 07:59:09.323 1508 1637 D FreeFormWindowHelper: refreshTipWindow windowDragBounds:Rect(615, 131 - 1138, 1059)
12-01 07:59:09.325 1508 1637 W WindowManager: updateScale0.7996942
12-01 07:59:09.340 1508 1637 D FreeFormWindowHelper: refreshTipWindow windowDragBounds:Rect(675, 132 - 1198, 1060)
12-01 07:59:09.342 1508 1637 W WindowManager: updateScale0.7996942
12-01 07:59:09.357 1508 1637 D FreeFormWindowHelper: refreshTipWindow windowDragBounds:Rect(734, 132 - 1257, 1060)
12-01 07:59:09.358 1508 1637 W WindowManager: updateScale0.7996942
12-01 07:59:09.360 1508 10918 W WindowManager: updateScale0.7996942
12-01 07:59:09.374 1508 1637 D FreeFormWindowHelper: refreshTipWindow windowDragBounds:Rect(799, 132 - 1322, 1060)
12-01 07:59:09.376 1508 1637 W WindowManager: updateScale0.7996942
12-01 07:59:09.382 1508 10918 W WindowManager: updateScale0.7996942
12-01 07:59:09.391 1508 1637 D FreeFormWindowHelper: refreshTipWindow windowDragBounds:Rect(864, 132 - 1387, 1060)
12-01 07:59:09.393 1508 1637 W WindowManager: updateScale0.7996942
12-01 07:59:09.399 1508 10918 W WindowManager: updateScale0.7996942
12-01 07:59:09.410 1508 1637 D FreeFormWindowHelper: refreshTipWindow windowDragBounds:Rect(929, 132 - 1452, 1060)
12-01 07:59:09.411 1508 1637 W WindowManager: updateScale0.7996942
12-01 07:59:09.416 1508 10918 W WindowManager: updateScale0.7996942
12-01 07:59:09.424 1508 1637 D FreeFormWindowHelper: refreshTipWindow windowDragBounds:Rect(999, 132 - 1522, 1060)
12-01 07:59:09.425 1508 1637 W WindowManager: updateScale0.7996942
12-01 07:59:09.440 1508 8124 W WindowManager: updateScale0.7996942
12-01 07:59:09.442 1508 1637 D FreeFormWindowHelper: refreshTipWindow windowDragBounds:Rect(1074, 132 - 1597, 1060)
12-01 07:59:09.444 1508 1637 W WindowManager: updateScale0.7996942
12-01 07:59:09.456 1508 8124 W WindowManager: updateScale0.7996942
12-01 07:59:09.459 1508 1637 D FreeFormWindowHelper: refreshTipWindow windowDragBounds:Rect(1148, 132 - 1671, 1060)
12-01 07:59:09.460 1508 1637 W WindowManager: updateScale0.7996942
12-01 07:59:09.474 1508 1637 D FreeFormWindowHelper: refreshTipWindow windowDragBounds:Rect(1220, 132 - 1743, 1060)
12-01 07:59:09.477 1508 1637 W WindowManager: updateScale0.7996942
12-01 07:59:09.491 1508 1637 D FreeFormWindowHelper: refreshTipWindow windowDragBounds:Rect(1294, 132 - 1817, 1060)
12-01 07:59:09.492 1508 1637 W WindowManager: updateScale0.7996942
12-01 07:59:09.508 1508 1637 D FreeFormWindowHelper: refreshTipWindow windowDragBounds:Rect(1360, 132 - 1883, 1060)
12-01 07:59:09.509 1508 1637 W WindowManager: updateScale0.7996942
12-01 07:59:09.524 1508 1637 D FreeFormWindowHelper: refreshTipWindow windowDragBounds:Rect(1433, 132 - 1956, 1060)
12-01 07:59:09.526 1508 1637 W WindowManager: updateScale0.7996942
12-01 07:59:09.530 1508 8124 W WindowManager: updateScale0.7996942
12-01 07:59:09.541 1508 1637 D FreeFormWindowHelper: refreshTipWindow windowDragBounds:Rect(1506, 132 - 2029, 1060)
12-01 07:59:09.543 1508 1637 W WindowManager: updateScale0.7996942
12-01 07:59:09.559 1508 1637 D FreeFormWindowHelper: refreshTipWindow windowDragBounds:Rect(1581, 132 - 2104, 1060)
12-01 07:59:09.565 1508 1637 W WindowManager: updateScale0.7996942
12-01 07:59:09.585 1508 10918 W WindowManager: updateScale0.7996942
12-01 07:59:09.591 1508 1637 D FreeFormWindowHelper: refreshTipWindow windowDragBounds:Rect(1713, 132 - 2236, 1060)
12-01 07:59:09.592 1508 1637 W WindowManager: updateScale0.7996942
12-01 07:59:09.608 1508 1637 D FreeFormWindowHelper: refreshTipWindow windowDragBounds:Rect(1770, 132 - 2293, 1060)
12-01 07:59:09.610 1508 1637 W WindowManager: updateScale0.7996942
12-01 07:59:09.624 1508 1637 D FreeFormWindowHelper: refreshTipWindow windowDragBounds:Rect(1835, 132 - 2358, 1060)
12-01 07:59:09.628 1508 1637 W WindowManager: updateScale0.7996942
12-01 07:59:09.641 1508 10918 W WindowManager: updateScale0.7996942
12-01 07:59:09.644 1508 1637 D FreeFormWindowHelper: refreshTipWindow windowDragBounds:Rect(1896, 135 - 2419, 1063)
12-01 07:59:09.647 1508 1637 W WindowManager: updateScale0.7996942
12-01 07:59:09.658 1508 1637 D FreeFormWindowHelper: refreshTipWindow windowDragBounds:Rect(1958, 139 - 2481, 1067)
12-01 07:59:09.659 1508 1637 W WindowManager: updateScale0.7996942
12-01 07:59:09.675 1508 1637 D FreeFormWindowHelper: refreshTipWindow windowDragBounds:Rect(2005, 145 - 2528, 1073)
12-01 07:59:09.677 1508 1637 W WindowManager: updateScale0.7996942
12-01 07:59:09.686 1508 8124 W WindowManager: updateScale0.7996942
12-01 07:59:09.691 1508 1637 D FreeFormWindowHelper: refreshTipWindow windowDragBounds:Rect(2015, 145 - 2538, 1073)
12-01 07:59:09.692 1508 1637 W WindowManager: updateScale0.7996942
12-01 07:59:09.703 1508 1637 D WindowManager: updateWindowDragBounds: mIsSwipeYfalse
12-01 07:59:09.703 1508 1637 D WindowManager: updateWindowDragBounds: mIsTopfalse
12-01 07:59:09.703 1508 1637 D WindowManager: updateWindowDragBounds: mIsSwipeXfalse
12-01 07:59:09.703 1508 1637 W WindowManager: updateScale0.4617737
12-01 07:59:09.706 1508 1637 I wm_relaunch_resume_activity: [0,204156725,252,com.android.gallery3d/.app.GalleryActivity]
12-01 07:59:09.707 1508 1637 W WindowManager: updateScale0.4617737
12-01 07:59:09.739 22978 22978 I wm_on_top_resumed_lost_called: [204156725,com.android.gallery3d.app.GalleryActivity,pausing]
12-01 07:59:09.747 22978 22978 I wm_on_paused_called: [204156725,com.android.gallery3d.app.GalleryActivity,performPause]
12-01 07:59:09.747 22978 22978 I wm_on_stop_called: [204156725,com.android.gallery3d.app.GalleryActivity,handleRelaunchActivity]
12-01 07:59:09.753 22978 22978 I wm_on_destroy_called: [204156725,com.android.gallery3d.app.GalleryActivity,performDestroy]
12-01 07:59:09.754 1508 2426 I WindowManager: finishDrawing of relaunch: Window{88f0fed u0 com.android.gallery3d/com.android.gallery3d.app.GalleryActivity} 48ms
12-01 07:59:09.775 22978 22978 I wm_on_create_called: [204156725,com.android.gallery3d.app.GalleryActivity,performCreate]
12-01 07:59:09.777 22978 22978 I wm_on_start_called: [204156725,com.android.gallery3d.app.GalleryActivity,handleStartActivity]
12-01 07:59:09.783 22978 22978 I wm_on_resume_called: [204156725,com.android.gallery3d.app.GalleryActivity,RESUME_ACTIVITY]
12-01 07:59:09.783 22978 22978 I wm_on_top_resumed_gained_called: [204156725,com.android.gallery3d.app.GalleryActivity,topWhenResuming]
12-01 07:59:09.786 1508 8124 W WindowManager: updateScale0.4617737
12-01 07:59:09.788 1508 8124 W WindowManager: updateScale0.4617737
12-01 07:59:10.333 1508 3862 E TaskPersister: File error accessing recents directory (directory doesn't exist?).
12-01 07:59:10.698 1508 2005 I input_interaction: Interaction with: 88f0fed com.android.gallery3d/com.android.gallery3d.app.GalleryActivity (server), edge-swipe (server), swipe-up (server), PointerEventDispatcher0 (server),
12-01 07:59:11.011 1508 6928 W WindowManager: updateScale0.7996942
12-01 07:59:11.014 1508 6928 I wm_relaunch_resume_activity: [0,204156725,252,com.android.gallery3d/.app.GalleryActivity]
12-01 07:59:11.016 1508 6928 W WindowManager: updateScale0.7996942
12-01 07:59:11.033 22978 22978 I wm_on_top_resumed_lost_called: [204156725,com.android.gallery3d.app.GalleryActivity,pausing]
12-01 07:59:11.046 22978 22978 I wm_on_paused_called: [204156725,com.android.gallery3d.app.GalleryActivity,performPause]
12-01 07:59:11.046 22978 22978 I wm_on_stop_called: [204156725,com.android.gallery3d.app.GalleryActivity,handleRelaunchActivity]
12-01 07:59:11.049 22978 22978 I wm_on_destroy_called: [204156725,com.android.gallery3d.app.GalleryActivity,performDestroy]
12-01 07:59:11.051 1508 2426 I WindowManager: finishDrawing of relaunch: Window{88f0fed u0 com.android.gallery3d/com.android.gallery3d.app.GalleryActivity} 37ms
12-01 07:59:11.080 22978 22978 I wm_on_create_called: [204156725,com.android.gallery3d.app.GalleryActivity,performCreate]
12-01 07:59:11.082 22978 22978 I wm_on_start_called: [204156725,com.android.gallery3d.app.GalleryActivity,handleStartActivity]
12-01 07:59:11.093 22978 22978 I wm_on_resume_called: [204156725,com.android.gallery3d.app.GalleryActivity,RESUME_ACTIVITY]
12-01 07:59:11.093 22978 22978 I wm_on_top_resumed_gained_called: [204156725,com.android.gallery3d.app.GalleryActivity,topWhenResuming]
12-01 07:59:11.100 1508 2426 W WindowManager: updateScale0.7996942
12-01 07:59:11.102 1508 2426 W WindowManager: updateScale0.7996942
12-01 07:59:11.351 0 0 I auditd : type=1400 audit(0.0:15968): avc: denied { kill } for comm="swapper/2" capability=5 scontext=u:r:kernel:s0 tcontext=u:r:kernel:s0 tclass=capability permissive=0
12-01 07:59:11.612 1508 2005 I input_interaction: Interaction with: 9ddf785 com.android.launcher3/com.android.launcher3.uioverrides.QuickstepLauncher (server), a0d30ab com.android.systemui.ImageWallpaper (server), edge-swipe (server), swipe-up (server), PointerEventDispatcher0 (server),
12-01 07:59:11.693 1508 8124 I ActivityTaskManager: START u0 {act=android.intent.action.MAIN cat=[android.intent.category.LAUNCHER] flg=0x10200000 cmp=com.android.settings/.Settings bnds=[2308,740][2494,940]} from uid 10076
12-01 07:59:11.695 1508 8124 I wm_task_moved: [249,1,7]
12-01 07:59:11.695 1508 8124 I wm_task_to_front: [0,249]
12-01 07:59:11.697 22978 22978 I wm_on_top_resumed_lost_called: [204156725,com.android.gallery3d.app.GalleryActivity,topStateChangedWhenResumed]
12-01 07:59:11.697 1508 8124 I wm_focused_root_task: [0,0,249,252,bringingFoundTaskToFront]
12-01 07:59:11.698 1508 8124 I wm_set_resumed_activity: [0,com.android.settings/.Settings,bringingFoundTaskToFront]
12-01 07:59:11.700 1508 8124 I wm_new_intent: [0,45402212,249,com.android.settings/.Settings,android.intent.action.MAIN,NULL,NULL,270532608]
12-01 07:59:11.702 1508 8124 I wm_pause_activity: [0,103113767,com.android.launcher3/.uioverrides.QuickstepLauncher,userLeaving=true,pauseBackTasks]
12-01 07:59:11.703 1508 8124 W WindowManager: updateScale0.7996942
12-01 07:59:11.711 2822 2822 I wm_on_paused_called: [103113767,com.android.launcher3.uioverrides.QuickstepLauncher,performPause]
12-01 07:59:11.713 1508 6928 W WindowManager: updateScale0.7996942
12-01 07:59:11.718 1508 2426 I ActivityTaskManager: FOREGROUND_APPLICATION_CHANGED to com.android.settings.homepage.SettingsHomepageActivity
12-01 07:59:11.719 1508 2426 I wm_set_resumed_activity: [0,com.android.settings/.Settings,resumeTopActivityInnerLocked]
12-01 07:59:11.719 1508 2426 I wm_add_to_stopping: [0,103113767,com.android.launcher3/.uioverrides.QuickstepLauncher,makeInvisible]
12-01 07:59:11.720 1508 2426 I wm_resume_activity: [0,45402212,249,com.android.settings/.Settings]
12-01 07:59:11.728 1508 2426 W WindowManager: updateScale0.7996942
12-01 07:59:11.732 25302 25302 I wm_on_restart_called: [45402212,com.android.settings.Settings,performRestartActivity]
12-01 07:59:11.733 1508 1637 W WindowManager: updateScale0.7996942
12-01 07:59:11.737 1508 1637 W WindowManager: updateScale0.7996942
12-01 07:59:11.739 1508 1637 W WindowManager: updateScale0.7996942
12-01 07:59:11.743 25302 25302 I wm_on_start_called: [45402212,com.android.settings.Settings,handleStartActivity]
12-01 07:59:11.744 25302 25302 I snet_event_log: [120484087,-1,]
12-01 07:59:11.744 25302 25302 I wm_on_resume_called: [45402212,com.android.settings.Settings,RESUME_ACTIVITY]
12-01 07:59:11.744 25302 25302 I sysui_multi_action: [757,35,758,1,833,0,1089,0]
12-01 07:59:11.745 1508 1636 I sysui_multi_action: [757,803,799,window_time_0,802,4]
12-01 07:59:11.755 22714 22730 W ContextImpl: Calling a method in the system process without a qualified user: android.app.ContextImpl.startService:1816 android.content.ContextWrapper.startService:774 com.thundercomm.gamemode.ingame.services.GameModeActionUtils.startGameModeService:93 com.thundercomm.gamemode.ingame.services.GameModeActionUtils.startGameModeEntry:21 com.thundercomm.gamemode.ingame.services.ActivityMonitoringService$1.onActivityLaunch:127
12-01 07:59:11.767 25302 25302 I sysui_multi_action: [757,746,758,1,833,0,1089,0]
12-01 07:59:11.767 1508 6335 D TelephonyRegistry: listen oscl: mHasNotifySubscriptionInfoChangedOccurred==false no callback
12-01 07:59:11.768 1508 1508 I GameModeConfig: Current uri is uri = content://com.thundercomm.gamemode.api/gamemode_settings/gamemode_isgaming
12-01 07:59:11.769 1508 10918 D TelephonyRegistry: listen oscl: mHasNotifySubscriptionInfoChangedOccurred==false no callback
12-01 07:59:11.771 25302 25302 I service_manager_stats: [100,54,14770351]
12-01 07:59:11.772 1508 1508 I GameModeConfig: isGameModeOn = false
12-01 07:59:11.772 1508 1508 I GameModeConfig: isGameModeOn = false
12-01 07:59:11.772 1508 1508 I GameModeConfig: isDisableVoice = true
12-01 07:59:11.776 25302 25302 I wm_on_top_resumed_gained_called: [45402212,com.android.settings.Settings,topWhenResuming]
12-01 07:59:11.779 1508 8164 W WindowManager: updateScale0.7996942
12-01 07:59:11.782 1508 1637 I input_focus: [Focus request cbd5b56 com.android.settings/com.android.settings.Settings,reason=UpdateInputWindows]
12-01 07:59:11.788 1508 1637 W WindowManager: updateScale0.7996942
12-01 07:59:11.789 1508 1637 W WindowManager: updateScale0.7996942
12-01 07:59:11.793 1508 1633 I sysui_multi_action: [319,44,321,41,322,96,325,14770,757,761,758,9,759,4,806,com.android.settings,871,com.android.settings.Settings,904,com.android.launcher3,905,0,1320,8,1321,5]
12-01 07:59:11.797 1508 2005 I input_focus: [Focus leaving 88f0fed com.android.gallery3d/com.android.gallery3d.app.GalleryActivity (server),reason=setFocusedWindow]
12-01 07:59:11.797 1508 2005 I input_focus: [Focus entering cbd5b56 com.android.settings/com.android.settings.Settings (server),reason=setFocusedWindow]
12-01 07:59:11.830 22714 22730 W ContextImpl: Calling a method in the system process without a qualified user: android.app.ContextImpl.startService:1816 android.content.ContextWrapper.startService:774 com.thundercomm.gamemode.ingame.services.GameModeActionUtils.startGameModeService:93 com.thundercomm.gamemode.ingame.services.GameModeActionUtils.startGameModeEntry:21 com.thundercomm.gamemode.ingame.services.ActivityMonitoringService$1.onActivityLaunch:127
12-01 07:59:11.834 1508 1508 I GameModeConfig: Current uri is uri = content://com.thundercomm.gamemode.api/gamemode_settings/gamemode_isgaming
12-01 07:59:11.835 1508 1508 I GameModeConfig: isGameModeOn = false
12-01 07:59:11.836 1508 1508 I GameModeConfig: isGameModeOn = false
12-01 07:59:11.836 1508 1508 I GameModeConfig: isDisableVoice = true
12-01 07:59:11.893 1508 2426 W WindowManager: updateScale0.7996942
12-01 07:59:12.047 1508 1637 W WindowManager: updateScale0.7996942
12-01 07:59:12.063 1508 1637 W WindowManager: updateScale0.7996942
12-01 07:59:12.278 1508 1636 I wm_stop_activity: [0,103113767,com.android.launcher3/.uioverrides.QuickstepLauncher]
12-01 07:59:12.287 1508 1637 W WindowManager: updateScale0.7996942
12-01 07:59:12.330 2822 2822 I wm_on_stop_called: [103113767,com.android.launcher3.uioverrides.QuickstepLauncher,STOP_ACTIVITY_ITEM]
12-01 07:59:12.335 1508 2426 W WindowManager: updateScale0.7996942
12-01 07:59:12.349 1508 1637 W WindowManager: updateScale0.7996942
12-01 07:59:12.351 22714 22730 W ContextImpl: Calling a method in the system process without a qualified user: android.app.ContextImpl.startService:1816 android.content.ContextWrapper.startService:774 com.thundercomm.gamemode.ingame.services.GameModeActionUtils.startGameModeService:93 com.thundercomm.gamemode.ingame.services.GameModeActionUtils.startGameModeEntry:21 com.thundercomm.gamemode.ingame.services.ActivityMonitoringService$1.onActivityLaunch:127
12-01 07:59:12.355 1508 1508 I GameModeConfig: Current uri is uri = content://com.thundercomm.gamemode.api/gamemode_settings/gamemode_isgaming
12-01 07:59:12.360 1508 1508 I GameModeConfig: isGameModeOn = false
12-01 07:59:12.361 1508 1508 I GameModeConfig: isGameModeOn = false
12-01 07:59:12.361 1508 1508 I GameModeConfig: isDisableVoice = true
12-01 07:59:12.777 1508 2005 I input_interaction: Interaction with: cbd5b56 com.android.settings/com.android.settings.Settings (server), edge-swipe (server), swipe-up (server), PointerEventDispatcher0 (server),
12-01 07:59:12.791 1508 2426 I wm_task_moved: [1,0,0]
12-01 07:59:12.791 1508 2426 I wm_task_moved: [1,0,6]
12-01 07:59:12.803 1508 2426 W WindowManager: updateScale0.7996942
12-01 07:59:12.812 25302 25302 I view_enqueue_input_event: [Motion - Cancel,com.android.settings/com.android.settings.Settings]
12-01 07:59:12.817 1508 1637 I input_focus: [Focus request recents_animation_input_consumer,reason=UpdateInputWindows]
12-01 07:59:12.818 1508 2005 I input_interaction: Interaction with: edge-swipe (server), swipe-up (server), PointerEventDispatcher0 (server),
12-01 07:59:12.819 1508 8124 W WindowManager: updateScale0.7996942
12-01 07:59:12.822 2822 2822 I wm_on_restart_called: [103113767,com.android.launcher3.uioverrides.QuickstepLauncher,performRestartActivity]
12-01 07:59:12.823 1508 2426 I wm_finish_activity: [0,204156725,252,com.android.gallery3d/.app.GalleryActivity,app-request]
12-01 07:59:12.829 22714 22730 W ContextImpl: Calling a method in the system process without a qualified user: android.app.ContextImpl.startService:1816 android.content.ContextWrapper.startService:774 com.thundercomm.gamemode.ingame.services.GameModeActionUtils.startGameModeService:93 com.thundercomm.gamemode.ingame.services.GameModeActionUtils.startGameModeEntry:21 com.thundercomm.gamemode.ingame.services.ActivityMonitoringService$1.onActivityLaunch:127
12-01 07:59:12.833 1508 2426 I wm_pause_activity: [0,204156725,com.android.gallery3d/.app.GalleryActivity,userLeaving=false,finish]
12-01 07:59:12.833 1508 1508 I GameModeConfig: Current uri is uri = content://com.thundercomm.gamemode.api/gamemode_settings/gamemode_isgaming
12-01 07:59:12.835 1508 1508 I GameModeConfig: isGameModeOn = false
12-01 07:59:12.835 1508 1508 I GameModeConfig: isGameModeOn = false
12-01 07:59:12.835 1508 1508 I GameModeConfig: isDisableVoice = true
12-01 07:59:12.844 1508 2005 I input_focus: [Focus leaving cbd5b56 com.android.settings/com.android.settings.Settings (server),reason=NOT_FOCUSABLE]
12-01 07:59:12.844 1508 2005 I input_focus: [Focus entering recents_animation_input_consumer (server),reason=setFocusedWindow]
12-01 07:59:12.853 22978 22978 I wm_on_paused_called: [204156725,com.android.gallery3d.app.GalleryActivity,performPause]
12-01 07:59:12.854 1508 8124 I wm_destroy_activity: [0,204156725,252,com.android.gallery3d/.app.GalleryActivity,finish-imm:completePausedLocked]
12-01 07:59:12.856 2822 2822 I wm_on_start_called: [103113767,com.android.launcher3.uioverrides.QuickstepLauncher,handleStartActivity]
12-01 07:59:12.866 1508 1636 I sysui_multi_action: [757,803,799,window_time_0,802,1]
12-01 07:59:12.868 22978 22978 I wm_on_stop_called: [204156725,com.android.gallery3d.app.GalleryActivity,LIFECYCLER_STOP_ACTIVITY]
12-01 07:59:12.869 2822 2822 I sysui_latency: [1,94]
12-01 07:59:12.872 22978 22978 I wm_on_destroy_called: [204156725,com.android.gallery3d.app.GalleryActivity,performDestroy]
12-01 07:59:12.874 22714 22730 W ContextImpl: Calling a method in the system process without a qualified user: android.app.ContextImpl.startService:1816 android.content.ContextWrapper.startService:774 com.thundercomm.gamemode.ingame.services.GameModeActionUtils.startGameModeService:93 com.thundercomm.gamemode.ingame.services.GameModeActionUtils.startGameModeEntry:21 com.thundercomm.gamemode.ingame.services.ActivityMonitoringService$1.onActivityLaunch:127
12-01 07:59:12.877 1508 1508 I GameModeConfig: Current uri is uri = content://com.thundercomm.gamemode.api/gamemode_settings/gamemode_isgaming
12-01 07:59:12.881 1508 1508 I GameModeConfig: isGameModeOn = false
12-01 07:59:12.881 1508 1508 I GameModeConfig: isGameModeOn = false
12-01 07:59:12.881 1508 1508 I GameModeConfig: isDisableVoice = true
12-01 07:59:12.888 1508 10918 W ActivityTaskManager: getTaskSnapshot: taskId=1249 not found
12-01 07:59:12.895 1508 8164 I wm_task_removed: [252,removeChild:removeChild last r=ActivityRecord{c2b2f35 u0 com.android.gallery3d/.app.GalleryActivity t-1 f}} in t=Task{5a2761f #252 type=standard A=10064:com.android.gallery3d U=0 visible=false mode=freeform translucent=true sz=0}]
12-01 07:59:12.895 1508 8164 I wm_task_removed: [252,removeChild]
12-01 07:59:12.895 1508 8164 D FreeFormWindowHelper: Remove freefrom task=Task{5a2761f #252 type=standard A=10064:com.android.gallery3d U=0 visible=false mode=freeform translucent=true sz=0}
12-01 07:59:12.896 1508 6896 W ActivityTaskManager: getTaskSnapshot: taskId=2249 not found
12-01 07:59:12.898 1508 1633 I sysui_multi_action: [319,15,322,88,325,14771,757,761,758,9,759,5,806,com.android.launcher3,871,com.android.launcher3.uioverrides.QuickstepLauncher,905,0,1320,8,1321,5]
12-01 07:59:12.901 1508 6896 W ActivityTaskManager: getTaskSnapshot: taskId=3249 not found
12-01 07:59:12.902 1508 10918 W ActivityTaskManager: getTaskSnapshot: taskId=4249 not found
12-01 07:59:12.903 1508 6896 W ActivityTaskManager: getTaskSnapshot: taskId=5249 not found
12-01 07:59:12.964 22714 22730 W ContextImpl: Calling a method in the system process without a qualified user: android.app.ContextImpl.startService:1816 android.content.ContextWrapper.startService:774 com.thundercomm.gamemode.ingame.services.GameModeActionUtils.startGameModeService:93 com.thundercomm.gamemode.ingame.services.GameModeActionUtils.startGameModeEntry:21 com.thundercomm.gamemode.ingame.services.ActivityMonitoringService$1.onActivityLaunch:127
12-01 07:59:12.969 1508 1508 I GameModeConfig: Current uri is uri = content://com.thundercomm.gamemode.api/gamemode_settings/gamemode_isgaming
12-01 07:59:12.972 1508 1508 I GameModeConfig: isGameModeOn = false
12-01 07:59:12.972 1508 1508 I GameModeConfig: isGameModeOn = false
12-01 07:59:12.972 1508 1508 I GameModeConfig: isDisableVoice = true
12-01 07:59:13.062 1508 1754 I commit_sys_config_file: [settings-1-0,8]
12-01 07:59:13.184 1508 1647 I sysui_latency: [8,99]
12-01 07:59:13.351 22971 22971 I auditd : type=1400 audit(0.0:15969): avc: denied { kill } for comm="kworker/u16:12" capability=5 scontext=u:r:kernel:s0 tcontext=u:r:kernel:s0 tclass=capability permissive=0
12-01 07:59:13.471 1508 2426 I wm_task_moved: [1,1,6]
12-01 07:59:13.472 1508 2426 I wm_focused_root_task: [0,0,1,249,RecentsAnimation.onAnimationFinished()]
12-01 07:59:13.473 1508 2426 I wm_pause_activity: [0,45402212,com.android.settings/.Settings,userLeaving=false,pauseBackTasks]
12-01 07:59:13.474 1508 2426 I ActivityTaskManager: FOREGROUND_APPLICATION_CHANGED to com.android.launcher3.uioverrides.QuickstepLauncher
12-01 07:59:13.475 1508 2426 I wm_set_resumed_activity: [0,com.android.launcher3/.uioverrides.QuickstepLauncher,resumeTopActivityInnerLocked]
12-01 07:59:13.475 1508 2426 I wm_resume_activity: [0,103113767,10,com.android.launcher3/.uioverrides.QuickstepLauncher]
12-01 07:59:13.476 1508 2426 I wm_add_to_stopping: [0,45402212,com.android.settings/.Settings,makeInvisible]
12-01 07:59:13.476 2822 2822 I wm_on_resume_called: [103113767,com.android.launcher3.uioverrides.QuickstepLauncher,RESUME_ACTIVITY]
12-01 07:59:13.482 1508 1637 I input_focus: [Focus request 9ddf785 com.android.launcher3/com.android.launcher3.uioverrides.QuickstepLauncher,reason=UpdateInputWindows]
12-01 07:59:13.487 25302 25302 I wm_on_top_resumed_lost_called: [45402212,com.android.settings.Settings,topStateChangedWhenResumed]
12-01 07:59:13.487 1508 2005 I input_focus: [Focus leaving recents_animation_input_consumer (server),reason=NOT_VISIBLE]
12-01 07:59:13.492 1508 8164 I wm_stop_activity: [0,45402212,com.android.settings/.Settings]
12-01 07:59:13.493 1508 1636 I sysui_multi_action: [757,803,799,window_time_0,802,1]
12-01 07:59:13.495 25302 25302 I sysui_multi_action: [757,35,758,2,1089,1751]
12-01 07:59:13.500 25302 25302 I sysui_multi_action: [757,746,758,2,1089,1733]
12-01 07:59:13.502 2822 2822 I wm_on_top_resumed_gained_called: [103113767,com.android.launcher3.uioverrides.QuickstepLauncher,topStateChangedWhenResumed]
12-01 07:59:13.505 25302 25302 I wm_on_paused_called: [45402212,com.android.settings.Settings,performPause]
12-01 07:59:13.517 1508 2005 I input_focus: [Focus entering 9ddf785 com.android.launcher3/com.android.launcher3.uioverrides.QuickstepLauncher (server),reason=setFocusedWindow]
12-01 07:59:13.520 25302 25302 I wm_on_stop_called: [45402212,com.android.settings.Settings,STOP_ACTIVITY_ITEM]
12-01 07:59:13.541 22714 22730 W ContextImpl: Calling a method in the system process without a qualified user: android.app.ContextImpl.startService:1816 android.content.ContextWrapper.startService:774 com.thundercomm.gamemode.ingame.services.GameModeActionUtils.startGameModeService:93 com.thundercomm.gamemode.ingame.services.GameModeActionUtils.startGameModeEntry:21 com.thundercomm.gamemode.ingame.services.ActivityMonitoringService$1.onActivityLaunch:127
12-01 07:59:13.545 1508 1508 I GameModeConfig: Current uri is uri = content://com.thundercomm.gamemode.api/gamemode_settings/gamemode_isgaming
12-01 07:59:13.547 1508 1508 I GameModeConfig: isGameModeOn = false
12-01 07:59:13.548 1508 1508 I GameModeConfig: isGameModeOn = false
12-01 07:59:13.548 1508 1508 I GameModeConfig: isDisableVoice = true
12-01 07:59:13.593 22714 22730 W ContextImpl: Calling a method in the system process without a qualified user: android.app.ContextImpl.startService:1816 android.content.ContextWrapper.startService:774 com.thundercomm.gamemode.ingame.services.GameModeActionUtils.startGameModeService:93 com.thundercomm.gamemode.ingame.services.GameModeActionUtils.startGameModeEntry:21 com.thundercomm.gamemode.ingame.services.ActivityMonitoringService$1.onActivityLaunch:127
12-01 07:59:13.598 1508 1508 I GameModeConfig: Current uri is uri = content://com.thundercomm.gamemode.api/gamemode_settings/gamemode_isgaming
12-01 07:59:13.602 1508 1508 I GameModeConfig: isGameModeOn = false
12-01 07:59:13.602 1508 1508 I GameModeConfig: isGameModeOn = false
12-01 07:59:13.602 1508 1508 I GameModeConfig: isDisableVoice = true
12-01 07:59:13.708 1508 1754 I commit_sys_config_file: [settings-1-0,11]
12-01 07:59:13.735 1366 16954 I liblog : 17
12-01 07:59:13.750 1366 16954 I liblog : 117
12-01 07:59:14.094 1508 2005 I input_interaction: Interaction with: 9ddf785 com.android.launcher3/com.android.launcher3.uioverrides.QuickstepLauncher (server), a0d30ab com.android.systemui.ImageWallpaper (server), edge-swipe (server), swipe-up (server), PointerEventDispatcher0 (server),
12-01 07:59:14.165 1508 10918 I wm_task_moved: [1,1,6]
12-01 07:59:14.166 1508 10918 I wm_set_resumed_activity: [0,com.android.launcher3/.uioverrides.QuickstepLauncher,positionChildAt]
12-01 07:59:14.166 1508 10918 I wm_task_moved: [249,1,6]
12-01 07:59:14.167 1508 10918 I wm_focused_root_task: [0,0,249,1,moveTaskToFront findTaskToMoveToFront]
12-01 07:59:14.167 1508 10918 I wm_set_resumed_activity: [0,com.android.settings/.Settings,moveTaskToFront findTaskToMoveToFront]
12-01 07:59:14.169 1508 10918 I wm_pause_activity: [0,103113767,com.android.launcher3/.uioverrides.QuickstepLauncher,userLeaving=true,pauseBackTasks]
12-01 07:59:14.179 2822 2822 I wm_on_top_resumed_lost_called: [103113767,com.android.launcher3.uioverrides.QuickstepLauncher,topStateChangedWhenResumed]
12-01 07:59:14.184 2822 2822 I wm_on_paused_called: [103113767,com.android.launcher3.uioverrides.QuickstepLauncher,performPause]
12-01 07:59:14.184 1508 6928 I ActivityTaskManager: FOREGROUND_APPLICATION_CHANGED to com.android.settings.homepage.SettingsHomepageActivity
12-01 07:59:14.187 1508 6928 I wm_set_resumed_activity: [0,com.android.settings/.Settings,resumeTopActivityInnerLocked]
12-01 07:59:14.187 1508 6928 I wm_add_to_stopping: [0,103113767,com.android.launcher3/.uioverrides.QuickstepLauncher,makeInvisible]
12-01 07:59:14.188 1508 6928 I wm_resume_activity: [0,45402212,249,com.android.settings/.Settings]
12-01 07:59:14.203 1508 2005 I input_focus: [Focus leaving 9ddf785 com.android.launcher3/com.android.launcher3.uioverrides.QuickstepLauncher (server),reason=NO_WINDOW]
12-01 07:59:14.203 25302 25302 I wm_on_restart_called: [45402212,com.android.settings.Settings,performRestartActivity]
12-01 07:59:14.210 1508 1636 I sysui_multi_action: [757,803,799,window_time_0,802,0]
12-01 07:59:14.215 25302 25302 I wm_on_start_called: [45402212,com.android.settings.Settings,handleStartActivity]
12-01 07:59:14.215 22714 22730 W ContextImpl: Calling a method in the system process without a qualified user: android.app.ContextImpl.startService:1816 android.content.ContextWrapper.startService:774 com.thundercomm.gamemode.ingame.services.GameModeActionUtils.startGameModeService:93 com.thundercomm.gamemode.ingame.services.GameModeActionUtils.startGameModeEntry:21 com.thundercomm.gamemode.ingame.services.ActivityMonitoringService$1.onActivityLaunch:127
12-01 07:59:14.216 25302 25302 I snet_event_log: [120484087,-1,]
12-01 07:59:14.216 25302 25302 I wm_on_resume_called: [45402212,com.android.settings.Settings,RESUME_ACTIVITY]
12-01 07:59:14.216 25302 25302 I sysui_multi_action: [757,35,758,1,833,0,1089,0]
12-01 07:59:14.220 1508 1508 I GameModeConfig: Current uri is uri = content://com.thundercomm.gamemode.api/gamemode_settings/gamemode_isgaming
12-01 07:59:14.223 25302 25302 I sysui_multi_action: [757,746,758,1,833,0,1089,0]
12-01 07:59:14.223 1508 9618 D TelephonyRegistry: listen oscl: mHasNotifySubscriptionInfoChangedOccurred==false no callback
12-01 07:59:14.223 1508 1508 I GameModeConfig: isGameModeOn = false
12-01 07:59:14.225 1508 1508 I GameModeConfig: isGameModeOn = false
12-01 07:59:14.225 1508 1508 I GameModeConfig: isDisableVoice = true
12-01 07:59:14.228 1508 2426 D TelephonyRegistry: listen oscl: mHasNotifySubscriptionInfoChangedOccurred==false no callback
12-01 07:59:14.233 25302 25302 I wm_on_top_resumed_gained_called: [45402212,com.android.settings.Settings,topWhenResuming]
12-01 07:59:14.239 1508 1637 I input_focus: [Focus request cbd5b56 com.android.settings/com.android.settings.Settings,reason=UpdateInputWindows]
12-01 07:59:14.253 1508 2005 I input_focus: [Focus entering cbd5b56 com.android.settings/com.android.settings.Settings (server),reason=setFocusedWindow]
12-01 07:59:14.258 1508 1633 I sysui_multi_action: [319,29,321,25,322,79,325,14772,757,761,758,9,759,4,806,com.android.settings,871,com.android.settings.Settings,904,com.android.launcher3,905,0,1320,8,1321,5]
12-01 07:59:14.294 22714 22730 W ContextImpl: Calling a method in the system process without a qualified user: android.app.ContextImpl.startService:1816 android.content.ContextWrapper.startService:774 com.thundercomm.gamemode.ingame.services.GameModeActionUtils.startGameModeService:93 com.thundercomm.gamemode.ingame.services.GameModeActionUtils.startGameModeEntry:21 com.thundercomm.gamemode.ingame.services.ActivityMonitoringService$1.onActivityLaunch:127
12-01 07:59:14.299 1508 1508 I GameModeConfig: Current uri is uri = content://com.thundercomm.gamemode.api/gamemode_settings/gamemode_isgaming
12-01 07:59:14.302 1508 1508 I GameModeConfig: isGameModeOn = false
12-01 07:59:14.303 1508 1508 I GameModeConfig: isGameModeOn = false
12-01 07:59:14.303 1508 1508 I GameModeConfig: isDisableVoice = true
12-01 07:59:14.573 1508 1636 I wm_stop_activity: [0,103113767,com.android.launcher3/.uioverrides.QuickstepLauncher]
12-01 07:59:14.594 1508 10918 W ContextImpl: Calling a method in the system process without a qualified user: android.app.ContextImpl.startActivity:1067 com.android.server.wm.FreeFormWindowHelper.exitRecentTasks:426 com.android.server.wm.ActivityTaskManagerService.exitRecentTasks:3795 android.app.IActivityTaskManager$Stub.onTransact:2307 com.android.server.wm.ActivityTaskManagerService.onTransact:5046
12-01 07:59:14.595 1508 10918 I ActivityTaskManager: START u0 {flg=0x10008000 cmp=com.android.gallery3d/.app.GalleryActivity} from uid 1000
12-01 07:59:14.601 1508 10918 I wm_task_created: [253,-1]
12-01 07:59:14.601 1508 10918 W ActivityTaskManager: Can't find TaskDisplayArea to determine support for multi window. Task id=253 attached=false
12-01 07:59:14.602 1508 10918 D FreeFormWindowHelper: Add freeform task=Task{d46d375 #253 type=standard ?? U=0 visible=false mode=freeform translucent=true sz=0}
12-01 07:59:14.604 1508 10918 I wm_task_moved: [253,1,7]
12-01 07:59:14.604 1508 10918 I wm_task_to_front: [0,253]
12-01 07:59:14.605 1508 10918 I wm_create_task: [0,253]
12-01 07:59:14.605 1508 10918 I wm_create_activity: [0,219406090,253,com.android.gallery3d/.app.GalleryActivity,NULL,NULL,NULL,268468224]
12-01 07:59:14.605 1508 10918 I wm_task_moved: [253,1,7]
12-01 07:59:14.605 25302 25302 I wm_on_top_resumed_lost_called: [45402212,com.android.settings.Settings,topStateChangedWhenResumed]
12-01 07:59:14.606 1508 10918 I ActivityTaskManager: FOREGROUND_APPLICATION_CHANGED to com.android.gallery3d.app.GalleryActivity
12-01 07:59:14.606 1508 10918 I ActivityTaskManager: The Process com.android.gallery3d Already Exists in BG. So sending its PID: 22978
12-01 07:59:14.606 1508 10918 W ActivityTaskManager: Tried to set launchTime (0) < mLastActivityLaunchTime (14765634)
12-01 07:59:14.607 1508 10918 I wm_restart_activity: [0,219406090,253,com.android.gallery3d/.app.GalleryActivity]
12-01 07:59:14.608 1508 10918 I wm_set_resumed_activity: [0,com.android.gallery3d/.app.GalleryActivity,minimalResumeActivityLocked]
12-01 07:59:14.630 22714 22730 W ContextImpl: Calling a method in the system process without a qualified user: android.app.ContextImpl.startService:1816 android.content.ContextWrapper.startService:774 com.thundercomm.gamemode.ingame.services.GameModeActionUtils.startGameModeService:93 com.thundercomm.gamemode.ingame.services.GameModeActionUtils.startGameModeEntry:21 com.thundercomm.gamemode.ingame.services.ActivityMonitoringService$1.onActivityLaunch:127
12-01 07:59:14.644 1508 1508 I GameModeConfig: Current uri is uri = content://com.thundercomm.gamemode.api/gamemode_settings/gamemode_isgaming
12-01 07:59:14.648 1508 1508 I GameModeConfig: isGameModeOn = false
12-01 07:59:14.648 1508 1508 I GameModeConfig: isGameModeOn = false
12-01 07:59:14.648 1508 1508 I GameModeConfig: isDisableVoice = true
12-01 07:59:14.649 2822 2822 I wm_on_stop_called: [103113767,com.android.launcher3.uioverrides.QuickstepLauncher,STOP_ACTIVITY_ITEM]
12-01 07:59:14.659 22978 22978 I wm_on_create_called: [219406090,com.android.gallery3d.app.GalleryActivity,performCreate]
12-01 07:59:14.660 22978 22978 I wm_on_start_called: [219406090,com.android.gallery3d.app.GalleryActivity,handleStartActivity]
12-01 07:59:14.662 22978 22978 I wm_on_resume_called: [219406090,com.android.gallery3d.app.GalleryActivity,RESUME_ACTIVITY]
12-01 07:59:14.664 22978 22978 I wm_on_top_resumed_gained_called: [219406090,com.android.gallery3d.app.GalleryActivity,topStateChangedWhenResumed]
12-01 07:59:14.668 22714 22730 W ContextImpl: Calling a method in the system process without a qualified user: android.app.ContextImpl.startService:1816 android.content.ContextWrapper.startService:774 com.thundercomm.gamemode.ingame.services.GameModeActionUtils.startGameModeService:93 com.thundercomm.gamemode.ingame.services.GameModeActionUtils.startGameModeEntry:21 com.thundercomm.gamemode.ingame.services.ActivityMonitoringService$1.onActivityLaunch:127
12-01 07:59:14.669 1508 1637 W WindowManager: updateScale0.7996942
12-01 07:59:14.671 1508 2426 W WindowManager: updateScale0.7996942
12-01 07:59:14.672 1508 1508 I GameModeConfig: Current uri is uri = content://com.thundercomm.gamemode.api/gamemode_settings/gamemode_isgaming
12-01 07:59:14.673 1508 1637 I input_focus: [Focus request c72fc2d com.android.gallery3d/com.android.gallery3d.app.GalleryActivity,reason=UpdateInputWindows]
12-01 07:59:14.676 1508 1508 I GameModeConfig: isGameModeOn = false
12-01 07:59:14.677 1508 1508 I GameModeConfig: isGameModeOn = false
12-01 07:59:14.677 1508 1508 I GameModeConfig: isDisableVoice = true
12-01 07:59:14.703 1508 1637 W WindowManager: updateScale0.7996942
12-01 07:59:14.704 1508 2005 I input_focus: [Focus leaving cbd5b56 com.android.settings/com.android.settings.Settings (server),reason=Waiting for window because NOT_VISIBLE]
12-01 07:59:14.706 1508 1637 W WindowManager: updateScale0.7996942
12-01 07:59:14.707 1508 1637 W WindowManager: updateScale0.7996942
12-01 07:59:14.710 1508 1633 I sysui_multi_action: [319,110,322,110,325,14773,757,761,758,8,759,2,806,com.android.gallery3d,871,com.android.gallery3d.app.GalleryActivity,904,android,905,0,1320,8,1321,5]
12-01 07:59:14.711 1508 1633 I wm_activity_launch_time: [0,219406090,com.android.gallery3d/.app.GalleryActivity,110]
12-01 07:59:14.720 1508 2005 I input_focus: [Focus entering c72fc2d com.android.gallery3d/com.android.gallery3d.app.GalleryActivity (server),reason=Window became focusable. Previous reason: NOT_VISIBLE]
12-01 07:59:15.206 1508 1637 W WindowManager: updateScale0.7996942
12-01 07:59:15.209 1508 6335 W WindowManager: updateScale0.7996942
12-01 07:59:15.351 0 0 I auditd : type=1400 audit(0.0:15970): avc: denied { kill } for comm="swapper/2" capability=5 scontext=u:r:kernel:s0 tcontext=u:r:kernel:s0 tclass=capability permissive=0
12-01 07:59:15.494 1508 2005 I input_interaction: Interaction with: cbd5b56 com.android.settings/com.android.settings.Settings (server), edge-swipe (server), swipe-up (server), PointerEventDispatcher0 (server),
12-01 07:59:15.497 1508 1636 I wm_task_moved: [249,1,7]
12-01 07:59:15.497 1508 1636 I wm_task_to_front: [0,249]
12-01 07:59:15.500 1508 1636 W WindowManager: updateScale0.7996942
12-01 07:59:15.503 22978 22978 I wm_on_top_resumed_lost_called: [219406090,com.android.gallery3d.app.GalleryActivity,topStateChangedWhenResumed]
12-01 07:59:15.503 1508 1636 I wm_set_resumed_activity: [0,com.android.settings/.Settings,positionChildAt]
12-01 07:59:15.503 1508 1636 I wm_focused_root_task: [0,0,249,253,setFocusedTask]
12-01 07:59:15.503 1508 1636 I wm_set_resumed_activity: [0,com.android.settings/.Settings,setFocusedTask]
12-01 07:59:15.503 1508 1636 I ActivityTaskManager: FOREGROUND_APPLICATION_CHANGED to com.android.settings.homepage.SettingsHomepageActivity
12-01 07:59:15.504 1508 1637 I input_focus: [Focus request cbd5b56 com.android.settings/com.android.settings.Settings,reason=UpdateInputWindows]
12-01 07:59:15.504 25302 25302 I wm_on_top_resumed_gained_called: [45402212,com.android.settings.Settings,topStateChangedWhenResumed]
12-01 07:59:15.514 1508 2426 I wm_task_moved: [1,0,0]
12-01 07:59:15.514 1508 2426 I wm_task_moved: [1,0,6]
12-01 07:59:15.519 1508 2426 W WindowManager: updateScale0.7996942
12-01 07:59:15.525 1508 2005 I input_focus: [Focus leaving c72fc2d com.android.gallery3d/com.android.gallery3d.app.GalleryActivity (server),reason=setFocusedWindow]
12-01 07:59:15.525 1508 2005 I input_focus: [Focus entering cbd5b56 com.android.settings/com.android.settings.Settings (server),reason=setFocusedWindow]
12-01 07:59:15.537 2822 2822 I wm_on_restart_called: [103113767,com.android.launcher3.uioverrides.QuickstepLauncher,performRestartActivity]
12-01 07:59:15.539 22714 22730 W ContextImpl: Calling a method in the system process without a qualified user: android.app.ContextImpl.startService:1816 android.content.ContextWrapper.startService:774 com.thundercomm.gamemode.ingame.services.GameModeActionUtils.startGameModeService:93 com.thundercomm.gamemode.ingame.services.GameModeActionUtils.startGameModeEntry:21 com.thundercomm.gamemode.ingame.services.ActivityMonitoringService$1.onActivityLaunch:127
12-01 07:59:15.540 1508 8124 I wm_finish_activity: [0,219406090,253,com.android.gallery3d/.app.GalleryActivity,app-request]
12-01 07:59:15.545 1508 1508 I GameModeConfig: Current uri is uri = content://com.thundercomm.gamemode.api/gamemode_settings/gamemode_isgaming
12-01 07:59:15.546 1508 1508 I GameModeConfig: isGameModeOn = false
12-01 07:59:15.547 1508 1508 I GameModeConfig: isGameModeOn = false
12-01 07:59:15.547 1508 1508 I GameModeConfig: isDisableVoice = true
12-01 07:59:15.556 1508 8124 I wm_pause_activity: [0,219406090,com.android.gallery3d/.app.GalleryActivity,userLeaving=false,finish]
12-01 07:59:15.566 22978 22978 I wm_on_paused_called: [219406090,com.android.gallery3d.app.GalleryActivity,performPause]
12-01 07:59:15.567 1508 10918 I wm_destroy_activity: [0,219406090,253,com.android.gallery3d/.app.GalleryActivity,finish-imm:completePausedLocked]
12-01 07:59:15.574 2822 2822 I wm_on_start_called: [103113767,com.android.launcher3.uioverrides.QuickstepLauncher,handleStartActivity]
12-01 07:59:15.575 25302 25302 I view_enqueue_input_event: [Motion - Cancel,com.android.settings/com.android.settings.Settings]
12-01 07:59:15.576 22978 22978 I wm_on_stop_called: [219406090,com.android.gallery3d.app.GalleryActivity,LIFECYCLER_STOP_ACTIVITY]
12-01 07:59:15.577 22978 22978 I wm_on_destroy_called: [219406090,com.android.gallery3d.app.GalleryActivity,performDestroy]
12-01 07:59:15.578 1508 2005 I input_interaction: Interaction with: edge-swipe (server), swipe-up (server), PointerEventDispatcher0 (server),
12-01 07:59:15.589 2822 2822 I sysui_latency: [1,95]
12-01 07:59:15.589 1508 1637 I input_focus: [Focus request recents_animation_input_consumer,reason=UpdateInputWindows]
12-01 07:59:15.590 1508 1636 I sysui_multi_action: [757,803,799,window_time_0,802,2]
12-01 07:59:15.601 1508 10918 I wm_task_removed: [253,removeChild:removeChild last r=ActivityRecord{d13df0a u0 com.android.gallery3d/.app.GalleryActivity t-1 f}} in t=Task{d46d375 #253 type=standard A=10064:com.android.gallery3d U=0 visible=false mode=freeform translucent=true sz=0}]
12-01 07:59:15.601 1508 10918 I wm_task_removed: [253,removeChild]
12-01 07:59:15.601 1508 10918 D FreeFormWindowHelper: Remove freefrom task=Task{d46d375 #253 type=standard A=10064:com.android.gallery3d U=0 visible=false mode=freeform translucent=true sz=0}
12-01 07:59:15.602 1508 1633 I sysui_multi_action: [319,14,322,84,325,14774,757,761,758,9,759,5,806,com.android.launcher3,871,com.android.launcher3.uioverrides.QuickstepLauncher,905,0,1320,8,1321,5]
12-01 07:59:15.604 22714 22730 W ContextImpl: Calling a method in the system process without a qualified user: android.app.ContextImpl.startService:1816 android.content.ContextWrapper.startService:774 com.thundercomm.gamemode.ingame.services.GameModeActionUtils.startGameModeService:93 com.thundercomm.gamemode.ingame.services.GameModeActionUtils.startGameModeEntry:21 com.thundercomm.gamemode.ingame.services.ActivityMonitoringService$1.onActivityLaunch:127
12-01 07:59:15.606 1508 2005 I input_focus: [Focus leaving cbd5b56 com.android.settings/com.android.settings.Settings (server),reason=NOT_FOCUSABLE]
12-01 07:59:15.606 1508 2005 I input_focus: [Focus entering recents_animation_input_consumer (server),reason=setFocusedWindow]
12-01 07:59:15.608 1508 1508 I GameModeConfig: Current uri is uri = content://com.thundercomm.gamemode.api/gamemode_settings/gamemode_isgaming
12-01 07:59:15.609 1508 1508 I GameModeConfig: isGameModeOn = false
12-01 07:59:15.609 1508 1508 I GameModeConfig: isGameModeOn = false
12-01 07:59:15.609 1508 1508 I GameModeConfig: isDisableVoice = true
12-01 07:59:15.611 1508 8124 W ActivityTaskManager: getTaskSnapshot: taskId=5249 not found
12-01 07:59:15.613 1508 10918 W ActivityTaskManager: getTaskSnapshot: taskId=4249 not found
12-01 07:59:15.615 1508 8164 W ActivityTaskManager: getTaskSnapshot: taskId=3249 not found
12-01 07:59:15.617 1508 10918 W ActivityTaskManager: getTaskSnapshot: taskId=2249 not found
12-01 07:59:15.619 1508 10918 W ActivityTaskManager: getTaskSnapshot: taskId=1249 not found
12-01 07:59:15.678 22714 22730 W ContextImpl: Calling a method in the system process without a qualified user: android.app.ContextImpl.startService:1816 android.content.ContextWrapper.startService:774 com.thundercomm.gamemode.ingame.services.GameModeActionUtils.startGameModeService:93 com.thundercomm.gamemode.ingame.services.GameModeActionUtils.startGameModeEntry:21 com.thundercomm.gamemode.ingame.services.ActivityMonitoringService$1.onActivityLaunch:127
12-01 07:59:15.682 1508 1508 I GameModeConfig: Current uri is uri = content://com.thundercomm.gamemode.api/gamemode_settings/gamemode_isgaming
12-01 07:59:15.683 1508 1508 I GameModeConfig: isGameModeOn = false
12-01 07:59:15.684 1508 1508 I GameModeConfig: isGameModeOn = false
12-01 07:59:15.684 1508 1508 I GameModeConfig: isDisableVoice = true
12-01 07:59:15.781 1508 1754 I commit_sys_config_file: [settings-1-0,6]
12-01 07:59:15.900 1508 1647 I sysui_latency: [8,99]
12-01 07:59:16.195 1508 2426 I wm_task_moved: [1,1,6]
12-01 07:59:16.198 1508 2426 I wm_focused_root_task: [0,0,1,249,RecentsAnimation.onAnimationFinished()]
12-01 07:59:16.200 25302 25302 I wm_on_top_resumed_lost_called: [45402212,com.android.settings.Settings,topStateChangedWhenResumed]
12-01 07:59:16.202 1508 2426 I wm_pause_activity: [0,45402212,com.android.settings/.Settings,userLeaving=false,pauseBackTasks]
12-01 07:59:16.203 1508 2426 I ActivityTaskManager: FOREGROUND_APPLICATION_CHANGED to com.android.launcher3.uioverrides.QuickstepLauncher
12-01 07:59:16.204 1508 2426 I wm_set_resumed_activity: [0,com.android.launcher3/.uioverrides.QuickstepLauncher,resumeTopActivityInnerLocked]
12-01 07:59:16.207 1508 2426 I wm_resume_activity: [0,103113767,10,com.android.launcher3/.uioverrides.QuickstepLauncher]
12-01 07:59:16.209 1508 2426 I wm_add_to_stopping: [0,45402212,com.android.settings/.Settings,makeInvisible]
12-01 07:59:16.216 1366 16954 I liblog : 67
12-01 07:59:16.221 1366 16954 I liblog : 5
12-01 07:59:16.221 2822 2822 I wm_on_resume_called: [103113767,com.android.launcher3.uioverrides.QuickstepLauncher,RESUME_ACTIVITY]
12-01 07:59:16.222 1366 16954 I liblog : 5
12-01 07:59:16.222 1366 16954 I liblog : 1
12-01 07:59:16.222 1366 16954 I liblog : 1
12-01 07:59:16.222 1366 16954 I liblog : 4
12-01 07:59:16.222 1366 16954 I liblog : 1
12-01 07:59:16.223 1366 16954 I liblog : 3
12-01 07:59:16.224 1508 1637 I input_focus: [Focus request 9ddf785 com.android.launcher3/com.android.launcher3.uioverrides.QuickstepLauncher,reason=UpdateInputWindows]
12-01 07:59:16.228 1508 6928 I wm_stop_activity: [0,45402212,com.android.settings/.Settings]
12-01 07:59:16.229 25302 25302 I sysui_multi_action: [757,35,758,2,1089,2013]
12-01 07:59:16.232 1508 1636 I sysui_multi_action: [757,803,799,window_time_0,802,0]
12-01 07:59:16.237 25302 25302 I sysui_multi_action: [757,746,758,2,1089,2014]
12-01 07:59:16.240 1508 2005 I input_focus: [Focus leaving recents_animation_input_consumer (server),reason=NOT_VISIBLE]
12-01 07:59:16.241 1508 2005 I input_focus: [Focus entering 9ddf785 com.android.launcher3/com.android.launcher3.uioverrides.QuickstepLauncher (server),reason=setFocusedWindow]
12-01 07:59:16.243 2822 2822 I wm_on_top_resumed_gained_called: [103113767,com.android.launcher3.uioverrides.QuickstepLauncher,topStateChangedWhenResumed]
