12-01 08:09:39.296 1508 2356 E DisplayDeviceConfig: requesting nits when no mapping exists.
12-01 08:09:39.297 1508 2356 E DisplayDeviceConfig: requesting nits when no mapping exists.
12-01 08:09:39.297 1508 1648 I am_wtf : [0,1508,system_server,-1,DisplayDeviceConfig,requesting nits when no mapping exists.]
12-01 08:09:39.298 1508 1648 I am_wtf : [0,1508,system_server,-1,DisplayDeviceConfig,requesting nits when no mapping exists.]
12-01 08:09:39.302 1508 2356 E DisplayDeviceConfig: requesting nits when no mapping exists.
12-01 08:09:39.303 1508 2356 E DisplayDeviceConfig: requesting nits when no mapping exists.
12-01 08:09:39.304 1508 1648 I am_wtf : [0,1508,system_server,-1,DisplayDeviceConfig,requesting nits when no mapping exists.]
12-01 08:09:39.304 1508 1648 I am_wtf : [0,1508,system_server,-1,DisplayDeviceConfig,requesting nits when no mapping exists.]
12-01 08:09:39.319 1508 2356 E DisplayDeviceConfig: requesting nits when no mapping exists.
12-01 08:09:39.320 1508 2356 E DisplayDeviceConfig: requesting nits when no mapping exists.
12-01 08:09:39.320 1508 1648 I am_wtf : [0,1508,system_server,-1,DisplayDeviceConfig,requesting nits when no mapping exists.]
12-01 08:09:39.321 1508 1648 I am_wtf : [0,1508,system_server,-1,DisplayDeviceConfig,requesting nits when no mapping exists.]
12-01 08:09:39.335 1508 2356 E DisplayDeviceConfig: requesting nits when no mapping exists.
12-01 08:09:39.335 1508 2356 E DisplayDeviceConfig: requesting nits when no mapping exists.
12-01 08:09:39.340 1508 1508 I GameModeConfig: isGameModeOn = false
12-01 08:09:39.340 1508 1508 I sysui_multi_action: [757,1501,758,1,793,10901020,794,0,795,208,796,2048,806,com.android.systemui,857,updateNotification,858,3,947,0,1500,0,1688,1]
12-01 08:09:39.341 1508 1508 I sysui_multi_action: [757,804,799,note_interruptive,801,0,802,1]
12-01 08:09:39.341 1508 1508 I sysui_multi_action: [757,199,758,1,759,2,793,10901021,794,0,795,209,796,2048,806,com.android.systemui,857,updateNotification,858,3,947,0,1500,1,1688,1]
12-01 08:09:39.341 1508 1508 I notification_alert: [0|com.android.systemui|2048|null|10082,0,1,0]
12-01 08:09:39.342 1508 1648 I am_wtf : [0,1508,system_server,-1,DisplayDeviceConfig,requesting nits when no mapping exists.]
12-01 08:09:39.346 1508 1648 I am_wtf : [0,1508,system_server,-1,DisplayDeviceConfig,requesting nits when no mapping exists.]
12-01 08:09:39.351 288 288 I auditd : type=1400 audit(0.0:16597): avc: denied { kill } for comm="kgsl_worker_thr" capability=5 scontext=u:r:kernel:s0 tcontext=u:r:kernel:s0 tclass=capability permissive=0
12-01 08:09:39.352 1508 2356 E DisplayDeviceConfig: requesting nits when no mapping exists.
12-01 08:09:39.353 1508 1648 I am_wtf : [0,1508,system_server,-1,DisplayDeviceConfig,requesting nits when no mapping exists.]
12-01 08:09:39.363 1508 1648 I service_manager_slow: [10,dropbox]
12-01 08:09:39.364 1508 2356 E DisplayDeviceConfig: requesting nits when no mapping exists.
12-01 08:09:39.365 1508 1648 I am_wtf : [0,1508,system_server,-1,DisplayDeviceConfig,requesting nits when no mapping exists.]
12-01 08:09:39.370 1508 2356 E DisplayDeviceConfig: requesting nits when no mapping exists.
12-01 08:09:39.370 1508 2356 E DisplayDeviceConfig: requesting nits when no mapping exists.
12-01 08:09:39.370 1508 1648 I am_wtf : [0,1508,system_server,-1,DisplayDeviceConfig,requesting nits when no mapping exists.]
12-01 08:09:39.371 1508 1648 I am_wtf : [0,1508,system_server,-1,DisplayDeviceConfig,requesting nits when no mapping exists.]
12-01 08:09:39.386 1508 2356 E DisplayDeviceConfig: requesting nits when no mapping exists.
12-01 08:09:39.387 1508 2356 E DisplayDeviceConfig: requesting nits when no mapping exists.
12-01 08:09:39.387 1508 1648 I am_wtf : [0,1508,system_server,-1,DisplayDeviceConfig,requesting nits when no mapping exists.]
12-01 08:09:39.387 1508 1648 I am_wtf : [0,1508,system_server,-1,DisplayDeviceConfig,requesting nits when no mapping exists.]
12-01 08:09:39.402 1508 2356 E DisplayDeviceConfig: requesting nits when no mapping exists.
12-01 08:09:39.403 1508 2356 E DisplayDeviceConfig: requesting nits when no mapping exists.
12-01 08:09:39.403 1508 1648 I am_wtf : [0,1508,system_server,-1,DisplayDeviceConfig,requesting nits when no mapping exists.]
12-01 08:09:39.404 1508 1648 I am_wtf : [0,1508,system_server,-1,DisplayDeviceConfig,requesting nits when no mapping exists.]
12-01 08:09:39.419 1508 2356 E DisplayDeviceConfig: requesting nits when no mapping exists.
12-01 08:09:39.420 1508 2356 E DisplayDeviceConfig: requesting nits when no mapping exists.
12-01 08:09:39.420 1508 1648 I am_wtf : [0,1508,system_server,-1,DisplayDeviceConfig,requesting nits when no mapping exists.]
12-01 08:09:39.421 1508 1648 I am_wtf : [0,1508,system_server,-1,DisplayDeviceConfig,requesting nits when no mapping exists.]
12-01 08:09:39.436 1508 2356 E DisplayDeviceConfig: requesting nits when no mapping exists.
12-01 08:09:39.436 1508 2356 E DisplayDeviceConfig: requesting nits when no mapping exists.
12-01 08:09:39.438 1508 1648 I am_wtf : [0,1508,system_server,-1,DisplayDeviceConfig,requesting nits when no mapping exists.]
12-01 08:09:39.439 1508 1648 I am_wtf : [0,1508,system_server,-1,DisplayDeviceConfig,requesting nits when no mapping exists.]
12-01 08:09:39.441 1508 1636 I wm_stop_activity: [0,103113767,com.android.launcher3/.uioverrides.QuickstepLauncher]
12-01 08:09:39.453 1508 2356 E DisplayDeviceConfig: requesting nits when no mapping exists.
12-01 08:09:39.454 1508 2356 E DisplayDeviceConfig: requesting nits when no mapping exists.
12-01 08:09:39.454 1508 1648 I am_wtf : [0,1508,system_server,-1,DisplayDeviceConfig,requesting nits when no mapping exists.]
12-01 08:09:39.455 1508 1648 I am_wtf : [0,1508,system_server,-1,DisplayDeviceConfig,requesting nits when no mapping exists.]
12-01 08:09:39.468 2822 2822 I wm_on_stop_called: [103113767,com.android.launcher3.uioverrides.QuickstepLauncher,STOP_ACTIVITY_ITEM]
12-01 08:09:39.469 1508 2356 E DisplayDeviceConfig: requesting nits when no mapping exists.
12-01 08:09:39.469 1508 2356 E DisplayDeviceConfig: requesting nits when no mapping exists.
12-01 08:09:39.470 1508 1648 I am_wtf : [0,1508,system_server,-1,DisplayDeviceConfig,requesting nits when no mapping exists.]
12-01 08:09:39.471 1508 1648 I am_wtf : [0,1508,system_server,-1,DisplayDeviceConfig,requesting nits when no mapping exists.]
12-01 08:09:39.485 1508 2356 E DisplayDeviceConfig: requesting nits when no mapping exists.
12-01 08:09:39.486 1508 2356 E DisplayDeviceConfig: requesting nits when no mapping exists.
12-01 08:09:39.486 1508 1648 I am_wtf : [0,1508,system_server,-1,DisplayDeviceConfig,requesting nits when no mapping exists.]
12-01 08:09:39.490 1508 1648 I am_wtf : [0,1508,system_server,-1,DisplayDeviceConfig,requesting nits when no mapping exists.]
12-01 08:09:39.498 22714 22730 W ContextImpl: Calling a method in the system process without a qualified user: android.app.ContextImpl.startService:1816 android.content.ContextWrapper.startService:774 com.thundercomm.gamemode.ingame.services.GameModeActionUtils.startGameModeService:93 com.thundercomm.gamemode.ingame.services.GameModeActionUtils.startGameModeEntry:21 com.thundercomm.gamemode.ingame.services.ActivityMonitoringService$1.onActivityLaunch:127
12-01 08:09:39.502 1508 1508 I GameModeConfig: Current uri is uri = content://com.thundercomm.gamemode.api/gamemode_settings/gamemode_isgaming
12-01 08:09:39.502 1508 2356 E DisplayDeviceConfig: requesting nits when no mapping exists.
12-01 08:09:39.505 1508 2356 E DisplayDeviceConfig: requesting nits when no mapping exists.
12-01 08:09:39.506 1508 1508 I GameModeConfig: isGameModeOn = false
12-01 08:09:39.506 1508 1508 I GameModeConfig: isGameModeOn = false
12-01 08:09:39.506 1508 1508 I GameModeConfig: isDisableVoice = true
12-01 08:09:39.507 1508 1648 I am_wtf : [0,1508,system_server,-1,DisplayDeviceConfig,requesting nits when no mapping exists.]
12-01 08:09:39.508 1508 1648 I am_wtf : [0,1508,system_server,-1,DisplayDeviceConfig,requesting nits when no mapping exists.]
12-01 08:09:39.516 1508 2356 E DisplayDeviceConfig: requesting nits when no mapping exists.
12-01 08:09:39.517 1508 1648 I am_wtf : [0,1508,system_server,-1,DisplayDeviceConfig,requesting nits when no mapping exists.]
12-01 08:09:39.517 1508 2356 E DisplayDeviceConfig: requesting nits when no mapping exists.
12-01 08:09:39.518 1508 1648 I am_wtf : [0,1508,system_server,-1,DisplayDeviceConfig,requesting nits when no mapping exists.]
12-01 08:09:39.533 1508 2356 E DisplayDeviceConfig: requesting nits when no mapping exists.
12-01 08:09:39.533 1508 2356 E DisplayDeviceConfig: requesting nits when no mapping exists.
12-01 08:09:39.533 1508 1648 I am_wtf : [0,1508,system_server,-1,DisplayDeviceConfig,requesting nits when no mapping exists.]
12-01 08:09:39.534 1508 1648 I am_wtf : [0,1508,system_server,-1,DisplayDeviceConfig,requesting nits when no mapping exists.]
12-01 08:09:39.550 1508 2356 E DisplayDeviceConfig: requesting nits when no mapping exists.
12-01 08:09:39.551 1508 1648 I am_wtf : [0,1508,system_server,-1,DisplayDeviceConfig,requesting nits when no mapping exists.]
12-01 08:09:39.552 1508 2356 E DisplayDeviceConfig: requesting nits when no mapping exists.
12-01 08:09:39.553 1508 1648 I am_wtf : [0,1508,system_server,-1,DisplayDeviceConfig,requesting nits when no mapping exists.]
12-01 08:09:39.566 1508 2356 E DisplayDeviceConfig: requesting nits when no mapping exists.
12-01 08:09:39.567 1508 2356 E DisplayDeviceConfig: requesting nits when no mapping exists.
12-01 08:09:39.567 1508 1648 I am_wtf : [0,1508,system_server,-1,DisplayDeviceConfig,requesting nits when no mapping exists.]
12-01 08:09:39.568 1508 1648 I am_wtf : [0,1508,system_server,-1,DisplayDeviceConfig,requesting nits when no mapping exists.]
12-01 08:09:39.584 1508 2356 E DisplayDeviceConfig: requesting nits when no mapping exists.
12-01 08:09:39.585 1508 1648 I am_wtf : [0,1508,system_server,-1,DisplayDeviceConfig,requesting nits when no mapping exists.]
12-01 08:09:39.585 1508 2356 E DisplayDeviceConfig: requesting nits when no mapping exists.
12-01 08:09:39.586 1508 1648 I am_wtf : [0,1508,system_server,-1,DisplayDeviceConfig,requesting nits when no mapping exists.]
12-01 08:09:39.601 1508 2356 E DisplayDeviceConfig: requesting nits when no mapping exists.
12-01 08:09:39.602 1508 1648 I am_wtf : [0,1508,system_server,-1,DisplayDeviceConfig,requesting nits when no mapping exists.]
12-01 08:09:39.602 1508 2356 E DisplayDeviceConfig: requesting nits when no mapping exists.
12-01 08:09:39.603 1508 1648 I am_wtf : [0,1508,system_server,-1,DisplayDeviceConfig,requesting nits when no mapping exists.]
12-01 08:09:39.617 1508 2356 E DisplayDeviceConfig: requesting nits when no mapping exists.
12-01 08:09:39.618 1508 2356 E DisplayDeviceConfig: requesting nits when no mapping exists.
12-01 08:09:39.619 1508 1648 I am_wtf : [0,1508,system_server,-1,DisplayDeviceConfig,requesting nits when no mapping exists.]
12-01 08:09:39.620 1508 1648 I am_wtf : [0,1508,system_server,-1,DisplayDeviceConfig,requesting nits when no mapping exists.]
12-01 08:09:39.633 1508 2356 E DisplayDeviceConfig: requesting nits when no mapping exists.
12-01 08:09:39.634 1508 2356 E DisplayDeviceConfig: requesting nits when no mapping exists.
12-01 08:09:39.634 1508 1648 I am_wtf : [0,1508,system_server,-1,DisplayDeviceConfig,requesting nits when no mapping exists.]
12-01 08:09:39.635 1508 1648 I am_wtf : [0,1508,system_server,-1,DisplayDeviceConfig,requesting nits when no mapping exists.]
12-01 08:09:39.650 1508 2356 E DisplayDeviceConfig: requesting nits when no mapping exists.
12-01 08:09:39.650 1508 2356 E DisplayDeviceConfig: requesting nits when no mapping exists.
12-01 08:09:39.650 1508 1648 I am_wtf : [0,1508,system_server,-1,DisplayDeviceConfig,requesting nits when no mapping exists.]
12-01 08:09:39.652 1508 1648 I am_wtf : [0,1508,system_server,-1,DisplayDeviceConfig,requesting nits when no mapping exists.]
12-01 08:09:39.667 1508 2356 E DisplayDeviceConfig: requesting nits when no mapping exists.
12-01 08:09:39.667 1508 2356 E DisplayDeviceConfig: requesting nits when no mapping exists.
12-01 08:09:39.667 1508 1648 I am_wtf : [0,1508,system_server,-1,DisplayDeviceConfig,requesting nits when no mapping exists.]
12-01 08:09:39.669 1508 1648 I am_wtf : [0,1508,system_server,-1,DisplayDeviceConfig,requesting nits when no mapping exists.]
12-01 08:09:39.685 1508 2356 E DisplayDeviceConfig: requesting nits when no mapping exists.
12-01 08:09:39.686 1508 2356 E DisplayDeviceConfig: requesting nits when no mapping exists.
12-01 08:09:39.686 1508 1648 I am_wtf : [0,1508,system_server,-1,DisplayDeviceConfig,requesting nits when no mapping exists.]
12-01 08:09:39.687 1508 1648 I am_wtf : [0,1508,system_server,-1,DisplayDeviceConfig,requesting nits when no mapping exists.]
12-01 08:09:39.702 1508 2356 E DisplayDeviceConfig: requesting nits when no mapping exists.
12-01 08:09:39.703 1508 2356 E DisplayDeviceConfig: requesting nits when no mapping exists.
12-01 08:09:39.703 1508 1648 I am_wtf : [0,1508,system_server,-1,DisplayDeviceConfig,requesting nits when no mapping exists.]
12-01 08:09:39.704 1508 1648 I am_wtf : [0,1508,system_server,-1,DisplayDeviceConfig,requesting nits when no mapping exists.]
12-01 08:09:39.717 1508 2356 E DisplayDeviceConfig: requesting nits when no mapping exists.
12-01 08:09:39.717 1508 2356 E DisplayDeviceConfig: requesting nits when no mapping exists.
12-01 08:09:39.717 1508 1648 I am_wtf : [0,1508,system_server,-1,DisplayDeviceConfig,requesting nits when no mapping exists.]
12-01 08:09:39.718 1508 1648 I am_wtf : [0,1508,system_server,-1,DisplayDeviceConfig,requesting nits when no mapping exists.]
12-01 08:09:39.734 1508 2356 E DisplayDeviceConfig: requesting nits when no mapping exists.
12-01 08:09:39.734 1508 2356 E DisplayDeviceConfig: requesting nits when no mapping exists.
12-01 08:09:39.735 1508 1648 I am_wtf : [0,1508,system_server,-1,DisplayDeviceConfig,requesting nits when no mapping exists.]
12-01 08:09:39.736 1508 1648 I am_wtf : [0,1508,system_server,-1,DisplayDeviceConfig,requesting nits when no mapping exists.]
12-01 08:09:39.750 1508 2356 E DisplayDeviceConfig: requesting nits when no mapping exists.
12-01 08:09:39.751 1508 2356 E DisplayDeviceConfig: requesting nits when no mapping exists.
12-01 08:09:39.751 1508 1648 I am_wtf : [0,1508,system_server,-1,DisplayDeviceConfig,requesting nits when no mapping exists.]
12-01 08:09:39.752 1508 1648 I am_wtf : [0,1508,system_server,-1,DisplayDeviceConfig,requesting nits when no mapping exists.]
12-01 08:09:39.768 1508 2356 E DisplayDeviceConfig: requesting nits when no mapping exists.
12-01 08:09:39.768 1508 2356 E DisplayDeviceConfig: requesting nits when no mapping exists.
12-01 08:09:39.768 1508 1648 I am_wtf : [0,1508,system_server,-1,DisplayDeviceConfig,requesting nits when no mapping exists.]
12-01 08:09:39.774 1508 1648 I am_wtf : [0,1508,system_server,-1,DisplayDeviceConfig,requesting nits when no mapping exists.]
12-01 08:09:39.785 1508 2356 E DisplayDeviceConfig: requesting nits when no mapping exists.
12-01 08:09:39.786 1508 2356 E DisplayDeviceConfig: requesting nits when no mapping exists.
12-01 08:09:39.786 1508 1648 I am_wtf : [0,1508,system_server,-1,DisplayDeviceConfig,requesting nits when no mapping exists.]
12-01 08:09:39.787 1508 1648 I am_wtf : [0,1508,system_server,-1,DisplayDeviceConfig,requesting nits when no mapping exists.]
12-01 08:09:39.802 1508 2356 E DisplayDeviceConfig: requesting nits when no mapping exists.
12-01 08:09:39.803 1508 1648 I am_wtf : [0,1508,system_server,-1,DisplayDeviceConfig,requesting nits when no mapping exists.]
12-01 08:09:39.803 1508 2356 E DisplayDeviceConfig: requesting nits when no mapping exists.
12-01 08:09:39.804 1508 1648 I am_wtf : [0,1508,system_server,-1,DisplayDeviceConfig,requesting nits when no mapping exists.]
12-01 08:09:39.817 1508 2356 E DisplayDeviceConfig: requesting nits when no mapping exists.
12-01 08:09:39.818 1508 2356 E DisplayDeviceConfig: requesting nits when no mapping exists.
12-01 08:09:39.818 1508 1648 I am_wtf : [0,1508,system_server,-1,DisplayDeviceConfig,requesting nits when no mapping exists.]
12-01 08:09:39.819 1508 1648 I am_wtf : [0,1508,system_server,-1,DisplayDeviceConfig,requesting nits when no mapping exists.]
12-01 08:09:39.834 1508 2356 E DisplayDeviceConfig: requesting nits when no mapping exists.
12-01 08:09:39.834 1508 2356 E DisplayDeviceConfig: requesting nits when no mapping exists.
12-01 08:09:39.835 1508 1648 I am_wtf : [0,1508,system_server,-1,DisplayDeviceConfig,requesting nits when no mapping exists.]
12-01 08:09:39.835 1508 1648 I am_wtf : [0,1508,system_server,-1,DisplayDeviceConfig,requesting nits when no mapping exists.]
12-01 08:09:39.851 1508 2356 E DisplayDeviceConfig: requesting nits when no mapping exists.
12-01 08:09:39.851 1508 2356 E DisplayDeviceConfig: requesting nits when no mapping exists.
12-01 08:09:39.851 1508 1648 I am_wtf : [0,1508,system_server,-1,DisplayDeviceConfig,requesting nits when no mapping exists.]
12-01 08:09:39.852 1508 1648 I am_wtf : [0,1508,system_server,-1,DisplayDeviceConfig,requesting nits when no mapping exists.]
12-01 08:09:39.867 1508 2356 E DisplayDeviceConfig: requesting nits when no mapping exists.
12-01 08:09:39.867 1508 2356 E DisplayDeviceConfig: requesting nits when no mapping exists.
12-01 08:09:39.867 1508 1648 I am_wtf : [0,1508,system_server,-1,DisplayDeviceConfig,requesting nits when no mapping exists.]
12-01 08:09:39.869 1508 1648 I am_wtf : [0,1508,system_server,-1,DisplayDeviceConfig,requesting nits when no mapping exists.]
12-01 08:09:39.888 1508 2356 E DisplayDeviceConfig: requesting nits when no mapping exists.
12-01 08:09:39.890 1508 1648 I am_wtf : [0,1508,system_server,-1,DisplayDeviceConfig,requesting nits when no mapping exists.]
12-01 08:09:39.891 1508 2356 E DisplayDeviceConfig: requesting nits when no mapping exists.
12-01 08:09:39.891 1508 1648 I am_wtf : [0,1508,system_server,-1,DisplayDeviceConfig,requesting nits when no mapping exists.]
12-01 08:09:39.901 1508 2356 E DisplayDeviceConfig: requesting nits when no mapping exists.
12-01 08:09:39.902 1508 2356 E DisplayDeviceConfig: requesting nits when no mapping exists.
12-01 08:09:39.902 1508 1648 I am_wtf : [0,1508,system_server,-1,DisplayDeviceConfig,requesting nits when no mapping exists.]
12-01 08:09:39.903 1508 1648 I am_wtf : [0,1508,system_server,-1,DisplayDeviceConfig,requesting nits when no mapping exists.]
12-01 08:09:39.917 1508 2356 E DisplayDeviceConfig: requesting nits when no mapping exists.
12-01 08:09:39.918 1508 2356 E DisplayDeviceConfig: requesting nits when no mapping exists.
12-01 08:09:39.918 1508 1648 I am_wtf : [0,1508,system_server,-1,DisplayDeviceConfig,requesting nits when no mapping exists.]
12-01 08:09:39.919 1508 1648 I am_wtf : [0,1508,system_server,-1,DisplayDeviceConfig,requesting nits when no mapping exists.]
12-01 08:09:39.936 1508 2356 E DisplayDeviceConfig: requesting nits when no mapping exists.
12-01 08:09:39.937 1508 2356 E DisplayDeviceConfig: requesting nits when no mapping exists.
12-01 08:09:39.937 1508 1648 I am_wtf : [0,1508,system_server,-1,DisplayDeviceConfig,requesting nits when no mapping exists.]
12-01 08:09:39.940 1508 1648 I am_wtf : [0,1508,system_server,-1,DisplayDeviceConfig,requesting nits when no mapping exists.]
12-01 08:09:39.954 1508 2356 E DisplayDeviceConfig: requesting nits when no mapping exists.
12-01 08:09:39.954 1508 2356 E DisplayDeviceConfig: requesting nits when no mapping exists.
12-01 08:09:39.954 1508 1648 I am_wtf : [0,1508,system_server,-1,DisplayDeviceConfig,requesting nits when no mapping exists.]
12-01 08:09:39.955 1508 1648 I am_wtf : [0,1508,system_server,-1,DisplayDeviceConfig,requesting nits when no mapping exists.]
12-01 08:09:39.967 1508 2356 E DisplayDeviceConfig: requesting nits when no mapping exists.
12-01 08:09:39.968 1508 2356 E DisplayDeviceConfig: requesting nits when no mapping exists.
12-01 08:09:39.968 1508 1648 I am_wtf : [0,1508,system_server,-1,DisplayDeviceConfig,requesting nits when no mapping exists.]
12-01 08:09:39.969 1508 1648 I am_wtf : [0,1508,system_server,-1,DisplayDeviceConfig,requesting nits when no mapping exists.]
12-01 08:09:39.984 1508 2356 E DisplayDeviceConfig: requesting nits when no mapping exists.
12-01 08:09:39.984 1508 2356 E DisplayDeviceConfig: requesting nits when no mapping exists.
12-01 08:09:39.985 1508 1648 I am_wtf : [0,1508,system_server,-1,DisplayDeviceConfig,requesting nits when no mapping exists.]
12-01 08:09:39.986 1508 1648 I am_wtf : [0,1508,system_server,-1,DisplayDeviceConfig,requesting nits when no mapping exists.]
12-01 08:09:40.001 1508 2356 E DisplayDeviceConfig: requesting nits when no mapping exists.
12-01 08:09:40.002 1508 2356 E DisplayDeviceConfig: requesting nits when no mapping exists.
12-01 08:09:40.002 1508 1648 I am_wtf : [0,1508,system_server,-1,DisplayDeviceConfig,requesting nits when no mapping exists.]
12-01 08:09:40.003 1508 1648 I am_wtf : [0,1508,system_server,-1,DisplayDeviceConfig,requesting nits when no mapping exists.]
12-01 08:09:40.018 1508 2356 E DisplayDeviceConfig: requesting nits when no mapping exists.
12-01 08:09:40.018 1508 2356 E DisplayDeviceConfig: requesting nits when no mapping exists.
12-01 08:09:40.020 1508 1648 I am_wtf : [0,1508,system_server,-1,DisplayDeviceConfig,requesting nits when no mapping exists.]
12-01 08:09:40.021 1508 1648 I am_wtf : [0,1508,system_server,-1,DisplayDeviceConfig,requesting nits when no mapping exists.]
12-01 08:09:40.035 1508 2356 E DisplayDeviceConfig: requesting nits when no mapping exists.
12-01 08:09:40.035 1508 2356 E DisplayDeviceConfig: requesting nits when no mapping exists.
12-01 08:09:40.035 1508 1648 I am_wtf : [0,1508,system_server,-1,DisplayDeviceConfig,requesting nits when no mapping exists.]
12-01 08:09:40.036 1508 1648 I am_wtf : [0,1508,system_server,-1,DisplayDeviceConfig,requesting nits when no mapping exists.]
12-01 08:09:40.051 1508 2356 E DisplayDeviceConfig: requesting nits when no mapping exists.
12-01 08:09:40.052 1508 2356 E DisplayDeviceConfig: requesting nits when no mapping exists.
12-01 08:09:40.053 1508 1648 I am_wtf : [0,1508,system_server,-1,DisplayDeviceConfig,requesting nits when no mapping exists.]
12-01 08:09:40.054 1508 1648 I am_wtf : [0,1508,system_server,-1,DisplayDeviceConfig,requesting nits when no mapping exists.]
12-01 08:09:40.071 1508 2356 E DisplayDeviceConfig: requesting nits when no mapping exists.
12-01 08:09:40.072 1508 2356 E DisplayDeviceConfig: requesting nits when no mapping exists.
12-01 08:09:40.072 1508 1648 I am_wtf : [0,1508,system_server,-1,DisplayDeviceConfig,requesting nits when no mapping exists.]
12-01 08:09:40.073 1508 1648 I am_wtf : [0,1508,system_server,-1,DisplayDeviceConfig,requesting nits when no mapping exists.]
12-01 08:09:40.088 1508 2356 E DisplayDeviceConfig: requesting nits when no mapping exists.
12-01 08:09:40.089 1508 1648 I am_wtf : [0,1508,system_server,-1,DisplayDeviceConfig,requesting nits when no mapping exists.]
12-01 08:09:40.090 1508 2356 E DisplayDeviceConfig: requesting nits when no mapping exists.
12-01 08:09:40.091 1508 1648 I am_wtf : [0,1508,system_server,-1,DisplayDeviceConfig,requesting nits when no mapping exists.]
12-01 08:09:40.101 1508 2356 E DisplayDeviceConfig: requesting nits when no mapping exists.
12-01 08:09:40.102 1508 2356 E DisplayDeviceConfig: requesting nits when no mapping exists.
12-01 08:09:40.102 1508 1648 I am_wtf : [0,1508,system_server,-1,DisplayDeviceConfig,requesting nits when no mapping exists.]
12-01 08:09:40.103 1508 1648 I am_wtf : [0,1508,system_server,-1,DisplayDeviceConfig,requesting nits when no mapping exists.]
12-01 08:09:40.351 0 0 I auditd : type=1400 audit(0.0:16598): avc: denied { kill } for comm="swapper/3" capability=5 scontext=u:r:kernel:s0 tcontext=u:r:kernel:s0 tclass=capability permissive=0
12-01 08:09:42.351 0 0 I auditd : type=1400 audit(0.0:16599): avc: denied { kill } for comm="swapper/3" capability=5 scontext=u:r:kernel:s0 tcontext=u:r:kernel:s0 tclass=capability permissive=0
12-01 08:09:43.351 0 0 I auditd : type=1400 audit(0.0:16600): avc: denied { kill } for comm="swapper/3" capability=5 scontext=u:r:kernel:s0 tcontext=u:r:kernel:s0 tclass=capability permissive=0
12-01 08:09:44.351 0 0 I auditd : type=1400 audit(0.0:16601): avc: denied { kill } for comm="swapper/3" capability=5 scontext=u:r:kernel:s0 tcontext=u:r:kernel:s0 tclass=capability permissive=0
12-01 08:09:45.351 0 0 I auditd : type=1400 audit(0.0:16602): avc: denied { kill } for comm="swapper/3" capability=5 scontext=u:r:kernel:s0 tcontext=u:r:kernel:s0 tclass=capability permissive=0
12-01 08:09:46.351 0 0 I auditd : type=1400 audit(0.0:16603): avc: denied { kill } for comm="swapper/3" capability=5 scontext=u:r:kernel:s0 tcontext=u:r:kernel:s0 tclass=capability permissive=0
12-01 08:09:47.351 0 0 I auditd : type=1400 audit(0.0:16604): avc: denied { kill } for comm="swapper/3" capability=5 scontext=u:r:kernel:s0 tcontext=u:r:kernel:s0 tclass=capability permissive=0
12-01 08:09:48.351 0 0 I auditd : type=1400 audit(0.0:16605): avc: denied { kill } for comm="swapper/3" capability=5 scontext=u:r:kernel:s0 tcontext=u:r:kernel:s0 tclass=capability permissive=0
12-01 08:09:49.351 0 0 I auditd : type=1400 audit(0.0:16606): avc: denied { kill } for comm="swapper/3" capability=5 scontext=u:r:kernel:s0 tcontext=u:r:kernel:s0 tclass=capability permissive=0
12-01 08:09:49.388 1508 2321 I GameModeConfig: isGameModeOn = false
12-01 08:09:50.351 0 0 I auditd : type=1400 audit(0.0:16607): avc: denied { kill } for comm="swapper/3" capability=5 scontext=u:r:kernel:s0 tcontext=u:r:kernel:s0 tclass=capability permissive=0
12-01 08:09:51.351 0 0 I auditd : type=1400 audit(0.0:16608): avc: denied { kill } for comm="swapper/3" capability=5 scontext=u:r:kernel:s0 tcontext=u:r:kernel:s0 tclass=capability permissive=0
12-01 08:09:52.351 0 0 I auditd : type=1400 audit(0.0:16609): avc: denied { kill } for comm="swapper/3" capability=5 scontext=u:r:kernel:s0 tcontext=u:r:kernel:s0 tclass=capability permissive=0
12-01 08:09:53.351 0 0 I auditd : type=1400 audit(0.0:16610): avc: denied { kill } for comm="swapper/3" capability=5 scontext=u:r:kernel:s0 tcontext=u:r:kernel:s0 tclass=capability permissive=0
12-01 08:09:54.351 0 0 I auditd : type=1400 audit(0.0:16611): avc: denied { kill } for comm="swapper/3" capability=5 scontext=u:r:kernel:s0 tcontext=u:r:kernel:s0 tclass=capability permissive=0
12-01 08:09:55.351 0 0 I auditd : type=1400 audit(0.0:16612): avc: denied { kill } for comm="swapper/3" capability=5 scontext=u:r:kernel:s0 tcontext=u:r:kernel:s0 tclass=capability permissive=0
12-01 08:09:56.351 0 0 I auditd : type=1400 audit(0.0:16613): avc: denied { kill } for comm="swapper/3" capability=5 scontext=u:r:kernel:s0 tcontext=u:r:kernel:s0 tclass=capability permissive=0
12-01 08:09:57.351 0 0 I auditd : type=1400 audit(0.0:16614): avc: denied { kill } for comm="swapper/3" capability=5 scontext=u:r:kernel:s0 tcontext=u:r:kernel:s0 tclass=capability permissive=0
12-01 08:09:59.351 0 0 I auditd : type=1400 audit(0.0:16615): avc: denied { kill } for comm="swapper/3" capability=5 scontext=u:r:kernel:s0 tcontext=u:r:kernel:s0 tclass=capability permissive=0
12-01 08:10:00.351 0 0 I auditd : type=1400 audit(0.0:16616): avc: denied { kill } for comm="swapper/3" capability=5 scontext=u:r:kernel:s0 tcontext=u:r:kernel:s0 tclass=capability permissive=0
12-01 08:10:00.925 1508 2005 I input_interaction: Interaction with: 498d3ea com.thundercomm.screensaver/android.service.dreams.DreamActivity (server), edge-swipe (server), swipe-up (server), PointerEventDispatcher0 (server),
12-01 08:10:00.927 1508 1508 I service_manager_stats: [106,67,21689]
12-01 08:10:00.932 1508 2996 I wm_finish_activity: [0,179771358,279,com.thundercomm.screensaver/android.service.dreams.DreamActivity,finish-activity]
12-01 08:10:00.932 1508 2996 I wm_task_moved: [1,1,6]
12-01 08:10:00.933 1508 2996 I wm_task_moved: [10,1,2147483647]
12-01 08:10:00.933 1508 2996 I wm_task_to_front: [0,10]
12-01 08:10:00.933 1508 2996 I wm_focused_root_task: [0,0,1,279,finish-top adjustFocusToNextFocusableTask]
12-01 08:10:00.933 1508 2996 I wm_set_resumed_activity: [0,com.android.launcher3/.uioverrides.QuickstepLauncher,finish-top adjustFocusToNextFocusableTask]
12-01 08:10:00.934 1508 2996 I wm_pause_activity: [0,179771358,com.thundercomm.screensaver/android.service.dreams.DreamActivity,userLeaving=false,finish]
12-01 08:10:00.941 1508 6928 I DreamManagerService: Gently waking up from dream.
12-01 08:10:00.942 1508 1633 I DreamManagerService: Performing gentle wake from dream.
12-01 08:10:00.943 1508 1636 I sysui_multi_action: [757,803,799,window_time_0,802,22]
12-01 08:10:00.943 19950 19950 I wm_on_top_resumed_lost_called: [179771358,android.service.dreams.DreamActivity,topStateChangedWhenResumed]
12-01 08:10:00.945 19950 19950 I wm_on_paused_called: [179771358,android.service.dreams.DreamActivity,performPause]
12-01 08:10:00.945 1508 6928 I wm_add_to_stopping: [0,179771358,com.thundercomm.screensaver/android.service.dreams.DreamActivity,completeFinishing]
12-01 08:10:00.946 1508 6928 I ActivityTaskManager: FOREGROUND_APPLICATION_CHANGED to com.android.launcher3.uioverrides.QuickstepLauncher
12-01 08:10:00.948 1508 6928 I wm_set_resumed_activity: [0,com.android.launcher3/.uioverrides.QuickstepLauncher,resumeTopActivityInnerLocked]
12-01 08:10:00.951 1508 6928 I wm_resume_activity: [0,103113767,10,com.android.launcher3/.uioverrides.QuickstepLauncher]
12-01 08:10:00.957 1508 2005 I input_focus: [Focus leaving 498d3ea com.thundercomm.screensaver/android.service.dreams.DreamActivity (server),reason=NO_WINDOW]
12-01 08:10:00.958 19950 19950 I view_enqueue_input_event: [Motion - Cancel,com.thundercomm.screensaver/android.service.dreams.DreamActivity]
12-01 08:10:00.962 2822 2822 I wm_on_restart_called: [103113767,com.android.launcher3.uioverrides.QuickstepLauncher,performRestartActivity]
12-01 08:10:00.962 2822 2822 I wm_on_start_called: [103113767,com.android.launcher3.uioverrides.QuickstepLauncher,handleStartActivity]
12-01 08:10:00.962 2822 2822 I wm_on_resume_called: [103113767,com.android.launcher3.uioverrides.QuickstepLauncher,RESUME_ACTIVITY]
12-01 08:10:00.962 2822 2822 I wm_on_top_resumed_gained_called: [103113767,com.android.launcher3.uioverrides.QuickstepLauncher,topWhenResuming]
12-01 08:10:00.966 1508 1636 I sysui_multi_action: [757,803,799,window_time_0,802,0]
12-01 08:10:00.973 22714 22730 W ContextImpl: Calling a method in the system process without a qualified user: android.app.ContextImpl.startService:1816 android.content.ContextWrapper.startService:774 com.thundercomm.gamemode.ingame.services.GameModeActionUtils.startGameModeService:93 com.thundercomm.gamemode.ingame.services.GameModeActionUtils.startGameModeEntry:21 com.thundercomm.gamemode.ingame.services.ActivityMonitoringService$1.onActivityLaunch:127
12-01 08:10:00.979 1508 1508 I GameModeConfig: Current uri is uri = content://com.thundercomm.gamemode.api/gamemode_settings/gamemode_isgaming
12-01 08:10:00.979 1508 1637 I input_focus: [Focus request e9e80a1 com.android.launcher3/com.android.launcher3.uioverrides.QuickstepLauncher,reason=UpdateInputWindows]
12-01 08:10:00.983 1508 1508 I GameModeConfig: isGameModeOn = false
12-01 08:10:00.984 1508 1508 I GameModeConfig: isGameModeOn = false
12-01 08:10:00.984 1508 1508 I GameModeConfig: isDisableVoice = true
12-01 08:10:00.995 1508 1647 I am_pss : [25301,10086,com.android.music,59407360,53153792,0,190201856,0,18,10]
12-01 08:10:01.006 1508 2005 I input_focus: [Focus entering e9e80a1 com.android.launcher3/com.android.launcher3.uioverrides.QuickstepLauncher (server),reason=setFocusedWindow]
12-01 08:10:01.008 1508 1666 I PowerManagerService: Powering on display group fromDreaming (groupId=0, uid=1000, reason=WAKE_REASON_UNKNOWN, details=android.server.power:DREAM_FINISHED)...
12-01 08:10:01.008 1508 1666 I PowerManagerService: Waking up from Dreaming (uid=1000, reason=WAKE_REASON_UNKNOWN, details=android.server.power:DREAM_FINISHED)...
12-01 08:10:01.064 22714 22730 W ContextImpl: Calling a method in the system process without a qualified user: android.app.ContextImpl.startService:1816 android.content.ContextWrapper.startService:774 com.thundercomm.gamemode.ingame.services.GameModeActionUtils.startGameModeService:93 com.thundercomm.gamemode.ingame.services.GameModeActionUtils.startGameModeEntry:21 com.thundercomm.gamemode.ingame.services.ActivityMonitoringService$1.onActivityLaunch:127
12-01 08:10:01.068 1508 1508 I GameModeConfig: Current uri is uri = content://com.thundercomm.gamemode.api/gamemode_settings/gamemode_isgaming
12-01 08:10:01.071 1508 1508 I GameModeConfig: isGameModeOn = false
12-01 08:10:01.071 1508 1508 I GameModeConfig: isGameModeOn = false
12-01 08:10:01.071 1508 1508 I GameModeConfig: isDisableVoice = true
12-01 08:10:01.247 1508 1636 I wm_destroy_activity: [0,179771358,279,com.thundercomm.screensaver/android.service.dreams.DreamActivity,finish-imm:idle]
12-01 08:10:01.259 19950 19950 I wm_on_stop_called: [179771358,android.service.dreams.DreamActivity,LIFECYCLER_STOP_ACTIVITY]
12-01 08:10:01.259 19950 19950 I wm_on_destroy_called: [179771358,android.service.dreams.DreamActivity,performDestroy]
12-01 08:10:01.262 1508 6928 I DreamManagerService: Leaving dreamland.
12-01 08:10:01.264 1508 1633 I DreamManagerService: Performing gentle wake from dream.
12-01 08:10:01.264 1508 1633 I DreamController: Stopping dream: name=ComponentInfo{com.thundercomm.screensaver/com.thundercomm.saverclock.service.ClockScreensaver}, isTest=false, canDoze=false, userId=0, reason='finished self'(from 'finished self')
12-01 08:10:01.264 1508 1633 I sysui_multi_action: [757,222,758,2]
12-01 08:10:01.265 1508 1633 I sysui_multi_action: [757,804,799,dreaming_minutes,801,0,802,1]
12-01 08:10:01.274 22714 22730 W ContextImpl: Calling a method in the system process without a qualified user: android.app.ContextImpl.startService:1816 android.content.ContextWrapper.startService:774 com.thundercomm.gamemode.ingame.services.GameModeActionUtils.startGameModeService:93 com.thundercomm.gamemode.ingame.services.GameModeActionUtils.startGameModeEntry:21 com.thundercomm.gamemode.ingame.services.ActivityMonitoringService$1.onActivityLaunch:127
12-01 08:10:01.281 1508 1508 I GameModeConfig: Current uri is uri = content://com.thundercomm.gamemode.api/gamemode_settings/gamemode_isgaming
12-01 08:10:01.281 1508 7139 I wm_task_removed: [279,removeChild:removeChild last r=ActivityRecord{ab717de u0 com.thundercomm.screensaver/android.service.dreams.DreamActivity t-1 f}} in t=Task{eb80ccb #279 type=dream A=10042:android:com.thundercomm.screensaver/dream U=0 visible=false mode=fullscreen translucent=true sz=0}]
12-01 08:10:01.281 1508 7139 I wm_task_removed: [279,removeChild]
12-01 08:10:01.282 1508 1508 I GameModeConfig: isGameModeOn = false
12-01 08:10:01.283 1508 1508 I GameModeConfig: isGameModeOn = false
12-01 08:10:01.283 1508 1508 I GameModeConfig: isDisableVoice = true
12-01 08:10:01.284 1508 1637 W ActivityTaskManager: Can't find TaskDisplayArea to determine support for multi window. Task id=279 attached=false
12-01 08:10:01.351 0 0 I auditd : type=1400 audit(0.0:16617): avc: denied { kill } for comm="swapper/3" capability=5 scontext=u:r:kernel:s0 tcontext=u:r:kernel:s0 tclass=capability permissive=0
12-01 08:10:02.351 24402 24402 I auditd : type=1400 audit(0.0:16618): avc: denied { kill } for comm="kworker/u16:15" capability=5 scontext=u:r:kernel:s0 tcontext=u:r:kernel:s0 tclass=capability permissive=0
12-01 08:10:02.808 1508 2005 I input_interaction: Interaction with: e9e80a1 com.android.launcher3/com.android.launcher3.uioverrides.QuickstepLauncher (server), 5ecd4a7 com.android.systemui.ImageWallpaper (server), edge-swipe (server), swipe-up (server), PointerEventDispatcher0 (server),
12-01 08:10:02.826 1508 1508 I notification_enqueue: [10097,9319,com.github.uiautomator,1,NULL,0,Notification(channel=monitor service shortcut=null contentView=null vibrate=null sound=null tick defaults=0x0 flags=0x40 color=0x00000000 vis=PRIVATE),1]
12-01 08:10:03.029 1508 1508 I GameModeConfig: isGameModeOn = false
12-01 08:10:03.351 0 0 I auditd : type=1400 audit(0.0:16619): avc: denied { kill } for comm="swapper/3" capability=5 scontext=u:r:kernel:s0 tcontext=u:r:kernel:s0 tclass=capability permissive=0
12-01 08:10:03.877 1508 6928 I ActivityTaskManager: START u0 {flg=0x10008000 cmp=com.android.gallery3d/.app.GalleryActivity} from uid 10076
12-01 08:10:03.882 1508 6928 I wm_task_created: [280,-1]
12-01 08:10:03.882 1508 6928 W ActivityTaskManager: Can't find TaskDisplayArea to determine support for multi window. Task id=280 attached=false
12-01 08:10:03.884 1508 6928 D FreeFormWindowHelper: Add freeform task=Task{92741d0 #280 type=standard ?? U=0 visible=false mode=freeform translucent=true sz=0}
12-01 08:10:03.886 1508 6928 I wm_task_moved: [280,1,7]
12-01 08:10:03.886 1508 6928 I wm_task_to_front: [0,280]
12-01 08:10:03.886 1508 6928 I wm_create_task: [0,280]
12-01 08:10:03.886 1508 6928 I wm_create_activity: [0,44340681,280,com.android.gallery3d/.app.GalleryActivity,NULL,NULL,NULL,268468224]
12-01 08:10:03.886 1508 6928 I wm_task_moved: [280,1,7]
12-01 08:10:03.887 1508 6928 I ActivityTaskManager: FOREGROUND_APPLICATION_CHANGED to com.android.gallery3d.app.GalleryActivity
12-01 08:10:03.892 2822 2822 I wm_on_top_resumed_lost_called: [103113767,com.android.launcher3.uioverrides.QuickstepLauncher,topStateChangedWhenResumed]
12-01 08:10:03.893 1508 1636 I am_uid_running: 10064
12-01 08:10:03.894 1508 1636 D CompatibilityChangeReporter: Compat change id reported: 135634846; UID 10064; state: DISABLED
12-01 08:10:03.894 1508 1636 D CompatibilityChangeReporter: Compat change id reported: 177438394; UID 10064; state: DISABLED
12-01 08:10:03.894 1508 1636 D CompatibilityChangeReporter: Compat change id reported: 135772972; UID 10064; state: DISABLED
12-01 08:10:03.894 1508 1636 D CompatibilityChangeReporter: Compat change id reported: 135754954; UID 10064; state: DISABLED
12-01 08:10:03.895 1508 1649 D CompatibilityChangeReporter: Compat change id reported: 143937733; UID 10064; state: DISABLED
12-01 08:10:03.918 1508 1649 I am_proc_start: [0,26984,10064,com.android.gallery3d,top-activity,{com.android.gallery3d/com.android.gallery3d.app.GalleryActivity}]
12-01 08:10:03.918 1508 1649 I ActivityManager: Start proc 26984:com.android.gallery3d/u0a64 for top-activity {com.android.gallery3d/com.android.gallery3d.app.GalleryActivity}
12-01 08:10:03.948 1508 6928 I am_proc_bound: [0,26984,com.android.gallery3d]
12-01 08:10:03.950 1508 6928 I ActivityTaskManager: The Process com.android.gallery3d Already Exists in BG. So sending its PID: 26984
12-01 08:10:03.950 1508 6928 I wm_restart_activity: [0,44340681,280,com.android.gallery3d/.app.GalleryActivity]
12-01 08:10:03.951 1508 6928 I wm_set_resumed_activity: [0,com.android.gallery3d/.app.GalleryActivity,minimalResumeActivityLocked]
12-01 08:10:03.951 1508 6928 I am_uid_active: 10064
12-01 08:10:03.967 22714 22730 W ContextImpl: Calling a method in the system process without a qualified user: android.app.ContextImpl.startService:1816 android.content.ContextWrapper.startService:774 com.thundercomm.gamemode.ingame.services.GameModeActionUtils.startGameModeService:93 com.thundercomm.gamemode.ingame.services.GameModeActionUtils.startGameModeEntry:21 com.thundercomm.gamemode.ingame.services.ActivityMonitoringService$1.onActivityLaunch:127
12-01 08:10:03.974 1508 1508 I GameModeConfig: Current uri is uri = content://com.thundercomm.gamemode.api/gamemode_settings/gamemode_isgaming
12-01 08:10:03.979 1508 1508 I GameModeConfig: isGameModeOn = false
12-01 08:10:03.979 1508 1508 I GameModeConfig: isGameModeOn = false
12-01 08:10:03.979 1508 1508 I GameModeConfig: isDisableVoice = true
12-01 08:10:04.003 26984 26984 I wm_on_create_called: [44340681,com.android.gallery3d.app.GalleryActivity,performCreate]
12-01 08:10:04.004 26984 26984 I wm_on_start_called: [44340681,com.android.gallery3d.app.GalleryActivity,handleStartActivity]
12-01 08:10:04.006 26984 26984 I wm_on_resume_called: [44340681,com.android.gallery3d.app.GalleryActivity,RESUME_ACTIVITY]
12-01 08:10:04.012 26984 26984 I wm_on_top_resumed_gained_called: [44340681,com.android.gallery3d.app.GalleryActivity,topStateChangedWhenResumed]
12-01 08:10:04.016 1508 2301 W WindowManager: updateScale0.7996942
12-01 08:10:04.019 1508 1637 I input_focus: [Focus request 8d36071 com.android.gallery3d/com.android.gallery3d.app.GalleryActivity,reason=UpdateInputWindows]
12-01 08:10:04.046 1508 2005 I input_focus: [Focus leaving e9e80a1 com.android.launcher3/com.android.launcher3.uioverrides.QuickstepLauncher (server),reason=Waiting for window because NOT_VISIBLE]
12-01 08:10:04.093 1508 1637 W WindowManager: updateScale0.7996942
12-01 08:10:04.097 1508 1637 W WindowManager: updateScale0.7996942
12-01 08:10:04.098 1508 1637 W WindowManager: updateScale0.7996942
12-01 08:10:04.102 1508 1633 I sysui_multi_action: [319,220,322,220,325,15422,757,761,758,7,759,2,806,com.android.gallery3d,871,com.android.gallery3d.app.GalleryActivity,904,com.android.launcher3,905,0,945,72,1320,8,1321,5]
12-01 08:10:04.104 1508 1633 I wm_activity_launch_time: [0,44340681,com.android.gallery3d/.app.GalleryActivity,220]
12-01 08:10:04.113 1508 2005 I input_focus: [Focus entering 8d36071 com.android.gallery3d/com.android.gallery3d.app.GalleryActivity (server),reason=Window became focusable. Previous reason: NOT_VISIBLE]
12-01 08:10:04.382 1508 1637 W WindowManager: updateScale0.7996942
12-01 08:10:05.102 1508 2005 I input_interaction: Interaction with: 8d36071 com.android.gallery3d/com.android.gallery3d.app.GalleryActivity (server), edge-swipe (server), swipe-up (server), PointerEventDispatcher0 (server),
12-01 08:10:05.218 1508 2301 W WindowManager: updateScale0.7996942
12-01 08:10:05.218 1508 2301 W WindowManager: updateScale0.7996942
12-01 08:10:05.222 1508 1637 I input_focus: [Focus request c5b3e90 PopupWindow:f90c8fd,reason=UpdateInputWindows]
12-01 08:10:05.237 1508 1637 W WindowManager: updateScale0.7996942
12-01 08:10:05.237 1508 1637 W WindowManager: updateScale0.7996942
12-01 08:10:05.239 1508 1637 W WindowManager: updateScale0.7996942
12-01 08:10:05.239 1508 1637 W WindowManager: updateScale0.7996942
12-01 08:10:05.252 1508 2005 I input_focus: [Focus leaving 8d36071 com.android.gallery3d/com.android.gallery3d.app.GalleryActivity (server),reason=setFocusedWindow]
12-01 08:10:05.252 1508 2005 I input_focus: [Focus entering c5b3e90 PopupWindow:f90c8fd (server),reason=setFocusedWindow]
12-01 08:10:05.351 0 0 I auditd : type=1400 audit(0.0:16620): avc: denied { kill } for comm="swapper/3" capability=5 scontext=u:r:kernel:s0 tcontext=u:r:kernel:s0 tclass=capability permissive=0
12-01 08:10:05.989 1508 2005 I input_interaction: Interaction with: c5b3e90 PopupWindow:f90c8fd (server), edge-swipe (server), swipe-up (server), PointerEventDispatcher0 (server),
12-01 08:10:05.997 1508 9856 W WindowManager: updateScale0.7996942
12-01 08:10:05.997 1508 9856 W WindowManager: updateScale0.7996942
12-01 08:10:06.000 1508 1637 I input_focus: [Focus request 8d36071 com.android.gallery3d/com.android.gallery3d.app.GalleryActivity,reason=UpdateInputWindows]
12-01 08:10:06.022 1508 2005 I input_focus: [Focus entering 8d36071 com.android.gallery3d/com.android.gallery3d.app.GalleryActivity (server),reason=setFocusedWindow]
12-01 08:10:06.239 1508 1637 W WindowManager: updateScale0.7996942
12-01 08:10:06.254 1508 1637 W WindowManager: updateScale0.7996942
12-01 08:10:06.365 1508 2005 I input_interaction: Interaction with: 8d36071 com.android.gallery3d/com.android.gallery3d.app.GalleryActivity (server), edge-swipe (server), swipe-up (server), PointerEventDispatcher0 (server),
12-01 08:10:06.667 1508 2301 W WindowManager: updateScale0.7996942
12-01 08:10:07.905 1508 3862 E TaskPersister: File error accessing recents directory (directory doesn't exist?).
12-01 08:10:08.008 1508 2301 W WindowManager: updateScale0.7996942
12-01 08:10:08.723 1508 2301 W WindowManager: updateScale0.7996942
12-01 08:10:08.723 1508 2301 W WindowManager: updateScale0.7996942
12-01 08:10:08.727 1508 1637 I input_focus: [Focus request c707a97 PopupWindow:5c3f9cb,reason=UpdateInputWindows]
12-01 08:10:08.742 1508 1637 W WindowManager: updateScale0.7996942
12-01 08:10:08.742 1508 1637 W WindowManager: updateScale0.7996942
12-01 08:10:08.744 1508 1637 W WindowManager: updateScale0.7996942
12-01 08:10:08.744 1508 1637 W WindowManager: updateScale0.7996942
12-01 08:10:08.761 1508 2005 I input_focus: [Focus leaving 8d36071 com.android.gallery3d/com.android.gallery3d.app.GalleryActivity (server),reason=setFocusedWindow]
12-01 08:10:08.761 1508 2005 I input_focus: [Focus entering c707a97 PopupWindow:5c3f9cb (server),reason=setFocusedWindow]
12-01 08:10:09.351 0 0 I auditd : type=1400 audit(0.0:16621): avc: denied { kill } for comm="swapper/3" capability=5 scontext=u:r:kernel:s0 tcontext=u:r:kernel:s0 tclass=capability permissive=0
12-01 08:10:10.280 1508 2005 I input_interaction: Interaction with: c707a97 PopupWindow:5c3f9cb (server), edge-swipe (server), swipe-up (server), PointerEventDispatcher0 (server),
12-01 08:10:10.351 0 0 I auditd : type=1400 audit(0.0:16622): avc: denied { kill } for comm="swapper/3" capability=5 scontext=u:r:kernel:s0 tcontext=u:r:kernel:s0 tclass=capability permissive=0
12-01 08:10:10.435 26984 26984 I menu_item_selected: [0,编辑]
12-01 08:10:10.447 1508 2996 I ActivityTaskManager: START u0 {act=android.intent.action.CHOOSER flg=0x1 cmp=android/com.android.internal.app.ChooserActivity clip={image/jpeg {U(content)}} (has extras)} from uid 10064
12-01 08:10:10.451 1508 2996 I wm_task_moved: [280,1,7]
12-01 08:10:10.451 1508 2996 I wm_set_resumed_activity: [0,com.android.gallery3d/.app.GalleryActivity,positionChildAt]
12-01 08:10:10.452 1508 2996 I wm_create_activity: [0,48348398,280,android/com.android.internal.app.ChooserActivity,android.intent.action.CHOOSER,NULL,NULL,8388609]
12-01 08:10:10.455 1508 2996 I wm_pause_activity: [0,44340681,com.android.gallery3d/.app.GalleryActivity,userLeaving=true,resumeTopActivityInnerLocked]
12-01 08:10:10.457 1508 2996 W WindowManager: updateScale0.7996942
12-01 08:10:10.457 1508 2996 W WindowManager: updateScale0.7996942
12-01 08:10:10.466 1508 2996 W WindowManager: updateScale0.7996942
12-01 08:10:10.466 1508 2996 W WindowManager: updateScale0.7996942
12-01 08:10:10.468 26984 26984 I wm_on_top_resumed_lost_called: [44340681,com.android.gallery3d.app.GalleryActivity,topStateChangedWhenResumed]
12-01 08:10:10.469 1508 1637 I input_focus: [Focus request 8d36071 com.android.gallery3d/com.android.gallery3d.app.GalleryActivity,reason=UpdateInputWindows]
12-01 08:10:10.500 1508 2005 I input_focus: [Focus entering 8d36071 com.android.gallery3d/com.android.gallery3d.app.GalleryActivity (server),reason=setFocusedWindow]
12-01 08:10:10.509 26984 26984 I wm_on_paused_called: [44340681,com.android.gallery3d.app.GalleryActivity,performPause]
12-01 08:10:10.510 1508 2301 I ActivityTaskManager: FOREGROUND_APPLICATION_CHANGED to com.android.internal.app.ChooserActivity
12-01 08:10:10.510 1508 2301 I ActivityTaskManager: The Process android:ui Already Exists in BG. So sending its PID: 25895
12-01 08:10:10.510 1508 2301 W ActivityTaskManager: Tried to set launchTime (0) < mLastActivityLaunchTime (15334793)
12-01 08:10:10.512 1508 2301 I wm_restart_activity: [0,48348398,280,android/com.android.internal.app.ChooserActivity]
12-01 08:10:10.516 1508 2301 I wm_set_resumed_activity: [0,android/com.android.internal.app.ChooserActivity,minimalResumeActivityLocked]
12-01 08:10:10.520 1508 1636 I sysui_multi_action: [757,803,799,window_time_0,802,10]
12-01 08:10:10.533 22714 22730 W ContextImpl: Calling a method in the system process without a qualified user: android.app.ContextImpl.startService:1816 android.content.ContextWrapper.startService:774 com.thundercomm.gamemode.ingame.services.GameModeActionUtils.startGameModeService:93 com.thundercomm.gamemode.ingame.services.GameModeActionUtils.startGameModeEntry:21 com.thundercomm.gamemode.ingame.services.ActivityMonitoringService$1.onActivityLaunch:127
12-01 08:10:10.538 1508 1508 I GameModeConfig: Current uri is uri = content://com.thundercomm.gamemode.api/gamemode_settings/gamemode_isgaming
12-01 08:10:10.542 1508 1508 I GameModeConfig: isGameModeOn = false
12-01 08:10:10.543 1508 1508 I GameModeConfig: isGameModeOn = false
12-01 08:10:10.543 1508 1508 I GameModeConfig: isDisableVoice = true
12-01 08:10:10.547 1508 7139 I ActivityTaskManager: START u0 {act=action_nextgen_edit dat=content://media/external/images/media/22 typ=image/jpeg flg=0x3000001 cmp=com.android.gallery3d/.filtershow.FilterShowActivity (has extras)} from uid 10064
12-01 08:10:10.548 1508 7139 I wm_task_moved: [280,1,7]
12-01 08:10:10.548 1508 7139 I wm_set_resumed_activity: [0,android/com.android.internal.app.ChooserActivity,positionChildAt]
12-01 08:10:10.548 1508 7139 I wm_create_activity: [0,188775366,280,com.android.gallery3d/.filtershow.FilterShowActivity,action_nextgen_edit,image/jpeg,content://media/external/images/media/22,50331649]
12-01 08:10:10.549 1508 7139 I wm_pause_activity: [0,48348398,android/com.android.internal.app.ChooserActivity,userLeaving=true,resumeTopActivityInnerLocked]
12-01 08:10:10.549 1508 7139 W WindowManager: updateScale0.7996942
12-01 08:10:10.550 1508 7139 W WindowManager: updateScale0.7996942
12-01 08:10:10.551 1508 7139 I wm_finish_activity: [0,48348398,280,android/com.android.internal.app.ChooserActivity,app-request]
12-01 08:10:10.552 25895 25895 I sysui_multi_action: [757,214,758,4,759,1,1649,image/jpeg,1653,29]
12-01 08:10:10.552 25895 25895 I wm_on_create_called: [48348398,com.android.internal.app.ChooserActivity,performCreate]
