12-01 08:07:00.904 1508 1637 D FreeFormWindowHelper: Remove freefrom task=Task{ccd7c1a #267 type=standard A=10086:android.task.video U=0 visible=false mode=freeform translucent=true sz=0}
12-01 08:07:00.996 1508 7139 W ContextImpl: Calling a method in the system process without a qualified user: android.app.ContextImpl.startActivity:1067 com.android.server.wm.FreeFormWindowHelper.exitRecentTasks:426 com.android.server.wm.ActivityTaskManagerService.exitRecentTasks:3795 android.app.IActivityTaskManager$Stub.onTransact:2307 com.android.server.wm.ActivityTaskManagerService.onTransact:5046
12-01 08:07:00.996 1508 7139 I ActivityTaskManager: START u0 {act=android.intent.action.MAIN cat=[android.intent.category.LAUNCHER] flg=0x10200000 cmp=com.android.music/.VideoBrowserActivity} from uid 1000
12-01 08:07:00.999 1508 7139 I wm_task_created: [268,-1]
12-01 08:07:00.999 1508 7139 W ActivityTaskManager: Can't find TaskDisplayArea to determine support for multi window. Task id=268 attached=false
12-01 08:07:01.000 1508 7139 D FreeFormWindowHelper: Add freeform task=Task{99a31ea #268 type=standard ?? U=0 visible=false mode=freeform translucent=true sz=0}
12-01 08:07:01.003 1508 7139 I wm_task_moved: [268,1,7]
12-01 08:07:01.003 1508 7139 I wm_task_to_front: [0,268]
12-01 08:07:01.003 1508 7139 I wm_create_task: [0,268]
12-01 08:07:01.003 1508 7139 I wm_create_activity: [0,114867419,268,com.android.music/.VideoBrowserActivity,android.intent.action.MAIN,NULL,NULL,270532608]
12-01 08:07:01.003 1508 7139 I wm_task_moved: [268,1,7]
12-01 08:07:01.005 1508 7139 I ActivityTaskManager: FOREGROUND_APPLICATION_CHANGED to com.android.music.VideoBrowserActivity
12-01 08:07:01.005 1508 7139 I ActivityTaskManager: The Process com.android.music Already Exists in BG. So sending its PID: 25301
12-01 08:07:01.005 1508 7139 W ActivityTaskManager: Tried to set launchTime (0) < mLastActivityLaunchTime (15234421)
12-01 08:07:01.006 1508 7139 I wm_restart_activity: [0,114867419,268,com.android.music/.VideoBrowserActivity]
12-01 08:07:01.008 1508 7139 I wm_set_resumed_activity: [0,com.android.music/.VideoBrowserActivity,minimalResumeActivityLocked]
12-01 08:07:01.013 1508 6896 W ActivityManager: Receiver with filter android.content.IntentFilter@355378 already registered for pid 25301, callerPackage is com.android.music
12-01 08:07:01.014 2822 2822 I wm_on_top_resumed_lost_called: [103113767,com.android.launcher3.uioverrides.QuickstepLauncher,topStateChangedWhenResumed]
12-01 08:07:01.032 22714 22730 W ContextImpl: Calling a method in the system process without a qualified user: android.app.ContextImpl.startService:1816 android.content.ContextWrapper.startService:774 com.thundercomm.gamemode.ingame.services.GameModeActionUtils.startGameModeService:93 com.thundercomm.gamemode.ingame.services.GameModeActionUtils.startGameModeEntry:21 com.thundercomm.gamemode.ingame.services.ActivityMonitoringService$1.onActivityLaunch:127
12-01 08:07:01.038 1508 1508 I GameModeConfig: Current uri is uri = content://com.thundercomm.gamemode.api/gamemode_settings/gamemode_isgaming
12-01 08:07:01.038 25301 25301 I wm_on_create_called: [114867419,com.android.music.VideoBrowserActivity,performCreate]
12-01 08:07:01.039 25301 25301 I wm_on_start_called: [114867419,com.android.music.VideoBrowserActivity,handleStartActivity]
12-01 08:07:01.039 25301 25301 I wm_on_resume_called: [114867419,com.android.music.VideoBrowserActivity,RESUME_ACTIVITY]
12-01 08:07:01.039 1508 1508 I GameModeConfig: isGameModeOn = false
12-01 08:07:01.040 1508 1508 I GameModeConfig: isGameModeOn = false
12-01 08:07:01.040 1508 1508 I GameModeConfig: isDisableVoice = true
12-01 08:07:01.042 25301 25301 I wm_on_top_resumed_gained_called: [114867419,com.android.music.VideoBrowserActivity,topStateChangedWhenResumed]
12-01 08:07:01.045 1508 9619 W WindowManager: updateScale0.7996942
12-01 08:07:01.050 1508 1637 I input_focus: [Focus request 513a8d com.android.music/com.android.music.VideoBrowserActivity,reason=UpdateInputWindows]
12-01 08:07:01.060 1508 1637 W WindowManager: updateScale0.7996942
12-01 08:07:01.063 1508 1637 W WindowManager: updateScale0.7996942
12-01 08:07:01.065 1508 1637 W WindowManager: updateScale0.7996942
12-01 08:07:01.070 1508 1633 I sysui_multi_action: [319,66,322,66,325,15239,757,761,758,8,759,2,806,com.android.music,871,com.android.music.VideoBrowserActivity,904,android,905,0,1320,8,1321,5]
12-01 08:07:01.072 1508 1633 I wm_activity_launch_time: [0,114867419,com.android.music/.VideoBrowserActivity,66]
12-01 08:07:01.076 1508 2005 I input_focus: [Focus leaving e9e80a1 com.android.launcher3/com.android.launcher3.uioverrides.QuickstepLauncher (server),reason=setFocusedWindow]
12-01 08:07:01.076 1508 2005 I input_focus: [Focus entering 513a8d com.android.music/com.android.music.VideoBrowserActivity (server),reason=setFocusedWindow]
12-01 08:07:01.248 1508 2005 I input_interaction: Interaction with: e9e80a1 com.android.launcher3/com.android.launcher3.uioverrides.QuickstepLauncher (server), 5ecd4a7 com.android.systemui.ImageWallpaper (server), edge-swipe (server), swipe-up (server), PointerEventDispatcher0 (server),
12-01 08:07:01.275 2822 2822 I view_enqueue_input_event: [Motion - Cancel,com.android.launcher3/com.android.launcher3.uioverrides.QuickstepLauncher]
12-01 08:07:01.276 1508 2005 I input_interaction: Interaction with: edge-swipe (server), swipe-up (server), PointerEventDispatcher0 (server),
12-01 08:07:01.342 1508 1637 W WindowManager: updateScale0.7996942
12-01 08:07:01.486 1508 7139 I ActivityTaskManager: START u0 {act=android.intent.action.MAIN cat=[android.intent.category.HOME] flg=0x10000000 cmp=com.android.launcher3/.uioverrides.QuickstepLauncher} from uid 10076
12-01 08:07:01.489 1508 7139 I wm_task_moved: [1,1,7]
12-01 08:07:01.491 25301 25301 I wm_on_top_resumed_lost_called: [114867419,com.android.music.VideoBrowserActivity,topStateChangedWhenResumed]
12-01 08:07:01.491 1508 7139 I wm_set_resumed_activity: [0,com.android.launcher3/.uioverrides.QuickstepLauncher,positionChildAt]
12-01 08:07:01.491 1508 7139 I wm_task_moved: [10,1,2147483647]
12-01 08:07:01.491 1508 7139 I wm_task_to_front: [0,10]
12-01 08:07:01.492 1508 7139 I wm_focused_root_task: [0,0,1,268,bringingFoundTaskToFront]
12-01 08:07:01.492 1508 7139 I wm_set_resumed_activity: [0,com.android.launcher3/.uioverrides.QuickstepLauncher,bringingFoundTaskToFront]
12-01 08:07:01.493 1508 7139 I wm_new_intent: [0,103113767,10,com.android.launcher3/.uioverrides.QuickstepLauncher,android.intent.action.MAIN,NULL,NULL,268435712]
12-01 08:07:01.493 1508 7139 I wm_task_moved: [1,1,7]
12-01 08:07:01.493 1508 7139 I wm_set_resumed_activity: [0,com.android.launcher3/.uioverrides.QuickstepLauncher,positionChildAt]
12-01 08:07:01.493 1508 7139 I ActivityTaskManager: FOREGROUND_APPLICATION_CHANGED to com.android.launcher3.uioverrides.QuickstepLauncher
12-01 08:07:01.494 1508 7139 W WindowManager: updateScale0.7996942
12-01 08:07:01.498 1508 7139 W WindowManager: updateScale0.7996942
12-01 08:07:01.501 2822 2822 I wm_on_paused_called: [103113767,com.android.launcher3.uioverrides.QuickstepLauncher,performPause]
12-01 08:07:01.504 2822 2822 I wm_on_resume_called: [103113767,com.android.launcher3.uioverrides.QuickstepLauncher,LIFECYCLER_RESUME_ACTIVITY]
12-01 08:07:01.506 1508 1637 I input_focus: [Focus request e9e80a1 com.android.launcher3/com.android.launcher3.uioverrides.QuickstepLauncher,reason=UpdateInputWindows]
12-01 08:07:01.508 1508 6896 W WindowManager: updateScale0.7996942
12-01 08:07:01.513 2822 2822 I wm_on_top_resumed_gained_called: [103113767,com.android.launcher3.uioverrides.QuickstepLauncher,topStateChangedWhenResumed]
12-01 08:07:01.526 1508 2005 I input_focus: [Focus leaving 513a8d com.android.music/com.android.music.VideoBrowserActivity (server),reason=setFocusedWindow]
12-01 08:07:01.526 1508 2005 I input_focus: [Focus entering e9e80a1 com.android.launcher3/com.android.launcher3.uioverrides.QuickstepLauncher (server),reason=setFocusedWindow]
12-01 08:07:01.688 1508 2005 I input_interaction: Interaction with: e9e80a1 com.android.launcher3/com.android.launcher3.uioverrides.QuickstepLauncher (server), 5ecd4a7 com.android.systemui.ImageWallpaper (server), edge-swipe (server), swipe-up (server), PointerEventDispatcher0 (server),
12-01 08:07:01.729 1508 2005 I input_interaction: Interaction with: edge-swipe (server), swipe-up (server), PointerEventDispatcher0 (server),
12-01 08:07:01.731 2822 2822 I view_enqueue_input_event: [Motion - Cancel,com.android.launcher3/com.android.launcher3.uioverrides.QuickstepLauncher]
12-01 08:07:01.733 1508 7139 W ActivityTaskManager: getTaskSnapshot: taskId=5266 not found
12-01 08:07:01.734 1508 9619 W ActivityTaskManager: getTaskSnapshot: taskId=4266 not found
12-01 08:07:01.734 1508 9619 W ActivityTaskManager: getTaskSnapshot: taskId=3266 not found
12-01 08:07:01.735 1508 9619 W ActivityTaskManager: getTaskSnapshot: taskId=2266 not found
12-01 08:07:01.917 1508 1754 I commit_sys_config_file: [settings-1-0,10]
12-01 08:07:02.122 1508 1754 I commit_sys_config_file: [settings-1-0,4]
12-01 08:07:02.180 1508 2005 I input_interaction: Interaction with: e9e80a1 com.android.launcher3/com.android.launcher3.uioverrides.QuickstepLauncher (server), 5ecd4a7 com.android.systemui.ImageWallpaper (server), edge-swipe (server), swipe-up (server), PointerEventDispatcher0 (server),
12-01 08:07:02.192 2822 2822 I view_enqueue_input_event: [Motion - Cancel,com.android.launcher3/com.android.launcher3.uioverrides.QuickstepLauncher]
12-01 08:07:02.194 1508 2005 I input_interaction: Interaction with: edge-swipe (server), swipe-up (server), PointerEventDispatcher0 (server),
12-01 08:07:02.225 1508 7139 I wm_finish_activity: [0,114867419,268,com.android.music/.VideoBrowserActivity,app-request]
12-01 08:07:02.238 1508 7139 I wm_pause_activity: [0,114867419,com.android.music/.VideoBrowserActivity,userLeaving=false,finish]
12-01 08:07:02.238 25301 25301 I wm_on_paused_called: [114867419,com.android.music.VideoBrowserActivity,performPause]
12-01 08:07:02.246 1508 6896 I wm_destroy_activity: [0,114867419,268,com.android.music/.VideoBrowserActivity,finish-imm:completePausedLocked]
12-01 08:07:02.266 1508 1636 I sysui_multi_action: [757,803,799,window_time_0,802,1]
12-01 08:07:02.271 1508 9618 W ActivityManager: Receiver with filter android.content.IntentFilter@a03036d already registered for pid 25301, callerPackage is com.android.music
12-01 08:07:02.278 25301 25301 I wm_on_stop_called: [114867419,com.android.music.VideoBrowserActivity,LIFECYCLER_STOP_ACTIVITY]
12-01 08:07:02.281 25301 25301 I wm_on_destroy_called: [114867419,com.android.music.VideoBrowserActivity,performDestroy]
12-01 08:07:02.282 22714 22730 W ContextImpl: Calling a method in the system process without a qualified user: android.app.ContextImpl.startService:1816 android.content.ContextWrapper.startService:774 com.thundercomm.gamemode.ingame.services.GameModeActionUtils.startGameModeService:93 com.thundercomm.gamemode.ingame.services.GameModeActionUtils.startGameModeEntry:21 com.thundercomm.gamemode.ingame.services.ActivityMonitoringService$1.onActivityLaunch:127
12-01 08:07:02.288 1508 1508 I GameModeConfig: Current uri is uri = content://com.thundercomm.gamemode.api/gamemode_settings/gamemode_isgaming
12-01 08:07:02.290 1508 1508 I GameModeConfig: isGameModeOn = false
12-01 08:07:02.290 1508 1508 I GameModeConfig: isGameModeOn = false
12-01 08:07:02.290 1508 1508 I GameModeConfig: isDisableVoice = true
12-01 08:07:02.351 0 0 I auditd : type=1400 audit(0.0:16429): avc: denied { kill } for comm="swapper/2" capability=5 scontext=u:r:kernel:s0 tcontext=u:r:kernel:s0 tclass=capability permissive=0
12-01 08:07:02.364 22714 22730 W ContextImpl: Calling a method in the system process without a qualified user: android.app.ContextImpl.startService:1816 android.content.ContextWrapper.startService:774 com.thundercomm.gamemode.ingame.services.GameModeActionUtils.startGameModeService:93 com.thundercomm.gamemode.ingame.services.GameModeActionUtils.startGameModeEntry:21 com.thundercomm.gamemode.ingame.services.ActivityMonitoringService$1.onActivityLaunch:127
12-01 08:07:02.369 1508 1508 I GameModeConfig: Current uri is uri = content://com.thundercomm.gamemode.api/gamemode_settings/gamemode_isgaming
12-01 08:07:02.370 1508 1508 I GameModeConfig: isGameModeOn = false
12-01 08:07:02.371 1508 1508 I GameModeConfig: isGameModeOn = false
12-01 08:07:02.371 1508 1508 I GameModeConfig: isDisableVoice = true
12-01 08:07:02.380 1508 6896 W ContextImpl: Calling a method in the system process without a qualified user: android.app.ContextImpl.startActivity:1067 com.android.server.wm.FreeFormWindowHelper.exitRecentTasks:426 com.android.server.wm.ActivityTaskManagerService.exitRecentTasks:3795 android.app.IActivityTaskManager$Stub.onTransact:2307 com.android.server.wm.ActivityTaskManagerService.onTransact:5046
12-01 08:07:02.381 1508 6896 I ActivityTaskManager: START u0 {act=android.intent.action.MAIN cat=[android.intent.category.LAUNCHER] flg=0x10200000 cmp=com.android.music/.VideoBrowserActivity} from uid 1000
12-01 08:07:02.383 1508 6896 I wm_task_created: [269,-1]
12-01 08:07:02.383 1508 6896 W ActivityTaskManager: Can't find TaskDisplayArea to determine support for multi window. Task id=269 attached=false
12-01 08:07:02.384 1508 6896 D FreeFormWindowHelper: Add freeform task=Task{de37c8f #269 type=standard ?? U=0 visible=false mode=freeform translucent=true sz=0}
12-01 08:07:02.387 1508 6896 I wm_task_moved: [269,1,8]
12-01 08:07:02.387 1508 6896 I wm_task_to_front: [0,269]
12-01 08:07:02.388 1508 6896 I wm_create_task: [0,269]
12-01 08:07:02.388 1508 6896 I wm_create_activity: [0,258591516,269,com.android.music/.VideoBrowserActivity,android.intent.action.MAIN,NULL,NULL,270532608]
12-01 08:07:02.388 1508 6896 I wm_task_moved: [269,1,8]
12-01 08:07:02.389 1508 6896 I ActivityTaskManager: FOREGROUND_APPLICATION_CHANGED to com.android.music.VideoBrowserActivity
12-01 08:07:02.389 1508 6896 I ActivityTaskManager: The Process com.android.music Already Exists in BG. So sending its PID: 25301
12-01 08:07:02.389 1508 6896 W ActivityTaskManager: Tried to set launchTime (0) < mLastActivityLaunchTime (15239586)
12-01 08:07:02.390 1508 6896 I wm_restart_activity: [0,258591516,269,com.android.music/.VideoBrowserActivity]
12-01 08:07:02.391 1508 6896 I wm_set_resumed_activity: [0,com.android.music/.VideoBrowserActivity,minimalResumeActivityLocked]
12-01 08:07:02.391 1508 6896 I ActivityTaskManager: Add Task{99a31ea #268 type=standard A=10086:android.task.video U=0 visible=false mode=freeform translucent=true sz=1} to hidden list because adding Task{de37c8f #269 type=standard A=10086:android.task.video U=0 visible=true mode=freeform translucent=false sz=1}
12-01 08:07:02.398 1508 6993 W ActivityManager: Receiver with filter android.content.IntentFilter@f963325 already registered for pid 25301, callerPackage is com.android.music
12-01 08:07:02.400 2822 2822 I wm_on_top_resumed_lost_called: [103113767,com.android.launcher3.uioverrides.QuickstepLauncher,topStateChangedWhenResumed]
12-01 08:07:02.417 22714 22730 W ContextImpl: Calling a method in the system process without a qualified user: android.app.ContextImpl.startService:1816 android.content.ContextWrapper.startService:774 com.thundercomm.gamemode.ingame.services.GameModeActionUtils.startGameModeService:93 com.thundercomm.gamemode.ingame.services.GameModeActionUtils.startGameModeEntry:21 com.thundercomm.gamemode.ingame.services.ActivityMonitoringService$1.onActivityLaunch:127
12-01 08:07:02.421 1508 1508 I GameModeConfig: Current uri is uri = content://com.thundercomm.gamemode.api/gamemode_settings/gamemode_isgaming
12-01 08:07:02.423 1508 1508 I GameModeConfig: isGameModeOn = false
12-01 08:07:02.423 1508 1508 I GameModeConfig: isGameModeOn = false
12-01 08:07:02.423 1508 1508 I GameModeConfig: isDisableVoice = true
12-01 08:07:02.430 25301 25301 I wm_on_create_called: [258591516,com.android.music.VideoBrowserActivity,performCreate]
12-01 08:07:02.431 25301 25301 I wm_on_start_called: [258591516,com.android.music.VideoBrowserActivity,handleStartActivity]
12-01 08:07:02.432 25301 25301 I wm_on_resume_called: [258591516,com.android.music.VideoBrowserActivity,RESUME_ACTIVITY]
12-01 08:07:02.434 25301 25301 I wm_on_top_resumed_gained_called: [258591516,com.android.music.VideoBrowserActivity,topStateChangedWhenResumed]
12-01 08:07:02.443 1508 6993 W WindowManager: updateScale0.7996942
12-01 08:07:02.447 1508 1637 I input_focus: [Focus request 41c2ec6 com.android.music/com.android.music.VideoBrowserActivity,reason=UpdateInputWindows]
12-01 08:07:02.454 1508 1637 W WindowManager: updateScale0.7996942
12-01 08:07:02.458 1508 1637 W WindowManager: updateScale0.7996942
12-01 08:07:02.461 1508 1633 I sysui_multi_action: [319,77,322,76,325,15240,757,761,758,8,759,2,806,com.android.music,871,com.android.music.VideoBrowserActivity,904,android,905,0,1320,8,1321,5]
12-01 08:07:02.461 1508 2005 I input_focus: [Focus leaving e9e80a1 com.android.launcher3/com.android.launcher3.uioverrides.QuickstepLauncher (server),reason=Waiting for window because NOT_VISIBLE]
12-01 08:07:02.462 1508 1633 I wm_activity_launch_time: [0,258591516,com.android.music/.VideoBrowserActivity,76]
12-01 08:07:02.464 1508 1637 W WindowManager: updateScale0.7996942
12-01 08:07:02.477 1508 2005 I input_focus: [Focus entering 41c2ec6 com.android.music/com.android.music.VideoBrowserActivity (server),reason=Window became focusable. Previous reason: NOT_VISIBLE]
12-01 08:07:02.543 1508 1637 W WindowManager: updateScale0.7996942
12-01 08:07:02.558 1508 1637 I wm_task_removed: [268,removeChild:removeChild last r=ActivityRecord{6d8bcdb u0 com.android.music/.VideoBrowserActivity t-1 f}} in t=Task{99a31ea #268 type=standard A=10086:android.task.video U=0 visible=false mode=freeform translucent=true sz=0}]
12-01 08:07:02.558 1508 1637 I wm_task_removed: [268,removeChild]
12-01 08:07:02.561 1508 1637 W WindowManager: updateScale0.7996942
12-01 08:07:02.667 1508 2005 I input_interaction: Interaction with: e9e80a1 com.android.launcher3/com.android.launcher3.uioverrides.QuickstepLauncher (server), 5ecd4a7 com.android.systemui.ImageWallpaper (server), edge-swipe (server), swipe-up (server), PointerEventDispatcher0 (server),
12-01 08:07:02.680 1508 2005 I input_interaction: Interaction with: edge-swipe (server), swipe-up (server), PointerEventDispatcher0 (server),
12-01 08:07:02.684 2822 2822 I view_enqueue_input_event: [Motion - Cancel,com.android.launcher3/com.android.launcher3.uioverrides.QuickstepLauncher]
12-01 08:07:02.745 1508 1637 W WindowManager: updateScale0.7996942
12-01 08:07:02.835 1508 6436 I ActivityTaskManager: START u0 {act=android.intent.action.MAIN cat=[android.intent.category.HOME] flg=0x10000000 cmp=com.android.launcher3/.uioverrides.QuickstepLauncher} from uid 10076
12-01 08:07:02.837 1508 6436 I wm_task_moved: [1,1,7]
12-01 08:07:02.840 1508 6436 I wm_set_resumed_activity: [0,com.android.launcher3/.uioverrides.QuickstepLauncher,positionChildAt]
12-01 08:07:02.840 1508 6436 I wm_task_moved: [10,1,2147483647]
12-01 08:07:02.840 1508 6436 I wm_task_to_front: [0,10]
12-01 08:07:02.840 25301 25301 I wm_on_top_resumed_lost_called: [258591516,com.android.music.VideoBrowserActivity,topStateChangedWhenResumed]
12-01 08:07:02.840 1508 6436 I wm_focused_root_task: [0,0,1,269,bringingFoundTaskToFront]
12-01 08:07:02.840 1508 6436 I wm_set_resumed_activity: [0,com.android.launcher3/.uioverrides.QuickstepLauncher,bringingFoundTaskToFront]
12-01 08:07:02.841 1508 6436 I wm_new_intent: [0,103113767,10,com.android.launcher3/.uioverrides.QuickstepLauncher,android.intent.action.MAIN,NULL,NULL,268435712]
12-01 08:07:02.841 1508 6436 I wm_task_moved: [1,1,7]
12-01 08:07:02.842 1508 6436 I wm_set_resumed_activity: [0,com.android.launcher3/.uioverrides.QuickstepLauncher,positionChildAt]
12-01 08:07:02.842 1508 6436 I ActivityTaskManager: FOREGROUND_APPLICATION_CHANGED to com.android.launcher3.uioverrides.QuickstepLauncher
12-01 08:07:02.842 1508 6436 W WindowManager: updateScale0.7996942
12-01 08:07:02.846 1508 6436 W WindowManager: updateScale0.7996942
12-01 08:07:02.848 2822 2822 I wm_on_paused_called: [103113767,com.android.launcher3.uioverrides.QuickstepLauncher,performPause]
12-01 08:07:02.849 1508 1637 I input_focus: [Focus request e9e80a1 com.android.launcher3/com.android.launcher3.uioverrides.QuickstepLauncher,reason=UpdateInputWindows]
12-01 08:07:02.850 2822 2822 I wm_on_resume_called: [103113767,com.android.launcher3.uioverrides.QuickstepLauncher,LIFECYCLER_RESUME_ACTIVITY]
12-01 08:07:02.854 1508 6436 W WindowManager: updateScale0.7996942
12-01 08:07:02.860 2822 2822 I wm_on_top_resumed_gained_called: [103113767,com.android.launcher3.uioverrides.QuickstepLauncher,topStateChangedWhenResumed]
12-01 08:07:02.863 1508 2005 I input_focus: [Focus leaving 41c2ec6 com.android.music/com.android.music.VideoBrowserActivity (server),reason=setFocusedWindow]
12-01 08:07:02.863 1508 2005 I input_focus: [Focus entering e9e80a1 com.android.launcher3/com.android.launcher3.uioverrides.QuickstepLauncher (server),reason=setFocusedWindow]
12-01 08:07:03.097 1508 2005 I input_interaction: Interaction with: e9e80a1 com.android.launcher3/com.android.launcher3.uioverrides.QuickstepLauncher (server), 5ecd4a7 com.android.systemui.ImageWallpaper (server), edge-swipe (server), swipe-up (server), PointerEventDispatcher0 (server),
12-01 08:07:03.123 2822 2822 I view_enqueue_input_event: [Motion - Cancel,com.android.launcher3/com.android.launcher3.uioverrides.QuickstepLauncher]
12-01 08:07:03.124 1508 2005 I input_interaction: Interaction with: edge-swipe (server), swipe-up (server), PointerEventDispatcher0 (server),
12-01 08:07:03.129 1508 6436 W ActivityTaskManager: getTaskSnapshot: taskId=5266 not found
12-01 08:07:03.130 1508 9619 W ActivityTaskManager: getTaskSnapshot: taskId=4266 not found
12-01 08:07:03.130 1508 6436 W ActivityTaskManager: getTaskSnapshot: taskId=3266 not found
12-01 08:07:03.131 1508 6436 W ActivityTaskManager: getTaskSnapshot: taskId=1266 not found
12-01 08:07:03.315 1508 1754 I commit_sys_config_file: [settings-1-0,6]
12-01 08:07:03.615 1508 2005 I input_interaction: Interaction with: e9e80a1 com.android.launcher3/com.android.launcher3.uioverrides.QuickstepLauncher (server), 5ecd4a7 com.android.systemui.ImageWallpaper (server), edge-swipe (server), swipe-up (server), PointerEventDispatcher0 (server),
12-01 08:07:03.643 1508 2005 I input_interaction: Interaction with: edge-swipe (server), swipe-up (server), PointerEventDispatcher0 (server),
12-01 08:07:03.647 2822 2822 I view_enqueue_input_event: [Motion - Cancel,com.android.launcher3/com.android.launcher3.uioverrides.QuickstepLauncher]
12-01 08:07:03.651 1508 9618 W ActivityTaskManager: getTaskSnapshot: taskId=5266 not found
12-01 08:07:03.651 1508 9618 W ActivityTaskManager: getTaskSnapshot: taskId=4266 not found
12-01 08:07:03.652 1508 9618 W ActivityTaskManager: getTaskSnapshot: taskId=2266 not found
12-01 08:07:03.840 1508 1754 I commit_sys_config_file: [settings-1-0,13]
12-01 08:07:04.101 1508 2005 I input_interaction: Interaction with: e9e80a1 com.android.launcher3/com.android.launcher3.uioverrides.QuickstepLauncher (server), 5ecd4a7 com.android.systemui.ImageWallpaper (server), edge-swipe (server), swipe-up (server), PointerEventDispatcher0 (server),
12-01 08:07:04.129 1508 6436 I wm_finish_activity: [0,258591516,269,com.android.music/.VideoBrowserActivity,app-request]
12-01 08:07:04.135 1508 6436 I wm_pause_activity: [0,258591516,com.android.music/.VideoBrowserActivity,userLeaving=false,finish]
12-01 08:07:04.144 25301 25301 I wm_on_paused_called: [258591516,com.android.music.VideoBrowserActivity,performPause]
12-01 08:07:04.145 1508 6896 I wm_destroy_activity: [0,258591516,269,com.android.music/.VideoBrowserActivity,finish-imm:completePausedLocked]
12-01 08:07:04.167 1508 6896 W ActivityManager: Receiver with filter android.content.IntentFilter@1abbc67 already registered for pid 25301, callerPackage is com.android.music
12-01 08:07:04.170 25301 25301 I wm_on_stop_called: [258591516,com.android.music.VideoBrowserActivity,LIFECYCLER_STOP_ACTIVITY]
12-01 08:07:04.171 25301 25301 I wm_on_destroy_called: [258591516,com.android.music.VideoBrowserActivity,performDestroy]
12-01 08:07:04.172 1508 1636 I sysui_multi_action: [757,803,799,window_time_0,802,2]
12-01 08:07:04.178 22714 22730 W ContextImpl: Calling a method in the system process without a qualified user: android.app.ContextImpl.startService:1816 android.content.ContextWrapper.startService:774 com.thundercomm.gamemode.ingame.services.GameModeActionUtils.startGameModeService:93 com.thundercomm.gamemode.ingame.services.GameModeActionUtils.startGameModeEntry:21 com.thundercomm.gamemode.ingame.services.ActivityMonitoringService$1.onActivityLaunch:127
12-01 08:07:04.184 1508 1508 I GameModeConfig: Current uri is uri = content://com.thundercomm.gamemode.api/gamemode_settings/gamemode_isgaming
12-01 08:07:04.186 1508 1508 I GameModeConfig: isGameModeOn = false
12-01 08:07:04.187 1508 1508 I GameModeConfig: isGameModeOn = false
12-01 08:07:04.187 1508 1508 I GameModeConfig: isDisableVoice = true
12-01 08:07:04.253 22714 22730 W ContextImpl: Calling a method in the system process without a qualified user: android.app.ContextImpl.startService:1816 android.content.ContextWrapper.startService:774 com.thundercomm.gamemode.ingame.services.GameModeActionUtils.startGameModeService:93 com.thundercomm.gamemode.ingame.services.GameModeActionUtils.startGameModeEntry:21 com.thundercomm.gamemode.ingame.services.ActivityMonitoringService$1.onActivityLaunch:127
12-01 08:07:04.259 1508 1508 I GameModeConfig: Current uri is uri = content://com.thundercomm.gamemode.api/gamemode_settings/gamemode_isgaming
12-01 08:07:04.261 1508 1508 I GameModeConfig: isGameModeOn = false
12-01 08:07:04.261 1508 1508 I GameModeConfig: isGameModeOn = false
12-01 08:07:04.261 1508 1508 I GameModeConfig: isDisableVoice = true
12-01 08:07:04.293 1508 2305 I netstats_mobile_sample: [0,0,0,0,0,0,0,0,0,0,0,0,1669853224293]
12-01 08:07:04.293 1508 2305 I netstats_wifi_sample: [241889145,517801,149485281,351857,241889145,517801,149485281,351857,310625317,1016293,75460556,184562,1669853224293]
12-01 08:07:04.351 0 0 I auditd : type=1400 audit(0.0:16430): avc: denied { kill } for comm="swapper/1" capability=5 scontext=u:r:kernel:s0 tcontext=u:r:kernel:s0 tclass=capability permissive=0
12-01 08:07:04.447 1508 1637 I wm_task_removed: [269,removeChild:removeChild last r=ActivityRecord{f69cb1c u0 com.android.music/.VideoBrowserActivity t-1 f}} in t=Task{de37c8f #269 type=standard A=10086:android.task.video U=0 visible=false mode=freeform translucent=true sz=0}]
12-01 08:07:04.447 1508 1637 I wm_task_removed: [269,removeChild]
12-01 08:07:04.447 1508 1637 D FreeFormWindowHelper: Remove freefrom task=Task{de37c8f #269 type=standard A=10086:android.task.video U=0 visible=false mode=freeform translucent=true sz=0}
12-01 08:07:04.552 1508 2005 I input_interaction: Interaction with: edge-swipe (server), swipe-up (server), PointerEventDispatcher0 (server),
12-01 08:07:04.564 2822 2822 I view_enqueue_input_event: [Motion - Cancel,com.android.launcher3/com.android.launcher3.uioverrides.QuickstepLauncher]
12-01 08:07:04.661 1508 9619 W ContextImpl: Calling a method in the system process without a qualified user: android.app.ContextImpl.startActivity:1067 com.android.server.wm.FreeFormWindowHelper.exitRecentTasks:426 com.android.server.wm.ActivityTaskManagerService.exitRecentTasks:3795 android.app.IActivityTaskManager$Stub.onTransact:2307 com.android.server.wm.ActivityTaskManagerService.onTransact:5046
12-01 08:07:04.662 1508 9619 I ActivityTaskManager: START u0 {act=android.intent.action.MAIN cat=[android.intent.category.LAUNCHER] flg=0x10200000 cmp=com.android.music/.VideoBrowserActivity} from uid 1000
12-01 08:07:04.665 1508 9619 I wm_task_created: [270,-1]
12-01 08:07:04.665 1508 9619 W ActivityTaskManager: Can't find TaskDisplayArea to determine support for multi window. Task id=270 attached=false
12-01 08:07:04.666 1508 9619 D FreeFormWindowHelper: Add freeform task=Task{da0652d #270 type=standard ?? U=0 visible=false mode=freeform translucent=true sz=0}
12-01 08:07:04.669 1508 9619 I wm_task_moved: [270,1,7]
12-01 08:07:04.670 1508 9619 I wm_task_to_front: [0,270]
12-01 08:07:04.670 1508 9619 I wm_create_task: [0,270]
12-01 08:07:04.670 1508 9619 I wm_create_activity: [0,166525538,270,com.android.music/.VideoBrowserActivity,android.intent.action.MAIN,NULL,NULL,270532608]
12-01 08:07:04.670 1508 9619 I wm_task_moved: [270,1,7]
12-01 08:07:04.672 1508 9619 I ActivityTaskManager: FOREGROUND_APPLICATION_CHANGED to com.android.music.VideoBrowserActivity
12-01 08:07:04.672 1508 9619 I ActivityTaskManager: The Process com.android.music Already Exists in BG. So sending its PID: 25301
12-01 08:07:04.674 1508 9619 W ActivityTaskManager: Tried to set launchTime (0) < mLastActivityLaunchTime (15240970)
12-01 08:07:04.676 1508 9619 I wm_restart_activity: [0,166525538,270,com.android.music/.VideoBrowserActivity]
12-01 08:07:04.679 1508 9619 I wm_set_resumed_activity: [0,com.android.music/.VideoBrowserActivity,minimalResumeActivityLocked]
12-01 08:07:04.681 1508 7139 W ActivityManager: Receiver with filter android.content.IntentFilter@7fca7f3 already registered for pid 25301, callerPackage is com.android.music
12-01 08:07:04.689 2822 2822 I wm_on_top_resumed_lost_called: [103113767,com.android.launcher3.uioverrides.QuickstepLauncher,topStateChangedWhenResumed]
12-01 08:07:04.701 22714 22730 W ContextImpl: Calling a method in the system process without a qualified user: android.app.ContextImpl.startService:1816 android.content.ContextWrapper.startService:774 com.thundercomm.gamemode.ingame.services.GameModeActionUtils.startGameModeService:93 com.thundercomm.gamemode.ingame.services.GameModeActionUtils.startGameModeEntry:21 com.thundercomm.gamemode.ingame.services.ActivityMonitoringService$1.onActivityLaunch:127
12-01 08:07:04.706 1508 1508 I GameModeConfig: Current uri is uri = content://com.thundercomm.gamemode.api/gamemode_settings/gamemode_isgaming
12-01 08:07:04.709 1508 1508 I GameModeConfig: isGameModeOn = false
12-01 08:07:04.709 1508 1508 I GameModeConfig: isGameModeOn = false
12-01 08:07:04.709 1508 1508 I GameModeConfig: isDisableVoice = true
12-01 08:07:04.710 25301 25301 I wm_on_create_called: [166525538,com.android.music.VideoBrowserActivity,performCreate]
12-01 08:07:04.711 25301 25301 I wm_on_start_called: [166525538,com.android.music.VideoBrowserActivity,handleStartActivity]
12-01 08:07:04.711 25301 25301 I wm_on_resume_called: [166525538,com.android.music.VideoBrowserActivity,RESUME_ACTIVITY]
12-01 08:07:04.714 25301 25301 I wm_on_top_resumed_gained_called: [166525538,com.android.music.VideoBrowserActivity,topStateChangedWhenResumed]
12-01 08:07:04.718 1508 9619 W WindowManager: updateScale0.7996942
12-01 08:07:04.721 1508 1637 I input_focus: [Focus request 4edf3dc com.android.music/com.android.music.VideoBrowserActivity,reason=UpdateInputWindows]
12-01 08:07:04.726 1508 1637 W WindowManager: updateScale0.7996942
12-01 08:07:04.729 1508 1637 W WindowManager: updateScale0.7996942
12-01 08:07:04.731 1508 1637 W WindowManager: updateScale0.7996942
12-01 08:07:04.733 1508 2005 I input_focus: [Focus leaving e9e80a1 com.android.launcher3/com.android.launcher3.uioverrides.QuickstepLauncher (server),reason=Waiting for window because NOT_VISIBLE]
12-01 08:07:04.734 1508 1633 I sysui_multi_action: [319,67,322,67,325,15243,757,761,758,8,759,2,806,com.android.music,871,com.android.music.VideoBrowserActivity,904,android,905,0,1320,8,1321,5]
12-01 08:07:04.736 1508 1633 I wm_activity_launch_time: [0,166525538,com.android.music/.VideoBrowserActivity,67]
12-01 08:07:04.754 1508 2005 I input_focus: [Focus entering 4edf3dc com.android.music/com.android.music.VideoBrowserActivity (server),reason=Window became focusable. Previous reason: NOT_VISIBLE]
12-01 08:07:04.983 1508 1508 W WindowManager: removeWindowToken: Attempted to remove non-existing token: android.os.Binder@1ba8d53
12-01 08:07:05.001 1508 1637 W WindowManager: updateScale0.7996942
12-01 08:07:05.351 0 0 I auditd : type=1400 audit(0.0:16431): avc: denied { kill } for comm="swapper/1" capability=5 scontext=u:r:kernel:s0 tcontext=u:r:kernel:s0 tclass=capability permissive=0
12-01 08:07:05.758 1508 2005 I input_interaction: Interaction with: e9e80a1 com.android.launcher3/com.android.launcher3.uioverrides.QuickstepLauncher (server), 5ecd4a7 com.android.systemui.ImageWallpaper (server), edge-swipe (server), swipe-up (server), PointerEventDispatcher0 (server),
12-01 08:07:05.821 1508 6896 I ActivityTaskManager: START u0 {act=android.intent.action.MAIN cat=[android.intent.category.LAUNCHER] flg=0x10200000 cmp=com.android.music/.VideoBrowserActivity bnds=[2308,540][2494,740]} from uid 10076
12-01 08:07:05.822 1508 6896 I wm_task_moved: [270,1,7]
12-01 08:07:05.823 1508 6896 I wm_set_resumed_activity: [0,com.android.music/.VideoBrowserActivity,positionChildAt]
12-01 08:07:05.824 1508 6896 W WindowManager: updateScale0.7996942
12-01 08:07:05.923 1508 3862 E TaskPersister: File error accessing recents directory (directory doesn't exist?).
12-01 08:07:06.351 0 0 I auditd : type=1400 audit(0.0:16432): avc: denied { kill } for comm="swapper/1" capability=5 scontext=u:r:kernel:s0 tcontext=u:r:kernel:s0 tclass=capability permissive=0
12-01 08:07:06.898 1508 9619 I ActivityTaskManager: START u0 {act=android.intent.action.MAIN cat=[android.intent.category.LAUNCHER] flg=0x10200000 cmp=com.android.music/.VideoBrowserActivity bnds=[2308,540][2494,740]} from uid 10076
12-01 08:07:06.900 1508 9619 I wm_task_moved: [270,1,7]
12-01 08:07:06.900 1508 9619 I wm_set_resumed_activity: [0,com.android.music/.VideoBrowserActivity,positionChildAt]
12-01 08:07:06.901 1508 9619 W WindowManager: updateScale0.7996942
12-01 08:07:07.351 0 0 I auditd : type=1400 audit(0.0:16433): avc: denied { kill } for comm="swapper/1" capability=5 scontext=u:r:kernel:s0 tcontext=u:r:kernel:s0 tclass=capability permissive=0
12-01 08:07:07.800 1508 9619 I ActivityTaskManager: START u0 {act=android.intent.action.MAIN cat=[android.intent.category.LAUNCHER] flg=0x10200000 cmp=com.android.music/.VideoBrowserActivity bnds=[2308,540][2494,740]} from uid 10076
12-01 08:07:07.801 1508 9619 I wm_task_moved: [270,1,7]
12-01 08:07:07.802 1508 9619 I wm_set_resumed_activity: [0,com.android.music/.VideoBrowserActivity,positionChildAt]
12-01 08:07:07.803 1508 9619 W WindowManager: updateScale0.7996942
12-01 08:07:08.290 1508 6896 I ActivityTaskManager: START u0 {act=android.intent.action.MAIN cat=[android.intent.category.LAUNCHER] flg=0x10200000 cmp=com.android.music/.VideoBrowserActivity bnds=[2308,540][2494,740]} from uid 10076
12-01 08:07:08.291 1508 6896 I wm_task_moved: [270,1,7]
12-01 08:07:08.292 1508 6896 I wm_set_resumed_activity: [0,com.android.music/.VideoBrowserActivity,positionChildAt]
12-01 08:07:08.293 1508 6896 W WindowManager: updateScale0.7996942
12-01 08:07:08.351 0 0 I auditd : type=1400 audit(0.0:16434): avc: denied { kill } for comm="swapper/1" capability=5 scontext=u:r:kernel:s0 tcontext=u:r:kernel:s0 tclass=capability permissive=0
12-01 08:07:08.895 1508 6896 I ActivityTaskManager: START u0 {act=android.intent.action.MAIN cat=[android.intent.category.LAUNCHER] flg=0x10200000 cmp=com.android.settings/.Settings bnds=[2308,740][2494,940]} from uid 10076
12-01 08:07:08.897 1508 6896 I wm_task_moved: [266,1,7]
12-01 08:07:08.898 1508 6896 I wm_task_to_front: [0,266]
12-01 08:07:08.899 1508 6896 I wm_focused_root_task: [0,0,266,270,bringingFoundTaskToFront]
12-01 08:07:08.899 25301 25301 I wm_on_top_resumed_lost_called: [166525538,com.android.music.VideoBrowserActivity,topStateChangedWhenResumed]
12-01 08:07:08.901 1508 6896 I wm_set_resumed_activity: [0,com.android.settings/.homepage.SettingsHomepageActivity,bringingFoundTaskToFront]
12-01 08:07:08.902 1508 6896 I wm_new_intent: [0,139459562,266,com.android.settings/.homepage.SettingsHomepageActivity,android.intent.action.MAIN,NULL,NULL,335544320]
12-01 08:07:08.906 1508 6896 I wm_pause_activity: [0,103113767,com.android.launcher3/.uioverrides.QuickstepLauncher,userLeaving=true,pauseBackTasks]
12-01 08:07:08.907 1508 6896 W WindowManager: updateScale0.7996942
12-01 08:07:08.919 2822 2822 I wm_on_paused_called: [103113767,com.android.launcher3.uioverrides.QuickstepLauncher,performPause]
12-01 08:07:08.921 1508 9619 I ActivityTaskManager: FOREGROUND_APPLICATION_CHANGED to com.android.settings.homepage.SettingsHomepageActivity
12-01 08:07:08.922 1508 9619 I wm_set_resumed_activity: [0,com.android.settings/.homepage.SettingsHomepageActivity,resumeTopActivityInnerLocked]
12-01 08:07:08.922 1508 9619 I wm_add_to_stopping: [0,103113767,com.android.launcher3/.uioverrides.QuickstepLauncher,makeInvisible]
12-01 08:07:08.924 1508 9619 I wm_resume_activity: [0,139459562,266,com.android.settings/.homepage.SettingsHomepageActivity]
12-01 08:07:08.931 1508 9619 W WindowManager: updateScale0.7996942
12-01 08:07:08.932 1508 1636 I sysui_multi_action: [757,803,799,window_time_0,802,5]
12-01 08:07:08.938 1508 1637 W WindowManager: updateScale0.7996942
12-01 08:07:08.942 1508 1637 W WindowManager: updateScale0.7996942
12-01 08:07:08.943 1508 1637 W WindowManager: updateScale0.7996942
12-01 08:07:08.946 1508 6896 W WindowManager: updateScale0.7996942
12-01 08:07:08.949 26407 26407 I wm_on_restart_called: [139459562,com.android.settings.homepage.SettingsHomepageActivity,performRestartActivity]
12-01 08:07:08.951 22714 22730 W ContextImpl: Calling a method in the system process without a qualified user: android.app.ContextImpl.startService:1816 android.content.ContextWrapper.startService:774 com.thundercomm.gamemode.ingame.services.GameModeActionUtils.startGameModeService:93 com.thundercomm.gamemode.ingame.services.GameModeActionUtils.startGameModeEntry:21 com.thundercomm.gamemode.ingame.services.ActivityMonitoringService$1.onActivityLaunch:127
12-01 08:07:08.954 26407 26407 I wm_on_start_called: [139459562,com.android.settings.homepage.SettingsHomepageActivity,handleStartActivity]
12-01 08:07:08.955 26407 26407 I snet_event_log: [120484087,-1,]
12-01 08:07:08.955 26407 26407 I wm_on_resume_called: [139459562,com.android.settings.homepage.SettingsHomepageActivity,RESUME_ACTIVITY]
12-01 08:07:08.956 26407 26407 I sysui_multi_action: [757,35,758,1,833,0,1089,0]
12-01 08:07:08.956 26407 26407 I sysui_multi_action: [757,1748,758,1,833,0,1089,0]
12-01 08:07:08.957 1508 1508 I GameModeConfig: Current uri is uri = content://com.thundercomm.gamemode.api/gamemode_settings/gamemode_isgaming
12-01 08:07:08.959 1508 9618 W WindowManager: Non-null activity for system window of rootType=2038
12-01 08:07:08.962 26407 26407 I wm_on_top_resumed_gained_called: [139459562,com.android.settings.homepage.SettingsHomepageActivity,topWhenResuming]
12-01 08:07:08.964 1508 1508 I GameModeConfig: isGameModeOn = false
12-01 08:07:08.965 1508 1508 I GameModeConfig: isGameModeOn = false
12-01 08:07:08.965 1508 1508 I GameModeConfig: isDisableVoice = true
12-01 08:07:08.965 1508 6993 W WindowManager: updateScale0.7996942
12-01 08:07:08.968 1508 1637 I input_focus: [Focus request faeb9ee com.android.settings/com.android.settings.homepage.SettingsHomepageActivity,reason=UpdateInputWindows]
12-01 08:07:08.977 1508 2437 W WindowManager: updateScale0.7996942
12-01 08:07:08.982 1508 1637 W WindowManager: updateScale0.7996942
12-01 08:07:08.984 1508 1637 W WindowManager: updateScale0.7996942
12-01 08:07:08.985 1508 1637 W WindowManager: updateScale0.7996942
12-01 08:07:08.992 1508 2005 I input_focus: [Focus leaving 4edf3dc com.android.music/com.android.music.VideoBrowserActivity (server),reason=setFocusedWindow]
12-01 08:07:08.992 1508 2005 I input_focus: [Focus entering faeb9ee com.android.settings/com.android.settings.homepage.SettingsHomepageActivity (server),reason=setFocusedWindow]
12-01 08:07:08.994 1508 1633 I sysui_multi_action: [319,47,321,44,322,91,325,15247,757,761,758,9,759,4,806,com.android.settings,871,com.android.settings.homepage.SettingsHomepageActivity,904,com.android.settings,905,0,1320,8,1321,5]
12-01 08:07:09.034 22714 22730 W ContextImpl: Calling a method in the system process without a qualified user: android.app.ContextImpl.startService:1816 android.content.ContextWrapper.startService:774 com.thundercomm.gamemode.ingame.services.GameModeActionUtils.startGameModeService:93 com.thundercomm.gamemode.ingame.services.GameModeActionUtils.startGameModeEntry:21 com.thundercomm.gamemode.ingame.services.ActivityMonitoringService$1.onActivityLaunch:127
12-01 08:07:09.039 1508 1508 I GameModeConfig: Current uri is uri = content://com.thundercomm.gamemode.api/gamemode_settings/gamemode_isgaming
12-01 08:07:09.045 1508 1508 I GameModeConfig: isGameModeOn = false
12-01 08:07:09.045 1508 1508 I GameModeConfig: isGameModeOn = false
12-01 08:07:09.045 1508 1508 I GameModeConfig: isDisableVoice = true
12-01 08:07:09.091 1508 9619 W WindowManager: updateScale0.7996942
12-01 08:07:09.261 1508 1637 W WindowManager: updateScale0.7996942
12-01 08:07:09.277 1508 1637 W WindowManager: updateScale0.7996942
12-01 08:07:09.495 1508 1637 W WindowManager: updateScale0.7996942
12-01 08:07:09.499 1508 1636 I wm_stop_activity: [0,103113767,com.android.launcher3/.uioverrides.QuickstepLauncher]
12-01 08:07:09.538 1508 9618 W WindowManager: updateScale0.7996942
12-01 08:07:09.548 2822 2822 I wm_on_stop_called: [103113767,com.android.launcher3.uioverrides.QuickstepLauncher,STOP_ACTIVITY_ITEM]
12-01 08:07:09.564 22714 22730 W ContextImpl: Calling a method in the system process without a qualified user: android.app.ContextImpl.startService:1816 android.content.ContextWrapper.startService:774 com.thundercomm.gamemode.ingame.services.GameModeActionUtils.startGameModeService:93 com.thundercomm.gamemode.ingame.services.GameModeActionUtils.startGameModeEntry:21 com.thundercomm.gamemode.ingame.services.ActivityMonitoringService$1.onActivityLaunch:127
12-01 08:07:09.573 1508 1508 I GameModeConfig: Current uri is uri = content://com.thundercomm.gamemode.api/gamemode_settings/gamemode_isgaming
12-01 08:07:09.575 1508 1508 I GameModeConfig: isGameModeOn = false
12-01 08:07:09.576 1508 1508 I GameModeConfig: isGameModeOn = false
12-01 08:07:09.576 1508 1508 I GameModeConfig: isDisableVoice = true
12-01 08:07:09.981 1508 2005 I input_interaction: Interaction with: faeb9ee com.android.settings/com.android.settings.homepage.SettingsHomepageActivity (server), edge-swipe (server), swipe-up (server), PointerEventDispatcher0 (server),
12-01 08:07:09.997 1508 2437 I wm_task_moved: [1,0,0]
12-01 08:07:09.997 1508 2437 I wm_task_moved: [1,0,6]
12-01 08:07:10.002 1508 2437 W WindowManager: updateScale0.7996942
12-01 08:07:10.008 2822 2822 I wm_on_restart_called: [103113767,com.android.launcher3.uioverrides.QuickstepLauncher,performRestartActivity]
12-01 08:07:10.011 1508 9619 I wm_finish_activity: [0,166525538,270,com.android.music/.VideoBrowserActivity,app-request]
12-01 08:07:10.026 1508 9619 I wm_pause_activity: [0,166525538,com.android.music/.VideoBrowserActivity,userLeaving=false,finish]
12-01 08:07:10.027 25301 25301 I wm_on_paused_called: [166525538,com.android.music.VideoBrowserActivity,performPause]
12-01 08:07:10.031 1508 2437 I wm_destroy_activity: [0,166525538,270,com.android.music/.VideoBrowserActivity,finish-imm:completePausedLocked]
12-01 08:07:10.041 1508 2437 W ActivityManager: Receiver with filter android.content.IntentFilter@3c9ced2 already registered for pid 25301, callerPackage is com.android.music
12-01 08:07:10.043 25301 25301 I wm_on_stop_called: [166525538,com.android.music.VideoBrowserActivity,LIFECYCLER_STOP_ACTIVITY]
12-01 08:07:10.046 25301 25301 I wm_on_destroy_called: [166525538,com.android.music.VideoBrowserActivity,performDestroy]
12-01 08:07:10.047 22714 22730 W ContextImpl: Calling a method in the system process without a qualified user: android.app.ContextImpl.startService:1816 android.content.ContextWrapper.startService:774 com.thundercomm.gamemode.ingame.services.GameModeActionUtils.startGameModeService:93 com.thundercomm.gamemode.ingame.services.GameModeActionUtils.startGameModeEntry:21 com.thundercomm.gamemode.ingame.services.ActivityMonitoringService$1.onActivityLaunch:127
12-01 08:07:10.051 1508 1508 I GameModeConfig: Current uri is uri = content://com.thundercomm.gamemode.api/gamemode_settings/gamemode_isgaming
12-01 08:07:10.054 1508 1508 I GameModeConfig: isGameModeOn = false
12-01 08:07:10.054 1508 1508 I GameModeConfig: isGameModeOn = false
12-01 08:07:10.054 1508 1508 I GameModeConfig: isDisableVoice = true
12-01 08:07:10.060 1508 1636 I sysui_multi_action: [757,803,799,window_time_0,802,1]
12-01 08:07:10.064 2822 2822 I wm_on_start_called: [103113767,com.android.launcher3.uioverrides.QuickstepLauncher,handleStartActivity]
12-01 08:07:10.066 26407 26407 I view_enqueue_input_event: [Motion - Cancel,com.android.settings/com.android.settings.homepage.SettingsHomepageActivity]
12-01 08:07:10.067 1508 6993 I wm_task_removed: [270,removeChild:removeChild last r=ActivityRecord{9ecfa62 u0 com.android.music/.VideoBrowserActivity t-1 f}} in t=Task{da0652d #270 type=standard A=10086:android.task.video U=0 visible=false mode=freeform translucent=true sz=0}]
12-01 08:07:10.067 1508 6993 I wm_task_removed: [270,removeChild]
12-01 08:07:10.067 1508 6993 D FreeFormWindowHelper: Remove freefrom task=Task{da0652d #270 type=standard A=10086:android.task.video U=0 visible=false mode=freeform translucent=true sz=0}
12-01 08:07:10.070 1508 2005 I input_interaction: Interaction with: edge-swipe (server), swipe-up (server), PointerEventDispatcher0 (server),
12-01 08:07:10.074 1508 2437 W ActivityTaskManager: getTaskSnapshot: taskId=5266 not found
12-01 08:07:10.075 1508 1637 I input_focus: [Focus request recents_animation_input_consumer,reason=UpdateInputWindows]
12-01 08:07:10.076 2822 2822 I sysui_latency: [1,96]
12-01 08:07:10.086 1508 2437 W ActivityTaskManager: getTaskSnapshot: taskId=5266 not found
12-01 08:07:10.086 1508 2437 W ActivityTaskManager: getTaskSnapshot: taskId=4266 not found
12-01 08:07:10.087 1508 1633 I sysui_multi_action: [319,12,322,82,325,15248,757,761,758,9,759,5,806,com.android.launcher3,871,com.android.launcher3.uioverrides.QuickstepLauncher,905,0,1320,8,1321,5]
12-01 08:07:10.089 1508 2437 W ActivityTaskManager: getTaskSnapshot: taskId=3266 not found
12-01 08:07:10.092 1508 2437 W ActivityTaskManager: getTaskSnapshot: taskId=2266 not found
12-01 08:07:10.094 1508 2005 I input_focus: [Focus leaving faeb9ee com.android.settings/com.android.settings.homepage.SettingsHomepageActivity (server),reason=NOT_FOCUSABLE]
12-01 08:07:10.094 1508 2005 I input_focus: [Focus entering recents_animation_input_consumer (server),reason=setFocusedWindow]
12-01 08:07:10.096 1508 6993 W ActivityTaskManager: getTaskSnapshot: taskId=1266 not found
12-01 08:07:10.139 22714 22730 W ContextImpl: Calling a method in the system process without a qualified user: android.app.ContextImpl.startService:1816 android.content.ContextWrapper.startService:774 com.thundercomm.gamemode.ingame.services.GameModeActionUtils.startGameModeService:93 com.thundercomm.gamemode.ingame.services.GameModeActionUtils.startGameModeEntry:21 com.thundercomm.gamemode.ingame.services.ActivityMonitoringService$1.onActivityLaunch:127
12-01 08:07:10.148 1508 1508 I GameModeConfig: Current uri is uri = content://com.thundercomm.gamemode.api/gamemode_settings/gamemode_isgaming
12-01 08:07:10.154 1508 1508 I GameModeConfig: isGameModeOn = false
12-01 08:07:10.154 1508 1508 I GameModeConfig: isGameModeOn = false
12-01 08:07:10.155 1508 1508 I GameModeConfig: isDisableVoice = true
12-01 08:07:10.267 1508 1754 I commit_sys_config_file: [settings-1-0,4]
12-01 08:07:10.351 0 0 I auditd : type=1400 audit(0.0:16435): avc: denied { kill } for comm="swapper/1" capability=5 scontext=u:r:kernel:s0 tcontext=u:r:kernel:s0 tclass=capability permissive=0
12-01 08:07:10.367 1508 2005 I input_interaction: Interaction with: recents_animation_input_consumer (server), edge-swipe (server), swipe-up (server), PointerEventDispatcher0 (server),
12-01 08:07:10.381 1508 1647 I sysui_latency: [8,93]
12-01 08:07:10.448 1508 2005 I input_interaction: Interaction with: edge-swipe (server), swipe-up (server), PointerEventDispatcher0 (server),
12-01 08:07:10.451 1508 9619 I wm_task_moved: [1,1,6]
12-01 08:07:10.453 1508 9619 I wm_focused_root_task: [0,0,1,266,RecentsAnimation.onAnimationFinished()]
12-01 08:07:10.454 26407 26407 I wm_on_top_resumed_lost_called: [139459562,com.android.settings.homepage.SettingsHomepageActivity,topStateChangedWhenResumed]
12-01 08:07:10.455 1508 9619 I wm_pause_activity: [0,139459562,com.android.settings/.homepage.SettingsHomepageActivity,userLeaving=false,pauseBackTasks]
12-01 08:07:10.455 1508 9619 I ActivityTaskManager: FOREGROUND_APPLICATION_CHANGED to com.android.launcher3.uioverrides.QuickstepLauncher
12-01 08:07:10.456 1508 9619 I wm_set_resumed_activity: [0,com.android.launcher3/.uioverrides.QuickstepLauncher,resumeTopActivityInnerLocked]
12-01 08:07:10.457 1508 9619 I wm_resume_activity: [0,103113767,10,com.android.launcher3/.uioverrides.QuickstepLauncher]
12-01 08:07:10.457 1508 9619 I wm_add_to_stopping: [0,139459562,com.android.settings/.homepage.SettingsHomepageActivity,makeInvisible]
12-01 08:07:10.465 1508 1637 I input_focus: [Focus request e9e80a1 com.android.launcher3/com.android.launcher3.uioverrides.QuickstepLauncher,reason=UpdateInputWindows]
12-01 08:07:10.467 26407 26407 I sysui_multi_action: [757,35,758,2,1089,1511]
12-01 08:07:10.468 26407 26407 I sysui_multi_action: [757,1748,758,2,1089,1511]
12-01 08:07:10.469 26407 26407 I wm_on_paused_called: [139459562,com.android.settings.homepage.SettingsHomepageActivity,performPause]
