12-01 08:04:23.123 1508 2356 E DisplayDeviceConfig: requesting nits when no mapping exists.
12-01 08:04:23.123 1508 1648 I am_wtf : [0,1508,system_server,-1,DisplayDeviceConfig,requesting nits when no mapping exists.]
12-01 08:04:23.124 1508 2356 E DisplayDeviceConfig: requesting nits when no mapping exists.
12-01 08:04:23.124 1508 1648 I am_wtf : [0,1508,system_server,-1,DisplayDeviceConfig,requesting nits when no mapping exists.]
12-01 08:04:23.126 1508 2305 I netstats_mobile_sample: [0,0,0,0,0,0,0,0,0,0,0,0,1669853063126]
12-01 08:04:23.127 1508 2305 I netstats_wifi_sample: [238870597,510758,147687017,347756,238870597,510758,147687017,347756,306641588,1002520,74558262,182473,1669853063126]
12-01 08:04:23.139 1508 2356 E DisplayDeviceConfig: requesting nits when no mapping exists.
12-01 08:04:23.140 1508 2356 E DisplayDeviceConfig: requesting nits when no mapping exists.
12-01 08:04:23.140 1508 1648 I am_wtf : [0,1508,system_server,-1,DisplayDeviceConfig,requesting nits when no mapping exists.]
12-01 08:04:23.140 1508 1648 I am_wtf : [0,1508,system_server,-1,DisplayDeviceConfig,requesting nits when no mapping exists.]
12-01 08:04:23.156 1508 2356 E DisplayDeviceConfig: requesting nits when no mapping exists.
12-01 08:04:23.156 1508 1648 I am_wtf : [0,1508,system_server,-1,DisplayDeviceConfig,requesting nits when no mapping exists.]
12-01 08:04:23.156 1508 2356 E DisplayDeviceConfig: requesting nits when no mapping exists.
12-01 08:04:23.157 1508 1648 I am_wtf : [0,1508,system_server,-1,DisplayDeviceConfig,requesting nits when no mapping exists.]
12-01 08:04:23.173 1508 2356 E DisplayDeviceConfig: requesting nits when no mapping exists.
12-01 08:04:23.174 1508 1648 I am_wtf : [0,1508,system_server,-1,DisplayDeviceConfig,requesting nits when no mapping exists.]
12-01 08:04:23.174 1508 2356 E DisplayDeviceConfig: requesting nits when no mapping exists.
12-01 08:04:23.175 1508 1648 I am_wtf : [0,1508,system_server,-1,DisplayDeviceConfig,requesting nits when no mapping exists.]
12-01 08:04:23.190 1508 2356 E DisplayDeviceConfig: requesting nits when no mapping exists.
12-01 08:04:23.191 1508 1648 I am_wtf : [0,1508,system_server,-1,DisplayDeviceConfig,requesting nits when no mapping exists.]
12-01 08:04:23.192 1508 2356 E DisplayDeviceConfig: requesting nits when no mapping exists.
12-01 08:04:23.193 1508 1648 I am_wtf : [0,1508,system_server,-1,DisplayDeviceConfig,requesting nits when no mapping exists.]
12-01 08:04:23.207 1508 2356 E DisplayDeviceConfig: requesting nits when no mapping exists.
12-01 08:04:23.208 1508 1648 I am_wtf : [0,1508,system_server,-1,DisplayDeviceConfig,requesting nits when no mapping exists.]
12-01 08:04:23.208 1508 2356 E DisplayDeviceConfig: requesting nits when no mapping exists.
12-01 08:04:23.209 1508 1648 I am_wtf : [0,1508,system_server,-1,DisplayDeviceConfig,requesting nits when no mapping exists.]
12-01 08:04:23.223 1508 2356 E DisplayDeviceConfig: requesting nits when no mapping exists.
12-01 08:04:23.223 1508 2356 E DisplayDeviceConfig: requesting nits when no mapping exists.
12-01 08:04:23.223 1508 1648 I am_wtf : [0,1508,system_server,-1,DisplayDeviceConfig,requesting nits when no mapping exists.]
12-01 08:04:23.225 1508 1648 I am_wtf : [0,1508,system_server,-1,DisplayDeviceConfig,requesting nits when no mapping exists.]
12-01 08:04:23.240 1508 2356 E DisplayDeviceConfig: requesting nits when no mapping exists.
12-01 08:04:23.240 1508 1648 I am_wtf : [0,1508,system_server,-1,DisplayDeviceConfig,requesting nits when no mapping exists.]
12-01 08:04:23.241 1508 2356 E DisplayDeviceConfig: requesting nits when no mapping exists.
12-01 08:04:23.241 1508 1648 I am_wtf : [0,1508,system_server,-1,DisplayDeviceConfig,requesting nits when no mapping exists.]
12-01 08:04:23.256 1508 2356 E DisplayDeviceConfig: requesting nits when no mapping exists.
12-01 08:04:23.257 1508 1648 I am_wtf : [0,1508,system_server,-1,DisplayDeviceConfig,requesting nits when no mapping exists.]
12-01 08:04:23.258 1508 2356 E DisplayDeviceConfig: requesting nits when no mapping exists.
12-01 08:04:23.259 1508 1648 I am_wtf : [0,1508,system_server,-1,DisplayDeviceConfig,requesting nits when no mapping exists.]
12-01 08:04:23.273 1508 2356 E DisplayDeviceConfig: requesting nits when no mapping exists.
12-01 08:04:23.274 1508 2356 E DisplayDeviceConfig: requesting nits when no mapping exists.
12-01 08:04:23.274 1508 1648 I am_wtf : [0,1508,system_server,-1,DisplayDeviceConfig,requesting nits when no mapping exists.]
12-01 08:04:23.275 1508 1648 I am_wtf : [0,1508,system_server,-1,DisplayDeviceConfig,requesting nits when no mapping exists.]
12-01 08:04:23.290 1508 2356 E DisplayDeviceConfig: requesting nits when no mapping exists.
12-01 08:04:23.291 1508 2356 E DisplayDeviceConfig: requesting nits when no mapping exists.
12-01 08:04:23.291 1508 1648 I am_wtf : [0,1508,system_server,-1,DisplayDeviceConfig,requesting nits when no mapping exists.]
12-01 08:04:23.292 1508 1648 I am_wtf : [0,1508,system_server,-1,DisplayDeviceConfig,requesting nits when no mapping exists.]
12-01 08:04:23.307 1508 2356 E DisplayDeviceConfig: requesting nits when no mapping exists.
12-01 08:04:23.307 1508 2356 E DisplayDeviceConfig: requesting nits when no mapping exists.
12-01 08:04:23.307 1508 1648 I am_wtf : [0,1508,system_server,-1,DisplayDeviceConfig,requesting nits when no mapping exists.]
12-01 08:04:23.309 1508 1648 I am_wtf : [0,1508,system_server,-1,DisplayDeviceConfig,requesting nits when no mapping exists.]
12-01 08:04:23.323 1508 2356 E DisplayDeviceConfig: requesting nits when no mapping exists.
12-01 08:04:23.325 1508 1648 I am_wtf : [0,1508,system_server,-1,DisplayDeviceConfig,requesting nits when no mapping exists.]
12-01 08:04:23.325 1508 2356 E DisplayDeviceConfig: requesting nits when no mapping exists.
12-01 08:04:23.326 1508 1648 I am_wtf : [0,1508,system_server,-1,DisplayDeviceConfig,requesting nits when no mapping exists.]
12-01 08:04:23.340 1508 2356 E DisplayDeviceConfig: requesting nits when no mapping exists.
12-01 08:04:23.341 1508 2356 E DisplayDeviceConfig: requesting nits when no mapping exists.
12-01 08:04:23.342 1508 1648 I am_wtf : [0,1508,system_server,-1,DisplayDeviceConfig,requesting nits when no mapping exists.]
12-01 08:04:23.342 1508 1648 I am_wtf : [0,1508,system_server,-1,DisplayDeviceConfig,requesting nits when no mapping exists.]
12-01 08:04:23.351 0 0 I auditd : type=1400 audit(0.0:16208): avc: denied { kill } for comm="swapper/3" capability=5 scontext=u:r:kernel:s0 tcontext=u:r:kernel:s0 tclass=capability permissive=0
12-01 08:04:23.357 1508 2356 E DisplayDeviceConfig: requesting nits when no mapping exists.
12-01 08:04:23.357 1508 1648 I am_wtf : [0,1508,system_server,-1,DisplayDeviceConfig,requesting nits when no mapping exists.]
12-01 08:04:23.357 1508 2356 E DisplayDeviceConfig: requesting nits when no mapping exists.
12-01 08:04:23.358 1508 1648 I am_wtf : [0,1508,system_server,-1,DisplayDeviceConfig,requesting nits when no mapping exists.]
12-01 08:04:23.374 1508 2356 E DisplayDeviceConfig: requesting nits when no mapping exists.
12-01 08:04:23.374 1508 1648 I am_wtf : [0,1508,system_server,-1,DisplayDeviceConfig,requesting nits when no mapping exists.]
12-01 08:04:23.375 1508 2356 E DisplayDeviceConfig: requesting nits when no mapping exists.
12-01 08:04:23.376 1508 1648 I am_wtf : [0,1508,system_server,-1,DisplayDeviceConfig,requesting nits when no mapping exists.]
12-01 08:04:23.390 1508 2356 E DisplayDeviceConfig: requesting nits when no mapping exists.
12-01 08:04:23.391 1508 2356 E DisplayDeviceConfig: requesting nits when no mapping exists.
12-01 08:04:23.391 1508 1648 I am_wtf : [0,1508,system_server,-1,DisplayDeviceConfig,requesting nits when no mapping exists.]
12-01 08:04:23.391 1508 1648 I am_wtf : [0,1508,system_server,-1,DisplayDeviceConfig,requesting nits when no mapping exists.]
12-01 08:04:23.407 1508 2356 E DisplayDeviceConfig: requesting nits when no mapping exists.
12-01 08:04:23.407 1508 2356 E DisplayDeviceConfig: requesting nits when no mapping exists.
12-01 08:04:23.407 1508 1648 I am_wtf : [0,1508,system_server,-1,DisplayDeviceConfig,requesting nits when no mapping exists.]
12-01 08:04:23.409 1508 1648 I am_wtf : [0,1508,system_server,-1,DisplayDeviceConfig,requesting nits when no mapping exists.]
12-01 08:04:23.423 1508 2356 E DisplayDeviceConfig: requesting nits when no mapping exists.
12-01 08:04:23.424 1508 1648 I am_wtf : [0,1508,system_server,-1,DisplayDeviceConfig,requesting nits when no mapping exists.]
12-01 08:04:23.424 1508 2356 E DisplayDeviceConfig: requesting nits when no mapping exists.
12-01 08:04:23.425 1508 1648 I am_wtf : [0,1508,system_server,-1,DisplayDeviceConfig,requesting nits when no mapping exists.]
12-01 08:04:23.440 1508 2356 E DisplayDeviceConfig: requesting nits when no mapping exists.
12-01 08:04:23.441 1508 2356 E DisplayDeviceConfig: requesting nits when no mapping exists.
12-01 08:04:23.441 1508 1648 I am_wtf : [0,1508,system_server,-1,DisplayDeviceConfig,requesting nits when no mapping exists.]
12-01 08:04:23.442 1508 1648 I am_wtf : [0,1508,system_server,-1,DisplayDeviceConfig,requesting nits when no mapping exists.]
12-01 08:04:23.457 1508 2356 E DisplayDeviceConfig: requesting nits when no mapping exists.
12-01 08:04:23.457 1508 2356 E DisplayDeviceConfig: requesting nits when no mapping exists.
12-01 08:04:23.457 1508 1648 I am_wtf : [0,1508,system_server,-1,DisplayDeviceConfig,requesting nits when no mapping exists.]
12-01 08:04:23.458 1508 1648 I service_manager_stats: [100,60,66063]
12-01 08:04:23.459 1508 1648 I am_wtf : [0,1508,system_server,-1,DisplayDeviceConfig,requesting nits when no mapping exists.]
12-01 08:04:23.473 1508 2356 E DisplayDeviceConfig: requesting nits when no mapping exists.
12-01 08:04:23.474 1508 2356 E DisplayDeviceConfig: requesting nits when no mapping exists.
12-01 08:04:23.474 1508 1648 I am_wtf : [0,1508,system_server,-1,DisplayDeviceConfig,requesting nits when no mapping exists.]
12-01 08:04:23.475 1508 1648 I am_wtf : [0,1508,system_server,-1,DisplayDeviceConfig,requesting nits when no mapping exists.]
12-01 08:04:23.490 1508 2356 E DisplayDeviceConfig: requesting nits when no mapping exists.
12-01 08:04:23.491 1508 2356 E DisplayDeviceConfig: requesting nits when no mapping exists.
12-01 08:04:23.491 1508 1648 I am_wtf : [0,1508,system_server,-1,DisplayDeviceConfig,requesting nits when no mapping exists.]
12-01 08:04:23.492 1508 1648 I am_wtf : [0,1508,system_server,-1,DisplayDeviceConfig,requesting nits when no mapping exists.]
12-01 08:04:23.507 1508 2356 E DisplayDeviceConfig: requesting nits when no mapping exists.
12-01 08:04:23.508 1508 2356 E DisplayDeviceConfig: requesting nits when no mapping exists.
12-01 08:04:23.508 1508 1648 I am_wtf : [0,1508,system_server,-1,DisplayDeviceConfig,requesting nits when no mapping exists.]
12-01 08:04:23.509 1508 1648 I am_wtf : [0,1508,system_server,-1,DisplayDeviceConfig,requesting nits when no mapping exists.]
12-01 08:04:23.524 1508 2356 E DisplayDeviceConfig: requesting nits when no mapping exists.
12-01 08:04:23.525 1508 1648 I am_wtf : [0,1508,system_server,-1,DisplayDeviceConfig,requesting nits when no mapping exists.]
12-01 08:04:23.525 1508 2356 E DisplayDeviceConfig: requesting nits when no mapping exists.
12-01 08:04:23.526 1508 1648 I am_wtf : [0,1508,system_server,-1,DisplayDeviceConfig,requesting nits when no mapping exists.]
12-01 08:04:23.540 1508 2356 E DisplayDeviceConfig: requesting nits when no mapping exists.
12-01 08:04:23.541 1508 2356 E DisplayDeviceConfig: requesting nits when no mapping exists.
12-01 08:04:23.541 1508 1648 I am_wtf : [0,1508,system_server,-1,DisplayDeviceConfig,requesting nits when no mapping exists.]
12-01 08:04:23.542 1508 1648 I am_wtf : [0,1508,system_server,-1,DisplayDeviceConfig,requesting nits when no mapping exists.]
12-01 08:04:23.557 1508 2356 E DisplayDeviceConfig: requesting nits when no mapping exists.
12-01 08:04:23.558 1508 1648 I am_wtf : [0,1508,system_server,-1,DisplayDeviceConfig,requesting nits when no mapping exists.]
12-01 08:04:23.559 1508 2356 E DisplayDeviceConfig: requesting nits when no mapping exists.
12-01 08:04:23.559 1508 1648 I am_wtf : [0,1508,system_server,-1,DisplayDeviceConfig,requesting nits when no mapping exists.]
12-01 08:04:23.574 1508 2356 E DisplayDeviceConfig: requesting nits when no mapping exists.
12-01 08:04:23.575 1508 1648 I am_wtf : [0,1508,system_server,-1,DisplayDeviceConfig,requesting nits when no mapping exists.]
12-01 08:04:23.575 1508 2356 E DisplayDeviceConfig: requesting nits when no mapping exists.
12-01 08:04:23.575 1508 1648 I am_wtf : [0,1508,system_server,-1,DisplayDeviceConfig,requesting nits when no mapping exists.]
12-01 08:04:23.591 1508 2356 E DisplayDeviceConfig: requesting nits when no mapping exists.
12-01 08:04:23.592 1508 1648 I am_wtf : [0,1508,system_server,-1,DisplayDeviceConfig,requesting nits when no mapping exists.]
12-01 08:04:23.592 1508 2356 E DisplayDeviceConfig: requesting nits when no mapping exists.
12-01 08:04:23.593 1508 1648 I am_wtf : [0,1508,system_server,-1,DisplayDeviceConfig,requesting nits when no mapping exists.]
12-01 08:04:23.608 1508 2356 E DisplayDeviceConfig: requesting nits when no mapping exists.
12-01 08:04:23.608 1508 2356 E DisplayDeviceConfig: requesting nits when no mapping exists.
12-01 08:04:23.608 1508 1648 I am_wtf : [0,1508,system_server,-1,DisplayDeviceConfig,requesting nits when no mapping exists.]
12-01 08:04:23.610 1508 1648 I am_wtf : [0,1508,system_server,-1,DisplayDeviceConfig,requesting nits when no mapping exists.]
12-01 08:04:23.625 1508 2356 E DisplayDeviceConfig: requesting nits when no mapping exists.
12-01 08:04:23.627 1508 1648 I am_wtf : [0,1508,system_server,-1,DisplayDeviceConfig,requesting nits when no mapping exists.]
12-01 08:04:23.627 1508 2356 E DisplayDeviceConfig: requesting nits when no mapping exists.
12-01 08:04:23.629 1508 1648 I am_wtf : [0,1508,system_server,-1,DisplayDeviceConfig,requesting nits when no mapping exists.]
12-01 08:04:23.640 1508 2356 E DisplayDeviceConfig: requesting nits when no mapping exists.
12-01 08:04:23.641 1508 1648 I am_wtf : [0,1508,system_server,-1,DisplayDeviceConfig,requesting nits when no mapping exists.]
12-01 08:04:23.641 1508 2356 E DisplayDeviceConfig: requesting nits when no mapping exists.
12-01 08:04:23.642 1508 1648 I am_wtf : [0,1508,system_server,-1,DisplayDeviceConfig,requesting nits when no mapping exists.]
12-01 08:04:23.657 1508 2356 E DisplayDeviceConfig: requesting nits when no mapping exists.
12-01 08:04:23.658 1508 1648 I am_wtf : [0,1508,system_server,-1,DisplayDeviceConfig,requesting nits when no mapping exists.]
12-01 08:04:23.658 1508 2356 E DisplayDeviceConfig: requesting nits when no mapping exists.
12-01 08:04:23.659 1508 1648 I am_wtf : [0,1508,system_server,-1,DisplayDeviceConfig,requesting nits when no mapping exists.]
12-01 08:04:23.674 1508 2356 E DisplayDeviceConfig: requesting nits when no mapping exists.
12-01 08:04:23.675 1508 1648 I am_wtf : [0,1508,system_server,-1,DisplayDeviceConfig,requesting nits when no mapping exists.]
12-01 08:04:23.675 1508 2356 E DisplayDeviceConfig: requesting nits when no mapping exists.
12-01 08:04:23.676 1508 1648 I am_wtf : [0,1508,system_server,-1,DisplayDeviceConfig,requesting nits when no mapping exists.]
12-01 08:04:23.691 1508 2356 E DisplayDeviceConfig: requesting nits when no mapping exists.
12-01 08:04:23.693 1508 1648 I am_wtf : [0,1508,system_server,-1,DisplayDeviceConfig,requesting nits when no mapping exists.]
12-01 08:04:23.693 1508 2356 E DisplayDeviceConfig: requesting nits when no mapping exists.
12-01 08:04:23.694 1508 1648 I am_wtf : [0,1508,system_server,-1,DisplayDeviceConfig,requesting nits when no mapping exists.]
12-01 08:04:23.708 1508 2356 E DisplayDeviceConfig: requesting nits when no mapping exists.
12-01 08:04:23.709 1508 2356 E DisplayDeviceConfig: requesting nits when no mapping exists.
12-01 08:04:23.709 1508 1648 I am_wtf : [0,1508,system_server,-1,DisplayDeviceConfig,requesting nits when no mapping exists.]
12-01 08:04:23.710 1508 1648 I am_wtf : [0,1508,system_server,-1,DisplayDeviceConfig,requesting nits when no mapping exists.]
12-01 08:04:23.724 1508 2356 E DisplayDeviceConfig: requesting nits when no mapping exists.
12-01 08:04:23.725 1508 2356 E DisplayDeviceConfig: requesting nits when no mapping exists.
12-01 08:04:23.725 1508 1648 I am_wtf : [0,1508,system_server,-1,DisplayDeviceConfig,requesting nits when no mapping exists.]
12-01 08:04:23.726 1508 1648 I am_wtf : [0,1508,system_server,-1,DisplayDeviceConfig,requesting nits when no mapping exists.]
12-01 08:04:23.741 1508 2356 E DisplayDeviceConfig: requesting nits when no mapping exists.
12-01 08:04:23.742 1508 1648 I am_wtf : [0,1508,system_server,-1,DisplayDeviceConfig,requesting nits when no mapping exists.]
12-01 08:04:23.743 1508 2356 E DisplayDeviceConfig: requesting nits when no mapping exists.
12-01 08:04:23.744 1508 1648 I am_wtf : [0,1508,system_server,-1,DisplayDeviceConfig,requesting nits when no mapping exists.]
12-01 08:04:24.351 0 0 I auditd : type=1400 audit(0.0:16209): avc: denied { kill } for comm="swapper/3" capability=5 scontext=u:r:kernel:s0 tcontext=u:r:kernel:s0 tclass=capability permissive=0
12-01 08:04:25.351 0 0 I auditd : type=1400 audit(0.0:16210): avc: denied { kill } for comm="swapper/3" capability=5 scontext=u:r:kernel:s0 tcontext=u:r:kernel:s0 tclass=capability permissive=0
12-01 08:04:26.351 0 0 I auditd : type=1400 audit(0.0:16211): avc: denied { kill } for comm="swapper/3" capability=5 scontext=u:r:kernel:s0 tcontext=u:r:kernel:s0 tclass=capability permissive=0
12-01 08:04:27.351 0 0 I auditd : type=1400 audit(0.0:16212): avc: denied { kill } for comm="swapper/3" capability=5 scontext=u:r:kernel:s0 tcontext=u:r:kernel:s0 tclass=capability permissive=0
12-01 08:04:28.351 0 0 I auditd : type=1400 audit(0.0:16213): avc: denied { kill } for comm="swapper/3" capability=5 scontext=u:r:kernel:s0 tcontext=u:r:kernel:s0 tclass=capability permissive=0
12-01 08:04:29.351 0 0 I auditd : type=1400 audit(0.0:16214): avc: denied { kill } for comm="swapper/3" capability=5 scontext=u:r:kernel:s0 tcontext=u:r:kernel:s0 tclass=capability permissive=0
12-01 08:04:29.791 1508 1666 I PowerManagerService: Napping display group (groupId=0, uid=1000)...
12-01 08:04:29.791 1508 1666 I PowerManagerService: Nap time (uid 1000)...
12-01 08:04:29.794 1508 1666 I DreamManagerService: Entering dreamland.
12-01 08:04:29.799 1508 1666 I PowerManagerService: Dreaming...
12-01 08:04:29.800 1508 1633 I DreamController: Starting dream: name=ComponentInfo{com.thundercomm.screensaver/com.thundercomm.saverclock.service.ClockScreensaver}, isTest=false, canDoze=false, userId=0
12-01 08:04:29.800 1508 1633 I sysui_multi_action: [757,222,758,1]
12-01 08:04:29.803 1508 1633 I am_uid_active: 10042
12-01 08:04:29.811 1508 9856 I ActivityTaskManager: START u0 {flg=0x10000000 pkg=com.thundercomm.screensaver cmp=com.thundercomm.screensaver/android.service.dreams.DreamActivity (has extras)} from uid 10042
12-01 08:04:29.819 1508 9856 I wm_task_created: [262,-1]
12-01 08:04:29.819 1508 9856 W ActivityTaskManager: Can't find TaskDisplayArea to determine support for multi window. Task id=262 attached=false
12-01 08:04:29.823 1508 9856 I wm_task_moved: [262,1,10]
12-01 08:04:29.823 1508 9856 I wm_task_to_front: [0,262]
12-01 08:04:29.823 1508 9856 I wm_create_task: [0,262]
12-01 08:04:29.823 1508 9856 I wm_create_activity: [0,145697659,262,com.thundercomm.screensaver/android.service.dreams.DreamActivity,NULL,NULL,NULL,276824064]
12-01 08:04:29.823 1508 9856 I wm_task_moved: [262,1,10]
12-01 08:04:29.824 2822 2822 I wm_on_top_resumed_lost_called: [103113767,com.android.launcher3.uioverrides.QuickstepLauncher,topStateChangedWhenResumed]
12-01 08:04:29.824 1508 9856 I wm_pause_activity: [0,103113767,com.android.launcher3/.uioverrides.QuickstepLauncher,userLeaving=true,pauseBackTasks]
12-01 08:04:29.829 2822 2822 I wm_on_paused_called: [103113767,com.android.launcher3.uioverrides.QuickstepLauncher,performPause]
12-01 08:04:29.830 1508 9285 I ActivityTaskManager: FOREGROUND_APPLICATION_CHANGED to android.service.dreams.DreamActivity
12-01 08:04:29.831 1508 1647 I am_pss : [25301,10086,com.android.music,101638144,95948800,0,232529920,0,4,16]
12-01 08:04:29.833 1508 9285 I ActivityTaskManager: The Process com.thundercomm.screensaver Already Exists in BG. So sending its PID: 19950
12-01 08:04:29.836 1508 9285 W ActivityTaskManager: Tried to set launchTime (0) < mLastActivityLaunchTime (14298854)
12-01 08:04:29.836 1508 9285 I wm_add_to_stopping: [0,103113767,com.android.launcher3/.uioverrides.QuickstepLauncher,makeInvisible]
12-01 08:04:29.837 1508 9285 I wm_restart_activity: [0,145697659,262,com.thundercomm.screensaver/android.service.dreams.DreamActivity]
12-01 08:04:29.839 1508 9285 I wm_set_resumed_activity: [0,com.thundercomm.screensaver/android.service.dreams.DreamActivity,minimalResumeActivityLocked]
12-01 08:04:29.841 1508 1647 I am_pss : [25920,10077,com.android.wallpapercropper,28647424,24338432,0,149704704,0,19,7]
12-01 08:04:29.846 1508 2005 I input_focus: [Focus leaving 9ddf785 com.android.launcher3/com.android.launcher3.uioverrides.QuickstepLauncher (server),reason=NO_WINDOW]
12-01 08:04:29.848 1508 1647 I am_pss : [25895,1000,android:ui,16539648,8560640,0,138346496,0,19,6]
12-01 08:04:29.853 1508 1647 I am_pss : [25093,1000,com.qti.diagservices,5886976,3842048,0,93413376,0,10,5]
12-01 08:04:29.857 1508 1636 I sysui_multi_action: [757,803,799,window_time_0,802,59]
12-01 08:04:29.857 19950 19950 I wm_on_create_called: [145697659,android.service.dreams.DreamActivity,performCreate]
12-01 08:04:29.859 19950 19950 I wm_on_start_called: [145697659,android.service.dreams.DreamActivity,handleStartActivity]
12-01 08:04:29.861 19950 19950 I wm_on_resume_called: [145697659,android.service.dreams.DreamActivity,RESUME_ACTIVITY]
12-01 08:04:29.862 22714 22730 W ContextImpl: Calling a method in the system process without a qualified user: android.app.ContextImpl.startService:1816 android.content.ContextWrapper.startService:774 com.thundercomm.gamemode.ingame.services.GameModeActionUtils.startGameModeService:93 com.thundercomm.gamemode.ingame.services.GameModeActionUtils.startGameModeEntry:21 com.thundercomm.gamemode.ingame.services.ActivityMonitoringService$1.onActivityLaunch:127
12-01 08:04:29.865 19950 19950 I wm_on_top_resumed_gained_called: [145697659,android.service.dreams.DreamActivity,topStateChangedWhenResumed]
12-01 08:04:29.868 1508 1508 I GameModeConfig: Current uri is uri = content://com.thundercomm.gamemode.api/gamemode_settings/gamemode_isgaming
12-01 08:04:29.871 1508 1508 I GameModeConfig: isGameModeOn = false
12-01 08:04:29.872 1508 1508 I GameModeConfig: isGameModeOn = false
12-01 08:04:29.872 1508 1508 I GameModeConfig: isDisableVoice = true
12-01 08:04:29.893 1508 1637 I input_focus: [Focus request f7b0457 com.thundercomm.screensaver/android.service.dreams.DreamActivity,reason=UpdateInputWindows]
12-01 08:04:29.894 1508 2321 I GameModeConfig: isGameModeOn = false
12-01 08:04:29.894 1508 2321 I GameModeConfig: isGameModeOn = false
12-01 08:04:29.895 1508 2321 I GameModeConfig: isGameModeOn = false
12-01 08:04:29.895 1508 2321 I GameModeConfig: isGameModeOn = false
12-01 08:04:29.903 1508 2321 I GameModeConfig: isGameModeOn = false
12-01 08:04:29.907 1508 1666 V DisplayPowerController[0]: Brightness [1.0] reason changing to: 'manual', previous reason: 'manual [ dim ]'.
12-01 08:04:29.907 1508 1666 I sysui_multi_action: [757,1696,758,6,759,3]
12-01 08:04:29.910 1508 1633 I sysui_multi_action: [319,92,322,91,325,15088,757,761,758,8,759,2,806,com.thundercomm.screensaver,871,android.service.dreams.DreamActivity,904,com.thundercomm.screensaver,905,0,1320,8,1321,5]
12-01 08:04:29.910 1508 2356 E DisplayDeviceConfig: requesting nits when no mapping exists.
12-01 08:04:29.911 1508 2356 E DisplayDeviceConfig: requesting nits when no mapping exists.
12-01 08:04:29.911 1508 1633 I wm_activity_launch_time: [0,145697659,com.thundercomm.screensaver/android.service.dreams.DreamActivity,91]
12-01 08:04:29.911 1508 1648 I am_wtf : [0,1508,system_server,-1,DisplayDeviceConfig,requesting nits when no mapping exists.]
12-01 08:04:29.912 18856 18856 I sysui_multi_action: [757,111,758,2]
12-01 08:04:29.913 18856 18856 I sysui_multi_action: [757,111,758,2]
12-01 08:04:29.916 1508 1648 I am_wtf : [0,1508,system_server,-1,DisplayDeviceConfig,requesting nits when no mapping exists.]
12-01 08:04:29.917 1508 1508 I notification_enqueue: [10082,18856,com.android.systemui,2048,NULL,0,Notification(channel=updateNotification shortcut=null contentView=null vibrate=null sound=null defaults=0x0 flags=0x0 color=0x00000000 vis=PRIVATE),1]
12-01 08:04:29.925 1508 2356 E DisplayDeviceConfig: requesting nits when no mapping exists.
12-01 08:04:29.925 1508 2356 E DisplayDeviceConfig: requesting nits when no mapping exists.
12-01 08:04:29.927 1508 1648 I am_wtf : [0,1508,system_server,-1,DisplayDeviceConfig,requesting nits when no mapping exists.]
12-01 08:04:29.928 1508 1648 I am_wtf : [0,1508,system_server,-1,DisplayDeviceConfig,requesting nits when no mapping exists.]
12-01 08:04:29.936 18856 18856 I sysui_multi_action: [757,111,758,1]
12-01 08:04:29.936 18856 18856 I sysui_multi_action: [757,126,758,1,759,126,927,0,928,1,1593,0]
12-01 08:04:29.936 18856 18856 I sysui_multi_action: [757,113,758,1,759,113,927,1,928,1,1593,0]
12-01 08:04:29.937 18856 18856 I sysui_multi_action: [757,0,758,1,759,0,927,2,928,0,1593,0]
12-01 08:04:29.937 18856 18856 I sysui_multi_action: [757,0,758,1,759,0,927,3,928,0,1593,0]
12-01 08:04:29.937 18856 18856 I sysui_multi_action: [757,491,758,1,759,491,927,4,928,0,1311,-1,1593,0]
12-01 08:04:29.937 18856 18856 I sysui_multi_action: [757,0,758,1,759,0,927,5,928,0,1593,0]
12-01 08:04:29.937 18856 18856 I sysui_multi_action: [757,111,758,1]
12-01 08:04:29.938 18856 18856 I sysui_multi_action: [757,126,758,1,759,126,927,0,928,1,1593,0]
12-01 08:04:29.938 18856 18856 I sysui_multi_action: [757,113,758,1,759,113,927,1,928,1,1593,0]
12-01 08:04:29.938 18856 18856 I sysui_multi_action: [757,0,758,1,759,0,927,2,928,0,1593,0]
12-01 08:04:29.938 18856 18856 I sysui_multi_action: [757,0,758,1,759,0,927,3,928,0,1593,0]
12-01 08:04:29.942 1508 2356 E DisplayDeviceConfig: requesting nits when no mapping exists.
12-01 08:04:29.942 1508 2356 E DisplayDeviceConfig: requesting nits when no mapping exists.
12-01 08:04:29.943 1508 1648 I am_wtf : [0,1508,system_server,-1,DisplayDeviceConfig,requesting nits when no mapping exists.]
12-01 08:04:29.943 1508 2005 I input_focus: [Focus entering f7b0457 com.thundercomm.screensaver/android.service.dreams.DreamActivity (server),reason=Window became focusable. Previous reason: NOT_VISIBLE]
12-01 08:04:29.944 1508 1648 I am_wtf : [0,1508,system_server,-1,DisplayDeviceConfig,requesting nits when no mapping exists.]
12-01 08:04:29.953 22714 22730 W ContextImpl: Calling a method in the system process without a qualified user: android.app.ContextImpl.startService:1816 android.content.ContextWrapper.startService:774 com.thundercomm.gamemode.ingame.services.GameModeActionUtils.startGameModeService:93 com.thundercomm.gamemode.ingame.services.GameModeActionUtils.startGameModeEntry:21 com.thundercomm.gamemode.ingame.services.ActivityMonitoringService$1.onActivityLaunch:127
12-01 08:04:29.959 1508 2356 E DisplayDeviceConfig: requesting nits when no mapping exists.
12-01 08:04:29.960 1508 1508 I GameModeConfig: Current uri is uri = content://com.thundercomm.gamemode.api/gamemode_settings/gamemode_isgaming
12-01 08:04:29.962 1508 2356 E DisplayDeviceConfig: requesting nits when no mapping exists.
12-01 08:04:29.964 1508 1508 I GameModeConfig: isGameModeOn = false
12-01 08:04:29.964 1508 1508 I GameModeConfig: isGameModeOn = false
12-01 08:04:29.964 1508 1508 I GameModeConfig: isDisableVoice = true
12-01 08:04:29.966 1508 1648 I am_wtf : [0,1508,system_server,-1,DisplayDeviceConfig,requesting nits when no mapping exists.]
12-01 08:04:29.966 1508 1648 I am_wtf : [0,1508,system_server,-1,DisplayDeviceConfig,requesting nits when no mapping exists.]
12-01 08:04:29.978 1508 2356 E DisplayDeviceConfig: requesting nits when no mapping exists.
12-01 08:04:29.978 1508 2356 E DisplayDeviceConfig: requesting nits when no mapping exists.
12-01 08:04:29.978 1508 1648 I am_wtf : [0,1508,system_server,-1,DisplayDeviceConfig,requesting nits when no mapping exists.]
12-01 08:04:29.979 1508 1648 I am_wtf : [0,1508,system_server,-1,DisplayDeviceConfig,requesting nits when no mapping exists.]
12-01 08:04:29.992 1508 2356 E DisplayDeviceConfig: requesting nits when no mapping exists.
12-01 08:04:29.992 1508 2356 E DisplayDeviceConfig: requesting nits when no mapping exists.
12-01 08:04:29.992 1508 1648 I am_wtf : [0,1508,system_server,-1,DisplayDeviceConfig,requesting nits when no mapping exists.]
12-01 08:04:29.999 1508 1648 I am_wtf : [0,1508,system_server,-1,DisplayDeviceConfig,requesting nits when no mapping exists.]
12-01 08:04:30.008 1508 2356 E DisplayDeviceConfig: requesting nits when no mapping exists.
12-01 08:04:30.009 1508 2356 E DisplayDeviceConfig: requesting nits when no mapping exists.
12-01 08:04:30.009 1508 1648 I am_wtf : [0,1508,system_server,-1,DisplayDeviceConfig,requesting nits when no mapping exists.]
12-01 08:04:30.010 1508 1648 I am_wtf : [0,1508,system_server,-1,DisplayDeviceConfig,requesting nits when no mapping exists.]
12-01 08:04:30.027 1508 2356 E DisplayDeviceConfig: requesting nits when no mapping exists.
12-01 08:04:30.028 1508 2356 E DisplayDeviceConfig: requesting nits when no mapping exists.
12-01 08:04:30.028 1508 1648 I am_wtf : [0,1508,system_server,-1,DisplayDeviceConfig,requesting nits when no mapping exists.]
12-01 08:04:30.029 1508 1648 I am_wtf : [0,1508,system_server,-1,DisplayDeviceConfig,requesting nits when no mapping exists.]
12-01 08:04:30.042 1508 2356 E DisplayDeviceConfig: requesting nits when no mapping exists.
12-01 08:04:30.042 1508 2356 E DisplayDeviceConfig: requesting nits when no mapping exists.
12-01 08:04:30.045 1508 1648 I am_wtf : [0,1508,system_server,-1,DisplayDeviceConfig,requesting nits when no mapping exists.]
12-01 08:04:30.045 1508 1648 I am_wtf : [0,1508,system_server,-1,DisplayDeviceConfig,requesting nits when no mapping exists.]
12-01 08:04:30.062 1508 2356 E DisplayDeviceConfig: requesting nits when no mapping exists.
12-01 08:04:30.063 1508 1648 I am_wtf : [0,1508,system_server,-1,DisplayDeviceConfig,requesting nits when no mapping exists.]
12-01 08:04:30.063 1508 2356 E DisplayDeviceConfig: requesting nits when no mapping exists.
12-01 08:04:30.064 1508 1648 I am_wtf : [0,1508,system_server,-1,DisplayDeviceConfig,requesting nits when no mapping exists.]
12-01 08:04:30.077 1508 2356 E DisplayDeviceConfig: requesting nits when no mapping exists.
12-01 08:04:30.078 1508 2356 E DisplayDeviceConfig: requesting nits when no mapping exists.
12-01 08:04:30.079 1508 1648 I am_wtf : [0,1508,system_server,-1,DisplayDeviceConfig,requesting nits when no mapping exists.]
12-01 08:04:30.082 1508 1648 I am_wtf : [0,1508,system_server,-1,DisplayDeviceConfig,requesting nits when no mapping exists.]
12-01 08:04:30.092 1508 2356 E DisplayDeviceConfig: requesting nits when no mapping exists.
12-01 08:04:30.093 1508 2356 E DisplayDeviceConfig: requesting nits when no mapping exists.
12-01 08:04:30.093 1508 1648 I am_wtf : [0,1508,system_server,-1,DisplayDeviceConfig,requesting nits when no mapping exists.]
12-01 08:04:30.094 1508 1648 I am_wtf : [0,1508,system_server,-1,DisplayDeviceConfig,requesting nits when no mapping exists.]
12-01 08:04:30.109 1508 2356 E DisplayDeviceConfig: requesting nits when no mapping exists.
12-01 08:04:30.110 1508 2356 E DisplayDeviceConfig: requesting nits when no mapping exists.
12-01 08:04:30.110 1508 1648 I am_wtf : [0,1508,system_server,-1,DisplayDeviceConfig,requesting nits when no mapping exists.]
12-01 08:04:30.111 1508 1648 I am_wtf : [0,1508,system_server,-1,DisplayDeviceConfig,requesting nits when no mapping exists.]
12-01 08:04:30.118 1508 1508 I GameModeConfig: isGameModeOn = false
12-01 08:04:30.119 1508 1508 I sysui_multi_action: [757,1501,758,1,793,10591799,794,0,795,225,796,2048,806,com.android.systemui,857,updateNotification,858,3,947,0,1500,0,1688,1]
12-01 08:04:30.120 1508 1508 I sysui_multi_action: [757,804,799,note_interruptive,801,0,802,1]
12-01 08:04:30.120 1508 1508 I sysui_multi_action: [757,199,758,1,759,2,793,10591800,794,0,795,226,796,2048,806,com.android.systemui,857,updateNotification,858,3,947,0,1500,1,1688,1]
12-01 08:04:30.120 1508 1508 I notification_alert: [0|com.android.systemui|2048|null|10082,0,1,0]
12-01 08:04:30.136 1508 2356 E DisplayDeviceConfig: requesting nits when no mapping exists.
12-01 08:04:30.137 1508 2356 E DisplayDeviceConfig: requesting nits when no mapping exists.
12-01 08:04:30.137 1508 1648 I am_wtf : [0,1508,system_server,-1,DisplayDeviceConfig,requesting nits when no mapping exists.]
12-01 08:04:30.137 1508 1648 I am_wtf : [0,1508,system_server,-1,DisplayDeviceConfig,requesting nits when no mapping exists.]
12-01 08:04:30.143 1508 2356 E DisplayDeviceConfig: requesting nits when no mapping exists.
12-01 08:04:30.143 1508 1648 I am_wtf : [0,1508,system_server,-1,DisplayDeviceConfig,requesting nits when no mapping exists.]
12-01 08:04:30.143 1508 2356 E DisplayDeviceConfig: requesting nits when no mapping exists.
12-01 08:04:30.144 1508 1648 I am_wtf : [0,1508,system_server,-1,DisplayDeviceConfig,requesting nits when no mapping exists.]
12-01 08:04:30.162 1508 2356 E DisplayDeviceConfig: requesting nits when no mapping exists.
12-01 08:04:30.163 1508 2356 E DisplayDeviceConfig: requesting nits when no mapping exists.
12-01 08:04:30.163 1508 1648 I am_wtf : [0,1508,system_server,-1,DisplayDeviceConfig,requesting nits when no mapping exists.]
12-01 08:04:30.164 1508 1648 I am_wtf : [0,1508,system_server,-1,DisplayDeviceConfig,requesting nits when no mapping exists.]
12-01 08:04:30.176 1508 2356 E DisplayDeviceConfig: requesting nits when no mapping exists.
12-01 08:04:30.176 1508 2356 E DisplayDeviceConfig: requesting nits when no mapping exists.
12-01 08:04:30.177 1508 1648 I am_wtf : [0,1508,system_server,-1,DisplayDeviceConfig,requesting nits when no mapping exists.]
12-01 08:04:30.177 1508 1648 I am_wtf : [0,1508,system_server,-1,DisplayDeviceConfig,requesting nits when no mapping exists.]
12-01 08:04:30.193 1508 2356 E DisplayDeviceConfig: requesting nits when no mapping exists.
12-01 08:04:30.194 1508 2356 E DisplayDeviceConfig: requesting nits when no mapping exists.
12-01 08:04:30.198 1508 1636 I wm_stop_activity: [0,103113767,com.android.launcher3/.uioverrides.QuickstepLauncher]
12-01 08:04:30.200 1508 1648 I am_wtf : [0,1508,system_server,-1,DisplayDeviceConfig,requesting nits when no mapping exists.]
12-01 08:04:30.201 1508 1648 I am_wtf : [0,1508,system_server,-1,DisplayDeviceConfig,requesting nits when no mapping exists.]
12-01 08:04:30.212 1508 2356 E DisplayDeviceConfig: requesting nits when no mapping exists.
12-01 08:04:30.212 1508 2356 E DisplayDeviceConfig: requesting nits when no mapping exists.
12-01 08:04:30.213 1508 1648 I am_wtf : [0,1508,system_server,-1,DisplayDeviceConfig,requesting nits when no mapping exists.]
12-01 08:04:30.218 1508 1648 I am_wtf : [0,1508,system_server,-1,DisplayDeviceConfig,requesting nits when no mapping exists.]
12-01 08:04:30.226 1508 2356 E DisplayDeviceConfig: requesting nits when no mapping exists.
12-01 08:04:30.226 1508 2356 E DisplayDeviceConfig: requesting nits when no mapping exists.
12-01 08:04:30.226 1508 1648 I am_wtf : [0,1508,system_server,-1,DisplayDeviceConfig,requesting nits when no mapping exists.]
12-01 08:04:30.226 1508 1648 I am_wtf : [0,1508,system_server,-1,DisplayDeviceConfig,requesting nits when no mapping exists.]
12-01 08:04:30.236 2822 2822 I wm_on_stop_called: [103113767,com.android.launcher3.uioverrides.QuickstepLauncher,STOP_ACTIVITY_ITEM]
12-01 08:04:30.242 1508 2356 E DisplayDeviceConfig: requesting nits when no mapping exists.
12-01 08:04:30.243 1508 2356 E DisplayDeviceConfig: requesting nits when no mapping exists.
12-01 08:04:30.243 1508 1648 I am_wtf : [0,1508,system_server,-1,DisplayDeviceConfig,requesting nits when no mapping exists.]
12-01 08:04:30.244 1508 1648 I am_wtf : [0,1508,system_server,-1,DisplayDeviceConfig,requesting nits when no mapping exists.]
12-01 08:04:30.254 22714 22730 W ContextImpl: Calling a method in the system process without a qualified user: android.app.ContextImpl.startService:1816 android.content.ContextWrapper.startService:774 com.thundercomm.gamemode.ingame.services.GameModeActionUtils.startGameModeService:93 com.thundercomm.gamemode.ingame.services.GameModeActionUtils.startGameModeEntry:21 com.thundercomm.gamemode.ingame.services.ActivityMonitoringService$1.onActivityLaunch:127
12-01 08:04:30.257 1508 1508 I GameModeConfig: Current uri is uri = content://com.thundercomm.gamemode.api/gamemode_settings/gamemode_isgaming
12-01 08:04:30.259 1508 2356 E DisplayDeviceConfig: requesting nits when no mapping exists.
12-01 08:04:30.259 1508 1648 I am_wtf : [0,1508,system_server,-1,DisplayDeviceConfig,requesting nits when no mapping exists.]
12-01 08:04:30.260 1508 2356 E DisplayDeviceConfig: requesting nits when no mapping exists.
12-01 08:04:30.261 1508 1648 I am_wtf : [0,1508,system_server,-1,DisplayDeviceConfig,requesting nits when no mapping exists.]
12-01 08:04:30.262 1508 1508 I GameModeConfig: isGameModeOn = false
12-01 08:04:30.263 1508 1508 I GameModeConfig: isGameModeOn = false
12-01 08:04:30.263 1508 1508 I GameModeConfig: isDisableVoice = true
12-01 08:04:30.274 1508 2356 E DisplayDeviceConfig: requesting nits when no mapping exists.
12-01 08:04:30.274 1508 2356 E DisplayDeviceConfig: requesting nits when no mapping exists.
12-01 08:04:30.274 1508 1648 I am_wtf : [0,1508,system_server,-1,DisplayDeviceConfig,requesting nits when no mapping exists.]
12-01 08:04:30.275 1508 1648 I am_wtf : [0,1508,system_server,-1,DisplayDeviceConfig,requesting nits when no mapping exists.]
12-01 08:04:30.290 1508 2356 E DisplayDeviceConfig: requesting nits when no mapping exists.
12-01 08:04:30.290 1508 2356 E DisplayDeviceConfig: requesting nits when no mapping exists.
12-01 08:04:30.290 1508 1648 I am_wtf : [0,1508,system_server,-1,DisplayDeviceConfig,requesting nits when no mapping exists.]
12-01 08:04:30.291 1508 1648 I am_wtf : [0,1508,system_server,-1,DisplayDeviceConfig,requesting nits when no mapping exists.]
12-01 08:04:30.307 1508 2356 E DisplayDeviceConfig: requesting nits when no mapping exists.
12-01 08:04:30.307 1508 2356 E DisplayDeviceConfig: requesting nits when no mapping exists.
12-01 08:04:30.307 1508 1648 I am_wtf : [0,1508,system_server,-1,DisplayDeviceConfig,requesting nits when no mapping exists.]
12-01 08:04:30.308 1508 1648 I am_wtf : [0,1508,system_server,-1,DisplayDeviceConfig,requesting nits when no mapping exists.]
12-01 08:04:30.324 1508 2356 E DisplayDeviceConfig: requesting nits when no mapping exists.
12-01 08:04:30.324 1508 2356 E DisplayDeviceConfig: requesting nits when no mapping exists.
12-01 08:04:30.324 1508 1648 I am_wtf : [0,1508,system_server,-1,DisplayDeviceConfig,requesting nits when no mapping exists.]
12-01 08:04:30.325 1508 1648 I am_wtf : [0,1508,system_server,-1,DisplayDeviceConfig,requesting nits when no mapping exists.]
12-01 08:04:30.341 1508 2356 E DisplayDeviceConfig: requesting nits when no mapping exists.
12-01 08:04:30.341 1508 2356 E DisplayDeviceConfig: requesting nits when no mapping exists.
12-01 08:04:30.342 1508 1648 I am_wtf : [0,1508,system_server,-1,DisplayDeviceConfig,requesting nits when no mapping exists.]
12-01 08:04:30.343 1508 1648 I am_wtf : [0,1508,system_server,-1,DisplayDeviceConfig,requesting nits when no mapping exists.]
12-01 08:04:30.351 0 0 I auditd : type=1400 audit(0.0:16215): avc: denied { kill } for comm="swapper/3" capability=5 scontext=u:r:kernel:s0 tcontext=u:r:kernel:s0 tclass=capability permissive=0
12-01 08:04:30.357 1508 2356 E DisplayDeviceConfig: requesting nits when no mapping exists.
12-01 08:04:30.358 1508 1648 I am_wtf : [0,1508,system_server,-1,DisplayDeviceConfig,requesting nits when no mapping exists.]
12-01 08:04:30.358 1508 2356 E DisplayDeviceConfig: requesting nits when no mapping exists.
12-01 08:04:30.359 1508 1648 I am_wtf : [0,1508,system_server,-1,DisplayDeviceConfig,requesting nits when no mapping exists.]
12-01 08:04:30.374 1508 2356 E DisplayDeviceConfig: requesting nits when no mapping exists.
12-01 08:04:30.375 1508 1648 I am_wtf : [0,1508,system_server,-1,DisplayDeviceConfig,requesting nits when no mapping exists.]
12-01 08:04:30.375 1508 2356 E DisplayDeviceConfig: requesting nits when no mapping exists.
12-01 08:04:30.376 1508 1648 I am_wtf : [0,1508,system_server,-1,DisplayDeviceConfig,requesting nits when no mapping exists.]
12-01 08:04:30.391 1508 2356 E DisplayDeviceConfig: requesting nits when no mapping exists.
12-01 08:04:30.391 1508 2356 E DisplayDeviceConfig: requesting nits when no mapping exists.
12-01 08:04:30.391 1508 1648 I am_wtf : [0,1508,system_server,-1,DisplayDeviceConfig,requesting nits when no mapping exists.]
12-01 08:04:30.393 1508 1648 I service_manager_stats: [100,76,6935]
12-01 08:04:30.393 1508 1648 I am_wtf : [0,1508,system_server,-1,DisplayDeviceConfig,requesting nits when no mapping exists.]
12-01 08:04:30.407 1508 2356 E DisplayDeviceConfig: requesting nits when no mapping exists.
12-01 08:04:30.408 1508 2356 E DisplayDeviceConfig: requesting nits when no mapping exists.
12-01 08:04:30.408 1508 1648 I am_wtf : [0,1508,system_server,-1,DisplayDeviceConfig,requesting nits when no mapping exists.]
12-01 08:04:30.409 1508 1648 I am_wtf : [0,1508,system_server,-1,DisplayDeviceConfig,requesting nits when no mapping exists.]
12-01 08:04:30.426 1508 2356 E DisplayDeviceConfig: requesting nits when no mapping exists.
12-01 08:04:30.426 1508 2356 E DisplayDeviceConfig: requesting nits when no mapping exists.
12-01 08:04:30.427 1508 1648 I am_wtf : [0,1508,system_server,-1,DisplayDeviceConfig,requesting nits when no mapping exists.]
12-01 08:04:30.427 1508 1648 I am_wtf : [0,1508,system_server,-1,DisplayDeviceConfig,requesting nits when no mapping exists.]
12-01 08:04:30.441 1508 2356 E DisplayDeviceConfig: requesting nits when no mapping exists.
12-01 08:04:30.441 1508 2356 E DisplayDeviceConfig: requesting nits when no mapping exists.
12-01 08:04:30.441 1508 1648 I am_wtf : [0,1508,system_server,-1,DisplayDeviceConfig,requesting nits when no mapping exists.]
12-01 08:04:30.443 1508 1648 I am_wtf : [0,1508,system_server,-1,DisplayDeviceConfig,requesting nits when no mapping exists.]
12-01 08:04:30.457 1508 2356 E DisplayDeviceConfig: requesting nits when no mapping exists.
12-01 08:04:30.458 1508 2356 E DisplayDeviceConfig: requesting nits when no mapping exists.
12-01 08:04:30.459 1508 1648 I am_wtf : [0,1508,system_server,-1,DisplayDeviceConfig,requesting nits when no mapping exists.]
12-01 08:04:30.460 1508 1648 I am_wtf : [0,1508,system_server,-1,DisplayDeviceConfig,requesting nits when no mapping exists.]
12-01 08:04:30.474 1508 2356 E DisplayDeviceConfig: requesting nits when no mapping exists.
12-01 08:04:30.475 1508 1648 I am_wtf : [0,1508,system_server,-1,DisplayDeviceConfig,requesting nits when no mapping exists.]
12-01 08:04:30.475 1508 2356 E DisplayDeviceConfig: requesting nits when no mapping exists.
12-01 08:04:30.476 1508 1648 I am_wtf : [0,1508,system_server,-1,DisplayDeviceConfig,requesting nits when no mapping exists.]
12-01 08:04:30.493 1508 2356 E DisplayDeviceConfig: requesting nits when no mapping exists.
12-01 08:04:30.494 1508 1648 I am_wtf : [0,1508,system_server,-1,DisplayDeviceConfig,requesting nits when no mapping exists.]
12-01 08:04:30.494 1508 2356 E DisplayDeviceConfig: requesting nits when no mapping exists.
12-01 08:04:30.495 1508 1648 I am_wtf : [0,1508,system_server,-1,DisplayDeviceConfig,requesting nits when no mapping exists.]
12-01 08:04:30.508 1508 2356 E DisplayDeviceConfig: requesting nits when no mapping exists.
12-01 08:04:30.509 1508 2356 E DisplayDeviceConfig: requesting nits when no mapping exists.
12-01 08:04:30.509 1508 1648 I am_wtf : [0,1508,system_server,-1,DisplayDeviceConfig,requesting nits when no mapping exists.]
12-01 08:04:30.510 1508 1648 I am_wtf : [0,1508,system_server,-1,DisplayDeviceConfig,requesting nits when no mapping exists.]
12-01 08:04:30.515 1508 1648 I am_uid_idle: 10064
12-01 08:04:30.526 1508 2356 E DisplayDeviceConfig: requesting nits when no mapping exists.
12-01 08:04:30.527 1508 1648 I am_wtf : [0,1508,system_server,-1,DisplayDeviceConfig,requesting nits when no mapping exists.]
12-01 08:04:30.528 1508 2356 E DisplayDeviceConfig: requesting nits when no mapping exists.
12-01 08:04:30.528 1508 1648 I am_wtf : [0,1508,system_server,-1,DisplayDeviceConfig,requesting nits when no mapping exists.]
12-01 08:04:30.543 1508 2356 E DisplayDeviceConfig: requesting nits when no mapping exists.
12-01 08:04:30.543 1508 2356 E DisplayDeviceConfig: requesting nits when no mapping exists.
12-01 08:04:30.543 1508 1648 I am_wtf : [0,1508,system_server,-1,DisplayDeviceConfig,requesting nits when no mapping exists.]
12-01 08:04:30.544 1508 1648 I am_wtf : [0,1508,system_server,-1,DisplayDeviceConfig,requesting nits when no mapping exists.]
12-01 08:04:30.558 1508 2356 E DisplayDeviceConfig: requesting nits when no mapping exists.
12-01 08:04:30.558 1508 2356 E DisplayDeviceConfig: requesting nits when no mapping exists.
12-01 08:04:30.558 1508 1648 I am_wtf : [0,1508,system_server,-1,DisplayDeviceConfig,requesting nits when no mapping exists.]
12-01 08:04:30.560 1508 1648 I am_wtf : [0,1508,system_server,-1,DisplayDeviceConfig,requesting nits when no mapping exists.]
12-01 08:04:30.574 1508 2356 E DisplayDeviceConfig: requesting nits when no mapping exists.
12-01 08:04:30.575 1508 2356 E DisplayDeviceConfig: requesting nits when no mapping exists.
12-01 08:04:30.575 1508 1648 I am_wtf : [0,1508,system_server,-1,DisplayDeviceConfig,requesting nits when no mapping exists.]
12-01 08:04:30.576 1508 1648 I am_wtf : [0,1508,system_server,-1,DisplayDeviceConfig,requesting nits when no mapping exists.]
12-01 08:04:30.591 1508 2356 E DisplayDeviceConfig: requesting nits when no mapping exists.
12-01 08:04:30.593 1508 1648 I am_wtf : [0,1508,system_server,-1,DisplayDeviceConfig,requesting nits when no mapping exists.]
12-01 08:04:30.594 1508 2356 E DisplayDeviceConfig: requesting nits when no mapping exists.
12-01 08:04:30.595 1508 1648 I am_wtf : [0,1508,system_server,-1,DisplayDeviceConfig,requesting nits when no mapping exists.]
12-01 08:04:30.608 1508 2356 E DisplayDeviceConfig: requesting nits when no mapping exists.
12-01 08:04:30.609 1508 2356 E DisplayDeviceConfig: requesting nits when no mapping exists.
12-01 08:04:30.609 1508 1648 I am_wtf : [0,1508,system_server,-1,DisplayDeviceConfig,requesting nits when no mapping exists.]
12-01 08:04:30.610 1508 1648 I am_wtf : [0,1508,system_server,-1,DisplayDeviceConfig,requesting nits when no mapping exists.]
12-01 08:04:30.625 1508 2356 E DisplayDeviceConfig: requesting nits when no mapping exists.
12-01 08:04:30.625 1508 1648 I am_wtf : [0,1508,system_server,-1,DisplayDeviceConfig,requesting nits when no mapping exists.]
12-01 08:04:30.625 1508 2356 E DisplayDeviceConfig: requesting nits when no mapping exists.
12-01 08:04:30.627 1508 1648 I am_wtf : [0,1508,system_server,-1,DisplayDeviceConfig,requesting nits when no mapping exists.]
12-01 08:04:30.641 1508 2356 E DisplayDeviceConfig: requesting nits when no mapping exists.
12-01 08:04:30.642 1508 2356 E DisplayDeviceConfig: requesting nits when no mapping exists.
12-01 08:04:30.642 1508 1648 I am_wtf : [0,1508,system_server,-1,DisplayDeviceConfig,requesting nits when no mapping exists.]
12-01 08:04:30.643 1508 1648 I am_wtf : [0,1508,system_server,-1,DisplayDeviceConfig,requesting nits when no mapping exists.]
12-01 08:04:30.658 1508 2356 E DisplayDeviceConfig: requesting nits when no mapping exists.
12-01 08:04:30.659 1508 2356 E DisplayDeviceConfig: requesting nits when no mapping exists.
12-01 08:04:30.659 1508 1648 I am_wtf : [0,1508,system_server,-1,DisplayDeviceConfig,requesting nits when no mapping exists.]
12-01 08:04:30.661 1508 1648 I am_wtf : [0,1508,system_server,-1,DisplayDeviceConfig,requesting nits when no mapping exists.]
12-01 08:04:30.675 1508 2356 E DisplayDeviceConfig: requesting nits when no mapping exists.
12-01 08:04:30.675 1508 1648 I am_wtf : [0,1508,system_server,-1,DisplayDeviceConfig,requesting nits when no mapping exists.]
12-01 08:04:30.676 1508 2356 E DisplayDeviceConfig: requesting nits when no mapping exists.
12-01 08:04:30.676 1508 1648 I am_wtf : [0,1508,system_server,-1,DisplayDeviceConfig,requesting nits when no mapping exists.]
12-01 08:04:30.693 1508 2356 E DisplayDeviceConfig: requesting nits when no mapping exists.
12-01 08:04:30.694 1508 2356 E DisplayDeviceConfig: requesting nits when no mapping exists.
12-01 08:04:30.694 1508 1648 I am_wtf : [0,1508,system_server,-1,DisplayDeviceConfig,requesting nits when no mapping exists.]
12-01 08:04:30.695 1508 1648 I am_wtf : [0,1508,system_server,-1,DisplayDeviceConfig,requesting nits when no mapping exists.]
12-01 08:04:30.708 1508 2356 E DisplayDeviceConfig: requesting nits when no mapping exists.
12-01 08:04:30.708 1508 2356 E DisplayDeviceConfig: requesting nits when no mapping exists.
12-01 08:04:30.708 1508 1648 I am_wtf : [0,1508,system_server,-1,DisplayDeviceConfig,requesting nits when no mapping exists.]
12-01 08:04:30.709 1508 1648 I am_wtf : [0,1508,system_server,-1,DisplayDeviceConfig,requesting nits when no mapping exists.]
12-01 08:04:30.728 1508 2356 E DisplayDeviceConfig: requesting nits when no mapping exists.
