12-01 08:05:34.828 1508 1508 I notification_alert: [0|com.android.systemui|2048|null|10082,0,1,0]
12-01 08:05:35.050 1508 1636 I wm_stop_activity: [0,176886646,com.android.documentsui/.files.FilesActivity]
12-01 08:05:35.065 26112 26112 I wm_on_stop_called: [176886646,com.android.documentsui.files.FilesActivity,STOP_ACTIVITY_ITEM]
12-01 08:05:35.093 22714 22730 W ContextImpl: Calling a method in the system process without a qualified user: android.app.ContextImpl.startService:1816 android.content.ContextWrapper.startService:774 com.thundercomm.gamemode.ingame.services.GameModeActionUtils.startGameModeService:93 com.thundercomm.gamemode.ingame.services.GameModeActionUtils.startGameModeEntry:21 com.thundercomm.gamemode.ingame.services.ActivityMonitoringService$1.onActivityLaunch:127
12-01 08:05:35.096 1508 1508 I GameModeConfig: Current uri is uri = content://com.thundercomm.gamemode.api/gamemode_settings/gamemode_isgaming
12-01 08:05:35.100 1508 1508 I GameModeConfig: isGameModeOn = false
12-01 08:05:35.101 1508 1508 I GameModeConfig: isGameModeOn = false
12-01 08:05:35.101 1508 1508 I GameModeConfig: isDisableVoice = true
12-01 08:05:35.351 0 0 I auditd : type=1400 audit(0.0:16272): avc: denied { kill } for comm="swapper/0" capability=5 scontext=u:r:kernel:s0 tcontext=u:r:kernel:s0 tclass=capability permissive=0
12-01 08:05:36.351 352 352 I auditd : type=1400 audit(0.0:16273): avc: denied { kill } for comm="irq/382-atmel_m" capability=5 scontext=u:r:kernel:s0 tcontext=u:r:kernel:s0 tclass=capability permissive=0
12-01 08:05:37.126 1508 2005 I input_interaction: Interaction with: f58f4a2 com.android.gallery3d/com.android.gallery3d.app.GalleryActivity (server), edge-swipe (server), swipe-up (server), PointerEventDispatcher0 (server),
12-01 08:05:37.145 1508 8164 I wm_task_moved: [1,0,0]
12-01 08:05:37.145 1508 8164 I wm_task_moved: [1,0,9]
12-01 08:05:37.151 2822 2822 I wm_on_restart_called: [103113767,com.android.launcher3.uioverrides.QuickstepLauncher,performRestartActivity]
12-01 08:05:37.174 22714 22730 W ContextImpl: Calling a method in the system process without a qualified user: android.app.ContextImpl.startService:1816 android.content.ContextWrapper.startService:774 com.thundercomm.gamemode.ingame.services.GameModeActionUtils.startGameModeService:93 com.thundercomm.gamemode.ingame.services.GameModeActionUtils.startGameModeEntry:21 com.thundercomm.gamemode.ingame.services.ActivityMonitoringService$1.onActivityLaunch:127
12-01 08:05:37.181 1508 1508 I GameModeConfig: Current uri is uri = content://com.thundercomm.gamemode.api/gamemode_settings/gamemode_isgaming
12-01 08:05:37.184 1508 1508 I GameModeConfig: isGameModeOn = false
12-01 08:05:37.184 1508 1508 I GameModeConfig: isGameModeOn = false
12-01 08:05:37.184 1508 1508 I GameModeConfig: isDisableVoice = true
12-01 08:05:37.194 2822 2822 I wm_on_start_called: [103113767,com.android.launcher3.uioverrides.QuickstepLauncher,handleStartActivity]
12-01 08:05:37.196 1508 9856 W ActivityTaskManager: getTaskSnapshot: taskId=1249 not found
12-01 08:05:37.221 2822 2822 I sysui_latency: [1,81]
12-01 08:05:37.223 22978 22978 I view_enqueue_input_event: [Motion - Cancel,com.android.gallery3d/com.android.gallery3d.app.GalleryActivity]
12-01 08:05:37.225 1508 1633 I sysui_multi_action: [319,11,322,68,325,15155,757,761,758,9,759,5,806,com.android.launcher3,871,com.android.launcher3.uioverrides.QuickstepLauncher,905,0,1320,8,1321,5]
12-01 08:05:37.227 1508 2005 I input_interaction: Interaction with: edge-swipe (server), swipe-up (server), PointerEventDispatcher0 (server),
12-01 08:05:37.230 1508 1637 I input_focus: [Focus request recents_animation_input_consumer,reason=UpdateInputWindows]
12-01 08:05:37.233 1508 9618 W ActivityTaskManager: getTaskSnapshot: taskId=1249 not found
12-01 08:05:37.258 1508 2005 I input_focus: [Focus leaving f58f4a2 com.android.gallery3d/com.android.gallery3d.app.GalleryActivity (server),reason=NOT_FOCUSABLE]
12-01 08:05:37.258 1508 2005 I input_focus: [Focus entering recents_animation_input_consumer (server),reason=setFocusedWindow]
12-01 08:05:37.403 1508 1754 I commit_sys_config_file: [settings-1-0,12]
12-01 08:05:37.515 1508 1647 I sysui_latency: [8,81]
12-01 08:05:37.554 1508 3862 E TaskPersister: File error accessing recents directory (directory doesn't exist?).
12-01 08:05:37.931 1508 6335 I wm_task_moved: [1,1,10]
12-01 08:05:37.934 1508 6335 I wm_task_moved: [10,1,2147483647]
12-01 08:05:37.934 1508 6335 I wm_task_to_front: [0,10]
12-01 08:05:37.934 22978 22978 I wm_on_top_resumed_lost_called: [109176394,com.android.gallery3d.app.GalleryActivity,topStateChangedWhenResumed]
12-01 08:05:37.934 1508 6335 I wm_focused_root_task: [0,0,1,264,RecentsAnimation.onAnimationFinished()]
12-01 08:05:37.934 1508 6335 I wm_set_resumed_activity: [0,com.android.launcher3/.uioverrides.QuickstepLauncher,RecentsAnimation.onAnimationFinished()]
12-01 08:05:37.936 1508 6335 I wm_pause_activity: [0,109176394,com.android.gallery3d/.app.GalleryActivity,userLeaving=true,pauseBackTasks]
12-01 08:05:37.937 1508 6335 I wm_add_to_stopping: [0,109176394,com.android.gallery3d/.app.GalleryActivity,makeInvisible]
12-01 08:05:37.937 1508 6335 I ActivityTaskManager: FOREGROUND_APPLICATION_CHANGED to com.android.launcher3.uioverrides.QuickstepLauncher
12-01 08:05:37.937 1508 6335 I wm_set_resumed_activity: [0,com.android.launcher3/.uioverrides.QuickstepLauncher,resumeTopActivityInnerLocked]
12-01 08:05:37.940 1508 6335 I wm_resume_activity: [0,103113767,10,com.android.launcher3/.uioverrides.QuickstepLauncher]
12-01 08:05:37.942 2822 2822 I wm_on_resume_called: [103113767,com.android.launcher3.uioverrides.QuickstepLauncher,RESUME_ACTIVITY]
12-01 08:05:37.950 1508 1637 I input_focus: [Focus request 9ddf785 com.android.launcher3/com.android.launcher3.uioverrides.QuickstepLauncher,reason=UpdateInputWindows]
12-01 08:05:37.959 1508 2005 I input_focus: [Focus leaving recents_animation_input_consumer (server),reason=NOT_VISIBLE]
12-01 08:05:37.960 1508 9618 I wm_stop_activity: [0,109176394,com.android.gallery3d/.app.GalleryActivity]
12-01 08:05:37.960 1508 2005 I input_focus: [Focus entering 9ddf785 com.android.launcher3/com.android.launcher3.uioverrides.QuickstepLauncher (server),reason=setFocusedWindow]
12-01 08:05:37.963 1508 1636 I sysui_multi_action: [757,803,799,window_time_0,802,3]
12-01 08:05:37.967 2822 2822 I wm_on_top_resumed_gained_called: [103113767,com.android.launcher3.uioverrides.QuickstepLauncher,topStateChangedWhenResumed]
12-01 08:05:37.969 22978 22978 I wm_on_paused_called: [109176394,com.android.gallery3d.app.GalleryActivity,performPause]
12-01 08:05:37.970 1508 1636 I sysui_multi_action: [757,803,799,window_time_0,802,0]
12-01 08:05:37.979 22978 22978 I wm_on_stop_called: [109176394,com.android.gallery3d.app.GalleryActivity,STOP_ACTIVITY_ITEM]
12-01 08:05:38.009 22714 22730 W ContextImpl: Calling a method in the system process without a qualified user: android.app.ContextImpl.startService:1816 android.content.ContextWrapper.startService:774 com.thundercomm.gamemode.ingame.services.GameModeActionUtils.startGameModeService:93 com.thundercomm.gamemode.ingame.services.GameModeActionUtils.startGameModeEntry:21 com.thundercomm.gamemode.ingame.services.ActivityMonitoringService$1.onActivityLaunch:127
12-01 08:05:38.012 1508 1508 I GameModeConfig: Current uri is uri = content://com.thundercomm.gamemode.api/gamemode_settings/gamemode_isgaming
12-01 08:05:38.013 1508 1508 I GameModeConfig: isGameModeOn = false
12-01 08:05:38.014 1508 1508 I GameModeConfig: isGameModeOn = false
12-01 08:05:38.014 1508 1508 I GameModeConfig: isDisableVoice = true
12-01 08:05:38.061 22714 22730 W ContextImpl: Calling a method in the system process without a qualified user: android.app.ContextImpl.startService:1816 android.content.ContextWrapper.startService:774 com.thundercomm.gamemode.ingame.services.GameModeActionUtils.startGameModeService:93 com.thundercomm.gamemode.ingame.services.GameModeActionUtils.startGameModeEntry:21 com.thundercomm.gamemode.ingame.services.ActivityMonitoringService$1.onActivityLaunch:127
12-01 08:05:38.073 1508 1508 I GameModeConfig: Current uri is uri = content://com.thundercomm.gamemode.api/gamemode_settings/gamemode_isgaming
12-01 08:05:38.075 1508 1508 I GameModeConfig: isGameModeOn = false
12-01 08:05:38.075 1508 1508 I GameModeConfig: isGameModeOn = false
12-01 08:05:38.075 1508 1508 I GameModeConfig: isDisableVoice = true
12-01 08:05:38.351 0 0 I auditd : type=1400 audit(0.0:16274): avc: denied { kill } for comm="swapper/3" capability=5 scontext=u:r:kernel:s0 tcontext=u:r:kernel:s0 tclass=capability permissive=0
12-01 08:05:39.351 0 0 I auditd : type=1400 audit(0.0:16275): avc: denied { kill } for comm="swapper/3" capability=5 scontext=u:r:kernel:s0 tcontext=u:r:kernel:s0 tclass=capability permissive=0
12-01 08:05:39.559 1508 2005 I input_interaction: Interaction with: 9ddf785 com.android.launcher3/com.android.launcher3.uioverrides.QuickstepLauncher (server), 3a03b88 com.android.systemui.ImageWallpaper (server), edge-swipe (server), swipe-up (server), PointerEventDispatcher0 (server),
12-01 08:05:39.631 1508 9618 I ActivityTaskManager: START u0 {act=android.intent.action.MAIN cat=[android.intent.category.LAUNCHER] flg=0x10200000 cmp=com.android.gallery3d/.app.GalleryActivity bnds=[2308,140][2494,340]} from uid 10076
12-01 08:05:39.633 1508 9618 I wm_task_moved: [261,1,10]
12-01 08:05:39.633 1508 9618 I wm_task_to_front: [0,261]
12-01 08:05:39.634 1508 9618 I wm_focused_root_task: [0,0,261,1,bringingFoundTaskToFront]
12-01 08:05:39.638 1508 9618 I wm_set_resumed_activity: [0,com.android.gallery3d/.app.GalleryActivity,bringingFoundTaskToFront]
12-01 08:05:39.641 1508 9618 I wm_pause_activity: [0,103113767,com.android.launcher3/.uioverrides.QuickstepLauncher,userLeaving=true,pauseBackTasks]
12-01 08:05:39.648 2822 2822 I wm_on_top_resumed_lost_called: [103113767,com.android.launcher3.uioverrides.QuickstepLauncher,topStateChangedWhenResumed]
12-01 08:05:39.655 2822 2822 I wm_on_paused_called: [103113767,com.android.launcher3.uioverrides.QuickstepLauncher,performPause]
12-01 08:05:39.656 1508 9618 I ActivityTaskManager: FOREGROUND_APPLICATION_CHANGED to com.android.gallery3d.app.GalleryActivity
12-01 08:05:39.657 1508 9618 I wm_set_resumed_activity: [0,com.android.gallery3d/.app.GalleryActivity,resumeTopActivityInnerLocked]
12-01 08:05:39.657 1508 9618 I wm_add_to_stopping: [0,103113767,com.android.launcher3/.uioverrides.QuickstepLauncher,makeInvisible]
12-01 08:05:39.659 1508 9618 I wm_resume_activity: [0,70645653,261,com.android.gallery3d/.app.GalleryActivity]
12-01 08:05:39.667 1508 1636 I sysui_multi_action: [757,803,799,window_time_0,802,2]
12-01 08:05:39.677 1508 2005 I input_focus: [Focus leaving 9ddf785 com.android.launcher3/com.android.launcher3.uioverrides.QuickstepLauncher (server),reason=NO_WINDOW]
12-01 08:05:39.684 22978 22978 I wm_on_restart_called: [70645653,com.android.gallery3d.app.GalleryActivity,performRestartActivity]
12-01 08:05:39.686 22978 22978 I wm_on_start_called: [70645653,com.android.gallery3d.app.GalleryActivity,handleStartActivity]
12-01 08:05:39.691 22978 22978 I wm_on_resume_called: [70645653,com.android.gallery3d.app.GalleryActivity,RESUME_ACTIVITY]
12-01 08:05:39.691 22978 22978 I wm_on_top_resumed_gained_called: [70645653,com.android.gallery3d.app.GalleryActivity,topWhenResuming]
12-01 08:05:39.694 22714 22730 W ContextImpl: Calling a method in the system process without a qualified user: android.app.ContextImpl.startService:1816 android.content.ContextWrapper.startService:774 com.thundercomm.gamemode.ingame.services.GameModeActionUtils.startGameModeService:93 com.thundercomm.gamemode.ingame.services.GameModeActionUtils.startGameModeEntry:21 com.thundercomm.gamemode.ingame.services.ActivityMonitoringService$1.onActivityLaunch:127
12-01 08:05:39.700 1508 1508 I GameModeConfig: Current uri is uri = content://com.thundercomm.gamemode.api/gamemode_settings/gamemode_isgaming
12-01 08:05:39.702 1508 1508 I GameModeConfig: isGameModeOn = false
12-01 08:05:39.703 1508 1508 I GameModeConfig: isGameModeOn = false
12-01 08:05:39.703 1508 1508 I GameModeConfig: isDisableVoice = true
12-01 08:05:39.712 1508 1637 I input_focus: [Focus request a368768 com.android.gallery3d/com.android.gallery3d.app.GalleryActivity,reason=UpdateInputWindows]
12-01 08:05:39.715 1508 2321 I GameModeConfig: isGameModeOn = false
12-01 08:05:39.717 1508 2321 I GameModeConfig: isGameModeOn = false
12-01 08:05:39.717 1508 2321 I GameModeConfig: isGameModeOn = false
12-01 08:05:39.717 1508 2321 I GameModeConfig: isGameModeOn = false
12-01 08:05:39.717 1508 2321 I GameModeConfig: isGameModeOn = false
12-01 08:05:39.718 1508 1508 I notification_enqueue: [10082,18856,com.android.systemui,2048,NULL,0,Notification(channel=updateNotification shortcut=null contentView=null vibrate=null sound=null defaults=0x0 flags=0x0 color=0x00000000 vis=PRIVATE),1]
12-01 08:05:39.719 18856 18856 I sysui_multi_action: [757,111,758,2]
12-01 08:05:39.720 18856 18856 I sysui_multi_action: [757,111,758,2]
12-01 08:05:39.734 1508 1633 I sysui_multi_action: [319,43,321,39,322,99,325,15158,757,761,758,9,759,4,806,com.android.gallery3d,871,com.android.gallery3d.app.GalleryActivity,904,com.android.launcher3,905,0,1320,8,1321,5]
12-01 08:05:39.742 18856 18856 I sysui_multi_action: [757,111,758,1]
12-01 08:05:39.742 18856 18856 I sysui_multi_action: [757,126,758,1,759,126,927,0,928,1,1593,0]
12-01 08:05:39.742 18856 18856 I sysui_multi_action: [757,113,758,1,759,113,927,1,928,1,1593,0]
12-01 08:05:39.742 18856 18856 I sysui_multi_action: [757,0,758,1,759,0,927,2,928,0,1593,0]
12-01 08:05:39.742 18856 18856 I sysui_multi_action: [757,0,758,1,759,0,927,3,928,0,1593,0]
12-01 08:05:39.742 18856 18856 I sysui_multi_action: [757,491,758,1,759,491,927,4,928,0,1311,-1,1593,0]
12-01 08:05:39.742 18856 18856 I sysui_multi_action: [757,0,758,1,759,0,927,5,928,0,1593,0]
12-01 08:05:39.742 18856 18856 I sysui_multi_action: [757,111,758,1]
12-01 08:05:39.742 18856 18856 I sysui_multi_action: [757,126,758,1,759,126,927,0,928,1,1593,0]
12-01 08:05:39.742 18856 18856 I sysui_multi_action: [757,113,758,1,759,113,927,1,928,1,1593,0]
12-01 08:05:39.742 18856 18856 I sysui_multi_action: [757,0,758,1,759,0,927,2,928,0,1593,0]
12-01 08:05:39.742 18856 18856 I sysui_multi_action: [757,0,758,1,759,0,927,3,928,0,1593,0]
12-01 08:05:39.745 1508 2005 I input_focus: [Focus entering a368768 com.android.gallery3d/com.android.gallery3d.app.GalleryActivity (server),reason=setFocusedWindow]
12-01 08:05:39.770 22714 22730 W ContextImpl: Calling a method in the system process without a qualified user: android.app.ContextImpl.startService:1816 android.content.ContextWrapper.startService:774 com.thundercomm.gamemode.ingame.services.GameModeActionUtils.startGameModeService:93 com.thundercomm.gamemode.ingame.services.GameModeActionUtils.startGameModeEntry:21 com.thundercomm.gamemode.ingame.services.ActivityMonitoringService$1.onActivityLaunch:127
12-01 08:05:39.774 1508 1508 I GameModeConfig: Current uri is uri = content://com.thundercomm.gamemode.api/gamemode_settings/gamemode_isgaming
12-01 08:05:39.776 1508 1508 I GameModeConfig: isGameModeOn = false
12-01 08:05:39.776 1508 1508 I GameModeConfig: isGameModeOn = false
12-01 08:05:39.776 1508 1508 I GameModeConfig: isDisableVoice = true
12-01 08:05:39.920 1508 1508 I GameModeConfig: isGameModeOn = false
12-01 08:05:39.921 1508 1508 I sysui_multi_action: [757,1501,758,1,793,10661601,794,0,795,205,796,2048,806,com.android.systemui,857,updateNotification,858,3,947,0,1500,0,1688,1]
12-01 08:05:39.922 1508 1508 I sysui_multi_action: [757,804,799,note_interruptive,801,0,802,1]
12-01 08:05:39.922 1508 1508 I sysui_multi_action: [757,199,758,1,759,2,793,10661602,794,0,795,206,796,2048,806,com.android.systemui,857,updateNotification,858,3,947,0,1500,1,1688,1]
12-01 08:05:39.922 1508 1508 I notification_alert: [0|com.android.systemui|2048|null|10082,0,1,0]
12-01 08:05:40.219 1508 1636 I wm_stop_activity: [0,103113767,com.android.launcher3/.uioverrides.QuickstepLauncher]
12-01 08:05:40.244 2822 2822 I wm_on_stop_called: [103113767,com.android.launcher3.uioverrides.QuickstepLauncher,STOP_ACTIVITY_ITEM]
12-01 08:05:40.262 22714 22730 W ContextImpl: Calling a method in the system process without a qualified user: android.app.ContextImpl.startService:1816 android.content.ContextWrapper.startService:774 com.thundercomm.gamemode.ingame.services.GameModeActionUtils.startGameModeService:93 com.thundercomm.gamemode.ingame.services.GameModeActionUtils.startGameModeEntry:21 com.thundercomm.gamemode.ingame.services.ActivityMonitoringService$1.onActivityLaunch:127
12-01 08:05:40.267 1508 1508 I GameModeConfig: Current uri is uri = content://com.thundercomm.gamemode.api/gamemode_settings/gamemode_isgaming
12-01 08:05:40.270 1508 1508 I GameModeConfig: isGameModeOn = false
12-01 08:05:40.271 1508 1508 I GameModeConfig: isGameModeOn = false
12-01 08:05:40.271 1508 1508 I GameModeConfig: isDisableVoice = true
12-01 08:05:40.351 0 0 I auditd : type=1400 audit(0.0:16276): avc: denied { kill } for comm="swapper/3" capability=5 scontext=u:r:kernel:s0 tcontext=u:r:kernel:s0 tclass=capability permissive=0
12-01 08:05:42.151 1508 2005 I input_interaction: Interaction with: a368768 com.android.gallery3d/com.android.gallery3d.app.GalleryActivity (server), edge-swipe (server), swipe-up (server), PointerEventDispatcher0 (server),
12-01 08:05:42.284 22978 22978 I menu_item_selected: [0,t]
12-01 08:05:42.351 0 0 I auditd : type=1400 audit(0.0:16277): avc: denied { kill } for comm="swapper/1" capability=5 scontext=u:r:kernel:s0 tcontext=u:r:kernel:s0 tclass=capability permissive=0
12-01 08:05:42.666 1508 3862 E TaskPersister: File error accessing recents directory (directory doesn't exist?).
12-01 08:05:44.351 0 0 I auditd : type=1400 audit(0.0:16278): avc: denied { kill } for comm="swapper/1" capability=5 scontext=u:r:kernel:s0 tcontext=u:r:kernel:s0 tclass=capability permissive=0
12-01 08:05:44.729 22978 22978 I menu_item_selected: [0,t]
12-01 08:05:44.852 1508 2321 I GameModeConfig: isGameModeOn = false
12-01 08:05:46.351 0 0 I auditd : type=1400 audit(0.0:16279): avc: denied { kill } for comm="swapper/1" capability=5 scontext=u:r:kernel:s0 tcontext=u:r:kernel:s0 tclass=capability permissive=0
12-01 08:05:47.351 0 0 I auditd : type=1400 audit(0.0:16280): avc: denied { kill } for comm="swapper/1" capability=5 scontext=u:r:kernel:s0 tcontext=u:r:kernel:s0 tclass=capability permissive=0
12-01 08:05:48.220 1508 2305 I netstats_mobile_sample: [0,0,0,0,0,0,0,0,0,0,0,0,1669853148219]
12-01 08:05:48.220 1508 2305 I netstats_wifi_sample: [240353963,514175,148635965,349916,240353963,514175,148635965,349916,308521999,1008587,75034218,183571,1669853148219]
12-01 08:05:48.224 1508 1637 I input_focus: [Focus request cb7bfa0 PopupWindow:ed58c1b,reason=UpdateInputWindows]
12-01 08:05:48.251 1508 2005 I input_focus: [Focus leaving a368768 com.android.gallery3d/com.android.gallery3d.app.GalleryActivity (server),reason=Waiting for window because NOT_VISIBLE]
12-01 08:05:48.267 1508 2005 I input_focus: [Focus entering cb7bfa0 PopupWindow:ed58c1b (server),reason=Window became focusable. Previous reason: NOT_VISIBLE]
12-01 08:05:48.351 0 0 I auditd : type=1400 audit(0.0:16281): avc: denied { kill } for comm="swapper/1" capability=5 scontext=u:r:kernel:s0 tcontext=u:r:kernel:s0 tclass=capability permissive=0
12-01 08:05:49.351 0 0 I auditd : type=1400 audit(0.0:16282): avc: denied { kill } for comm="swapper/1" capability=5 scontext=u:r:kernel:s0 tcontext=u:r:kernel:s0 tclass=capability permissive=0
12-01 08:05:49.726 1508 2321 I GameModeConfig: isGameModeOn = false
12-01 08:05:49.878 1508 2005 I input_interaction: Interaction with: cb7bfa0 PopupWindow:ed58c1b (server), edge-swipe (server), swipe-up (server), PointerEventDispatcher0 (server),
12-01 08:05:49.922 1508 2321 I GameModeConfig: isGameModeOn = false
12-01 08:05:50.001 22978 22978 I menu_item_selected: [0,将照片设置为]
12-01 08:05:50.016 1508 2996 I ActivityTaskManager: START u0 {act=android.intent.action.CHOOSER flg=0x1 cmp=android/com.android.internal.app.ChooserActivity clip={image/* {U(content)}} (has extras)} from uid 10064
12-01 08:05:50.019 1508 2996 D CompatibilityChangeReporter: Compat change id reported: 174042980; UID 1000; state: DISABLED
12-01 08:05:50.020 1508 2996 I wm_task_moved: [261,1,10]
12-01 08:05:50.020 1508 2996 I wm_set_resumed_activity: [0,com.android.gallery3d/.app.GalleryActivity,positionChildAt]
12-01 08:05:50.021 1508 2996 I wm_create_activity: [0,12061423,261,android/com.android.internal.app.ChooserActivity,android.intent.action.CHOOSER,NULL,NULL,8388609]
12-01 08:05:50.022 1508 2996 D CompatibilityChangeReporter: Compat change id reported: 168419799; UID 1000; state: DISABLED
12-01 08:05:50.023 1508 2996 I wm_pause_activity: [0,70645653,com.android.gallery3d/.app.GalleryActivity,userLeaving=true,resumeTopActivityInnerLocked]
12-01 08:05:50.037 22978 22978 I wm_on_top_resumed_lost_called: [70645653,com.android.gallery3d.app.GalleryActivity,topStateChangedWhenResumed]
12-01 08:05:50.037 1508 1637 I input_focus: [Focus request a368768 com.android.gallery3d/com.android.gallery3d.app.GalleryActivity,reason=UpdateInputWindows]
12-01 08:05:50.055 1508 2005 I input_focus: [Focus entering a368768 com.android.gallery3d/com.android.gallery3d.app.GalleryActivity (server),reason=setFocusedWindow]
12-01 08:05:50.064 22978 22978 I wm_on_paused_called: [70645653,com.android.gallery3d.app.GalleryActivity,performPause]
12-01 08:05:50.065 1508 2996 I ActivityTaskManager: FOREGROUND_APPLICATION_CHANGED to com.android.internal.app.ChooserActivity
12-01 08:05:50.065 1508 2996 I ActivityTaskManager: The Process android:ui Already Exists in BG. So sending its PID: 25895
12-01 08:05:50.066 1508 2996 W ActivityTaskManager: Tried to set launchTime (0) < mLastActivityLaunchTime (15000521)
12-01 08:05:50.068 1508 2996 I wm_restart_activity: [0,12061423,261,android/com.android.internal.app.ChooserActivity]
12-01 08:05:50.070 1508 2996 I wm_set_resumed_activity: [0,android/com.android.internal.app.ChooserActivity,minimalResumeActivityLocked]
12-01 08:05:50.077 1508 1636 I sysui_multi_action: [757,803,799,window_time_0,802,10]
12-01 08:05:50.090 22714 22730 W ContextImpl: Calling a method in the system process without a qualified user: android.app.ContextImpl.startService:1816 android.content.ContextWrapper.startService:774 com.thundercomm.gamemode.ingame.services.GameModeActionUtils.startGameModeService:93 com.thundercomm.gamemode.ingame.services.GameModeActionUtils.startGameModeEntry:21 com.thundercomm.gamemode.ingame.services.ActivityMonitoringService$1.onActivityLaunch:127
12-01 08:05:50.096 1508 1508 I GameModeConfig: Current uri is uri = content://com.thundercomm.gamemode.api/gamemode_settings/gamemode_isgaming
12-01 08:05:50.100 1508 1508 I GameModeConfig: isGameModeOn = false
12-01 08:05:50.101 1508 1508 I GameModeConfig: isGameModeOn = false
12-01 08:05:50.101 1508 1508 I GameModeConfig: isDisableVoice = true
12-01 08:05:50.107 1508 6335 I ActivityTaskManager: START u0 {act=android.intent.action.ATTACH_DATA dat=content://media/external/images/media/30 typ=image/* flg=0x3000001 cmp=com.android.gallery3d/.app.Wallpaper (has extras)} from uid 10064
12-01 08:05:50.109 1508 6335 I wm_task_moved: [261,1,10]
12-01 08:05:50.109 1508 6335 I wm_set_resumed_activity: [0,android/com.android.internal.app.ChooserActivity,positionChildAt]
12-01 08:05:50.109 1508 6335 I wm_create_activity: [0,210958130,261,com.android.gallery3d/.app.Wallpaper,android.intent.action.ATTACH_DATA,image/*,content://media/external/images/media/30,50331649]
12-01 08:05:50.110 1508 6335 I wm_pause_activity: [0,12061423,android/com.android.internal.app.ChooserActivity,userLeaving=true,resumeTopActivityInnerLocked]
12-01 08:05:50.113 1508 6335 I wm_finish_activity: [0,12061423,261,android/com.android.internal.app.ChooserActivity,app-request]
12-01 08:05:50.113 25895 25895 I sysui_multi_action: [757,214,758,4,759,1,1649,image/*,1653,33]
12-01 08:05:50.114 25895 25895 I wm_on_create_called: [12061423,com.android.internal.app.ChooserActivity,performCreate]
12-01 08:05:50.119 1508 2996 I wm_add_to_stopping: [0,12061423,android/com.android.internal.app.ChooserActivity,completeFinishing]
12-01 08:05:50.120 1508 2996 I ActivityTaskManager: FOREGROUND_APPLICATION_CHANGED to com.android.gallery3d.app.Wallpaper
12-01 08:05:50.120 1508 2996 I ActivityTaskManager: The Process com.android.gallery3d Already Exists in BG. So sending its PID: 22978
12-01 08:05:50.122 1508 2996 W ActivityTaskManager: Tried to set launchTime (0) < mLastActivityLaunchTime (15153151)
12-01 08:05:50.123 1508 2996 I wm_restart_activity: [0,210958130,261,com.android.gallery3d/.app.Wallpaper]
12-01 08:05:50.125 1508 2996 I wm_set_resumed_activity: [0,com.android.gallery3d/.app.Wallpaper,minimalResumeActivityLocked]
12-01 08:05:50.128 1508 1636 I sysui_multi_action: [757,803,799,window_time_0,802,0]
12-01 08:05:50.135 22978 22978 I wm_on_create_called: [210958130,com.android.gallery3d.app.Wallpaper,performCreate]
12-01 08:05:50.137 22978 22978 I wm_on_start_called: [210958130,com.android.gallery3d.app.Wallpaper,handleStartActivity]
12-01 08:05:50.145 1508 2996 I ActivityTaskManager: START u0 {act=android.service.wallpaper.CROP_AND_SET_WALLPAPER dat=content://media/external/images/media/30 flg=0x1 pkg=com.android.wallpapercropper cmp=com.android.wallpapercropper/.WallpaperCropActivity} from uid 10064
12-01 08:05:50.147 1508 2996 D CompatibilityChangeReporter: Compat change id reported: 174042980; UID 10077; state: DISABLED
12-01 08:05:50.147 1508 2996 D CompatibilityChangeReporter: Compat change id reported: 184838306; UID 10077; state: DISABLED
12-01 08:05:50.148 1508 2996 D CompatibilityChangeReporter: Compat change id reported: 185004937; UID 10077; state: DISABLED
12-01 08:05:50.149 1508 2996 D CompatibilityChangeReporter: Compat change id reported: 181136395; UID 10077; state: DISABLED
12-01 08:05:50.149 1508 2996 D CompatibilityChangeReporter: Compat change id reported: 174042936; UID 10077; state: DISABLED
12-01 08:05:50.151 1508 2996 I wm_task_moved: [261,1,10]
12-01 08:05:50.151 1508 2996 I wm_set_resumed_activity: [0,com.android.gallery3d/.app.Wallpaper,positionChildAt]
12-01 08:05:50.151 1508 2996 I wm_create_activity: [0,245861855,261,com.android.wallpapercropper/.WallpaperCropActivity,android.service.wallpaper.CROP_AND_SET_WALLPAPER,NULL,content://media/external/images/media/30,1]
12-01 08:05:50.155 1508 2996 D CompatibilityChangeReporter: Compat change id reported: 168419799; UID 10077; state: DISABLED
12-01 08:05:50.156 1508 2996 I wm_pause_activity: [0,210958130,com.android.gallery3d/.app.Wallpaper,userLeaving=true,resumeTopActivityInnerLocked]
12-01 08:05:50.159 1508 8164 I wm_finish_activity: [0,210958130,261,com.android.gallery3d/.app.Wallpaper,app-request]
12-01 08:05:50.159 22978 22978 I wm_on_resume_called: [210958130,com.android.gallery3d.app.Wallpaper,RESUME_ACTIVITY]
12-01 08:05:50.159 22978 22978 I wm_on_top_resumed_gained_called: [210958130,com.android.gallery3d.app.Wallpaper,topStateChangedWhenResumed]
12-01 08:05:50.160 22978 22978 I wm_on_top_resumed_lost_called: [210958130,com.android.gallery3d.app.Wallpaper,topStateChangedWhenResumed]
12-01 08:05:50.160 22978 22978 I wm_on_paused_called: [210958130,com.android.gallery3d.app.Wallpaper,performPause]
12-01 08:05:50.161 1508 6335 I wm_add_to_stopping: [0,210958130,com.android.gallery3d/.app.Wallpaper,completeFinishing]
12-01 08:05:50.161 1508 6335 I ActivityTaskManager: FOREGROUND_APPLICATION_CHANGED to com.android.wallpapercropper.WallpaperCropActivity
12-01 08:05:50.161 1508 6335 I ActivityTaskManager: The Process com.android.wallpapercropper Already Exists in BG. So sending its PID: 25920
12-01 08:05:50.162 1508 6335 W ActivityTaskManager: Tried to set launchTime (0) < mLastActivityLaunchTime (15000599)
12-01 08:05:50.162 1508 6335 I wm_add_to_stopping: [0,70645653,com.android.gallery3d/.app.GalleryActivity,makeInvisible]
12-01 08:05:50.163 1508 6335 I wm_restart_activity: [0,245861855,261,com.android.wallpapercropper/.WallpaperCropActivity]
12-01 08:05:50.163 1508 6335 I wm_set_resumed_activity: [0,com.android.wallpapercropper/.WallpaperCropActivity,minimalResumeActivityLocked]
12-01 08:05:50.166 1508 1636 I wm_destroy_activity: [0,210958130,261,com.android.gallery3d/.app.Wallpaper,finish-imm:idle]
12-01 08:05:50.166 1508 1636 I wm_destroy_activity: [0,12061423,261,android/com.android.internal.app.ChooserActivity,finish-imm:idle]
12-01 08:05:50.167 25895 25895 I wm_on_destroy_called: [12061423,com.android.internal.app.ChooserActivity,performDestroy]
12-01 08:05:50.168 1508 1636 I am_uid_active: 10077
12-01 08:05:50.168 22978 22978 I wm_on_stop_called: [210958130,com.android.gallery3d.app.Wallpaper,LIFECYCLER_STOP_ACTIVITY]
12-01 08:05:50.168 22978 22978 I wm_on_destroy_called: [210958130,com.android.gallery3d.app.Wallpaper,performDestroy]
12-01 08:05:50.169 1508 1636 I sysui_multi_action: [757,803,799,window_time_0,802,0]
12-01 08:05:50.183 22714 22730 W ContextImpl: Calling a method in the system process without a qualified user: android.app.ContextImpl.startService:1816 android.content.ContextWrapper.startService:774 com.thundercomm.gamemode.ingame.services.GameModeActionUtils.startGameModeService:93 com.thundercomm.gamemode.ingame.services.GameModeActionUtils.startGameModeEntry:21 com.thundercomm.gamemode.ingame.services.ActivityMonitoringService$1.onActivityLaunch:127
12-01 08:05:50.186 1508 2005 I input_focus: [Focus leaving a368768 com.android.gallery3d/com.android.gallery3d.app.GalleryActivity (server),reason=NO_WINDOW]
12-01 08:05:50.187 25920 25920 I wm_on_create_called: [245861855,com.android.wallpapercropper.WallpaperCropActivity,performCreate]
12-01 08:05:50.188 25920 25920 I wm_on_start_called: [245861855,com.android.wallpapercropper.WallpaperCropActivity,handleStartActivity]
12-01 08:05:50.188 25920 25920 I wm_on_resume_called: [245861855,com.android.wallpapercropper.WallpaperCropActivity,RESUME_ACTIVITY]
12-01 08:05:50.188 1508 1508 I GameModeConfig: Current uri is uri = content://com.thundercomm.gamemode.api/gamemode_settings/gamemode_isgaming
12-01 08:05:50.190 1508 1508 I GameModeConfig: isGameModeOn = false
12-01 08:05:50.190 1508 1508 I GameModeConfig: isGameModeOn = false
12-01 08:05:50.190 1508 1508 I GameModeConfig: isDisableVoice = true
12-01 08:05:50.191 1508 8164 W WindowManager: Failed looking up window session=Session{ae87943 25920:u0a10077} callers=com.android.server.wm.WindowManagerService.windowForClientLocked:5628 com.android.server.wm.Session.insetsModified:629 android.view.IWindowSession$Stub.onTransact:1151
12-01 08:05:50.194 25920 25920 I wm_on_top_resumed_gained_called: [245861855,com.android.wallpapercropper.WallpaperCropActivity,topStateChangedWhenResumed]
12-01 08:05:50.208 1508 1637 I input_focus: [Focus request fcf59d7 com.android.wallpapercropper/com.android.wallpapercropper.WallpaperCropActivity,reason=UpdateInputWindows]
12-01 08:05:50.210 22714 22730 W ContextImpl: Calling a method in the system process without a qualified user: android.app.ContextImpl.startService:1816 android.content.ContextWrapper.startService:774 com.thundercomm.gamemode.ingame.services.GameModeActionUtils.startGameModeService:93 com.thundercomm.gamemode.ingame.services.GameModeActionUtils.startGameModeEntry:21 com.thundercomm.gamemode.ingame.services.ActivityMonitoringService$1.onActivityLaunch:127
12-01 08:05:50.216 1508 1508 I GameModeConfig: Current uri is uri = content://com.thundercomm.gamemode.api/gamemode_settings/gamemode_isgaming
12-01 08:05:50.218 1508 1508 I GameModeConfig: isGameModeOn = false
12-01 08:05:50.218 1508 1508 I GameModeConfig: isGameModeOn = false
12-01 08:05:50.219 1508 1508 I GameModeConfig: isDisableVoice = true
12-01 08:05:50.239 1508 2005 I input_focus: [Focus entering fcf59d7 com.android.wallpapercropper/com.android.wallpapercropper.WallpaperCropActivity (server),reason=setFocusedWindow]
12-01 08:05:50.239 1508 1633 I sysui_multi_action: [319,222,322,222,325,15168,757,761,758,8,759,2,806,com.android.wallpapercropper,871,com.android.wallpapercropper.WallpaperCropActivity,904,com.android.gallery3d,905,0,1320,4,1321,1]
12-01 08:05:50.240 1508 1633 I wm_activity_launch_time: [0,245861855,com.android.wallpapercropper/.WallpaperCropActivity,222]
12-01 08:05:50.274 22714 22730 W ContextImpl: Calling a method in the system process without a qualified user: android.app.ContextImpl.startService:1816 android.content.ContextWrapper.startService:774 com.thundercomm.gamemode.ingame.services.GameModeActionUtils.startGameModeService:93 com.thundercomm.gamemode.ingame.services.GameModeActionUtils.startGameModeEntry:21 com.thundercomm.gamemode.ingame.services.ActivityMonitoringService$1.onActivityLaunch:127
12-01 08:05:50.279 1508 1508 I GameModeConfig: Current uri is uri = content://com.thundercomm.gamemode.api/gamemode_settings/gamemode_isgaming
12-01 08:05:50.281 1508 1508 I GameModeConfig: isGameModeOn = false
12-01 08:05:50.281 1508 1508 I GameModeConfig: isGameModeOn = false
12-01 08:05:50.281 1508 1508 I GameModeConfig: isDisableVoice = true
12-01 08:05:50.626 1508 1636 I wm_stop_activity: [0,70645653,com.android.gallery3d/.app.GalleryActivity]
12-01 08:05:50.652 22978 22978 I wm_on_stop_called: [70645653,com.android.gallery3d.app.GalleryActivity,STOP_ACTIVITY_ITEM]
12-01 08:05:50.680 22714 22730 W ContextImpl: Calling a method in the system process without a qualified user: android.app.ContextImpl.startService:1816 android.content.ContextWrapper.startService:774 com.thundercomm.gamemode.ingame.services.GameModeActionUtils.startGameModeService:93 com.thundercomm.gamemode.ingame.services.GameModeActionUtils.startGameModeEntry:21 com.thundercomm.gamemode.ingame.services.ActivityMonitoringService$1.onActivityLaunch:127
12-01 08:05:50.684 1508 1508 I GameModeConfig: Current uri is uri = content://com.thundercomm.gamemode.api/gamemode_settings/gamemode_isgaming
12-01 08:05:50.686 1508 1508 I GameModeConfig: isGameModeOn = false
12-01 08:05:50.687 1508 1508 I GameModeConfig: isGameModeOn = false
12-01 08:05:50.687 1508 1508 I GameModeConfig: isDisableVoice = true
12-01 08:05:51.351 0 0 I auditd : type=1400 audit(0.0:16283): avc: denied { kill } for comm="swapper/1" capability=5 scontext=u:r:kernel:s0 tcontext=u:r:kernel:s0 tclass=capability permissive=0
12-01 08:05:51.354 1508 1648 I am_uid_idle: 10042
12-01 08:05:52.351 0 0 I auditd : type=1400 audit(0.0:16284): avc: denied { kill } for comm="swapper/1" capability=5 scontext=u:r:kernel:s0 tcontext=u:r:kernel:s0 tclass=capability permissive=0
12-01 08:05:52.847 1508 2005 I input_interaction: Interaction with: fcf59d7 com.android.wallpapercropper/com.android.wallpapercropper.WallpaperCropActivity (server), edge-swipe (server), swipe-up (server), PointerEventDispatcher0 (server),
12-01 08:05:53.075 1508 2996 V WallpaperManagerService: updateWallpaperBitmapLocked() : id=3 name= file=wallpaper_orig
12-01 08:05:53.097 1508 1658 V WallpaperManagerService: bindWallpaperComponentLocked: componentName=ComponentInfo{com.android.systemui/com.android.systemui.ImageWallpaper}
12-01 08:05:53.236 2822 2822 I wm_on_destroy_called: [103113767,com.android.launcher3.uioverrides.QuickstepLauncher,performDestroy]
12-01 08:05:53.241 1508 2996 I wm_finish_activity: [0,245861855,261,com.android.wallpapercropper/.WallpaperCropActivity,app-request]
12-01 08:05:53.252 1508 2996 I wm_pause_activity: [0,245861855,com.android.wallpapercropper/.WallpaperCropActivity,userLeaving=false,finish]
12-01 08:05:53.255 25920 25920 I wm_on_top_resumed_lost_called: [245861855,com.android.wallpapercropper.WallpaperCropActivity,topStateChangedWhenResumed]
12-01 08:05:53.260 25920 25920 I wm_on_paused_called: [245861855,com.android.wallpapercropper.WallpaperCropActivity,performPause]
12-01 08:05:53.261 1508 2996 I wm_add_to_stopping: [0,245861855,com.android.wallpapercropper/.WallpaperCropActivity,completeFinishing]
12-01 08:05:53.261 1508 2996 I ActivityTaskManager: FOREGROUND_APPLICATION_CHANGED to com.android.gallery3d.app.GalleryActivity
12-01 08:05:53.262 1508 2996 I wm_set_resumed_activity: [0,com.android.gallery3d/.app.GalleryActivity,resumeTopActivityInnerLocked]
12-01 08:05:53.262 1508 2996 I wm_resume_activity: [0,70645653,261,com.android.gallery3d/.app.GalleryActivity]
12-01 08:05:53.263 1508 2005 I input_focus: [Focus leaving fcf59d7 com.android.wallpapercropper/com.android.wallpapercropper.WallpaperCropActivity (server),reason=NO_WINDOW]
12-01 08:05:53.281 1508 1636 I sysui_multi_action: [757,803,799,window_time_0,802,3]
12-01 08:05:53.286 22978 22978 I wm_on_restart_called: [70645653,com.android.gallery3d.app.GalleryActivity,performRestartActivity]
12-01 08:05:53.286 22978 22978 I wm_on_start_called: [70645653,com.android.gallery3d.app.GalleryActivity,handleStartActivity]
12-01 08:05:53.289 22978 22978 I wm_on_resume_called: [70645653,com.android.gallery3d.app.GalleryActivity,RESUME_ACTIVITY]
12-01 08:05:53.289 22978 22978 I wm_on_top_resumed_gained_called: [70645653,com.android.gallery3d.app.GalleryActivity,topWhenResuming]
12-01 08:05:53.303 1508 1637 I input_focus: [Focus request a368768 com.android.gallery3d/com.android.gallery3d.app.GalleryActivity,reason=UpdateInputWindows]
12-01 08:05:53.304 22714 22730 W ContextImpl: Calling a method in the system process without a qualified user: android.app.ContextImpl.startService:1816 android.content.ContextWrapper.startService:774 com.thundercomm.gamemode.ingame.services.GameModeActionUtils.startGameModeService:93 com.thundercomm.gamemode.ingame.services.GameModeActionUtils.startGameModeEntry:21 com.thundercomm.gamemode.ingame.services.ActivityMonitoringService$1.onActivityLaunch:127
12-01 08:05:53.311 1508 1508 I GameModeConfig: Current uri is uri = content://com.thundercomm.gamemode.api/gamemode_settings/gamemode_isgaming
12-01 08:05:53.314 1508 1508 I GameModeConfig: isGameModeOn = false
12-01 08:05:53.315 1508 1508 I GameModeConfig: isGameModeOn = false
12-01 08:05:53.315 1508 1508 I GameModeConfig: isDisableVoice = true
12-01 08:05:53.351 0 0 I auditd : type=1400 audit(0.0:16285): avc: denied { kill } for comm="swapper/1" capability=5 scontext=u:r:kernel:s0 tcontext=u:r:kernel:s0 tclass=capability permissive=0
12-01 08:05:53.357 2822 2822 I wm_on_create_called: [103113767,com.android.launcher3.uioverrides.QuickstepLauncher,performCreate]
12-01 08:05:53.358 2822 2822 I wm_on_start_called: [103113767,com.android.launcher3.uioverrides.QuickstepLauncher,handleStartActivity]
12-01 08:05:53.359 2822 2822 I wm_on_resume_called: [103113767,com.android.launcher3.uioverrides.QuickstepLauncher,LIFECYCLER_RESUME_ACTIVITY]
12-01 08:05:53.363 1508 2005 I input_focus: [Focus entering a368768 com.android.gallery3d/com.android.gallery3d.app.GalleryActivity (server),reason=Window became focusable. Previous reason: NOT_VISIBLE]
12-01 08:05:53.364 2822 2822 I wm_on_paused_called: [103113767,com.android.launcher3.uioverrides.QuickstepLauncher,performPause]
12-01 08:05:53.365 2822 2822 I wm_on_stop_called: [103113767,com.android.launcher3.uioverrides.QuickstepLauncher,STOP_ACTIVITY_ITEM]
12-01 08:05:53.377 1508 9618 I ActivityTaskManager: Activity reported stop, but no longer stopping: ActivityRecord{6256427 u0 com.android.launcher3/.uioverrides.QuickstepLauncher t10} STOPPED
12-01 08:05:53.389 22714 22730 W ContextImpl: Calling a method in the system process without a qualified user: android.app.ContextImpl.startService:1816 android.content.ContextWrapper.startService:774 com.thundercomm.gamemode.ingame.services.GameModeActionUtils.startGameModeService:93 com.thundercomm.gamemode.ingame.services.GameModeActionUtils.startGameModeEntry:21 com.thundercomm.gamemode.ingame.services.ActivityMonitoringService$1.onActivityLaunch:127
12-01 08:05:53.396 1508 1508 I GameModeConfig: Current uri is uri = content://com.thundercomm.gamemode.api/gamemode_settings/gamemode_isgaming
12-01 08:05:53.397 1508 1508 I GameModeConfig: isGameModeOn = false
12-01 08:05:53.398 1508 1508 I GameModeConfig: isGameModeOn = false
12-01 08:05:53.398 1508 1508 I GameModeConfig: isDisableVoice = true
12-01 08:05:53.627 1508 3862 E TaskPersister: File error accessing recents directory (directory doesn't exist?).
12-01 08:05:53.749 1508 1636 I wm_destroy_activity: [0,245861855,261,com.android.wallpapercropper/.WallpaperCropActivity,finish-imm:idle]
12-01 08:05:53.778 25920 25920 I wm_on_stop_called: [245861855,com.android.wallpapercropper.WallpaperCropActivity,LIFECYCLER_STOP_ACTIVITY]
12-01 08:05:53.778 25920 25920 I wm_on_destroy_called: [245861855,com.android.wallpapercropper.WallpaperCropActivity,performDestroy]
12-01 08:05:53.799 22714 22730 W ContextImpl: Calling a method in the system process without a qualified user: android.app.ContextImpl.startService:1816 android.content.ContextWrapper.startService:774 com.thundercomm.gamemode.ingame.services.GameModeActionUtils.startGameModeService:93 com.thundercomm.gamemode.ingame.services.GameModeActionUtils.startGameModeEntry:21 com.thundercomm.gamemode.ingame.services.ActivityMonitoringService$1.onActivityLaunch:127
12-01 08:05:53.805 1508 1508 I GameModeConfig: Current uri is uri = content://com.thundercomm.gamemode.api/gamemode_settings/gamemode_isgaming
12-01 08:05:53.806 1508 1508 I GameModeConfig: isGameModeOn = false
12-01 08:05:53.807 1508 1508 I GameModeConfig: isGameModeOn = false
12-01 08:05:53.807 1508 1508 I GameModeConfig: isDisableVoice = true
12-01 08:05:53.807 1508 1508 I notification_enqueue: [10097,9319,com.github.uiautomator,1,NULL,0,Notification(channel=monitor service shortcut=null contentView=null vibrate=null sound=null tick defaults=0x0 flags=0x40 color=0x00000000 vis=PRIVATE),1]
12-01 08:05:54.008 1508 1508 I GameModeConfig: isGameModeOn = false
12-01 08:05:54.351 0 0 I auditd : type=1400 audit(0.0:16286): avc: denied { kill } for comm="swapper/1" capability=5 scontext=u:r:kernel:s0 tcontext=u:r:kernel:s0 tclass=capability permissive=0
12-01 08:05:55.351 0 0 I auditd : type=1400 audit(0.0:16287): avc: denied { kill } for comm="swapper/1" capability=5 scontext=u:r:kernel:s0 tcontext=u:r:kernel:s0 tclass=capability permissive=0
12-01 08:05:55.485 1508 2005 I input_interaction: Interaction with: a368768 com.android.gallery3d/com.android.gallery3d.app.GalleryActivity (server), edge-swipe (server), swipe-up (server), PointerEventDispatcher0 (server),
12-01 08:05:55.510 1508 2996 I wm_task_moved: [1,0,0]
12-01 08:05:55.511 1508 2996 I wm_task_moved: [1,0,9]
12-01 08:05:55.531 2822 2822 I wm_on_restart_called: [103113767,com.android.launcher3.uioverrides.QuickstepLauncher,performRestartActivity]
12-01 08:05:55.538 22714 22730 W ContextImpl: Calling a method in the system process without a qualified user: android.app.ContextImpl.startService:1816 android.content.ContextWrapper.startService:774 com.thundercomm.gamemode.ingame.services.GameModeActionUtils.startGameModeService:93 com.thundercomm.gamemode.ingame.services.GameModeActionUtils.startGameModeEntry:21 com.thundercomm.gamemode.ingame.services.ActivityMonitoringService$1.onActivityLaunch:127
12-01 08:05:55.543 1508 1508 I GameModeConfig: Current uri is uri = content://com.thundercomm.gamemode.api/gamemode_settings/gamemode_isgaming
12-01 08:05:55.547 1508 1508 I GameModeConfig: isGameModeOn = false
12-01 08:05:55.547 1508 1508 I GameModeConfig: isGameModeOn = false
12-01 08:05:55.547 1508 1508 I GameModeConfig: isDisableVoice = true
12-01 08:05:55.560 2822 2822 I wm_on_start_called: [103113767,com.android.launcher3.uioverrides.QuickstepLauncher,handleStartActivity]
12-01 08:05:55.561 22978 22978 I view_enqueue_input_event: [Motion - Cancel,com.android.gallery3d/com.android.gallery3d.app.GalleryActivity]
12-01 08:05:55.562 1508 1637 I input_focus: [Focus request recents_animation_input_consumer,reason=UpdateInputWindows]
12-01 08:05:55.564 1508 2005 I input_interaction: Interaction with: edge-swipe (server), swipe-up (server), PointerEventDispatcher0 (server),
12-01 08:05:55.577 2822 2822 I sysui_latency: [1,95]
12-01 08:05:55.582 1508 2005 I input_focus: [Focus leaving a368768 com.android.gallery3d/com.android.gallery3d.app.GalleryActivity (server),reason=NOT_FOCUSABLE]
12-01 08:05:55.583 1508 2005 I input_focus: [Focus entering recents_animation_input_consumer (server),reason=setFocusedWindow]
12-01 08:05:55.596 1508 1633 I sysui_multi_action: [319,13,322,77,325,15174,757,761,758,9,759,5,806,com.android.launcher3,871,com.android.launcher3.uioverrides.QuickstepLauncher,905,0,1320,8,1321,5]
12-01 08:05:55.658 1508 6335 W ActivityTaskManager: getTaskSnapshot: taskId=1249 not found
12-01 08:05:55.765 1508 1754 I commit_sys_config_file: [settings-1-0,5]
12-01 08:05:55.892 1508 1647 I sysui_latency: [8,92]
12-01 08:05:56.306 1508 6335 I wm_task_moved: [1,1,10]
12-01 08:05:56.306 1508 6335 I wm_task_moved: [10,1,2147483647]
12-01 08:05:56.306 1508 6335 I wm_task_to_front: [0,10]
12-01 08:05:56.306 1508 6335 I wm_focused_root_task: [0,0,1,261,RecentsAnimation.onAnimationFinished()]
12-01 08:05:56.306 1508 6335 I wm_set_resumed_activity: [0,com.android.launcher3/.uioverrides.QuickstepLauncher,RecentsAnimation.onAnimationFinished()]
12-01 08:05:56.307 1508 6335 I wm_pause_activity: [0,70645653,com.android.gallery3d/.app.GalleryActivity,userLeaving=true,pauseBackTasks]
12-01 08:05:56.307 22978 22978 I wm_on_top_resumed_lost_called: [70645653,com.android.gallery3d.app.GalleryActivity,topStateChangedWhenResumed]
12-01 08:05:56.308 1508 6335 I wm_add_to_stopping: [0,70645653,com.android.gallery3d/.app.GalleryActivity,makeInvisible]
12-01 08:05:56.308 1508 6335 I ActivityTaskManager: FOREGROUND_APPLICATION_CHANGED to com.android.launcher3.uioverrides.QuickstepLauncher
12-01 08:05:56.309 1508 6335 I wm_set_resumed_activity: [0,com.android.launcher3/.uioverrides.QuickstepLauncher,resumeTopActivityInnerLocked]
12-01 08:05:56.313 1508 6335 I wm_resume_activity: [0,103113767,10,com.android.launcher3/.uioverrides.QuickstepLauncher]
12-01 08:05:56.317 1508 1637 I input_focus: [Focus request e9e80a1 com.android.launcher3/com.android.launcher3.uioverrides.QuickstepLauncher,reason=UpdateInputWindows]
12-01 08:05:56.321 2822 2822 I wm_on_resume_called: [103113767,com.android.launcher3.uioverrides.QuickstepLauncher,RESUME_ACTIVITY]
12-01 08:05:56.322 2822 2822 I wm_on_top_resumed_gained_called: [103113767,com.android.launcher3.uioverrides.QuickstepLauncher,topStateChangedWhenResumed]
12-01 08:05:56.327 1508 1636 I wm_stop_activity: [0,70645653,com.android.gallery3d/.app.GalleryActivity]
12-01 08:05:56.327 1508 1636 I sysui_multi_action: [757,803,799,window_time_0,802,3]
12-01 08:05:56.328 1508 1636 I sysui_multi_action: [757,803,799,window_time_0,802,0]
12-01 08:05:56.330 22978 22978 I wm_on_paused_called: [70645653,com.android.gallery3d.app.GalleryActivity,performPause]
12-01 08:05:56.333 22978 22978 I wm_on_stop_called: [70645653,com.android.gallery3d.app.GalleryActivity,STOP_ACTIVITY_ITEM]
12-01 08:05:56.335 1508 2005 I input_focus: [Focus leaving recents_animation_input_consumer (server),reason=NOT_VISIBLE]
12-01 08:05:56.335 1508 2005 I input_focus: [Focus entering e9e80a1 com.android.launcher3/com.android.launcher3.uioverrides.QuickstepLauncher (server),reason=setFocusedWindow]
12-01 08:05:56.351 111 111 I auditd : type=1400 audit(0.0:16288): avc: denied { kill } for comm="system" capability=5 scontext=u:r:kernel:s0 tcontext=u:r:kernel:s0 tclass=capability permissive=0
12-01 08:05:56.359 1508 1647 I am_pss : [26112,10019,com.android.documentsui,49261568,43491328,0,183812096,0,16,8]
12-01 08:05:56.366 22714 22730 W ContextImpl: Calling a method in the system process without a qualified user: android.app.ContextImpl.startService:1816 android.content.ContextWrapper.startService:774 com.thundercomm.gamemode.ingame.services.GameModeActionUtils.startGameModeService:93 com.thundercomm.gamemode.ingame.services.GameModeActionUtils.startGameModeEntry:21 com.thundercomm.gamemode.ingame.services.ActivityMonitoringService$1.onActivityLaunch:127
12-01 08:05:56.367 1508 1647 I am_pss : [26172,10030,android.process.media,11551744,9613312,0,102047744,0,19,5]
12-01 08:05:56.370 1508 1508 I GameModeConfig: Current uri is uri = content://com.thundercomm.gamemode.api/gamemode_settings/gamemode_isgaming
12-01 08:05:56.372 1508 1508 I GameModeConfig: isGameModeOn = false
12-01 08:05:56.372 1508 1508 I GameModeConfig: isGameModeOn = false
12-01 08:05:56.372 1508 1508 I GameModeConfig: isDisableVoice = true
12-01 08:05:56.428 22714 22730 W ContextImpl: Calling a method in the system process without a qualified user: android.app.ContextImpl.startService:1816 android.content.ContextWrapper.startService:774 com.thundercomm.gamemode.ingame.services.GameModeActionUtils.startGameModeService:93 com.thundercomm.gamemode.ingame.services.GameModeActionUtils.startGameModeEntry:21 com.thundercomm.gamemode.ingame.services.ActivityMonitoringService$1.onActivityLaunch:127
12-01 08:05:56.435 1508 1508 I GameModeConfig: Current uri is uri = content://com.thundercomm.gamemode.api/gamemode_settings/gamemode_isgaming
12-01 08:05:56.438 1508 1508 I GameModeConfig: isGameModeOn = false
12-01 08:05:56.438 1508 1508 I GameModeConfig: isGameModeOn = false
12-01 08:05:56.438 1508 1508 I GameModeConfig: isDisableVoice = true
12-01 08:05:56.583 1508 2005 I input_interaction: Interaction with: e9e80a1 com.android.launcher3/com.android.launcher3.uioverrides.QuickstepLauncher (server), 5ecd4a7 com.android.systemui.ImageWallpaper (server), edge-swipe (server), swipe-up (server), PointerEventDispatcher0 (server),
12-01 08:05:56.802 1508 3862 E TaskPersister: File error accessing recents directory (directory doesn't exist?).
