12-01 08:02:34.590 1508 9285 I ActivityTaskManager: START u0 {flg=0x10008000 cmp=com.android.gallery3d/.app.GalleryActivity} from uid 10076
12-01 08:02:34.597 1508 9285 I wm_task_created: [260,-1]
12-01 08:02:34.597 1508 9285 W ActivityTaskManager: Can't find TaskDisplayArea to determine support for multi window. Task id=260 attached=false
12-01 08:02:34.600 1508 9285 D FreeFormWindowHelper: Add freeform task=Task{b814c7c #260 type=standard ?? U=0 visible=false mode=freeform translucent=true sz=0}
12-01 08:02:34.603 1508 9285 I wm_task_moved: [260,1,9]
12-01 08:02:34.603 1508 9285 I wm_task_to_front: [0,260]
12-01 08:02:34.603 1508 9285 I wm_create_task: [0,260]
12-01 08:02:34.603 1508 9285 I wm_create_activity: [0,256084229,260,com.android.gallery3d/.app.GalleryActivity,NULL,NULL,NULL,268468224]
12-01 08:02:34.603 1508 9285 I wm_task_moved: [260,1,9]
12-01 08:02:34.604 1508 9285 I ActivityTaskManager: FOREGROUND_APPLICATION_CHANGED to com.android.gallery3d.app.GalleryActivity
12-01 08:02:34.605 1508 9285 I ActivityTaskManager: The Process com.android.gallery3d Already Exists in BG. So sending its PID: 22978
12-01 08:02:34.606 1508 9285 W ActivityTaskManager: Tried to set launchTime (0) < mLastActivityLaunchTime (14957230)
12-01 08:02:34.607 1508 9285 I wm_restart_activity: [0,256084229,260,com.android.gallery3d/.app.GalleryActivity]
12-01 08:02:34.608 1508 9285 I wm_set_resumed_activity: [0,com.android.gallery3d/.app.GalleryActivity,minimalResumeActivityLocked]
12-01 08:02:34.616 2822 2822 I wm_on_top_resumed_lost_called: [103113767,com.android.launcher3.uioverrides.QuickstepLauncher,topStateChangedWhenResumed]
12-01 08:02:34.635 22714 22730 W ContextImpl: Calling a method in the system process without a qualified user: android.app.ContextImpl.startService:1816 android.content.ContextWrapper.startService:774 com.thundercomm.gamemode.ingame.services.GameModeActionUtils.startGameModeService:93 com.thundercomm.gamemode.ingame.services.GameModeActionUtils.startGameModeEntry:21 com.thundercomm.gamemode.ingame.services.ActivityMonitoringService$1.onActivityLaunch:127
12-01 08:02:34.640 1508 1508 I GameModeConfig: Current uri is uri = content://com.thundercomm.gamemode.api/gamemode_settings/gamemode_isgaming
12-01 08:02:34.643 1508 1508 I GameModeConfig: isGameModeOn = false
12-01 08:02:34.644 1508 1508 I GameModeConfig: isGameModeOn = false
12-01 08:02:34.644 1508 1508 I GameModeConfig: isDisableVoice = true
12-01 08:02:34.649 22978 22978 I wm_on_create_called: [256084229,com.android.gallery3d.app.GalleryActivity,performCreate]
12-01 08:02:34.651 22978 22978 I wm_on_start_called: [256084229,com.android.gallery3d.app.GalleryActivity,handleStartActivity]
12-01 08:02:34.653 22978 22978 I wm_on_resume_called: [256084229,com.android.gallery3d.app.GalleryActivity,RESUME_ACTIVITY]
12-01 08:02:34.656 22978 22978 I wm_on_top_resumed_gained_called: [256084229,com.android.gallery3d.app.GalleryActivity,topStateChangedWhenResumed]
12-01 08:02:34.666 1508 9285 W WindowManager: updateScale0.7996942
12-01 08:02:34.670 1508 1637 I input_focus: [Focus request dac1567 com.android.gallery3d/com.android.gallery3d.app.GalleryActivity,reason=UpdateInputWindows]
12-01 08:02:34.701 1508 2005 I input_focus: [Focus leaving 9ddf785 com.android.launcher3/com.android.launcher3.uioverrides.QuickstepLauncher (server),reason=Waiting for window because NOT_VISIBLE]
12-01 08:02:34.716 1508 1637 W WindowManager: updateScale0.7996942
12-01 08:02:34.719 1508 1637 W WindowManager: updateScale0.7996942
12-01 08:02:34.720 1508 1637 W WindowManager: updateScale0.7996942
12-01 08:02:34.722 1508 1633 I sysui_multi_action: [319,129,322,129,325,14973,757,761,758,8,759,2,806,com.android.gallery3d,871,com.android.gallery3d.app.GalleryActivity,904,com.android.launcher3,905,0,1320,8,1321,5]
12-01 08:02:34.724 1508 1633 I wm_activity_launch_time: [0,256084229,com.android.gallery3d/.app.GalleryActivity,129]
12-01 08:02:34.734 1508 2005 I input_focus: [Focus entering dac1567 com.android.gallery3d/com.android.gallery3d.app.GalleryActivity (server),reason=Window became focusable. Previous reason: NOT_VISIBLE]
12-01 08:02:34.841 1508 1647 I am_pss : [25301,10086,com.android.music,101634048,95952896,0,232529920,0,4,16]
12-01 08:02:35.003 1508 1637 W WindowManager: updateScale0.7996942
12-01 08:02:35.351 88 88 I auditd : type=1400 audit(0.0:16114): avc: denied { kill } for comm="qmp_aop" capability=5 scontext=u:r:kernel:s0 tcontext=u:r:kernel:s0 tclass=capability permissive=0
12-01 08:02:35.709 1508 3862 E TaskPersister: File error accessing recents directory (directory doesn't exist?).
12-01 08:02:36.351 0 0 I auditd : type=1400 audit(0.0:16115): avc: denied { kill } for comm="swapper/3" capability=5 scontext=u:r:kernel:s0 tcontext=u:r:kernel:s0 tclass=capability permissive=0
12-01 08:02:37.351 0 0 I auditd : type=1400 audit(0.0:16116): avc: denied { kill } for comm="swapper/3" capability=5 scontext=u:r:kernel:s0 tcontext=u:r:kernel:s0 tclass=capability permissive=0
12-01 08:02:37.569 1508 1647 I am_pss : [22714,1000,com.thundercomm.gamemode,16934912,13701120,0,120209408,0,10,11]
12-01 08:02:38.351 0 0 I auditd : type=1400 audit(0.0:16117): avc: denied { kill } for comm="swapper/3" capability=5 scontext=u:r:kernel:s0 tcontext=u:r:kernel:s0 tclass=capability permissive=0
12-01 08:02:38.483 1508 2005 I input_interaction: Interaction with: dac1567 com.android.gallery3d/com.android.gallery3d.app.GalleryActivity (server), edge-swipe (server), swipe-up (server), PointerEventDispatcher0 (server),
12-01 08:02:38.817 1508 5207 W WindowManager: updateScale0.7996942
12-01 08:02:39.351 0 0 I auditd : type=1400 audit(0.0:16118): avc: denied { kill } for comm="swapper/3" capability=5 scontext=u:r:kernel:s0 tcontext=u:r:kernel:s0 tclass=capability permissive=0
12-01 08:02:40.351 0 0 I auditd : type=1400 audit(0.0:16119): avc: denied { kill } for comm="swapper/3" capability=5 scontext=u:r:kernel:s0 tcontext=u:r:kernel:s0 tclass=capability permissive=0
12-01 08:02:40.500 1508 5207 W WindowManager: updateScale0.7996942
12-01 08:02:41.351 0 0 I auditd : type=1400 audit(0.0:16120): avc: denied { kill } for comm="swapper/3" capability=5 scontext=u:r:kernel:s0 tcontext=u:r:kernel:s0 tclass=capability permissive=0
12-01 08:02:42.351 0 0 I auditd : type=1400 audit(0.0:16121): avc: denied { kill } for comm="swapper/3" capability=5 scontext=u:r:kernel:s0 tcontext=u:r:kernel:s0 tclass=capability permissive=0
12-01 08:02:43.351 0 0 I auditd : type=1400 audit(0.0:16122): avc: denied { kill } for comm="swapper/3" capability=5 scontext=u:r:kernel:s0 tcontext=u:r:kernel:s0 tclass=capability permissive=0
12-01 08:02:44.064 1508 5207 W WindowManager: updateScale0.7996942
12-01 08:02:44.066 1508 5207 W WindowManager: updateScale0.7996942
12-01 08:02:44.351 0 0 I auditd : type=1400 audit(0.0:16123): avc: denied { kill } for comm="swapper/3" capability=5 scontext=u:r:kernel:s0 tcontext=u:r:kernel:s0 tclass=capability permissive=0
12-01 08:02:44.392 1508 9618 W WindowManager: updateScale0.7996942
12-01 08:02:44.393 1508 9618 W WindowManager: updateScale0.7996942
12-01 08:02:45.291 1508 9618 W WindowManager: updateScale0.7996942
12-01 08:02:45.291 1508 9618 W WindowManager: updateScale0.7996942
12-01 08:02:45.298 1508 1637 I input_focus: [Focus request 8e6f829 PopupWindow:995b2ba,reason=UpdateInputWindows]
12-01 08:02:45.317 1508 2005 I input_focus: [Focus leaving dac1567 com.android.gallery3d/com.android.gallery3d.app.GalleryActivity (server),reason=Waiting for window because NOT_VISIBLE]
12-01 08:02:45.320 1508 1637 W WindowManager: updateScale0.7996942
12-01 08:02:45.321 1508 1637 W WindowManager: updateScale0.7996942
12-01 08:02:45.324 1508 1637 W WindowManager: updateScale0.7996942
12-01 08:02:45.324 1508 1637 W WindowManager: updateScale0.7996942
12-01 08:02:45.346 1508 2005 I input_focus: [Focus entering 8e6f829 PopupWindow:995b2ba (server),reason=Window became focusable. Previous reason: NOT_VISIBLE]
12-01 08:02:45.351 0 0 I auditd : type=1400 audit(0.0:16124): avc: denied { kill } for comm="swapper/3" capability=5 scontext=u:r:kernel:s0 tcontext=u:r:kernel:s0 tclass=capability permissive=0
12-01 08:02:46.351 0 0 I auditd : type=1400 audit(0.0:16125): avc: denied { kill } for comm="swapper/3" capability=5 scontext=u:r:kernel:s0 tcontext=u:r:kernel:s0 tclass=capability permissive=0
12-01 08:02:46.439 1508 2005 I input_interaction: Interaction with: 8e6f829 PopupWindow:995b2ba (server), edge-swipe (server), swipe-up (server), PointerEventDispatcher0 (server),
12-01 08:02:46.593 22978 22978 I menu_item_selected: [0,将照片设置为]
12-01 08:02:46.604 1508 5207 I ActivityTaskManager: START u0 {act=android.intent.action.CHOOSER flg=0x1 cmp=android/com.android.internal.app.ChooserActivity clip={image/* {U(content)}} (has extras)} from uid 10064
12-01 08:02:46.607 1508 5207 I wm_task_moved: [260,1,9]
12-01 08:02:46.607 1508 5207 I wm_set_resumed_activity: [0,com.android.gallery3d/.app.GalleryActivity,positionChildAt]
12-01 08:02:46.607 1508 5207 I wm_create_activity: [0,252728135,260,android/com.android.internal.app.ChooserActivity,android.intent.action.CHOOSER,NULL,NULL,8388609]
12-01 08:02:46.609 1508 5207 I wm_pause_activity: [0,256084229,com.android.gallery3d/.app.GalleryActivity,userLeaving=true,resumeTopActivityInnerLocked]
12-01 08:02:46.610 1508 5207 W WindowManager: updateScale0.7996942
12-01 08:02:46.610 1508 5207 W WindowManager: updateScale0.7996942
12-01 08:02:46.624 1508 9618 W WindowManager: updateScale0.7996942
12-01 08:02:46.624 1508 9618 W WindowManager: updateScale0.7996942
12-01 08:02:46.628 22978 22978 I wm_on_top_resumed_lost_called: [256084229,com.android.gallery3d.app.GalleryActivity,topStateChangedWhenResumed]
12-01 08:02:46.630 1508 1637 I input_focus: [Focus request dac1567 com.android.gallery3d/com.android.gallery3d.app.GalleryActivity,reason=UpdateInputWindows]
12-01 08:02:46.648 1508 2005 I input_focus: [Focus entering dac1567 com.android.gallery3d/com.android.gallery3d.app.GalleryActivity (server),reason=setFocusedWindow]
12-01 08:02:46.652 22978 22978 I wm_on_paused_called: [256084229,com.android.gallery3d.app.GalleryActivity,performPause]
12-01 08:02:46.654 1508 9285 I ActivityTaskManager: FOREGROUND_APPLICATION_CHANGED to com.android.internal.app.ChooserActivity
12-01 08:02:46.654 1508 9285 I ActivityTaskManager: The Process android:ui Already Exists in BG. So sending its PID: 25895
12-01 08:02:46.654 1508 9285 W ActivityTaskManager: Tried to set launchTime (0) < mLastActivityLaunchTime (14957133)
12-01 08:02:46.656 1508 9285 I wm_restart_activity: [0,252728135,260,android/com.android.internal.app.ChooserActivity]
12-01 08:02:46.660 1508 9285 I wm_set_resumed_activity: [0,android/com.android.internal.app.ChooserActivity,minimalResumeActivityLocked]
12-01 08:02:46.667 1508 1636 I sysui_multi_action: [757,803,799,window_time_0,802,15]
12-01 08:02:46.683 22714 22730 W ContextImpl: Calling a method in the system process without a qualified user: android.app.ContextImpl.startService:1816 android.content.ContextWrapper.startService:774 com.thundercomm.gamemode.ingame.services.GameModeActionUtils.startGameModeService:93 com.thundercomm.gamemode.ingame.services.GameModeActionUtils.startGameModeEntry:21 com.thundercomm.gamemode.ingame.services.ActivityMonitoringService$1.onActivityLaunch:127
12-01 08:02:46.688 1508 1508 I GameModeConfig: Current uri is uri = content://com.thundercomm.gamemode.api/gamemode_settings/gamemode_isgaming
12-01 08:02:46.691 1508 1508 I GameModeConfig: isGameModeOn = false
12-01 08:02:46.691 1508 1508 I GameModeConfig: isGameModeOn = false
12-01 08:02:46.691 1508 1508 I GameModeConfig: isDisableVoice = true
12-01 08:02:46.713 1508 5207 I ActivityTaskManager: START u0 {act=android.intent.action.ATTACH_DATA dat=content://media/external/images/media/26 typ=image/* flg=0x3000001 cmp=com.android.gallery3d/.app.Wallpaper (has extras)} from uid 10064
12-01 08:02:46.715 1508 5207 I wm_task_moved: [260,1,9]
12-01 08:02:46.715 1508 5207 I wm_set_resumed_activity: [0,android/com.android.internal.app.ChooserActivity,positionChildAt]
12-01 08:02:46.715 1508 5207 I wm_create_activity: [0,73797900,260,com.android.gallery3d/.app.Wallpaper,android.intent.action.ATTACH_DATA,image/*,content://media/external/images/media/26,50331649]
12-01 08:02:46.716 1508 5207 I wm_pause_activity: [0,252728135,android/com.android.internal.app.ChooserActivity,userLeaving=true,resumeTopActivityInnerLocked]
12-01 08:02:46.716 1508 5207 W WindowManager: updateScale0.7996942
12-01 08:02:46.716 1508 5207 W WindowManager: updateScale0.7996942
12-01 08:02:46.718 1508 5207 I wm_finish_activity: [0,252728135,260,android/com.android.internal.app.ChooserActivity,app-request]
12-01 08:02:46.719 25895 25895 I sysui_multi_action: [757,214,758,4,759,1,1649,image/*,1653,50]
12-01 08:02:46.719 25895 25895 I wm_on_create_called: [252728135,com.android.internal.app.ChooserActivity,performCreate]
12-01 08:02:46.724 1508 9285 I wm_add_to_stopping: [0,252728135,android/com.android.internal.app.ChooserActivity,completeFinishing]
12-01 08:02:46.725 1508 9285 I ActivityTaskManager: FOREGROUND_APPLICATION_CHANGED to com.android.gallery3d.app.Wallpaper
12-01 08:02:46.725 1508 9285 I ActivityTaskManager: The Process com.android.gallery3d Already Exists in BG. So sending its PID: 22978
12-01 08:02:46.725 1508 9285 W ActivityTaskManager: Tried to set launchTime (0) < mLastActivityLaunchTime (14973186)
12-01 08:02:46.726 1508 9285 I wm_restart_activity: [0,73797900,260,com.android.gallery3d/.app.Wallpaper]
12-01 08:02:46.727 1508 9285 I wm_set_resumed_activity: [0,com.android.gallery3d/.app.Wallpaper,minimalResumeActivityLocked]
12-01 08:02:46.732 1508 1636 I sysui_multi_action: [757,803,799,window_time_2,802,0]
12-01 08:02:46.748 22978 22978 I wm_on_create_called: [73797900,com.android.gallery3d.app.Wallpaper,performCreate]
12-01 08:02:46.751 22978 22978 I wm_on_start_called: [73797900,com.android.gallery3d.app.Wallpaper,handleStartActivity]
12-01 08:02:46.763 1508 9285 I ActivityTaskManager: START u0 {act=android.service.wallpaper.CROP_AND_SET_WALLPAPER dat=content://media/external/images/media/26 flg=0x1 pkg=com.android.wallpapercropper cmp=com.android.wallpapercropper/.WallpaperCropActivity} from uid 10064
12-01 08:02:46.765 1508 9285 I wm_task_moved: [260,1,9]
12-01 08:02:46.765 1508 9285 I wm_set_resumed_activity: [0,com.android.gallery3d/.app.Wallpaper,positionChildAt]
12-01 08:02:46.765 1508 9285 I wm_create_activity: [0,190056145,260,com.android.wallpapercropper/.WallpaperCropActivity,android.service.wallpaper.CROP_AND_SET_WALLPAPER,NULL,content://media/external/images/media/26,1]
12-01 08:02:46.766 1508 9285 I wm_pause_activity: [0,73797900,com.android.gallery3d/.app.Wallpaper,userLeaving=true,resumeTopActivityInnerLocked]
12-01 08:02:46.767 1508 9285 W WindowManager: updateScale0.7996942
12-01 08:02:46.767 1508 9285 W WindowManager: updateScale0.7996942
12-01 08:02:46.769 1508 9285 I wm_finish_activity: [0,73797900,260,com.android.gallery3d/.app.Wallpaper,app-request]
12-01 08:02:46.769 22978 22978 I wm_on_resume_called: [73797900,com.android.gallery3d.app.Wallpaper,RESUME_ACTIVITY]
12-01 08:02:46.769 22978 22978 I wm_on_top_resumed_gained_called: [73797900,com.android.gallery3d.app.Wallpaper,topStateChangedWhenResumed]
12-01 08:02:46.770 22978 22978 I wm_on_top_resumed_lost_called: [73797900,com.android.gallery3d.app.Wallpaper,topStateChangedWhenResumed]
12-01 08:02:46.770 22978 22978 I wm_on_paused_called: [73797900,com.android.gallery3d.app.Wallpaper,performPause]
12-01 08:02:46.770 1508 9285 I wm_add_to_stopping: [0,73797900,com.android.gallery3d/.app.Wallpaper,completeFinishing]
12-01 08:02:46.770 1508 9285 I ActivityTaskManager: FOREGROUND_APPLICATION_CHANGED to com.android.wallpapercropper.WallpaperCropActivity
12-01 08:02:46.771 1508 9285 I ActivityTaskManager: The Process com.android.wallpapercropper Already Exists in BG. So sending its PID: 25920
12-01 08:02:46.771 1508 9285 W ActivityTaskManager: Tried to set launchTime (0) < mLastActivityLaunchTime (14957324)
12-01 08:02:46.773 1508 9285 I wm_restart_activity: [0,190056145,260,com.android.wallpapercropper/.WallpaperCropActivity]
12-01 08:02:46.774 1508 9285 I wm_set_resumed_activity: [0,com.android.wallpapercropper/.WallpaperCropActivity,minimalResumeActivityLocked]
12-01 08:02:46.777 1508 1636 I sysui_multi_action: [757,803,799,window_time_2,802,0]
12-01 08:02:46.785 22714 22730 W ContextImpl: Calling a method in the system process without a qualified user: android.app.ContextImpl.startService:1816 android.content.ContextWrapper.startService:774 com.thundercomm.gamemode.ingame.services.GameModeActionUtils.startGameModeService:93 com.thundercomm.gamemode.ingame.services.GameModeActionUtils.startGameModeEntry:21 com.thundercomm.gamemode.ingame.services.ActivityMonitoringService$1.onActivityLaunch:127
12-01 08:02:46.788 1508 1508 I GameModeConfig: Current uri is uri = content://com.thundercomm.gamemode.api/gamemode_settings/gamemode_isgaming
12-01 08:02:46.790 1508 1508 I GameModeConfig: isGameModeOn = false
12-01 08:02:46.790 1508 1508 I GameModeConfig: isGameModeOn = false
12-01 08:02:46.790 1508 1508 I GameModeConfig: isDisableVoice = true
12-01 08:02:46.795 25920 25920 I wm_on_create_called: [190056145,com.android.wallpapercropper.WallpaperCropActivity,performCreate]
12-01 08:02:46.795 25920 25920 I wm_on_start_called: [190056145,com.android.wallpapercropper.WallpaperCropActivity,handleStartActivity]
12-01 08:02:46.795 25920 25920 I wm_on_resume_called: [190056145,com.android.wallpapercropper.WallpaperCropActivity,RESUME_ACTIVITY]
12-01 08:02:46.796 1508 9285 W WindowManager: Failed looking up window session=Session{ae87943 25920:u0a10077} callers=com.android.server.wm.WindowManagerService.windowForClientLocked:5628 com.android.server.wm.Session.insetsModified:629 android.view.IWindowSession$Stub.onTransact:1151
12-01 08:02:46.798 25920 25920 I wm_on_top_resumed_gained_called: [190056145,com.android.wallpapercropper.WallpaperCropActivity,topStateChangedWhenResumed]
12-01 08:02:46.814 1508 9285 W WindowManager: updateScale0.7996942
12-01 08:02:46.814 1508 9285 W WindowManager: updateScale0.7996942
12-01 08:02:46.814 1508 9285 W WindowManager: updateScale0.7996942
12-01 08:02:46.817 1508 1637 I input_focus: [Focus request 3c6c4d3 com.android.wallpapercropper/com.android.wallpapercropper.WallpaperCropActivity,reason=UpdateInputWindows]
12-01 08:02:46.829 1508 1637 W WindowManager: updateScale0.7996942
12-01 08:02:46.829 1508 1637 W WindowManager: updateScale0.7996942
12-01 08:02:46.829 1508 1637 W WindowManager: updateScale0.7996942
12-01 08:02:46.834 1508 2005 I input_focus: [Focus leaving dac1567 com.android.gallery3d/com.android.gallery3d.app.GalleryActivity (server),reason=Waiting for window because NOT_VISIBLE]
12-01 08:02:46.845 1508 1637 W WindowManager: updateScale0.7996942
12-01 08:02:46.845 1508 1637 W WindowManager: updateScale0.7996942
12-01 08:02:46.845 1508 1637 W WindowManager: updateScale0.7996942
12-01 08:02:46.851 1508 1637 W WindowManager: updateScale0.7996942
12-01 08:02:46.851 1508 1637 W WindowManager: updateScale0.7996942
12-01 08:02:46.851 1508 1637 W WindowManager: updateScale0.7996942
12-01 08:02:46.854 1508 1633 I sysui_multi_action: [319,255,322,254,325,14985,757,761,758,8,759,2,806,com.android.wallpapercropper,871,com.android.wallpapercropper.WallpaperCropActivity,904,com.android.gallery3d,905,0,1320,4,1321,1]
12-01 08:02:46.854 1508 1633 I wm_activity_launch_time: [0,190056145,com.android.wallpapercropper/.WallpaperCropActivity,254]
12-01 08:02:46.861 1508 1637 W WindowManager: updateScale0.7996942
12-01 08:02:46.861 1508 1637 W WindowManager: updateScale0.7996942
12-01 08:02:46.864 1508 5207 I wm_destroy_activity: [0,73797900,260,com.android.gallery3d/.app.Wallpaper,finish-imm:idle]
12-01 08:02:46.865 1508 5207 I wm_destroy_activity: [0,252728135,260,android/com.android.internal.app.ChooserActivity,finish-imm:idle]
12-01 08:02:46.865 25895 25895 I wm_on_destroy_called: [252728135,com.android.internal.app.ChooserActivity,performDestroy]
12-01 08:02:46.868 1508 2005 I input_focus: [Focus entering 3c6c4d3 com.android.wallpapercropper/com.android.wallpapercropper.WallpaperCropActivity (server),reason=Window became focusable. Previous reason: NOT_VISIBLE]
12-01 08:02:46.878 1508 1637 W WindowManager: updateScale0.7996942
12-01 08:02:46.878 1508 1637 W WindowManager: updateScale0.7996942
12-01 08:02:46.879 22978 22978 I wm_on_stop_called: [73797900,com.android.gallery3d.app.Wallpaper,LIFECYCLER_STOP_ACTIVITY]
12-01 08:02:46.879 22978 22978 I wm_on_destroy_called: [73797900,com.android.gallery3d.app.Wallpaper,performDestroy]
12-01 08:02:46.881 22714 22730 W ContextImpl: Calling a method in the system process without a qualified user: android.app.ContextImpl.startService:1816 android.content.ContextWrapper.startService:774 com.thundercomm.gamemode.ingame.services.GameModeActionUtils.startGameModeService:93 com.thundercomm.gamemode.ingame.services.GameModeActionUtils.startGameModeEntry:21 com.thundercomm.gamemode.ingame.services.ActivityMonitoringService$1.onActivityLaunch:127
12-01 08:02:46.887 1508 1508 I GameModeConfig: Current uri is uri = content://com.thundercomm.gamemode.api/gamemode_settings/gamemode_isgaming
12-01 08:02:46.889 1508 1508 I GameModeConfig: isGameModeOn = false
12-01 08:02:46.889 1508 1508 I GameModeConfig: isGameModeOn = false
12-01 08:02:46.889 1508 1508 I GameModeConfig: isDisableVoice = true
12-01 08:02:46.905 22714 22730 W ContextImpl: Calling a method in the system process without a qualified user: android.app.ContextImpl.startService:1816 android.content.ContextWrapper.startService:774 com.thundercomm.gamemode.ingame.services.GameModeActionUtils.startGameModeService:93 com.thundercomm.gamemode.ingame.services.GameModeActionUtils.startGameModeEntry:21 com.thundercomm.gamemode.ingame.services.ActivityMonitoringService$1.onActivityLaunch:127
12-01 08:02:46.911 1508 1508 I GameModeConfig: Current uri is uri = content://com.thundercomm.gamemode.api/gamemode_settings/gamemode_isgaming
12-01 08:02:46.917 1508 1508 I GameModeConfig: isGameModeOn = false
12-01 08:02:46.918 1508 1508 I GameModeConfig: isGameModeOn = false
12-01 08:02:46.918 1508 1508 I GameModeConfig: isDisableVoice = true
12-01 08:02:47.132 1508 1637 W WindowManager: updateScale0.7996942
12-01 08:02:47.132 1508 1637 W WindowManager: updateScale0.7996942
12-01 08:02:47.351 0 0 I auditd : type=1400 audit(0.0:16126): avc: denied { kill } for comm="swapper/3" capability=5 scontext=u:r:kernel:s0 tcontext=u:r:kernel:s0 tclass=capability permissive=0
12-01 08:02:48.351 0 0 I auditd : type=1400 audit(0.0:16127): avc: denied { kill } for comm="swapper/3" capability=5 scontext=u:r:kernel:s0 tcontext=u:r:kernel:s0 tclass=capability permissive=0
12-01 08:02:49.351 0 0 I auditd : type=1400 audit(0.0:16128): avc: denied { kill } for comm="swapper/3" capability=5 scontext=u:r:kernel:s0 tcontext=u:r:kernel:s0 tclass=capability permissive=0
12-01 08:02:49.463 1508 2005 I input_interaction: Interaction with: 3c6c4d3 com.android.wallpapercropper/com.android.wallpapercropper.WallpaperCropActivity (server), edge-swipe (server), swipe-up (server), PointerEventDispatcher0 (server),
12-01 08:02:50.226 1508 3862 E TaskPersister: File error accessing recents directory (directory doesn't exist?).
12-01 08:02:50.351 0 0 I auditd : type=1400 audit(0.0:16129): avc: denied { kill } for comm="swapper/3" capability=5 scontext=u:r:kernel:s0 tcontext=u:r:kernel:s0 tclass=capability permissive=0
12-01 08:02:50.988 1508 1508 I notification_enqueue: [10097,9319,com.github.uiautomator,1,NULL,0,Notification(channel=monitor service shortcut=null contentView=null vibrate=null sound=null tick defaults=0x0 flags=0x40 color=0x00000000 vis=PRIVATE),1]
12-01 08:02:51.190 1508 1508 I GameModeConfig: isGameModeOn = false
12-01 08:02:51.351 0 0 I auditd : type=1400 audit(0.0:16130): avc: denied { kill } for comm="swapper/3" capability=5 scontext=u:r:kernel:s0 tcontext=u:r:kernel:s0 tclass=capability permissive=0
12-01 08:02:51.965 1508 5207 V WallpaperManagerService: updateWallpaperBitmapLocked() : id=2 name= file=wallpaper_orig
12-01 08:02:51.985 1508 1658 V WallpaperManagerService: bindWallpaperComponentLocked: componentName=ComponentInfo{com.android.systemui/com.android.systemui.ImageWallpaper}
12-01 08:02:51.991 1508 1658 W WindowManager: updateScale0.7996942
12-01 08:02:51.991 1508 1658 W WindowManager: updateScale0.7996942
12-01 08:02:52.010 1508 5207 W WindowManager: updateScale0.7996942
12-01 08:02:52.010 1508 5207 W WindowManager: updateScale0.7996942
12-01 08:02:52.033 1508 9618 D CompatibilityChangeReporter: Compat change id reported: 168419799; UID 10082; state: DISABLED
12-01 08:02:52.037 1508 9618 W WindowManager: updateScale0.7996942
12-01 08:02:52.037 1508 9618 W WindowManager: updateScale0.7996942
12-01 08:02:52.047 1508 1637 W WindowManager: updateScale0.7996942
12-01 08:02:52.047 1508 1637 W WindowManager: updateScale0.7996942
12-01 08:02:52.051 1508 9856 W WindowManager: updateScale0.7996942
12-01 08:02:52.051 1508 9856 W WindowManager: updateScale0.7996942
12-01 08:02:52.057 1508 5207 W WindowManager: updateScale0.7996942
12-01 08:02:52.057 1508 5207 W WindowManager: updateScale0.7996942
12-01 08:02:52.218 1508 5207 I wm_finish_activity: [0,190056145,260,com.android.wallpapercropper/.WallpaperCropActivity,app-request]
12-01 08:02:52.228 1508 5207 I wm_pause_activity: [0,190056145,com.android.wallpapercropper/.WallpaperCropActivity,userLeaving=false,finish]
12-01 08:02:52.230 25920 25920 I wm_on_top_resumed_lost_called: [190056145,com.android.wallpapercropper.WallpaperCropActivity,topStateChangedWhenResumed]
12-01 08:02:52.232 25920 25920 I wm_on_paused_called: [190056145,com.android.wallpapercropper.WallpaperCropActivity,performPause]
12-01 08:02:52.233 1508 9856 I ActivityTaskManager: FOREGROUND_APPLICATION_CHANGED to com.android.gallery3d.app.GalleryActivity
12-01 08:02:52.235 1508 9856 I wm_set_resumed_activity: [0,com.android.gallery3d/.app.GalleryActivity,resumeTopActivityInnerLocked]
12-01 08:02:52.237 1508 9856 I wm_resume_activity: [0,256084229,260,com.android.gallery3d/.app.GalleryActivity]
12-01 08:02:52.239 1508 9856 W WindowManager: updateScale0.7996942
12-01 08:02:52.245 1508 9856 W WindowManager: updateScale0.7996942
12-01 08:02:52.246 22978 22978 I wm_on_resume_called: [256084229,com.android.gallery3d.app.GalleryActivity,RESUME_ACTIVITY]
12-01 08:02:52.246 22978 22978 I wm_on_top_resumed_gained_called: [256084229,com.android.gallery3d.app.GalleryActivity,topWhenResuming]
12-01 08:02:52.247 1508 1637 I input_focus: [Focus request dac1567 com.android.gallery3d/com.android.gallery3d.app.GalleryActivity,reason=UpdateInputWindows]
12-01 08:02:52.247 1508 1636 I sysui_multi_action: [757,803,799,window_time_2,802,5]
12-01 08:02:52.259 1508 2005 I input_focus: [Focus leaving 3c6c4d3 com.android.wallpapercropper/com.android.wallpapercropper.WallpaperCropActivity (server),reason=NO_WINDOW]
12-01 08:02:52.260 1508 2005 I input_focus: [Focus entering dac1567 com.android.gallery3d/com.android.gallery3d.app.GalleryActivity (server),reason=setFocusedWindow]
12-01 08:02:52.261 1508 9856 W WindowManager: updateScale0.7996942
12-01 08:02:52.353 22714 22730 W ContextImpl: Calling a method in the system process without a qualified user: android.app.ContextImpl.startService:1816 android.content.ContextWrapper.startService:774 com.thundercomm.gamemode.ingame.services.GameModeActionUtils.startGameModeService:93 com.thundercomm.gamemode.ingame.services.GameModeActionUtils.startGameModeEntry:21 com.thundercomm.gamemode.ingame.services.ActivityMonitoringService$1.onActivityLaunch:127
12-01 08:02:52.358 1508 1508 I GameModeConfig: Current uri is uri = content://com.thundercomm.gamemode.api/gamemode_settings/gamemode_isgaming
12-01 08:02:52.360 1508 1508 I GameModeConfig: isGameModeOn = false
12-01 08:02:52.361 1508 1508 I GameModeConfig: isGameModeOn = false
12-01 08:02:52.361 1508 1508 I GameModeConfig: isDisableVoice = true
12-01 08:02:52.516 1508 1637 W WindowManager: updateScale0.7996942
12-01 08:02:52.526 1508 1636 I wm_destroy_activity: [0,190056145,260,com.android.wallpapercropper/.WallpaperCropActivity,finish-transit]
12-01 08:02:52.544 1508 1637 W WindowManager: updateScale0.7996942
12-01 08:02:52.544 22714 22730 W ContextImpl: Calling a method in the system process without a qualified user: android.app.ContextImpl.startService:1816 android.content.ContextWrapper.startService:774 com.thundercomm.gamemode.ingame.services.GameModeActionUtils.startGameModeService:93 com.thundercomm.gamemode.ingame.services.GameModeActionUtils.startGameModeEntry:21 com.thundercomm.gamemode.ingame.services.ActivityMonitoringService$1.onActivityLaunch:127
12-01 08:02:52.551 1508 8059 W WindowManager: updateScale0.7996942
12-01 08:02:52.553 1508 1508 I GameModeConfig: Current uri is uri = content://com.thundercomm.gamemode.api/gamemode_settings/gamemode_isgaming
12-01 08:02:52.556 1508 1508 I GameModeConfig: isGameModeOn = false
12-01 08:02:52.556 1508 1508 I GameModeConfig: isGameModeOn = false
12-01 08:02:52.556 1508 1508 I GameModeConfig: isDisableVoice = true
12-01 08:02:52.558 25920 25920 I wm_on_stop_called: [190056145,com.android.wallpapercropper.WallpaperCropActivity,LIFECYCLER_STOP_ACTIVITY]
12-01 08:02:52.558 25920 25920 I wm_on_destroy_called: [190056145,com.android.wallpapercropper.WallpaperCropActivity,performDestroy]
12-01 08:02:52.566 1508 5207 W WindowManager: updateScale0.7996942
12-01 08:02:53.351 0 0 I auditd : type=1400 audit(0.0:16131): avc: denied { kill } for comm="swapper/3" capability=5 scontext=u:r:kernel:s0 tcontext=u:r:kernel:s0 tclass=capability permissive=0
12-01 08:02:54.351 0 0 I auditd : type=1400 audit(0.0:16132): avc: denied { kill } for comm="swapper/3" capability=5 scontext=u:r:kernel:s0 tcontext=u:r:kernel:s0 tclass=capability permissive=0
12-01 08:02:55.355 1508 2005 I input_interaction: Interaction with: dac1567 com.android.gallery3d/com.android.gallery3d.app.GalleryActivity (server), edge-swipe (server), swipe-up (server), PointerEventDispatcher0 (server),
12-01 08:02:55.513 1508 8059 W WindowManager: updateScale0.7996942
12-01 08:02:55.513 1508 8059 W WindowManager: updateScale0.7996942
12-01 08:02:55.516 1508 1637 I input_focus: [Focus request c9084d0 PopupWindow:159455,reason=UpdateInputWindows]
12-01 08:02:55.550 1508 1637 W WindowManager: updateScale0.7996942
12-01 08:02:55.551 1508 1637 W WindowManager: updateScale0.7996942
12-01 08:02:55.553 1508 1637 W WindowManager: updateScale0.7996942
12-01 08:02:55.554 1508 1637 W WindowManager: updateScale0.7996942
12-01 08:02:55.554 1508 2005 I input_focus: [Focus leaving dac1567 com.android.gallery3d/com.android.gallery3d.app.GalleryActivity (server),reason=Waiting for window because NOT_VISIBLE]
12-01 08:02:55.569 1508 2005 I input_focus: [Focus entering c9084d0 PopupWindow:159455 (server),reason=Window became focusable. Previous reason: NOT_VISIBLE]
12-01 08:02:55.579 1508 3862 E TaskPersister: File error accessing recents directory (directory doesn't exist?).
12-01 08:02:56.351 0 0 I auditd : type=1400 audit(0.0:16133): avc: denied { kill } for comm="swapper/3" capability=5 scontext=u:r:kernel:s0 tcontext=u:r:kernel:s0 tclass=capability permissive=0
12-01 08:02:57.351 0 0 I auditd : type=1400 audit(0.0:16134): avc: denied { kill } for comm="swapper/3" capability=5 scontext=u:r:kernel:s0 tcontext=u:r:kernel:s0 tclass=capability permissive=0
12-01 08:02:57.779 1508 2005 I input_interaction: Interaction with: c9084d0 PopupWindow:159455 (server), edge-swipe (server), swipe-up (server), PointerEventDispatcher0 (server),
12-01 08:02:57.919 22978 22978 I menu_item_selected: [0,详细信息]
12-01 08:02:57.964 1508 5207 W WindowManager: updateScale0.7996942
12-01 08:02:57.964 1508 5207 W WindowManager: updateScale0.7996942
12-01 08:02:57.964 1508 5207 W WindowManager: updateScale0.7996942
12-01 08:02:57.966 1508 5207 W WindowManager: updateScale0.7996942
12-01 08:02:57.966 1508 5207 W WindowManager: updateScale0.7996942
12-01 08:02:57.978 1508 5207 W WindowManager: updateScale0.7996942
12-01 08:02:57.978 1508 5207 W WindowManager: updateScale0.7996942
12-01 08:02:57.978 1508 5207 W WindowManager: updateScale0.7996942
12-01 08:02:57.980 1508 1637 I input_focus: [Focus request 1b5eaa6 com.android.gallery3d/com.android.gallery3d.app.GalleryActivity,reason=UpdateInputWindows]
12-01 08:02:58.004 1508 1637 W WindowManager: updateScale0.7996942
12-01 08:02:58.004 1508 1637 W WindowManager: updateScale0.7996942
12-01 08:02:58.004 1508 1637 W WindowManager: updateScale0.7996942
12-01 08:02:58.007 1508 1637 W WindowManager: updateScale0.7996942
12-01 08:02:58.007 1508 1637 W WindowManager: updateScale0.7996942
12-01 08:02:58.007 1508 1637 W WindowManager: updateScale0.7996942
12-01 08:02:58.013 1508 9618 W WindowManager: updateScale0.7996942
12-01 08:02:58.013 1508 9618 W WindowManager: updateScale0.7996942
12-01 08:02:58.013 1508 9618 W WindowManager: updateScale0.7996942
12-01 08:02:58.025 1508 2005 I input_focus: [Focus entering 1b5eaa6 com.android.gallery3d/com.android.gallery3d.app.GalleryActivity (server),reason=Window became focusable. Previous reason: NOT_VISIBLE]
12-01 08:02:58.210 1508 1637 W WindowManager: updateScale0.7996942
12-01 08:02:58.211 1508 1637 W WindowManager: updateScale0.7996942
12-01 08:02:58.225 1508 1637 W WindowManager: updateScale0.7996942
12-01 08:02:58.225 1508 1637 W WindowManager: updateScale0.7996942
12-01 08:02:59.351 0 0 I auditd : type=1400 audit(0.0:16135): avc: denied { kill } for comm="swapper/3" capability=5 scontext=u:r:kernel:s0 tcontext=u:r:kernel:s0 tclass=capability permissive=0
12-01 08:02:59.745 1508 2005 I input_interaction: Interaction with: 1b5eaa6 com.android.gallery3d/com.android.gallery3d.app.GalleryActivity (server), edge-swipe (server), swipe-up (server), PointerEventDispatcher0 (server),
12-01 08:02:59.868 1508 9618 W WindowManager: updateScale0.7996942
12-01 08:02:59.868 1508 9618 W WindowManager: updateScale0.7996942
12-01 08:02:59.875 1508 1637 I input_focus: [Focus request dac1567 com.android.gallery3d/com.android.gallery3d.app.GalleryActivity,reason=UpdateInputWindows]
12-01 08:02:59.914 1508 2005 I input_focus: [Focus entering dac1567 com.android.gallery3d/com.android.gallery3d.app.GalleryActivity (server),reason=setFocusedWindow]
12-01 08:03:00.113 1508 1637 W WindowManager: updateScale0.7996942
12-01 08:03:00.129 1508 1637 W WindowManager: updateScale0.7996942
12-01 08:03:00.351 0 0 I auditd : type=1400 audit(0.0:16136): avc: denied { kill } for comm="swapper/3" capability=5 scontext=u:r:kernel:s0 tcontext=u:r:kernel:s0 tclass=capability permissive=0
12-01 08:03:00.611 1508 2005 I input_interaction: Interaction with: dac1567 com.android.gallery3d/com.android.gallery3d.app.GalleryActivity (server), edge-swipe (server), swipe-up (server), PointerEventDispatcher0 (server),
12-01 08:03:00.755 1508 9856 W WindowManager: updateScale0.7996942
12-01 08:03:00.755 1508 9856 W WindowManager: updateScale0.7996942
12-01 08:03:00.759 1508 1637 I input_focus: [Focus request 500ee3a PopupWindow:440d740,reason=UpdateInputWindows]
12-01 08:03:00.779 1508 1637 W WindowManager: updateScale0.7996942
12-01 08:03:00.779 1508 1637 W WindowManager: updateScale0.7996942
12-01 08:03:00.781 1508 1637 W WindowManager: updateScale0.7996942
12-01 08:03:00.781 1508 1637 W WindowManager: updateScale0.7996942
12-01 08:03:00.784 1508 2005 I input_focus: [Focus leaving dac1567 com.android.gallery3d/com.android.gallery3d.app.GalleryActivity (server),reason=Waiting for window because NOT_VISIBLE]
12-01 08:03:00.798 1508 2005 I input_focus: [Focus entering 500ee3a PopupWindow:440d740 (server),reason=Window became focusable. Previous reason: NOT_VISIBLE]
12-01 08:03:01.035 1508 2305 I netstats_mobile_sample: [0,0,0,0,0,0,0,0,0,0,0,0,1669852981035]
12-01 08:03:01.036 1508 2305 I netstats_wifi_sample: [237382198,507327,146765479,345659,237382198,507327,146765479,345659,304762953,996494,74095991,181408,1669852981035]
12-01 08:03:01.351 0 0 I auditd : type=1400 audit(0.0:16137): avc: denied { kill } for comm="swapper/3" capability=5 scontext=u:r:kernel:s0 tcontext=u:r:kernel:s0 tclass=capability permissive=0
12-01 08:03:01.753 1508 2005 I input_interaction: Interaction with: 500ee3a PopupWindow:440d740 (server), edge-swipe (server), swipe-up (server), PointerEventDispatcher0 (server),
12-01 08:03:01.884 22978 22978 I menu_item_selected: [0,将照片设置为]
12-01 08:03:01.899 1508 9618 I ActivityTaskManager: START u0 {act=android.intent.action.CHOOSER flg=0x1 cmp=android/com.android.internal.app.ChooserActivity clip={image/* {U(content)}} (has extras)} from uid 10064
12-01 08:03:01.903 1508 9618 I wm_task_moved: [260,1,9]
12-01 08:03:01.904 1508 9618 I wm_set_resumed_activity: [0,com.android.gallery3d/.app.GalleryActivity,positionChildAt]
12-01 08:03:01.904 1508 9618 I wm_create_activity: [0,175374988,260,android/com.android.internal.app.ChooserActivity,android.intent.action.CHOOSER,NULL,NULL,8388609]
12-01 08:03:01.905 1508 9618 I wm_pause_activity: [0,256084229,com.android.gallery3d/.app.GalleryActivity,userLeaving=true,resumeTopActivityInnerLocked]
12-01 08:03:01.907 1508 9618 W WindowManager: updateScale0.7996942
12-01 08:03:01.907 1508 9618 W WindowManager: updateScale0.7996942
12-01 08:03:01.918 1508 9618 W WindowManager: updateScale0.7996942
12-01 08:03:01.919 1508 9618 W WindowManager: updateScale0.7996942
12-01 08:03:01.921 22978 22978 I wm_on_top_resumed_lost_called: [256084229,com.android.gallery3d.app.GalleryActivity,topStateChangedWhenResumed]
12-01 08:03:01.922 1508 1637 I input_focus: [Focus request dac1567 com.android.gallery3d/com.android.gallery3d.app.GalleryActivity,reason=UpdateInputWindows]
12-01 08:03:01.937 22978 22978 I wm_on_paused_called: [256084229,com.android.gallery3d.app.GalleryActivity,performPause]
12-01 08:03:01.939 1508 9618 I ActivityTaskManager: FOREGROUND_APPLICATION_CHANGED to com.android.internal.app.ChooserActivity
12-01 08:03:01.939 1508 9618 I ActivityTaskManager: The Process android:ui Already Exists in BG. So sending its PID: 25895
12-01 08:03:01.940 1508 9618 W ActivityTaskManager: Tried to set launchTime (0) < mLastActivityLaunchTime (14985236)
12-01 08:03:01.941 1508 9618 I wm_restart_activity: [0,175374988,260,android/com.android.internal.app.ChooserActivity]
12-01 08:03:01.944 1508 2005 I input_focus: [Focus entering dac1567 com.android.gallery3d/com.android.gallery3d.app.GalleryActivity (server),reason=setFocusedWindow]
12-01 08:03:01.944 1508 9618 I wm_set_resumed_activity: [0,android/com.android.internal.app.ChooserActivity,minimalResumeActivityLocked]
12-01 08:03:01.955 1508 1636 I sysui_multi_action: [757,803,799,window_time_2,802,10]
12-01 08:03:01.962 22714 22730 W ContextImpl: Calling a method in the system process without a qualified user: android.app.ContextImpl.startService:1816 android.content.ContextWrapper.startService:774 com.thundercomm.gamemode.ingame.services.GameModeActionUtils.startGameModeService:93 com.thundercomm.gamemode.ingame.services.GameModeActionUtils.startGameModeEntry:21 com.thundercomm.gamemode.ingame.services.ActivityMonitoringService$1.onActivityLaunch:127
12-01 08:03:01.968 1508 1508 I GameModeConfig: Current uri is uri = content://com.thundercomm.gamemode.api/gamemode_settings/gamemode_isgaming
12-01 08:03:01.972 1508 1508 I GameModeConfig: isGameModeOn = false
12-01 08:03:01.972 1508 1508 I GameModeConfig: isGameModeOn = false
12-01 08:03:01.972 1508 1508 I GameModeConfig: isDisableVoice = true
12-01 08:03:01.974 1508 8059 I ActivityTaskManager: START u0 {act=android.intent.action.ATTACH_DATA dat=content://media/external/images/media/26 typ=image/* flg=0x3000001 cmp=com.android.gallery3d/.app.Wallpaper (has extras)} from uid 10064
12-01 08:03:01.976 1508 8059 I wm_task_moved: [260,1,9]
12-01 08:03:01.976 1508 8059 I wm_set_resumed_activity: [0,android/com.android.internal.app.ChooserActivity,positionChildAt]
12-01 08:03:01.977 1508 8059 I wm_create_activity: [0,221199426,260,com.android.gallery3d/.app.Wallpaper,android.intent.action.ATTACH_DATA,image/*,content://media/external/images/media/26,50331649]
12-01 08:03:01.977 1508 8059 I wm_pause_activity: [0,175374988,android/com.android.internal.app.ChooserActivity,userLeaving=true,resumeTopActivityInnerLocked]
12-01 08:03:01.978 1508 8059 W WindowManager: updateScale0.7996942
12-01 08:03:01.978 1508 8059 W WindowManager: updateScale0.7996942
12-01 08:03:01.981 1508 8059 I wm_finish_activity: [0,175374988,260,android/com.android.internal.app.ChooserActivity,app-request]
12-01 08:03:01.982 25895 25895 I sysui_multi_action: [757,214,758,4,759,1,1649,image/*,1653,29]
12-01 08:03:01.982 25895 25895 I wm_on_create_called: [175374988,com.android.internal.app.ChooserActivity,performCreate]
12-01 08:03:01.986 1508 5207 I wm_add_to_stopping: [0,175374988,android/com.android.internal.app.ChooserActivity,completeFinishing]
12-01 08:03:01.986 1508 5207 I ActivityTaskManager: FOREGROUND_APPLICATION_CHANGED to com.android.gallery3d.app.Wallpaper
12-01 08:03:01.987 1508 5207 I ActivityTaskManager: The Process com.android.gallery3d Already Exists in BG. So sending its PID: 22978
12-01 08:03:01.987 1508 5207 W ActivityTaskManager: Tried to set launchTime (0) < mLastActivityLaunchTime (14985306)
12-01 08:03:01.988 1508 5207 I wm_restart_activity: [0,221199426,260,com.android.gallery3d/.app.Wallpaper]
12-01 08:03:01.988 1508 5207 I wm_set_resumed_activity: [0,com.android.gallery3d/.app.Wallpaper,minimalResumeActivityLocked]
12-01 08:03:01.991 1508 1636 I sysui_multi_action: [757,803,799,window_time_2,802,0]
12-01 08:03:01.999 22978 22978 I wm_on_create_called: [221199426,com.android.gallery3d.app.Wallpaper,performCreate]
12-01 08:03:02.002 22978 22978 I wm_on_start_called: [221199426,com.android.gallery3d.app.Wallpaper,handleStartActivity]
12-01 08:03:02.009 1508 2996 I ActivityTaskManager: START u0 {act=android.service.wallpaper.CROP_AND_SET_WALLPAPER dat=content://media/external/images/media/26 flg=0x1 pkg=com.android.wallpapercropper cmp=com.android.wallpapercropper/.WallpaperCropActivity} from uid 10064
12-01 08:03:02.010 1508 2996 I wm_task_moved: [260,1,9]
12-01 08:03:02.010 1508 2996 I wm_set_resumed_activity: [0,com.android.gallery3d/.app.Wallpaper,positionChildAt]
12-01 08:03:02.010 1508 2996 I wm_create_activity: [0,106988207,260,com.android.wallpapercropper/.WallpaperCropActivity,android.service.wallpaper.CROP_AND_SET_WALLPAPER,NULL,content://media/external/images/media/26,1]
12-01 08:03:02.011 1508 2996 I wm_pause_activity: [0,221199426,com.android.gallery3d/.app.Wallpaper,userLeaving=true,resumeTopActivityInnerLocked]
12-01 08:03:02.011 1508 2996 W WindowManager: updateScale0.7996942
12-01 08:03:02.011 1508 2996 W WindowManager: updateScale0.7996942
12-01 08:03:02.017 1508 2996 I wm_finish_activity: [0,221199426,260,com.android.gallery3d/.app.Wallpaper,app-request]
12-01 08:03:02.017 22978 22978 I wm_on_resume_called: [221199426,com.android.gallery3d.app.Wallpaper,RESUME_ACTIVITY]
12-01 08:03:02.017 22978 22978 I wm_on_top_resumed_gained_called: [221199426,com.android.gallery3d.app.Wallpaper,topStateChangedWhenResumed]
12-01 08:03:02.018 22978 22978 I wm_on_top_resumed_lost_called: [221199426,com.android.gallery3d.app.Wallpaper,topStateChangedWhenResumed]
12-01 08:03:02.018 22978 22978 I wm_on_paused_called: [221199426,com.android.gallery3d.app.Wallpaper,performPause]
12-01 08:03:02.018 1508 9856 I wm_add_to_stopping: [0,221199426,com.android.gallery3d/.app.Wallpaper,completeFinishing]
12-01 08:03:02.018 1508 9856 I ActivityTaskManager: FOREGROUND_APPLICATION_CHANGED to com.android.wallpapercropper.WallpaperCropActivity
12-01 08:03:02.018 1508 9856 I ActivityTaskManager: The Process com.android.wallpapercropper Already Exists in BG. So sending its PID: 25920
12-01 08:03:02.019 1508 9856 W ActivityTaskManager: Tried to set launchTime (0) < mLastActivityLaunchTime (14985352)
12-01 08:03:02.019 1508 9856 I wm_restart_activity: [0,106988207,260,com.android.wallpapercropper/.WallpaperCropActivity]
12-01 08:03:02.020 1508 9856 I wm_set_resumed_activity: [0,com.android.wallpapercropper/.WallpaperCropActivity,minimalResumeActivityLocked]
12-01 08:03:02.022 1508 1636 I sysui_multi_action: [757,803,799,window_time_2,802,0]
12-01 08:03:02.031 22714 22730 W ContextImpl: Calling a method in the system process without a qualified user: android.app.ContextImpl.startService:1816 android.content.ContextWrapper.startService:774 com.thundercomm.gamemode.ingame.services.GameModeActionUtils.startGameModeService:93 com.thundercomm.gamemode.ingame.services.GameModeActionUtils.startGameModeEntry:21 com.thundercomm.gamemode.ingame.services.ActivityMonitoringService$1.onActivityLaunch:127
12-01 08:03:02.039 1508 1508 I GameModeConfig: Current uri is uri = content://com.thundercomm.gamemode.api/gamemode_settings/gamemode_isgaming
12-01 08:03:02.046 25920 25920 I wm_on_create_called: [106988207,com.android.wallpapercropper.WallpaperCropActivity,performCreate]
12-01 08:03:02.046 25920 25920 I wm_on_start_called: [106988207,com.android.wallpapercropper.WallpaperCropActivity,handleStartActivity]
12-01 08:03:02.046 25920 25920 I wm_on_resume_called: [106988207,com.android.wallpapercropper.WallpaperCropActivity,RESUME_ACTIVITY]
12-01 08:03:02.048 25920 25920 I wm_on_top_resumed_gained_called: [106988207,com.android.wallpapercropper.WallpaperCropActivity,topStateChangedWhenResumed]
12-01 08:03:02.050 1508 1508 I GameModeConfig: isGameModeOn = false
12-01 08:03:02.050 1508 1508 I GameModeConfig: isGameModeOn = false
12-01 08:03:02.050 1508 1508 I GameModeConfig: isDisableVoice = true
12-01 08:03:02.066 1508 2996 W WindowManager: updateScale0.7996942
12-01 08:03:02.066 1508 2996 W WindowManager: updateScale0.7996942
12-01 08:03:02.066 1508 2996 W WindowManager: updateScale0.7996942
12-01 08:03:02.068 1508 1637 I input_focus: [Focus request dcbb1c1 com.android.wallpapercropper/com.android.wallpapercropper.WallpaperCropActivity,reason=UpdateInputWindows]
12-01 08:03:02.081 1508 1637 W WindowManager: updateScale0.7996942
12-01 08:03:02.081 1508 1637 W WindowManager: updateScale0.7996942
12-01 08:03:02.081 1508 1637 W WindowManager: updateScale0.7996942
12-01 08:03:02.088 1508 2005 I input_focus: [Focus leaving dac1567 com.android.gallery3d/com.android.gallery3d.app.GalleryActivity (server),reason=Waiting for window because NOT_VISIBLE]
12-01 08:03:02.098 1508 1637 W WindowManager: updateScale0.7996942
12-01 08:03:02.098 1508 1637 W WindowManager: updateScale0.7996942
12-01 08:03:02.098 1508 1637 W WindowManager: updateScale0.7996942
12-01 08:03:02.101 1508 1637 W WindowManager: updateScale0.7996942
12-01 08:03:02.101 1508 1637 W WindowManager: updateScale0.7996942
12-01 08:03:02.101 1508 1637 W WindowManager: updateScale0.7996942
12-01 08:03:02.109 1508 1633 I sysui_multi_action: [319,213,322,213,325,15000,757,761,758,8,759,2,806,com.android.wallpapercropper,871,com.android.wallpapercropper.WallpaperCropActivity,904,com.android.gallery3d,905,0,1320,4,1321,1]
12-01 08:03:02.110 1508 1633 I wm_activity_launch_time: [0,106988207,com.android.wallpapercropper/.WallpaperCropActivity,213]
12-01 08:03:02.117 1508 9856 I wm_destroy_activity: [0,221199426,260,com.android.gallery3d/.app.Wallpaper,finish-imm:idle]
12-01 08:03:02.118 1508 9856 I wm_destroy_activity: [0,175374988,260,android/com.android.internal.app.ChooserActivity,finish-imm:idle]
12-01 08:03:02.119 25895 25895 I wm_on_destroy_called: [175374988,com.android.internal.app.ChooserActivity,performDestroy]
12-01 08:03:02.120 1508 2005 I input_focus: [Focus entering dcbb1c1 com.android.wallpapercropper/com.android.wallpapercropper.WallpaperCropActivity (server),reason=Window became focusable. Previous reason: NOT_VISIBLE]
12-01 08:03:02.131 22978 22978 I wm_on_stop_called: [221199426,com.android.gallery3d.app.Wallpaper,LIFECYCLER_STOP_ACTIVITY]
12-01 08:03:02.131 22978 22978 I wm_on_destroy_called: [221199426,com.android.gallery3d.app.Wallpaper,performDestroy]
12-01 08:03:02.133 22714 22730 W ContextImpl: Calling a method in the system process without a qualified user: android.app.ContextImpl.startService:1816 android.content.ContextWrapper.startService:774 com.thundercomm.gamemode.ingame.services.GameModeActionUtils.startGameModeService:93 com.thundercomm.gamemode.ingame.services.GameModeActionUtils.startGameModeEntry:21 com.thundercomm.gamemode.ingame.services.ActivityMonitoringService$1.onActivityLaunch:127
12-01 08:03:02.136 1508 1508 I GameModeConfig: Current uri is uri = content://com.thundercomm.gamemode.api/gamemode_settings/gamemode_isgaming
12-01 08:03:02.141 1508 1508 I GameModeConfig: isGameModeOn = false
12-01 08:03:02.141 1508 1508 I GameModeConfig: isGameModeOn = false
12-01 08:03:02.141 1508 1508 I GameModeConfig: isDisableVoice = true
12-01 08:03:02.142 22714 22730 W ContextImpl: Calling a method in the system process without a qualified user: android.app.ContextImpl.startService:1816 android.content.ContextWrapper.startService:774 com.thundercomm.gamemode.ingame.services.GameModeActionUtils.startGameModeService:93 com.thundercomm.gamemode.ingame.services.GameModeActionUtils.startGameModeEntry:21 com.thundercomm.gamemode.ingame.services.ActivityMonitoringService$1.onActivityLaunch:127
12-01 08:03:02.146 1508 1508 I GameModeConfig: Current uri is uri = content://com.thundercomm.gamemode.api/gamemode_settings/gamemode_isgaming
12-01 08:03:02.149 1508 1508 I GameModeConfig: isGameModeOn = false
12-01 08:03:02.149 1508 1508 I GameModeConfig: isGameModeOn = false
12-01 08:03:02.149 1508 1508 I GameModeConfig: isDisableVoice = true
12-01 08:03:02.165 1508 1637 W WindowManager: updateScale0.7996942
12-01 08:03:02.165 1508 1637 W WindowManager: updateScale0.7996942
12-01 08:03:02.181 1508 1637 W WindowManager: updateScale0.7996942
12-01 08:03:02.181 1508 1637 W WindowManager: updateScale0.7996942
