--------- beginning of crash
01-02 00:51:28.507 504 504 F libc : Fatal signal 6 (SIGABRT), code -1 (SI_QUEUE) in tid 504 (init), pid 504 (init)
01-02 00:51:28.514 504 504 F libc : crash_dump helper failed to exec, or was killed --------- beginning of radio
12-01 03:53:26.254 1508 1508 D TelephonyRegistry: listen oscl: mHasNotifySubscriptionInfoChangedOccurred==false no callback
12-01 03:53:26.738 1508 2437 D TelephonyRegistry: listen oscl: mHasNotifySubscriptionInfoChangedOccurred==false no callback
12-01 03:53:26.812 1508 2305 D TelephonyRegistry: listen oscl: mHasNotifySubscriptionInfoChangedOccurred==false no callback
12-01 03:53:26.826 1508 1508 D TelephonyRegistry: listen oscl: mHasNotifySubscriptionInfoChangedOccurred==false no callback
12-01 03:53:26.840 1508 2306 D TelephonyRegistry: listen oscl: mHasNotifySubscriptionInfoChangedOccurred==false no callback
12-01 03:53:26.858 1508 1508 D TelephonyRegistry: listen oscl: mHasNotifySubscriptionInfoChangedOccurred==false no callback
12-01 03:53:26.880 1508 1633 W CarrierConfigManager: Error getting config for subId -1 ICarrierConfigLoader is null
12-01 03:53:26.910 1508 1508 D TelephonyRegistry: systemRunning register for intents
12-01 03:53:26.978 1508 1647 D TelephonyRegistry: listen oscl: mHasNotifySubscriptionInfoChangedOccurred==false no callback
12-01 03:53:27.196 2378 2378 W CarrierConfigManager: Error getting config for subId -1 ICarrierConfigLoader is null
12-01 03:53:27.205 1508 2301 D TelephonyRegistry: listen oscl: mHasNotifySubscriptionInfoChangedOccurred==false no callback
12-01 03:53:27.670 1508 1508 D TelephonyRegistry: listen oscl: mHasNotifySubscriptionInfoChangedOccurred==false no callback
12-01 03:53:27.672 1508 1508 W CarrierConfigManager: Error getting config for subId -1 ICarrierConfigLoader is null
12-01 03:53:28.090 3121 3121 F libc : Fatal signal 6 (SIGABRT), code -1 (SI_QUEUE) in tid 3121 (init), pid 3121 (init)
12-01 03:53:28.102 3121 3121 F libc : crash_dump helper failed to exec, or was killed
12-01 03:53:28.259 1508 2437 D TelephonyRegistry: listen oscl: mHasNotifySubscriptionInfoChangedOccurred==false no callback
12-01 03:53:28.288 1508 1508 D TelephonyRegistry: notifyCellLocationForSubscriber: subId=2147483647 cellIdentity=null
12-01 03:53:29.036 1508 1739 D TelephonyRegistry: listen oscl: mHasNotifySubscriptionInfoChangedOccurred==false no callback
12-01 03:53:29.554 2796 2796 E AndroidRuntime: FATAL EXCEPTION: main
12-01 03:53:29.554 2796 2796 E AndroidRuntime: Process: com.qualcomm.qti.devicestatisticsservice, PID: 2796
12-01 03:53:29.554 2796 2796 E AndroidRuntime: java.lang.NoClassDefFoundError: Failed resolution of: Landroid/hidl/manager/V1_0/IServiceNotification$Stub;
12-01 03:53:29.554 2796 2796 E AndroidRuntime: at com.qualcomm.qti.devicestatisticsservice.DeviceStatisticsService.onStartCommand(DeviceStatisticsService.java:83)
12-01 03:53:29.554 2796 2796 E AndroidRuntime: at android.app.ActivityThread.handleServiceArgs(ActivityThread.java:4640)
12-01 03:53:29.554 2796 2796 E AndroidRuntime: at android.app.ActivityThread.access$2000(ActivityThread.java:248)
12-01 03:53:29.554 2796 2796 E AndroidRuntime: at android.app.ActivityThread$H.handleMessage(ActivityThread.java:2092)
12-01 03:53:29.554 2796 2796 E AndroidRuntime: at android.os.Handler.dispatchMessage(Handler.java:106)
12-01 03:53:29.554 2796 2796 E AndroidRuntime: at android.os.Looper.loopOnce(Looper.java:201)
12-01 03:53:29.554 2796 2796 E AndroidRuntime: at android.os.Looper.loop(Looper.java:288)
12-01 03:53:29.554 2796 2796 E AndroidRuntime: at android.app.ActivityThread.main(ActivityThread.java:7880)
12-01 03:53:29.554 2796 2796 E AndroidRuntime: at java.lang.reflect.Method.invoke(Native Method)
12-01 03:53:29.554 2796 2796 E AndroidRuntime: at com.android.internal.os.RuntimeInit$MethodAndArgsCaller.run(RuntimeInit.java:548)
12-01 03:53:29.554 2796 2796 E AndroidRuntime: at com.android.internal.os.ZygoteInit.main(ZygoteInit.java:1009)
12-01 03:53:29.554 2796 2796 E AndroidRuntime: Caused by: java.lang.ClassNotFoundException: android.hidl.manager.V1_0.IServiceNotification$Stub
12-01 03:53:29.554 2796 2796 E AndroidRuntime: ... 11 more
12-01 03:53:29.615 1508 1603 D TelephonyRegistry: listen oscl: mHasNotifySubscriptionInfoChangedOccurred==false no callback
12-01 03:53:31.364 4225 4225 D CAT : BootCompletedReceiver: [ACTION_BOOT_COMPLETED]
12-01 03:53:31.365 4225 4225 D CAT : StkAppService: onCreate()+
12-01 03:53:31.366 4225 4225 D CAT : StkAppService: simCount: 1
12-01 03:53:31.366 4225 4225 D CAT : StkAppService: slotId: 0
12-01 03:53:31.367 4225 4225 D CAT : StkAppService: onStart sim id: 0, op: 5, *****
12-01 03:53:31.368 4225 4225 D CAT : StkAppService: mStkService is: -1
12-01 03:53:31.375 4225 4225 D CAT : StkAppService: onDestroy()
12-01 03:54:01.054 1508 1508 W CarrierConfigManager: Error getting config for subId -1 ICarrierConfigLoader is null
12-01 03:54:01.063 1508 1508 W CarrierConfigManager: Error getting config for subId -1 ICarrierConfigLoader is null
12-01 03:54:52.935 2932 2932 W CarrierConfigManager: Error getting config for subId -1 ICarrierConfigLoader is null
12-01 03:54:52.992 1508 2996 D TelephonyRegistry: listen oscl: mHasNotifySubscriptionInfoChangedOccurred==false no callback
12-01 03:54:52.995 1508 2301 D TelephonyRegistry: listen oscl: mHasNotifySubscriptionInfoChangedOccurred==false no callback
12-01 03:54:56.073 1508 2470 D TelephonyRegistry: listen oscl: mHasNotifySubscriptionInfoChangedOccurred==false no callback
12-01 03:54:56.074 2378 2378 W CarrierConfigManager: Error getting config for subId -1 ICarrierConfigLoader is null
12-01 03:55:10.548 1508 1739 D TelephonyRegistry: listen oscl: mHasNotifySubscriptionInfoChangedOccurred==false no callback
12-01 03:55:12.168 1508 2971 D TelephonyRegistry: listen oscl: mHasNotifySubscriptionInfoChangedOccurred==false no callback
12-01 03:55:12.171 1508 1602 D TelephonyRegistry: listen oscl: mHasNotifySubscriptionInfoChangedOccurred==false no callback
12-01 04:02:51.403 7080 7080 W FeatureConnector: [ImsConnector, 0] connect: not supported.
12-01 04:03:06.810 1508 6542 D TelephonyRegistry: listen oscl: mHasNotifySubscriptionInfoChangedOccurred==false no callback
12-01 04:03:06.813 1508 6542 D TelephonyRegistry: listen oscl: mHasNotifySubscriptionInfoChangedOccurred==false no callback
12-01 04:05:39.331 1508 6335 D TelephonyRegistry: listen oscl: mHasNotifySubscriptionInfoChangedOccurred==false no callback
12-01 04:05:39.333 2378 2378 W CarrierConfigManager: Error getting config for subId -1 ICarrierConfigLoader is null
12-01 04:05:51.052 1508 6928 D TelephonyRegistry: listen oscl: mHasNotifySubscriptionInfoChangedOccurred==false no callback
12-01 04:05:51.060 1508 6928 D TelephonyRegistry: listen oscl: mHasNotifySubscriptionInfoChangedOccurred==false no callback
12-01 04:05:51.325 7080 7080 W CarrierConfigManager: Error getting config for subId -1 ICarrierConfigLoader is null
12-01 04:05:51.348 1508 6928 D TelephonyRegistry: listen oscl: mHasNotifySubscriptionInfoChangedOccurred==false no callback
12-01 04:06:55.260 1508 6335 D TelephonyRegistry: listen oscl: mHasNotifySubscriptionInfoChangedOccurred==false no callback
12-01 04:08:24.493 9202 9202 E AndroidRuntime: FATAL EXCEPTION: main
12-01 04:08:24.493 9202 9202 E AndroidRuntime: Process: com.github.uiautomator, PID: 9202
12-01 04:08:24.493 9202 9202 E AndroidRuntime: java.lang.RuntimeException: Unable to start activity ComponentInfo{com.github.uiautomator/com.github.uiautomator.ToastActivity}: android.view.WindowManager$BadTokenException: Unable to add window android.view.ViewRootImpl$W@d806aeb -- permission denied for window type 2038
12-01 04:08:24.493 9202 9202 E AndroidRuntime: at android.app.ActivityThread.performLaunchActivity(ActivityThread.java:3636)
12-01 04:08:24.493 9202 9202 E AndroidRuntime: at android.app.ActivityThread.handleLaunchActivity(ActivityThread.java:3793)
12-01 04:08:24.493 9202 9202 E AndroidRuntime: at android.app.servertransaction.LaunchActivityItem.execute(LaunchActivityItem.java:103)
12-01 04:08:24.493 9202 9202 E AndroidRuntime: at android.app.servertransaction.TransactionExecutor.executeCallbacks(TransactionExecutor.java:135)
12-01 04:08:24.493 9202 9202 E AndroidRuntime: at android.app.servertransaction.TransactionExecutor.execute(TransactionExecutor.java:95)
12-01 04:08:24.493 9202 9202 E AndroidRuntime: at android.app.ActivityThread$H.handleMessage(ActivityThread.java:2211)
12-01 04:08:24.493 9202 9202 E AndroidRuntime: at android.os.Handler.dispatchMessage(Handler.java:106)
12-01 04:08:24.493 9202 9202 E AndroidRuntime: at android.os.Looper.loopOnce(Looper.java:201)
12-01 04:08:24.493 9202 9202 E AndroidRuntime: at android.os.Looper.loop(Looper.java:288)
12-01 04:08:24.493 9202 9202 E AndroidRuntime: at android.app.ActivityThread.main(ActivityThread.java:7880)
12-01 04:08:24.493 9202 9202 E AndroidRuntime: at java.lang.reflect.Method.invoke(Native Method)
12-01 04:08:24.493 9202 9202 E AndroidRuntime: at com.android.internal.os.RuntimeInit$MethodAndArgsCaller.run(RuntimeInit.java:548)
12-01 04:08:24.493 9202 9202 E AndroidRuntime: at com.android.internal.os.ZygoteInit.main(ZygoteInit.java:1009)
12-01 04:08:24.493 9202 9202 E AndroidRuntime: Caused by: android.view.WindowManager$BadTokenException: Unable to add window android.view.ViewRootImpl$W@d806aeb -- permission denied for window type 2038
12-01 04:08:24.493 9202 9202 E AndroidRuntime: at android.view.ViewRootImpl.setView(ViewRootImpl.java:1179)
12-01 04:08:24.493 9202 9202 E AndroidRuntime: at android.view.WindowManagerGlobal.addView(WindowManagerGlobal.java:399)
12-01 04:08:24.493 9202 9202 E AndroidRuntime: at android.view.WindowManagerImpl.addView(WindowManagerImpl.java:134)
12-01 04:08:24.493 9202 9202 E AndroidRuntime: at com.github.uiautomator.FloatView.show(FloatView.java:109)
12-01 04:08:24.493 9202 9202 E AndroidRuntime: at com.github.uiautomator.ToastActivity.onCreate(ToastActivity.java:30)
12-01 04:08:24.493 9202 9202 E AndroidRuntime: at android.app.Activity.performCreate(Activity.java:8070)
12-01 04:08:24.493 9202 9202 E AndroidRuntime: at android.app.Activity.performCreate(Activity.java:8050)
12-01 04:08:24.493 9202 9202 E AndroidRuntime: at android.app.Instrumentation.callActivityOnCreate(Instrumentation.java:1330)
12-01 04:08:24.493 9202 9202 E AndroidRuntime: at androidx.test.runner.MonitoringInstrumentation.callActivityOnCreate(MonitoringInstrumentation.java:711)
12-01 04:08:24.493 9202 9202 E AndroidRuntime: at android.app.ActivityThread.performLaunchActivity(ActivityThread.java:3609)
12-01 04:08:24.493 9202 9202 E AndroidRuntime: ... 12 more
12-01 04:16:31.521 10865 10865 W CarrierConfigManager: Error getting config for subId -1 ICarrierConfigLoader is null
12-01 04:16:31.567 1508 1603 D TelephonyRegistry: listen oscl: mHasNotifySubscriptionInfoChangedOccurred==false no callback
12-01 04:16:31.571 1508 6163 D TelephonyRegistry: listen oscl: mHasNotifySubscriptionInfoChangedOccurred==false no callback
12-01 04:19:56.802 1508 6436 D TelephonyRegistry: listen oscl: mHasNotifySubscriptionInfoChangedOccurred==false no callback
12-01 04:20:48.676 11501 11501 W CarrierConfigManager: Error getting config for subId -1 ICarrierConfigLoader is null
12-01 04:20:48.723 1508 1739 D TelephonyRegistry: listen oscl: mHasNotifySubscriptionInfoChangedOccurred==false no callback
12-01 04:20:48.728 1508 1739 D TelephonyRegistry: listen oscl: mHasNotifySubscriptionInfoChangedOccurred==false no callback
12-01 04:22:59.474 11648 11648 W CarrierConfigManager: Error getting config for subId -1 ICarrierConfigLoader is null
12-01 04:22:59.514 1508 10935 D TelephonyRegistry: listen oscl: mHasNotifySubscriptionInfoChangedOccurred==false no callback
12-01 04:22:59.518 1508 10935 D TelephonyRegistry: listen oscl: mHasNotifySubscriptionInfoChangedOccurred==false no callback
12-01 04:26:06.061 11648 11648 W CarrierConfigManager: Error getting config for subId -1 ICarrierConfigLoader is null
12-01 04:26:06.101 1508 10918 D TelephonyRegistry: listen oscl: mHasNotifySubscriptionInfoChangedOccurred==false no callback
12-01 04:26:06.108 1508 10918 D TelephonyRegistry: listen oscl: mHasNotifySubscriptionInfoChangedOccurred==false no callback
12-01 04:26:11.672 11648 11648 W CarrierConfigManager: Error getting config for subId -1 ICarrierConfigLoader is null
12-01 04:26:11.729 1508 8164 D TelephonyRegistry: listen oscl: mHasNotifySubscriptionInfoChangedOccurred==false no callback
12-01 04:26:11.734 1508 8164 D TelephonyRegistry: listen oscl: mHasNotifySubscriptionInfoChangedOccurred==false no callback
12-01 04:29:39.518 1508 2301 D TelephonyRegistry: listen oscl: mHasNotifySubscriptionInfoChangedOccurred==false no callback
12-01 04:29:39.523 1508 8053 D TelephonyRegistry: listen oscl: mHasNotifySubscriptionInfoChangedOccurred==false no callback
12-01 04:32:42.990 12603 12603 W CarrierConfigManager: Error getting config for subId -1 ICarrierConfigLoader is null
12-01 04:32:43.028 1508 3610 D TelephonyRegistry: listen oscl: mHasNotifySubscriptionInfoChangedOccurred==false no callback
12-01 04:32:43.033 1508 3610 D TelephonyRegistry: listen oscl: mHasNotifySubscriptionInfoChangedOccurred==false no callback
12-01 04:34:15.239 1508 2996 D TelephonyRegistry: listen oscl: mHasNotifySubscriptionInfoChangedOccurred==false no callback
12-01 04:34:15.241 1508 6408 D TelephonyRegistry: listen oscl: mHasNotifySubscriptionInfoChangedOccurred==false no callback
12-01 04:34:15.597 12603 12603 W CarrierConfigManager: Error getting config for subId -1 ICarrierConfigLoader is null
12-01 04:34:15.648 1508 6408 D TelephonyRegistry: listen oscl: mHasNotifySubscriptionInfoChangedOccurred==false no callback
12-01 04:34:15.651 1508 6408 D TelephonyRegistry: listen oscl: mHasNotifySubscriptionInfoChangedOccurred==false no callback
12-01 04:35:41.892 12881 12881 W CarrierConfigManager: Error getting config for subId -1 ICarrierConfigLoader is null
12-01 04:35:41.937 1508 2426 D TelephonyRegistry: listen oscl: mHasNotifySubscriptionInfoChangedOccurred==false no callback
12-01 04:35:41.941 1508 2470 D TelephonyRegistry: listen oscl: mHasNotifySubscriptionInfoChangedOccurred==false no callback
12-01 04:41:13.564 13096 13096 W CarrierConfigManager: Error getting config for subId -1 ICarrierConfigLoader is null
12-01 04:41:13.602 1508 10918 D TelephonyRegistry: listen oscl: mHasNotifySubscriptionInfoChangedOccurred==false no callback
12-01 04:41:13.605 1508 8059 D TelephonyRegistry: listen oscl: mHasNotifySubscriptionInfoChangedOccurred==false no callback
12-01 04:58:55.869 14052 14052 W CarrierConfigManager: Error getting config for subId -1 ICarrierConfigLoader is null
12-01 04:58:55.916 1508 1602 D TelephonyRegistry: listen oscl: mHasNotifySubscriptionInfoChangedOccurred==false no callback
12-01 04:58:55.920 1508 1602 D TelephonyRegistry: listen oscl: mHasNotifySubscriptionInfoChangedOccurred==false no callback
12-01 05:05:19.979 15055 15055 W CarrierConfigManager: Error getting config for subId -1 ICarrierConfigLoader is null
12-01 05:05:20.019 1508 6896 D TelephonyRegistry: listen oscl: mHasNotifySubscriptionInfoChangedOccurred==false no callback
12-01 05:05:20.024 1508 6436 D TelephonyRegistry: listen oscl: mHasNotifySubscriptionInfoChangedOccurred==false no callback
12-01 05:07:40.487 15701 15701 W CarrierConfigManager: Error getting config for subId -1 ICarrierConfigLoader is null
12-01 05:07:40.523 1508 6163 D TelephonyRegistry: listen oscl: mHasNotifySubscriptionInfoChangedOccurred==false no callback
12-01 05:07:40.529 1508 6542 D TelephonyRegistry: listen oscl: mHasNotifySubscriptionInfoChangedOccurred==false no callback
12-01 05:07:50.262 1508 6436 D TelephonyRegistry: listen oscl: mHasNotifySubscriptionInfoChangedOccurred==false no callback
12-01 05:07:50.266 1508 6436 D TelephonyRegistry: listen oscl: mHasNotifySubscriptionInfoChangedOccurred==false no callback
12-01 05:08:45.162 1508 6436 D TelephonyRegistry: listen oscl: mHasNotifySubscriptionInfoChangedOccurred==false no callback
12-01 05:08:45.164 2378 2378 W CarrierConfigManager: Error getting config for subId -1 ICarrierConfigLoader is null
12-01 05:11:30.710 16642 16642 W CarrierConfigManager: Error getting config for subId -1 ICarrierConfigLoader is null
12-01 05:11:30.753 1508 8124 D TelephonyRegistry: listen oscl: mHasNotifySubscriptionInfoChangedOccurred==false no callback
12-01 05:11:30.757 1508 1603 D TelephonyRegistry: listen oscl: mHasNotifySubscriptionInfoChangedOccurred==false no callback
12-01 05:14:29.570 2378 2378 E AndroidRuntime: FATAL EXCEPTION: main
12-01 05:14:29.570 2378 2378 E AndroidRuntime: Process: com.android.systemui, PID: 2378
12-01 05:14:29.570 2378 2378 E AndroidRuntime: java.lang.ClassCastException: android.graphics.drawable.NinePatchDrawable cannot be cast to com.android.systemui.media.IlluminationDrawable
12-01 05:14:29.570 2378 2378 E AndroidRuntime: at com.android.systemui.media.MediaControlPanel$1.getCurrentTopCornerRadius(MediaControlPanel.java:535)
12-01 05:14:29.570 2378 2378 E AndroidRuntime: at com.android.systemui.animation.GhostedViewLaunchAnimatorController.createAnimatorState(GhostedViewLaunchAnimatorController.kt:113)
12-01 05:14:29.570 2378 2378 E AndroidRuntime: at com.android.systemui.statusbar.phone.StatusBarLaunchAnimatorController.createAnimatorState(Unknown Source:2)
12-01 05:14:29.570 2378 2378 E AndroidRuntime: at com.android.systemui.animation.ActivityLaunchAnimator$Runner.startAnimation(ActivityLaunchAnimator.kt:445)
12-01 05:14:29.570 2378 2378 E AndroidRuntime: at com.android.systemui.animation.ActivityLaunchAnimator$Runner.access$startAnimation(ActivityLaunchAnimator.kt:365)
12-01 05:14:29.570 2378 2378 E AndroidRuntime: at com.android.systemui.animation.ActivityLaunchAnimator$Runner$onAnimationStart$1.run(ActivityLaunchAnimator.kt:418)
12-01 05:14:29.570 2378 2378 E AndroidRuntime: at android.os.Handler.handleCallback(Handler.java:938)
12-01 05:14:29.570 2378 2378 E AndroidRuntime: at android.os.Handler.dispatchMessage(Handler.java:99)
12-01 05:14:29.570 2378 2378 E AndroidRuntime: at android.os.Looper.loopOnce(Looper.java:201)
12-01 05:14:29.570 2378 2378 E AndroidRuntime: at android.os.Looper.loop(Looper.java:288)
12-01 05:14:29.570 2378 2378 E AndroidRuntime: at android.app.ActivityThread.main(ActivityThread.java:7880)
12-01 05:14:29.570 2378 2378 E AndroidRuntime: at java.lang.reflect.Method.invoke(Native Method)
12-01 05:14:29.570 2378 2378 E AndroidRuntime: at com.android.internal.os.RuntimeInit$MethodAndArgsCaller.run(RuntimeInit.java:548)
12-01 05:14:29.570 2378 2378 E AndroidRuntime: at com.android.internal.os.ZygoteInit.main(ZygoteInit.java:1009)
12-01 05:14:29.823 1508 2470 D TelephonyRegistry: listen oscl: mHasNotifySubscriptionInfoChangedOccurred==false no callback
12-01 05:14:29.980 18856 18856 W CarrierConfigManager: Error getting config for subId -1 ICarrierConfigLoader is null
12-01 05:14:29.987 1508 2470 D TelephonyRegistry: listen oscl: mHasNotifySubscriptionInfoChangedOccurred==false no callback
12-01 05:15:50.448 1508 8013 D TelephonyRegistry: listen oscl: mHasNotifySubscriptionInfoChangedOccurred==false no callback
12-01 05:15:54.683 19184 19184 E AndroidRuntime: FATAL EXCEPTION: main
12-01 05:15:54.683 19184 19184 E AndroidRuntime: Process: com.android.settings, PID: 19184
12-01 05:15:54.683 19184 19184 E AndroidRuntime: java.lang.NullPointerException: Attempt to get length of null array
12-01 05:15:54.683 19184 19184 E AndroidRuntime: at com.android.settings.Utils.getActivityInfoLabel(Utils.java:1350)
12-01 05:15:54.683 19184 19184 E AndroidRuntime: at com.android.settings.widget.EntityHeaderController.setActivityLabel(EntityHeaderController.java:183)
12-01 05:15:54.683 19184 19184 E AndroidRuntime: at com.android.settings.applications.appinfo.AppHeaderViewPreferenceController.setAppLabelAndIcon(AppHeaderViewPreferenceController.java:90)
12-01 05:15:54.683 19184 19184 E AndroidRuntime: at com.android.settings.applications.appinfo.AppHeaderViewPreferenceController.refreshUi(AppHeaderViewPreferenceController.java:80)
12-01 05:15:54.683 19184 19184 E AndroidRuntime: at com.android.settings.applications.appinfo.AppInfoDashboardFragment.refreshUi(AppInfoDashboardFragment.java:505)
12-01 05:15:54.683 19184 19184 E AndroidRuntime: at com.android.settings.applications.appinfo.AppInfoDashboardFragment.onPackageListChanged(AppInfoDashboardFragment.java:700)
12-01 05:15:54.683 19184 19184 E AndroidRuntime: at com.android.settingslib.applications.ApplicationsState$MainHandler.handleMessage(ApplicationsState.java:1008)
12-01 05:15:54.683 19184 19184 E AndroidRuntime: at android.os.Handler.dispatchMessage(Handler.java:106)
12-01 05:15:54.683 19184 19184 E AndroidRuntime: at android.os.Looper.loopOnce(Looper.java:201)
12-01 05:15:54.683 19184 19184 E AndroidRuntime: at android.os.Looper.loop(Looper.java:288)
12-01 05:15:54.683 19184 19184 E AndroidRuntime: at android.app.ActivityThread.main(ActivityThread.java:7880)
12-01 05:15:54.683 19184 19184 E AndroidRuntime: at java.lang.reflect.Method.invoke(Native Method)
12-01 05:15:54.683 19184 19184 E AndroidRuntime: at com.android.internal.os.RuntimeInit$MethodAndArgsCaller.run(RuntimeInit.java:548)
12-01 05:15:54.683 19184 19184 E AndroidRuntime: at com.android.internal.os.ZygoteInit.main(ZygoteInit.java:1009)
12-01 05:16:05.542 19524 19524 W CarrierConfigManager: Error getting config for subId -1 ICarrierConfigLoader is null
12-01 05:16:05.577 1508 2301 D TelephonyRegistry: listen oscl: mHasNotifySubscriptionInfoChangedOccurred==false no callback
12-01 05:16:05.580 1508 1603 D TelephonyRegistry: listen oscl: mHasNotifySubscriptionInfoChangedOccurred==false no callback
12-01 05:16:09.795 1508 8059 D TelephonyRegistry: listen oscl: mHasNotifySubscriptionInfoChangedOccurred==false no callback
12-01 07:43:48.619 22822 22822 W CarrierConfigManager: Error getting config for subId -1 ICarrierConfigLoader is null
12-01 07:43:48.660 1508 8013 D TelephonyRegistry: listen oscl: mHasNotifySubscriptionInfoChangedOccurred==false no callback
12-01 07:43:48.663 1508 8013 D TelephonyRegistry: listen oscl: mHasNotifySubscriptionInfoChangedOccurred==false no callback --------- beginning of system
12-01 07:45:03.569 1508 1739 W ActivityTaskManager: getTaskSnapshot: taskId=4204 not found
12-01 07:45:03.574 1508 2426 W ActivityTaskManager: getTaskSnapshot: taskId=3204 not found
12-01 07:45:03.579 1508 10935 W ActivityTaskManager: getTaskSnapshot: taskId=2204 not found
12-01 07:45:03.581 1508 10935 W ActivityTaskManager: getTaskSnapshot: taskId=1204 not found
12-01 07:45:04.178 22714 22730 W ContextImpl: Calling a method in the system process without a qualified user: android.app.ContextImpl.startService:1816 android.content.ContextWrapper.startService:774 com.thundercomm.gamemode.ingame.services.GameModeActionUtils.startGameModeService:93 com.thundercomm.gamemode.ingame.services.GameModeActionUtils.startGameModeEntry:21 com.thundercomm.gamemode.ingame.services.ActivityMonitoringService$1.onActivityLaunch:127
12-01 07:45:04.189 1508 10935 W ActivityManager: Receiver with filter android.content.IntentFilter@fdd7aa0 already registered for pid 23346, callerPackage is com.android.music
12-01 07:45:04.191 1508 1508 I GameModeConfig: Current uri is uri = content://com.thundercomm.gamemode.api/gamemode_settings/gamemode_isgaming
12-01 07:45:04.199 1508 1508 I GameModeConfig: isGameModeOn = false
12-01 07:45:04.200 1508 1508 I GameModeConfig: isGameModeOn = false
12-01 07:45:04.200 1508 1508 I GameModeConfig: isDisableVoice = true
12-01 07:45:04.231 22714 22730 W ContextImpl: Calling a method in the system process without a qualified user: android.app.ContextImpl.startService:1816 android.content.ContextWrapper.startService:774 com.thundercomm.gamemode.ingame.services.GameModeActionUtils.startGameModeService:93 com.thundercomm.gamemode.ingame.services.GameModeActionUtils.startGameModeEntry:21 com.thundercomm.gamemode.ingame.services.ActivityMonitoringService$1.onActivityLaunch:127
12-01 07:45:04.234 1508 1508 I GameModeConfig: Current uri is uri = content://com.thundercomm.gamemode.api/gamemode_settings/gamemode_isgaming
12-01 07:45:04.236 1508 1508 I GameModeConfig: isGameModeOn = false
12-01 07:45:04.236 1508 1508 I GameModeConfig: isGameModeOn = false
12-01 07:45:04.236 1508 1508 I GameModeConfig: isDisableVoice = true
12-01 07:45:04.333 22714 22730 W ContextImpl: Calling a method in the system process without a qualified user: android.app.ContextImpl.startService:1816 android.content.ContextWrapper.startService:774 com.thundercomm.gamemode.ingame.services.GameModeActionUtils.startGameModeService:93 com.thundercomm.gamemode.ingame.services.GameModeActionUtils.startGameModeEntry:21 com.thundercomm.gamemode.ingame.services.ActivityMonitoringService$1.onActivityLaunch:127
12-01 07:45:04.337 1508 1508 I GameModeConfig: Current uri is uri = content://com.thundercomm.gamemode.api/gamemode_settings/gamemode_isgaming
12-01 07:45:04.343 1508 1508 I GameModeConfig: isGameModeOn = false
12-01 07:45:04.343 1508 1508 I GameModeConfig: isGameModeOn = false
12-01 07:45:04.343 1508 1508 I GameModeConfig: isDisableVoice = true
12-01 07:45:04.443 1508 1637 D FreeFormWindowHelper: Remove freefrom task=Task{b2a0326 #205 type=standard A=10086:android.task.video U=0 visible=false mode=freeform translucent=true sz=0}
12-01 07:45:04.997 1508 10935 D FreeFormWindowHelper: Add freeform task=Task{aaa01c7 #204 type=standard A=10065:com.android.deskclock U=0 visible=false mode=freeform translucent=true sz=0}
12-01 07:45:04.999 1508 10935 I ActivityTaskManager: START u0 {flg=0x10108000 cmp=com.android.deskclock/.DeskClock} from uid 10076
12-01 07:45:05.008 1508 10935 I ActivityTaskManager: FOREGROUND_APPLICATION_CHANGED to com.android.deskclock.DeskClock
12-01 07:45:05.008 1508 10935 I ActivityTaskManager: The Process com.android.deskclock Already Exists in BG. So sending its PID: 23086
12-01 07:45:05.011 1508 10935 W ActivityTaskManager: Tried to set launchTime (0) < mLastActivityLaunchTime (13912074)
12-01 07:45:05.035 22714 22730 W ContextImpl: Calling a method in the system process without a qualified user: android.app.ContextImpl.startService:1816 android.content.ContextWrapper.startService:774 com.thundercomm.gamemode.ingame.services.GameModeActionUtils.startGameModeService:93 com.thundercomm.gamemode.ingame.services.GameModeActionUtils.startGameModeEntry:21 com.thundercomm.gamemode.ingame.services.ActivityMonitoringService$1.onActivityLaunch:127
12-01 07:45:05.039 1508 1508 I GameModeConfig: Current uri is uri = content://com.thundercomm.gamemode.api/gamemode_settings/gamemode_isgaming
12-01 07:45:05.042 1508 1508 I GameModeConfig: isGameModeOn = false
12-01 07:45:05.042 1508 1508 I GameModeConfig: isGameModeOn = false
12-01 07:45:05.042 1508 1508 I GameModeConfig: isDisableVoice = true
12-01 07:45:05.059 1508 1739 I ActivityTaskManager: START u0 {act=android.content.pm.action.REQUEST_PERMISSIONS pkg=com.android.permissioncontroller cmp=com.android.permissioncontroller/.permission.ui.GrantPermissionsActivity (has extras)} from uid 10065
12-01 07:45:05.086 1508 2426 I ActivityTaskManager: FOREGROUND_APPLICATION_CHANGED to com.android.permissioncontroller.permission.ui.GrantPermissionsActivity
12-01 07:45:05.087 1508 2426 I ActivityTaskManager: The Process com.android.permissioncontroller Already Exists in BG. So sending its PID: 23287
12-01 07:45:05.087 1508 2426 W ActivityTaskManager: Tried to set launchTime (0) < mLastActivityLaunchTime (13910851)
12-01 07:45:05.113 22714 22730 W ContextImpl: Calling a method in the system process without a qualified user: android.app.ContextImpl.startService:1816 android.content.ContextWrapper.startService:774 com.thundercomm.gamemode.ingame.services.GameModeActionUtils.startGameModeService:93 com.thundercomm.gamemode.ingame.services.GameModeActionUtils.startGameModeEntry:21 com.thundercomm.gamemode.ingame.services.ActivityMonitoringService$1.onActivityLaunch:127
12-01 07:45:05.119 1508 1508 I GameModeConfig: Current uri is uri = content://com.thundercomm.gamemode.api/gamemode_settings/gamemode_isgaming
12-01 07:45:05.126 1508 1508 I GameModeConfig: isGameModeOn = false
12-01 07:45:05.127 1508 1508 I GameModeConfig: isGameModeOn = false
12-01 07:45:05.127 1508 1508 I GameModeConfig: isDisableVoice = true
12-01 07:45:05.128 1508 1739 W WindowManager: updateScale0.7996942
12-01 07:45:05.128 1508 1739 W WindowManager: updateScale0.7996942
12-01 07:45:05.130 1508 10935 W WindowManager: updateScale0.7996942
12-01 07:45:05.130 1508 10935 W WindowManager: updateScale0.7996942
12-01 07:45:05.133 1508 1637 W WindowManager: updateScale0.7996942
12-01 07:45:05.135 1508 1739 I ActivityTaskManager: FOREGROUND_APPLICATION_CHANGED to com.android.deskclock.DeskClock
12-01 07:45:05.157 1508 1637 W WindowManager: updateScale0.7996942
12-01 07:45:05.158 1508 1637 W WindowManager: updateScale0.7996942
12-01 07:45:05.160 1508 1637 W WindowManager: updateScale0.7996942
12-01 07:45:05.252 22714 22730 W ContextImpl: Calling a method in the system process without a qualified user: android.app.ContextImpl.startService:1816 android.content.ContextWrapper.startService:774 com.thundercomm.gamemode.ingame.services.GameModeActionUtils.startGameModeService:93 com.thundercomm.gamemode.ingame.services.GameModeActionUtils.startGameModeEntry:21 com.thundercomm.gamemode.ingame.services.ActivityMonitoringService$1.onActivityLaunch:127
12-01 07:45:05.256 1508 1508 I GameModeConfig: Current uri is uri = content://com.thundercomm.gamemode.api/gamemode_settings/gamemode_isgaming
12-01 07:45:05.258 1508 1508 I GameModeConfig: isGameModeOn = false
12-01 07:45:05.259 1508 1508 I GameModeConfig: isGameModeOn = false
12-01 07:45:05.259 1508 1508 I GameModeConfig: isDisableVoice = true
12-01 07:45:05.432 1508 1637 W WindowManager: updateScale0.7996942
12-01 07:45:05.445 1508 2426 W WindowManager: updateScale0.7996942
12-01 07:45:05.457 22714 22730 W ContextImpl: Calling a method in the system process without a qualified user: android.app.ContextImpl.startService:1816 android.content.ContextWrapper.startService:774 com.thundercomm.gamemode.ingame.services.GameModeActionUtils.startGameModeService:93 com.thundercomm.gamemode.ingame.services.GameModeActionUtils.startGameModeEntry:21 com.thundercomm.gamemode.ingame.services.ActivityMonitoringService$1.onActivityLaunch:127
12-01 07:45:05.467 1508 1508 I GameModeConfig: Current uri is uri = content://com.thundercomm.gamemode.api/gamemode_settings/gamemode_isgaming
12-01 07:45:05.470 1508 1508 I GameModeConfig: isGameModeOn = false
12-01 07:45:05.470 1508 1508 I GameModeConfig: isGameModeOn = false
12-01 07:45:05.470 1508 1508 I GameModeConfig: isDisableVoice = true
12-01 07:45:07.102 1508 1648 D CompatibilityChangeReporter: Compat change id reported: 168419799; UID 10018; state: DISABLED
12-01 07:45:07.104 1508 1508 D CompatibilityChangeReporter: Compat change id reported: 175319604; UID 1000; state: ENABLED
12-01 07:45:07.105 1508 1508 D CompatibilityChangeReporter: Compat change id reported: 175319604; UID 1000; state: DISABLED
12-01 07:45:07.114 1508 1739 W BroadcastQueue: Background execution not allowed: receiving Intent { act=com.android.music.updatewidget flg=0x10 } to com.android.music/.MediaAppWidgetProvider
12-01 07:45:07.115 1508 1648 W BroadcastQueue: Background execution not allowed: receiving Intent { act=com.android.music.updatewidget flg=0x10 } to com.android.music/.MediaAppWidgetProviderLarge
12-01 07:45:07.146 1508 2321 I GameModeConfig: isGameModeOn = false
12-01 07:45:07.147 1508 2321 I GameModeConfig: isGameModeOn = false
12-01 07:45:07.147 1508 2321 I GameModeConfig: isGameModeOn = false
12-01 07:45:07.147 1508 2321 I GameModeConfig: isGameModeOn = false
12-01 07:45:07.351 1508 1508 I GameModeConfig: isGameModeOn = false
12-01 07:45:07.652 1508 1637 D FreeFormWindowHelper: refreshTipWindow windowDragBounds:Rect(16, 72 - 539, 1000)
12-01 07:45:07.654 1508 1637 W WindowManager: updateScale0.7996942
12-01 07:45:07.669 1508 1637 D FreeFormWindowHelper: refreshTipWindow windowDragBounds:Rect(31, 72 - 554, 1000)
12-01 07:45:07.670 1508 1637 W WindowManager: updateScale0.7996942
12-01 07:45:07.676 1508 9618 W WindowManager: updateScale0.7996942
12-01 07:45:07.686 1508 1637 D FreeFormWindowHelper: refreshTipWindow windowDragBounds:Rect(48, 72 - 571, 1000)
12-01 07:45:07.688 1508 1637 W WindowManager: updateScale0.7996942
12-01 07:45:07.702 1508 1637 D FreeFormWindowHelper: refreshTipWindow windowDragBounds:Rect(68, 80 - 591, 1008)
12-01 07:45:07.704 1508 1637 W WindowManager: updateScale0.7996942
12-01 07:45:07.719 1508 1637 D FreeFormWindowHelper: refreshTipWindow windowDragBounds:Rect(87, 82 - 610, 1010)
12-01 07:45:07.721 1508 1637 W WindowManager: updateScale0.7996942
12-01 07:45:07.735 1508 1637 D FreeFormWindowHelper: refreshTipWindow windowDragBounds:Rect(111, 84 - 634, 1012)
12-01 07:45:07.737 1508 1637 W WindowManager: updateScale0.7996942
12-01 07:45:07.752 1508 1637 D FreeFormWindowHelper: refreshTipWindow windowDragBounds:Rect(137, 87 - 660, 1015)
12-01 07:45:07.753 1508 1637 W WindowManager: updateScale0.7996942
12-01 07:45:07.769 1508 1637 D FreeFormWindowHelper: refreshTipWindow windowDragBounds:Rect(167, 89 - 690, 1017)
12-01 07:45:07.770 1508 1637 W WindowManager: updateScale0.7996942
12-01 07:45:07.786 1508 1637 D FreeFormWindowHelper: refreshTipWindow windowDragBounds:Rect(198, 90 - 721, 1018)
12-01 07:45:07.787 1508 1637 W WindowManager: updateScale0.7996942
12-01 07:45:07.793 1508 9618 W WindowManager: updateScale0.7996942
12-01 07:45:07.802 1508 1637 D FreeFormWindowHelper: refreshTipWindow windowDragBounds:Rect(238, 91 - 761, 1019)
12-01 07:45:07.803 1508 1637 W WindowManager: updateScale0.7996942
12-01 07:45:07.806 1508 9618 W WindowManager: updateScale0.7996942
12-01 07:45:07.817 1508 9618 W WindowManager: updateScale0.7996942
12-01 07:45:07.819 1508 1637 D FreeFormWindowHelper: refreshTipWindow windowDragBounds:Rect(277, 91 - 800, 1019)
12-01 07:45:07.820 1508 1637 W WindowManager: updateScale0.7996942
12-01 07:45:07.836 1508 1637 D FreeFormWindowHelper: refreshTipWindow windowDragBounds:Rect(320, 91 - 843, 1019)
12-01 07:45:07.836 1508 1637 W WindowManager: updateScale0.7996942
12-01 07:45:07.852 1508 1637 D FreeFormWindowHelper: refreshTipWindow windowDragBounds:Rect(367, 91 - 890, 1019)
12-01 07:45:07.853 1508 1637 W WindowManager: updateScale0.7996942
12-01 07:45:07.869 1508 1637 D FreeFormWindowHelper: refreshTipWindow windowDragBounds:Rect(416, 91 - 939, 1019)
12-01 07:45:07.870 1508 1637 W WindowManager: updateScale0.7996942
12-01 07:45:07.886 1508 1637 D FreeFormWindowHelper: refreshTipWindow windowDragBounds:Rect(468, 91 - 991, 1019)
12-01 07:45:07.887 1508 1637 W WindowManager: updateScale0.7996942
12-01 07:45:07.903 1508 1637 D FreeFormWindowHelper: refreshTipWindow windowDragBounds:Rect(524, 91 - 1047, 1019)
12-01 07:45:07.904 1508 1637 W WindowManager: updateScale0.7996942
12-01 07:45:07.919 1508 1637 D FreeFormWindowHelper: refreshTipWindow windowDragBounds:Rect(586, 81 - 1109, 1009)
12-01 07:45:07.920 1508 1637 W WindowManager: updateScale0.7996942
12-01 07:45:07.936 1508 9618 W WindowManager: updateScale0.7996942
12-01 07:45:07.937 1508 1637 D FreeFormWindowHelper: refreshTipWindow windowDragBounds:Rect(654, 80 - 1177, 1008)
12-01 07:45:07.938 1508 1637 W WindowManager: updateScale0.7996942
12-01 07:45:07.953 1508 1637 D FreeFormWindowHelper: refreshTipWindow windowDragBounds:Rect(732, 78 - 1255, 1006)
12-01 07:45:07.954 1508 1637 W WindowManager: updateScale0.7996942
12-01 07:45:07.957 1508 10935 W WindowManager: updateScale0.7996942
12-01 07:45:07.958 1508 3862 E TaskPersister: File error accessing recents directory (directory doesn't exist?).
12-01 07:45:07.967 1508 2426 W WindowManager: updateScale0.7996942
12-01 07:45:07.969 1508 1637 D FreeFormWindowHelper: refreshTipWindow windowDragBounds:Rect(814, 76 - 1337, 1004)
12-01 07:45:07.970 1508 1637 W WindowManager: updateScale0.7996942
12-01 07:45:07.986 1508 1637 D FreeFormWindowHelper: refreshTipWindow windowDragBounds:Rect(903, 74 - 1426, 1002)
12-01 07:45:07.987 1508 1637 W WindowManager: updateScale0.7996942
12-01 07:45:08.003 1508 1637 D FreeFormWindowHelper: refreshTipWindow windowDragBounds:Rect(995, 71 - 1518, 999)
12-01 07:45:08.004 1508 1637 W WindowManager: updateScale0.7996942
12-01 07:45:08.020 1508 1637 D FreeFormWindowHelper: refreshTipWindow windowDragBounds:Rect(1099, 69 - 1622, 997)
12-01 07:45:08.021 1508 1637 W WindowManager: updateScale0.7996942
12-01 07:45:08.036 1508 1637 D FreeFormWindowHelper: refreshTipWindow windowDragBounds:Rect(1204, 68 - 1727, 996)
12-01 07:45:08.037 1508 1637 W WindowManager: updateScale0.7996942
12-01 07:45:08.038 1508 9619 W WindowManager: updateScale0.7996942
12-01 07:45:08.051 1508 9619 W WindowManager: updateScale0.7996942
12-01 07:45:08.053 1508 1637 D FreeFormWindowHelper: refreshTipWindow windowDragBounds:Rect(1309, 68 - 1832, 996)
12-01 07:45:08.055 1508 1637 W WindowManager: updateScale0.7996942
12-01 07:45:08.070 1508 1637 D FreeFormWindowHelper: refreshTipWindow windowDragBounds:Rect(1409, 68 - 1932, 996)
12-01 07:45:08.071 1508 1637 W WindowManager: updateScale0.7996942
12-01 07:45:08.086 1508 1637 D FreeFormWindowHelper: refreshTipWindow windowDragBounds:Rect(1516, 68 - 2039, 996)
12-01 07:45:08.087 1508 1637 W WindowManager: updateScale0.7996942
12-01 07:45:08.103 1508 1637 D FreeFormWindowHelper: refreshTipWindow windowDragBounds:Rect(1632, 76 - 2155, 1004)
12-01 07:45:08.104 1508 1637 W WindowManager: updateScale0.7996942
12-01 07:45:08.121 1508 1637 D FreeFormWindowHelper: refreshTipWindow windowDragBounds:Rect(1728, 78 - 2251, 1006)
12-01 07:45:08.123 1508 1637 W WindowManager: updateScale0.7996942
12-01 07:45:08.137 1508 1637 D FreeFormWindowHelper: refreshTipWindow windowDragBounds:Rect(1800, 82 - 2323, 1010)
12-01 07:45:08.139 1508 1637 W WindowManager: updateScale0.7996942
12-01 07:45:08.154 1508 1637 D FreeFormWindowHelper: refreshTipWindow windowDragBounds:Rect(1864, 87 - 2387, 1015)
12-01 07:45:08.155 1508 1637 W WindowManager: updateScale0.7996942
12-01 07:45:08.170 1508 1637 D FreeFormWindowHelper: refreshTipWindow windowDragBounds:Rect(1910, 96 - 2433, 1024)
12-01 07:45:08.171 1508 1637 W WindowManager: updateScale0.7996942
12-01 07:45:08.188 1508 1637 D FreeFormWindowHelper: refreshTipWindow windowDragBounds:Rect(1937, 99 - 2460, 1027)
12-01 07:45:08.189 1508 1637 W WindowManager: updateScale0.7996942
12-01 07:45:08.212 1508 1637 D WindowManager: updateWindowDragBounds: mIsSwipeYfalse
12-01 07:45:08.212 1508 1637 D WindowManager: updateWindowDragBounds: mIsTopfalse
12-01 07:45:08.212 1508 1637 D WindowManager: updateWindowDragBounds: mIsSwipeXfalse
12-01 07:45:08.212 1508 1637 W WindowManager: updateScale0.4617737
12-01 07:45:08.214 1508 1637 W WindowManager: updateScale0.4617737
12-01 07:45:08.234 1508 9619 I ActivityTaskManager: START u0 {act=android.content.pm.action.REQUEST_PERMISSIONS pkg=com.android.permissioncontroller cmp=com.android.permissioncontroller/.permission.ui.GrantPermissionsActivity (has extras)} from uid 10065
12-01 07:45:08.237 1508 9619 W WindowManager: updateScale0.4617737
12-01 07:45:08.287 1508 9619 W WindowManager: updateScale0.4617737
12-01 07:45:08.289 1508 9619 W WindowManager: updateScale0.4617737
12-01 07:45:08.317 1508 9619 I ActivityTaskManager: FOREGROUND_APPLICATION_CHANGED to com.android.permissioncontroller.permission.ui.GrantPermissionsActivity
12-01 07:45:08.317 1508 9619 I ActivityTaskManager: The Process com.android.permissioncontroller Already Exists in BG. So sending its PID: 23287
12-01 07:45:08.318 1508 9619 W ActivityTaskManager: Tried to set launchTime (0) < mLastActivityLaunchTime (13923667)
12-01 07:45:08.349 22714 22730 W ContextImpl: Calling a method in the system process without a qualified user: android.app.ContextImpl.startService:1816 android.content.ContextWrapper.startService:774 com.thundercomm.gamemode.ingame.services.GameModeActionUtils.startGameModeService:93 com.thundercomm.gamemode.ingame.services.GameModeActionUtils.startGameModeEntry:21 com.thundercomm.gamemode.ingame.services.ActivityMonitoringService$1.onActivityLaunch:127
12-01 07:45:08.354 1508 9619 W WindowManager: updateScale0.4617737
12-01 07:45:08.354 1508 9619 W WindowManager: updateScale0.4617737
12-01 07:45:08.358 1508 1508 I GameModeConfig: Current uri is uri = content://com.thundercomm.gamemode.api/gamemode_settings/gamemode_isgaming
12-01 07:45:08.362 1508 1637 W WindowManager: updateScale0.4617737
12-01 07:45:08.362 1508 1637 W WindowManager: updateScale0.4617737
12-01 07:45:08.364 1508 1508 I GameModeConfig: isGameModeOn = false
12-01 07:45:08.364 1508 1508 I GameModeConfig: isGameModeOn = false
12-01 07:45:08.364 1508 1508 I GameModeConfig: isDisableVoice = true
12-01 07:45:08.365 1508 1637 W WindowManager: updateScale0.4617737
12-01 07:45:08.365 1508 1637 W WindowManager: updateScale0.4617737
12-01 07:45:08.402 1508 1739 I ActivityTaskManager: FOREGROUND_APPLICATION_CHANGED to com.android.deskclock.DeskClock
12-01 07:45:08.411 1508 1739 W WindowManager: updateScale0.4617737
12-01 07:45:08.419 1508 1739 W WindowManager: updateScale0.4617737
12-01 07:45:08.464 1508 2426 W WindowManager: updateScale0.4617737
12-01 07:45:08.475 22714 22730 W ContextImpl: Calling a method in the system process without a qualified user: android.app.ContextImpl.startService:1816 android.content.ContextWrapper.startService:774 com.thundercomm.gamemode.ingame.services.GameModeActionUtils.startGameModeService:93 com.thundercomm.gamemode.ingame.services.GameModeActionUtils.startGameModeEntry:21 com.thundercomm.gamemode.ingame.services.ActivityMonitoringService$1.onActivityLaunch:127
12-01 07:45:08.483 1508 1508 I GameModeConfig: Current uri is uri = content://com.thundercomm.gamemode.api/gamemode_settings/gamemode_isgaming
12-01 07:45:08.487 1508 1508 I GameModeConfig: isGameModeOn = false
12-01 07:45:08.487 1508 1508 I GameModeConfig: isGameModeOn = false
12-01 07:45:08.487 1508 1508 I GameModeConfig: isDisableVoice = true
12-01 07:45:08.515 22714 22730 W ContextImpl: Calling a method in the system process without a qualified user: android.app.ContextImpl.startService:1816 android.content.ContextWrapper.startService:774 com.thundercomm.gamemode.ingame.services.GameModeActionUtils.startGameModeService:93 com.thundercomm.gamemode.ingame.services.GameModeActionUtils.startGameModeEntry:21 com.thundercomm.gamemode.ingame.services.ActivityMonitoringService$1.onActivityLaunch:127
12-01 07:45:08.519 1508 1508 I GameModeConfig: Current uri is uri = content://com.thundercomm.gamemode.api/gamemode_settings/gamemode_isgaming
12-01 07:45:08.521 1508 1508 I GameModeConfig: isGameModeOn = false
12-01 07:45:08.521 1508 1508 I GameModeConfig: isGameModeOn = false
12-01 07:45:08.521 1508 1508 I GameModeConfig: isDisableVoice = true
12-01 07:45:08.621 1508 1637 W WindowManager: updateScale0.4617737
12-01 07:45:08.638 1508 1637 W WindowManager: updateScale0.4617737
12-01 07:45:08.675 1508 1637 W WindowManager: updateScale0.4617737
12-01 07:45:09.118 1508 1739 I ActivityTaskManager: START u0 {act=android.intent.action.MAIN cat=[android.intent.category.HOME] flg=0x10000000 cmp=com.android.launcher3/.uioverrides.QuickstepLauncher} from uid 10076
12-01 07:45:09.127 1508 1739 I ActivityTaskManager: FOREGROUND_APPLICATION_CHANGED to com.android.launcher3.uioverrides.QuickstepLauncher
12-01 07:45:09.128 1508 1739 W WindowManager: updateScale0.4617737
12-01 07:45:09.131 1508 1739 W WindowManager: updateScale0.4617737
12-01 07:45:09.154 1508 2426 W WindowManager: updateScale0.4617737
12-01 07:45:09.245 1508 1508 I GameModeConfig: isGameModeOn = false
12-01 07:45:09.422 1508 9619 W ActivityTaskManager: getTaskSnapshot: taskId=5205 not found
12-01 07:45:09.425 1508 9619 W ActivityTaskManager: getTaskSnapshot: taskId=4205 not found
12-01 07:45:09.427 1508 1739 W ActivityTaskManager: getTaskSnapshot: taskId=3205 not found
12-01 07:45:09.431 1508 9619 W ActivityTaskManager: getTaskSnapshot: taskId=2205 not found
12-01 07:45:09.432 1508 9619 W ActivityTaskManager: getTaskSnapshot: taskId=1205 not found
12-01 07:45:10.107 22714 22730 W ContextImpl: Calling a method in the system process without a qualified user: android.app.ContextImpl.startService:1816 android.content.ContextWrapper.startService:774 com.thundercomm.gamemode.ingame.services.GameModeActionUtils.startGameModeService:93 com.thundercomm.gamemode.ingame.services.GameModeActionUtils.startGameModeEntry:21 com.thundercomm.gamemode.ingame.services.ActivityMonitoringService$1.onActivityLaunch:127
12-01 07:45:10.113 1508 1508 I GameModeConfig: Current uri is uri = content://com.thundercomm.gamemode.api/gamemode_settings/gamemode_isgaming
12-01 07:45:10.116 1508 1508 I GameModeConfig: isGameModeOn = false
12-01 07:45:10.116 1508 1508 I GameModeConfig: isGameModeOn = false
12-01 07:45:10.116 1508 1508 I GameModeConfig: isDisableVoice = true
12-01 07:45:10.198 22714 22730 W ContextImpl: Calling a method in the system process without a qualified user: android.app.ContextImpl.startService:1816 android.content.ContextWrapper.startService:774 com.thundercomm.gamemode.ingame.services.GameModeActionUtils.startGameModeService:93 com.thundercomm.gamemode.ingame.services.GameModeActionUtils.startGameModeEntry:21 com.thundercomm.gamemode.ingame.services.ActivityMonitoringService$1.onActivityLaunch:127
12-01 07:45:10.204 1508 1508 I GameModeConfig: Current uri is uri = content://com.thundercomm.gamemode.api/gamemode_settings/gamemode_isgaming
12-01 07:45:10.206 1508 1508 I GameModeConfig: isGameModeOn = false
12-01 07:45:10.206 1508 1508 I GameModeConfig: isGameModeOn = false
12-01 07:45:10.206 1508 1508 I GameModeConfig: isDisableVoice = true
12-01 07:45:10.374 1508 1637 D FreeFormWindowHelper: Remove freefrom task=Task{aaa01c7 #204 type=standard A=10065:com.android.deskclock U=0 visible=false mode=freeform translucent=true sz=0}
12-01 07:45:11.069 1508 1739 I ActivityTaskManager: START u0 {flg=0x10008000 cmp=com.android.music/.MusicBrowserActivity} from uid 10076
12-01 07:45:11.076 1508 1739 W ActivityTaskManager: Can't find TaskDisplayArea to determine support for multi window. Task id=206 attached=false
12-01 07:45:11.077 1508 1739 D FreeFormWindowHelper: Add freeform task=Task{579bee3 #206 type=standard ?? U=0 visible=false mode=freeform translucent=true sz=0}
12-01 07:45:11.083 1508 1739 I ActivityTaskManager: FOREGROUND_APPLICATION_CHANGED to com.android.music.MusicBrowserActivity
12-01 07:45:11.083 1508 1739 I ActivityTaskManager: The Process com.android.music Already Exists in BG. So sending its PID: 23346
12-01 07:45:11.083 1508 1739 W ActivityTaskManager: Tried to set launchTime (0) < mLastActivityLaunchTime (13915348)
12-01 07:45:11.119 22714 22730 W ContextImpl: Calling a method in the system process without a qualified user: android.app.ContextImpl.startService:1816 android.content.ContextWrapper.startService:774 com.thundercomm.gamemode.ingame.services.GameModeActionUtils.startGameModeService:93 com.thundercomm.gamemode.ingame.services.GameModeActionUtils.startGameModeEntry:21 com.thundercomm.gamemode.ingame.services.ActivityMonitoringService$1.onActivityLaunch:127
12-01 07:45:11.124 1508 1508 I GameModeConfig: Current uri is uri = content://com.thundercomm.gamemode.api/gamemode_settings/gamemode_isgaming
12-01 07:45:11.127 1508 1508 I GameModeConfig: isGameModeOn = false
12-01 07:45:11.128 1508 1508 I GameModeConfig: isGameModeOn = false
12-01 07:45:11.128 1508 1508 I GameModeConfig: isDisableVoice = true
12-01 07:45:11.207 1508 2321 I GameModeConfig: isGameModeOn = false
12-01 07:45:11.209 1508 2321 I GameModeConfig: isGameModeOn = false
12-01 07:45:11.215 1508 2321 I GameModeConfig: isGameModeOn = false
12-01 07:45:11.217 1508 2321 I GameModeConfig: isGameModeOn = false
12-01 07:45:11.218 1508 2321 I GameModeConfig: isGameModeOn = false
12-01 07:45:11.224 1508 2321 I GameModeConfig: isGameModeOn = false
12-01 07:45:11.224 1508 2321 I GameModeConfig: isGameModeOn = false
12-01 07:45:11.224 1508 2321 I GameModeConfig: isGameModeOn = false
12-01 07:45:11.224 1508 2321 I GameModeConfig: isGameModeOn = false
12-01 07:45:11.224 1508 2321 I GameModeConfig: isGameModeOn = false
12-01 07:45:11.238 1508 2321 I GameModeConfig: isGameModeOn = false
12-01 07:45:11.238 1508 2321 I GameModeConfig: isGameModeOn = false
12-01 07:45:11.238 1508 2321 I GameModeConfig: isGameModeOn = false
12-01 07:45:11.238 1508 2321 I GameModeConfig: isGameModeOn = false
12-01 07:45:11.238 1508 2321 I GameModeConfig: isGameModeOn = false
12-01 07:45:11.253 1508 6408 W WindowManager: updateScale0.7996942
12-01 07:45:11.265 1508 1637 W WindowManager: updateScale0.7996942
12-01 07:45:11.268 1508 1637 W WindowManager: updateScale0.7996942
12-01 07:45:11.269 1508 1637 W WindowManager: updateScale0.7996942
12-01 07:45:11.425 1508 1508 I GameModeConfig: isGameModeOn = false
12-01 07:45:11.430 1508 1508 I GameModeConfig: isGameModeOn = false
12-01 07:45:11.438 1508 1508 I GameModeConfig: isGameModeOn = false
12-01 07:45:11.447 1508 1508 I GameModeConfig: isGameModeOn = false
12-01 07:45:11.450 1508 1508 I GameModeConfig: isGameModeOn = false
12-01 07:45:11.453 1508 1508 I GameModeConfig: isGameModeOn = false
12-01 07:45:11.544 1508 1637 W WindowManager: updateScale0.7996942
12-01 07:45:12.605 1508 2971 I ActivityTaskManager: START u0 {act=android.intent.action.MAIN cat=[android.intent.category.HOME] flg=0x10000000 cmp=com.android.launcher3/.uioverrides.QuickstepLauncher} from uid 10076
12-01 07:45:12.613 1508 2971 I ActivityTaskManager: FOREGROUND_APPLICATION_CHANGED to com.android.launcher3.uioverrides.QuickstepLauncher
12-01 07:45:12.613 1508 2971 W WindowManager: updateScale0.7996942
12-01 07:45:12.617 1508 2971 W WindowManager: updateScale0.7996942
12-01 07:45:12.644 1508 2971 W WindowManager: updateScale0.7996942
