12-01 07:57:25.339 1508 1637 W WindowManager: updateScale0.7996942
12-01 07:57:25.369 1508 2426 W WindowManager: updateScale0.7996942
12-01 07:57:25.389 22714 22730 W ContextImpl: Calling a method in the system process without a qualified user: android.app.ContextImpl.startService:1816 android.content.ContextWrapper.startService:774 com.thundercomm.gamemode.ingame.services.GameModeActionUtils.startGameModeService:93 com.thundercomm.gamemode.ingame.services.GameModeActionUtils.startGameModeEntry:21 com.thundercomm.gamemode.ingame.services.ActivityMonitoringService$1.onActivityLaunch:127
12-01 07:57:25.392 1508 1508 I GameModeConfig: Current uri is uri = content://com.thundercomm.gamemode.api/gamemode_settings/gamemode_isgaming
12-01 07:57:25.394 1508 1508 I GameModeConfig: isGameModeOn = false
12-01 07:57:25.394 1508 1508 I GameModeConfig: isGameModeOn = false
12-01 07:57:25.394 1508 1508 I GameModeConfig: isDisableVoice = true
12-01 07:57:26.762 1508 3862 E TaskPersister: File error accessing recents directory (directory doesn't exist?).
12-01 07:57:27.000 1508 6408 W WindowManager: updateScale0.7996942
12-01 07:57:27.049 22714 22730 W ContextImpl: Calling a method in the system process without a qualified user: android.app.ContextImpl.startService:1816 android.content.ContextWrapper.startService:774 com.thundercomm.gamemode.ingame.services.GameModeActionUtils.startGameModeService:93 com.thundercomm.gamemode.ingame.services.GameModeActionUtils.startGameModeEntry:21 com.thundercomm.gamemode.ingame.services.ActivityMonitoringService$1.onActivityLaunch:127
12-01 07:57:27.062 1508 1508 I GameModeConfig: Current uri is uri = content://com.thundercomm.gamemode.api/gamemode_settings/gamemode_isgaming
12-01 07:57:27.065 1508 1508 I GameModeConfig: isGameModeOn = false
12-01 07:57:27.065 1508 1508 I GameModeConfig: isGameModeOn = false
12-01 07:57:27.065 1508 1508 I GameModeConfig: isDisableVoice = true
12-01 07:57:27.074 1508 2426 W ActivityTaskManager: getTaskSnapshot: taskId=4230 not found
12-01 07:57:27.078 1508 1602 W ActivityTaskManager: getTaskSnapshot: taskId=3230 not found
12-01 07:57:27.079 1508 2437 W ActivityTaskManager: getTaskSnapshot: taskId=2230 not found
12-01 07:57:27.081 1508 6335 W ActivityTaskManager: getTaskSnapshot: taskId=1230 not found
12-01 07:57:27.086 22714 22730 W ContextImpl: Calling a method in the system process without a qualified user: android.app.ContextImpl.startService:1816 android.content.ContextWrapper.startService:774 com.thundercomm.gamemode.ingame.services.GameModeActionUtils.startGameModeService:93 com.thundercomm.gamemode.ingame.services.GameModeActionUtils.startGameModeEntry:21 com.thundercomm.gamemode.ingame.services.ActivityMonitoringService$1.onActivityLaunch:127
12-01 07:57:27.095 1508 1508 I GameModeConfig: Current uri is uri = content://com.thundercomm.gamemode.api/gamemode_settings/gamemode_isgaming
12-01 07:57:27.098 1508 1508 I GameModeConfig: isGameModeOn = false
12-01 07:57:27.098 1508 1508 I GameModeConfig: isGameModeOn = false
12-01 07:57:27.098 1508 1508 I GameModeConfig: isDisableVoice = true
12-01 07:57:27.118 1508 1603 D FreeFormWindowHelper: Remove freefrom task=Task{370bb84 #229 type=standard A=10064:com.android.gallery3d U=0 visible=false mode=freeform translucent=true sz=0}
12-01 07:57:27.140 1508 2426 W ActivityTaskManager: getTaskSnapshot: taskId=4230 not found
12-01 07:57:27.140 1508 2426 W ActivityTaskManager: getTaskSnapshot: taskId=3230 not found
12-01 07:57:27.141 1508 2426 W ActivityTaskManager: getTaskSnapshot: taskId=2230 not found
12-01 07:57:27.141 1508 2426 W ActivityTaskManager: getTaskSnapshot: taskId=1230 not found
12-01 07:57:27.163 22714 22730 W ContextImpl: Calling a method in the system process without a qualified user: android.app.ContextImpl.startService:1816 android.content.ContextWrapper.startService:774 com.thundercomm.gamemode.ingame.services.GameModeActionUtils.startGameModeService:93 com.thundercomm.gamemode.ingame.services.GameModeActionUtils.startGameModeEntry:21 com.thundercomm.gamemode.ingame.services.ActivityMonitoringService$1.onActivityLaunch:127
12-01 07:57:27.167 1508 1508 I GameModeConfig: Current uri is uri = content://com.thundercomm.gamemode.api/gamemode_settings/gamemode_isgaming
12-01 07:57:27.169 1508 1508 I GameModeConfig: isGameModeOn = false
12-01 07:57:27.170 1508 1508 I GameModeConfig: isGameModeOn = false
12-01 07:57:27.170 1508 1508 I GameModeConfig: isDisableVoice = true
12-01 07:57:27.827 1508 6408 I ActivityTaskManager: FOREGROUND_APPLICATION_CHANGED to com.android.launcher3.uioverrides.QuickstepLauncher
12-01 07:57:27.893 22714 22730 W ContextImpl: Calling a method in the system process without a qualified user: android.app.ContextImpl.startService:1816 android.content.ContextWrapper.startService:774 com.thundercomm.gamemode.ingame.services.GameModeActionUtils.startGameModeService:93 com.thundercomm.gamemode.ingame.services.GameModeActionUtils.startGameModeEntry:21 com.thundercomm.gamemode.ingame.services.ActivityMonitoringService$1.onActivityLaunch:127
12-01 07:57:27.897 1508 1508 I GameModeConfig: Current uri is uri = content://com.thundercomm.gamemode.api/gamemode_settings/gamemode_isgaming
12-01 07:57:27.899 1508 1508 I GameModeConfig: isGameModeOn = false
12-01 07:57:27.899 1508 1508 I GameModeConfig: isGameModeOn = false
12-01 07:57:27.899 1508 1508 I GameModeConfig: isDisableVoice = true
12-01 07:57:27.951 22714 22730 W ContextImpl: Calling a method in the system process without a qualified user: android.app.ContextImpl.startService:1816 android.content.ContextWrapper.startService:774 com.thundercomm.gamemode.ingame.services.GameModeActionUtils.startGameModeService:93 com.thundercomm.gamemode.ingame.services.GameModeActionUtils.startGameModeEntry:21 com.thundercomm.gamemode.ingame.services.ActivityMonitoringService$1.onActivityLaunch:127
12-01 07:57:27.955 1508 1508 I GameModeConfig: Current uri is uri = content://com.thundercomm.gamemode.api/gamemode_settings/gamemode_isgaming
12-01 07:57:27.956 1508 1508 I GameModeConfig: isGameModeOn = false
12-01 07:57:27.957 1508 1508 I GameModeConfig: isGameModeOn = false
12-01 07:57:27.957 1508 1508 I GameModeConfig: isDisableVoice = true
12-01 07:57:28.575 1508 6408 I ActivityTaskManager: FOREGROUND_APPLICATION_CHANGED to com.android.music.VideoBrowserActivity
12-01 07:57:28.614 22714 22730 W ContextImpl: Calling a method in the system process without a qualified user: android.app.ContextImpl.startService:1816 android.content.ContextWrapper.startService:774 com.thundercomm.gamemode.ingame.services.GameModeActionUtils.startGameModeService:93 com.thundercomm.gamemode.ingame.services.GameModeActionUtils.startGameModeEntry:21 com.thundercomm.gamemode.ingame.services.ActivityMonitoringService$1.onActivityLaunch:127
12-01 07:57:28.618 1508 1508 I GameModeConfig: Current uri is uri = content://com.thundercomm.gamemode.api/gamemode_settings/gamemode_isgaming
12-01 07:57:28.620 1508 1508 I GameModeConfig: isGameModeOn = false
12-01 07:57:28.620 1508 1508 I GameModeConfig: isGameModeOn = false
12-01 07:57:28.620 1508 1508 I GameModeConfig: isDisableVoice = true
12-01 07:57:28.686 22714 22730 W ContextImpl: Calling a method in the system process without a qualified user: android.app.ContextImpl.startService:1816 android.content.ContextWrapper.startService:774 com.thundercomm.gamemode.ingame.services.GameModeActionUtils.startGameModeService:93 com.thundercomm.gamemode.ingame.services.GameModeActionUtils.startGameModeEntry:21 com.thundercomm.gamemode.ingame.services.ActivityMonitoringService$1.onActivityLaunch:127
12-01 07:57:28.691 1508 1508 I GameModeConfig: Current uri is uri = content://com.thundercomm.gamemode.api/gamemode_settings/gamemode_isgaming
12-01 07:57:28.693 1508 1508 I GameModeConfig: isGameModeOn = false
12-01 07:57:28.693 1508 1508 I GameModeConfig: isGameModeOn = false
12-01 07:57:28.693 1508 1508 I GameModeConfig: isDisableVoice = true
12-01 07:57:29.030 1508 2437 W ContextImpl: Calling a method in the system process without a qualified user: android.app.ContextImpl.startActivity:1067 com.android.server.wm.FreeFormWindowHelper.exitRecentTasks:426 com.android.server.wm.ActivityTaskManagerService.exitRecentTasks:3795 android.app.IActivityTaskManager$Stub.onTransact:2307 com.android.server.wm.ActivityTaskManagerService.onTransact:5046
12-01 07:57:29.031 1508 2437 I ActivityTaskManager: START u0 {flg=0x10108000 cmp=com.android.gallery3d/.app.GalleryActivity} from uid 1000
12-01 07:57:29.034 1508 2437 W ActivityTaskManager: Can't find TaskDisplayArea to determine support for multi window. Task id=232 attached=false
12-01 07:57:29.035 1508 2437 D FreeFormWindowHelper: Add freeform task=Task{26d9699 #232 type=standard ?? U=0 visible=false mode=freeform translucent=true sz=0}
12-01 07:57:29.039 1508 2437 I ActivityTaskManager: FOREGROUND_APPLICATION_CHANGED to com.android.gallery3d.app.GalleryActivity
12-01 07:57:29.039 1508 2437 I ActivityTaskManager: The Process com.android.gallery3d Already Exists in BG. So sending its PID: 22978
12-01 07:57:29.040 1508 2437 W ActivityTaskManager: Tried to set launchTime (0) < mLastActivityLaunchTime (14661332)
12-01 07:57:29.063 22714 22730 W ContextImpl: Calling a method in the system process without a qualified user: android.app.ContextImpl.startService:1816 android.content.ContextWrapper.startService:774 com.thundercomm.gamemode.ingame.services.GameModeActionUtils.startGameModeService:93 com.thundercomm.gamemode.ingame.services.GameModeActionUtils.startGameModeEntry:21 com.thundercomm.gamemode.ingame.services.ActivityMonitoringService$1.onActivityLaunch:127
12-01 07:57:29.068 1508 1508 I GameModeConfig: Current uri is uri = content://com.thundercomm.gamemode.api/gamemode_settings/gamemode_isgaming
12-01 07:57:29.070 1508 1508 I GameModeConfig: isGameModeOn = false
12-01 07:57:29.070 1508 1508 I GameModeConfig: isGameModeOn = false
12-01 07:57:29.070 1508 1508 I GameModeConfig: isDisableVoice = true
12-01 07:57:29.085 1508 6408 W WindowManager: updateScale0.7996942
12-01 07:57:29.093 22714 22730 W ContextImpl: Calling a method in the system process without a qualified user: android.app.ContextImpl.startService:1816 android.content.ContextWrapper.startService:774 com.thundercomm.gamemode.ingame.services.GameModeActionUtils.startGameModeService:93 com.thundercomm.gamemode.ingame.services.GameModeActionUtils.startGameModeEntry:21 com.thundercomm.gamemode.ingame.services.ActivityMonitoringService$1.onActivityLaunch:127
12-01 07:57:29.102 1508 1508 I GameModeConfig: Current uri is uri = content://com.thundercomm.gamemode.api/gamemode_settings/gamemode_isgaming
12-01 07:57:29.107 1508 1508 I GameModeConfig: isGameModeOn = false
12-01 07:57:29.107 1508 1508 I GameModeConfig: isGameModeOn = false
12-01 07:57:29.107 1508 1508 I GameModeConfig: isDisableVoice = true
12-01 07:57:29.150 1508 1637 W WindowManager: updateScale0.7996942
12-01 07:57:29.155 1508 1637 W WindowManager: updateScale0.7996942
12-01 07:57:29.157 1508 1637 W WindowManager: updateScale0.7996942
12-01 07:57:29.654 1508 1637 W WindowManager: updateScale0.7996942
12-01 07:57:29.659 1508 6408 W WindowManager: updateScale0.7996942
12-01 07:57:30.796 1508 1636 W WindowManager: updateScale0.7996942
12-01 07:57:30.804 1508 1636 I ActivityTaskManager: FOREGROUND_APPLICATION_CHANGED to com.android.music.VideoBrowserActivity
12-01 07:57:30.833 1508 6408 W WindowManager: updateScale0.7996942
12-01 07:57:30.852 22714 22730 W ContextImpl: Calling a method in the system process without a qualified user: android.app.ContextImpl.startService:1816 android.content.ContextWrapper.startService:774 com.thundercomm.gamemode.ingame.services.GameModeActionUtils.startGameModeService:93 com.thundercomm.gamemode.ingame.services.GameModeActionUtils.startGameModeEntry:21 com.thundercomm.gamemode.ingame.services.ActivityMonitoringService$1.onActivityLaunch:127
12-01 07:57:30.852 1508 6408 W WindowManager: updateScale0.7996942
12-01 07:57:30.858 1508 1508 I GameModeConfig: Current uri is uri = content://com.thundercomm.gamemode.api/gamemode_settings/gamemode_isgaming
12-01 07:57:30.860 1508 1508 I GameModeConfig: isGameModeOn = false
12-01 07:57:30.861 1508 1508 I GameModeConfig: isGameModeOn = false
12-01 07:57:30.861 1508 1508 I GameModeConfig: isDisableVoice = true
12-01 07:57:30.901 1508 6335 D FreeFormWindowHelper: Remove freefrom task=Task{26d9699 #232 type=standard A=10064:com.android.gallery3d U=0 visible=false mode=freeform translucent=true sz=0}
12-01 07:57:30.901 1508 2437 W ActivityTaskManager: getTaskSnapshot: taskId=4230 not found
12-01 07:57:30.903 1508 2437 W ActivityTaskManager: getTaskSnapshot: taskId=3230 not found
12-01 07:57:30.904 1508 2437 W ActivityTaskManager: getTaskSnapshot: taskId=2230 not found
12-01 07:57:30.904 1508 2437 W ActivityTaskManager: getTaskSnapshot: taskId=1230 not found
12-01 07:57:30.934 1508 2437 W ActivityTaskManager: getTaskSnapshot: taskId=4230 not found
12-01 07:57:30.935 1508 2437 W ActivityTaskManager: getTaskSnapshot: taskId=3230 not found
12-01 07:57:30.936 1508 2437 W ActivityTaskManager: getTaskSnapshot: taskId=2230 not found
12-01 07:57:30.936 1508 2437 W ActivityTaskManager: getTaskSnapshot: taskId=1230 not found
12-01 07:57:30.986 22714 22730 W ContextImpl: Calling a method in the system process without a qualified user: android.app.ContextImpl.startService:1816 android.content.ContextWrapper.startService:774 com.thundercomm.gamemode.ingame.services.GameModeActionUtils.startGameModeService:93 com.thundercomm.gamemode.ingame.services.GameModeActionUtils.startGameModeEntry:21 com.thundercomm.gamemode.ingame.services.ActivityMonitoringService$1.onActivityLaunch:127
12-01 07:57:30.994 1508 1508 I GameModeConfig: Current uri is uri = content://com.thundercomm.gamemode.api/gamemode_settings/gamemode_isgaming
12-01 07:57:30.996 1508 1508 I GameModeConfig: isGameModeOn = false
12-01 07:57:30.996 1508 1508 I GameModeConfig: isGameModeOn = false
12-01 07:57:30.996 1508 1508 I GameModeConfig: isDisableVoice = true
12-01 07:57:31.572 1508 8059 I ActivityTaskManager: FOREGROUND_APPLICATION_CHANGED to com.android.launcher3.uioverrides.QuickstepLauncher
12-01 07:57:31.619 22714 22730 W ContextImpl: Calling a method in the system process without a qualified user: android.app.ContextImpl.startService:1816 android.content.ContextWrapper.startService:774 com.thundercomm.gamemode.ingame.services.GameModeActionUtils.startGameModeService:93 com.thundercomm.gamemode.ingame.services.GameModeActionUtils.startGameModeEntry:21 com.thundercomm.gamemode.ingame.services.ActivityMonitoringService$1.onActivityLaunch:127
12-01 07:57:31.624 1508 1508 I GameModeConfig: Current uri is uri = content://com.thundercomm.gamemode.api/gamemode_settings/gamemode_isgaming
12-01 07:57:31.625 1508 1508 I GameModeConfig: isGameModeOn = false
12-01 07:57:31.625 1508 1508 I GameModeConfig: isGameModeOn = false
12-01 07:57:31.625 1508 1508 I GameModeConfig: isDisableVoice = true
12-01 07:57:31.634 1508 3862 E TaskPersister: File error accessing recents directory (directory doesn't exist?).
12-01 07:57:31.695 22714 22730 W ContextImpl: Calling a method in the system process without a qualified user: android.app.ContextImpl.startService:1816 android.content.ContextWrapper.startService:774 com.thundercomm.gamemode.ingame.services.GameModeActionUtils.startGameModeService:93 com.thundercomm.gamemode.ingame.services.GameModeActionUtils.startGameModeEntry:21 com.thundercomm.gamemode.ingame.services.ActivityMonitoringService$1.onActivityLaunch:127
12-01 07:57:31.705 1508 1508 I GameModeConfig: Current uri is uri = content://com.thundercomm.gamemode.api/gamemode_settings/gamemode_isgaming
12-01 07:57:31.707 1508 1508 I GameModeConfig: isGameModeOn = false
12-01 07:57:31.708 1508 1508 I GameModeConfig: isGameModeOn = false
12-01 07:57:31.708 1508 1508 I GameModeConfig: isDisableVoice = true
12-01 07:57:32.544 1508 6408 I ActivityTaskManager: FOREGROUND_APPLICATION_CHANGED to com.android.music.VideoBrowserActivity
12-01 07:57:32.568 22714 22730 W ContextImpl: Calling a method in the system process without a qualified user: android.app.ContextImpl.startService:1816 android.content.ContextWrapper.startService:774 com.thundercomm.gamemode.ingame.services.GameModeActionUtils.startGameModeService:93 com.thundercomm.gamemode.ingame.services.GameModeActionUtils.startGameModeEntry:21 com.thundercomm.gamemode.ingame.services.ActivityMonitoringService$1.onActivityLaunch:127
12-01 07:57:32.576 1508 1508 I GameModeConfig: Current uri is uri = content://com.thundercomm.gamemode.api/gamemode_settings/gamemode_isgaming
12-01 07:57:32.580 1508 1508 I GameModeConfig: isGameModeOn = false
12-01 07:57:32.580 1508 1508 I GameModeConfig: isGameModeOn = false
12-01 07:57:32.580 1508 1508 I GameModeConfig: isDisableVoice = true
12-01 07:57:32.660 22714 22730 W ContextImpl: Calling a method in the system process without a qualified user: android.app.ContextImpl.startService:1816 android.content.ContextWrapper.startService:774 com.thundercomm.gamemode.ingame.services.GameModeActionUtils.startGameModeService:93 com.thundercomm.gamemode.ingame.services.GameModeActionUtils.startGameModeEntry:21 com.thundercomm.gamemode.ingame.services.ActivityMonitoringService$1.onActivityLaunch:127
12-01 07:57:32.665 1508 1508 I GameModeConfig: Current uri is uri = content://com.thundercomm.gamemode.api/gamemode_settings/gamemode_isgaming
12-01 07:57:32.666 1508 1508 I GameModeConfig: isGameModeOn = false
12-01 07:57:32.667 1508 1508 I GameModeConfig: isGameModeOn = false
12-01 07:57:32.667 1508 1508 I GameModeConfig: isDisableVoice = true
12-01 07:57:33.016 1508 6408 W ContextImpl: Calling a method in the system process without a qualified user: android.app.ContextImpl.startActivity:1067 com.android.server.wm.FreeFormWindowHelper.exitRecentTasks:426 com.android.server.wm.ActivityTaskManagerService.exitRecentTasks:3795 android.app.IActivityTaskManager$Stub.onTransact:2307 com.android.server.wm.ActivityTaskManagerService.onTransact:5046
12-01 07:57:33.017 1508 6408 I ActivityTaskManager: START u0 {flg=0x10108000 cmp=com.android.gallery3d/.app.GalleryActivity} from uid 1000
12-01 07:57:33.020 1508 6408 W ActivityTaskManager: Can't find TaskDisplayArea to determine support for multi window. Task id=233 attached=false
12-01 07:57:33.021 1508 6408 D FreeFormWindowHelper: Add freeform task=Task{d249beb #233 type=standard ?? U=0 visible=false mode=freeform translucent=true sz=0}
12-01 07:57:33.026 1508 6408 I ActivityTaskManager: FOREGROUND_APPLICATION_CHANGED to com.android.gallery3d.app.GalleryActivity
12-01 07:57:33.026 1508 6408 I ActivityTaskManager: The Process com.android.gallery3d Already Exists in BG. So sending its PID: 22978
12-01 07:57:33.026 1508 6408 W ActivityTaskManager: Tried to set launchTime (0) < mLastActivityLaunchTime (14667621)
12-01 07:57:33.052 22714 22730 W ContextImpl: Calling a method in the system process without a qualified user: android.app.ContextImpl.startService:1816 android.content.ContextWrapper.startService:774 com.thundercomm.gamemode.ingame.services.GameModeActionUtils.startGameModeService:93 com.thundercomm.gamemode.ingame.services.GameModeActionUtils.startGameModeEntry:21 com.thundercomm.gamemode.ingame.services.ActivityMonitoringService$1.onActivityLaunch:127
12-01 07:57:33.057 1508 1508 I GameModeConfig: Current uri is uri = content://com.thundercomm.gamemode.api/gamemode_settings/gamemode_isgaming
12-01 07:57:33.059 1508 1508 I GameModeConfig: isGameModeOn = false
12-01 07:57:33.059 1508 1508 I GameModeConfig: isGameModeOn = false
12-01 07:57:33.059 1508 1508 I GameModeConfig: isDisableVoice = true
12-01 07:57:33.060 1508 6408 W WindowManager: updateScale0.7996942
12-01 07:57:33.092 1508 1637 W WindowManager: updateScale0.7996942
12-01 07:57:33.094 1508 1637 W WindowManager: updateScale0.7996942
12-01 07:57:33.095 1508 1637 W WindowManager: updateScale0.7996942
12-01 07:57:33.100 22714 22730 W ContextImpl: Calling a method in the system process without a qualified user: android.app.ContextImpl.startService:1816 android.content.ContextWrapper.startService:774 com.thundercomm.gamemode.ingame.services.GameModeActionUtils.startGameModeService:93 com.thundercomm.gamemode.ingame.services.GameModeActionUtils.startGameModeEntry:21 com.thundercomm.gamemode.ingame.services.ActivityMonitoringService$1.onActivityLaunch:127
12-01 07:57:33.103 1508 1508 I GameModeConfig: Current uri is uri = content://com.thundercomm.gamemode.api/gamemode_settings/gamemode_isgaming
12-01 07:57:33.105 1508 1508 I GameModeConfig: isGameModeOn = false
12-01 07:57:33.105 1508 1508 I GameModeConfig: isGameModeOn = false
12-01 07:57:33.105 1508 1508 I GameModeConfig: isDisableVoice = true
12-01 07:57:33.596 1508 1637 W WindowManager: updateScale0.7996942
12-01 07:57:33.600 1508 1603 W WindowManager: updateScale0.7996942
12-01 07:57:36.563 1508 3862 E TaskPersister: File error accessing recents directory (directory doesn't exist?).
12-01 07:57:49.921 1508 1508 I GameModeConfig: isGameModeOn = false
12-01 07:57:51.217 1508 1636 W WindowManager: updateScale0.7996942
12-01 07:57:51.221 1508 1636 I ActivityTaskManager: FOREGROUND_APPLICATION_CHANGED to com.android.music.VideoBrowserActivity
12-01 07:57:51.231 1508 1603 W WindowManager: updateScale0.7996942
12-01 07:57:51.252 1508 1603 W WindowManager: updateScale0.7996942
12-01 07:57:51.253 22714 22730 W ContextImpl: Calling a method in the system process without a qualified user: android.app.ContextImpl.startService:1816 android.content.ContextWrapper.startService:774 com.thundercomm.gamemode.ingame.services.GameModeActionUtils.startGameModeService:93 com.thundercomm.gamemode.ingame.services.GameModeActionUtils.startGameModeEntry:21 com.thundercomm.gamemode.ingame.services.ActivityMonitoringService$1.onActivityLaunch:127
12-01 07:57:51.257 1508 1508 I GameModeConfig: Current uri is uri = content://com.thundercomm.gamemode.api/gamemode_settings/gamemode_isgaming
12-01 07:57:51.267 1508 1508 I GameModeConfig: isGameModeOn = false
12-01 07:57:51.267 1508 1508 I GameModeConfig: isGameModeOn = false
12-01 07:57:51.267 1508 1508 I GameModeConfig: isDisableVoice = true
12-01 07:57:51.301 1508 9856 W ActivityTaskManager: getTaskSnapshot: taskId=4230 not found
12-01 07:57:51.306 1508 9856 W ActivityTaskManager: getTaskSnapshot: taskId=3230 not found
12-01 07:57:51.310 1508 9856 D FreeFormWindowHelper: Remove freefrom task=Task{d249beb #233 type=standard A=10064:com.android.gallery3d U=0 visible=false mode=freeform translucent=true sz=0}
12-01 07:57:51.319 22714 22730 W ContextImpl: Calling a method in the system process without a qualified user: android.app.ContextImpl.startService:1816 android.content.ContextWrapper.startService:774 com.thundercomm.gamemode.ingame.services.GameModeActionUtils.startGameModeService:93 com.thundercomm.gamemode.ingame.services.GameModeActionUtils.startGameModeEntry:21 com.thundercomm.gamemode.ingame.services.ActivityMonitoringService$1.onActivityLaunch:127
12-01 07:57:51.325 1508 1508 I GameModeConfig: Current uri is uri = content://com.thundercomm.gamemode.api/gamemode_settings/gamemode_isgaming
12-01 07:57:51.327 1508 1508 I GameModeConfig: isGameModeOn = false
12-01 07:57:51.327 1508 1508 I GameModeConfig: isGameModeOn = false
12-01 07:57:51.327 1508 1508 I GameModeConfig: isDisableVoice = true
12-01 07:57:51.332 1508 1602 W ActivityTaskManager: getTaskSnapshot: taskId=1230 not found
12-01 07:57:51.332 1508 1602 W ActivityTaskManager: getTaskSnapshot: taskId=2230 not found
12-01 07:57:51.332 1508 1602 W ActivityTaskManager: getTaskSnapshot: taskId=3230 not found
12-01 07:57:51.333 1508 1602 W ActivityTaskManager: getTaskSnapshot: taskId=4230 not found
12-01 07:57:51.386 22714 22730 W ContextImpl: Calling a method in the system process without a qualified user: android.app.ContextImpl.startService:1816 android.content.ContextWrapper.startService:774 com.thundercomm.gamemode.ingame.services.GameModeActionUtils.startGameModeService:93 com.thundercomm.gamemode.ingame.services.GameModeActionUtils.startGameModeEntry:21 com.thundercomm.gamemode.ingame.services.ActivityMonitoringService$1.onActivityLaunch:127
12-01 07:57:51.390 1508 1508 I GameModeConfig: Current uri is uri = content://com.thundercomm.gamemode.api/gamemode_settings/gamemode_isgaming
12-01 07:57:51.394 1508 1508 I GameModeConfig: isGameModeOn = false
12-01 07:57:51.395 1508 1508 I GameModeConfig: isGameModeOn = false
12-01 07:57:51.395 1508 1508 I GameModeConfig: isDisableVoice = true
12-01 07:57:51.812 1508 1602 W ContextImpl: Calling a method in the system process without a qualified user: android.app.ContextImpl.startActivity:1067 com.android.server.wm.FreeFormWindowHelper.exitRecentTasks:426 com.android.server.wm.ActivityTaskManagerService.exitRecentTasks:3795 android.app.IActivityTaskManager$Stub.onTransact:2307 com.android.server.wm.ActivityTaskManagerService.onTransact:5046
12-01 07:57:51.817 1508 1602 I ActivityTaskManager: START u0 {flg=0x10108000 cmp=com.android.gallery3d/.app.GalleryActivity} from uid 1000
12-01 07:57:51.821 1508 1602 W ActivityTaskManager: Can't find TaskDisplayArea to determine support for multi window. Task id=234 attached=false
12-01 07:57:51.822 1508 1602 D FreeFormWindowHelper: Add freeform task=Task{6596a20 #234 type=standard ?? U=0 visible=false mode=freeform translucent=true sz=0}
12-01 07:57:51.826 1508 1602 I ActivityTaskManager: FOREGROUND_APPLICATION_CHANGED to com.android.gallery3d.app.GalleryActivity
12-01 07:57:51.827 1508 1602 I ActivityTaskManager: The Process com.android.gallery3d Already Exists in BG. So sending its PID: 22978
12-01 07:57:51.827 1508 1602 W ActivityTaskManager: Tried to set launchTime (0) < mLastActivityLaunchTime (14671608)
12-01 07:57:51.855 22714 22730 W ContextImpl: Calling a method in the system process without a qualified user: android.app.ContextImpl.startService:1816 android.content.ContextWrapper.startService:774 com.thundercomm.gamemode.ingame.services.GameModeActionUtils.startGameModeService:93 com.thundercomm.gamemode.ingame.services.GameModeActionUtils.startGameModeEntry:21 com.thundercomm.gamemode.ingame.services.ActivityMonitoringService$1.onActivityLaunch:127
12-01 07:57:51.861 1508 1508 I GameModeConfig: Current uri is uri = content://com.thundercomm.gamemode.api/gamemode_settings/gamemode_isgaming
12-01 07:57:51.863 1508 1508 I GameModeConfig: isGameModeOn = false
12-01 07:57:51.864 1508 1508 I GameModeConfig: isGameModeOn = false
12-01 07:57:51.864 1508 1508 I GameModeConfig: isDisableVoice = true
12-01 07:57:51.868 1508 9856 W WindowManager: updateScale0.7996942
12-01 07:57:51.878 1508 9856 W WindowManager: updateScale0.7996942
12-01 07:57:51.886 1508 1647 W UsageStatsService: Unexpected activity event reported! (com.android.launcher3/com.android.launcher3.uioverrides.QuickstepLauncher event : 23 instanceId : 44351528)
12-01 07:57:51.897 22714 22730 W ContextImpl: Calling a method in the system process without a qualified user: android.app.ContextImpl.startService:1816 android.content.ContextWrapper.startService:774 com.thundercomm.gamemode.ingame.services.GameModeActionUtils.startGameModeService:93 com.thundercomm.gamemode.ingame.services.GameModeActionUtils.startGameModeEntry:21 com.thundercomm.gamemode.ingame.services.ActivityMonitoringService$1.onActivityLaunch:127
12-01 07:57:51.902 1508 1508 I GameModeConfig: Current uri is uri = content://com.thundercomm.gamemode.api/gamemode_settings/gamemode_isgaming
12-01 07:57:51.904 1508 1508 I GameModeConfig: isGameModeOn = false
12-01 07:57:51.905 1508 1508 I GameModeConfig: isGameModeOn = false
12-01 07:57:51.905 1508 1508 I GameModeConfig: isDisableVoice = true
12-01 07:57:51.921 1508 1637 W WindowManager: updateScale0.7996942
12-01 07:57:51.926 1508 1637 W WindowManager: updateScale0.7996942
12-01 07:57:51.928 1508 1637 W WindowManager: updateScale0.7996942
12-01 07:57:51.991 1508 1636 W WindowManager: updateScale0.7996942
12-01 07:57:51.994 1508 1636 I ActivityTaskManager: FOREGROUND_APPLICATION_CHANGED to com.android.music.VideoBrowserActivity
12-01 07:57:52.012 1508 9856 W WindowManager: updateScale0.7996942
12-01 07:57:52.020 1508 1602 W WindowManager: updateScale0.7996942
12-01 07:57:52.026 1508 6335 W WindowManager: updateScale0.7996942
12-01 07:57:52.048 22714 22730 W ContextImpl: Calling a method in the system process without a qualified user: android.app.ContextImpl.startService:1816 android.content.ContextWrapper.startService:774 com.thundercomm.gamemode.ingame.services.GameModeActionUtils.startGameModeService:93 com.thundercomm.gamemode.ingame.services.GameModeActionUtils.startGameModeEntry:21 com.thundercomm.gamemode.ingame.services.ActivityMonitoringService$1.onActivityLaunch:127
12-01 07:57:52.054 1508 1508 I GameModeConfig: Current uri is uri = content://com.thundercomm.gamemode.api/gamemode_settings/gamemode_isgaming
12-01 07:57:52.059 1508 1508 I GameModeConfig: isGameModeOn = false
12-01 07:57:52.059 1508 1508 I GameModeConfig: isGameModeOn = false
12-01 07:57:52.059 1508 1508 I GameModeConfig: isDisableVoice = true
12-01 07:57:52.068 1508 9856 W ActivityTaskManager: getTaskSnapshot: taskId=4230 not found
12-01 07:57:52.083 22714 22730 W ContextImpl: Calling a method in the system process without a qualified user: android.app.ContextImpl.startService:1816 android.content.ContextWrapper.startService:774 com.thundercomm.gamemode.ingame.services.GameModeActionUtils.startGameModeService:93 com.thundercomm.gamemode.ingame.services.GameModeActionUtils.startGameModeEntry:21 com.thundercomm.gamemode.ingame.services.ActivityMonitoringService$1.onActivityLaunch:127
12-01 07:57:52.088 1508 1508 I GameModeConfig: Current uri is uri = content://com.thundercomm.gamemode.api/gamemode_settings/gamemode_isgaming
12-01 07:57:52.092 1508 1508 I GameModeConfig: isGameModeOn = false
12-01 07:57:52.093 1508 9856 W ActivityTaskManager: getTaskSnapshot: taskId=4230 not found
12-01 07:57:52.093 1508 1508 I GameModeConfig: isGameModeOn = false
12-01 07:57:52.093 1508 1508 I GameModeConfig: isDisableVoice = true
12-01 07:57:52.093 1508 9856 W ActivityTaskManager: getTaskSnapshot: taskId=3230 not found
12-01 07:57:52.094 1508 9856 W ActivityTaskManager: getTaskSnapshot: taskId=2230 not found
12-01 07:57:52.094 1508 9856 W ActivityTaskManager: getTaskSnapshot: taskId=1230 not found
12-01 07:57:52.154 22714 22730 W ContextImpl: Calling a method in the system process without a qualified user: android.app.ContextImpl.startService:1816 android.content.ContextWrapper.startService:774 com.thundercomm.gamemode.ingame.services.GameModeActionUtils.startGameModeService:93 com.thundercomm.gamemode.ingame.services.GameModeActionUtils.startGameModeEntry:21 com.thundercomm.gamemode.ingame.services.ActivityMonitoringService$1.onActivityLaunch:127
12-01 07:57:52.159 1508 1508 I GameModeConfig: Current uri is uri = content://com.thundercomm.gamemode.api/gamemode_settings/gamemode_isgaming
12-01 07:57:52.161 1508 1508 I GameModeConfig: isGameModeOn = false
12-01 07:57:52.162 1508 1508 I GameModeConfig: isGameModeOn = false
12-01 07:57:52.162 1508 1508 I GameModeConfig: isDisableVoice = true
12-01 07:57:52.437 1508 1637 D FreeFormWindowHelper: Remove freefrom task=Task{6596a20 #234 type=standard A=10064:com.android.gallery3d U=0 visible=false mode=freeform translucent=true sz=0}
12-01 07:57:52.683 1508 6408 I ActivityTaskManager: FOREGROUND_APPLICATION_CHANGED to com.android.launcher3.uioverrides.QuickstepLauncher
12-01 07:57:52.739 22714 22730 W ContextImpl: Calling a method in the system process without a qualified user: android.app.ContextImpl.startService:1816 android.content.ContextWrapper.startService:774 com.thundercomm.gamemode.ingame.services.GameModeActionUtils.startGameModeService:93 com.thundercomm.gamemode.ingame.services.GameModeActionUtils.startGameModeEntry:21 com.thundercomm.gamemode.ingame.services.ActivityMonitoringService$1.onActivityLaunch:127
12-01 07:57:52.743 1508 1508 I GameModeConfig: Current uri is uri = content://com.thundercomm.gamemode.api/gamemode_settings/gamemode_isgaming
12-01 07:57:52.744 1508 1508 I GameModeConfig: isGameModeOn = false
12-01 07:57:52.744 1508 1508 I GameModeConfig: isGameModeOn = false
12-01 07:57:52.744 1508 1508 I GameModeConfig: isDisableVoice = true
12-01 07:57:52.807 22714 22730 W ContextImpl: Calling a method in the system process without a qualified user: android.app.ContextImpl.startService:1816 android.content.ContextWrapper.startService:774 com.thundercomm.gamemode.ingame.services.GameModeActionUtils.startGameModeService:93 com.thundercomm.gamemode.ingame.services.GameModeActionUtils.startGameModeEntry:21 com.thundercomm.gamemode.ingame.services.ActivityMonitoringService$1.onActivityLaunch:127
12-01 07:57:52.814 1508 1508 I GameModeConfig: Current uri is uri = content://com.thundercomm.gamemode.api/gamemode_settings/gamemode_isgaming
12-01 07:57:52.816 1508 1508 I GameModeConfig: isGameModeOn = false
12-01 07:57:52.816 1508 1508 I GameModeConfig: isGameModeOn = false
12-01 07:57:52.816 1508 1508 I GameModeConfig: isDisableVoice = true
12-01 07:57:53.673 1508 1602 W ActivityTaskManager: Request to remove task ignored for non-existent task 230
12-01 07:57:53.678 1508 1602 W ActivityTaskManager: Request to remove task ignored for non-existent task 234
12-01 07:57:53.683 1508 1603 W ActivityTaskManager: removeTask: No task remove with id=234
12-01 07:57:53.684 1508 1636 I ActivityManager: Killing 23346:com.android.music/u0a86 (adj 900): remove task
12-01 07:57:53.698 1508 3862 E TaskPersister: File error accessing recents directory (directory doesn't exist?).
12-01 07:57:53.761 1508 1637 W ActivityTaskManager: Can't find TaskDisplayArea to determine support for multi window. Task id=231 attached=false
12-01 07:57:53.761 1508 1637 W ActivityTaskManager: Can't find TaskDisplayArea to determine support for multi window. Task id=231 attached=false
12-01 07:57:53.765 1508 1636 W ActivityManager: setHasOverlayUi called on unknown pid: 23346
12-01 07:57:53.765 1508 1647 W UsageStatsService: Unexpected activity event reported! (com.android.music/com.android.music.VideoBrowserActivity event : 23 instanceId : 81746388)
12-01 07:57:53.769 1508 1636 D CompatibilityChangeReporter: Compat change id reported: 135634846; UID 10086; state: DISABLED
12-01 07:57:53.769 1508 1636 D CompatibilityChangeReporter: Compat change id reported: 177438394; UID 10086; state: DISABLED
12-01 07:57:53.769 1508 1636 D CompatibilityChangeReporter: Compat change id reported: 135772972; UID 10086; state: DISABLED
12-01 07:57:53.769 1508 1636 D CompatibilityChangeReporter: Compat change id reported: 135754954; UID 10086; state: ENABLED
12-01 07:57:53.769 1508 1649 D CompatibilityChangeReporter: Compat change id reported: 143937733; UID 10086; state: ENABLED
12-01 07:57:53.787 1508 1649 I ActivityManager: Start proc 24969:com.android.music/u0a86 for null
12-01 07:57:53.789 22714 22730 W ContextImpl: Calling a method in the system process without a qualified user: android.app.ContextImpl.startService:1816 android.content.ContextWrapper.startService:774 com.thundercomm.gamemode.ingame.services.GameModeActionUtils.startGameModeService:93 com.thundercomm.gamemode.ingame.services.GameModeActionUtils.startGameModeEntry:21 com.thundercomm.gamemode.ingame.services.ActivityMonitoringService$1.onActivityLaunch:127
12-01 07:57:53.793 1508 1508 I GameModeConfig: Current uri is uri = content://com.thundercomm.gamemode.api/gamemode_settings/gamemode_isgaming
12-01 07:57:53.795 1508 1508 I GameModeConfig: isGameModeOn = false
12-01 07:57:53.795 1508 1508 I GameModeConfig: isGameModeOn = false
12-01 07:57:53.795 1508 1508 I GameModeConfig: isDisableVoice = true
12-01 07:57:55.386 1508 2301 I ActivityTaskManager: START u0 {flg=0x10008000 cmp=com.android.gallery3d/.app.GalleryActivity} from uid 10076
12-01 07:57:55.392 1508 2301 W ActivityTaskManager: Can't find TaskDisplayArea to determine support for multi window. Task id=235 attached=false
12-01 07:57:55.394 1508 2301 D FreeFormWindowHelper: Add freeform task=Task{875d641 #235 type=standard ?? U=0 visible=false mode=freeform translucent=true sz=0}
12-01 07:57:55.398 1508 2301 I ActivityTaskManager: FOREGROUND_APPLICATION_CHANGED to com.android.gallery3d.app.GalleryActivity
12-01 07:57:55.398 1508 2301 I ActivityTaskManager: The Process com.android.gallery3d Already Exists in BG. So sending its PID: 22978
12-01 07:57:55.399 1508 2301 W ActivityTaskManager: Tried to set launchTime (0) < mLastActivityLaunchTime (14690409)
12-01 07:57:55.426 22714 22730 W ContextImpl: Calling a method in the system process without a qualified user: android.app.ContextImpl.startService:1816 android.content.ContextWrapper.startService:774 com.thundercomm.gamemode.ingame.services.GameModeActionUtils.startGameModeService:93 com.thundercomm.gamemode.ingame.services.GameModeActionUtils.startGameModeEntry:21 com.thundercomm.gamemode.ingame.services.ActivityMonitoringService$1.onActivityLaunch:127
12-01 07:57:55.437 1508 1508 I GameModeConfig: Current uri is uri = content://com.thundercomm.gamemode.api/gamemode_settings/gamemode_isgaming
12-01 07:57:55.439 1508 1508 I GameModeConfig: isGameModeOn = false
12-01 07:57:55.439 1508 1508 I GameModeConfig: isGameModeOn = false
12-01 07:57:55.439 1508 1508 I GameModeConfig: isDisableVoice = true
12-01 07:57:55.446 1508 6928 W WindowManager: updateScale0.7996942
12-01 07:57:55.480 1508 1637 W WindowManager: updateScale0.7996942
12-01 07:57:55.483 1508 1637 W WindowManager: updateScale0.7996942
12-01 07:57:55.484 1508 1637 W WindowManager: updateScale0.7996942
12-01 07:57:55.765 1508 1637 W WindowManager: updateScale0.7996942
12-01 07:57:57.151 1508 1637 D FreeFormWindowHelper: refreshTipWindow windowDragBounds:Rect(10, 72 - 533, 1000)
12-01 07:57:57.155 1508 1637 W WindowManager: updateScale0.7996942
12-01 07:57:57.167 1508 1637 D FreeFormWindowHelper: refreshTipWindow windowDragBounds:Rect(19, 72 - 542, 1000)
12-01 07:57:57.168 1508 1637 W WindowManager: updateScale0.7996942
12-01 07:57:57.173 1508 8059 W WindowManager: updateScale0.7996942
12-01 07:57:57.184 1508 1637 D FreeFormWindowHelper: refreshTipWindow windowDragBounds:Rect(32, 72 - 555, 1000)
12-01 07:57:57.186 1508 1637 W WindowManager: updateScale0.7996942
12-01 07:57:57.201 1508 1637 D FreeFormWindowHelper: refreshTipWindow windowDragBounds:Rect(47, 72 - 570, 1000)
12-01 07:57:57.203 1508 1637 W WindowManager: updateScale0.7996942
12-01 07:57:57.217 1508 1637 D FreeFormWindowHelper: refreshTipWindow windowDragBounds:Rect(65, 72 - 588, 1000)
12-01 07:57:57.222 1508 1637 W WindowManager: updateScale0.7996942
12-01 07:57:57.234 1508 1637 D FreeFormWindowHelper: refreshTipWindow windowDragBounds:Rect(87, 72 - 610, 1000)
12-01 07:57:57.235 1508 1637 W WindowManager: updateScale0.7996942
12-01 07:57:57.251 1508 1637 D FreeFormWindowHelper: refreshTipWindow windowDragBounds:Rect(114, 72 - 637, 1000)
12-01 07:57:57.252 1508 1637 W WindowManager: updateScale0.7996942
12-01 07:57:57.265 1508 3862 E TaskPersister: File error accessing recents directory (directory doesn't exist?).
12-01 07:57:57.266 1508 8059 W WindowManager: updateScale0.7996942
12-01 07:57:57.269 1508 1637 D FreeFormWindowHelper: refreshTipWindow windowDragBounds:Rect(145, 72 - 668, 1000)
12-01 07:57:57.270 1508 1637 W WindowManager: updateScale0.7996942
12-01 07:57:57.284 1508 1637 D FreeFormWindowHelper: refreshTipWindow windowDragBounds:Rect(176, 72 - 699, 1000)
12-01 07:57:57.285 1508 1637 W WindowManager: updateScale0.7996942
12-01 07:57:57.301 1508 1637 D FreeFormWindowHelper: refreshTipWindow windowDragBounds:Rect(226, 72 - 749, 1000)
12-01 07:57:57.303 1508 1637 W WindowManager: updateScale0.7996942
12-01 07:57:57.317 1508 6928 W WindowManager: updateScale0.7996942
12-01 07:57:57.319 1508 1637 D FreeFormWindowHelper: refreshTipWindow windowDragBounds:Rect(273, 72 - 796, 1000)
12-01 07:57:57.321 1508 1637 W WindowManager: updateScale0.7996942
12-01 07:57:57.334 1508 1637 D FreeFormWindowHelper: refreshTipWindow windowDragBounds:Rect(324, 72 - 847, 1000)
12-01 07:57:57.335 1508 1637 W WindowManager: updateScale0.7996942
12-01 07:57:57.351 1508 1637 D FreeFormWindowHelper: refreshTipWindow windowDragBounds:Rect(371, 61 - 894, 989)
12-01 07:57:57.353 1508 1637 W WindowManager: updateScale0.7996942
12-01 07:57:57.367 1508 6928 W WindowManager: updateScale0.7996942
12-01 07:57:57.369 1508 1637 D FreeFormWindowHelper: refreshTipWindow windowDragBounds:Rect(432, 58 - 955, 986)
12-01 07:57:57.371 1508 1637 W WindowManager: updateScale0.7996942
12-01 07:57:57.384 1508 1637 D FreeFormWindowHelper: refreshTipWindow windowDragBounds:Rect(496, 53 - 1019, 981)
12-01 07:57:57.386 1508 1637 W WindowManager: updateScale0.7996942
12-01 07:57:57.400 1508 6928 W WindowManager: updateScale0.7996942
12-01 07:57:57.402 1508 1637 D FreeFormWindowHelper: refreshTipWindow windowDragBounds:Rect(564, 50 - 1087, 978)
12-01 07:57:57.404 1508 1637 W WindowManager: updateScale0.7996942
12-01 07:57:57.418 1508 1637 D FreeFormWindowHelper: refreshTipWindow windowDragBounds:Rect(629, 48 - 1152, 976)
12-01 07:57:57.419 1508 1637 W WindowManager: updateScale0.7996942
12-01 07:57:57.434 1508 6928 W WindowManager: updateScale0.7996942
12-01 07:57:57.436 1508 1637 D FreeFormWindowHelper: refreshTipWindow windowDragBounds:Rect(708, 45 - 1231, 973)
12-01 07:57:57.437 1508 1637 W WindowManager: updateScale0.7996942
12-01 07:57:57.451 1508 1637 D FreeFormWindowHelper: refreshTipWindow windowDragBounds:Rect(789, 43 - 1312, 971)
12-01 07:57:57.452 1508 1637 W WindowManager: updateScale0.7996942
12-01 07:57:57.467 1508 6928 W WindowManager: updateScale0.7996942
12-01 07:57:57.469 1508 1637 D FreeFormWindowHelper: refreshTipWindow windowDragBounds:Rect(867, 40 - 1390, 968)
12-01 07:57:57.471 1508 1637 W WindowManager: updateScale0.7996942
12-01 07:57:57.484 1508 1637 D FreeFormWindowHelper: refreshTipWindow windowDragBounds:Rect(950, 38 - 1473, 966)
12-01 07:57:57.486 1508 1637 W WindowManager: updateScale0.7996942
12-01 07:57:57.501 1508 1637 D FreeFormWindowHelper: refreshTipWindow windowDragBounds:Rect(1036, 36 - 1559, 964)
12-01 07:57:57.502 1508 1637 W WindowManager: updateScale0.7996942
12-01 07:57:57.517 1508 8059 W WindowManager: updateScale0.7996942
12-01 07:57:57.519 1508 1637 D FreeFormWindowHelper: refreshTipWindow windowDragBounds:Rect(1118, 33 - 1641, 961)
12-01 07:57:57.520 1508 1637 W WindowManager: updateScale0.7996942
12-01 07:57:57.534 1508 1637 D FreeFormWindowHelper: refreshTipWindow windowDragBounds:Rect(1198, 30 - 1721, 958)
12-01 07:57:57.536 1508 1637 W WindowManager: updateScale0.7996942
12-01 07:57:57.551 1508 8059 W WindowManager: updateScale0.7996942
12-01 07:57:57.553 1508 1637 D FreeFormWindowHelper: refreshTipWindow windowDragBounds:Rect(1274, 27 - 1797, 955)
12-01 07:57:57.554 1508 1637 W WindowManager: updateScale0.7996942
12-01 07:57:57.568 1508 1637 D FreeFormWindowHelper: refreshTipWindow windowDragBounds:Rect(1361, 25 - 1884, 953)
12-01 07:57:57.569 1508 1637 W WindowManager: updateScale0.7996942
12-01 07:57:57.585 1508 1637 D FreeFormWindowHelper: refreshTipWindow windowDragBounds:Rect(1433, 23 - 1956, 951)
12-01 07:57:57.586 1508 1637 W WindowManager: updateScale0.7996942
12-01 07:57:57.601 1508 8059 W WindowManager: updateScale0.7996942
12-01 07:57:57.603 1508 1637 D FreeFormWindowHelper: refreshTipWindow windowDragBounds:Rect(1498, 22 - 2021, 950)
12-01 07:57:57.604 1508 1637 W WindowManager: updateScale0.7996942
12-01 07:57:57.617 1508 8059 W WindowManager: updateScale0.7996942
12-01 07:57:57.619 1508 1637 D FreeFormWindowHelper: refreshTipWindow windowDragBounds:Rect(1557, 22 - 2080, 950)
12-01 07:57:57.620 1508 1637 W WindowManager: updateScale0.7996942
12-01 07:57:57.635 1508 1637 D FreeFormWindowHelper: refreshTipWindow windowDragBounds:Rect(1611, 22 - 2134, 950)
12-01 07:57:57.636 1508 1637 W WindowManager: updateScale0.7996942
12-01 07:57:57.652 1508 1637 D FreeFormWindowHelper: refreshTipWindow windowDragBounds:Rect(1658, 22 - 2181, 950)
12-01 07:57:57.653 1508 1637 W WindowManager: updateScale0.7996942
12-01 07:57:57.668 1508 1637 D FreeFormWindowHelper: refreshTipWindow windowDragBounds:Rect(1697, 29 - 2220, 957)
12-01 07:57:57.670 1508 1637 W WindowManager: updateScale0.7996942
12-01 07:57:57.672 1508 8059 W WindowManager: updateScale0.7996942
12-01 07:57:57.685 1508 1637 D FreeFormWindowHelper: refreshTipWindow windowDragBounds:Rect(1740, 35 - 2263, 963)
12-01 07:57:57.686 1508 1637 W WindowManager: updateScale0.7996942
12-01 07:57:57.699 1508 8059 W WindowManager: updateScale0.7996942
12-01 07:57:57.702 1508 1637 D FreeFormWindowHelper: refreshTipWindow windowDragBounds:Rect(1778, 41 - 2301, 969)
12-01 07:57:57.703 1508 1637 W WindowManager: updateScale0.7996942
12-01 07:57:57.718 1508 1637 D FreeFormWindowHelper: refreshTipWindow windowDragBounds:Rect(1791, 45 - 2314, 973)
12-01 07:57:57.719 1508 1637 W WindowManager: updateScale0.7996942
12-01 07:57:57.732 1508 1637 D WindowManager: updateWindowDragBounds: mIsSwipeYtrue
12-01 07:57:57.732 1508 1637 D WindowManager: updateWindowDragBounds: mIsTopfalse
12-01 07:57:57.732 1508 1637 D WindowManager: updateWindowDragBounds: mIsSwipeXfalse
12-01 07:57:57.732 1508 1637 W WindowManager: updateScale0.4617737
12-01 07:57:57.734 1508 1637 W WindowManager: updateScale0.4617737
12-01 07:57:57.757 1508 8059 W WindowManager: updateScale0.4617737
12-01 07:57:57.778 1508 8059 I WindowManager: finishDrawing of relaunch: Window{3e6a540 u0 com.android.gallery3d/com.android.gallery3d.app.GalleryActivity} 45ms
12-01 07:57:57.808 1508 6335 W WindowManager: updateScale0.4617737
12-01 07:57:57.809 1508 6335 W WindowManager: updateScale0.4617737
12-01 07:57:58.695 1508 6335 W WindowManager: updateScale0.7996942
12-01 07:57:58.699 1508 6335 W WindowManager: updateScale0.7996942
12-01 07:57:58.736 1508 8059 I WindowManager: finishDrawing of relaunch: Window{3e6a540 u0 com.android.gallery3d/com.android.gallery3d.app.GalleryActivity} 39ms
12-01 07:57:58.784 1508 6928 W WindowManager: updateScale0.7996942
12-01 07:57:58.785 1508 6928 W WindowManager: updateScale0.7996942
12-01 07:58:00.005 1508 6928 W WindowManager: updateScale0.4617737
12-01 07:58:00.008 1508 6928 W WindowManager: updateScale0.4617737
12-01 07:58:00.050 1508 6928 I WindowManager: finishDrawing of relaunch: Window{3e6a540 u0 com.android.gallery3d/com.android.gallery3d.app.GalleryActivity} 44ms
12-01 07:58:00.086 1508 6928 W WindowManager: updateScale0.4617737
12-01 07:58:00.088 1508 6928 W WindowManager: updateScale0.4617737
12-01 07:58:01.046 1508 8059 I ActivityTaskManager: START u0 {act=android.intent.action.MAIN cat=[android.intent.category.HOME] flg=0x10000000 cmp=com.android.launcher3/.uioverrides.QuickstepLauncher} from uid 10076
12-01 07:58:01.062 1508 8059 I ActivityTaskManager: FOREGROUND_APPLICATION_CHANGED to com.android.launcher3.uioverrides.QuickstepLauncher
12-01 07:58:01.063 1508 8059 W WindowManager: updateScale0.4617737
12-01 07:58:01.070 1508 8059 W WindowManager: updateScale0.4617737
12-01 07:58:01.091 1508 6335 W WindowManager: updateScale0.4617737
12-01 07:58:01.582 1508 1636 W WindowManager: updateScale0.4617737
12-01 07:58:01.586 1508 1636 I ActivityTaskManager: FOREGROUND_APPLICATION_CHANGED to com.android.gallery3d.app.GalleryActivity
12-01 07:58:01.906 1508 8059 W WindowManager: updateScale0.7996942
12-01 07:58:01.910 1508 8059 W WindowManager: updateScale0.7996942
12-01 07:58:01.946 1508 6335 I WindowManager: finishDrawing of relaunch: Window{3e6a540 u0 com.android.gallery3d/com.android.gallery3d.app.GalleryActivity} 38ms
12-01 07:58:01.986 1508 2301 W WindowManager: updateScale0.7996942
12-01 07:58:01.988 1508 2301 W WindowManager: updateScale0.7996942
12-01 07:58:02.539 1508 3862 E TaskPersister: File error accessing recents directory (directory doesn't exist?).
12-01 07:58:02.547 1508 2301 I ActivityTaskManager: FOREGROUND_APPLICATION_CHANGED to com.android.launcher3.uioverrides.QuickstepLauncher
12-01 07:58:02.578 22714 22730 W ContextImpl: Calling a method in the system process without a qualified user: android.app.ContextImpl.startService:1816 android.content.ContextWrapper.startService:774 com.thundercomm.gamemode.ingame.services.GameModeActionUtils.startGameModeService:93 com.thundercomm.gamemode.ingame.services.GameModeActionUtils.startGameModeEntry:21 com.thundercomm.gamemode.ingame.services.ActivityMonitoringService$1.onActivityLaunch:127
12-01 07:58:02.587 1508 1508 I GameModeConfig: Current uri is uri = content://com.thundercomm.gamemode.api/gamemode_settings/gamemode_isgaming
12-01 07:58:02.591 1508 1508 I GameModeConfig: isGameModeOn = false
12-01 07:58:02.592 1508 1508 I GameModeConfig: isGameModeOn = false
12-01 07:58:02.592 1508 1508 I GameModeConfig: isDisableVoice = true
12-01 07:58:02.667 22714 22730 W ContextImpl: Calling a method in the system process without a qualified user: android.app.ContextImpl.startService:1816 android.content.ContextWrapper.startService:774 com.thundercomm.gamemode.ingame.services.GameModeActionUtils.startGameModeService:93 com.thundercomm.gamemode.ingame.services.GameModeActionUtils.startGameModeEntry:21 com.thundercomm.gamemode.ingame.services.ActivityMonitoringService$1.onActivityLaunch:127
12-01 07:58:02.673 1508 1508 I GameModeConfig: Current uri is uri = content://com.thundercomm.gamemode.api/gamemode_settings/gamemode_isgaming
12-01 07:58:02.678 1508 1508 I GameModeConfig: isGameModeOn = false
12-01 07:58:02.679 1508 1508 I GameModeConfig: isGameModeOn = false
12-01 07:58:02.679 1508 1508 I GameModeConfig: isDisableVoice = true
12-01 07:58:02.845 1508 1637 D FreeFormWindowHelper: Remove freefrom task=Task{875d641 #235 type=standard A=10064:com.android.gallery3d U=0 visible=false mode=freeform translucent=true sz=0}
12-01 07:58:03.396 1508 2301 W ActivityTaskManager: getTaskSnapshot: taskId=5235 not found
