12-01 07:47:47.577 1508 8013 I ActivityTaskManager: START u0 {act=android.intent.action.MAIN cat=[android.intent.category.HOME] flg=0x10000000 cmp=com.android.launcher3/.uioverrides.QuickstepLauncher} from uid 10076
12-01 07:47:47.585 1508 8013 I ActivityTaskManager: FOREGROUND_APPLICATION_CHANGED to com.android.launcher3.uioverrides.QuickstepLauncher
12-01 07:47:47.586 1508 8013 W WindowManager: updateScale0.7996942
12-01 07:47:47.590 1508 8013 W WindowManager: updateScale0.7996942
12-01 07:47:47.921 1508 8164 W ActivityTaskManager: getTaskSnapshot: taskId=4204 not found
12-01 07:47:47.922 1508 8164 W ActivityTaskManager: getTaskSnapshot: taskId=3204 not found
12-01 07:47:47.922 1508 8164 W ActivityTaskManager: getTaskSnapshot: taskId=2204 not found
12-01 07:47:47.923 1508 8164 W ActivityTaskManager: getTaskSnapshot: taskId=1204 not found
12-01 07:47:48.266 1508 3862 E TaskPersister: File error accessing recents directory (directory doesn't exist?).
12-01 07:47:48.402 22714 22730 W ContextImpl: Calling a method in the system process without a qualified user: android.app.ContextImpl.startService:1816 android.content.ContextWrapper.startService:774 com.thundercomm.gamemode.ingame.services.GameModeActionUtils.startGameModeService:93 com.thundercomm.gamemode.ingame.services.GameModeActionUtils.startGameModeEntry:21 com.thundercomm.gamemode.ingame.services.ActivityMonitoringService$1.onActivityLaunch:127
12-01 07:47:48.411 1508 1508 I GameModeConfig: Current uri is uri = content://com.thundercomm.gamemode.api/gamemode_settings/gamemode_isgaming
12-01 07:47:48.415 1508 1508 I GameModeConfig: isGameModeOn = false
12-01 07:47:48.416 1508 1508 I GameModeConfig: isGameModeOn = false
12-01 07:47:48.416 1508 1508 I GameModeConfig: isDisableVoice = true
12-01 07:47:48.495 22714 22730 W ContextImpl: Calling a method in the system process without a qualified user: android.app.ContextImpl.startService:1816 android.content.ContextWrapper.startService:774 com.thundercomm.gamemode.ingame.services.GameModeActionUtils.startGameModeService:93 com.thundercomm.gamemode.ingame.services.GameModeActionUtils.startGameModeEntry:21 com.thundercomm.gamemode.ingame.services.ActivityMonitoringService$1.onActivityLaunch:127
12-01 07:47:48.501 1508 1508 I GameModeConfig: Current uri is uri = content://com.thundercomm.gamemode.api/gamemode_settings/gamemode_isgaming
12-01 07:47:48.505 1508 1508 I GameModeConfig: isGameModeOn = false
12-01 07:47:48.506 1508 1508 I GameModeConfig: isGameModeOn = false
12-01 07:47:48.506 1508 1508 I GameModeConfig: isDisableVoice = true
12-01 07:47:48.671 1508 1637 D FreeFormWindowHelper: Remove freefrom task=Task{a196d70 #216 type=standard A=10064:com.android.gallery3d U=0 visible=false mode=freeform translucent=true sz=0}
12-01 07:47:48.805 1508 8013 I ActivityTaskManager: START u0 {act=android.intent.action.MAIN cat=[android.intent.category.LAUNCHER] flg=0x10200000 cmp=com.android.gallery3d/.app.GalleryActivity bnds=[2308,140][2494,340]} from uid 10076
12-01 07:47:48.811 1508 8013 W ActivityTaskManager: Can't find TaskDisplayArea to determine support for multi window. Task id=217 attached=false
12-01 07:47:48.831 1508 8164 I ActivityTaskManager: FOREGROUND_APPLICATION_CHANGED to com.android.gallery3d.app.GalleryActivity
12-01 07:47:48.833 1508 8164 I ActivityTaskManager: The Process com.android.gallery3d Already Exists in BG. So sending its PID: 22978
12-01 07:47:48.833 1508 8164 W ActivityTaskManager: Tried to set launchTime (0) < mLastActivityLaunchTime (14085440)
12-01 07:47:48.869 22714 22730 W ContextImpl: Calling a method in the system process without a qualified user: android.app.ContextImpl.startService:1816 android.content.ContextWrapper.startService:774 com.thundercomm.gamemode.ingame.services.GameModeActionUtils.startGameModeService:93 com.thundercomm.gamemode.ingame.services.GameModeActionUtils.startGameModeEntry:21 com.thundercomm.gamemode.ingame.services.ActivityMonitoringService$1.onActivityLaunch:127
12-01 07:47:48.874 1508 9618 W WindowManager: Failed looking up window session=Session{93be62b 22978:u0a10064} callers=com.android.server.wm.WindowManagerService.windowForClientLocked:5628 com.android.server.wm.Session.insetsModified:629 android.view.IWindowSession$Stub.onTransact:1151
12-01 07:47:48.876 1508 1508 I GameModeConfig: Current uri is uri = content://com.thundercomm.gamemode.api/gamemode_settings/gamemode_isgaming
12-01 07:47:48.878 1508 1508 I GameModeConfig: isGameModeOn = false
12-01 07:47:48.878 1508 1508 I GameModeConfig: isGameModeOn = false
12-01 07:47:48.878 1508 1508 I GameModeConfig: isDisableVoice = true
12-01 07:47:48.894 1508 2321 I GameModeConfig: isGameModeOn = false
12-01 07:47:48.895 1508 2321 I GameModeConfig: isGameModeOn = false
12-01 07:47:48.895 1508 2321 I GameModeConfig: isGameModeOn = false
12-01 07:47:48.895 1508 2321 I GameModeConfig: isGameModeOn = false
12-01 07:47:48.895 1508 2321 I GameModeConfig: isGameModeOn = false
12-01 07:47:48.945 22714 22730 W ContextImpl: Calling a method in the system process without a qualified user: android.app.ContextImpl.startService:1816 android.content.ContextWrapper.startService:774 com.thundercomm.gamemode.ingame.services.GameModeActionUtils.startGameModeService:93 com.thundercomm.gamemode.ingame.services.GameModeActionUtils.startGameModeEntry:21 com.thundercomm.gamemode.ingame.services.ActivityMonitoringService$1.onActivityLaunch:127
12-01 07:47:48.949 1508 1508 I GameModeConfig: Current uri is uri = content://com.thundercomm.gamemode.api/gamemode_settings/gamemode_isgaming
12-01 07:47:48.951 1508 1508 I GameModeConfig: isGameModeOn = false
12-01 07:47:48.951 1508 1508 I GameModeConfig: isGameModeOn = false
12-01 07:47:48.951 1508 1508 I GameModeConfig: isDisableVoice = true
12-01 07:47:49.100 1508 1508 I GameModeConfig: isGameModeOn = false
12-01 07:47:49.449 1508 6408 W ContextImpl: Calling a method in the system process without a qualified user: android.app.ContextImpl.startActivity:1067 com.android.server.wm.FreeFormWindowHelper.exitRecentTasks:426 com.android.server.wm.ActivityTaskManagerService.exitRecentTasks:3795 android.app.IActivityTaskManager$Stub.onTransact:2307 com.android.server.wm.ActivityTaskManagerService.onTransact:5046
12-01 07:47:49.451 1508 6408 I ActivityTaskManager: START u0 {act=android.intent.action.MAIN cat=[android.intent.category.LAUNCHER] flg=0x10200000 cmp=com.android.gallery3d/.app.GalleryActivity} from uid 1000
12-01 07:47:49.460 1508 6408 D FreeFormWindowHelper: Add freeform task=Task{e8d4497 #217 type=standard A=10064:com.android.gallery3d U=0 visible=true mode=freeform translucent=false sz=1}
12-01 07:47:49.462 1508 6408 I ActivityTaskManager: FOREGROUND_APPLICATION_CHANGED to com.android.launcher3.uioverrides.QuickstepLauncher
12-01 07:47:49.464 1508 6408 I ActivityTaskManager: FOREGROUND_APPLICATION_CHANGED to com.android.gallery3d.app.GalleryActivity
12-01 07:47:49.466 1508 6408 W WindowManager: updateScale0.7996942
12-01 07:47:49.472 1508 6408 W WindowManager: updateScale0.7996942
12-01 07:47:49.477 1508 1636 W WindowManager: updateScale0.7996942
12-01 07:47:49.478 1508 7139 W WindowManager: updateScale0.7996942
12-01 07:47:49.491 1508 1637 W WindowManager: updateScale0.7996942
12-01 07:47:49.493 1508 1637 W WindowManager: updateScale0.7996942
12-01 07:47:49.506 1508 8164 W WindowManager: updateScale0.7996942
12-01 07:47:49.518 1508 9618 I ActivityTaskManager: Activity reported stop, but no longer stopping: ActivityRecord{6256427 u0 com.android.launcher3/.uioverrides.QuickstepLauncher t10} RESUMED
12-01 07:47:49.524 1508 9618 W WindowManager: updateScale0.7996942
12-01 07:47:49.544 1508 1637 W WindowManager: updateScale0.7996942
12-01 07:47:49.548 1508 1637 W WindowManager: updateScale0.7996942
12-01 07:47:49.925 1508 1637 W WindowManager: updateScale0.7996942
12-01 07:47:52.185 1508 3862 E TaskPersister: File error accessing recents directory (directory doesn't exist?).
12-01 07:47:56.400 1508 2321 I GameModeConfig: isGameModeOn = false
12-01 07:47:58.907 1508 2321 I GameModeConfig: isGameModeOn = false
12-01 07:47:59.102 1508 2321 I GameModeConfig: isGameModeOn = false
12-01 07:48:11.326 1508 1508 I GameModeConfig: isGameModeOn = false
12-01 07:48:21.642 1508 6408 I ActivityTaskManager: START u0 {act=android.intent.action.MAIN cat=[android.intent.category.HOME] flg=0x10000000 cmp=com.android.launcher3/.uioverrides.QuickstepLauncher} from uid 10076
12-01 07:48:21.653 1508 6408 I ActivityTaskManager: FOREGROUND_APPLICATION_CHANGED to com.android.launcher3.uioverrides.QuickstepLauncher
12-01 07:48:21.654 1508 6408 W WindowManager: updateScale0.7996942
12-01 07:48:21.658 1508 6408 W WindowManager: updateScale0.7996942
12-01 07:48:22.211 1508 1636 W WindowManager: updateScale0.7996942
12-01 07:48:22.214 1508 1636 I ActivityTaskManager: FOREGROUND_APPLICATION_CHANGED to com.android.gallery3d.app.GalleryActivity
12-01 07:48:22.326 1508 9618 W ActivityTaskManager: getTaskSnapshot: taskId=4204 not found
12-01 07:48:22.326 1508 9618 W ActivityTaskManager: getTaskSnapshot: taskId=3204 not found
12-01 07:48:22.327 1508 9618 W ActivityTaskManager: getTaskSnapshot: taskId=2204 not found
12-01 07:48:22.327 1508 9618 W ActivityTaskManager: getTaskSnapshot: taskId=1204 not found
12-01 07:48:23.007 1508 9618 I ActivityTaskManager: FOREGROUND_APPLICATION_CHANGED to com.android.launcher3.uioverrides.QuickstepLauncher
12-01 07:48:23.033 22714 22730 W ContextImpl: Calling a method in the system process without a qualified user: android.app.ContextImpl.startService:1816 android.content.ContextWrapper.startService:774 com.thundercomm.gamemode.ingame.services.GameModeActionUtils.startGameModeService:93 com.thundercomm.gamemode.ingame.services.GameModeActionUtils.startGameModeEntry:21 com.thundercomm.gamemode.ingame.services.ActivityMonitoringService$1.onActivityLaunch:127
12-01 07:48:23.042 1508 1508 I GameModeConfig: Current uri is uri = content://com.thundercomm.gamemode.api/gamemode_settings/gamemode_isgaming
12-01 07:48:23.054 1508 1508 I GameModeConfig: isGameModeOn = false
12-01 07:48:23.054 1508 1508 I GameModeConfig: isGameModeOn = false
12-01 07:48:23.054 1508 1508 I GameModeConfig: isDisableVoice = true
12-01 07:48:23.121 22714 22730 W ContextImpl: Calling a method in the system process without a qualified user: android.app.ContextImpl.startService:1816 android.content.ContextWrapper.startService:774 com.thundercomm.gamemode.ingame.services.GameModeActionUtils.startGameModeService:93 com.thundercomm.gamemode.ingame.services.GameModeActionUtils.startGameModeEntry:21 com.thundercomm.gamemode.ingame.services.ActivityMonitoringService$1.onActivityLaunch:127
12-01 07:48:23.125 1508 1508 I GameModeConfig: Current uri is uri = content://com.thundercomm.gamemode.api/gamemode_settings/gamemode_isgaming
12-01 07:48:23.128 1508 1508 I GameModeConfig: isGameModeOn = false
12-01 07:48:23.128 1508 1508 I GameModeConfig: isGameModeOn = false
12-01 07:48:23.128 1508 1508 I GameModeConfig: isDisableVoice = true
12-01 07:48:23.304 1508 1637 D FreeFormWindowHelper: Remove freefrom task=Task{e8d4497 #217 type=standard A=10064:com.android.gallery3d U=0 visible=false mode=freeform translucent=true sz=0}
12-01 07:48:24.471 1508 8164 W ActivityTaskManager: Request to remove task ignored for non-existent task 204
12-01 07:48:24.472 1508 8164 W ActivityTaskManager: Request to remove task ignored for non-existent task 214
12-01 07:48:24.472 1508 8164 W ActivityTaskManager: Request to remove task ignored for non-existent task 217
12-01 07:48:24.477 1508 8164 W ActivityTaskManager: removeTask: No task remove with id=217
12-01 07:48:27.813 1508 3862 E TaskPersister: File error accessing recents directory (directory doesn't exist?).
12-01 07:48:32.962 1508 1636 W ActivityTaskManager: Launch timeout has expired, giving up wake lock!
12-01 07:48:33.751 1508 7139 I ActivityTaskManager: START u0 {flg=0x10008000 cmp=com.android.gallery3d/.app.GalleryActivity} from uid 10076
12-01 07:48:33.759 1508 7139 W ActivityTaskManager: Can't find TaskDisplayArea to determine support for multi window. Task id=218 attached=false
12-01 07:48:33.761 1508 7139 D FreeFormWindowHelper: Add freeform task=Task{b1b7041 #218 type=standard ?? U=0 visible=false mode=freeform translucent=true sz=0}
12-01 07:48:33.766 1508 7139 I ActivityTaskManager: FOREGROUND_APPLICATION_CHANGED to com.android.gallery3d.app.GalleryActivity
12-01 07:48:33.766 1508 7139 I ActivityTaskManager: The Process com.android.gallery3d Already Exists in BG. So sending its PID: 22978
12-01 07:48:33.767 1508 7139 W ActivityTaskManager: Tried to set launchTime (0) < mLastActivityLaunchTime (14087415)
12-01 07:48:33.797 22714 22730 W ContextImpl: Calling a method in the system process without a qualified user: android.app.ContextImpl.startService:1816 android.content.ContextWrapper.startService:774 com.thundercomm.gamemode.ingame.services.GameModeActionUtils.startGameModeService:93 com.thundercomm.gamemode.ingame.services.GameModeActionUtils.startGameModeEntry:21 com.thundercomm.gamemode.ingame.services.ActivityMonitoringService$1.onActivityLaunch:127
12-01 07:48:33.802 1508 1508 I GameModeConfig: Current uri is uri = content://com.thundercomm.gamemode.api/gamemode_settings/gamemode_isgaming
12-01 07:48:33.808 1508 1508 I GameModeConfig: isGameModeOn = false
12-01 07:48:33.808 1508 1508 I GameModeConfig: isGameModeOn = false
12-01 07:48:33.808 1508 1508 I GameModeConfig: isDisableVoice = true
12-01 07:48:33.830 1508 8013 W WindowManager: updateScale0.7996942
12-01 07:48:33.897 1508 1637 W WindowManager: updateScale0.7996942
12-01 07:48:33.902 1508 1637 W WindowManager: updateScale0.7996942
12-01 07:48:33.904 1508 1637 W WindowManager: updateScale0.7996942
12-01 07:48:34.182 1508 1637 W WindowManager: updateScale0.7996942
12-01 07:48:35.497 1508 8013 I ActivityTaskManager: START u0 {act=android.intent.action.MAIN cat=[android.intent.category.HOME] flg=0x10000000 cmp=com.android.launcher3/.uioverrides.QuickstepLauncher} from uid 10076
12-01 07:48:35.507 1508 8013 I ActivityTaskManager: FOREGROUND_APPLICATION_CHANGED to com.android.launcher3.uioverrides.QuickstepLauncher
12-01 07:48:35.508 1508 8013 W WindowManager: updateScale0.7996942
12-01 07:48:35.513 1508 8013 W WindowManager: updateScale0.7996942
12-01 07:48:35.541 1508 7139 W WindowManager: updateScale0.7996942
12-01 07:48:36.767 22714 22730 W ContextImpl: Calling a method in the system process without a qualified user: android.app.ContextImpl.startService:1816 android.content.ContextWrapper.startService:774 com.thundercomm.gamemode.ingame.services.GameModeActionUtils.startGameModeService:93 com.thundercomm.gamemode.ingame.services.GameModeActionUtils.startGameModeEntry:21 com.thundercomm.gamemode.ingame.services.ActivityMonitoringService$1.onActivityLaunch:127
12-01 07:48:36.773 1508 1508 I GameModeConfig: Current uri is uri = content://com.thundercomm.gamemode.api/gamemode_settings/gamemode_isgaming
12-01 07:48:36.781 1508 3862 E TaskPersister: File error accessing recents directory (directory doesn't exist?).
12-01 07:48:36.783 1508 1508 I GameModeConfig: isGameModeOn = false
12-01 07:48:36.783 1508 1508 I GameModeConfig: isGameModeOn = false
12-01 07:48:36.783 1508 1508 I GameModeConfig: isDisableVoice = true
12-01 07:48:36.869 22714 22730 W ContextImpl: Calling a method in the system process without a qualified user: android.app.ContextImpl.startService:1816 android.content.ContextWrapper.startService:774 com.thundercomm.gamemode.ingame.services.GameModeActionUtils.startGameModeService:93 com.thundercomm.gamemode.ingame.services.GameModeActionUtils.startGameModeEntry:21 com.thundercomm.gamemode.ingame.services.ActivityMonitoringService$1.onActivityLaunch:127
12-01 07:48:36.876 1508 1508 I GameModeConfig: Current uri is uri = content://com.thundercomm.gamemode.api/gamemode_settings/gamemode_isgaming
12-01 07:48:36.879 1508 1508 I GameModeConfig: isGameModeOn = false
12-01 07:48:36.880 1508 1508 I GameModeConfig: isGameModeOn = false
12-01 07:48:36.880 1508 1508 I GameModeConfig: isDisableVoice = true
12-01 07:48:37.054 1508 1637 D FreeFormWindowHelper: Remove freefrom task=Task{b1b7041 #218 type=standard A=10064:com.android.gallery3d U=0 visible=false mode=freeform translucent=true sz=0}
12-01 07:48:37.335 1508 7139 I ActivityTaskManager: START u0 {act=android.intent.action.MAIN cat=[android.intent.category.LAUNCHER] flg=0x10200000 cmp=com.android.gallery3d/.app.GalleryActivity bnds=[2308,140][2494,340]} from uid 10076
12-01 07:48:37.342 1508 7139 W ActivityTaskManager: Can't find TaskDisplayArea to determine support for multi window. Task id=219 attached=false
12-01 07:48:37.369 1508 9618 I ActivityTaskManager: FOREGROUND_APPLICATION_CHANGED to com.android.gallery3d.app.GalleryActivity
12-01 07:48:37.370 1508 9618 I ActivityTaskManager: The Process com.android.gallery3d Already Exists in BG. So sending its PID: 22978
12-01 07:48:37.371 1508 9618 W ActivityTaskManager: Tried to set launchTime (0) < mLastActivityLaunchTime (14132348)
12-01 07:48:37.402 22714 22730 W ContextImpl: Calling a method in the system process without a qualified user: android.app.ContextImpl.startService:1816 android.content.ContextWrapper.startService:774 com.thundercomm.gamemode.ingame.services.GameModeActionUtils.startGameModeService:93 com.thundercomm.gamemode.ingame.services.GameModeActionUtils.startGameModeEntry:21 com.thundercomm.gamemode.ingame.services.ActivityMonitoringService$1.onActivityLaunch:127
12-01 07:48:37.411 1508 1508 I GameModeConfig: Current uri is uri = content://com.thundercomm.gamemode.api/gamemode_settings/gamemode_isgaming
12-01 07:48:37.413 1508 9618 W WindowManager: Failed looking up window session=Session{93be62b 22978:u0a10064} callers=com.android.server.wm.WindowManagerService.windowForClientLocked:5628 com.android.server.wm.Session.insetsModified:629 android.view.IWindowSession$Stub.onTransact:1151
12-01 07:48:37.413 1508 1508 I GameModeConfig: isGameModeOn = false
12-01 07:48:37.414 1508 1508 I GameModeConfig: isGameModeOn = false
12-01 07:48:37.414 1508 1508 I GameModeConfig: isDisableVoice = true
12-01 07:48:37.430 1508 2321 I GameModeConfig: isGameModeOn = false
12-01 07:48:37.430 1508 2321 I GameModeConfig: isGameModeOn = false
12-01 07:48:37.430 1508 2321 I GameModeConfig: isGameModeOn = false
12-01 07:48:37.430 1508 2321 I GameModeConfig: isGameModeOn = false
12-01 07:48:37.431 1508 2321 I GameModeConfig: isGameModeOn = false
12-01 07:48:37.485 22714 22730 W ContextImpl: Calling a method in the system process without a qualified user: android.app.ContextImpl.startService:1816 android.content.ContextWrapper.startService:774 com.thundercomm.gamemode.ingame.services.GameModeActionUtils.startGameModeService:93 com.thundercomm.gamemode.ingame.services.GameModeActionUtils.startGameModeEntry:21 com.thundercomm.gamemode.ingame.services.ActivityMonitoringService$1.onActivityLaunch:127
12-01 07:48:37.491 1508 1508 I GameModeConfig: Current uri is uri = content://com.thundercomm.gamemode.api/gamemode_settings/gamemode_isgaming
12-01 07:48:37.494 1508 1508 I GameModeConfig: isGameModeOn = false
12-01 07:48:37.494 1508 1508 I GameModeConfig: isGameModeOn = false
12-01 07:48:37.494 1508 1508 I GameModeConfig: isDisableVoice = true
12-01 07:48:37.635 1508 1508 I GameModeConfig: isGameModeOn = false
12-01 07:48:38.015 1508 6408 W ContextImpl: Calling a method in the system process without a qualified user: android.app.ContextImpl.startActivity:1067 com.android.server.wm.FreeFormWindowHelper.exitRecentTasks:426 com.android.server.wm.ActivityTaskManagerService.exitRecentTasks:3795 android.app.IActivityTaskManager$Stub.onTransact:2307 com.android.server.wm.ActivityTaskManagerService.onTransact:5046
12-01 07:48:38.016 1508 6408 I ActivityTaskManager: START u0 {flg=0x10008000 cmp=com.android.gallery3d/.app.GalleryActivity} from uid 1000
12-01 07:48:38.047 1508 6408 D FreeFormWindowHelper: Add freeform task=Task{3da0d32 #219 type=standard A=10064:com.android.gallery3d U=0 visible=true mode=freeform translucent=false sz=1}
12-01 07:48:38.049 1508 6408 I ActivityTaskManager: FOREGROUND_APPLICATION_CHANGED to com.android.launcher3.uioverrides.QuickstepLauncher
12-01 07:48:38.057 1508 6408 I ActivityTaskManager: FOREGROUND_APPLICATION_CHANGED to com.android.gallery3d.app.GalleryActivity
12-01 07:48:38.106 1508 9618 I ActivityTaskManager: The Process com.android.gallery3d Already Exists in BG. So sending its PID: 22978
12-01 07:48:38.106 1508 9618 W ActivityTaskManager: Tried to set launchTime (0) < mLastActivityLaunchTime (14135953)
12-01 07:48:38.124 1508 8013 D WindowManager: relayoutVisibleWindow: Window{9ddf785 u0 com.android.launcher3/com.android.launcher3.uioverrides.QuickstepLauncher EXITING} mAnimatingExit=true, mRemoveOnExit=false, mDestroying=false
12-01 07:48:38.124 1508 9618 I ActivityTaskManager: Activity reported stop, but no longer stopping: ActivityRecord{6256427 u0 com.android.launcher3/.uioverrides.QuickstepLauncher t10} RESUMED
12-01 07:48:38.143 1508 8013 W WindowManager: updateScale0.7996942
12-01 07:48:38.173 1508 1637 W WindowManager: updateScale0.7996942
12-01 07:48:38.177 1508 1637 W WindowManager: updateScale0.7996942
12-01 07:48:38.219 22714 22730 W ContextImpl: Calling a method in the system process without a qualified user: android.app.ContextImpl.startService:1816 android.content.ContextWrapper.startService:774 com.thundercomm.gamemode.ingame.services.GameModeActionUtils.startGameModeService:93 com.thundercomm.gamemode.ingame.services.GameModeActionUtils.startGameModeEntry:21 com.thundercomm.gamemode.ingame.services.ActivityMonitoringService$1.onActivityLaunch:127
12-01 07:48:38.222 1508 1508 I GameModeConfig: Current uri is uri = content://com.thundercomm.gamemode.api/gamemode_settings/gamemode_isgaming
12-01 07:48:38.230 1508 1508 I GameModeConfig: isGameModeOn = false
12-01 07:48:38.231 1508 1508 I GameModeConfig: isGameModeOn = false
12-01 07:48:38.231 1508 1508 I GameModeConfig: isDisableVoice = true
12-01 07:48:38.528 1508 1637 W WindowManager: updateScale0.7996942
12-01 07:48:38.543 1508 8013 W WindowManager: updateScale0.7996942
12-01 07:48:38.550 1508 8013 W WindowManager: updateScale0.7996942
12-01 07:48:40.122 1508 6408 I ActivityTaskManager: START u0 {act=android.intent.action.MAIN cat=[android.intent.category.HOME] flg=0x10000000 cmp=com.android.launcher3/.uioverrides.QuickstepLauncher} from uid 10076
12-01 07:48:40.135 1508 6408 I ActivityTaskManager: FOREGROUND_APPLICATION_CHANGED to com.android.launcher3.uioverrides.QuickstepLauncher
12-01 07:48:40.135 1508 6408 W WindowManager: updateScale0.7996942
12-01 07:48:40.139 1508 6408 W WindowManager: updateScale0.7996942
12-01 07:48:40.570 1508 3862 E TaskPersister: File error accessing recents directory (directory doesn't exist?).
12-01 07:48:41.438 1508 1508 I GameModeConfig: isGameModeOn = false
12-01 07:48:41.630 22714 22730 W ContextImpl: Calling a method in the system process without a qualified user: android.app.ContextImpl.startService:1816 android.content.ContextWrapper.startService:774 com.thundercomm.gamemode.ingame.services.GameModeActionUtils.startGameModeService:93 com.thundercomm.gamemode.ingame.services.GameModeActionUtils.startGameModeEntry:21 com.thundercomm.gamemode.ingame.services.ActivityMonitoringService$1.onActivityLaunch:127
12-01 07:48:41.637 1508 1508 I GameModeConfig: Current uri is uri = content://com.thundercomm.gamemode.api/gamemode_settings/gamemode_isgaming
12-01 07:48:41.639 1508 1508 I GameModeConfig: isGameModeOn = false
12-01 07:48:41.640 1508 1508 I GameModeConfig: isGameModeOn = false
12-01 07:48:41.640 1508 1508 I GameModeConfig: isDisableVoice = true
12-01 07:48:41.717 22714 22730 W ContextImpl: Calling a method in the system process without a qualified user: android.app.ContextImpl.startService:1816 android.content.ContextWrapper.startService:774 com.thundercomm.gamemode.ingame.services.GameModeActionUtils.startGameModeService:93 com.thundercomm.gamemode.ingame.services.GameModeActionUtils.startGameModeEntry:21 com.thundercomm.gamemode.ingame.services.ActivityMonitoringService$1.onActivityLaunch:127
12-01 07:48:41.721 1508 1508 I GameModeConfig: Current uri is uri = content://com.thundercomm.gamemode.api/gamemode_settings/gamemode_isgaming
12-01 07:48:41.723 1508 1508 I GameModeConfig: isGameModeOn = false
12-01 07:48:41.724 1508 1508 I GameModeConfig: isGameModeOn = false
12-01 07:48:41.724 1508 1508 I GameModeConfig: isDisableVoice = true
12-01 07:48:41.898 1508 1637 D FreeFormWindowHelper: Remove freefrom task=Task{3da0d32 #219 type=standard A=10064:com.android.gallery3d U=0 visible=false mode=freeform translucent=true sz=0}
12-01 07:48:42.565 1508 8164 I ActivityTaskManager: START u0 {act=android.intent.action.MAIN cat=[android.intent.category.LAUNCHER] flg=0x10200000 cmp=com.android.gallery3d/.app.GalleryActivity bnds=[2308,140][2494,340]} from uid 10076
12-01 07:48:42.578 1508 8164 W ActivityTaskManager: Can't find TaskDisplayArea to determine support for multi window. Task id=220 attached=false
12-01 07:48:42.611 1508 9618 I ActivityTaskManager: FOREGROUND_APPLICATION_CHANGED to com.android.gallery3d.app.GalleryActivity
12-01 07:48:42.611 1508 9618 I ActivityTaskManager: The Process com.android.gallery3d Already Exists in BG. So sending its PID: 22978
12-01 07:48:42.611 1508 9618 W ActivityTaskManager: Tried to set launchTime (0) < mLastActivityLaunchTime (14136688)
12-01 07:48:42.636 22714 22730 W ContextImpl: Calling a method in the system process without a qualified user: android.app.ContextImpl.startService:1816 android.content.ContextWrapper.startService:774 com.thundercomm.gamemode.ingame.services.GameModeActionUtils.startGameModeService:93 com.thundercomm.gamemode.ingame.services.GameModeActionUtils.startGameModeEntry:21 com.thundercomm.gamemode.ingame.services.ActivityMonitoringService$1.onActivityLaunch:127
12-01 07:48:42.641 1508 1508 I GameModeConfig: Current uri is uri = content://com.thundercomm.gamemode.api/gamemode_settings/gamemode_isgaming
12-01 07:48:42.643 1508 1508 I GameModeConfig: isGameModeOn = false
12-01 07:48:42.643 1508 1508 I GameModeConfig: isGameModeOn = false
12-01 07:48:42.643 1508 1508 I GameModeConfig: isDisableVoice = true
12-01 07:48:42.693 1508 2321 I GameModeConfig: isGameModeOn = false
12-01 07:48:42.694 1508 2321 I GameModeConfig: isGameModeOn = false
12-01 07:48:42.694 1508 2321 I GameModeConfig: isGameModeOn = false
12-01 07:48:42.695 1508 2321 I GameModeConfig: isGameModeOn = false
12-01 07:48:42.696 1508 2321 I GameModeConfig: isGameModeOn = false
12-01 07:48:42.726 22714 22730 W ContextImpl: Calling a method in the system process without a qualified user: android.app.ContextImpl.startService:1816 android.content.ContextWrapper.startService:774 com.thundercomm.gamemode.ingame.services.GameModeActionUtils.startGameModeService:93 com.thundercomm.gamemode.ingame.services.GameModeActionUtils.startGameModeEntry:21 com.thundercomm.gamemode.ingame.services.ActivityMonitoringService$1.onActivityLaunch:127
12-01 07:48:42.738 1508 1508 I GameModeConfig: Current uri is uri = content://com.thundercomm.gamemode.api/gamemode_settings/gamemode_isgaming
12-01 07:48:42.739 1508 1508 I GameModeConfig: isGameModeOn = false
12-01 07:48:42.740 1508 1508 I GameModeConfig: isGameModeOn = false
12-01 07:48:42.740 1508 1508 I GameModeConfig: isDisableVoice = true
12-01 07:48:42.901 1508 1508 I GameModeConfig: isGameModeOn = false
12-01 07:48:43.232 1508 8013 W ContextImpl: Calling a method in the system process without a qualified user: android.app.ContextImpl.startActivity:1067 com.android.server.wm.FreeFormWindowHelper.exitRecentTasks:426 com.android.server.wm.ActivityTaskManagerService.exitRecentTasks:3795 android.app.IActivityTaskManager$Stub.onTransact:2307 com.android.server.wm.ActivityTaskManagerService.onTransact:5046
12-01 07:48:43.234 1508 8013 I ActivityTaskManager: START u0 {act=android.intent.action.MAIN cat=[android.intent.category.LAUNCHER] flg=0x10200000 cmp=com.android.gallery3d/.app.GalleryActivity} from uid 1000
12-01 07:48:43.255 1508 8013 D FreeFormWindowHelper: Add freeform task=Task{b5a1226 #220 type=standard A=10064:com.android.gallery3d U=0 visible=true mode=freeform translucent=false sz=1}
12-01 07:48:43.257 1508 8013 I ActivityTaskManager: FOREGROUND_APPLICATION_CHANGED to com.android.launcher3.uioverrides.QuickstepLauncher
12-01 07:48:43.259 1508 8013 I ActivityTaskManager: FOREGROUND_APPLICATION_CHANGED to com.android.gallery3d.app.GalleryActivity
12-01 07:48:43.262 1508 8013 W WindowManager: updateScale0.7996942
12-01 07:48:43.267 1508 8013 W WindowManager: updateScale0.7996942
12-01 07:48:43.270 1508 1636 W WindowManager: updateScale0.7996942
12-01 07:48:43.278 1508 7139 W WindowManager: updateScale0.7996942
12-01 07:48:43.287 1508 8013 W WindowManager: updateScale0.7996942
12-01 07:48:43.289 1508 8164 W WindowManager: updateScale0.7996942
12-01 07:48:43.296 1508 8013 I ActivityTaskManager: Activity reported stop, but no longer stopping: ActivityRecord{6256427 u0 com.android.launcher3/.uioverrides.QuickstepLauncher t10} RESUMED
12-01 07:48:43.297 1508 8013 W WindowManager: updateScale0.7996942
12-01 07:48:43.298 1508 8013 D WindowManager: relayoutVisibleWindow: Window{9ddf785 u0 com.android.launcher3/com.android.launcher3.uioverrides.QuickstepLauncher EXITING} mAnimatingExit=true, mRemoveOnExit=false, mDestroying=false
12-01 07:48:43.314 1508 1637 W WindowManager: updateScale0.7996942
12-01 07:48:43.317 1508 1637 W WindowManager: updateScale0.7996942
12-01 07:48:43.321 1508 1637 W WindowManager: updateScale0.7996942
12-01 07:48:43.335 1508 1637 W WindowManager: updateScale0.7996942
12-01 07:48:43.688 1508 1637 W WindowManager: updateScale0.7996942
12-01 07:48:45.414 1508 3862 E TaskPersister: File error accessing recents directory (directory doesn't exist?).
12-01 07:48:47.659 1508 2321 I GameModeConfig: isGameModeOn = false
12-01 07:48:52.697 1508 2321 I GameModeConfig: isGameModeOn = false
12-01 07:48:52.901 1508 2321 I GameModeConfig: isGameModeOn = false
12-01 07:49:11.572 1508 1508 I GameModeConfig: isGameModeOn = false
12-01 07:49:35.487 1508 1666 V DisplayPowerController[0]: Brightness [0.05] reason changing to: 'manual [ dim ]', previous reason: 'manual'.
12-01 07:49:35.489 1508 1666 W PowerManagerService: Screen on took 133013 ms
12-01 07:49:35.501 1508 2356 E DisplayDeviceConfig: requesting nits when no mapping exists.
12-01 07:49:35.503 1508 2356 E DisplayDeviceConfig: requesting nits when no mapping exists.
12-01 07:49:35.505 1508 1648 I DropBoxManagerService: add tag=system_server_wtf isTagEnabled=true flags=0x2
12-01 07:49:35.508 1508 1648 I DropBoxManagerService: add tag=system_server_wtf isTagEnabled=true flags=0x2
12-01 07:49:35.518 1508 2356 E DisplayDeviceConfig: requesting nits when no mapping exists.
12-01 07:49:35.518 1508 2356 E DisplayDeviceConfig: requesting nits when no mapping exists.
12-01 07:49:35.519 1508 1648 I DropBoxManagerService: add tag=system_server_wtf isTagEnabled=true flags=0x2
12-01 07:49:35.521 1508 1648 I DropBoxManagerService: add tag=system_server_wtf isTagEnabled=true flags=0x2
12-01 07:49:35.525 1508 2356 E DisplayDeviceConfig: requesting nits when no mapping exists.
12-01 07:49:35.526 1508 2356 E DisplayDeviceConfig: requesting nits when no mapping exists.
12-01 07:49:35.527 1508 1648 I DropBoxManagerService: add tag=system_server_wtf isTagEnabled=true flags=0x2
12-01 07:49:35.541 1508 2356 E DisplayDeviceConfig: requesting nits when no mapping exists.
12-01 07:49:35.542 1508 2356 E DisplayDeviceConfig: requesting nits when no mapping exists.
12-01 07:49:35.558 1508 2356 E DisplayDeviceConfig: requesting nits when no mapping exists.
12-01 07:49:35.558 1508 2356 E DisplayDeviceConfig: requesting nits when no mapping exists.
12-01 07:49:35.576 1508 2356 E DisplayDeviceConfig: requesting nits when no mapping exists.
12-01 07:49:35.577 1508 2356 E DisplayDeviceConfig: requesting nits when no mapping exists.
12-01 07:49:35.591 1508 2356 E DisplayDeviceConfig: requesting nits when no mapping exists.
12-01 07:49:35.591 1508 2356 E DisplayDeviceConfig: requesting nits when no mapping exists.
12-01 07:49:35.608 1508 2356 E DisplayDeviceConfig: requesting nits when no mapping exists.
12-01 07:49:35.609 1508 2356 E DisplayDeviceConfig: requesting nits when no mapping exists.
12-01 07:49:35.625 1508 2356 E DisplayDeviceConfig: requesting nits when no mapping exists.
12-01 07:49:35.626 1508 2356 E DisplayDeviceConfig: requesting nits when no mapping exists.
12-01 07:49:35.642 1508 2356 E DisplayDeviceConfig: requesting nits when no mapping exists.
12-01 07:49:35.642 1508 2356 E DisplayDeviceConfig: requesting nits when no mapping exists.
12-01 07:49:35.658 1508 2356 E DisplayDeviceConfig: requesting nits when no mapping exists.
12-01 07:49:35.659 1508 2356 E DisplayDeviceConfig: requesting nits when no mapping exists.
12-01 07:49:35.675 1508 2356 E DisplayDeviceConfig: requesting nits when no mapping exists.
12-01 07:49:35.675 1508 2356 E DisplayDeviceConfig: requesting nits when no mapping exists.
12-01 07:49:35.692 1508 2356 E DisplayDeviceConfig: requesting nits when no mapping exists.
12-01 07:49:35.693 1508 2356 E DisplayDeviceConfig: requesting nits when no mapping exists.
12-01 07:49:35.708 1508 2356 E DisplayDeviceConfig: requesting nits when no mapping exists.
12-01 07:49:35.709 1508 2356 E DisplayDeviceConfig: requesting nits when no mapping exists.
12-01 07:49:35.725 1508 2356 E DisplayDeviceConfig: requesting nits when no mapping exists.
12-01 07:49:35.725 1508 2356 E DisplayDeviceConfig: requesting nits when no mapping exists.
12-01 07:49:35.742 1508 2356 E DisplayDeviceConfig: requesting nits when no mapping exists.
12-01 07:49:35.742 1508 2356 E DisplayDeviceConfig: requesting nits when no mapping exists.
12-01 07:49:35.759 1508 2356 E DisplayDeviceConfig: requesting nits when no mapping exists.
12-01 07:49:35.759 1508 2356 E DisplayDeviceConfig: requesting nits when no mapping exists.
12-01 07:49:35.775 1508 2356 E DisplayDeviceConfig: requesting nits when no mapping exists.
12-01 07:49:35.776 1508 2356 E DisplayDeviceConfig: requesting nits when no mapping exists.
12-01 07:49:35.792 1508 2356 E DisplayDeviceConfig: requesting nits when no mapping exists.
12-01 07:49:35.792 1508 2356 E DisplayDeviceConfig: requesting nits when no mapping exists.
12-01 07:49:35.809 1508 2356 E DisplayDeviceConfig: requesting nits when no mapping exists.
12-01 07:49:35.809 1508 2356 E DisplayDeviceConfig: requesting nits when no mapping exists.
12-01 07:49:35.825 1508 2356 E DisplayDeviceConfig: requesting nits when no mapping exists.
12-01 07:49:35.826 1508 2356 E DisplayDeviceConfig: requesting nits when no mapping exists.
12-01 07:49:35.842 1508 2356 E DisplayDeviceConfig: requesting nits when no mapping exists.
12-01 07:49:35.842 1508 2356 E DisplayDeviceConfig: requesting nits when no mapping exists.
12-01 07:49:35.859 1508 2356 E DisplayDeviceConfig: requesting nits when no mapping exists.
12-01 07:49:35.859 1508 2356 E DisplayDeviceConfig: requesting nits when no mapping exists.
12-01 07:49:35.876 1508 2356 E DisplayDeviceConfig: requesting nits when no mapping exists.
12-01 07:49:35.878 1508 2356 E DisplayDeviceConfig: requesting nits when no mapping exists.
12-01 07:49:35.892 1508 2356 E DisplayDeviceConfig: requesting nits when no mapping exists.
12-01 07:49:35.893 1508 2356 E DisplayDeviceConfig: requesting nits when no mapping exists.
12-01 07:49:35.909 1508 2356 E DisplayDeviceConfig: requesting nits when no mapping exists.
12-01 07:49:35.910 1508 2356 E DisplayDeviceConfig: requesting nits when no mapping exists.
12-01 07:49:35.925 1508 2356 E DisplayDeviceConfig: requesting nits when no mapping exists.
12-01 07:49:35.926 1508 2356 E DisplayDeviceConfig: requesting nits when no mapping exists.
12-01 07:49:35.942 1508 2356 E DisplayDeviceConfig: requesting nits when no mapping exists.
12-01 07:49:35.943 1508 2356 E DisplayDeviceConfig: requesting nits when no mapping exists.
12-01 07:49:35.959 1508 2356 E DisplayDeviceConfig: requesting nits when no mapping exists.
12-01 07:49:35.959 1508 2356 E DisplayDeviceConfig: requesting nits when no mapping exists.
12-01 07:49:35.975 1508 2356 E DisplayDeviceConfig: requesting nits when no mapping exists.
12-01 07:49:35.976 1508 2356 E DisplayDeviceConfig: requesting nits when no mapping exists.
12-01 07:49:35.992 1508 2356 E DisplayDeviceConfig: requesting nits when no mapping exists.
12-01 07:49:35.993 1508 2356 E DisplayDeviceConfig: requesting nits when no mapping exists.
12-01 07:49:36.009 1508 2356 E DisplayDeviceConfig: requesting nits when no mapping exists.
12-01 07:49:36.009 1508 2356 E DisplayDeviceConfig: requesting nits when no mapping exists.
12-01 07:49:36.025 1508 2356 E DisplayDeviceConfig: requesting nits when no mapping exists.
12-01 07:49:36.026 1508 2356 E DisplayDeviceConfig: requesting nits when no mapping exists.
12-01 07:49:36.042 1508 2356 E DisplayDeviceConfig: requesting nits when no mapping exists.
12-01 07:49:36.043 1508 2356 E DisplayDeviceConfig: requesting nits when no mapping exists.
12-01 07:49:36.059 1508 2356 E DisplayDeviceConfig: requesting nits when no mapping exists.
12-01 07:49:36.060 1508 2356 E DisplayDeviceConfig: requesting nits when no mapping exists.
12-01 07:49:36.075 1508 2356 E DisplayDeviceConfig: requesting nits when no mapping exists.
12-01 07:49:36.075 1508 2356 E DisplayDeviceConfig: requesting nits when no mapping exists.
12-01 07:49:36.092 1508 2356 E DisplayDeviceConfig: requesting nits when no mapping exists.
12-01 07:49:36.093 1508 2356 E DisplayDeviceConfig: requesting nits when no mapping exists.
12-01 07:49:36.109 1508 2356 E DisplayDeviceConfig: requesting nits when no mapping exists.
12-01 07:49:36.109 1508 2356 E DisplayDeviceConfig: requesting nits when no mapping exists.
12-01 07:49:36.126 1508 2356 E DisplayDeviceConfig: requesting nits when no mapping exists.
12-01 07:49:36.126 1508 2356 E DisplayDeviceConfig: requesting nits when no mapping exists.
12-01 07:49:36.143 1508 2356 E DisplayDeviceConfig: requesting nits when no mapping exists.
12-01 07:49:36.143 1508 2356 E DisplayDeviceConfig: requesting nits when no mapping exists.
12-01 07:49:36.160 1508 2356 E DisplayDeviceConfig: requesting nits when no mapping exists.
12-01 07:49:36.160 1508 2356 E DisplayDeviceConfig: requesting nits when no mapping exists.
12-01 07:49:36.176 1508 2356 E DisplayDeviceConfig: requesting nits when no mapping exists.
12-01 07:49:36.177 1508 2356 E DisplayDeviceConfig: requesting nits when no mapping exists.
12-01 07:49:36.193 1508 2356 E DisplayDeviceConfig: requesting nits when no mapping exists.
12-01 07:49:36.193 1508 2356 E DisplayDeviceConfig: requesting nits when no mapping exists.
12-01 07:49:36.209 1508 2356 E DisplayDeviceConfig: requesting nits when no mapping exists.
12-01 07:49:36.210 1508 2356 E DisplayDeviceConfig: requesting nits when no mapping exists.
12-01 07:49:36.226 1508 2356 E DisplayDeviceConfig: requesting nits when no mapping exists.
12-01 07:49:36.227 1508 2356 E DisplayDeviceConfig: requesting nits when no mapping exists.
12-01 07:49:36.243 1508 2356 E DisplayDeviceConfig: requesting nits when no mapping exists.
12-01 07:49:36.244 1508 2356 E DisplayDeviceConfig: requesting nits when no mapping exists.
12-01 07:49:36.259 1508 2356 E DisplayDeviceConfig: requesting nits when no mapping exists.
12-01 07:49:36.260 1508 2356 E DisplayDeviceConfig: requesting nits when no mapping exists.
12-01 07:49:36.277 1508 2356 E DisplayDeviceConfig: requesting nits when no mapping exists.
12-01 07:49:36.277 1508 2356 E DisplayDeviceConfig: requesting nits when no mapping exists.
12-01 07:49:36.293 1508 2356 E DisplayDeviceConfig: requesting nits when no mapping exists.
12-01 07:49:36.295 1508 2356 E DisplayDeviceConfig: requesting nits when no mapping exists.
12-01 07:49:36.310 1508 2356 E DisplayDeviceConfig: requesting nits when no mapping exists.
12-01 07:49:36.311 1508 2356 E DisplayDeviceConfig: requesting nits when no mapping exists.
12-01 07:49:36.326 1508 2356 E DisplayDeviceConfig: requesting nits when no mapping exists.
12-01 07:49:36.327 1508 2356 E DisplayDeviceConfig: requesting nits when no mapping exists.
12-01 07:49:36.342 1508 2356 E DisplayDeviceConfig: requesting nits when no mapping exists.
12-01 07:49:36.343 1508 2356 E DisplayDeviceConfig: requesting nits when no mapping exists.
12-01 07:49:36.359 1508 2356 E DisplayDeviceConfig: requesting nits when no mapping exists.
12-01 07:49:36.360 1508 2356 E DisplayDeviceConfig: requesting nits when no mapping exists.
12-01 07:49:36.376 1508 2356 E DisplayDeviceConfig: requesting nits when no mapping exists.
12-01 07:49:36.377 1508 2356 E DisplayDeviceConfig: requesting nits when no mapping exists.
12-01 07:49:36.393 1508 2356 E DisplayDeviceConfig: requesting nits when no mapping exists.
12-01 07:49:36.394 1508 2356 E DisplayDeviceConfig: requesting nits when no mapping exists.
12-01 07:49:36.410 1508 2356 E DisplayDeviceConfig: requesting nits when no mapping exists.
12-01 07:49:36.411 1508 2356 E DisplayDeviceConfig: requesting nits when no mapping exists.
12-01 07:49:36.427 1508 2356 E DisplayDeviceConfig: requesting nits when no mapping exists.
12-01 07:49:36.427 1508 2356 E DisplayDeviceConfig: requesting nits when no mapping exists.
12-01 07:49:36.443 1508 2356 E DisplayDeviceConfig: requesting nits when no mapping exists.
12-01 07:49:36.444 1508 2356 E DisplayDeviceConfig: requesting nits when no mapping exists.
12-01 07:49:42.481 1508 1666 I PowerManagerService: Napping display group (groupId=0, uid=1000)...
12-01 07:49:42.481 1508 1666 I PowerManagerService: Nap time (uid 1000)...
12-01 07:49:42.484 1508 1666 I DreamManagerService: Entering dreamland.
12-01 07:49:42.489 1508 1666 I PowerManagerService: Dreaming...
12-01 07:49:42.492 1508 1633 I DreamController: Starting dream: name=ComponentInfo{com.thundercomm.screensaver/com.thundercomm.saverclock.service.ClockScreensaver}, isTest=false, canDoze=false, userId=0
12-01 07:49:42.507 1508 7139 I ActivityTaskManager: START u0 {flg=0x10000000 pkg=com.thundercomm.screensaver cmp=com.thundercomm.screensaver/android.service.dreams.DreamActivity (has extras)} from uid 10042
12-01 07:49:42.516 1508 7139 W ActivityTaskManager: Can't find TaskDisplayArea to determine support for multi window. Task id=221 attached=false
12-01 07:49:42.523 1508 7139 W WindowManager: updateScale0.7996942
12-01 07:49:42.527 1508 2321 I GameModeConfig: isGameModeOn = false
12-01 07:49:42.527 1508 2321 I GameModeConfig: isGameModeOn = false
12-01 07:49:42.527 1508 2321 I GameModeConfig: isGameModeOn = false
12-01 07:49:42.527 1508 2321 I GameModeConfig: isGameModeOn = false
12-01 07:49:42.527 1508 2321 I GameModeConfig: isGameModeOn = false
12-01 07:49:42.529 1508 8013 I ActivityTaskManager: FOREGROUND_APPLICATION_CHANGED to android.service.dreams.DreamActivity
12-01 07:49:42.529 1508 8013 I ActivityTaskManager: The Process com.thundercomm.screensaver Already Exists in BG. So sending its PID: 19950
12-01 07:49:42.530 1508 8013 W ActivityTaskManager: Tried to set launchTime (0) < mLastActivityLaunchTime (14021052)
12-01 07:49:42.536 1508 8013 W WindowManager: updateScale0.7996942
12-01 07:49:42.551 1508 1636 W WindowManager: updateScale0.7996942
12-01 07:49:42.554 1508 1636 W WindowManager: updateScale0.7996942
12-01 07:49:42.573 22714 22730 W ContextImpl: Calling a method in the system process without a qualified user: android.app.ContextImpl.startService:1816 android.content.ContextWrapper.startService:774 com.thundercomm.gamemode.ingame.services.GameModeActionUtils.startGameModeService:93 com.thundercomm.gamemode.ingame.services.GameModeActionUtils.startGameModeEntry:21 com.thundercomm.gamemode.ingame.services.ActivityMonitoringService$1.onActivityLaunch:127
12-01 07:49:42.577 1508 1508 I GameModeConfig: isGameModeOn = false
12-01 07:49:42.587 1508 6408 W WindowManager: updateScale0.7996942
12-01 07:49:42.587 1508 1508 I GameModeConfig: Current uri is uri = content://com.thundercomm.gamemode.api/gamemode_settings/gamemode_isgaming
12-01 07:49:42.596 1508 1636 W WindowManager: updateScale0.7996942
12-01 07:49:42.597 1508 1508 I GameModeConfig: isGameModeOn = false
12-01 07:49:42.598 1508 1636 W WindowManager: updateScale0.7996942
12-01 07:49:42.598 1508 1508 I GameModeConfig: isGameModeOn = false
12-01 07:49:42.598 1508 1508 I GameModeConfig: isDisableVoice = true
12-01 07:49:42.600 1508 2321 I GameModeConfig: isGameModeOn = false
12-01 07:49:42.601 1508 2321 I GameModeConfig: isGameModeOn = false
12-01 07:49:42.601 1508 2321 I GameModeConfig: isGameModeOn = false
12-01 07:49:42.601 1508 2321 I GameModeConfig: isGameModeOn = false
12-01 07:49:42.601 1508 1636 W WindowManager: updateScale0.7996942
12-01 07:49:42.601 1508 2321 I GameModeConfig: isGameModeOn = false
12-01 07:49:42.603 1508 1636 W WindowManager: updateScale0.7996942
12-01 07:49:42.604 1508 1666 V DisplayPowerController[0]: Brightness [1.0] reason changing to: 'manual', previous reason: 'manual [ dim ]'.
12-01 07:49:42.611 1508 2356 E DisplayDeviceConfig: requesting nits when no mapping exists.
12-01 07:49:42.611 1508 2356 E DisplayDeviceConfig: requesting nits when no mapping exists.
12-01 07:49:42.629 1508 2356 E DisplayDeviceConfig: requesting nits when no mapping exists.
12-01 07:49:42.629 1508 2356 E DisplayDeviceConfig: requesting nits when no mapping exists.
12-01 07:49:42.644 1508 2356 E DisplayDeviceConfig: requesting nits when no mapping exists.
12-01 07:49:42.645 1508 2356 E DisplayDeviceConfig: requesting nits when no mapping exists.
12-01 07:49:42.648 22714 22730 W ContextImpl: Calling a method in the system process without a qualified user: android.app.ContextImpl.startService:1816 android.content.ContextWrapper.startService:774 com.thundercomm.gamemode.ingame.services.GameModeActionUtils.startGameModeService:93 com.thundercomm.gamemode.ingame.services.GameModeActionUtils.startGameModeEntry:21 com.thundercomm.gamemode.ingame.services.ActivityMonitoringService$1.onActivityLaunch:127
12-01 07:49:42.651 1508 1508 I GameModeConfig: Current uri is uri = content://com.thundercomm.gamemode.api/gamemode_settings/gamemode_isgaming
12-01 07:49:42.653 1508 1508 I GameModeConfig: isGameModeOn = false
12-01 07:49:42.654 1508 1508 I GameModeConfig: isGameModeOn = false
12-01 07:49:42.654 1508 1508 I GameModeConfig: isDisableVoice = true
12-01 07:49:42.662 1508 2356 E DisplayDeviceConfig: requesting nits when no mapping exists.
12-01 07:49:42.662 1508 2356 E DisplayDeviceConfig: requesting nits when no mapping exists.
12-01 07:49:42.682 1508 2356 E DisplayDeviceConfig: requesting nits when no mapping exists.
12-01 07:49:42.682 1508 2356 E DisplayDeviceConfig: requesting nits when no mapping exists.
12-01 07:49:42.695 1508 2356 E DisplayDeviceConfig: requesting nits when no mapping exists.
12-01 07:49:42.695 1508 2356 E DisplayDeviceConfig: requesting nits when no mapping exists.
12-01 07:49:42.712 1508 2356 E DisplayDeviceConfig: requesting nits when no mapping exists.
12-01 07:49:42.712 1508 2356 E DisplayDeviceConfig: requesting nits when no mapping exists.
12-01 07:49:42.730 1508 2356 E DisplayDeviceConfig: requesting nits when no mapping exists.
12-01 07:49:42.731 1508 2356 E DisplayDeviceConfig: requesting nits when no mapping exists.
12-01 07:49:42.734 1508 1508 I GameModeConfig: isGameModeOn = false
12-01 07:49:42.745 1508 2356 E DisplayDeviceConfig: requesting nits when no mapping exists.
12-01 07:49:42.745 1508 2356 E DisplayDeviceConfig: requesting nits when no mapping exists.
12-01 07:49:42.766 1508 2356 E DisplayDeviceConfig: requesting nits when no mapping exists.
12-01 07:49:42.766 1508 2356 E DisplayDeviceConfig: requesting nits when no mapping exists.
12-01 07:49:42.780 1508 2356 E DisplayDeviceConfig: requesting nits when no mapping exists.
12-01 07:49:42.781 1508 2356 E DisplayDeviceConfig: requesting nits when no mapping exists.
12-01 07:49:42.795 1508 2356 E DisplayDeviceConfig: requesting nits when no mapping exists.
12-01 07:49:42.796 1508 2356 E DisplayDeviceConfig: requesting nits when no mapping exists.
12-01 07:49:42.800 1508 1508 I GameModeConfig: isGameModeOn = false
12-01 07:49:42.801 1508 1508 E NotificationService: Muting recently noisy 0|com.android.systemui|2048|null|10082
12-01 07:49:42.813 1508 2356 E DisplayDeviceConfig: requesting nits when no mapping exists.
12-01 07:49:42.814 1508 2356 E DisplayDeviceConfig: requesting nits when no mapping exists.
12-01 07:49:42.829 1508 2356 E DisplayDeviceConfig: requesting nits when no mapping exists.
12-01 07:49:42.830 1508 2356 E DisplayDeviceConfig: requesting nits when no mapping exists.
12-01 07:49:42.846 1508 2356 E DisplayDeviceConfig: requesting nits when no mapping exists.
12-01 07:49:42.846 1508 2356 E DisplayDeviceConfig: requesting nits when no mapping exists.
12-01 07:49:42.863 1508 2356 E DisplayDeviceConfig: requesting nits when no mapping exists.
12-01 07:49:42.864 1508 2356 E DisplayDeviceConfig: requesting nits when no mapping exists.
12-01 07:49:42.880 1508 2356 E DisplayDeviceConfig: requesting nits when no mapping exists.
12-01 07:49:42.881 1508 2356 E DisplayDeviceConfig: requesting nits when no mapping exists.
12-01 07:49:42.898 1508 1637 W WindowManager: updateScale0.7996942
12-01 07:49:42.898 1508 2356 E DisplayDeviceConfig: requesting nits when no mapping exists.
12-01 07:49:42.899 1508 2356 E DisplayDeviceConfig: requesting nits when no mapping exists.
12-01 07:49:42.912 1508 2356 E DisplayDeviceConfig: requesting nits when no mapping exists.
12-01 07:49:42.913 1508 2356 E DisplayDeviceConfig: requesting nits when no mapping exists.
12-01 07:49:42.927 1508 7139 W WindowManager: updateScale0.7996942
12-01 07:49:42.934 1508 2356 E DisplayDeviceConfig: requesting nits when no mapping exists.
