12-01 08:03:02.351 0 0 I auditd : type=1400 audit(0.0:16138): avc: denied { kill } for comm="swapper/3" capability=5 scontext=u:r:kernel:s0 tcontext=u:r:kernel:s0 tclass=capability permissive=0
12-01 08:03:02.386 1508 1637 W WindowManager: updateScale0.7996942
12-01 08:03:02.386 1508 1637 W WindowManager: updateScale0.7996942
12-01 08:03:03.351 0 0 I auditd : type=1400 audit(0.0:16139): avc: denied { kill } for comm="swapper/3" capability=5 scontext=u:r:kernel:s0 tcontext=u:r:kernel:s0 tclass=capability permissive=0
12-01 08:03:04.192 1508 2005 I input_interaction: Interaction with: dcbb1c1 com.android.wallpapercropper/com.android.wallpapercropper.WallpaperCropActivity (server), edge-swipe (server), swipe-up (server), PointerEventDispatcher0 (server),
12-01 08:03:04.312 1508 9618 I wm_finish_activity: [0,106988207,260,com.android.wallpapercropper/.WallpaperCropActivity,finish-activity]
12-01 08:03:04.330 1508 9618 I wm_pause_activity: [0,106988207,com.android.wallpapercropper/.WallpaperCropActivity,userLeaving=false,finish]
12-01 08:03:04.335 1508 9618 I wm_finish_activity: [0,256084229,260,com.android.gallery3d/.app.GalleryActivity,finish-activity]
12-01 08:03:04.335 1508 9618 I wm_task_moved: [1,1,9]
12-01 08:03:04.338 1508 9618 I wm_set_resumed_activity: [0,com.android.launcher3/.uioverrides.QuickstepLauncher,positionChildAt]
12-01 08:03:04.338 1508 9618 I wm_task_moved: [10,1,2147483647]
12-01 08:03:04.338 1508 9618 I wm_task_to_front: [0,10]
12-01 08:03:04.338 1508 9618 I wm_focused_root_task: [0,0,1,-1,finish-top adjustFocusToNextFocusableTask]
12-01 08:03:04.338 1508 9618 I wm_set_resumed_activity: [0,com.android.launcher3/.uioverrides.QuickstepLauncher,finish-top]
12-01 08:03:04.340 1508 9618 I ActivityTaskManager: FOREGROUND_APPLICATION_CHANGED to com.android.launcher3.uioverrides.QuickstepLauncher
12-01 08:03:04.340 1508 9618 I wm_destroy_activity: [0,256084229,260,com.android.gallery3d/.app.GalleryActivity,finish-imm:finishIfPossible]
12-01 08:03:04.350 1508 1637 I input_focus: [Focus request 9ddf785 com.android.launcher3/com.android.launcher3.uioverrides.QuickstepLauncher,reason=UpdateInputWindows]
12-01 08:03:04.352 25920 25920 I wm_on_top_resumed_lost_called: [106988207,com.android.wallpapercropper.WallpaperCropActivity,topStateChangedWhenResumed]
12-01 08:03:04.356 25920 25920 I wm_on_paused_called: [106988207,com.android.wallpapercropper.WallpaperCropActivity,performPause]
12-01 08:03:04.358 1508 2996 I wm_destroy_activity: [0,106988207,260,com.android.wallpapercropper/.WallpaperCropActivity,finish-imm:completePausedLocked]
12-01 08:03:04.362 22978 22978 I wm_on_stop_called: [256084229,com.android.gallery3d.app.GalleryActivity,LIFECYCLER_STOP_ACTIVITY]
12-01 08:03:04.363 2822 2822 I wm_on_top_resumed_gained_called: [103113767,com.android.launcher3.uioverrides.QuickstepLauncher,topStateChangedWhenResumed]
12-01 08:03:04.367 1508 1636 I sysui_multi_action: [757,803,799,window_time_2,802,2]
12-01 08:03:04.370 25920 25920 I wm_on_stop_called: [106988207,com.android.wallpapercropper.WallpaperCropActivity,LIFECYCLER_STOP_ACTIVITY]
12-01 08:03:04.371 25920 25920 I wm_on_destroy_called: [106988207,com.android.wallpapercropper.WallpaperCropActivity,performDestroy]
12-01 08:03:04.374 22978 22978 I wm_on_destroy_called: [256084229,com.android.gallery3d.app.GalleryActivity,performDestroy]
12-01 08:03:04.376 1508 1636 I sysui_multi_action: [757,803,799,window_time_0,802,0]
12-01 08:03:04.381 1508 2005 I input_focus: [Focus leaving dcbb1c1 com.android.wallpapercropper/com.android.wallpapercropper.WallpaperCropActivity (server),reason=NO_WINDOW]
12-01 08:03:04.381 1508 2005 I input_focus: [Focus entering 9ddf785 com.android.launcher3/com.android.launcher3.uioverrides.QuickstepLauncher (server),reason=setFocusedWindow]
12-01 08:03:04.382 22714 22730 W ContextImpl: Calling a method in the system process without a qualified user: android.app.ContextImpl.startService:1816 android.content.ContextWrapper.startService:774 com.thundercomm.gamemode.ingame.services.GameModeActionUtils.startGameModeService:93 com.thundercomm.gamemode.ingame.services.GameModeActionUtils.startGameModeEntry:21 com.thundercomm.gamemode.ingame.services.ActivityMonitoringService$1.onActivityLaunch:127
12-01 08:03:04.388 1508 3862 E TaskPersister: File error accessing recents directory (directory doesn't exist?).
12-01 08:03:04.388 1508 1508 I GameModeConfig: Current uri is uri = content://com.thundercomm.gamemode.api/gamemode_settings/gamemode_isgaming
12-01 08:03:04.390 1508 1508 I GameModeConfig: isGameModeOn = false
12-01 08:03:04.390 1508 1508 I GameModeConfig: isGameModeOn = false
12-01 08:03:04.390 1508 1508 I GameModeConfig: isDisableVoice = true
12-01 08:03:04.397 22714 22730 W ContextImpl: Calling a method in the system process without a qualified user: android.app.ContextImpl.startService:1816 android.content.ContextWrapper.startService:774 com.thundercomm.gamemode.ingame.services.GameModeActionUtils.startGameModeService:93 com.thundercomm.gamemode.ingame.services.GameModeActionUtils.startGameModeEntry:21 com.thundercomm.gamemode.ingame.services.ActivityMonitoringService$1.onActivityLaunch:127
12-01 08:03:04.401 1508 1508 I GameModeConfig: Current uri is uri = content://com.thundercomm.gamemode.api/gamemode_settings/gamemode_isgaming
12-01 08:03:04.402 1508 1508 I GameModeConfig: isGameModeOn = false
12-01 08:03:04.402 1508 1508 I GameModeConfig: isGameModeOn = false
12-01 08:03:04.402 1508 1508 I GameModeConfig: isDisableVoice = true
12-01 08:03:04.472 22714 22730 W ContextImpl: Calling a method in the system process without a qualified user: android.app.ContextImpl.startService:1816 android.content.ContextWrapper.startService:774 com.thundercomm.gamemode.ingame.services.GameModeActionUtils.startGameModeService:93 com.thundercomm.gamemode.ingame.services.GameModeActionUtils.startGameModeEntry:21 com.thundercomm.gamemode.ingame.services.ActivityMonitoringService$1.onActivityLaunch:127
12-01 08:03:04.478 1508 1508 I GameModeConfig: Current uri is uri = content://com.thundercomm.gamemode.api/gamemode_settings/gamemode_isgaming
12-01 08:03:04.480 1508 1508 I GameModeConfig: isGameModeOn = false
12-01 08:03:04.480 1508 1508 I GameModeConfig: isGameModeOn = false
12-01 08:03:04.480 1508 1508 I GameModeConfig: isDisableVoice = true
12-01 08:03:04.637 1508 1637 I wm_task_removed: [260,removeChild:removeChild last r=ActivityRecord{f438905 u0 com.android.gallery3d/.app.GalleryActivity t-1 f}} in t=Task{b814c7c #260 type=standard A=10064:com.android.gallery3d U=0 visible=false mode=freeform translucent=true sz=0}]
12-01 08:03:04.637 1508 1637 I wm_task_removed: [260,removeChild]
12-01 08:03:04.637 1508 1637 D FreeFormWindowHelper: Remove freefrom task=Task{b814c7c #260 type=standard A=10064:com.android.gallery3d U=0 visible=false mode=freeform translucent=true sz=0}
12-01 08:03:05.351 0 0 I auditd : type=1400 audit(0.0:16140): avc: denied { kill } for comm="swapper/3" capability=5 scontext=u:r:kernel:s0 tcontext=u:r:kernel:s0 tclass=capability permissive=0
12-01 08:03:06.176 1508 2005 I input_interaction: Interaction with: 9ddf785 com.android.launcher3/com.android.launcher3.uioverrides.QuickstepLauncher (server), 3a03b88 com.android.systemui.ImageWallpaper (server), edge-swipe (server), swipe-up (server), PointerEventDispatcher0 (server),
12-01 08:03:07.351 0 0 I auditd : type=1400 audit(0.0:16141): avc: denied { kill } for comm="swapper/3" capability=5 scontext=u:r:kernel:s0 tcontext=u:r:kernel:s0 tclass=capability permissive=0
12-01 08:03:08.155 1508 3862 E TaskPersister: File error accessing recents directory (directory doesn't exist?).
12-01 08:03:08.351 0 0 I auditd : type=1400 audit(0.0:16142): avc: denied { kill } for comm="swapper/3" capability=5 scontext=u:r:kernel:s0 tcontext=u:r:kernel:s0 tclass=capability permissive=0
12-01 08:03:09.351 0 0 I auditd : type=1400 audit(0.0:16143): avc: denied { kill } for comm="swapper/3" capability=5 scontext=u:r:kernel:s0 tcontext=u:r:kernel:s0 tclass=capability permissive=0
12-01 08:03:09.743 1508 9856 I ActivityTaskManager: START u0 {act=android.intent.action.MAIN cat=[android.intent.category.LAUNCHER] flg=0x10200000 cmp=com.android.gallery3d/.app.GalleryActivity bnds=[2308,140][2494,340]} from uid 10076
12-01 08:03:09.748 1508 9856 I wm_task_created: [261,-1]
12-01 08:03:09.748 1508 9856 W ActivityTaskManager: Can't find TaskDisplayArea to determine support for multi window. Task id=261 attached=false
12-01 08:03:09.752 1508 9856 I wm_task_moved: [261,1,9]
12-01 08:03:09.752 1508 9856 I wm_task_to_front: [0,261]
12-01 08:03:09.753 1508 9856 I wm_create_task: [0,261]
12-01 08:03:09.753 1508 9856 I wm_create_activity: [0,70645653,261,com.android.gallery3d/.app.GalleryActivity,android.intent.action.MAIN,NULL,NULL,270532608]
12-01 08:03:09.753 1508 9856 I wm_task_moved: [261,1,9]
12-01 08:03:09.755 1508 9856 I wm_pause_activity: [0,103113767,com.android.launcher3/.uioverrides.QuickstepLauncher,userLeaving=true,pauseBackTasks]
12-01 08:03:09.775 2822 2822 I wm_on_top_resumed_lost_called: [103113767,com.android.launcher3.uioverrides.QuickstepLauncher,topStateChangedWhenResumed]
12-01 08:03:09.776 2822 2822 I wm_on_paused_called: [103113767,com.android.launcher3.uioverrides.QuickstepLauncher,performPause]
12-01 08:03:09.777 1508 6335 I ActivityTaskManager: FOREGROUND_APPLICATION_CHANGED to com.android.gallery3d.app.GalleryActivity
12-01 08:03:09.778 1508 6335 I ActivityTaskManager: The Process com.android.gallery3d Already Exists in BG. So sending its PID: 22978
12-01 08:03:09.778 1508 6335 W ActivityTaskManager: Tried to set launchTime (0) < mLastActivityLaunchTime (15000567)
12-01 08:03:09.779 1508 6335 I wm_add_to_stopping: [0,103113767,com.android.launcher3/.uioverrides.QuickstepLauncher,makeInvisible]
12-01 08:03:09.780 1508 6335 I wm_restart_activity: [0,70645653,261,com.android.gallery3d/.app.GalleryActivity]
12-01 08:03:09.781 1508 6335 I wm_set_resumed_activity: [0,com.android.gallery3d/.app.GalleryActivity,minimalResumeActivityLocked]
12-01 08:03:09.787 1508 1636 I sysui_multi_action: [757,803,799,window_time_0,802,6]
12-01 08:03:09.801 1508 2005 I input_focus: [Focus leaving 9ddf785 com.android.launcher3/com.android.launcher3.uioverrides.QuickstepLauncher (server),reason=NO_WINDOW]
12-01 08:03:09.810 22978 22978 I wm_on_create_called: [70645653,com.android.gallery3d.app.GalleryActivity,performCreate]
12-01 08:03:09.810 22714 22730 W ContextImpl: Calling a method in the system process without a qualified user: android.app.ContextImpl.startService:1816 android.content.ContextWrapper.startService:774 com.thundercomm.gamemode.ingame.services.GameModeActionUtils.startGameModeService:93 com.thundercomm.gamemode.ingame.services.GameModeActionUtils.startGameModeEntry:21 com.thundercomm.gamemode.ingame.services.ActivityMonitoringService$1.onActivityLaunch:127
12-01 08:03:09.811 22978 22978 I wm_on_start_called: [70645653,com.android.gallery3d.app.GalleryActivity,handleStartActivity]
12-01 08:03:09.815 22978 22978 I wm_on_resume_called: [70645653,com.android.gallery3d.app.GalleryActivity,RESUME_ACTIVITY]
12-01 08:03:09.816 1508 1508 I GameModeConfig: Current uri is uri = content://com.thundercomm.gamemode.api/gamemode_settings/gamemode_isgaming
12-01 08:03:09.822 22978 22978 I wm_on_top_resumed_gained_called: [70645653,com.android.gallery3d.app.GalleryActivity,topStateChangedWhenResumed]
12-01 08:03:09.823 1508 1508 I GameModeConfig: isGameModeOn = false
12-01 08:03:09.824 1508 1508 I GameModeConfig: isGameModeOn = false
12-01 08:03:09.824 1508 1508 I GameModeConfig: isDisableVoice = true
12-01 08:03:09.839 1508 1637 I input_focus: [Focus request a368768 com.android.gallery3d/com.android.gallery3d.app.GalleryActivity,reason=UpdateInputWindows]
12-01 08:03:09.844 1508 2321 I GameModeConfig: isGameModeOn = false
12-01 08:03:09.844 1508 2321 I GameModeConfig: isGameModeOn = false
12-01 08:03:09.844 1508 2321 I GameModeConfig: isGameModeOn = false
12-01 08:03:09.844 1508 2321 I GameModeConfig: isGameModeOn = false
12-01 08:03:09.845 1508 2321 I GameModeConfig: isGameModeOn = false
12-01 08:03:09.846 1508 1508 I notification_enqueue: [10082,18856,com.android.systemui,2048,NULL,0,Notification(channel=updateNotification shortcut=null contentView=null vibrate=null sound=null defaults=0x0 flags=0x0 color=0x00000000 vis=PRIVATE),1]
12-01 08:03:09.849 18856 18856 I sysui_multi_action: [757,111,758,2]
12-01 08:03:09.854 18856 18856 I sysui_multi_action: [757,111,758,2]
12-01 08:03:09.869 1508 1633 I sysui_multi_action: [319,74,321,69,322,119,325,15008,757,761,758,8,759,1,806,com.android.gallery3d,871,com.android.gallery3d.app.GalleryActivity,904,com.android.launcher3,905,0,1320,8,1321,5]
12-01 08:03:09.870 1508 2005 I input_focus: [Focus entering a368768 com.android.gallery3d/com.android.gallery3d.app.GalleryActivity (server),reason=setFocusedWindow]
12-01 08:03:09.871 1508 1633 I wm_activity_launch_time: [0,70645653,com.android.gallery3d/.app.GalleryActivity,119]
12-01 08:03:09.875 18856 18856 I sysui_multi_action: [757,111,758,1]
12-01 08:03:09.876 18856 18856 I sysui_multi_action: [757,126,758,1,759,126,927,0,928,1,1593,0]
12-01 08:03:09.876 18856 18856 I sysui_multi_action: [757,113,758,1,759,113,927,1,928,1,1593,0]
12-01 08:03:09.876 18856 18856 I sysui_multi_action: [757,0,758,1,759,0,927,2,928,0,1593,0]
12-01 08:03:09.876 18856 18856 I sysui_multi_action: [757,0,758,1,759,0,927,3,928,0,1593,0]
12-01 08:03:09.877 18856 18856 I sysui_multi_action: [757,491,758,1,759,491,927,4,928,0,1311,-1,1593,0]
12-01 08:03:09.877 18856 18856 I sysui_multi_action: [757,0,758,1,759,0,927,5,928,0,1593,0]
12-01 08:03:09.877 18856 18856 I sysui_multi_action: [757,111,758,1]
12-01 08:03:09.878 18856 18856 I sysui_multi_action: [757,126,758,1,759,126,927,0,928,1,1593,0]
12-01 08:03:09.878 18856 18856 I sysui_multi_action: [757,113,758,1,759,113,927,1,928,1,1593,0]
12-01 08:03:09.878 18856 18856 I sysui_multi_action: [757,0,758,1,759,0,927,2,928,0,1593,0]
12-01 08:03:09.878 18856 18856 I sysui_multi_action: [757,0,758,1,759,0,927,3,928,0,1593,0]
12-01 08:03:09.893 22714 22730 W ContextImpl: Calling a method in the system process without a qualified user: android.app.ContextImpl.startService:1816 android.content.ContextWrapper.startService:774 com.thundercomm.gamemode.ingame.services.GameModeActionUtils.startGameModeService:93 com.thundercomm.gamemode.ingame.services.GameModeActionUtils.startGameModeEntry:21 com.thundercomm.gamemode.ingame.services.ActivityMonitoringService$1.onActivityLaunch:127
12-01 08:03:09.897 1508 1508 I GameModeConfig: Current uri is uri = content://com.thundercomm.gamemode.api/gamemode_settings/gamemode_isgaming
12-01 08:03:09.901 1508 1508 I GameModeConfig: isGameModeOn = false
12-01 08:03:09.901 1508 1508 I GameModeConfig: isGameModeOn = false
12-01 08:03:09.902 1508 1508 I GameModeConfig: isDisableVoice = true
12-01 08:03:10.055 1508 1508 I GameModeConfig: isGameModeOn = false
12-01 08:03:10.057 1508 1508 I sysui_multi_action: [757,1501,758,1,793,10511737,794,0,795,212,796,2048,806,com.android.systemui,857,updateNotification,858,3,947,0,1500,0,1688,1]
12-01 08:03:10.058 1508 1508 I sysui_multi_action: [757,804,799,note_interruptive,801,0,802,1]
12-01 08:03:10.058 1508 1508 I sysui_multi_action: [757,199,758,1,759,2,793,10511738,794,0,795,213,796,2048,806,com.android.systemui,857,updateNotification,858,3,947,0,1500,1,1688,1]
12-01 08:03:10.059 1508 1508 I notification_alert: [0|com.android.systemui|2048|null|10082,0,1,0]
12-01 08:03:10.377 1508 1636 I wm_stop_activity: [0,103113767,com.android.launcher3/.uioverrides.QuickstepLauncher]
12-01 08:03:10.444 2822 2822 I wm_on_stop_called: [103113767,com.android.launcher3.uioverrides.QuickstepLauncher,STOP_ACTIVITY_ITEM]
12-01 08:03:10.467 22714 22730 W ContextImpl: Calling a method in the system process without a qualified user: android.app.ContextImpl.startService:1816 android.content.ContextWrapper.startService:774 com.thundercomm.gamemode.ingame.services.GameModeActionUtils.startGameModeService:93 com.thundercomm.gamemode.ingame.services.GameModeActionUtils.startGameModeEntry:21 com.thundercomm.gamemode.ingame.services.ActivityMonitoringService$1.onActivityLaunch:127
12-01 08:03:10.471 1508 1508 I GameModeConfig: Current uri is uri = content://com.thundercomm.gamemode.api/gamemode_settings/gamemode_isgaming
12-01 08:03:10.473 1508 1508 I GameModeConfig: isGameModeOn = false
12-01 08:03:10.473 1508 1508 I GameModeConfig: isGameModeOn = false
12-01 08:03:10.473 1508 1508 I GameModeConfig: isDisableVoice = true
12-01 08:03:10.893 1508 2005 I input_interaction: Interaction with: a368768 com.android.gallery3d/com.android.gallery3d.app.GalleryActivity (server), edge-swipe (server), swipe-up (server), PointerEventDispatcher0 (server),
12-01 08:03:11.351 0 0 I auditd : type=1400 audit(0.0:16144): avc: denied { kill } for comm="swapper/3" capability=5 scontext=u:r:kernel:s0 tcontext=u:r:kernel:s0 tclass=capability permissive=0
12-01 08:03:12.351 0 0 I auditd : type=1400 audit(0.0:16145): avc: denied { kill } for comm="swapper/3" capability=5 scontext=u:r:kernel:s0 tcontext=u:r:kernel:s0 tclass=capability permissive=0
12-01 08:03:12.764 1508 3862 E TaskPersister: File error accessing recents directory (directory doesn't exist?).
12-01 08:03:13.351 0 0 I auditd : type=1400 audit(0.0:16146): avc: denied { kill } for comm="swapper/3" capability=5 scontext=u:r:kernel:s0 tcontext=u:r:kernel:s0 tclass=capability permissive=0
12-01 08:03:14.351 0 0 I auditd : type=1400 audit(0.0:16147): avc: denied { kill } for comm="swapper/3" capability=5 scontext=u:r:kernel:s0 tcontext=u:r:kernel:s0 tclass=capability permissive=0
12-01 08:03:15.351 0 0 I auditd : type=1400 audit(0.0:16148): avc: denied { kill } for comm="swapper/3" capability=5 scontext=u:r:kernel:s0 tcontext=u:r:kernel:s0 tclass=capability permissive=0
12-01 08:03:17.351 0 0 I auditd : type=1400 audit(0.0:16149): avc: denied { kill } for comm="swapper/3" capability=5 scontext=u:r:kernel:s0 tcontext=u:r:kernel:s0 tclass=capability permissive=0
12-01 08:03:17.387 1508 1635 W NotifHistoryProto: notification package name (com.android.music) not found in string cache
12-01 08:03:17.387 1508 1635 W NotifHistoryProto: notification channel name (com.android.music) not found in string cache
12-01 08:03:17.387 1508 1635 W NotifHistoryProto: notification channel id (Channel-music) not found in string cache
12-01 08:03:17.395 1508 1635 I service_manager_stats: [100,98,90879]
12-01 08:03:17.396 1508 1635 D CompatibilityChangeReporter: Compat change id reported: 171306433; UID 1000; state: ENABLED
12-01 08:03:18.098 1508 1637 I input_focus: [Focus request df7c155 PopupWindow:a5bea05,reason=UpdateInputWindows]
12-01 08:03:18.123 1508 2005 I input_focus: [Focus leaving a368768 com.android.gallery3d/com.android.gallery3d.app.GalleryActivity (server),reason=setFocusedWindow]
12-01 08:03:18.123 1508 2005 I input_focus: [Focus entering df7c155 PopupWindow:a5bea05 (server),reason=setFocusedWindow]
12-01 08:03:18.351 23070 23070 I auditd : type=1400 audit(0.0:16150): avc: denied { kill } for comm="kworker/u17:5" capability=5 scontext=u:r:kernel:s0 tcontext=u:r:kernel:s0 tclass=capability permissive=0
12-01 08:03:20.106 1508 2321 I GameModeConfig: isGameModeOn = false
12-01 08:03:20.153 1508 2005 I input_interaction: Interaction with: df7c155 PopupWindow:a5bea05 (server), edge-swipe (server), swipe-up (server), PointerEventDispatcher0 (server),
12-01 08:03:20.172 22978 22978 W ViewRootImpl[PopupWindow:a5bea05]: Dropping event due to root view being removed: MotionEvent { action=ACTION_MOVE, actionButton=0, id[0]=0, x[0]=73.0, y[0]=452.0, toolType[0]=TOOL_TYPE_FINGER, buttonState=0, classification=NONE, metaState=0, flags=0x0, edgeFlags=0x0, pointerCount=1, historySize=0, eventTime=15018737, downTime=15018732, deviceId=-1, source=0x1002, displayId=0, eventId=-460913203 }
12-01 08:03:20.174 1508 1637 I input_focus: [Focus request a368768 com.android.gallery3d/com.android.gallery3d.app.GalleryActivity,reason=UpdateInputWindows]
12-01 08:03:20.195 1508 2005 I input_focus: [Focus entering a368768 com.android.gallery3d/com.android.gallery3d.app.GalleryActivity (server),reason=setFocusedWindow]
12-01 08:03:20.351 24880 24880 I auditd : type=1400 audit(0.0:16151): avc: denied { kill } for comm="kworker/u17:7" capability=5 scontext=u:r:kernel:s0 tcontext=u:r:kernel:s0 tclass=capability permissive=0
12-01 08:03:21.351 0 0 I auditd : type=1400 audit(0.0:16152): avc: denied { kill } for comm="swapper/3" capability=5 scontext=u:r:kernel:s0 tcontext=u:r:kernel:s0 tclass=capability permissive=0
12-01 08:03:21.700 1508 2005 I input_interaction: Interaction with: a368768 com.android.gallery3d/com.android.gallery3d.app.GalleryActivity (server), edge-swipe (server), swipe-up (server), PointerEventDispatcher0 (server),
12-01 08:03:21.803 22978 22978 I menu_item_selected: [0,t]
12-01 08:03:22.124 1508 1508 I notification_enqueue: [10097,9319,com.github.uiautomator,1,NULL,0,Notification(channel=monitor service shortcut=null contentView=null vibrate=null sound=null tick defaults=0x0 flags=0x40 color=0x00000000 vis=PRIVATE),1]
12-01 08:03:22.327 1508 1508 I GameModeConfig: isGameModeOn = false
12-01 08:03:23.351 0 0 I auditd : type=1400 audit(0.0:16153): avc: denied { kill } for comm="swapper/3" capability=5 scontext=u:r:kernel:s0 tcontext=u:r:kernel:s0 tclass=capability permissive=0
12-01 08:03:23.950 1508 1637 I input_focus: [Focus request 7372e6 PopupWindow:dffee9f,reason=UpdateInputWindows]
12-01 08:03:23.970 1508 2005 I input_focus: [Focus leaving a368768 com.android.gallery3d/com.android.gallery3d.app.GalleryActivity (server),reason=Waiting for window because NOT_VISIBLE]
12-01 08:03:23.987 1508 2005 I input_focus: [Focus entering 7372e6 PopupWindow:dffee9f (server),reason=Window became focusable. Previous reason: NOT_VISIBLE]
12-01 08:03:24.351 0 0 I auditd : type=1400 audit(0.0:16154): avc: denied { kill } for comm="swapper/3" capability=5 scontext=u:r:kernel:s0 tcontext=u:r:kernel:s0 tclass=capability permissive=0
12-01 08:03:26.351 0 0 I auditd : type=1400 audit(0.0:16155): avc: denied { kill } for comm="swapper/3" capability=5 scontext=u:r:kernel:s0 tcontext=u:r:kernel:s0 tclass=capability permissive=0
12-01 08:03:27.351 0 0 I auditd : type=1400 audit(0.0:16156): avc: denied { kill } for comm="swapper/3" capability=5 scontext=u:r:kernel:s0 tcontext=u:r:kernel:s0 tclass=capability permissive=0
12-01 08:03:28.351 0 0 I auditd : type=1400 audit(0.0:16157): avc: denied { kill } for comm="swapper/3" capability=5 scontext=u:r:kernel:s0 tcontext=u:r:kernel:s0 tclass=capability permissive=0
12-01 08:03:29.351 0 0 I auditd : type=1400 audit(0.0:16158): avc: denied { kill } for comm="swapper/3" capability=5 scontext=u:r:kernel:s0 tcontext=u:r:kernel:s0 tclass=capability permissive=0
12-01 08:03:29.579 1508 2005 I input_interaction: Interaction with: 7372e6 PopupWindow:dffee9f (server), edge-swipe (server), swipe-up (server), PointerEventDispatcher0 (server),
12-01 08:03:29.603 1508 1637 I input_focus: [Focus request a368768 com.android.gallery3d/com.android.gallery3d.app.GalleryActivity,reason=UpdateInputWindows]
12-01 08:03:29.611 1508 9618 I wm_task_moved: [1,0,0]
12-01 08:03:29.612 1508 9618 I wm_task_moved: [1,0,8]
12-01 08:03:29.622 1508 2005 I input_focus: [Focus entering a368768 com.android.gallery3d/com.android.gallery3d.app.GalleryActivity (server),reason=setFocusedWindow]
12-01 08:03:29.628 2822 2822 I wm_on_restart_called: [103113767,com.android.launcher3.uioverrides.QuickstepLauncher,performRestartActivity]
12-01 08:03:29.642 22714 22730 W ContextImpl: Calling a method in the system process without a qualified user: android.app.ContextImpl.startService:1816 android.content.ContextWrapper.startService:774 com.thundercomm.gamemode.ingame.services.GameModeActionUtils.startGameModeService:93 com.thundercomm.gamemode.ingame.services.GameModeActionUtils.startGameModeEntry:21 com.thundercomm.gamemode.ingame.services.ActivityMonitoringService$1.onActivityLaunch:127
12-01 08:03:29.647 1508 1508 I GameModeConfig: Current uri is uri = content://com.thundercomm.gamemode.api/gamemode_settings/gamemode_isgaming
12-01 08:03:29.650 2822 2822 I wm_on_start_called: [103113767,com.android.launcher3.uioverrides.QuickstepLauncher,handleStartActivity]
12-01 08:03:29.651 1508 1508 I GameModeConfig: isGameModeOn = false
12-01 08:03:29.651 1508 1508 I GameModeConfig: isGameModeOn = false
12-01 08:03:29.652 1508 1508 I GameModeConfig: isDisableVoice = true
12-01 08:03:29.653 1508 2005 I input_interaction: Interaction with: edge-swipe (server), swipe-up (server), PointerEventDispatcher0 (server),
12-01 08:03:29.656 1508 2996 W ActivityTaskManager: getTaskSnapshot: taskId=2249 not found
12-01 08:03:29.657 1508 2996 W ActivityTaskManager: getTaskSnapshot: taskId=1249 not found
12-01 08:03:29.663 2822 2822 I sysui_latency: [1,81]
12-01 08:03:29.666 1508 5207 W ActivityTaskManager: getTaskSnapshot: taskId=2249 not found
12-01 08:03:29.667 1508 5207 W ActivityTaskManager: getTaskSnapshot: taskId=1249 not found
12-01 08:03:29.668 1508 1637 I input_focus: [Focus request recents_animation_input_consumer,reason=UpdateInputWindows]
12-01 08:03:29.676 1508 1633 I sysui_multi_action: [319,13,322,57,325,15028,757,761,758,9,759,5,806,com.android.launcher3,871,com.android.launcher3.uioverrides.QuickstepLauncher,905,0,1320,8,1321,5]
12-01 08:03:29.682 1508 2005 I input_focus: [Focus leaving a368768 com.android.gallery3d/com.android.gallery3d.app.GalleryActivity (server),reason=NOT_FOCUSABLE]
12-01 08:03:29.682 1508 2005 I input_focus: [Focus entering recents_animation_input_consumer (server),reason=setFocusedWindow]
12-01 08:03:29.858 1508 1754 I commit_sys_config_file: [settings-1-0,7]
12-01 08:03:29.970 1508 1647 I sysui_latency: [8,83]
12-01 08:03:30.457 1508 9618 I wm_task_moved: [1,1,9]
12-01 08:03:30.461 1508 9618 I wm_task_moved: [10,1,2147483647]
12-01 08:03:30.462 1508 9618 I wm_task_to_front: [0,10]
12-01 08:03:30.462 1508 9618 I wm_focused_root_task: [0,0,1,261,RecentsAnimation.onAnimationFinished()]
12-01 08:03:30.462 22978 22978 I wm_on_top_resumed_lost_called: [70645653,com.android.gallery3d.app.GalleryActivity,topStateChangedWhenResumed]
12-01 08:03:30.462 1508 9618 I wm_set_resumed_activity: [0,com.android.launcher3/.uioverrides.QuickstepLauncher,RecentsAnimation.onAnimationFinished()]
12-01 08:03:30.468 1508 9618 I wm_pause_activity: [0,70645653,com.android.gallery3d/.app.GalleryActivity,userLeaving=true,pauseBackTasks]
12-01 08:03:30.471 1508 9618 I wm_add_to_stopping: [0,70645653,com.android.gallery3d/.app.GalleryActivity,makeInvisible]
12-01 08:03:30.471 1508 9618 I ActivityTaskManager: FOREGROUND_APPLICATION_CHANGED to com.android.launcher3.uioverrides.QuickstepLauncher
12-01 08:03:30.472 1508 9618 I wm_set_resumed_activity: [0,com.android.launcher3/.uioverrides.QuickstepLauncher,resumeTopActivityInnerLocked]
12-01 08:03:30.476 1508 9618 I wm_resume_activity: [0,103113767,10,com.android.launcher3/.uioverrides.QuickstepLauncher]
12-01 08:03:30.477 2822 2822 I wm_on_resume_called: [103113767,com.android.launcher3.uioverrides.QuickstepLauncher,RESUME_ACTIVITY]
12-01 08:03:30.486 1508 1637 I input_focus: [Focus request 9ddf785 com.android.launcher3/com.android.launcher3.uioverrides.QuickstepLauncher,reason=UpdateInputWindows]
12-01 08:03:30.492 2822 2822 I wm_on_top_resumed_gained_called: [103113767,com.android.launcher3.uioverrides.QuickstepLauncher,topStateChangedWhenResumed]
12-01 08:03:30.492 1508 1636 I wm_stop_activity: [0,70645653,com.android.gallery3d/.app.GalleryActivity]
12-01 08:03:30.501 1508 1636 I sysui_multi_action: [757,803,799,window_time_0,802,21]
12-01 08:03:30.502 1508 2005 I input_focus: [Focus leaving recents_animation_input_consumer (server),reason=NOT_VISIBLE]
12-01 08:03:30.502 1508 2005 I input_focus: [Focus entering 9ddf785 com.android.launcher3/com.android.launcher3.uioverrides.QuickstepLauncher (server),reason=setFocusedWindow]
12-01 08:03:30.512 22978 22978 I wm_on_paused_called: [70645653,com.android.gallery3d.app.GalleryActivity,performPause]
12-01 08:03:30.514 1508 1636 I sysui_multi_action: [757,803,799,window_time_0,802,0]
12-01 08:03:30.516 22978 22978 I wm_on_stop_called: [70645653,com.android.gallery3d.app.GalleryActivity,STOP_ACTIVITY_ITEM]
12-01 08:03:30.533 1508 1647 I am_pss : [25920,10077,com.android.wallpapercropper,28647424,24338432,0,149704704,0,19,8]
12-01 08:03:30.541 1508 1647 I am_pss : [25895,1000,android:ui,16539648,8560640,0,138346496,0,19,6]
12-01 08:03:30.545 22714 22730 W ContextImpl: Calling a method in the system process without a qualified user: android.app.ContextImpl.startService:1816 android.content.ContextWrapper.startService:774 com.thundercomm.gamemode.ingame.services.GameModeActionUtils.startGameModeService:93 com.thundercomm.gamemode.ingame.services.GameModeActionUtils.startGameModeEntry:21 com.thundercomm.gamemode.ingame.services.ActivityMonitoringService$1.onActivityLaunch:127
12-01 08:03:30.550 1508 1508 I GameModeConfig: Current uri is uri = content://com.thundercomm.gamemode.api/gamemode_settings/gamemode_isgaming
12-01 08:03:30.551 1508 1508 I GameModeConfig: isGameModeOn = false
12-01 08:03:30.551 1508 1508 I GameModeConfig: isGameModeOn = false
12-01 08:03:30.551 1508 1508 I GameModeConfig: isDisableVoice = true
12-01 08:03:30.594 22714 22730 W ContextImpl: Calling a method in the system process without a qualified user: android.app.ContextImpl.startService:1816 android.content.ContextWrapper.startService:774 com.thundercomm.gamemode.ingame.services.GameModeActionUtils.startGameModeService:93 com.thundercomm.gamemode.ingame.services.GameModeActionUtils.startGameModeEntry:21 com.thundercomm.gamemode.ingame.services.ActivityMonitoringService$1.onActivityLaunch:127
12-01 08:03:30.598 1508 1508 I GameModeConfig: Current uri is uri = content://com.thundercomm.gamemode.api/gamemode_settings/gamemode_isgaming
12-01 08:03:30.600 1508 1508 I GameModeConfig: isGameModeOn = false
12-01 08:03:30.600 1508 1508 I GameModeConfig: isGameModeOn = false
12-01 08:03:30.600 1508 1508 I GameModeConfig: isDisableVoice = true
12-01 08:03:31.351 0 0 I auditd : type=1400 audit(0.0:16159): avc: denied { kill } for comm="swapper/3" capability=5 scontext=u:r:kernel:s0 tcontext=u:r:kernel:s0 tclass=capability permissive=0
12-01 08:03:32.351 0 0 I auditd : type=1400 audit(0.0:16160): avc: denied { kill } for comm="swapper/3" capability=5 scontext=u:r:kernel:s0 tcontext=u:r:kernel:s0 tclass=capability permissive=0
12-01 08:03:33.351 0 0 I auditd : type=1400 audit(0.0:16161): avc: denied { kill } for comm="swapper/3" capability=5 scontext=u:r:kernel:s0 tcontext=u:r:kernel:s0 tclass=capability permissive=0
12-01 08:03:34.351 0 0 I auditd : type=1400 audit(0.0:16162): avc: denied { kill } for comm="swapper/3" capability=5 scontext=u:r:kernel:s0 tcontext=u:r:kernel:s0 tclass=capability permissive=0
12-01 08:03:35.351 0 0 I auditd : type=1400 audit(0.0:16163): avc: denied { kill } for comm="swapper/3" capability=5 scontext=u:r:kernel:s0 tcontext=u:r:kernel:s0 tclass=capability permissive=0
12-01 08:03:36.351 0 0 I auditd : type=1400 audit(0.0:16164): avc: denied { kill } for comm="swapper/3" capability=5 scontext=u:r:kernel:s0 tcontext=u:r:kernel:s0 tclass=capability permissive=0
12-01 08:03:37.351 0 0 I auditd : type=1400 audit(0.0:16165): avc: denied { kill } for comm="swapper/3" capability=5 scontext=u:r:kernel:s0 tcontext=u:r:kernel:s0 tclass=capability permissive=0
12-01 08:03:38.351 0 0 I auditd : type=1400 audit(0.0:16166): avc: denied { kill } for comm="swapper/3" capability=5 scontext=u:r:kernel:s0 tcontext=u:r:kernel:s0 tclass=capability permissive=0
12-01 08:03:39.351 0 0 I auditd : type=1400 audit(0.0:16167): avc: denied { kill } for comm="swapper/3" capability=5 scontext=u:r:kernel:s0 tcontext=u:r:kernel:s0 tclass=capability permissive=0
12-01 08:03:41.351 0 0 I auditd : type=1400 audit(0.0:16168): avc: denied { kill } for comm="swapper/3" capability=5 scontext=u:r:kernel:s0 tcontext=u:r:kernel:s0 tclass=capability permissive=0
12-01 08:03:42.351 0 0 I auditd : type=1400 audit(0.0:16169): avc: denied { kill } for comm="swapper/3" capability=5 scontext=u:r:kernel:s0 tcontext=u:r:kernel:s0 tclass=capability permissive=0
12-01 08:03:43.351 0 0 I auditd : type=1400 audit(0.0:16170): avc: denied { kill } for comm="swapper/3" capability=5 scontext=u:r:kernel:s0 tcontext=u:r:kernel:s0 tclass=capability permissive=0
12-01 08:03:44.351 0 0 I auditd : type=1400 audit(0.0:16171): avc: denied { kill } for comm="swapper/3" capability=5 scontext=u:r:kernel:s0 tcontext=u:r:kernel:s0 tclass=capability permissive=0
12-01 08:03:45.351 0 0 I auditd : type=1400 audit(0.0:16172): avc: denied { kill } for comm="swapper/3" capability=5 scontext=u:r:kernel:s0 tcontext=u:r:kernel:s0 tclass=capability permissive=0
12-01 08:03:46.351 0 0 I auditd : type=1400 audit(0.0:16173): avc: denied { kill } for comm="swapper/3" capability=5 scontext=u:r:kernel:s0 tcontext=u:r:kernel:s0 tclass=capability permissive=0
12-01 08:03:47.351 0 0 I auditd : type=1400 audit(0.0:16174): avc: denied { kill } for comm="swapper/3" capability=5 scontext=u:r:kernel:s0 tcontext=u:r:kernel:s0 tclass=capability permissive=0
12-01 08:03:48.351 0 0 I auditd : type=1400 audit(0.0:16175): avc: denied { kill } for comm="swapper/3" capability=5 scontext=u:r:kernel:s0 tcontext=u:r:kernel:s0 tclass=capability permissive=0
12-01 08:03:49.351 0 0 I auditd : type=1400 audit(0.0:16176): avc: denied { kill } for comm="swapper/3" capability=5 scontext=u:r:kernel:s0 tcontext=u:r:kernel:s0 tclass=capability permissive=0
12-01 08:03:50.351 0 0 I auditd : type=1400 audit(0.0:16177): avc: denied { kill } for comm="swapper/3" capability=5 scontext=u:r:kernel:s0 tcontext=u:r:kernel:s0 tclass=capability permissive=0
12-01 08:03:51.351 0 0 I auditd : type=1400 audit(0.0:16178): avc: denied { kill } for comm="swapper/3" capability=5 scontext=u:r:kernel:s0 tcontext=u:r:kernel:s0 tclass=capability permissive=0
12-01 08:03:52.229 1508 1508 I notification_enqueue: [10097,9319,com.github.uiautomator,1,NULL,0,Notification(channel=monitor service shortcut=null contentView=null vibrate=null sound=null tick defaults=0x0 flags=0x40 color=0x00000000 vis=PRIVATE),1]
12-01 08:03:52.351 0 0 I auditd : type=1400 audit(0.0:16179): avc: denied { kill } for comm="swapper/3" capability=5 scontext=u:r:kernel:s0 tcontext=u:r:kernel:s0 tclass=capability permissive=0
12-01 08:03:52.431 1508 1508 I GameModeConfig: isGameModeOn = false
12-01 08:03:53.351 0 0 I auditd : type=1400 audit(0.0:16180): avc: denied { kill } for comm="swapper/3" capability=5 scontext=u:r:kernel:s0 tcontext=u:r:kernel:s0 tclass=capability permissive=0
12-01 08:03:54.351 0 0 I auditd : type=1400 audit(0.0:16181): avc: denied { kill } for comm="swapper/3" capability=5 scontext=u:r:kernel:s0 tcontext=u:r:kernel:s0 tclass=capability permissive=0
12-01 08:03:55.351 0 0 I auditd : type=1400 audit(0.0:16182): avc: denied { kill } for comm="swapper/3" capability=5 scontext=u:r:kernel:s0 tcontext=u:r:kernel:s0 tclass=capability permissive=0
12-01 08:03:56.351 0 0 I auditd : type=1400 audit(0.0:16183): avc: denied { kill } for comm="swapper/3" capability=5 scontext=u:r:kernel:s0 tcontext=u:r:kernel:s0 tclass=capability permissive=0
12-01 08:03:57.351 0 0 I auditd : type=1400 audit(0.0:16184): avc: denied { kill } for comm="swapper/3" capability=5 scontext=u:r:kernel:s0 tcontext=u:r:kernel:s0 tclass=capability permissive=0
12-01 08:03:58.351 0 0 I auditd : type=1400 audit(0.0:16185): avc: denied { kill } for comm="swapper/3" capability=5 scontext=u:r:kernel:s0 tcontext=u:r:kernel:s0 tclass=capability permissive=0
12-01 08:03:59.351 0 0 I auditd : type=1400 audit(0.0:16186): avc: denied { kill } for comm="swapper/3" capability=5 scontext=u:r:kernel:s0 tcontext=u:r:kernel:s0 tclass=capability permissive=0
12-01 08:04:00.351 288 288 I auditd : type=1400 audit(0.0:16187): avc: denied { kill } for comm="kgsl_worker_thr" capability=5 scontext=u:r:kernel:s0 tcontext=u:r:kernel:s0 tclass=capability permissive=0
12-01 08:04:01.351 0 0 I auditd : type=1400 audit(0.0:16188): avc: denied { kill } for comm="swapper/3" capability=5 scontext=u:r:kernel:s0 tcontext=u:r:kernel:s0 tclass=capability permissive=0
12-01 08:04:03.351 0 0 I auditd : type=1400 audit(0.0:16189): avc: denied { kill } for comm="swapper/3" capability=5 scontext=u:r:kernel:s0 tcontext=u:r:kernel:s0 tclass=capability permissive=0
12-01 08:04:04.351 0 0 I auditd : type=1400 audit(0.0:16190): avc: denied { kill } for comm="swapper/3" capability=5 scontext=u:r:kernel:s0 tcontext=u:r:kernel:s0 tclass=capability permissive=0
12-01 08:04:04.374 1508 1648 I am_uid_idle: 10077
12-01 08:04:05.351 0 0 I auditd : type=1400 audit(0.0:16191): avc: denied { kill } for comm="swapper/3" capability=5 scontext=u:r:kernel:s0 tcontext=u:r:kernel:s0 tclass=capability permissive=0
12-01 08:04:06.351 0 0 I auditd : type=1400 audit(0.0:16192): avc: denied { kill } for comm="swapper/3" capability=5 scontext=u:r:kernel:s0 tcontext=u:r:kernel:s0 tclass=capability permissive=0
12-01 08:04:07.351 0 0 I auditd : type=1400 audit(0.0:16193): avc: denied { kill } for comm="swapper/3" capability=5 scontext=u:r:kernel:s0 tcontext=u:r:kernel:s0 tclass=capability permissive=0
12-01 08:04:08.351 0 0 I auditd : type=1400 audit(0.0:16194): avc: denied { kill } for comm="swapper/3" capability=5 scontext=u:r:kernel:s0 tcontext=u:r:kernel:s0 tclass=capability permissive=0
12-01 08:04:09.351 0 0 I auditd : type=1400 audit(0.0:16195): avc: denied { kill } for comm="swapper/3" capability=5 scontext=u:r:kernel:s0 tcontext=u:r:kernel:s0 tclass=capability permissive=0
12-01 08:04:10.351 0 0 I auditd : type=1400 audit(0.0:16196): avc: denied { kill } for comm="swapper/3" capability=5 scontext=u:r:kernel:s0 tcontext=u:r:kernel:s0 tclass=capability permissive=0
12-01 08:04:12.351 0 0 I auditd : type=1400 audit(0.0:16197): avc: denied { kill } for comm="swapper/3" capability=5 scontext=u:r:kernel:s0 tcontext=u:r:kernel:s0 tclass=capability permissive=0
12-01 08:04:13.351 0 0 I auditd : type=1400 audit(0.0:16198): avc: denied { kill } for comm="swapper/3" capability=5 scontext=u:r:kernel:s0 tcontext=u:r:kernel:s0 tclass=capability permissive=0
12-01 08:04:14.351 0 0 I auditd : type=1400 audit(0.0:16199): avc: denied { kill } for comm="swapper/3" capability=5 scontext=u:r:kernel:s0 tcontext=u:r:kernel:s0 tclass=capability permissive=0
12-01 08:04:15.351 0 0 I auditd : type=1400 audit(0.0:16200): avc: denied { kill } for comm="swapper/3" capability=5 scontext=u:r:kernel:s0 tcontext=u:r:kernel:s0 tclass=capability permissive=0
12-01 08:04:16.351 0 0 I auditd : type=1400 audit(0.0:16201): avc: denied { kill } for comm="swapper/3" capability=5 scontext=u:r:kernel:s0 tcontext=u:r:kernel:s0 tclass=capability permissive=0
12-01 08:04:17.351 0 0 I auditd : type=1400 audit(0.0:16202): avc: denied { kill } for comm="swapper/3" capability=5 scontext=u:r:kernel:s0 tcontext=u:r:kernel:s0 tclass=capability permissive=0
12-01 08:04:18.351 0 0 I auditd : type=1400 audit(0.0:16203): avc: denied { kill } for comm="swapper/3" capability=5 scontext=u:r:kernel:s0 tcontext=u:r:kernel:s0 tclass=capability permissive=0
12-01 08:04:19.351 0 0 I auditd : type=1400 audit(0.0:16204): avc: denied { kill } for comm="swapper/3" capability=5 scontext=u:r:kernel:s0 tcontext=u:r:kernel:s0 tclass=capability permissive=0
12-01 08:04:20.351 0 0 I auditd : type=1400 audit(0.0:16205): avc: denied { kill } for comm="swapper/3" capability=5 scontext=u:r:kernel:s0 tcontext=u:r:kernel:s0 tclass=capability permissive=0
12-01 08:04:21.351 0 0 I auditd : type=1400 audit(0.0:16206): avc: denied { kill } for comm="swapper/3" capability=5 scontext=u:r:kernel:s0 tcontext=u:r:kernel:s0 tclass=capability permissive=0
12-01 08:04:22.335 1508 1508 I notification_enqueue: [10097,9319,com.github.uiautomator,1,NULL,0,Notification(channel=monitor service shortcut=null contentView=null vibrate=null sound=null tick defaults=0x0 flags=0x40 color=0x00000000 vis=PRIVATE),1]
12-01 08:04:22.351 0 0 I auditd : type=1400 audit(0.0:16207): avc: denied { kill } for comm="swapper/3" capability=5 scontext=u:r:kernel:s0 tcontext=u:r:kernel:s0 tclass=capability permissive=0
12-01 08:04:22.536 1508 1508 I GameModeConfig: isGameModeOn = false
12-01 08:04:22.788 1508 1666 V DisplayPowerController[0]: Brightness [0.05] reason changing to: 'manual [ dim ]', previous reason: 'manual'.
12-01 08:04:22.788 1508 1666 I sysui_multi_action: [757,1696,758,6,759,2]
12-01 08:04:22.789 1508 1666 W PowerManagerService: Screen on took 475002 ms
12-01 08:04:22.790 1508 2356 E DisplayDeviceConfig: requesting nits when no mapping exists.
12-01 08:04:22.791 1508 2356 E DisplayDeviceConfig: requesting nits when no mapping exists.
12-01 08:04:22.792 1508 1648 I am_wtf : [0,1508,system_server,-1,DisplayDeviceConfig,requesting nits when no mapping exists.]
12-01 08:04:22.795 1508 1648 I DropBoxManagerService: add tag=system_server_wtf isTagEnabled=true flags=0x2
12-01 08:04:22.798 1508 1648 I am_wtf : [0,1508,system_server,-1,DisplayDeviceConfig,requesting nits when no mapping exists.]
12-01 08:04:22.800 1508 1648 I DropBoxManagerService: add tag=system_server_wtf isTagEnabled=true flags=0x2
12-01 08:04:22.806 1508 2356 E DisplayDeviceConfig: requesting nits when no mapping exists.
12-01 08:04:22.807 1508 2356 E DisplayDeviceConfig: requesting nits when no mapping exists.
12-01 08:04:22.807 1508 1648 I am_wtf : [0,1508,system_server,-1,DisplayDeviceConfig,requesting nits when no mapping exists.]
12-01 08:04:22.808 1508 1648 I DropBoxManagerService: add tag=system_server_wtf isTagEnabled=true flags=0x2
12-01 08:04:22.809 1508 1648 I am_wtf : [0,1508,system_server,-1,DisplayDeviceConfig,requesting nits when no mapping exists.]
12-01 08:04:22.810 1508 1648 I DropBoxManagerService: add tag=system_server_wtf isTagEnabled=true flags=0x2
12-01 08:04:22.822 1508 2356 E DisplayDeviceConfig: requesting nits when no mapping exists.
12-01 08:04:22.823 1508 2356 E DisplayDeviceConfig: requesting nits when no mapping exists.
12-01 08:04:22.823 1508 1648 I am_wtf : [0,1508,system_server,-1,DisplayDeviceConfig,requesting nits when no mapping exists.]
12-01 08:04:22.823 1508 1648 I DropBoxManagerService: add tag=system_server_wtf isTagEnabled=true flags=0x2
12-01 08:04:22.824 1508 1648 I am_wtf : [0,1508,system_server,-1,DisplayDeviceConfig,requesting nits when no mapping exists.]
12-01 08:04:22.839 1508 2356 E DisplayDeviceConfig: requesting nits when no mapping exists.
12-01 08:04:22.839 1508 1648 I am_wtf : [0,1508,system_server,-1,DisplayDeviceConfig,requesting nits when no mapping exists.]
12-01 08:04:22.839 1508 2356 E DisplayDeviceConfig: requesting nits when no mapping exists.
12-01 08:04:22.841 1508 1648 I am_wtf : [0,1508,system_server,-1,DisplayDeviceConfig,requesting nits when no mapping exists.]
12-01 08:04:22.856 1508 2356 E DisplayDeviceConfig: requesting nits when no mapping exists.
12-01 08:04:22.856 1508 2356 E DisplayDeviceConfig: requesting nits when no mapping exists.
12-01 08:04:22.857 1508 1648 I am_wtf : [0,1508,system_server,-1,DisplayDeviceConfig,requesting nits when no mapping exists.]
12-01 08:04:22.857 1508 1648 I am_wtf : [0,1508,system_server,-1,DisplayDeviceConfig,requesting nits when no mapping exists.]
12-01 08:04:22.872 1508 2356 E DisplayDeviceConfig: requesting nits when no mapping exists.
12-01 08:04:22.873 1508 2356 E DisplayDeviceConfig: requesting nits when no mapping exists.
12-01 08:04:22.873 1508 1648 I am_wtf : [0,1508,system_server,-1,DisplayDeviceConfig,requesting nits when no mapping exists.]
12-01 08:04:22.874 1508 1648 I am_wtf : [0,1508,system_server,-1,DisplayDeviceConfig,requesting nits when no mapping exists.]
12-01 08:04:22.889 1508 2356 E DisplayDeviceConfig: requesting nits when no mapping exists.
12-01 08:04:22.889 1508 1648 I am_wtf : [0,1508,system_server,-1,DisplayDeviceConfig,requesting nits when no mapping exists.]
12-01 08:04:22.890 1508 2356 E DisplayDeviceConfig: requesting nits when no mapping exists.
12-01 08:04:22.890 1508 1648 I am_wtf : [0,1508,system_server,-1,DisplayDeviceConfig,requesting nits when no mapping exists.]
12-01 08:04:22.905 1508 2356 E DisplayDeviceConfig: requesting nits when no mapping exists.
12-01 08:04:22.905 1508 1648 I am_wtf : [0,1508,system_server,-1,DisplayDeviceConfig,requesting nits when no mapping exists.]
12-01 08:04:22.905 1508 2356 E DisplayDeviceConfig: requesting nits when no mapping exists.
12-01 08:04:22.906 1508 1648 I am_wtf : [0,1508,system_server,-1,DisplayDeviceConfig,requesting nits when no mapping exists.]
12-01 08:04:22.923 1508 2356 E DisplayDeviceConfig: requesting nits when no mapping exists.
12-01 08:04:22.923 1508 1648 I am_wtf : [0,1508,system_server,-1,DisplayDeviceConfig,requesting nits when no mapping exists.]
12-01 08:04:22.926 1508 2356 E DisplayDeviceConfig: requesting nits when no mapping exists.
12-01 08:04:22.926 1508 1648 I am_wtf : [0,1508,system_server,-1,DisplayDeviceConfig,requesting nits when no mapping exists.]
12-01 08:04:22.939 1508 2356 E DisplayDeviceConfig: requesting nits when no mapping exists.
12-01 08:04:22.939 1508 1648 I am_wtf : [0,1508,system_server,-1,DisplayDeviceConfig,requesting nits when no mapping exists.]
12-01 08:04:22.939 1508 2356 E DisplayDeviceConfig: requesting nits when no mapping exists.
12-01 08:04:22.940 1508 1648 I am_wtf : [0,1508,system_server,-1,DisplayDeviceConfig,requesting nits when no mapping exists.]
12-01 08:04:22.956 1508 2356 E DisplayDeviceConfig: requesting nits when no mapping exists.
12-01 08:04:22.957 1508 2356 E DisplayDeviceConfig: requesting nits when no mapping exists.
12-01 08:04:22.958 1508 1648 I am_wtf : [0,1508,system_server,-1,DisplayDeviceConfig,requesting nits when no mapping exists.]
12-01 08:04:22.960 1508 1648 I am_wtf : [0,1508,system_server,-1,DisplayDeviceConfig,requesting nits when no mapping exists.]
12-01 08:04:22.973 1508 2356 E DisplayDeviceConfig: requesting nits when no mapping exists.
12-01 08:04:22.973 1508 2356 E DisplayDeviceConfig: requesting nits when no mapping exists.
12-01 08:04:22.973 1508 1648 I am_wtf : [0,1508,system_server,-1,DisplayDeviceConfig,requesting nits when no mapping exists.]
12-01 08:04:22.974 1508 1648 I am_wtf : [0,1508,system_server,-1,DisplayDeviceConfig,requesting nits when no mapping exists.]
12-01 08:04:22.989 1508 2356 E DisplayDeviceConfig: requesting nits when no mapping exists.
12-01 08:04:22.990 1508 1648 I am_wtf : [0,1508,system_server,-1,DisplayDeviceConfig,requesting nits when no mapping exists.]
12-01 08:04:22.991 1508 2356 E DisplayDeviceConfig: requesting nits when no mapping exists.
12-01 08:04:22.991 1508 1648 I am_wtf : [0,1508,system_server,-1,DisplayDeviceConfig,requesting nits when no mapping exists.]
12-01 08:04:23.006 1508 2356 E DisplayDeviceConfig: requesting nits when no mapping exists.
12-01 08:04:23.006 1508 2356 E DisplayDeviceConfig: requesting nits when no mapping exists.
12-01 08:04:23.007 1508 1648 I am_wtf : [0,1508,system_server,-1,DisplayDeviceConfig,requesting nits when no mapping exists.]
12-01 08:04:23.007 1508 1648 I am_wtf : [0,1508,system_server,-1,DisplayDeviceConfig,requesting nits when no mapping exists.]
12-01 08:04:23.023 1508 2356 E DisplayDeviceConfig: requesting nits when no mapping exists.
12-01 08:04:23.024 1508 1648 I am_wtf : [0,1508,system_server,-1,DisplayDeviceConfig,requesting nits when no mapping exists.]
12-01 08:04:23.025 1508 2356 E DisplayDeviceConfig: requesting nits when no mapping exists.
12-01 08:04:23.026 1508 1648 I am_wtf : [0,1508,system_server,-1,DisplayDeviceConfig,requesting nits when no mapping exists.]
12-01 08:04:23.039 1508 2356 E DisplayDeviceConfig: requesting nits when no mapping exists.
12-01 08:04:23.040 1508 1648 I am_wtf : [0,1508,system_server,-1,DisplayDeviceConfig,requesting nits when no mapping exists.]
12-01 08:04:23.040 1508 2356 E DisplayDeviceConfig: requesting nits when no mapping exists.
12-01 08:04:23.041 1508 1648 I am_wtf : [0,1508,system_server,-1,DisplayDeviceConfig,requesting nits when no mapping exists.]
12-01 08:04:23.057 1508 2356 E DisplayDeviceConfig: requesting nits when no mapping exists.
12-01 08:04:23.059 1508 1648 I am_wtf : [0,1508,system_server,-1,DisplayDeviceConfig,requesting nits when no mapping exists.]
12-01 08:04:23.059 1508 2356 E DisplayDeviceConfig: requesting nits when no mapping exists.
12-01 08:04:23.059 1508 1648 I am_wtf : [0,1508,system_server,-1,DisplayDeviceConfig,requesting nits when no mapping exists.]
12-01 08:04:23.073 1508 2356 E DisplayDeviceConfig: requesting nits when no mapping exists.
12-01 08:04:23.073 1508 1648 I am_wtf : [0,1508,system_server,-1,DisplayDeviceConfig,requesting nits when no mapping exists.]
12-01 08:04:23.074 1508 2356 E DisplayDeviceConfig: requesting nits when no mapping exists.
12-01 08:04:23.075 1508 1648 I am_wtf : [0,1508,system_server,-1,DisplayDeviceConfig,requesting nits when no mapping exists.]
12-01 08:04:23.089 1508 2356 E DisplayDeviceConfig: requesting nits when no mapping exists.
12-01 08:04:23.090 1508 2356 E DisplayDeviceConfig: requesting nits when no mapping exists.
12-01 08:04:23.090 1508 1648 I am_wtf : [0,1508,system_server,-1,DisplayDeviceConfig,requesting nits when no mapping exists.]
12-01 08:04:23.091 1508 1648 I am_wtf : [0,1508,system_server,-1,DisplayDeviceConfig,requesting nits when no mapping exists.]
12-01 08:04:23.107 1508 2356 E DisplayDeviceConfig: requesting nits when no mapping exists.
12-01 08:04:23.107 1508 1648 I am_wtf : [0,1508,system_server,-1,DisplayDeviceConfig,requesting nits when no mapping exists.]
12-01 08:04:23.109 1508 2356 E DisplayDeviceConfig: requesting nits when no mapping exists.
12-01 08:04:23.110 1508 1648 I am_wtf : [0,1508,system_server,-1,DisplayDeviceConfig,requesting nits when no mapping exists.]
