12-01 07:59:51.351 0 0 I auditd : type=1400 audit(0.0:16003): avc: denied { kill } for comm="swapper/2" capability=5 scontext=u:r:kernel:s0 tcontext=u:r:kernel:s0 tclass=capability permissive=0
12-01 07:59:52.351 0 0 I auditd : type=1400 audit(0.0:16004): avc: denied { kill } for comm="swapper/2" capability=5 scontext=u:r:kernel:s0 tcontext=u:r:kernel:s0 tclass=capability permissive=0
12-01 07:59:53.211 1508 2005 I input_interaction: Interaction with: e969859 com.android.calendar/com.android.calendar.AllInOneActivity (server), edge-swipe (server), swipe-up (server), PointerEventDispatcher0 (server),
12-01 07:59:53.229 1508 6896 I wm_task_moved: [1,0,0]
12-01 07:59:53.230 1508 6896 I wm_task_moved: [1,0,7]
12-01 07:59:53.239 1508 6896 W WindowManager: updateScale0.7996942
12-01 07:59:53.254 22714 22730 W ContextImpl: Calling a method in the system process without a qualified user: android.app.ContextImpl.startService:1816 android.content.ContextWrapper.startService:774 com.thundercomm.gamemode.ingame.services.GameModeActionUtils.startGameModeService:93 com.thundercomm.gamemode.ingame.services.GameModeActionUtils.startGameModeEntry:21 com.thundercomm.gamemode.ingame.services.ActivityMonitoringService$1.onActivityLaunch:127
12-01 07:59:53.260 1508 1508 I GameModeConfig: Current uri is uri = content://com.thundercomm.gamemode.api/gamemode_settings/gamemode_isgaming
12-01 07:59:53.263 1508 6896 W WindowManager: updateScale0.7996942
12-01 07:59:53.265 1508 1508 I GameModeConfig: isGameModeOn = false
12-01 07:59:53.266 1508 1508 I GameModeConfig: isGameModeOn = false
12-01 07:59:53.266 1508 1508 I GameModeConfig: isDisableVoice = true
12-01 07:59:53.268 2822 2822 I wm_on_restart_called: [103113767,com.android.launcher3.uioverrides.QuickstepLauncher,performRestartActivity]
12-01 07:59:53.269 1508 6896 I wm_finish_activity: [0,235419474,255,com.android.gallery3d/.app.GalleryActivity,app-request]
12-01 07:59:53.282 1508 6896 I wm_pause_activity: [0,235419474,com.android.gallery3d/.app.GalleryActivity,userLeaving=false,finish]
12-01 07:59:53.294 22978 22978 I wm_on_paused_called: [235419474,com.android.gallery3d.app.GalleryActivity,performPause]
12-01 07:59:53.296 1508 10918 I wm_destroy_activity: [0,235419474,255,com.android.gallery3d/.app.GalleryActivity,finish-imm:completePausedLocked]
12-01 07:59:53.312 1508 1636 I sysui_multi_action: [757,803,799,window_time_0,802,5]
12-01 07:59:53.313 22978 22978 I wm_on_stop_called: [235419474,com.android.gallery3d.app.GalleryActivity,LIFECYCLER_STOP_ACTIVITY]
12-01 07:59:53.318 2822 2822 I wm_on_start_called: [103113767,com.android.launcher3.uioverrides.QuickstepLauncher,handleStartActivity]
12-01 07:59:53.319 24544 24544 I view_enqueue_input_event: [Motion - Cancel,com.android.calendar/com.android.calendar.AllInOneActivity]
12-01 07:59:53.319 22978 22978 I wm_on_destroy_called: [235419474,com.android.gallery3d.app.GalleryActivity,performDestroy]
12-01 07:59:53.322 22714 22730 W ContextImpl: Calling a method in the system process without a qualified user: android.app.ContextImpl.startService:1816 android.content.ContextWrapper.startService:774 com.thundercomm.gamemode.ingame.services.GameModeActionUtils.startGameModeService:93 com.thundercomm.gamemode.ingame.services.GameModeActionUtils.startGameModeEntry:21 com.thundercomm.gamemode.ingame.services.ActivityMonitoringService$1.onActivityLaunch:127
12-01 07:59:53.325 1508 1637 I input_focus: [Focus request recents_animation_input_consumer,reason=UpdateInputWindows]
12-01 07:59:53.326 2822 2822 I sysui_latency: [1,118]
12-01 07:59:53.328 1508 2005 I input_interaction: Interaction with: edge-swipe (server), swipe-up (server), PointerEventDispatcher0 (server),
12-01 07:59:53.332 1508 1508 I GameModeConfig: Current uri is uri = content://com.thundercomm.gamemode.api/gamemode_settings/gamemode_isgaming
12-01 07:59:53.337 1508 1508 I GameModeConfig: isGameModeOn = false
12-01 07:59:53.337 1508 1508 I GameModeConfig: isGameModeOn = false
12-01 07:59:53.337 1508 1508 I GameModeConfig: isDisableVoice = true
12-01 07:59:53.343 1508 8124 I wm_task_removed: [255,removeChild:removeChild last r=ActivityRecord{e083752 u0 com.android.gallery3d/.app.GalleryActivity t-1 f}} in t=Task{6bfbfdd #255 type=standard A=10064:com.android.gallery3d U=0 visible=false mode=freeform translucent=true sz=0}]
12-01 07:59:53.343 1508 8124 I wm_task_removed: [255,removeChild]
12-01 07:59:53.344 1508 8124 D FreeFormWindowHelper: Remove freefrom task=Task{6bfbfdd #255 type=standard A=10064:com.android.gallery3d U=0 visible=false mode=freeform translucent=true sz=0}
12-01 07:59:53.344 1508 1633 I sysui_multi_action: [319,15,322,110,325,14811,757,761,758,9,759,5,806,com.android.launcher3,871,com.android.launcher3.uioverrides.QuickstepLauncher,905,0,1320,8,1321,5]
12-01 07:59:53.347 1508 2005 I input_focus: [Focus leaving e969859 com.android.calendar/com.android.calendar.AllInOneActivity (server),reason=NOT_FOCUSABLE]
12-01 07:59:53.348 1508 2005 I input_focus: [Focus entering recents_animation_input_consumer (server),reason=setFocusedWindow]
12-01 07:59:53.353 1508 2426 W ActivityTaskManager: getTaskSnapshot: taskId=4249 not found
12-01 07:59:53.354 1508 2426 W ActivityTaskManager: getTaskSnapshot: taskId=3249 not found
12-01 07:59:53.355 1508 2426 W ActivityTaskManager: getTaskSnapshot: taskId=2249 not found
12-01 07:59:53.356 1508 2426 W ActivityTaskManager: getTaskSnapshot: taskId=1249 not found
12-01 07:59:53.409 22714 22730 W ContextImpl: Calling a method in the system process without a qualified user: android.app.ContextImpl.startService:1816 android.content.ContextWrapper.startService:774 com.thundercomm.gamemode.ingame.services.GameModeActionUtils.startGameModeService:93 com.thundercomm.gamemode.ingame.services.GameModeActionUtils.startGameModeEntry:21 com.thundercomm.gamemode.ingame.services.ActivityMonitoringService$1.onActivityLaunch:127
12-01 07:59:53.419 1508 1508 I GameModeConfig: Current uri is uri = content://com.thundercomm.gamemode.api/gamemode_settings/gamemode_isgaming
12-01 07:59:53.420 1508 1508 I GameModeConfig: isGameModeOn = false
12-01 07:59:53.421 1508 1508 I GameModeConfig: isGameModeOn = false
12-01 07:59:53.421 1508 1508 I GameModeConfig: isDisableVoice = true
12-01 07:59:53.522 1508 1754 I commit_sys_config_file: [settings-1-0,6]
12-01 07:59:53.642 1508 1647 I sysui_latency: [8,125]
12-01 07:59:54.207 1508 2426 I wm_task_moved: [1,1,7]
12-01 07:59:54.208 1508 2426 I wm_focused_root_task: [0,0,1,256,RecentsAnimation.onAnimationFinished()]
12-01 07:59:54.208 1508 2426 I wm_pause_activity: [0,209307396,com.android.calendar/.AllInOneActivity,userLeaving=false,pauseBackTasks]
12-01 07:59:54.209 1508 2426 I ActivityTaskManager: FOREGROUND_APPLICATION_CHANGED to com.android.launcher3.uioverrides.QuickstepLauncher
12-01 07:59:54.209 1508 2426 I wm_set_resumed_activity: [0,com.android.launcher3/.uioverrides.QuickstepLauncher,resumeTopActivityInnerLocked]
12-01 07:59:54.210 1508 2426 I wm_resume_activity: [0,103113767,10,com.android.launcher3/.uioverrides.QuickstepLauncher]
12-01 07:59:54.210 1508 2426 I wm_add_to_stopping: [0,209307396,com.android.calendar/.AllInOneActivity,makeInvisible]
12-01 07:59:54.211 24544 24544 I wm_on_top_resumed_lost_called: [209307396,com.android.calendar.AllInOneActivity,topStateChangedWhenResumed]
12-01 07:59:54.212 2822 2822 I wm_on_resume_called: [103113767,com.android.launcher3.uioverrides.QuickstepLauncher,RESUME_ACTIVITY]
12-01 07:59:54.218 1508 1637 I input_focus: [Focus request 9ddf785 com.android.launcher3/com.android.launcher3.uioverrides.QuickstepLauncher,reason=UpdateInputWindows]
12-01 07:59:54.220 2822 2822 I wm_on_top_resumed_gained_called: [103113767,com.android.launcher3.uioverrides.QuickstepLauncher,topStateChangedWhenResumed]
12-01 07:59:54.222 24544 24544 I wm_on_paused_called: [209307396,com.android.calendar.AllInOneActivity,performPause]
12-01 07:59:54.231 1508 2005 I input_focus: [Focus leaving recents_animation_input_consumer (server),reason=NOT_VISIBLE]
12-01 07:59:54.231 1508 2005 I input_focus: [Focus entering 9ddf785 com.android.launcher3/com.android.launcher3.uioverrides.QuickstepLauncher (server),reason=setFocusedWindow]
12-01 07:59:54.233 1508 1636 I wm_stop_activity: [0,209307396,com.android.calendar/.AllInOneActivity]
12-01 07:59:54.234 24544 24544 I wm_on_stop_called: [209307396,com.android.calendar.AllInOneActivity,STOP_ACTIVITY_ITEM]
12-01 07:59:54.235 1508 1636 I sysui_multi_action: [757,803,799,window_time_0,802,1]
12-01 07:59:54.258 22714 22730 W ContextImpl: Calling a method in the system process without a qualified user: android.app.ContextImpl.startService:1816 android.content.ContextWrapper.startService:774 com.thundercomm.gamemode.ingame.services.GameModeActionUtils.startGameModeService:93 com.thundercomm.gamemode.ingame.services.GameModeActionUtils.startGameModeEntry:21 com.thundercomm.gamemode.ingame.services.ActivityMonitoringService$1.onActivityLaunch:127
12-01 07:59:54.264 1508 1508 I GameModeConfig: Current uri is uri = content://com.thundercomm.gamemode.api/gamemode_settings/gamemode_isgaming
12-01 07:59:54.266 1508 1508 I GameModeConfig: isGameModeOn = false
12-01 07:59:54.266 1508 1508 I GameModeConfig: isGameModeOn = false
12-01 07:59:54.266 1508 1508 I GameModeConfig: isDisableVoice = true
12-01 07:59:54.339 22714 22730 W ContextImpl: Calling a method in the system process without a qualified user: android.app.ContextImpl.startService:1816 android.content.ContextWrapper.startService:774 com.thundercomm.gamemode.ingame.services.GameModeActionUtils.startGameModeService:93 com.thundercomm.gamemode.ingame.services.GameModeActionUtils.startGameModeEntry:21 com.thundercomm.gamemode.ingame.services.ActivityMonitoringService$1.onActivityLaunch:127
12-01 07:59:54.344 1508 1508 I GameModeConfig: Current uri is uri = content://com.thundercomm.gamemode.api/gamemode_settings/gamemode_isgaming
12-01 07:59:54.346 1508 1508 I GameModeConfig: isGameModeOn = false
12-01 07:59:54.348 1508 1508 I GameModeConfig: isGameModeOn = false
12-01 07:59:54.348 1508 1508 I GameModeConfig: isDisableVoice = true
12-01 07:59:54.351 0 0 I auditd : type=1400 audit(0.0:16005): avc: denied { kill } for comm="swapper/2" capability=5 scontext=u:r:kernel:s0 tcontext=u:r:kernel:s0 tclass=capability permissive=0
12-01 07:59:54.434 1508 1754 I commit_sys_config_file: [settings-1-0,7]
12-01 07:59:55.351 0 0 I auditd : type=1400 audit(0.0:16006): avc: denied { kill } for comm="swapper/2" capability=5 scontext=u:r:kernel:s0 tcontext=u:r:kernel:s0 tclass=capability permissive=0
12-01 07:59:55.466 1508 2005 I input_interaction: Interaction with: 9ddf785 com.android.launcher3/com.android.launcher3.uioverrides.QuickstepLauncher (server), a0d30ab com.android.systemui.ImageWallpaper (server), edge-swipe (server), swipe-up (server), PointerEventDispatcher0 (server),
12-01 07:59:55.603 1508 8124 I wm_task_moved: [1,1,7]
12-01 07:59:55.604 1508 8124 I wm_set_resumed_activity: [0,com.android.launcher3/.uioverrides.QuickstepLauncher,positionChildAt]
12-01 07:59:55.604 1508 8124 I wm_task_moved: [256,1,7]
12-01 07:59:55.605 1508 8124 I wm_focused_root_task: [0,0,256,1,moveTaskToFront findTaskToMoveToFront]
12-01 07:59:55.605 1508 8124 I wm_set_resumed_activity: [0,com.android.calendar/.AllInOneActivity,moveTaskToFront findTaskToMoveToFront]
12-01 07:59:55.607 1508 8124 I wm_pause_activity: [0,103113767,com.android.launcher3/.uioverrides.QuickstepLauncher,userLeaving=true,pauseBackTasks]
12-01 07:59:55.613 2822 2822 I wm_on_top_resumed_lost_called: [103113767,com.android.launcher3.uioverrides.QuickstepLauncher,topStateChangedWhenResumed]
12-01 07:59:55.614 2822 2822 I wm_on_paused_called: [103113767,com.android.launcher3.uioverrides.QuickstepLauncher,performPause]
12-01 07:59:55.616 1508 6928 I ActivityTaskManager: FOREGROUND_APPLICATION_CHANGED to com.android.calendar.AllInOneActivity
12-01 07:59:55.617 1508 6928 I wm_set_resumed_activity: [0,com.android.calendar/.AllInOneActivity,resumeTopActivityInnerLocked]
12-01 07:59:55.618 1508 6928 I wm_add_to_stopping: [0,103113767,com.android.launcher3/.uioverrides.QuickstepLauncher,makeInvisible]
12-01 07:59:55.620 1508 6928 I wm_resume_activity: [0,209307396,256,com.android.calendar/.AllInOneActivity]
12-01 07:59:55.639 24544 24544 I wm_on_restart_called: [209307396,com.android.calendar.AllInOneActivity,performRestartActivity]
12-01 07:59:55.639 24544 24544 I wm_on_start_called: [209307396,com.android.calendar.AllInOneActivity,handleStartActivity]
12-01 07:59:55.641 1508 1636 I sysui_multi_action: [757,803,799,window_time_0,802,2]
12-01 07:59:55.642 24544 24544 I wm_on_resume_called: [209307396,com.android.calendar.AllInOneActivity,RESUME_ACTIVITY]
12-01 07:59:55.645 24544 24544 I wm_on_top_resumed_gained_called: [209307396,com.android.calendar.AllInOneActivity,topWhenResuming]
12-01 07:59:55.648 22714 22730 W ContextImpl: Calling a method in the system process without a qualified user: android.app.ContextImpl.startService:1816 android.content.ContextWrapper.startService:774 com.thundercomm.gamemode.ingame.services.GameModeActionUtils.startGameModeService:93 com.thundercomm.gamemode.ingame.services.GameModeActionUtils.startGameModeEntry:21 com.thundercomm.gamemode.ingame.services.ActivityMonitoringService$1.onActivityLaunch:127
12-01 07:59:55.649 1508 2005 I input_focus: [Focus leaving 9ddf785 com.android.launcher3/com.android.launcher3.uioverrides.QuickstepLauncher (server),reason=NO_WINDOW]
12-01 07:59:55.653 1508 1508 I GameModeConfig: Current uri is uri = content://com.thundercomm.gamemode.api/gamemode_settings/gamemode_isgaming
12-01 07:59:55.663 1508 1637 I input_focus: [Focus request e969859 com.android.calendar/com.android.calendar.AllInOneActivity,reason=UpdateInputWindows]
12-01 07:59:55.667 1508 1508 I GameModeConfig: isGameModeOn = false
12-01 07:59:55.667 1508 1508 I GameModeConfig: isGameModeOn = false
12-01 07:59:55.667 1508 1508 I GameModeConfig: isDisableVoice = true
12-01 07:59:55.672 1508 1633 I sysui_multi_action: [319,45,321,42,322,66,325,14814,757,761,758,9,759,4,806,com.android.calendar,871,com.android.calendar.AllInOneActivity,904,com.android.launcher3,905,0,1320,4,1321,1]
12-01 07:59:55.685 1508 2005 I input_focus: [Focus entering e969859 com.android.calendar/com.android.calendar.AllInOneActivity (server),reason=setFocusedWindow]
12-01 07:59:55.729 22714 22730 W ContextImpl: Calling a method in the system process without a qualified user: android.app.ContextImpl.startService:1816 android.content.ContextWrapper.startService:774 com.thundercomm.gamemode.ingame.services.GameModeActionUtils.startGameModeService:93 com.thundercomm.gamemode.ingame.services.GameModeActionUtils.startGameModeEntry:21 com.thundercomm.gamemode.ingame.services.ActivityMonitoringService$1.onActivityLaunch:127
12-01 07:59:55.733 1508 1508 I GameModeConfig: Current uri is uri = content://com.thundercomm.gamemode.api/gamemode_settings/gamemode_isgaming
12-01 07:59:55.736 1508 1508 I GameModeConfig: isGameModeOn = false
12-01 07:59:55.736 1508 1508 I GameModeConfig: isGameModeOn = false
12-01 07:59:55.736 1508 1508 I GameModeConfig: isDisableVoice = true
12-01 07:59:56.052 1508 1636 I wm_stop_activity: [0,103113767,com.android.launcher3/.uioverrides.QuickstepLauncher]
12-01 07:59:56.100 1508 6928 W ContextImpl: Calling a method in the system process without a qualified user: android.app.ContextImpl.startActivity:1067 com.android.server.wm.FreeFormWindowHelper.exitRecentTasks:426 com.android.server.wm.ActivityTaskManagerService.exitRecentTasks:3795 android.app.IActivityTaskManager$Stub.onTransact:2307 com.android.server.wm.ActivityTaskManagerService.onTransact:5046
12-01 07:59:56.101 1508 6928 I ActivityTaskManager: START u0 {flg=0x10008000 cmp=com.android.gallery3d/.app.GalleryActivity} from uid 1000
12-01 07:59:56.105 1508 6928 I wm_task_created: [257,-1]
12-01 07:59:56.106 1508 6928 W ActivityTaskManager: Can't find TaskDisplayArea to determine support for multi window. Task id=257 attached=false
12-01 07:59:56.107 1508 6928 D FreeFormWindowHelper: Add freeform task=Task{d318b87 #257 type=standard ?? U=0 visible=false mode=freeform translucent=true sz=0}
12-01 07:59:56.114 1508 6928 I wm_task_moved: [257,1,8]
12-01 07:59:56.114 1508 6928 I wm_task_to_front: [0,257]
12-01 07:59:56.115 1508 6928 I wm_create_task: [0,257]
12-01 07:59:56.115 1508 6928 I wm_create_activity: [0,134593204,257,com.android.gallery3d/.app.GalleryActivity,NULL,NULL,NULL,268468224]
12-01 07:59:56.115 1508 6928 I wm_task_moved: [257,1,8]
12-01 07:59:56.115 24544 24544 I wm_on_top_resumed_lost_called: [209307396,com.android.calendar.AllInOneActivity,topStateChangedWhenResumed]
12-01 07:59:56.117 1508 6928 I ActivityTaskManager: FOREGROUND_APPLICATION_CHANGED to com.android.gallery3d.app.GalleryActivity
12-01 07:59:56.118 1508 6928 I ActivityTaskManager: The Process com.android.gallery3d Already Exists in BG. So sending its PID: 22978
12-01 07:59:56.118 1508 6928 W ActivityTaskManager: Tried to set launchTime (0) < mLastActivityLaunchTime (14777106)
12-01 07:59:56.120 1508 6928 I wm_restart_activity: [0,134593204,257,com.android.gallery3d/.app.GalleryActivity]
12-01 07:59:56.121 1508 6928 I wm_set_resumed_activity: [0,com.android.gallery3d/.app.GalleryActivity,minimalResumeActivityLocked]
12-01 07:59:56.146 22978 22978 I wm_on_create_called: [134593204,com.android.gallery3d.app.GalleryActivity,performCreate]
12-01 07:59:56.148 22978 22978 I wm_on_start_called: [134593204,com.android.gallery3d.app.GalleryActivity,handleStartActivity]
12-01 07:59:56.153 22978 22978 I wm_on_resume_called: [134593204,com.android.gallery3d.app.GalleryActivity,RESUME_ACTIVITY]
12-01 07:59:56.157 22978 22978 I wm_on_top_resumed_gained_called: [134593204,com.android.gallery3d.app.GalleryActivity,topStateChangedWhenResumed]
12-01 07:59:56.164 2822 2822 I wm_on_stop_called: [103113767,com.android.launcher3.uioverrides.QuickstepLauncher,STOP_ACTIVITY_ITEM]
12-01 07:59:56.169 1508 6896 W WindowManager: updateScale0.7996942
12-01 07:59:56.172 1508 1637 I input_focus: [Focus request d4e19e com.android.gallery3d/com.android.gallery3d.app.GalleryActivity,reason=UpdateInputWindows]
12-01 07:59:56.203 1508 1637 W WindowManager: updateScale0.7996942
12-01 07:59:56.206 1508 1637 W WindowManager: updateScale0.7996942
12-01 07:59:56.207 1508 2005 I input_focus: [Focus leaving e969859 com.android.calendar/com.android.calendar.AllInOneActivity (server),reason=Waiting for window because NOT_VISIBLE]
12-01 07:59:56.207 1508 1637 W WindowManager: updateScale0.7996942
12-01 07:59:56.212 1508 1633 I sysui_multi_action: [319,105,322,104,325,14814,757,761,758,8,759,2,806,com.android.gallery3d,871,com.android.gallery3d.app.GalleryActivity,904,android,905,0,1320,8,1321,5]
12-01 07:59:56.214 22714 22730 W ContextImpl: Calling a method in the system process without a qualified user: android.app.ContextImpl.startService:1816 android.content.ContextWrapper.startService:774 com.thundercomm.gamemode.ingame.services.GameModeActionUtils.startGameModeService:93 com.thundercomm.gamemode.ingame.services.GameModeActionUtils.startGameModeEntry:21 com.thundercomm.gamemode.ingame.services.ActivityMonitoringService$1.onActivityLaunch:127
12-01 07:59:56.215 1508 1633 I wm_activity_launch_time: [0,134593204,com.android.gallery3d/.app.GalleryActivity,104]
12-01 07:59:56.221 1508 2005 I input_focus: [Focus entering d4e19e com.android.gallery3d/com.android.gallery3d.app.GalleryActivity (server),reason=Window became focusable. Previous reason: NOT_VISIBLE]
12-01 07:59:56.221 1508 1508 I GameModeConfig: Current uri is uri = content://com.thundercomm.gamemode.api/gamemode_settings/gamemode_isgaming
12-01 07:59:56.222 1508 1508 I GameModeConfig: isGameModeOn = false
12-01 07:59:56.223 1508 1508 I GameModeConfig: isGameModeOn = false
12-01 07:59:56.223 1508 1508 I GameModeConfig: isDisableVoice = true
12-01 07:59:56.351 0 0 I auditd : type=1400 audit(0.0:16007): avc: denied { kill } for comm="swapper/2" capability=5 scontext=u:r:kernel:s0 tcontext=u:r:kernel:s0 tclass=capability permissive=0
12-01 07:59:56.706 1508 1637 W WindowManager: updateScale0.7996942
12-01 07:59:56.707 1508 10918 W WindowManager: updateScale0.7996942
12-01 07:59:57.747 1508 2005 I input_interaction: Interaction with: d4e19e com.android.gallery3d/com.android.gallery3d.app.GalleryActivity (server), edge-swipe (server), swipe-up (server), PointerEventDispatcher0 (server),
12-01 07:59:57.862 1508 3862 E TaskPersister: File error accessing recents directory (directory doesn't exist?).
12-01 07:59:57.923 22978 22978 I view_enqueue_input_event: [Motion - Cancel,com.android.gallery3d/com.android.gallery3d.app.GalleryActivity]
12-01 07:59:57.926 1508 2005 I input_interaction: Interaction with: WindowManager (server), edge-swipe (server), swipe-up (server), PointerEventDispatcher0 (server),
12-01 07:59:57.938 1508 1637 D FreeFormWindowHelper: refreshTipWindow windowDragBounds:Rect(1807, 76 - 2330, 1004)
12-01 07:59:57.943 1508 1637 W WindowManager: updateScale0.7996942
12-01 07:59:57.957 1508 1637 D FreeFormWindowHelper: refreshTipWindow windowDragBounds:Rect(1763, 80 - 2286, 1008)
12-01 07:59:57.960 1508 1637 W WindowManager: updateScale0.7996942
12-01 07:59:57.966 1508 8124 W WindowManager: updateScale0.7996942
12-01 07:59:57.978 1508 1637 D FreeFormWindowHelper: refreshTipWindow windowDragBounds:Rect(1666, 80 - 2189, 1008)
12-01 07:59:57.979 1508 1637 W WindowManager: updateScale0.7996942
12-01 07:59:57.990 1508 1637 D FreeFormWindowHelper: refreshTipWindow windowDragBounds:Rect(1511, 80 - 2034, 1008)
12-01 07:59:57.991 1508 1637 W WindowManager: updateScale0.7996942
12-01 07:59:58.007 1508 8124 W WindowManager: updateScale0.7996942
12-01 07:59:58.009 1508 1637 D FreeFormWindowHelper: refreshTipWindow windowDragBounds:Rect(1420, 80 - 1943, 1008)
12-01 07:59:58.010 1508 1637 W WindowManager: updateScale0.7996942
12-01 07:59:58.025 1508 1637 D FreeFormWindowHelper: refreshTipWindow windowDragBounds:Rect(1271, 80 - 1794, 1008)
12-01 07:59:58.026 1508 1637 W WindowManager: updateScale0.7996942
12-01 07:59:58.028 1508 8124 W WindowManager: updateScale0.7996942
12-01 07:59:58.041 1508 1637 D FreeFormWindowHelper: refreshTipWindow windowDragBounds:Rect(1184, 80 - 1707, 1008)
12-01 07:59:58.042 1508 1637 W WindowManager: updateScale0.7996942
12-01 07:59:58.055 1508 10918 W WindowManager: updateScale0.7996942
12-01 07:59:58.057 1508 1637 D FreeFormWindowHelper: refreshTipWindow windowDragBounds:Rect(1137, 80 - 1660, 1008)
12-01 07:59:58.059 1508 1637 W WindowManager: updateScale0.7996942
12-01 07:59:58.074 1508 1637 D FreeFormWindowHelper: refreshTipWindow windowDragBounds:Rect(1111, 81 - 1634, 1009)
12-01 07:59:58.075 1508 1637 W WindowManager: updateScale0.7996942
12-01 07:59:58.091 1508 1637 D FreeFormWindowHelper: refreshTipWindow windowDragBounds:Rect(1089, 82 - 1612, 1010)
12-01 07:59:58.092 1508 1637 W WindowManager: updateScale0.7996942
12-01 07:59:58.107 1508 8124 W WindowManager: updateScale0.7996942
12-01 07:59:58.109 1508 1637 D FreeFormWindowHelper: refreshTipWindow windowDragBounds:Rect(1083, 84 - 1606, 1012)
12-01 07:59:58.110 1508 1637 W WindowManager: updateScale0.7996942
12-01 07:59:58.124 1508 1637 D FreeFormWindowHelper: refreshTipWindow windowDragBounds:Rect(1076, 84 - 1599, 1012)
12-01 07:59:58.125 1508 1637 W WindowManager: updateScale0.7996942
12-01 07:59:58.141 1508 1637 D FreeFormWindowHelper: refreshTipWindow windowDragBounds:Rect(1073, 84 - 1596, 1012)
12-01 07:59:58.143 1508 1637 W WindowManager: updateScale0.7996942
12-01 07:59:58.157 1508 8124 W WindowManager: updateScale0.7996942
12-01 07:59:58.159 1508 1637 D FreeFormWindowHelper: refreshTipWindow windowDragBounds:Rect(1068, 86 - 1591, 1014)
12-01 07:59:58.161 1508 1637 W WindowManager: updateScale0.7996942
12-01 07:59:58.174 1508 1637 D FreeFormWindowHelper: refreshTipWindow windowDragBounds:Rect(1059, 89 - 1582, 1017)
12-01 07:59:58.176 1508 1637 W WindowManager: updateScale0.7996942
12-01 07:59:58.193 1508 1637 D FreeFormWindowHelper: refreshTipWindow windowDragBounds:Rect(1035, 90 - 1558, 1018)
12-01 07:59:58.195 1508 1637 W WindowManager: updateScale0.7996942
12-01 07:59:58.207 1508 8124 W WindowManager: updateScale0.7996942
12-01 07:59:58.209 1508 1637 D FreeFormWindowHelper: refreshTipWindow windowDragBounds:Rect(1005, 93 - 1528, 1021)
12-01 07:59:58.210 1508 1637 W WindowManager: updateScale0.7996942
12-01 07:59:58.224 1508 1637 D FreeFormWindowHelper: refreshTipWindow windowDragBounds:Rect(984, 96 - 1507, 1024)
12-01 07:59:58.226 1508 1637 W WindowManager: updateScale0.7996942
12-01 07:59:58.240 1508 8124 W WindowManager: updateScale0.7996942
12-01 07:59:58.243 1508 1637 D FreeFormWindowHelper: refreshTipWindow windowDragBounds:Rect(932, 97 - 1455, 1025)
12-01 07:59:58.244 1508 1637 W WindowManager: updateScale0.7996942
12-01 07:59:58.258 1508 1637 D FreeFormWindowHelper: refreshTipWindow windowDragBounds:Rect(887, 97 - 1410, 1025)
12-01 07:59:58.259 1508 1637 W WindowManager: updateScale0.7996942
12-01 07:59:58.274 1508 8124 W WindowManager: updateScale0.7996942
12-01 07:59:58.281 1508 1637 D FreeFormWindowHelper: refreshTipWindow windowDragBounds:Rect(859, 98 - 1382, 1026)
12-01 07:59:58.282 1508 1637 W WindowManager: updateScale0.7996942
12-01 07:59:58.295 1508 1637 D FreeFormWindowHelper: refreshTipWindow windowDragBounds:Rect(777, 98 - 1300, 1026)
12-01 07:59:58.296 1508 1637 W WindowManager: updateScale0.7996942
12-01 07:59:58.299 1508 8124 W WindowManager: updateScale0.7996942
12-01 07:59:58.310 1508 1637 D FreeFormWindowHelper: refreshTipWindow windowDragBounds:Rect(732, 98 - 1255, 1026)
12-01 07:59:58.312 1508 1637 W WindowManager: updateScale0.7996942
12-01 07:59:58.325 1508 1637 D FreeFormWindowHelper: refreshTipWindow windowDragBounds:Rect(677, 98 - 1200, 1026)
12-01 07:59:58.326 1508 1637 W WindowManager: updateScale0.7996942
12-01 07:59:58.339 1508 10918 W WindowManager: updateScale0.7996942
12-01 07:59:58.342 1508 1637 D FreeFormWindowHelper: refreshTipWindow windowDragBounds:Rect(627, 98 - 1150, 1026)
12-01 07:59:58.343 1508 1637 W WindowManager: updateScale0.7996942
12-01 07:59:58.358 1508 1637 D FreeFormWindowHelper: refreshTipWindow windowDragBounds:Rect(589, 97 - 1112, 1025)
12-01 07:59:58.359 1508 1637 W WindowManager: updateScale0.7996942
12-01 07:59:58.375 1508 1637 D FreeFormWindowHelper: refreshTipWindow windowDragBounds:Rect(528, 92 - 1051, 1020)
12-01 07:59:58.377 1508 1637 W WindowManager: updateScale0.7996942
12-01 07:59:58.390 1508 10918 W WindowManager: updateScale0.7996942
12-01 07:59:58.393 1508 1637 D FreeFormWindowHelper: refreshTipWindow windowDragBounds:Rect(471, 91 - 994, 1019)
12-01 07:59:58.395 1508 1637 W WindowManager: updateScale0.7996942
12-01 07:59:58.408 1508 1637 D FreeFormWindowHelper: refreshTipWindow windowDragBounds:Rect(430, 87 - 953, 1015)
12-01 07:59:58.410 1508 1637 W WindowManager: updateScale0.7996942
12-01 07:59:58.425 1508 1637 D FreeFormWindowHelper: refreshTipWindow windowDragBounds:Rect(359, 80 - 882, 1008)
12-01 07:59:58.427 1508 1637 W WindowManager: updateScale0.7996942
12-01 07:59:58.441 1508 8124 W WindowManager: updateScale0.7996942
12-01 07:59:58.443 1508 1637 D FreeFormWindowHelper: refreshTipWindow windowDragBounds:Rect(313, 78 - 836, 1006)
12-01 07:59:58.445 1508 1637 W WindowManager: updateScale0.7996942
12-01 07:59:58.458 1508 1637 D FreeFormWindowHelper: refreshTipWindow windowDragBounds:Rect(218, 74 - 741, 1002)
12-01 07:59:58.460 1508 1637 W WindowManager: updateScale0.7996942
12-01 07:59:58.463 1508 8124 W WindowManager: updateScale0.7996942
12-01 07:59:58.475 1508 1637 D FreeFormWindowHelper: refreshTipWindow windowDragBounds:Rect(146, 73 - 669, 1001)
12-01 07:59:58.476 1508 1637 W WindowManager: updateScale0.7996942
12-01 07:59:58.490 1508 8124 W WindowManager: updateScale0.7996942
12-01 07:59:58.492 1508 1637 D FreeFormWindowHelper: refreshTipWindow windowDragBounds:Rect(122, 72 - 645, 1000)
12-01 07:59:58.493 1508 1637 W WindowManager: updateScale0.7996942
12-01 07:59:58.509 1508 1637 D FreeFormWindowHelper: refreshTipWindow windowDragBounds:Rect(115, 72 - 638, 1000)
12-01 07:59:58.510 1508 1637 W WindowManager: updateScale0.7996942
12-01 07:59:58.524 1508 8124 W WindowManager: updateScale0.7996942
12-01 07:59:58.526 1508 1637 D FreeFormWindowHelper: refreshTipWindow windowDragBounds:Rect(113, 72 - 636, 1000)
12-01 07:59:58.529 1508 1637 W WindowManager: updateScale0.7996942
12-01 07:59:58.558 1508 1637 D WindowManager: updateWindowDragBounds: mIsSwipeYfalse
12-01 07:59:58.558 1508 1637 D WindowManager: updateWindowDragBounds: mIsTopfalse
12-01 07:59:58.558 1508 1637 D WindowManager: updateWindowDragBounds: mIsSwipeXfalse
12-01 07:59:58.558 1508 1637 W WindowManager: updateScale0.4617737
12-01 07:59:58.559 1508 1637 I wm_relaunch_resume_activity: [0,134593204,257,com.android.gallery3d/.app.GalleryActivity]
12-01 07:59:58.561 1508 1637 W WindowManager: updateScale0.4617737
12-01 07:59:58.591 22978 22978 I wm_on_top_resumed_lost_called: [134593204,com.android.gallery3d.app.GalleryActivity,pausing]
12-01 07:59:58.594 22978 22978 I wm_on_paused_called: [134593204,com.android.gallery3d.app.GalleryActivity,performPause]
12-01 07:59:58.594 22978 22978 I wm_on_stop_called: [134593204,com.android.gallery3d.app.GalleryActivity,handleRelaunchActivity]
12-01 07:59:58.603 22978 22978 I wm_on_destroy_called: [134593204,com.android.gallery3d.app.GalleryActivity,performDestroy]
12-01 07:59:58.604 1508 10918 I WindowManager: finishDrawing of relaunch: Window{d4e19e u0 com.android.gallery3d/com.android.gallery3d.app.GalleryActivity} 45ms
12-01 07:59:58.628 22978 22978 I wm_on_create_called: [134593204,com.android.gallery3d.app.GalleryActivity,performCreate]
12-01 07:59:58.630 22978 22978 I wm_on_start_called: [134593204,com.android.gallery3d.app.GalleryActivity,handleStartActivity]
12-01 07:59:58.639 22978 22978 I wm_on_resume_called: [134593204,com.android.gallery3d.app.GalleryActivity,RESUME_ACTIVITY]
12-01 07:59:58.639 22978 22978 I wm_on_top_resumed_gained_called: [134593204,com.android.gallery3d.app.GalleryActivity,topWhenResuming]
12-01 07:59:58.644 1508 10918 W WindowManager: updateScale0.4617737
12-01 07:59:58.646 1508 10918 W WindowManager: updateScale0.4617737
12-01 07:59:59.351 1200 1200 I auditd : type=1400 audit(0.0:16008): avc: denied { kill } for comm="selfinstaller" capability=5 scontext=u:r:selfinstaller:s0 tcontext=u:r:selfinstaller:s0 tclass=capability permissive=0
12-01 08:00:00.008 1508 2337 D CompatibilityChangeReporter: Compat change id reported: 171306433; UID 1000; state: ENABLED
12-01 08:00:00.997 1508 2005 I input_interaction: Interaction with: d4e19e com.android.gallery3d/com.android.gallery3d.app.GalleryActivity (server), edge-swipe (server), swipe-up (server), PointerEventDispatcher0 (server),
12-01 08:00:01.351 0 0 I auditd : type=1400 audit(0.0:16009): avc: denied { kill } for comm="swapper/2" capability=5 scontext=u:r:kernel:s0 tcontext=u:r:kernel:s0 tclass=capability permissive=0
12-01 08:00:01.373 1508 1602 W WindowManager: updateScale0.7996942
12-01 08:00:01.375 1508 1602 I wm_relaunch_resume_activity: [0,134593204,257,com.android.gallery3d/.app.GalleryActivity]
12-01 08:00:01.377 1508 1602 W WindowManager: updateScale0.7996942
12-01 08:00:01.394 22978 22978 I wm_on_top_resumed_lost_called: [134593204,com.android.gallery3d.app.GalleryActivity,pausing]
12-01 08:00:01.418 22978 22978 I wm_on_paused_called: [134593204,com.android.gallery3d.app.GalleryActivity,performPause]
12-01 08:00:01.418 22978 22978 I wm_on_stop_called: [134593204,com.android.gallery3d.app.GalleryActivity,handleRelaunchActivity]
12-01 08:00:01.422 22978 22978 I wm_on_destroy_called: [134593204,com.android.gallery3d.app.GalleryActivity,performDestroy]
12-01 08:00:01.425 1508 1602 I WindowManager: finishDrawing of relaunch: Window{d4e19e u0 com.android.gallery3d/com.android.gallery3d.app.GalleryActivity} 51ms
12-01 08:00:01.445 22978 22978 I wm_on_create_called: [134593204,com.android.gallery3d.app.GalleryActivity,performCreate]
12-01 08:00:01.447 22978 22978 I wm_on_start_called: [134593204,com.android.gallery3d.app.GalleryActivity,handleStartActivity]
12-01 08:00:01.454 22978 22978 I wm_on_resume_called: [134593204,com.android.gallery3d.app.GalleryActivity,RESUME_ACTIVITY]
12-01 08:00:01.454 22978 22978 I wm_on_top_resumed_gained_called: [134593204,com.android.gallery3d.app.GalleryActivity,topWhenResuming]
12-01 08:00:01.459 1508 1602 W WindowManager: updateScale0.7996942
12-01 08:00:01.462 1508 1602 W WindowManager: updateScale0.7996942
12-01 08:00:02.274 1508 8059 W WindowManager: updateScale0.7996942
12-01 08:00:02.351 0 0 I auditd : type=1400 audit(0.0:16010): avc: denied { kill } for comm="swapper/2" capability=5 scontext=u:r:kernel:s0 tcontext=u:r:kernel:s0 tclass=capability permissive=0
12-01 08:00:03.351 0 0 I auditd : type=1400 audit(0.0:16011): avc: denied { kill } for comm="swapper/2" capability=5 scontext=u:r:kernel:s0 tcontext=u:r:kernel:s0 tclass=capability permissive=0
12-01 08:00:03.599 1508 8059 W WindowManager: updateScale0.7996942
12-01 08:00:04.351 0 0 I auditd : type=1400 audit(0.0:16012): avc: denied { kill } for comm="swapper/2" capability=5 scontext=u:r:kernel:s0 tcontext=u:r:kernel:s0 tclass=capability permissive=0
12-01 08:00:05.173 1508 8059 I ActivityTaskManager: START u0 {act=android.intent.action.VIEW dat=content://media/external/video/media/25 typ=video/* cmp=com.android.gallery3d/.app.MovieActivity (has extras)} from uid 10064
12-01 08:00:05.179 1508 8059 I wm_task_moved: [257,1,8]
12-01 08:00:05.179 1508 8059 I wm_set_resumed_activity: [0,com.android.gallery3d/.app.GalleryActivity,positionChildAt]
12-01 08:00:05.179 1508 8059 I wm_create_activity: [0,27415013,257,com.android.gallery3d/.app.MovieActivity,android.intent.action.VIEW,video/*,content://media/external/video/media/25,0]
12-01 08:00:05.181 1508 8059 I wm_pause_activity: [0,134593204,com.android.gallery3d/.app.GalleryActivity,userLeaving=true,resumeTopActivityInnerLocked]
12-01 08:00:05.183 1508 8059 W WindowManager: updateScale0.7996942
12-01 08:00:05.188 22978 22978 I wm_on_top_resumed_lost_called: [134593204,com.android.gallery3d.app.GalleryActivity,topStateChangedWhenResumed]
12-01 08:00:05.226 22978 22978 I wm_on_paused_called: [134593204,com.android.gallery3d.app.GalleryActivity,performPause]
12-01 08:00:05.227 1508 8059 I ActivityTaskManager: FOREGROUND_APPLICATION_CHANGED to com.android.gallery3d.app.MovieActivity
12-01 08:00:05.227 1508 8059 I ActivityTaskManager: The Process com.android.gallery3d Already Exists in BG. So sending its PID: 22978
12-01 08:00:05.230 1508 8059 W ActivityTaskManager: Tried to set launchTime (0) < mLastActivityLaunchTime (14814699)
12-01 08:00:05.232 1508 8059 I wm_restart_activity: [0,27415013,257,com.android.gallery3d/.app.MovieActivity]
12-01 08:00:05.234 1508 8059 I wm_set_resumed_activity: [0,com.android.gallery3d/.app.MovieActivity,minimalResumeActivityLocked]
12-01 08:00:05.238 1508 1636 I sysui_multi_action: [757,803,799,window_time_0,802,9]
12-01 08:00:05.263 22978 22978 I wm_on_create_called: [27415013,com.android.gallery3d.app.MovieActivity,performCreate]
12-01 08:00:05.266 22978 22978 I wm_on_start_called: [27415013,com.android.gallery3d.app.MovieActivity,handleStartActivity]
12-01 08:00:05.267 22978 22978 I wm_on_resume_called: [27415013,com.android.gallery3d.app.MovieActivity,RESUME_ACTIVITY]
12-01 08:00:05.272 1508 8059 W WindowManager: Failed looking up window session=Session{93be62b 22978:u0a10064} callers=com.android.server.wm.WindowManagerService.windowForClientLocked:5628 com.android.server.wm.Session.insetsModified:629 android.view.IWindowSession$Stub.onTransact:1151
12-01 08:00:05.275 22978 22978 I wm_on_top_resumed_gained_called: [27415013,com.android.gallery3d.app.MovieActivity,topStateChangedWhenResumed]
12-01 08:00:05.281 1508 2971 W WindowManager: updateScale0.7996942
12-01 08:00:05.282 1508 2971 W WindowManager: updateScale0.7996942
12-01 08:00:05.285 1508 1637 I input_focus: [Focus request 2a19747 com.android.gallery3d/com.android.gallery3d.app.MovieActivity,reason=UpdateInputWindows]
12-01 08:00:05.290 1508 1637 W WindowManager: updateScale0.7996942
12-01 08:00:05.290 1508 1637 W WindowManager: updateScale0.7996942
12-01 08:00:05.308 1508 2005 I input_focus: [Focus leaving d4e19e com.android.gallery3d/com.android.gallery3d.app.GalleryActivity (server),reason=Waiting for window because NOT_VISIBLE]
12-01 08:00:05.327 1508 1637 W WindowManager: updateScale0.7996942
12-01 08:00:05.327 1508 1637 W WindowManager: updateScale0.7996942
12-01 08:00:05.330 1508 1633 I wm_activity_launch_time: [0,27415013,com.android.gallery3d/.app.MovieActivity,157]
12-01 08:00:05.330 1508 1637 W WindowManager: updateScale0.7996942
12-01 08:00:05.330 1508 1637 W WindowManager: updateScale0.7996942
12-01 08:00:05.341 1508 2005 I input_focus: [Focus entering 2a19747 com.android.gallery3d/com.android.gallery3d.app.MovieActivity (server),reason=Window became focusable. Previous reason: NOT_VISIBLE]
12-01 08:00:05.350 22714 22730 W ContextImpl: Calling a method in the system process without a qualified user: android.app.ContextImpl.startService:1816 android.content.ContextWrapper.startService:774 com.thundercomm.gamemode.ingame.services.GameModeActionUtils.startGameModeService:93 com.thundercomm.gamemode.ingame.services.GameModeActionUtils.startGameModeEntry:21 com.thundercomm.gamemode.ingame.services.ActivityMonitoringService$1.onActivityLaunch:127
12-01 08:00:05.355 1508 1508 I GameModeConfig: Current uri is uri = content://com.thundercomm.gamemode.api/gamemode_settings/gamemode_isgaming
12-01 08:00:05.359 1508 1508 I GameModeConfig: isGameModeOn = false
12-01 08:00:05.360 1508 1508 I GameModeConfig: isGameModeOn = false
12-01 08:00:05.360 1508 1508 I GameModeConfig: isDisableVoice = true
12-01 08:00:05.527 1508 10918 W WindowManager: updateScale0.7996942
12-01 08:00:05.527 1508 10918 W WindowManager: updateScale0.7996942
12-01 08:00:05.612 1508 1637 W WindowManager: updateScale0.7996942
12-01 08:00:05.613 1508 1637 W WindowManager: updateScale0.7996942
12-01 08:00:06.410 1508 1648 I am_uid_idle: 10088
12-01 08:00:07.196 1508 2005 I input_interaction: Interaction with: 2a19747 com.android.gallery3d/com.android.gallery3d.app.MovieActivity (server), edge-swipe (server), swipe-up (server), PointerEventDispatcher0 (server),
12-01 08:00:07.351 0 0 I auditd : type=1400 audit(0.0:16013): avc: denied { kill } for comm="swapper/2" capability=5 scontext=u:r:kernel:s0 tcontext=u:r:kernel:s0 tclass=capability permissive=0
12-01 08:00:08.191 1508 3862 E TaskPersister: File error accessing recents directory (directory doesn't exist?).
12-01 08:00:08.351 0 0 I auditd : type=1400 audit(0.0:16014): avc: denied { kill } for comm="swapper/2" capability=5 scontext=u:r:kernel:s0 tcontext=u:r:kernel:s0 tclass=capability permissive=0
12-01 08:00:08.816 1508 10918 W WindowManager: updateScale0.7996942
12-01 08:00:08.816 1508 10918 W WindowManager: updateScale0.7996942
12-01 08:00:08.818 1508 10918 W WindowManager: updateScale0.7996942
12-01 08:00:08.818 1508 10918 W WindowManager: updateScale0.7996942
12-01 08:00:09.351 0 0 I auditd : type=1400 audit(0.0:16015): avc: denied { kill } for comm="swapper/2" capability=5 scontext=u:r:kernel:s0 tcontext=u:r:kernel:s0 tclass=capability permissive=0
12-01 08:00:10.351 0 0 I auditd : type=1400 audit(0.0:16016): avc: denied { kill } for comm="swapper/2" capability=5 scontext=u:r:kernel:s0 tcontext=u:r:kernel:s0 tclass=capability permissive=0
12-01 08:00:11.996 1508 10918 W WindowManager: updateScale0.7996942
12-01 08:00:11.996 1508 10918 W WindowManager: updateScale0.7996942
12-01 08:00:11.998 1508 10918 W WindowManager: updateScale0.7996942
12-01 08:00:11.998 1508 10918 W WindowManager: updateScale0.7996942
12-01 08:00:12.351 0 0 I auditd : type=1400 audit(0.0:16017): avc: denied { kill } for comm="swapper/2" capability=5 scontext=u:r:kernel:s0 tcontext=u:r:kernel:s0 tclass=capability permissive=0
12-01 08:00:14.351 0 0 I auditd : type=1400 audit(0.0:16018): avc: denied { kill } for comm="swapper/2" capability=5 scontext=u:r:kernel:s0 tcontext=u:r:kernel:s0 tclass=capability permissive=0
12-01 08:00:15.351 0 0 I auditd : type=1400 audit(0.0:16019): avc: denied { kill } for comm="swapper/2" capability=5 scontext=u:r:kernel:s0 tcontext=u:r:kernel:s0 tclass=capability permissive=0
12-01 08:00:18.351 0 0 I auditd : type=1400 audit(0.0:16020): avc: denied { kill } for comm="swapper/2" capability=5 scontext=u:r:kernel:s0 tcontext=u:r:kernel:s0 tclass=capability permissive=0
12-01 08:00:18.406 1508 1768 D ActivityManager: freezing 23287 com.android.permissioncontroller
12-01 08:00:18.406 1508 1768 E ActivityManager: Unable to freeze binder for 23287 com.android.permissioncontroller
12-01 08:00:18.407 1508 1768 D ActivityManager: froze 23287 com.android.permissioncontroller
12-01 08:00:18.407 1508 1768 I am_freeze: [23287,com.android.permissioncontroller]
12-01 08:00:18.407 1508 1768 E ActivityManager: Unable to freeze binder for 23287 com.android.permissioncontroller
12-01 08:00:18.409 1508 1768 I ActivityManager: Killing 23287:com.android.permissioncontroller/u0a94 (adj 955): Unable to freeze binder interface
12-01 08:00:18.410 1508 1768 I am_kill : [0,23287,com.android.permissioncontroller,955,Unable to freeze binder interface]
12-01 08:00:18.467 1508 2971 I am_proc_died: [0,23287,com.android.permissioncontroller,955,19]
12-01 08:00:18.468 1508 2971 I am_uid_stopped: 10094
12-01 08:00:18.470 1508 1636 W ActivityManager: setHasOverlayUi called on unknown pid: 23287
12-01 08:00:18.483 1508 1647 I am_pss : [24544,10066,com.android.calendar,50143232,45846528,0,168603648,0,2,9]
12-01 08:00:18.499 1508 1647 I am_pss : [25302,1000,com.android.settings,42063872,31760384,0,174403584,0,16,10]
12-01 08:00:18.507 1508 1647 I am_pss : [25522,10021,com.android.providers.calendar,7337984,5173248,0,97484800,0,3,6]
12-01 08:00:19.351 0 0 I auditd : type=1400 audit(0.0:16021): avc: denied { kill } for comm="swapper/2" capability=5 scontext=u:r:kernel:s0 tcontext=u:r:kernel:s0 tclass=capability permissive=0
12-01 08:00:20.213 1508 2305 I netstats_mobile_sample: [0,0,0,0,0,0,0,0,0,0,0,0,1669852820213]
12-01 08:00:20.213 1508 2305 I netstats_wifi_sample: [234328217,500165,144973477,341581,234328217,500165,144973477,341581,300741781,982025,73197214,179336,1669852820213]
12-01 08:00:20.367 1508 1508 I notification_enqueue: [10097,9319,com.github.uiautomator,1,NULL,0,Notification(channel=monitor service shortcut=null contentView=null vibrate=null sound=null tick defaults=0x0 flags=0x40 color=0x00000000 vis=PRIVATE),1]
12-01 08:00:20.379 1508 1768 D ActivityManager: freezing 23086 com.android.deskclock
12-01 08:00:20.380 1508 1768 E ActivityManager: Unable to freeze binder for 23086 com.android.deskclock
12-01 08:00:20.381 1508 1768 D ActivityManager: froze 23086 com.android.deskclock
12-01 08:00:20.381 1508 1768 I am_freeze: [23086,com.android.deskclock]
12-01 08:00:20.381 1508 1768 E ActivityManager: Unable to freeze binder for 23086 com.android.deskclock
12-01 08:00:20.383 1508 1768 I ActivityManager: Killing 23086:com.android.deskclock/u0a65 (adj 915): Unable to freeze binder interface
12-01 08:00:20.384 1508 1768 I am_kill : [0,23086,com.android.deskclock,915,Unable to freeze binder interface]
12-01 08:00:20.458 1508 6163 I am_proc_died: [0,23086,com.android.deskclock,915,19]
12-01 08:00:20.460 1508 6163 I am_uid_stopped: 10065
12-01 08:00:20.465 1508 1636 I am_uid_running: 10065
12-01 08:00:20.465 1508 1636 D CompatibilityChangeReporter: Compat change id reported: 135634846; UID 10065; state: DISABLED
12-01 08:00:20.465 1508 1636 D CompatibilityChangeReporter: Compat change id reported: 177438394; UID 10065; state: DISABLED
12-01 08:00:20.465 1508 1636 D CompatibilityChangeReporter: Compat change id reported: 135772972; UID 10065; state: DISABLED
12-01 08:00:20.465 1508 1636 D CompatibilityChangeReporter: Compat change id reported: 135754954; UID 10065; state: DISABLED
12-01 08:00:20.466 1508 1649 D CompatibilityChangeReporter: Compat change id reported: 143937733; UID 10065; state: DISABLED
12-01 08:00:20.481 1508 1649 I am_proc_start: [0,25604,10065,com.android.deskclock,NULL,]
12-01 08:00:20.481 1508 1649 I ActivityManager: Start proc 25604:com.android.deskclock/u0a65 for null
12-01 08:00:20.517 1508 6163 I am_proc_bound: [0,25604,com.android.deskclock]
12-01 08:00:20.568 1508 1508 I GameModeConfig: isGameModeOn = false
12-01 08:00:21.351 0 0 I auditd : type=1400 audit(0.0:16022): avc: denied { kill } for comm="swapper/2" capability=5 scontext=u:r:kernel:s0 tcontext=u:r:kernel:s0 tclass=capability permissive=0
12-01 08:00:22.351 0 0 I auditd : type=1400 audit(0.0:16023): avc: denied { kill } for comm="swapper/2" capability=5 scontext=u:r:kernel:s0 tcontext=u:r:kernel:s0 tclass=capability permissive=0
12-01 08:00:24.351 0 0 I auditd : type=1400 audit(0.0:16024): avc: denied { kill } for comm="swapper/2" capability=5 scontext=u:r:kernel:s0 tcontext=u:r:kernel:s0 tclass=capability permissive=0
12-01 08:00:27.351 0 0 I auditd : type=1400 audit(0.0:16025): avc: denied { kill } for comm="swapper/1" capability=5 scontext=u:r:kernel:s0 tcontext=u:r:kernel:s0 tclass=capability permissive=0
12-01 08:00:29.351 0 0 I auditd : type=1400 audit(0.0:16026): avc: denied { kill } for comm="swapper/1" capability=5 scontext=u:r:kernel:s0 tcontext=u:r:kernel:s0 tclass=capability permissive=0
12-01 08:00:32.351 0 0 I auditd : type=1400 audit(0.0:16027): avc: denied { kill } for comm="swapper/1" capability=5 scontext=u:r:kernel:s0 tcontext=u:r:kernel:s0 tclass=capability permissive=0
12-01 08:00:34.351 0 0 I auditd : type=1400 audit(0.0:16028): avc: denied { kill } for comm="swapper/1" capability=5 scontext=u:r:kernel:s0 tcontext=u:r:kernel:s0 tclass=capability permissive=0
12-01 08:00:36.351 0 0 I auditd : type=1400 audit(0.0:16029): avc: denied { kill } for comm="swapper/1" capability=5 scontext=u:r:kernel:s0 tcontext=u:r:kernel:s0 tclass=capability permissive=0
12-01 08:00:38.351 0 0 I auditd : type=1400 audit(0.0:16030): avc: denied { kill } for comm="swapper/1" capability=5 scontext=u:r:kernel:s0 tcontext=u:r:kernel:s0 tclass=capability permissive=0
12-01 08:00:41.351 0 0 I auditd : type=1400 audit(0.0:16031): avc: denied { kill } for comm="swapper/1" capability=5 scontext=u:r:kernel:s0 tcontext=u:r:kernel:s0 tclass=capability permissive=0
12-01 08:00:42.351 0 0 I auditd : type=1400 audit(0.0:16032): avc: denied { kill } for comm="swapper/1" capability=5 scontext=u:r:kernel:s0 tcontext=u:r:kernel:s0 tclass=capability permissive=0
12-01 08:00:43.351 0 0 I auditd : type=1400 audit(0.0:16033): avc: denied { kill } for comm="swapper/1" capability=5 scontext=u:r:kernel:s0 tcontext=u:r:kernel:s0 tclass=capability permissive=0
12-01 08:00:44.351 0 0 I auditd : type=1400 audit(0.0:16034): avc: denied { kill } for comm="swapper/1" capability=5 scontext=u:r:kernel:s0 tcontext=u:r:kernel:s0 tclass=capability permissive=0
12-01 08:00:45.351 0 0 I auditd : type=1400 audit(0.0:16035): avc: denied { kill } for comm="swapper/1" capability=5 scontext=u:r:kernel:s0 tcontext=u:r:kernel:s0 tclass=capability permissive=0
12-01 08:00:46.351 0 0 I auditd : type=1400 audit(0.0:16036): avc: denied { kill } for comm="swapper/1" capability=5 scontext=u:r:kernel:s0 tcontext=u:r:kernel:s0 tclass=capability permissive=0
12-01 08:00:47.351 0 0 I auditd : type=1400 audit(0.0:16037): avc: denied { kill } for comm="swapper/1" capability=5 scontext=u:r:kernel:s0 tcontext=u:r:kernel:s0 tclass=capability permissive=0
12-01 08:00:50.547 1508 1508 I notification_enqueue: [10097,9319,com.github.uiautomator,1,NULL,0,Notification(channel=monitor service shortcut=null contentView=null vibrate=null sound=null tick defaults=0x0 flags=0x40 color=0x00000000 vis=PRIVATE),1]
12-01 08:00:50.748 1508 1508 I GameModeConfig: isGameModeOn = false
12-01 08:00:52.351 0 0 I auditd : type=1400 audit(0.0:16038): avc: denied { kill } for comm="swapper/2" capability=5 scontext=u:r:kernel:s0 tcontext=u:r:kernel:s0 tclass=capability permissive=0
12-01 08:00:54.351 0 0 I auditd : type=1400 audit(0.0:16039): avc: denied { kill } for comm="swapper/2" capability=5 scontext=u:r:kernel:s0 tcontext=u:r:kernel:s0 tclass=capability permissive=0
12-01 08:00:54.751 1508 6163 W WindowManager: updateScale0.4617737
12-01 08:00:54.751 1508 6163 W WindowManager: updateScale0.4617737
12-01 08:00:54.754 1508 6163 I wm_relaunch_resume_activity: [0,27415013,257,com.android.gallery3d/.app.MovieActivity]
12-01 08:00:54.755 1508 6163 I wm_relaunch_activity: [0,134593204,257,com.android.gallery3d/.app.GalleryActivity]
12-01 08:00:54.759 1508 6163 W WindowManager: updateScale0.4617737
12-01 08:00:54.759 1508 6163 W WindowManager: updateScale0.4617737
12-01 08:00:54.777 22978 22978 I wm_on_top_resumed_lost_called: [27415013,com.android.gallery3d.app.MovieActivity,pausing]
12-01 08:00:54.807 22978 22978 I wm_on_paused_called: [27415013,com.android.gallery3d.app.MovieActivity,performPause]
12-01 08:00:54.809 22978 22978 I wm_on_stop_called: [27415013,com.android.gallery3d.app.MovieActivity,handleRelaunchActivity]
12-01 08:00:54.810 22978 22978 I wm_on_destroy_called: [27415013,com.android.gallery3d.app.MovieActivity,performDestroy]
12-01 08:00:54.828 22978 22978 I wm_on_create_called: [27415013,com.android.gallery3d.app.MovieActivity,performCreate]
12-01 08:00:54.831 22978 22978 I wm_on_start_called: [27415013,com.android.gallery3d.app.MovieActivity,handleStartActivity]
12-01 08:00:54.838 22978 22978 I wm_on_resume_called: [27415013,com.android.gallery3d.app.MovieActivity,RESUME_ACTIVITY]
12-01 08:00:54.838 22978 22978 I wm_on_top_resumed_gained_called: [27415013,com.android.gallery3d.app.MovieActivity,topWhenResuming]
12-01 08:00:54.839 22978 22978 I wm_on_stop_called: [134593204,com.android.gallery3d.app.GalleryActivity,handleRelaunchActivity]
