12-01 07:56:45.715 22714 22730 W ContextImpl: Calling a method in the system process without a qualified user: android.app.ContextImpl.startService:1816 android.content.ContextWrapper.startService:774 com.thundercomm.gamemode.ingame.services.GameModeActionUtils.startGameModeService:93 com.thundercomm.gamemode.ingame.services.GameModeActionUtils.startGameModeEntry:21 com.thundercomm.gamemode.ingame.services.ActivityMonitoringService$1.onActivityLaunch:127
12-01 07:56:45.720 1508 1508 I GameModeConfig: Current uri is uri = content://com.thundercomm.gamemode.api/gamemode_settings/gamemode_isgaming
12-01 07:56:45.722 1508 1508 I GameModeConfig: isGameModeOn = false
12-01 07:56:45.723 1508 1508 I GameModeConfig: isGameModeOn = false
12-01 07:56:45.723 1508 1508 I GameModeConfig: isDisableVoice = true
12-01 07:56:45.894 1508 1637 D FreeFormWindowHelper: Remove freefrom task=Task{d4b0f4b #228 type=standard A=10086:android.task.video U=0 visible=false mode=freeform translucent=true sz=0}
12-01 07:56:47.262 1508 1739 W ActivityTaskManager: Request to remove task ignored for non-existent task 223
12-01 07:56:47.265 1508 1739 W ActivityTaskManager: Request to remove task ignored for non-existent task 227
12-01 07:56:47.265 1508 1739 W ActivityTaskManager: Request to remove task ignored for non-existent task 228
12-01 07:56:47.267 1508 1636 I ActivityManager: Killing 24611:com.android.settings/1000 (adj 910): remove task
12-01 07:56:47.271 1508 2971 W ActivityTaskManager: removeTask: No task remove with id=228
12-01 07:56:47.277 1508 3862 E TaskPersister: File error accessing recents directory (directory doesn't exist?).
12-01 07:56:47.319 1508 1602 I WindowManager: WIN DEATH: Window{420851d u0 com.android.settings/com.android.settings.homepage.SettingsHomepageActivity}
12-01 07:56:47.327 1508 1637 W ActivityTaskManager: Can't find TaskDisplayArea to determine support for multi window. Task id=226 attached=false
12-01 07:56:47.327 1508 1637 W ActivityTaskManager: Can't find TaskDisplayArea to determine support for multi window. Task id=226 attached=false
12-01 07:56:47.328 1508 1636 W ActivityManager: setHasOverlayUi called on unknown pid: 24611
12-01 07:56:47.328 1508 1647 W UsageStatsService: Unexpected activity event reported! (com.android.settings/com.android.settings.homepage.SettingsHomepageActivity event : 23 instanceId : 188562474)
12-01 07:56:47.334 1508 1636 D CompatibilityChangeReporter: Compat change id reported: 135634846; UID 1000; state: DISABLED
12-01 07:56:47.334 1508 1636 D CompatibilityChangeReporter: Compat change id reported: 177438394; UID 1000; state: DISABLED
12-01 07:56:47.334 1508 1636 D CompatibilityChangeReporter: Compat change id reported: 135772972; UID 1000; state: DISABLED
12-01 07:56:47.335 1508 1636 D CompatibilityChangeReporter: Compat change id reported: 135754954; UID 1000; state: ENABLED
12-01 07:56:47.352 1508 1649 I ActivityManager: Start proc 24763:com.android.settings/1000 for null
12-01 07:56:47.372 22714 22730 W ContextImpl: Calling a method in the system process without a qualified user: android.app.ContextImpl.startService:1816 android.content.ContextWrapper.startService:774 com.thundercomm.gamemode.ingame.services.GameModeActionUtils.startGameModeService:93 com.thundercomm.gamemode.ingame.services.GameModeActionUtils.startGameModeEntry:21 com.thundercomm.gamemode.ingame.services.ActivityMonitoringService$1.onActivityLaunch:127
12-01 07:56:47.376 1508 1508 I GameModeConfig: Current uri is uri = content://com.thundercomm.gamemode.api/gamemode_settings/gamemode_isgaming
12-01 07:56:47.378 1508 1508 I GameModeConfig: isGameModeOn = false
12-01 07:56:47.378 1508 1508 I GameModeConfig: isGameModeOn = false
12-01 07:56:47.378 1508 1508 I GameModeConfig: isDisableVoice = true
12-01 07:56:47.393 1508 2470 D CompatibilityChangeReporter: Compat change id reported: 168419799; UID 1000; state: DISABLED
12-01 07:56:48.579 1508 1508 I GameModeConfig: isGameModeOn = false
12-01 07:56:49.840 1508 2470 I ActivityTaskManager: START u0 {flg=0x10008000 cmp=com.android.gallery3d/.app.GalleryActivity} from uid 10076
12-01 07:56:49.847 1508 2470 W ActivityTaskManager: Can't find TaskDisplayArea to determine support for multi window. Task id=229 attached=false
12-01 07:56:49.849 1508 2470 D FreeFormWindowHelper: Add freeform task=Task{370bb84 #229 type=standard ?? U=0 visible=false mode=freeform translucent=true sz=0}
12-01 07:56:49.859 1508 2470 I ActivityTaskManager: FOREGROUND_APPLICATION_CHANGED to com.android.gallery3d.app.GalleryActivity
12-01 07:56:49.859 1508 2470 I ActivityTaskManager: The Process com.android.gallery3d Already Exists in BG. So sending its PID: 22978
12-01 07:56:49.861 1508 2470 W ActivityTaskManager: Tried to set launchTime (0) < mLastActivityLaunchTime (14614283)
12-01 07:56:49.910 22714 22730 W ContextImpl: Calling a method in the system process without a qualified user: android.app.ContextImpl.startService:1816 android.content.ContextWrapper.startService:774 com.thundercomm.gamemode.ingame.services.GameModeActionUtils.startGameModeService:93 com.thundercomm.gamemode.ingame.services.GameModeActionUtils.startGameModeEntry:21 com.thundercomm.gamemode.ingame.services.ActivityMonitoringService$1.onActivityLaunch:127
12-01 07:56:49.917 1508 1508 I GameModeConfig: Current uri is uri = content://com.thundercomm.gamemode.api/gamemode_settings/gamemode_isgaming
12-01 07:56:49.919 1508 1508 I GameModeConfig: isGameModeOn = false
12-01 07:56:49.919 1508 1508 I GameModeConfig: isGameModeOn = false
12-01 07:56:49.919 1508 1508 I GameModeConfig: isDisableVoice = true
12-01 07:56:49.938 1508 1602 W WindowManager: updateScale0.7996942
12-01 07:56:49.972 1508 1637 W WindowManager: updateScale0.7996942
12-01 07:56:49.974 1508 1637 W WindowManager: updateScale0.7996942
12-01 07:56:49.975 1508 1637 W WindowManager: updateScale0.7996942
12-01 07:56:50.257 1508 1637 W WindowManager: updateScale0.7996942
12-01 07:56:50.836 1508 3862 E TaskPersister: File error accessing recents directory (directory doesn't exist?).
12-01 07:56:51.559 1508 2301 W WindowManager: updateScale0.7996942
12-01 07:56:53.709 1508 2301 W WindowManager: updateScale0.7996942
12-01 07:56:55.887 1508 2301 I ActivityTaskManager: START u0 {act=android.intent.action.MAIN cat=[android.intent.category.LAUNCHER] flg=0x10200000 cmp=com.android.soundrecorder/.SoundRecorder bnds=[715,120][1017,416]} from uid 10076
12-01 07:56:55.904 1508 2301 W ActivityTaskManager: Can't find TaskDisplayArea to determine support for multi window. Task id=230 attached=false
12-01 07:56:55.908 1508 2301 D CompatibilityChangeReporter: Compat change id reported: 174042980; UID 10061; state: DISABLED
12-01 07:56:55.909 1508 2301 D CompatibilityChangeReporter: Compat change id reported: 184838306; UID 10061; state: DISABLED
12-01 07:56:55.910 1508 2301 D CompatibilityChangeReporter: Compat change id reported: 185004937; UID 10061; state: DISABLED
12-01 07:56:55.910 1508 2301 D CompatibilityChangeReporter: Compat change id reported: 181136395; UID 10061; state: DISABLED
12-01 07:56:55.911 1508 2301 D CompatibilityChangeReporter: Compat change id reported: 174042936; UID 10061; state: DISABLED
12-01 07:56:55.915 1508 2301 D CompatibilityChangeReporter: Compat change id reported: 168419799; UID 10061; state: DISABLED
12-01 07:56:55.920 1508 2301 W WindowManager: updateScale0.7996942
12-01 07:56:55.935 1508 2301 I ActivityTaskManager: FOREGROUND_APPLICATION_CHANGED to com.android.soundrecorder.SoundRecorder
12-01 07:56:55.935 1508 2301 I ActivityTaskManager: The Process com.android.soundrecorder Already Exists in BG. So sending its PID: 24633
12-01 07:56:55.940 1508 2301 W WindowManager: updateScale0.7996942
12-01 07:56:55.951 1508 5207 W WindowManager: updateScale0.7996942
12-01 07:56:55.966 22714 22730 W ContextImpl: Calling a method in the system process without a qualified user: android.app.ContextImpl.startService:1816 android.content.ContextWrapper.startService:774 com.thundercomm.gamemode.ingame.services.GameModeActionUtils.startGameModeService:93 com.thundercomm.gamemode.ingame.services.GameModeActionUtils.startGameModeEntry:21 com.thundercomm.gamemode.ingame.services.ActivityMonitoringService$1.onActivityLaunch:127
12-01 07:56:55.970 1508 1637 W WindowManager: updateScale0.7996942
12-01 07:56:55.973 1508 1637 W WindowManager: updateScale0.7996942
12-01 07:56:55.974 1508 1637 W WindowManager: updateScale0.7996942
12-01 07:56:55.985 1508 1508 I GameModeConfig: Current uri is uri = content://com.thundercomm.gamemode.api/gamemode_settings/gamemode_isgaming
12-01 07:56:55.987 1508 1508 I GameModeConfig: isGameModeOn = false
12-01 07:56:55.990 1508 1508 I GameModeConfig: isGameModeOn = false
12-01 07:56:55.990 1508 1508 I GameModeConfig: isDisableVoice = true
12-01 07:56:56.003 1508 1602 W WindowManager: updateScale0.7996942
12-01 07:56:56.044 1508 1637 W WindowManager: updateScale0.7996942
12-01 07:56:56.045 1508 1637 W WindowManager: updateScale0.7996942
12-01 07:56:56.054 22714 22730 W ContextImpl: Calling a method in the system process without a qualified user: android.app.ContextImpl.startService:1816 android.content.ContextWrapper.startService:774 com.thundercomm.gamemode.ingame.services.GameModeActionUtils.startGameModeService:93 com.thundercomm.gamemode.ingame.services.GameModeActionUtils.startGameModeEntry:21 com.thundercomm.gamemode.ingame.services.ActivityMonitoringService$1.onActivityLaunch:127
12-01 07:56:56.058 1508 1508 I GameModeConfig: Current uri is uri = content://com.thundercomm.gamemode.api/gamemode_settings/gamemode_isgaming
12-01 07:56:56.059 1508 1508 I GameModeConfig: isGameModeOn = false
12-01 07:56:56.059 1508 1508 I GameModeConfig: isGameModeOn = false
12-01 07:56:56.059 1508 1508 I GameModeConfig: isDisableVoice = true
12-01 07:56:56.473 1508 8053 W WindowManager: updateScale0.7996942
12-01 07:56:56.479 1508 8053 W WindowManager: updateScale0.7996942
12-01 07:56:56.523 1508 1637 W WindowManager: updateScale0.7996942
12-01 07:56:56.527 1508 1637 W WindowManager: updateScale0.7996942
12-01 07:56:56.611 1508 1602 W WindowManager: updateScale0.7996942
12-01 07:56:56.624 1508 1637 W WindowManager: updateScale0.7996942
12-01 07:56:56.632 22714 22730 W ContextImpl: Calling a method in the system process without a qualified user: android.app.ContextImpl.startService:1816 android.content.ContextWrapper.startService:774 com.thundercomm.gamemode.ingame.services.GameModeActionUtils.startGameModeService:93 com.thundercomm.gamemode.ingame.services.GameModeActionUtils.startGameModeEntry:21 com.thundercomm.gamemode.ingame.services.ActivityMonitoringService$1.onActivityLaunch:127
12-01 07:56:56.641 1508 1508 I GameModeConfig: Current uri is uri = content://com.thundercomm.gamemode.api/gamemode_settings/gamemode_isgaming
12-01 07:56:56.643 1508 1637 W WindowManager: updateScale0.7996942
12-01 07:56:56.644 1508 1637 W WindowManager: updateScale0.7996942
12-01 07:56:56.648 1508 1508 I GameModeConfig: isGameModeOn = false
12-01 07:56:56.649 1508 1508 I GameModeConfig: isGameModeOn = false
12-01 07:56:56.649 1508 1508 I GameModeConfig: isDisableVoice = true
12-01 07:56:56.656 1508 1637 W WindowManager: updateScale0.7996942
12-01 07:56:57.275 1508 1602 W WindowManager: updateScale0.7996942
12-01 07:56:57.756 1508 1602 W WindowManager: updateScale0.7996942
12-01 07:56:57.770 1508 1637 W WindowManager: updateScale0.7996942
12-01 07:56:57.771 1508 1637 W WindowManager: updateScale0.7996942
12-01 07:56:57.871 1508 1602 W WindowManager: updateScale0.7996942
12-01 07:56:58.490 1508 1602 W WindowManager: updateScale0.7996942
12-01 07:56:58.646 1508 1637 W WindowManager: updateScale0.7996942
12-01 07:56:58.661 1508 1637 W WindowManager: updateScale0.7996942
12-01 07:56:58.929 1508 3862 E TaskPersister: File error accessing recents directory (directory doesn't exist?).
12-01 07:56:59.377 1508 1602 W WindowManager: updateScale0.7996942
12-01 07:57:00.570 1508 1636 W WindowManager: updateScale0.7996942
12-01 07:57:00.577 1508 1636 I ActivityTaskManager: FOREGROUND_APPLICATION_CHANGED to com.android.gallery3d.app.GalleryActivity
12-01 07:57:00.656 1508 1602 I ActivityTaskManager: START u0 {act=android.intent.action.VIEW dat=content://media/external/video/media/25 typ=video/* cmp=com.android.gallery3d/.app.MovieActivity (has extras)} from uid 10064
12-01 07:57:00.660 1508 1602 W WindowManager: updateScale0.7996942
12-01 07:57:00.693 1508 6408 I ActivityTaskManager: FOREGROUND_APPLICATION_CHANGED to com.android.gallery3d.app.MovieActivity
12-01 07:57:00.693 1508 6408 I ActivityTaskManager: The Process com.android.gallery3d Already Exists in BG. So sending its PID: 22978
12-01 07:57:00.695 1508 6408 W ActivityTaskManager: Tried to set launchTime (0) < mLastActivityLaunchTime (14628442)
12-01 07:57:00.699 1508 6408 W WindowManager: updateScale0.7996942
12-01 07:57:00.727 1508 1739 W WindowManager: Failed looking up window session=Session{93be62b 22978:u0a10064} callers=com.android.server.wm.WindowManagerService.windowForClientLocked:5628 com.android.server.wm.Session.insetsModified:629 android.view.IWindowSession$Stub.onTransact:1151
12-01 07:57:00.733 1508 2971 W WindowManager: updateScale0.7996942
12-01 07:57:00.733 1508 2971 W WindowManager: updateScale0.7996942
12-01 07:57:00.746 1508 1637 W WindowManager: updateScale0.7996942
12-01 07:57:00.746 1508 1637 W WindowManager: updateScale0.7996942
12-01 07:57:00.768 1508 1637 W WindowManager: updateScale0.7996942
12-01 07:57:00.769 1508 1637 W WindowManager: updateScale0.7996942
12-01 07:57:00.774 1508 1637 W WindowManager: updateScale0.7996942
12-01 07:57:00.774 1508 1637 W WindowManager: updateScale0.7996942
12-01 07:57:00.819 22714 22730 W ContextImpl: Calling a method in the system process without a qualified user: android.app.ContextImpl.startService:1816 android.content.ContextWrapper.startService:774 com.thundercomm.gamemode.ingame.services.GameModeActionUtils.startGameModeService:93 com.thundercomm.gamemode.ingame.services.GameModeActionUtils.startGameModeEntry:21 com.thundercomm.gamemode.ingame.services.ActivityMonitoringService$1.onActivityLaunch:127
12-01 07:57:00.824 1508 1508 I GameModeConfig: Current uri is uri = content://com.thundercomm.gamemode.api/gamemode_settings/gamemode_isgaming
12-01 07:57:00.829 1508 1508 I GameModeConfig: isGameModeOn = false
12-01 07:57:00.830 1508 1508 I GameModeConfig: isGameModeOn = false
12-01 07:57:00.831 1508 1508 I GameModeConfig: isDisableVoice = true
12-01 07:57:00.840 1508 10918 W WindowManager: updateScale0.7996942
12-01 07:57:00.840 1508 10918 W WindowManager: updateScale0.7996942
12-01 07:57:00.841 1508 10918 W WindowManager: updateScale0.7996942
12-01 07:57:00.841 1508 10918 W WindowManager: updateScale0.7996942
12-01 07:57:00.849 1508 10918 W WindowManager: updateScale0.7996942
12-01 07:57:00.849 1508 10918 W WindowManager: updateScale0.7996942
12-01 07:57:00.859 1508 1637 W WindowManager: updateScale0.7996942
12-01 07:57:00.859 1508 1637 W WindowManager: updateScale0.7996942
12-01 07:57:00.860 1508 1637 W WindowManager: updateScale0.7996942
12-01 07:57:00.860 1508 1637 W WindowManager: updateScale0.7996942
12-01 07:57:00.983 1508 1602 W WindowManager: updateScale0.7996942
12-01 07:57:00.983 1508 1602 W WindowManager: updateScale0.7996942
12-01 07:57:01.049 1508 1637 W WindowManager: updateScale0.7996942
12-01 07:57:01.049 1508 1637 W WindowManager: updateScale0.7996942
12-01 07:57:04.007 1508 1636 W WindowManager: updateScale0.7996942
12-01 07:57:04.007 1508 1636 W WindowManager: updateScale0.7996942
12-01 07:57:04.014 1508 1636 I ActivityTaskManager: FOREGROUND_APPLICATION_CHANGED to com.android.soundrecorder.SoundRecorder
12-01 07:57:04.092 1508 9856 W WindowManager: updateScale0.7996942
12-01 07:57:04.092 1508 9856 W WindowManager: updateScale0.7996942
12-01 07:57:04.098 1508 9856 W WindowManager: updateScale0.7996942
12-01 07:57:04.098 1508 9856 W WindowManager: updateScale0.7996942
12-01 07:57:04.113 1508 1637 W WindowManager: updateScale0.7996942
12-01 07:57:04.113 1508 1637 W WindowManager: updateScale0.7996942
12-01 07:57:04.118 1508 1603 W WindowManager: updateScale0.7996942
12-01 07:57:04.118 1508 1603 W WindowManager: updateScale0.7996942
12-01 07:57:04.121 1508 1637 W WindowManager: updateScale0.7996942
12-01 07:57:04.121 1508 1637 W WindowManager: updateScale0.7996942
12-01 07:57:04.125 1508 1603 W WindowManager: updateScale0.7996942
12-01 07:57:04.125 1508 1603 W WindowManager: updateScale0.7996942
12-01 07:57:04.132 1508 1603 W WindowManager: updateScale0.7996942
12-01 07:57:04.132 1508 1603 W WindowManager: updateScale0.7996942
12-01 07:57:04.134 1508 1636 W WindowManager: updateScale0.7996942
12-01 07:57:04.134 1508 1636 W WindowManager: updateScale0.7996942
12-01 07:57:04.137 1508 5207 W WindowManager: updateScale0.7996942
12-01 07:57:04.137 1508 5207 W WindowManager: updateScale0.7996942
12-01 07:57:04.140 1508 5207 W WindowManager: updateScale0.7996942
12-01 07:57:04.141 1508 5207 W WindowManager: updateScale0.7996942
12-01 07:57:04.152 1508 5207 W WindowManager: updateScale0.7996942
12-01 07:57:04.152 1508 5207 W WindowManager: updateScale0.7996942
12-01 07:57:04.156 1508 5207 W WindowManager: updateScale0.7996942
12-01 07:57:04.156 1508 5207 W WindowManager: updateScale0.7996942
12-01 07:57:04.165 1508 1603 W WindowManager: updateScale0.7996942
12-01 07:57:04.165 1508 1603 W WindowManager: updateScale0.7996942
12-01 07:57:04.175 1508 1636 W WindowManager: updateScale0.7996942
12-01 07:57:04.176 1508 1636 W WindowManager: updateScale0.7996942
12-01 07:57:04.181 1508 3862 E TaskPersister: File error accessing recents directory (directory doesn't exist?).
12-01 07:57:04.190 1508 5207 W WindowManager: updateScale0.7996942
12-01 07:57:04.190 1508 5207 W WindowManager: updateScale0.7996942
12-01 07:57:04.224 1508 1603 W WindowManager: updateScale0.7996942
12-01 07:57:04.224 1508 1603 W WindowManager: updateScale0.7996942
12-01 07:57:04.227 1508 1637 W WindowManager: updateScale0.7996942
12-01 07:57:04.227 1508 1637 W WindowManager: updateScale0.7996942
12-01 07:57:04.230 1508 1603 W WindowManager: updateScale0.7996942
12-01 07:57:04.230 1508 1603 W WindowManager: updateScale0.7996942
12-01 07:57:04.325 1508 1637 W WindowManager: updateScale0.7996942
12-01 07:57:04.325 1508 1637 W WindowManager: updateScale0.7996942
12-01 07:57:04.341 1508 1637 W WindowManager: updateScale0.7996942
12-01 07:57:04.341 1508 1637 W WindowManager: updateScale0.7996942
12-01 07:57:05.352 1508 1636 W WindowManager: updateScale0.7996942
12-01 07:57:05.353 1508 1636 W WindowManager: updateScale0.7996942
12-01 07:57:05.360 1508 1636 I ActivityTaskManager: FOREGROUND_APPLICATION_CHANGED to com.android.gallery3d.app.MovieActivity
12-01 07:57:05.368 1508 1603 W WindowManager: updateScale0.7996942
12-01 07:57:05.368 1508 1603 W WindowManager: updateScale0.7996942
12-01 07:57:05.369 1508 1603 W WindowManager: updateScale0.7996942
12-01 07:57:05.369 1508 1603 W WindowManager: updateScale0.7996942
12-01 07:57:07.500 1508 1636 W WindowManager: updateScale0.7996942
12-01 07:57:07.500 1508 1636 W WindowManager: updateScale0.7996942
12-01 07:57:07.507 1508 1636 I ActivityTaskManager: FOREGROUND_APPLICATION_CHANGED to com.android.soundrecorder.SoundRecorder
12-01 07:57:07.531 1508 1603 W WindowManager: updateScale0.7996942
12-01 07:57:07.531 1508 1603 W WindowManager: updateScale0.7996942
12-01 07:57:07.556 22714 22730 W ContextImpl: Calling a method in the system process without a qualified user: android.app.ContextImpl.startService:1816 android.content.ContextWrapper.startService:774 com.thundercomm.gamemode.ingame.services.GameModeActionUtils.startGameModeService:93 com.thundercomm.gamemode.ingame.services.GameModeActionUtils.startGameModeEntry:21 com.thundercomm.gamemode.ingame.services.ActivityMonitoringService$1.onActivityLaunch:127
12-01 07:57:07.562 1508 1508 I GameModeConfig: Current uri is uri = content://com.thundercomm.gamemode.api/gamemode_settings/gamemode_isgaming
12-01 07:57:07.564 1508 1508 I GameModeConfig: isGameModeOn = false
12-01 07:57:07.565 1508 1508 I GameModeConfig: isGameModeOn = false
12-01 07:57:07.565 1508 1508 I GameModeConfig: isDisableVoice = true
12-01 07:57:07.609 1508 5207 W ActivityTaskManager: getTaskSnapshot: taskId=5230 not found
12-01 07:57:07.616 1508 5207 W ActivityTaskManager: getTaskSnapshot: taskId=4230 not found
12-01 07:57:07.624 1508 6408 W ActivityTaskManager: getTaskSnapshot: taskId=1230 not found
12-01 07:57:07.627 22714 22730 W ContextImpl: Calling a method in the system process without a qualified user: android.app.ContextImpl.startService:1816 android.content.ContextWrapper.startService:774 com.thundercomm.gamemode.ingame.services.GameModeActionUtils.startGameModeService:93 com.thundercomm.gamemode.ingame.services.GameModeActionUtils.startGameModeEntry:21 com.thundercomm.gamemode.ingame.services.ActivityMonitoringService$1.onActivityLaunch:127
12-01 07:57:07.632 1508 1603 W ActivityTaskManager: getTaskSnapshot: taskId=2230 not found
12-01 07:57:07.632 1508 1508 I GameModeConfig: Current uri is uri = content://com.thundercomm.gamemode.api/gamemode_settings/gamemode_isgaming
12-01 07:57:07.633 1508 1602 W ActivityTaskManager: getTaskSnapshot: taskId=3230 not found
12-01 07:57:07.634 1508 5207 W ActivityTaskManager: getTaskSnapshot: taskId=4230 not found
12-01 07:57:07.635 1508 5207 W ActivityTaskManager: getTaskSnapshot: taskId=5230 not found
12-01 07:57:07.635 1508 1508 I GameModeConfig: isGameModeOn = false
12-01 07:57:07.635 1508 1508 I GameModeConfig: isGameModeOn = false
12-01 07:57:07.635 1508 1508 I GameModeConfig: isDisableVoice = true
12-01 07:57:07.682 1508 9856 D FreeFormWindowHelper: Remove freefrom task=Task{370bb84 #229 type=standard A=10064:com.android.gallery3d U=0 visible=false mode=freeform translucent=true sz=0}
12-01 07:57:07.707 22714 22730 W ContextImpl: Calling a method in the system process without a qualified user: android.app.ContextImpl.startService:1816 android.content.ContextWrapper.startService:774 com.thundercomm.gamemode.ingame.services.GameModeActionUtils.startGameModeService:93 com.thundercomm.gamemode.ingame.services.GameModeActionUtils.startGameModeEntry:21 com.thundercomm.gamemode.ingame.services.ActivityMonitoringService$1.onActivityLaunch:127
12-01 07:57:07.711 1508 1508 I GameModeConfig: Current uri is uri = content://com.thundercomm.gamemode.api/gamemode_settings/gamemode_isgaming
12-01 07:57:07.715 1508 1508 I GameModeConfig: isGameModeOn = false
12-01 07:57:07.715 1508 1508 I GameModeConfig: isGameModeOn = false
12-01 07:57:07.715 1508 1508 I GameModeConfig: isDisableVoice = true
12-01 07:57:08.279 1508 2437 I ActivityTaskManager: FOREGROUND_APPLICATION_CHANGED to com.android.launcher3.uioverrides.QuickstepLauncher
12-01 07:57:08.320 1508 2437 W AS.AudioService: Updated cached param hdr_record_on from false to false
12-01 07:57:08.323 1508 2437 W AS.AudioService: Updated cached param hdr_audio_channel_count from 0 to 0
12-01 07:57:08.325 1508 2437 W AS.AudioService: Updated cached param hdr_audio_sampling_rate from 0 to 0
12-01 07:57:08.338 22714 22730 W ContextImpl: Calling a method in the system process without a qualified user: android.app.ContextImpl.startService:1816 android.content.ContextWrapper.startService:774 com.thundercomm.gamemode.ingame.services.GameModeActionUtils.startGameModeService:93 com.thundercomm.gamemode.ingame.services.GameModeActionUtils.startGameModeEntry:21 com.thundercomm.gamemode.ingame.services.ActivityMonitoringService$1.onActivityLaunch:127
12-01 07:57:08.341 1508 1508 I GameModeConfig: Current uri is uri = content://com.thundercomm.gamemode.api/gamemode_settings/gamemode_isgaming
12-01 07:57:08.342 1508 1508 I GameModeConfig: isGameModeOn = false
12-01 07:57:08.342 1508 1508 I GameModeConfig: isGameModeOn = false
12-01 07:57:08.342 1508 1508 I GameModeConfig: isDisableVoice = true
12-01 07:57:08.398 22714 22730 W ContextImpl: Calling a method in the system process without a qualified user: android.app.ContextImpl.startService:1816 android.content.ContextWrapper.startService:774 com.thundercomm.gamemode.ingame.services.GameModeActionUtils.startGameModeService:93 com.thundercomm.gamemode.ingame.services.GameModeActionUtils.startGameModeEntry:21 com.thundercomm.gamemode.ingame.services.ActivityMonitoringService$1.onActivityLaunch:127
12-01 07:57:08.405 1508 1508 I GameModeConfig: Current uri is uri = content://com.thundercomm.gamemode.api/gamemode_settings/gamemode_isgaming
12-01 07:57:08.408 1508 1508 I GameModeConfig: isGameModeOn = false
12-01 07:57:08.408 1508 1508 I GameModeConfig: isGameModeOn = false
12-01 07:57:08.408 1508 1508 I GameModeConfig: isDisableVoice = true
12-01 07:57:10.140 1508 2437 D FreeFormWindowHelper: Add freeform task=Task{27ac1fe #230 type=standard A=10061:com.android.soundrecorder U=0 visible=false mode=freeform translucent=true sz=1}
12-01 07:57:10.150 1508 2437 I ActivityTaskManager: FOREGROUND_APPLICATION_CHANGED to com.android.soundrecorder.SoundRecorder
12-01 07:57:10.181 1508 5207 W WindowManager: updateScale0.7996942
12-01 07:57:10.186 1508 1603 W AS.AudioService: Updated cached param hdr_record_on from false to false
12-01 07:57:10.187 1508 2437 W AS.AudioService: Updated cached param hdr_audio_channel_count from 0 to 0
12-01 07:57:10.187 1508 2437 W AS.AudioService: Updated cached param hdr_audio_sampling_rate from 0 to 0
12-01 07:57:10.193 22714 22730 W ContextImpl: Calling a method in the system process without a qualified user: android.app.ContextImpl.startService:1816 android.content.ContextWrapper.startService:774 com.thundercomm.gamemode.ingame.services.GameModeActionUtils.startGameModeService:93 com.thundercomm.gamemode.ingame.services.GameModeActionUtils.startGameModeEntry:21 com.thundercomm.gamemode.ingame.services.ActivityMonitoringService$1.onActivityLaunch:127
12-01 07:57:10.199 1508 1508 I GameModeConfig: Current uri is uri = content://com.thundercomm.gamemode.api/gamemode_settings/gamemode_isgaming
12-01 07:57:10.202 1508 1508 I GameModeConfig: isGameModeOn = false
12-01 07:57:10.202 1508 1508 I GameModeConfig: isGameModeOn = false
12-01 07:57:10.202 1508 1508 I GameModeConfig: isDisableVoice = true
12-01 07:57:10.230 1508 5207 W WindowManager: updateScale0.7996942
12-01 07:57:10.236 1508 1637 W WindowManager: updateScale0.7996942
12-01 07:57:10.240 1508 5207 I WindowManager: finishDrawing of relaunch: Window{316c311 u0 com.android.soundrecorder/com.android.soundrecorder.SoundRecorder} 84ms
12-01 07:57:10.240 1508 1637 W WindowManager: updateScale0.7996942
12-01 07:57:10.242 1508 1637 W WindowManager: updateScale0.7996942
12-01 07:57:11.682 1508 3862 E TaskPersister: File error accessing recents directory (directory doesn't exist?).
12-01 07:57:12.037 1508 1603 W WindowManager: updateScale0.7996942
12-01 07:57:12.058 1508 1637 W WindowManager: updateScale0.7996942
12-01 07:57:12.177 1508 1603 D FreeFormWindowHelper: Remove freefrom task=Task{27ac1fe #230 type=standard A=10061:com.android.soundrecorder U=0 visible=true mode=fullscreen translucent=false sz=1}
12-01 07:57:12.187 1508 5207 W WindowManager: Attempted to set replacing window on app token with no content Token{8fe9e8b ActivityRecord{9575426 u0 com.android.soundrecorder/.SoundRecorder t230}}
12-01 07:57:12.191 1508 2437 W AS.AudioService: Updated cached param hdr_record_on from false to false
12-01 07:57:12.193 1508 1603 W AS.AudioService: Updated cached param hdr_audio_channel_count from 0 to 0
12-01 07:57:12.194 1508 5207 W AS.AudioService: Updated cached param hdr_audio_sampling_rate from 0 to 0
12-01 07:57:12.201 22714 22730 W ContextImpl: Calling a method in the system process without a qualified user: android.app.ContextImpl.startService:1816 android.content.ContextWrapper.startService:774 com.thundercomm.gamemode.ingame.services.GameModeActionUtils.startGameModeService:93 com.thundercomm.gamemode.ingame.services.GameModeActionUtils.startGameModeEntry:21 com.thundercomm.gamemode.ingame.services.ActivityMonitoringService$1.onActivityLaunch:127
12-01 07:57:12.205 1508 1508 I GameModeConfig: Current uri is uri = content://com.thundercomm.gamemode.api/gamemode_settings/gamemode_isgaming
12-01 07:57:12.207 1508 1508 I GameModeConfig: isGameModeOn = false
12-01 07:57:12.207 1508 1508 I GameModeConfig: isGameModeOn = false
12-01 07:57:12.207 1508 1508 I GameModeConfig: isDisableVoice = true
12-01 07:57:12.229 1508 1603 I WindowManager: finishDrawing of relaunch: Window{316c311 u0 com.android.soundrecorder/com.android.soundrecorder.SoundRecorder} 56ms
12-01 07:57:12.586 22714 22730 W ContextImpl: Calling a method in the system process without a qualified user: android.app.ContextImpl.startService:1816 android.content.ContextWrapper.startService:774 com.thundercomm.gamemode.ingame.services.GameModeActionUtils.startGameModeService:93 com.thundercomm.gamemode.ingame.services.GameModeActionUtils.startGameModeEntry:21 com.thundercomm.gamemode.ingame.services.ActivityMonitoringService$1.onActivityLaunch:127
12-01 07:57:12.594 1508 1508 I GameModeConfig: Current uri is uri = content://com.thundercomm.gamemode.api/gamemode_settings/gamemode_isgaming
12-01 07:57:12.596 1508 1508 I GameModeConfig: isGameModeOn = false
12-01 07:57:12.596 1508 1508 I GameModeConfig: isGameModeOn = false
12-01 07:57:12.596 1508 1508 I GameModeConfig: isDisableVoice = true
12-01 07:57:12.637 22714 22730 W ContextImpl: Calling a method in the system process without a qualified user: android.app.ContextImpl.startService:1816 android.content.ContextWrapper.startService:774 com.thundercomm.gamemode.ingame.services.GameModeActionUtils.startGameModeService:93 com.thundercomm.gamemode.ingame.services.GameModeActionUtils.startGameModeEntry:21 com.thundercomm.gamemode.ingame.services.ActivityMonitoringService$1.onActivityLaunch:127
12-01 07:57:12.640 1508 1508 I GameModeConfig: Current uri is uri = content://com.thundercomm.gamemode.api/gamemode_settings/gamemode_isgaming
12-01 07:57:12.646 1508 1508 I GameModeConfig: isGameModeOn = false
12-01 07:57:12.646 1508 1508 I GameModeConfig: isGameModeOn = false
12-01 07:57:12.647 1508 1508 I GameModeConfig: isDisableVoice = true
12-01 07:57:13.973 22714 22730 W ContextImpl: Calling a method in the system process without a qualified user: android.app.ContextImpl.startService:1816 android.content.ContextWrapper.startService:774 com.thundercomm.gamemode.ingame.services.GameModeActionUtils.startGameModeService:93 com.thundercomm.gamemode.ingame.services.GameModeActionUtils.startGameModeEntry:21 com.thundercomm.gamemode.ingame.services.ActivityMonitoringService$1.onActivityLaunch:127
12-01 07:57:13.980 1508 5207 W ActivityTaskManager: getTaskSnapshot: taskId=4229 not found
12-01 07:57:13.981 1508 1508 I GameModeConfig: Current uri is uri = content://com.thundercomm.gamemode.api/gamemode_settings/gamemode_isgaming
12-01 07:57:13.985 1508 1508 I GameModeConfig: isGameModeOn = false
12-01 07:57:13.986 1508 1508 I GameModeConfig: isGameModeOn = false
12-01 07:57:13.986 1508 1508 I GameModeConfig: isDisableVoice = true
12-01 07:57:13.986 1508 2437 W ActivityTaskManager: getTaskSnapshot: taskId=3229 not found
12-01 07:57:13.993 1508 9856 W ActivityTaskManager: getTaskSnapshot: taskId=2229 not found
12-01 07:57:13.998 1508 2437 W ActivityTaskManager: getTaskSnapshot: taskId=1229 not found
12-01 07:57:14.108 1508 1602 W ActivityTaskManager: getTaskSnapshot: taskId=4229 not found
12-01 07:57:14.878 1508 5207 I ActivityTaskManager: FOREGROUND_APPLICATION_CHANGED to com.android.launcher3.uioverrides.QuickstepLauncher
12-01 07:57:14.904 1508 9856 W AS.AudioService: Updated cached param hdr_record_on from false to false
12-01 07:57:14.905 1508 9856 W AS.AudioService: Updated cached param hdr_audio_channel_count from 0 to 0
12-01 07:57:14.906 1508 9856 W AS.AudioService: Updated cached param hdr_audio_sampling_rate from 0 to 0
12-01 07:57:14.929 22714 22730 W ContextImpl: Calling a method in the system process without a qualified user: android.app.ContextImpl.startService:1816 android.content.ContextWrapper.startService:774 com.thundercomm.gamemode.ingame.services.GameModeActionUtils.startGameModeService:93 com.thundercomm.gamemode.ingame.services.GameModeActionUtils.startGameModeEntry:21 com.thundercomm.gamemode.ingame.services.ActivityMonitoringService$1.onActivityLaunch:127
12-01 07:57:14.934 1508 1508 I GameModeConfig: Current uri is uri = content://com.thundercomm.gamemode.api/gamemode_settings/gamemode_isgaming
12-01 07:57:14.936 1508 1508 I GameModeConfig: isGameModeOn = false
12-01 07:57:14.936 1508 1508 I GameModeConfig: isGameModeOn = false
12-01 07:57:14.936 1508 1508 I GameModeConfig: isDisableVoice = true
12-01 07:57:15.001 22714 22730 W ContextImpl: Calling a method in the system process without a qualified user: android.app.ContextImpl.startService:1816 android.content.ContextWrapper.startService:774 com.thundercomm.gamemode.ingame.services.GameModeActionUtils.startGameModeService:93 com.thundercomm.gamemode.ingame.services.GameModeActionUtils.startGameModeEntry:21 com.thundercomm.gamemode.ingame.services.ActivityMonitoringService$1.onActivityLaunch:127
12-01 07:57:15.006 1508 1508 I GameModeConfig: Current uri is uri = content://com.thundercomm.gamemode.api/gamemode_settings/gamemode_isgaming
12-01 07:57:15.008 1508 1508 I GameModeConfig: isGameModeOn = false
12-01 07:57:15.008 1508 1508 I GameModeConfig: isGameModeOn = false
12-01 07:57:15.008 1508 1508 I GameModeConfig: isDisableVoice = true
12-01 07:57:16.898 1508 1603 D FreeFormWindowHelper: Add freeform task=Task{27ac1fe #230 type=standard A=10061:com.android.soundrecorder U=0 visible=false mode=freeform translucent=true sz=1}
12-01 07:57:16.911 1508 1603 I ActivityTaskManager: FOREGROUND_APPLICATION_CHANGED to com.android.soundrecorder.SoundRecorder
12-01 07:57:16.932 1508 1603 W WindowManager: updateScale0.7996942
12-01 07:57:16.937 1508 6408 W WindowManager: Attempted to set replacing window on app token with no content Token{8fe9e8b ActivityRecord{9575426 u0 com.android.soundrecorder/.SoundRecorder t230}}
12-01 07:57:16.943 22714 22730 W ContextImpl: Calling a method in the system process without a qualified user: android.app.ContextImpl.startService:1816 android.content.ContextWrapper.startService:774 com.thundercomm.gamemode.ingame.services.GameModeActionUtils.startGameModeService:93 com.thundercomm.gamemode.ingame.services.GameModeActionUtils.startGameModeEntry:21 com.thundercomm.gamemode.ingame.services.ActivityMonitoringService$1.onActivityLaunch:127
12-01 07:57:16.947 1508 1508 I GameModeConfig: Current uri is uri = content://com.thundercomm.gamemode.api/gamemode_settings/gamemode_isgaming
12-01 07:57:16.953 1508 1508 I GameModeConfig: isGameModeOn = false
12-01 07:57:16.954 1508 1508 I GameModeConfig: isGameModeOn = false
12-01 07:57:16.954 1508 1508 I GameModeConfig: isDisableVoice = true
12-01 07:57:16.963 1508 9856 W WindowManager: updateScale0.7996942
12-01 07:57:16.969 1508 1637 W WindowManager: updateScale0.7996942
12-01 07:57:16.975 1508 8059 I WindowManager: finishDrawing of relaunch: Window{316c311 u0 com.android.soundrecorder/com.android.soundrecorder.SoundRecorder} 76ms
12-01 07:57:16.975 1508 1637 W WindowManager: updateScale0.7996942
12-01 07:57:16.977 1508 1637 W WindowManager: updateScale0.7996942
12-01 07:57:18.330 1508 2426 I ActivityTaskManager: START u0 {act=android.intent.action.MAIN cat=[android.intent.category.LAUNCHER] flg=0x10200000 cmp=com.android.music/.VideoBrowserActivity bnds=[2308,540][2494,740]} from uid 10076
12-01 07:57:18.346 1508 2426 W ActivityTaskManager: Can't find TaskDisplayArea to determine support for multi window. Task id=231 attached=false
12-01 07:57:18.364 1508 2426 W WindowManager: updateScale0.7996942
12-01 07:57:18.388 1508 2426 W WindowManager: updateScale0.7996942
12-01 07:57:18.396 1508 8059 I ActivityTaskManager: FOREGROUND_APPLICATION_CHANGED to com.android.music.VideoBrowserActivity
12-01 07:57:18.398 1508 8059 I ActivityTaskManager: The Process com.android.music Already Exists in BG. So sending its PID: 23346
12-01 07:57:18.398 1508 8059 W ActivityTaskManager: Tried to set launchTime (0) < mLastActivityLaunchTime (14615431)
12-01 07:57:18.402 1508 8059 W WindowManager: updateScale0.7996942
12-01 07:57:18.411 1508 1637 W WindowManager: updateScale0.7996942
12-01 07:57:18.416 1508 1637 W WindowManager: updateScale0.7996942
12-01 07:57:18.417 1508 1637 W WindowManager: updateScale0.7996942
12-01 07:57:18.430 22714 22730 W ContextImpl: Calling a method in the system process without a qualified user: android.app.ContextImpl.startService:1816 android.content.ContextWrapper.startService:774 com.thundercomm.gamemode.ingame.services.GameModeActionUtils.startGameModeService:93 com.thundercomm.gamemode.ingame.services.GameModeActionUtils.startGameModeEntry:21 com.thundercomm.gamemode.ingame.services.ActivityMonitoringService$1.onActivityLaunch:127
12-01 07:57:18.435 1508 1508 I GameModeConfig: Current uri is uri = content://com.thundercomm.gamemode.api/gamemode_settings/gamemode_isgaming
12-01 07:57:18.438 1508 1508 I GameModeConfig: isGameModeOn = false
12-01 07:57:18.439 1508 1508 I GameModeConfig: isGameModeOn = false
12-01 07:57:18.439 1508 1508 I GameModeConfig: isDisableVoice = true
12-01 07:57:18.446 1508 2426 W WindowManager: updateScale0.7996942
12-01 07:57:18.453 1508 1637 W WindowManager: updateScale0.7996942
12-01 07:57:18.454 1508 1637 W WindowManager: updateScale0.7996942
12-01 07:57:18.512 22714 22730 W ContextImpl: Calling a method in the system process without a qualified user: android.app.ContextImpl.startService:1816 android.content.ContextWrapper.startService:774 com.thundercomm.gamemode.ingame.services.GameModeActionUtils.startGameModeService:93 com.thundercomm.gamemode.ingame.services.GameModeActionUtils.startGameModeEntry:21 com.thundercomm.gamemode.ingame.services.ActivityMonitoringService$1.onActivityLaunch:127
12-01 07:57:18.516 1508 1508 I GameModeConfig: Current uri is uri = content://com.thundercomm.gamemode.api/gamemode_settings/gamemode_isgaming
12-01 07:57:18.518 1508 1508 I GameModeConfig: isGameModeOn = false
12-01 07:57:18.519 1508 1508 I GameModeConfig: isGameModeOn = false
12-01 07:57:18.519 1508 1508 I GameModeConfig: isDisableVoice = true
12-01 07:57:18.854 1508 5207 W WindowManager: updateScale0.7996942
12-01 07:57:18.860 1508 2437 W WindowManager: updateScale0.7996942
12-01 07:57:18.959 1508 1637 W WindowManager: updateScale0.7996942
12-01 07:57:18.961 1508 1637 W WindowManager: updateScale0.7996942
12-01 07:57:19.008 1508 2426 W WindowManager: updateScale0.7996942
12-01 07:57:19.019 1508 1637 W WindowManager: updateScale0.7996942
12-01 07:57:19.021 1508 1637 W WindowManager: updateScale0.7996942
12-01 07:57:19.028 1508 1637 W WindowManager: updateScale0.7996942
12-01 07:57:19.037 22714 22730 W ContextImpl: Calling a method in the system process without a qualified user: android.app.ContextImpl.startService:1816 android.content.ContextWrapper.startService:774 com.thundercomm.gamemode.ingame.services.GameModeActionUtils.startGameModeService:93 com.thundercomm.gamemode.ingame.services.GameModeActionUtils.startGameModeEntry:21 com.thundercomm.gamemode.ingame.services.ActivityMonitoringService$1.onActivityLaunch:127
12-01 07:57:19.042 1508 1508 I GameModeConfig: Current uri is uri = content://com.thundercomm.gamemode.api/gamemode_settings/gamemode_isgaming
12-01 07:57:19.046 1508 1508 I GameModeConfig: isGameModeOn = false
12-01 07:57:19.046 1508 1508 I GameModeConfig: isGameModeOn = false
12-01 07:57:19.046 1508 1508 I GameModeConfig: isDisableVoice = true
12-01 07:57:19.567 1508 2426 W WindowManager: updateScale0.7996942
12-01 07:57:19.615 22714 22730 W ContextImpl: Calling a method in the system process without a qualified user: android.app.ContextImpl.startService:1816 android.content.ContextWrapper.startService:774 com.thundercomm.gamemode.ingame.services.GameModeActionUtils.startGameModeService:93 com.thundercomm.gamemode.ingame.services.GameModeActionUtils.startGameModeEntry:21 com.thundercomm.gamemode.ingame.services.ActivityMonitoringService$1.onActivityLaunch:127
12-01 07:57:19.623 1508 1508 I GameModeConfig: Current uri is uri = content://com.thundercomm.gamemode.api/gamemode_settings/gamemode_isgaming
12-01 07:57:19.625 1508 1508 I GameModeConfig: isGameModeOn = false
12-01 07:57:19.625 1508 1508 I GameModeConfig: isGameModeOn = false
12-01 07:57:19.625 1508 1508 I GameModeConfig: isDisableVoice = true
12-01 07:57:19.639 22714 22730 W ContextImpl: Calling a method in the system process without a qualified user: android.app.ContextImpl.startService:1816 android.content.ContextWrapper.startService:774 com.thundercomm.gamemode.ingame.services.GameModeActionUtils.startGameModeService:93 com.thundercomm.gamemode.ingame.services.GameModeActionUtils.startGameModeEntry:21 com.thundercomm.gamemode.ingame.services.ActivityMonitoringService$1.onActivityLaunch:127
12-01 07:57:19.641 1508 6408 W ActivityTaskManager: getTaskSnapshot: taskId=3229 not found
12-01 07:57:19.642 1508 6408 W ActivityTaskManager: getTaskSnapshot: taskId=2229 not found
12-01 07:57:19.642 1508 1508 I GameModeConfig: Current uri is uri = content://com.thundercomm.gamemode.api/gamemode_settings/gamemode_isgaming
12-01 07:57:19.642 1508 6408 W ActivityTaskManager: getTaskSnapshot: taskId=1229 not found
12-01 07:57:19.645 1508 2426 W ActivityTaskManager: getTaskSnapshot: taskId=1229 not found
12-01 07:57:19.646 1508 2426 W ActivityTaskManager: getTaskSnapshot: taskId=2229 not found
12-01 07:57:19.647 1508 1508 I GameModeConfig: isGameModeOn = false
12-01 07:57:19.648 1508 1508 I GameModeConfig: isGameModeOn = false
12-01 07:57:19.649 1508 1508 I GameModeConfig: isDisableVoice = true
12-01 07:57:19.649 1508 2426 W ActivityTaskManager: getTaskSnapshot: taskId=3229 not found
12-01 07:57:19.650 1508 2426 W ActivityTaskManager: getTaskSnapshot: taskId=3229 not found
12-01 07:57:19.650 1508 2426 W ActivityTaskManager: getTaskSnapshot: taskId=2229 not found
12-01 07:57:19.650 1508 2426 W ActivityTaskManager: getTaskSnapshot: taskId=1229 not found
12-01 07:57:19.660 1508 6408 W AS.AudioService: Updated cached param hdr_record_on from false to false
12-01 07:57:19.662 1508 6335 W AS.AudioService: Updated cached param hdr_audio_channel_count from 0 to 0
12-01 07:57:19.663 1508 1603 W AS.AudioService: Updated cached param hdr_audio_sampling_rate from 0 to 0
12-01 07:57:19.671 1508 2437 D FreeFormWindowHelper: Remove freefrom task=Task{27ac1fe #230 type=standard A=10061:com.android.soundrecorder U=0 visible=false mode=freeform translucent=true sz=0}
12-01 07:57:19.732 22714 22730 W ContextImpl: Calling a method in the system process without a qualified user: android.app.ContextImpl.startService:1816 android.content.ContextWrapper.startService:774 com.thundercomm.gamemode.ingame.services.GameModeActionUtils.startGameModeService:93 com.thundercomm.gamemode.ingame.services.GameModeActionUtils.startGameModeEntry:21 com.thundercomm.gamemode.ingame.services.ActivityMonitoringService$1.onActivityLaunch:127
12-01 07:57:19.738 1508 1508 I GameModeConfig: Current uri is uri = content://com.thundercomm.gamemode.api/gamemode_settings/gamemode_isgaming
12-01 07:57:19.739 1508 1508 I GameModeConfig: isGameModeOn = false
12-01 07:57:19.740 1508 1508 I GameModeConfig: isGameModeOn = false
12-01 07:57:19.740 1508 1508 I GameModeConfig: isDisableVoice = true
12-01 07:57:19.827 1508 1508 I GameModeConfig: isGameModeOn = false
12-01 07:57:20.544 1508 2437 I ActivityTaskManager: FOREGROUND_APPLICATION_CHANGED to com.android.launcher3.uioverrides.QuickstepLauncher
12-01 07:57:20.602 22714 22730 W ContextImpl: Calling a method in the system process without a qualified user: android.app.ContextImpl.startService:1816 android.content.ContextWrapper.startService:774 com.thundercomm.gamemode.ingame.services.GameModeActionUtils.startGameModeService:93 com.thundercomm.gamemode.ingame.services.GameModeActionUtils.startGameModeEntry:21 com.thundercomm.gamemode.ingame.services.ActivityMonitoringService$1.onActivityLaunch:127
12-01 07:57:20.606 1508 1508 I GameModeConfig: Current uri is uri = content://com.thundercomm.gamemode.api/gamemode_settings/gamemode_isgaming
12-01 07:57:20.609 1508 1508 I GameModeConfig: isGameModeOn = false
12-01 07:57:20.609 1508 1508 I GameModeConfig: isGameModeOn = false
12-01 07:57:20.609 1508 1508 I GameModeConfig: isDisableVoice = true
12-01 07:57:20.663 22714 22730 W ContextImpl: Calling a method in the system process without a qualified user: android.app.ContextImpl.startService:1816 android.content.ContextWrapper.startService:774 com.thundercomm.gamemode.ingame.services.GameModeActionUtils.startGameModeService:93 com.thundercomm.gamemode.ingame.services.GameModeActionUtils.startGameModeEntry:21 com.thundercomm.gamemode.ingame.services.ActivityMonitoringService$1.onActivityLaunch:127
12-01 07:57:20.673 1508 1508 I GameModeConfig: Current uri is uri = content://com.thundercomm.gamemode.api/gamemode_settings/gamemode_isgaming
12-01 07:57:20.675 1508 1508 I GameModeConfig: isGameModeOn = false
12-01 07:57:20.676 1508 1508 I GameModeConfig: isGameModeOn = false
12-01 07:57:20.676 1508 1508 I GameModeConfig: isDisableVoice = true
12-01 07:57:20.931 1508 3862 E TaskPersister: File error accessing recents directory (directory doesn't exist?).
12-01 07:57:22.730 1508 6335 D FreeFormWindowHelper: Add freeform task=Task{370bb84 #229 type=standard A=10064:com.android.gallery3d U=0 visible=false mode=freeform translucent=true sz=0}
12-01 07:57:22.734 1508 6335 I ActivityTaskManager: START u0 {flg=0x10108000 cmp=com.android.gallery3d/.app.GalleryActivity} from uid 10076
12-01 07:57:22.747 1508 6335 I ActivityTaskManager: FOREGROUND_APPLICATION_CHANGED to com.android.gallery3d.app.GalleryActivity
12-01 07:57:22.748 1508 6335 I ActivityTaskManager: The Process com.android.gallery3d Already Exists in BG. So sending its PID: 22978
12-01 07:57:22.749 1508 6335 W ActivityTaskManager: Tried to set launchTime (0) < mLastActivityLaunchTime (14639276)
12-01 07:57:22.787 22714 22730 W ContextImpl: Calling a method in the system process without a qualified user: android.app.ContextImpl.startService:1816 android.content.ContextWrapper.startService:774 com.thundercomm.gamemode.ingame.services.GameModeActionUtils.startGameModeService:93 com.thundercomm.gamemode.ingame.services.GameModeActionUtils.startGameModeEntry:21 com.thundercomm.gamemode.ingame.services.ActivityMonitoringService$1.onActivityLaunch:127
12-01 07:57:22.793 1508 1508 I GameModeConfig: Current uri is uri = content://com.thundercomm.gamemode.api/gamemode_settings/gamemode_isgaming
12-01 07:57:22.796 1508 1508 I GameModeConfig: isGameModeOn = false
12-01 07:57:22.796 1508 1508 I GameModeConfig: isGameModeOn = false
12-01 07:57:22.797 1508 1508 I GameModeConfig: isDisableVoice = true
12-01 07:57:22.801 1508 2437 W WindowManager: updateScale0.7996942
12-01 07:57:22.836 1508 1637 W WindowManager: updateScale0.7996942
12-01 07:57:22.838 1508 1637 W WindowManager: updateScale0.7996942
12-01 07:57:22.840 1508 1637 W WindowManager: updateScale0.7996942
12-01 07:57:23.122 1508 1637 W WindowManager: updateScale0.7996942
12-01 07:57:24.698 1508 2437 I ActivityTaskManager: START u0 {act=android.intent.action.MAIN cat=[android.intent.category.LAUNCHER] flg=0x10200000 cmp=com.android.music/.VideoBrowserActivity bnds=[2308,540][2494,740]} from uid 10076
12-01 07:57:24.713 1508 2437 W WindowManager: updateScale0.7996942
12-01 07:57:24.721 1508 6408 I ActivityTaskManager: FOREGROUND_APPLICATION_CHANGED to com.android.music.VideoBrowserActivity
12-01 07:57:24.727 1508 2437 W WindowManager: updateScale0.7996942
12-01 07:57:24.733 1508 1637 W WindowManager: updateScale0.7996942
12-01 07:57:24.738 1508 1637 W WindowManager: updateScale0.7996942
12-01 07:57:24.747 1508 2426 W WindowManager: updateScale0.7996942
12-01 07:57:24.755 1508 6335 W WindowManager: updateScale0.7996942
12-01 07:57:24.756 22714 22730 W ContextImpl: Calling a method in the system process without a qualified user: android.app.ContextImpl.startService:1816 android.content.ContextWrapper.startService:774 com.thundercomm.gamemode.ingame.services.GameModeActionUtils.startGameModeService:93 com.thundercomm.gamemode.ingame.services.GameModeActionUtils.startGameModeEntry:21 com.thundercomm.gamemode.ingame.services.ActivityMonitoringService$1.onActivityLaunch:127
12-01 07:57:24.761 1508 1508 I GameModeConfig: Current uri is uri = content://com.thundercomm.gamemode.api/gamemode_settings/gamemode_isgaming
12-01 07:57:24.762 1508 1508 I GameModeConfig: isGameModeOn = false
12-01 07:57:24.763 1508 1508 I GameModeConfig: isGameModeOn = false
12-01 07:57:24.763 1508 1508 I GameModeConfig: isDisableVoice = true
12-01 07:57:24.770 1508 1637 W WindowManager: updateScale0.7996942
12-01 07:57:24.772 1508 1637 W WindowManager: updateScale0.7996942
12-01 07:57:24.835 22714 22730 W ContextImpl: Calling a method in the system process without a qualified user: android.app.ContextImpl.startService:1816 android.content.ContextWrapper.startService:774 com.thundercomm.gamemode.ingame.services.GameModeActionUtils.startGameModeService:93 com.thundercomm.gamemode.ingame.services.GameModeActionUtils.startGameModeEntry:21 com.thundercomm.gamemode.ingame.services.ActivityMonitoringService$1.onActivityLaunch:127
12-01 07:57:24.840 1508 1508 I GameModeConfig: Current uri is uri = content://com.thundercomm.gamemode.api/gamemode_settings/gamemode_isgaming
12-01 07:57:24.844 1508 1508 I GameModeConfig: isGameModeOn = false
12-01 07:57:24.844 1508 1508 I GameModeConfig: isGameModeOn = false
12-01 07:57:24.844 1508 1508 I GameModeConfig: isDisableVoice = true
12-01 07:57:24.877 1508 2437 W WindowManager: updateScale0.7996942
12-01 07:57:25.041 1508 1637 W WindowManager: updateScale0.7996942
12-01 07:57:25.044 1508 1637 W WindowManager: updateScale0.7996942
