12-01 07:59:03.624 22978 22978 I wm_on_top_resumed_gained_called: [129400874,com.android.gallery3d.app.GalleryActivity,topStateChangedWhenResumed]
12-01 07:59:03.630 1508 4735 W WindowManager: updateScale0.7996942
12-01 07:59:03.635 1508 2971 W WindowManager: updateScale0.7996942
12-01 07:59:03.640 1508 1637 I input_focus: [Focus request a480b64 com.android.gallery3d/com.android.gallery3d.app.GalleryActivity,reason=UpdateInputWindows]
12-01 07:59:03.660 1508 2005 I input_focus: [Focus leaving cbd5b56 com.android.settings/com.android.settings.Settings (server),reason=Waiting for window because NOT_VISIBLE]
12-01 07:59:03.664 22714 22730 W ContextImpl: Calling a method in the system process without a qualified user: android.app.ContextImpl.startService:1816 android.content.ContextWrapper.startService:774 com.thundercomm.gamemode.ingame.services.GameModeActionUtils.startGameModeService:93 com.thundercomm.gamemode.ingame.services.GameModeActionUtils.startGameModeEntry:21 com.thundercomm.gamemode.ingame.services.ActivityMonitoringService$1.onActivityLaunch:127
12-01 07:59:03.672 1508 1508 I GameModeConfig: Current uri is uri = content://com.thundercomm.gamemode.api/gamemode_settings/gamemode_isgaming
12-01 07:59:03.674 1508 1508 I GameModeConfig: isGameModeOn = false
12-01 07:59:03.674 1508 1508 I GameModeConfig: isGameModeOn = false
12-01 07:59:03.674 1508 1508 I GameModeConfig: isDisableVoice = true
12-01 07:59:03.677 1508 1637 W WindowManager: updateScale0.7996942
12-01 07:59:03.679 1508 1637 W WindowManager: updateScale0.7996942
12-01 07:59:03.682 1508 1637 W WindowManager: updateScale0.7996942
12-01 07:59:03.683 1508 1633 I sysui_multi_action: [319,101,322,101,325,14762,757,761,758,8,759,2,806,com.android.gallery3d,871,com.android.gallery3d.app.GalleryActivity,904,android,905,0,1320,8,1321,5]
12-01 07:59:03.685 1508 1633 I wm_activity_launch_time: [0,129400874,com.android.gallery3d/.app.GalleryActivity,101]
12-01 07:59:03.694 1508 2005 I input_focus: [Focus entering a480b64 com.android.gallery3d/com.android.gallery3d.app.GalleryActivity (server),reason=Window became focusable. Previous reason: NOT_VISIBLE]
12-01 07:59:04.180 1508 1637 W WindowManager: updateScale0.7996942
12-01 07:59:04.181 1508 6896 W WindowManager: updateScale0.7996942
12-01 07:59:04.351 0 0 I auditd : type=1400 audit(0.0:15965): avc: denied { kill } for comm="swapper/2" capability=5 scontext=u:r:kernel:s0 tcontext=u:r:kernel:s0 tclass=capability permissive=0
12-01 07:59:04.375 1508 2005 I input_interaction: Interaction with: cbd5b56 com.android.settings/com.android.settings.Settings (server), edge-swipe (server), swipe-up (server), PointerEventDispatcher0 (server),
12-01 07:59:04.378 1508 1636 I wm_task_moved: [249,1,7]
12-01 07:59:04.379 1508 1636 I wm_task_to_front: [0,249]
12-01 07:59:04.382 1508 1636 W WindowManager: updateScale0.7996942
12-01 07:59:04.385 1508 1636 I wm_set_resumed_activity: [0,com.android.settings/.Settings,positionChildAt]
12-01 07:59:04.385 1508 1636 I wm_focused_root_task: [0,0,249,250,setFocusedTask]
12-01 07:59:04.385 1508 1636 I wm_set_resumed_activity: [0,com.android.settings/.Settings,setFocusedTask]
12-01 07:59:04.385 1508 1636 I ActivityTaskManager: FOREGROUND_APPLICATION_CHANGED to com.android.settings.homepage.SettingsHomepageActivity
12-01 07:59:04.385 22978 22978 I wm_on_top_resumed_lost_called: [129400874,com.android.gallery3d.app.GalleryActivity,topStateChangedWhenResumed]
12-01 07:59:04.386 25302 25302 I wm_on_top_resumed_gained_called: [45402212,com.android.settings.Settings,topStateChangedWhenResumed]
12-01 07:59:04.389 1508 1637 I input_focus: [Focus request cbd5b56 com.android.settings/com.android.settings.Settings,reason=UpdateInputWindows]
12-01 07:59:04.399 1508 6896 I wm_task_moved: [1,0,0]
12-01 07:59:04.399 1508 6896 I wm_task_moved: [1,0,6]
12-01 07:59:04.403 1508 6896 W WindowManager: updateScale0.7996942
12-01 07:59:04.409 1508 4735 W WindowManager: updateScale0.7996942
12-01 07:59:04.412 2822 2822 I wm_on_restart_called: [103113767,com.android.launcher3.uioverrides.QuickstepLauncher,performRestartActivity]
12-01 07:59:04.414 1508 2005 I input_focus: [Focus leaving a480b64 com.android.gallery3d/com.android.gallery3d.app.GalleryActivity (server),reason=setFocusedWindow]
12-01 07:59:04.415 1508 2005 I input_focus: [Focus entering cbd5b56 com.android.settings/com.android.settings.Settings (server),reason=setFocusedWindow]
12-01 07:59:04.421 22714 22730 W ContextImpl: Calling a method in the system process without a qualified user: android.app.ContextImpl.startService:1816 android.content.ContextWrapper.startService:774 com.thundercomm.gamemode.ingame.services.GameModeActionUtils.startGameModeService:93 com.thundercomm.gamemode.ingame.services.GameModeActionUtils.startGameModeEntry:21 com.thundercomm.gamemode.ingame.services.ActivityMonitoringService$1.onActivityLaunch:127
12-01 07:59:04.425 1508 6896 I wm_finish_activity: [0,129400874,250,com.android.gallery3d/.app.GalleryActivity,app-request]
12-01 07:59:04.429 1508 1508 I GameModeConfig: Current uri is uri = content://com.thundercomm.gamemode.api/gamemode_settings/gamemode_isgaming
12-01 07:59:04.431 1508 1508 I GameModeConfig: isGameModeOn = false
12-01 07:59:04.431 1508 1508 I GameModeConfig: isGameModeOn = false
12-01 07:59:04.431 1508 1508 I GameModeConfig: isDisableVoice = true
12-01 07:59:04.440 1508 6896 I wm_pause_activity: [0,129400874,com.android.gallery3d/.app.GalleryActivity,userLeaving=false,finish]
12-01 07:59:04.445 22978 22978 I wm_on_paused_called: [129400874,com.android.gallery3d.app.GalleryActivity,performPause]
12-01 07:59:04.451 1508 2426 I wm_destroy_activity: [0,129400874,250,com.android.gallery3d/.app.GalleryActivity,finish-imm:completePausedLocked]
12-01 07:59:04.458 22978 22978 I wm_on_stop_called: [129400874,com.android.gallery3d.app.GalleryActivity,LIFECYCLER_STOP_ACTIVITY]
12-01 07:59:04.459 2822 2822 I wm_on_start_called: [103113767,com.android.launcher3.uioverrides.QuickstepLauncher,handleStartActivity]
12-01 07:59:04.461 1508 1636 I sysui_multi_action: [757,803,799,window_time_0,802,2]
12-01 07:59:04.463 25302 25302 I view_enqueue_input_event: [Motion - Cancel,com.android.settings/com.android.settings.Settings]
12-01 07:59:04.463 1508 2005 I input_interaction: Interaction with: edge-swipe (server), swipe-up (server), PointerEventDispatcher0 (server),
12-01 07:59:04.469 2822 2822 I sysui_latency: [1,95]
12-01 07:59:04.473 22978 22978 I wm_on_destroy_called: [129400874,com.android.gallery3d.app.GalleryActivity,performDestroy]
12-01 07:59:04.474 22714 22730 W ContextImpl: Calling a method in the system process without a qualified user: android.app.ContextImpl.startService:1816 android.content.ContextWrapper.startService:774 com.thundercomm.gamemode.ingame.services.GameModeActionUtils.startGameModeService:93 com.thundercomm.gamemode.ingame.services.GameModeActionUtils.startGameModeEntry:21 com.thundercomm.gamemode.ingame.services.ActivityMonitoringService$1.onActivityLaunch:127
12-01 07:59:04.480 1508 1637 I input_focus: [Focus request recents_animation_input_consumer,reason=UpdateInputWindows]
12-01 07:59:04.488 1508 1508 I GameModeConfig: Current uri is uri = content://com.thundercomm.gamemode.api/gamemode_settings/gamemode_isgaming
12-01 07:59:04.489 1508 1633 I sysui_multi_action: [319,7,322,76,325,14762,757,761,758,9,759,5,806,com.android.launcher3,871,com.android.launcher3.uioverrides.QuickstepLauncher,905,0,1320,8,1321,5]
12-01 07:59:04.490 1508 1508 I GameModeConfig: isGameModeOn = false
12-01 07:59:04.490 1508 1508 I GameModeConfig: isGameModeOn = false
12-01 07:59:04.490 1508 1508 I GameModeConfig: isDisableVoice = true
12-01 07:59:04.492 1508 10918 I wm_task_removed: [250,removeChild:removeChild last r=ActivityRecord{7b6802a u0 com.android.gallery3d/.app.GalleryActivity t-1 f}} in t=Task{f21e0ff #250 type=standard A=10064:com.android.gallery3d U=0 visible=false mode=freeform translucent=true sz=0}]
12-01 07:59:04.492 1508 10918 I wm_task_removed: [250,removeChild]
12-01 07:59:04.492 1508 10918 D FreeFormWindowHelper: Remove freefrom task=Task{f21e0ff #250 type=standard A=10064:com.android.gallery3d U=0 visible=false mode=freeform translucent=true sz=0}
12-01 07:59:04.499 1508 2005 I input_focus: [Focus leaving cbd5b56 com.android.settings/com.android.settings.Settings (server),reason=NOT_FOCUSABLE]
12-01 07:59:04.499 1508 2005 I input_focus: [Focus entering recents_animation_input_consumer (server),reason=setFocusedWindow]
12-01 07:59:04.499 1508 10918 W ActivityTaskManager: getTaskSnapshot: taskId=5249 not found
12-01 07:59:04.504 1508 4735 W ActivityTaskManager: getTaskSnapshot: taskId=4249 not found
12-01 07:59:04.505 1508 4735 W ActivityTaskManager: getTaskSnapshot: taskId=3249 not found
12-01 07:59:04.506 1508 4735 W ActivityTaskManager: getTaskSnapshot: taskId=2249 not found
12-01 07:59:04.508 1508 6896 W ActivityTaskManager: getTaskSnapshot: taskId=1249 not found
12-01 07:59:04.560 22714 22730 W ContextImpl: Calling a method in the system process without a qualified user: android.app.ContextImpl.startService:1816 android.content.ContextWrapper.startService:774 com.thundercomm.gamemode.ingame.services.GameModeActionUtils.startGameModeService:93 com.thundercomm.gamemode.ingame.services.GameModeActionUtils.startGameModeEntry:21 com.thundercomm.gamemode.ingame.services.ActivityMonitoringService$1.onActivityLaunch:127
12-01 07:59:04.565 1508 1508 I GameModeConfig: Current uri is uri = content://com.thundercomm.gamemode.api/gamemode_settings/gamemode_isgaming
12-01 07:59:04.568 1508 1508 I GameModeConfig: isGameModeOn = false
12-01 07:59:04.568 1508 1508 I GameModeConfig: isGameModeOn = false
12-01 07:59:04.568 1508 1508 I GameModeConfig: isDisableVoice = true
12-01 07:59:04.663 1508 1754 I commit_sys_config_file: [settings-1-0,6]
12-01 07:59:04.777 1508 1647 I sysui_latency: [8,88]
12-01 07:59:05.105 1366 16954 I liblog : 77
12-01 07:59:05.201 1508 4735 I wm_task_moved: [1,1,6]
12-01 07:59:05.201 1508 4735 I wm_focused_root_task: [0,0,1,249,RecentsAnimation.onAnimationFinished()]
12-01 07:59:05.201 1508 4735 I wm_pause_activity: [0,45402212,com.android.settings/.Settings,userLeaving=false,pauseBackTasks]
12-01 07:59:05.202 1508 4735 I ActivityTaskManager: FOREGROUND_APPLICATION_CHANGED to com.android.launcher3.uioverrides.QuickstepLauncher
12-01 07:59:05.202 1508 4735 I wm_set_resumed_activity: [0,com.android.launcher3/.uioverrides.QuickstepLauncher,resumeTopActivityInnerLocked]
12-01 07:59:05.202 1508 4735 I wm_resume_activity: [0,103113767,10,com.android.launcher3/.uioverrides.QuickstepLauncher]
12-01 07:59:05.202 25302 25302 I wm_on_top_resumed_lost_called: [45402212,com.android.settings.Settings,topStateChangedWhenResumed]
12-01 07:59:05.203 1508 4735 I wm_add_to_stopping: [0,45402212,com.android.settings/.Settings,makeInvisible]
12-01 07:59:05.204 2822 2822 I wm_on_resume_called: [103113767,com.android.launcher3.uioverrides.QuickstepLauncher,RESUME_ACTIVITY]
12-01 07:59:05.208 1508 1637 I input_focus: [Focus request 9ddf785 com.android.launcher3/com.android.launcher3.uioverrides.QuickstepLauncher,reason=UpdateInputWindows]
12-01 07:59:05.214 1508 2005 I input_focus: [Focus leaving recents_animation_input_consumer (server),reason=NOT_VISIBLE]
12-01 07:59:05.217 1508 8124 I wm_stop_activity: [0,45402212,com.android.settings/.Settings]
12-01 07:59:05.217 25302 25302 I sysui_multi_action: [757,35,758,2,1089,2022]
12-01 07:59:05.218 1508 1636 I sysui_multi_action: [757,803,799,window_time_0,802,0]
12-01 07:59:05.221 25302 25302 I sysui_multi_action: [757,746,758,2,1089,2019]
12-01 07:59:05.222 1508 3862 E TaskPersister: File error accessing recents directory (directory doesn't exist?).
12-01 07:59:05.230 2822 2822 I wm_on_top_resumed_gained_called: [103113767,com.android.launcher3.uioverrides.QuickstepLauncher,topStateChangedWhenResumed]
12-01 07:59:05.231 25302 25302 I wm_on_paused_called: [45402212,com.android.settings.Settings,performPause]
12-01 07:59:05.232 1508 2005 I input_focus: [Focus entering 9ddf785 com.android.launcher3/com.android.launcher3.uioverrides.QuickstepLauncher (server),reason=setFocusedWindow]
12-01 07:59:05.240 25302 25302 I wm_on_stop_called: [45402212,com.android.settings.Settings,STOP_ACTIVITY_ITEM]
12-01 07:59:05.274 22714 22730 W ContextImpl: Calling a method in the system process without a qualified user: android.app.ContextImpl.startService:1816 android.content.ContextWrapper.startService:774 com.thundercomm.gamemode.ingame.services.GameModeActionUtils.startGameModeService:93 com.thundercomm.gamemode.ingame.services.GameModeActionUtils.startGameModeEntry:21 com.thundercomm.gamemode.ingame.services.ActivityMonitoringService$1.onActivityLaunch:127
12-01 07:59:05.277 1508 1508 I GameModeConfig: Current uri is uri = content://com.thundercomm.gamemode.api/gamemode_settings/gamemode_isgaming
12-01 07:59:05.282 1508 1508 I GameModeConfig: isGameModeOn = false
12-01 07:59:05.282 1508 1508 I GameModeConfig: isGameModeOn = false
12-01 07:59:05.282 1508 1508 I GameModeConfig: isDisableVoice = true
12-01 07:59:05.325 22714 22730 W ContextImpl: Calling a method in the system process without a qualified user: android.app.ContextImpl.startService:1816 android.content.ContextWrapper.startService:774 com.thundercomm.gamemode.ingame.services.GameModeActionUtils.startGameModeService:93 com.thundercomm.gamemode.ingame.services.GameModeActionUtils.startGameModeEntry:21 com.thundercomm.gamemode.ingame.services.ActivityMonitoringService$1.onActivityLaunch:127
12-01 07:59:05.329 1508 1508 I GameModeConfig: Current uri is uri = content://com.thundercomm.gamemode.api/gamemode_settings/gamemode_isgaming
12-01 07:59:05.331 1508 1508 I GameModeConfig: isGameModeOn = false
12-01 07:59:05.331 1508 1508 I GameModeConfig: isGameModeOn = false
12-01 07:59:05.331 1508 1508 I GameModeConfig: isDisableVoice = true
12-01 07:59:05.435 1508 1754 I commit_sys_config_file: [settings-1-0,8]
12-01 07:59:05.708 1508 2005 I input_interaction: Interaction with: 9ddf785 com.android.launcher3/com.android.launcher3.uioverrides.QuickstepLauncher (server), a0d30ab com.android.systemui.ImageWallpaper (server), edge-swipe (server), swipe-up (server), PointerEventDispatcher0 (server),
12-01 07:59:05.792 1508 2971 I wm_task_moved: [1,1,6]
12-01 07:59:05.792 1508 2971 I wm_set_resumed_activity: [0,com.android.launcher3/.uioverrides.QuickstepLauncher,positionChildAt]
12-01 07:59:05.793 1508 2971 I wm_task_moved: [249,1,6]
12-01 07:59:05.793 1508 2971 I wm_focused_root_task: [0,0,249,1,moveTaskToFront findTaskToMoveToFront]
12-01 07:59:05.797 1508 2971 I wm_set_resumed_activity: [0,com.android.settings/.Settings,moveTaskToFront findTaskToMoveToFront]
12-01 07:59:05.799 1508 2971 I wm_pause_activity: [0,103113767,com.android.launcher3/.uioverrides.QuickstepLauncher,userLeaving=true,pauseBackTasks]
12-01 07:59:05.806 2822 2822 I wm_on_top_resumed_lost_called: [103113767,com.android.launcher3.uioverrides.QuickstepLauncher,topStateChangedWhenResumed]
12-01 07:59:05.807 2822 2822 I wm_on_paused_called: [103113767,com.android.launcher3.uioverrides.QuickstepLauncher,performPause]
12-01 07:59:05.808 1508 2971 I ActivityTaskManager: FOREGROUND_APPLICATION_CHANGED to com.android.settings.homepage.SettingsHomepageActivity
12-01 07:59:05.809 1508 2971 I wm_set_resumed_activity: [0,com.android.settings/.Settings,resumeTopActivityInnerLocked]
12-01 07:59:05.809 1508 2971 I wm_add_to_stopping: [0,103113767,com.android.launcher3/.uioverrides.QuickstepLauncher,makeInvisible]
12-01 07:59:05.810 1508 2971 I wm_resume_activity: [0,45402212,249,com.android.settings/.Settings]
12-01 07:59:05.832 1508 1636 I sysui_multi_action: [757,803,799,window_time_0,802,1]
12-01 07:59:05.832 1508 2005 I input_focus: [Focus leaving 9ddf785 com.android.launcher3/com.android.launcher3.uioverrides.QuickstepLauncher (server),reason=NO_WINDOW]
12-01 07:59:05.832 25302 25302 I wm_on_restart_called: [45402212,com.android.settings.Settings,performRestartActivity]
12-01 07:59:05.844 25302 25302 I wm_on_start_called: [45402212,com.android.settings.Settings,handleStartActivity]
12-01 07:59:05.845 25302 25302 I snet_event_log: [120484087,-1,]
12-01 07:59:05.845 25302 25302 I wm_on_resume_called: [45402212,com.android.settings.Settings,RESUME_ACTIVITY]
12-01 07:59:05.845 25302 25302 I sysui_multi_action: [757,35,758,1,833,0,1089,0]
12-01 07:59:05.854 22714 22730 W ContextImpl: Calling a method in the system process without a qualified user: android.app.ContextImpl.startService:1816 android.content.ContextWrapper.startService:774 com.thundercomm.gamemode.ingame.services.GameModeActionUtils.startGameModeService:93 com.thundercomm.gamemode.ingame.services.GameModeActionUtils.startGameModeEntry:21 com.thundercomm.gamemode.ingame.services.ActivityMonitoringService$1.onActivityLaunch:127
12-01 07:59:05.858 1508 1508 I GameModeConfig: Current uri is uri = content://com.thundercomm.gamemode.api/gamemode_settings/gamemode_isgaming
12-01 07:59:05.860 25302 25302 I sysui_multi_action: [757,746,758,1,833,0,1089,0]
12-01 07:59:05.860 1508 4735 D TelephonyRegistry: listen oscl: mHasNotifySubscriptionInfoChangedOccurred==false no callback
12-01 07:59:05.861 1508 1508 I GameModeConfig: isGameModeOn = false
12-01 07:59:05.861 1508 1508 I GameModeConfig: isGameModeOn = false
12-01 07:59:05.861 1508 1508 I GameModeConfig: isDisableVoice = true
12-01 07:59:05.862 1508 4735 D TelephonyRegistry: listen oscl: mHasNotifySubscriptionInfoChangedOccurred==false no callback
12-01 07:59:05.871 25302 25302 I wm_on_top_resumed_gained_called: [45402212,com.android.settings.Settings,topWhenResuming]
12-01 07:59:05.876 1508 1637 I input_focus: [Focus request cbd5b56 com.android.settings/com.android.settings.Settings,reason=UpdateInputWindows]
12-01 07:59:05.894 1508 1633 I sysui_multi_action: [319,31,321,28,322,93,325,14764,757,761,758,9,759,4,806,com.android.settings,871,com.android.settings.Settings,904,com.android.launcher3,905,0,1320,8,1321,5]
12-01 07:59:05.902 1508 2005 I input_focus: [Focus entering cbd5b56 com.android.settings/com.android.settings.Settings (server),reason=setFocusedWindow]
12-01 07:59:05.918 22714 22730 W ContextImpl: Calling a method in the system process without a qualified user: android.app.ContextImpl.startService:1816 android.content.ContextWrapper.startService:774 com.thundercomm.gamemode.ingame.services.GameModeActionUtils.startGameModeService:93 com.thundercomm.gamemode.ingame.services.GameModeActionUtils.startGameModeEntry:21 com.thundercomm.gamemode.ingame.services.ActivityMonitoringService$1.onActivityLaunch:127
12-01 07:59:05.923 1508 1508 I GameModeConfig: Current uri is uri = content://com.thundercomm.gamemode.api/gamemode_settings/gamemode_isgaming
12-01 07:59:05.925 1508 1508 I GameModeConfig: isGameModeOn = false
12-01 07:59:05.925 1508 1508 I GameModeConfig: isGameModeOn = false
12-01 07:59:05.925 1508 1508 I GameModeConfig: isDisableVoice = true
12-01 07:59:06.185 1508 1636 I wm_stop_activity: [0,103113767,com.android.launcher3/.uioverrides.QuickstepLauncher]
12-01 07:59:06.229 1508 6928 W ContextImpl: Calling a method in the system process without a qualified user: android.app.ContextImpl.startActivity:1067 com.android.server.wm.FreeFormWindowHelper.exitRecentTasks:426 com.android.server.wm.ActivityTaskManagerService.exitRecentTasks:3795 android.app.IActivityTaskManager$Stub.onTransact:2307 com.android.server.wm.ActivityTaskManagerService.onTransact:5046
12-01 07:59:06.231 1508 6928 I ActivityTaskManager: START u0 {flg=0x10008000 cmp=com.android.gallery3d/.app.GalleryActivity} from uid 1000
12-01 07:59:06.236 1508 6928 I wm_task_created: [251,-1]
12-01 07:59:06.236 1508 6928 W ActivityTaskManager: Can't find TaskDisplayArea to determine support for multi window. Task id=251 attached=false
12-01 07:59:06.237 1508 6928 D FreeFormWindowHelper: Add freeform task=Task{c5699b0 #251 type=standard ?? U=0 visible=false mode=freeform translucent=true sz=0}
12-01 07:59:06.241 1508 6928 I wm_task_moved: [251,1,7]
12-01 07:59:06.241 1508 6928 I wm_task_to_front: [0,251]
12-01 07:59:06.241 1508 6928 I wm_create_task: [0,251]
12-01 07:59:06.241 1508 6928 I wm_create_activity: [0,30621737,251,com.android.gallery3d/.app.GalleryActivity,NULL,NULL,NULL,268468224]
12-01 07:59:06.241 1508 6928 I wm_task_moved: [251,1,7]
12-01 07:59:06.242 25302 25302 I wm_on_top_resumed_lost_called: [45402212,com.android.settings.Settings,topStateChangedWhenResumed]
12-01 07:59:06.242 1508 6928 I ActivityTaskManager: FOREGROUND_APPLICATION_CHANGED to com.android.gallery3d.app.GalleryActivity
12-01 07:59:06.243 1508 6928 I ActivityTaskManager: The Process com.android.gallery3d Already Exists in BG. So sending its PID: 22978
12-01 07:59:06.243 1508 6928 W ActivityTaskManager: Tried to set launchTime (0) < mLastActivityLaunchTime (14762167)
12-01 07:59:06.244 1508 6928 I wm_restart_activity: [0,30621737,251,com.android.gallery3d/.app.GalleryActivity]
12-01 07:59:06.246 1508 6928 I wm_set_resumed_activity: [0,com.android.gallery3d/.app.GalleryActivity,minimalResumeActivityLocked]
12-01 07:59:06.264 22714 22730 W ContextImpl: Calling a method in the system process without a qualified user: android.app.ContextImpl.startService:1816 android.content.ContextWrapper.startService:774 com.thundercomm.gamemode.ingame.services.GameModeActionUtils.startGameModeService:93 com.thundercomm.gamemode.ingame.services.GameModeActionUtils.startGameModeEntry:21 com.thundercomm.gamemode.ingame.services.ActivityMonitoringService$1.onActivityLaunch:127
12-01 07:59:06.269 1508 1508 I GameModeConfig: Current uri is uri = content://com.thundercomm.gamemode.api/gamemode_settings/gamemode_isgaming
12-01 07:59:06.271 22978 22978 I wm_on_create_called: [30621737,com.android.gallery3d.app.GalleryActivity,performCreate]
12-01 07:59:06.272 1508 1508 I GameModeConfig: isGameModeOn = false
12-01 07:59:06.272 22978 22978 I wm_on_start_called: [30621737,com.android.gallery3d.app.GalleryActivity,handleStartActivity]
12-01 07:59:06.272 1508 1508 I GameModeConfig: isGameModeOn = false
12-01 07:59:06.272 1508 1508 I GameModeConfig: isDisableVoice = true
12-01 07:59:06.274 22978 22978 I wm_on_resume_called: [30621737,com.android.gallery3d.app.GalleryActivity,RESUME_ACTIVITY]
12-01 07:59:06.278 22978 22978 I wm_on_top_resumed_gained_called: [30621737,com.android.gallery3d.app.GalleryActivity,topStateChangedWhenResumed]
12-01 07:59:06.284 1508 2426 W WindowManager: updateScale0.7996942
12-01 07:59:06.288 1508 1637 I input_focus: [Focus request 1a2736b com.android.gallery3d/com.android.gallery3d.app.GalleryActivity,reason=UpdateInputWindows]
12-01 07:59:06.296 2822 2822 I wm_on_stop_called: [103113767,com.android.launcher3.uioverrides.QuickstepLauncher,STOP_ACTIVITY_ITEM]
12-01 07:59:06.305 1508 6896 W WindowManager: updateScale0.7996942
12-01 07:59:06.317 1508 1637 W WindowManager: updateScale0.7996942
12-01 07:59:06.320 1508 2005 I input_focus: [Focus leaving cbd5b56 com.android.settings/com.android.settings.Settings (server),reason=Waiting for window because NOT_VISIBLE]
12-01 07:59:06.320 1508 1637 W WindowManager: updateScale0.7996942
12-01 07:59:06.322 1508 1637 W WindowManager: updateScale0.7996942
12-01 07:59:06.328 1508 1633 I sysui_multi_action: [319,90,322,89,325,14764,757,761,758,8,759,2,806,com.android.gallery3d,871,com.android.gallery3d.app.GalleryActivity,904,android,905,0,1320,8,1321,5]
12-01 07:59:06.330 1508 1633 I wm_activity_launch_time: [0,30621737,com.android.gallery3d/.app.GalleryActivity,89]
12-01 07:59:06.334 1508 2005 I input_focus: [Focus entering 1a2736b com.android.gallery3d/com.android.gallery3d.app.GalleryActivity (server),reason=Window became focusable. Previous reason: NOT_VISIBLE]
12-01 07:59:06.375 22714 22730 W ContextImpl: Calling a method in the system process without a qualified user: android.app.ContextImpl.startService:1816 android.content.ContextWrapper.startService:774 com.thundercomm.gamemode.ingame.services.GameModeActionUtils.startGameModeService:93 com.thundercomm.gamemode.ingame.services.GameModeActionUtils.startGameModeEntry:21 com.thundercomm.gamemode.ingame.services.ActivityMonitoringService$1.onActivityLaunch:127
12-01 07:59:06.386 1508 1508 I GameModeConfig: Current uri is uri = content://com.thundercomm.gamemode.api/gamemode_settings/gamemode_isgaming
12-01 07:59:06.387 1508 1508 I GameModeConfig: isGameModeOn = false
12-01 07:59:06.387 1508 1508 I GameModeConfig: isGameModeOn = false
12-01 07:59:06.387 1508 1508 I GameModeConfig: isDisableVoice = true
12-01 07:59:06.404 1508 1637 W WindowManager: updateScale0.7996942
12-01 07:59:06.819 1508 1637 W WindowManager: updateScale0.7996942
12-01 07:59:06.821 1508 6928 W WindowManager: updateScale0.7996942
12-01 07:59:06.913 1508 2005 I input_interaction: Interaction with: cbd5b56 com.android.settings/com.android.settings.Settings (server), edge-swipe (server), swipe-up (server), PointerEventDispatcher0 (server),
12-01 07:59:06.914 1508 1636 I wm_task_moved: [249,1,7]
12-01 07:59:06.914 1508 1636 I wm_task_to_front: [0,249]
12-01 07:59:06.917 1508 1636 W WindowManager: updateScale0.7996942
12-01 07:59:06.920 1508 1636 I wm_set_resumed_activity: [0,com.android.settings/.Settings,positionChildAt]
12-01 07:59:06.920 1508 1636 I wm_focused_root_task: [0,0,249,251,setFocusedTask]
12-01 07:59:06.920 1508 1636 I wm_set_resumed_activity: [0,com.android.settings/.Settings,setFocusedTask]
12-01 07:59:06.921 1508 1636 I ActivityTaskManager: FOREGROUND_APPLICATION_CHANGED to com.android.settings.homepage.SettingsHomepageActivity
12-01 07:59:06.921 22978 22978 I wm_on_top_resumed_lost_called: [30621737,com.android.gallery3d.app.GalleryActivity,topStateChangedWhenResumed]
12-01 07:59:06.924 25302 25302 I wm_on_top_resumed_gained_called: [45402212,com.android.settings.Settings,topStateChangedWhenResumed]
12-01 07:59:06.924 1508 1637 I input_focus: [Focus request cbd5b56 com.android.settings/com.android.settings.Settings,reason=UpdateInputWindows]
12-01 07:59:06.933 1508 6896 I wm_task_moved: [1,0,0]
12-01 07:59:06.934 1508 6896 I wm_task_moved: [1,0,6]
12-01 07:59:06.940 1508 6896 W WindowManager: updateScale0.7996942
12-01 07:59:06.951 1508 6896 W WindowManager: updateScale0.7996942
12-01 07:59:06.953 1508 2005 I input_focus: [Focus leaving 1a2736b com.android.gallery3d/com.android.gallery3d.app.GalleryActivity (server),reason=setFocusedWindow]
12-01 07:59:06.953 1508 2005 I input_focus: [Focus entering cbd5b56 com.android.settings/com.android.settings.Settings (server),reason=setFocusedWindow]
12-01 07:59:06.955 2822 2822 I wm_on_restart_called: [103113767,com.android.launcher3.uioverrides.QuickstepLauncher,performRestartActivity]
12-01 07:59:06.956 1508 6896 I wm_finish_activity: [0,30621737,251,com.android.gallery3d/.app.GalleryActivity,app-request]
12-01 07:59:06.964 22714 22730 W ContextImpl: Calling a method in the system process without a qualified user: android.app.ContextImpl.startService:1816 android.content.ContextWrapper.startService:774 com.thundercomm.gamemode.ingame.services.GameModeActionUtils.startGameModeService:93 com.thundercomm.gamemode.ingame.services.GameModeActionUtils.startGameModeEntry:21 com.thundercomm.gamemode.ingame.services.ActivityMonitoringService$1.onActivityLaunch:127
12-01 07:59:06.967 1508 6896 I wm_pause_activity: [0,30621737,com.android.gallery3d/.app.GalleryActivity,userLeaving=false,finish]
12-01 07:59:06.980 22978 22978 I wm_on_paused_called: [30621737,com.android.gallery3d.app.GalleryActivity,performPause]
12-01 07:59:06.981 1508 10918 I wm_destroy_activity: [0,30621737,251,com.android.gallery3d/.app.GalleryActivity,finish-imm:completePausedLocked]
12-01 07:59:06.981 1508 1508 I GameModeConfig: Current uri is uri = content://com.thundercomm.gamemode.api/gamemode_settings/gamemode_isgaming
12-01 07:59:06.988 2822 2822 I wm_on_start_called: [103113767,com.android.launcher3.uioverrides.QuickstepLauncher,handleStartActivity]
12-01 07:59:06.989 1508 1636 I sysui_multi_action: [757,803,799,window_time_0,802,1]
12-01 07:59:06.991 1508 1637 I input_focus: [Focus request recents_animation_input_consumer,reason=UpdateInputWindows]
12-01 07:59:06.992 25302 25302 I view_enqueue_input_event: [Motion - Cancel,com.android.settings/com.android.settings.Settings]
12-01 07:59:06.993 1508 1508 I GameModeConfig: isGameModeOn = false
12-01 07:59:06.994 1508 1508 I GameModeConfig: isGameModeOn = false
12-01 07:59:06.994 1508 1508 I GameModeConfig: isDisableVoice = true
12-01 07:59:06.996 1508 2005 I input_interaction: Interaction with: edge-swipe (server), swipe-up (server), PointerEventDispatcher0 (server),
12-01 07:59:06.997 22978 22978 I wm_on_stop_called: [30621737,com.android.gallery3d.app.GalleryActivity,LIFECYCLER_STOP_ACTIVITY]
12-01 07:59:06.997 2822 2822 I sysui_latency: [1,84]
12-01 07:59:07.002 1508 2005 I input_focus: [Focus leaving cbd5b56 com.android.settings/com.android.settings.Settings (server),reason=NOT_FOCUSABLE]
12-01 07:59:07.002 1508 2005 I input_focus: [Focus entering recents_animation_input_consumer (server),reason=setFocusedWindow]
12-01 07:59:07.005 1508 6896 W ActivityTaskManager: getTaskSnapshot: taskId=5249 not found
12-01 07:59:07.007 1508 6896 W ActivityTaskManager: getTaskSnapshot: taskId=4249 not found
12-01 07:59:07.007 1508 1633 I sysui_multi_action: [319,9,322,69,325,14765,757,761,758,9,759,5,806,com.android.launcher3,871,com.android.launcher3.uioverrides.QuickstepLauncher,905,0,1320,8,1321,5]
12-01 07:59:07.008 1508 2426 W ActivityTaskManager: getTaskSnapshot: taskId=3249 not found
12-01 07:59:07.008 22978 22978 I wm_on_destroy_called: [30621737,com.android.gallery3d.app.GalleryActivity,performDestroy]
12-01 07:59:07.009 1508 2426 W ActivityTaskManager: getTaskSnapshot: taskId=2249 not found
12-01 07:59:07.009 1508 2426 W ActivityTaskManager: getTaskSnapshot: taskId=1249 not found
12-01 07:59:07.024 1508 2426 I wm_task_removed: [251,removeChild:removeChild last r=ActivityRecord{1d34029 u0 com.android.gallery3d/.app.GalleryActivity t-1 f}} in t=Task{c5699b0 #251 type=standard A=10064:com.android.gallery3d U=0 visible=false mode=freeform translucent=true sz=0}]
12-01 07:59:07.024 1508 2426 I wm_task_removed: [251,removeChild]
12-01 07:59:07.025 1508 2426 D FreeFormWindowHelper: Remove freefrom task=Task{c5699b0 #251 type=standard A=10064:com.android.gallery3d U=0 visible=false mode=freeform translucent=true sz=0}
12-01 07:59:07.038 1508 6928 W ContextImpl: Calling a method in the system process without a qualified user: android.app.ContextImpl.startActivity:1067 com.android.server.wm.FreeFormWindowHelper.exitRecentTasks:426 com.android.server.wm.ActivityTaskManagerService.exitRecentTasks:3795 android.app.IActivityTaskManager$Stub.onTransact:2307 com.android.server.wm.ActivityTaskManagerService.onTransact:5046
12-01 07:59:07.043 1508 6928 I ActivityTaskManager: START u0 {flg=0x10008000 cmp=com.android.gallery3d/.app.GalleryActivity} from uid 1000
12-01 07:59:07.047 1508 6928 I wm_task_created: [252,-1]
12-01 07:59:07.047 1508 6928 W ActivityTaskManager: Can't find TaskDisplayArea to determine support for multi window. Task id=252 attached=false
12-01 07:59:07.047 1508 6928 D FreeFormWindowHelper: Add freeform task=Task{5a2761f #252 type=standard ?? U=0 visible=false mode=freeform translucent=true sz=0}
12-01 07:59:07.052 1508 6928 I wm_task_moved: [252,1,7]
12-01 07:59:07.052 1508 6928 I wm_task_to_front: [0,252]
12-01 07:59:07.052 1508 6928 I wm_create_task: [0,252]
12-01 07:59:07.052 1508 6928 I wm_create_activity: [0,204156725,252,com.android.gallery3d/.app.GalleryActivity,NULL,NULL,NULL,268468224]
12-01 07:59:07.052 1508 6928 I wm_task_moved: [252,1,7]
12-01 07:59:07.053 1508 6928 I ActivityTaskManager: FOREGROUND_APPLICATION_CHANGED to com.android.gallery3d.app.GalleryActivity
12-01 07:59:07.053 1508 6928 I ActivityTaskManager: The Process com.android.gallery3d Already Exists in BG. So sending its PID: 22978
12-01 07:59:07.053 1508 6928 W ActivityTaskManager: Tried to set launchTime (0) < mLastActivityLaunchTime (14764824)
12-01 07:59:07.054 1508 6928 I wm_restart_activity: [0,204156725,252,com.android.gallery3d/.app.GalleryActivity]
12-01 07:59:07.054 25302 25302 I wm_on_top_resumed_lost_called: [45402212,com.android.settings.Settings,topStateChangedWhenResumed]
12-01 07:59:07.055 1508 6928 I wm_set_resumed_activity: [0,com.android.gallery3d/.app.GalleryActivity,minimalResumeActivityLocked]
12-01 07:59:07.077 22714 22730 W ContextImpl: Calling a method in the system process without a qualified user: android.app.ContextImpl.startService:1816 android.content.ContextWrapper.startService:774 com.thundercomm.gamemode.ingame.services.GameModeActionUtils.startGameModeService:93 com.thundercomm.gamemode.ingame.services.GameModeActionUtils.startGameModeEntry:21 com.thundercomm.gamemode.ingame.services.ActivityMonitoringService$1.onActivityLaunch:127
12-01 07:59:07.081 22978 22978 I wm_on_create_called: [204156725,com.android.gallery3d.app.GalleryActivity,performCreate]
12-01 07:59:07.082 1508 1508 I GameModeConfig: Current uri is uri = content://com.thundercomm.gamemode.api/gamemode_settings/gamemode_isgaming
12-01 07:59:07.082 22978 22978 I wm_on_start_called: [204156725,com.android.gallery3d.app.GalleryActivity,handleStartActivity]
12-01 07:59:07.084 1508 1508 I GameModeConfig: isGameModeOn = false
12-01 07:59:07.085 1508 1508 I GameModeConfig: isGameModeOn = false
12-01 07:59:07.085 1508 1508 I GameModeConfig: isDisableVoice = true
12-01 07:59:07.086 22978 22978 I wm_on_resume_called: [204156725,com.android.gallery3d.app.GalleryActivity,RESUME_ACTIVITY]
12-01 07:59:07.088 22978 22978 I wm_on_top_resumed_gained_called: [204156725,com.android.gallery3d.app.GalleryActivity,topStateChangedWhenResumed]
12-01 07:59:07.095 22714 22730 W ContextImpl: Calling a method in the system process without a qualified user: android.app.ContextImpl.startService:1816 android.content.ContextWrapper.startService:774 com.thundercomm.gamemode.ingame.services.GameModeActionUtils.startGameModeService:93 com.thundercomm.gamemode.ingame.services.GameModeActionUtils.startGameModeEntry:21 com.thundercomm.gamemode.ingame.services.ActivityMonitoringService$1.onActivityLaunch:127
12-01 07:59:07.098 1508 1508 I GameModeConfig: Current uri is uri = content://com.thundercomm.gamemode.api/gamemode_settings/gamemode_isgaming
12-01 07:59:07.102 1508 10918 W WindowManager: updateScale0.7996942
12-01 07:59:07.103 1508 1508 I GameModeConfig: isGameModeOn = false
12-01 07:59:07.104 1508 1508 I GameModeConfig: isGameModeOn = false
12-01 07:59:07.104 1508 1508 I GameModeConfig: isDisableVoice = true
12-01 07:59:07.107 1508 1637 I input_focus: [Focus request 88f0fed com.android.gallery3d/com.android.gallery3d.app.GalleryActivity,reason=UpdateInputWindows]
12-01 07:59:07.136 1508 1637 W WindowManager: updateScale0.7996942
12-01 07:59:07.136 1508 2005 I input_focus: [Focus leaving recents_animation_input_consumer (server),reason=Waiting for window because NOT_VISIBLE]
12-01 07:59:07.137 1508 1637 W WindowManager: updateScale0.7996942
12-01 07:59:07.138 1508 1637 W WindowManager: updateScale0.7996942
12-01 07:59:07.140 1508 1633 I sysui_multi_action: [319,98,322,97,325,14765,757,761,758,8,759,2,806,com.android.gallery3d,871,com.android.gallery3d.app.GalleryActivity,904,android,905,0,1320,8,1321,5]
12-01 07:59:07.141 1508 1633 I wm_activity_launch_time: [0,204156725,com.android.gallery3d/.app.GalleryActivity,97]
12-01 07:59:07.153 1508 2005 I input_focus: [Focus entering 88f0fed com.android.gallery3d/com.android.gallery3d.app.GalleryActivity (server),reason=Window became focusable. Previous reason: NOT_VISIBLE]
12-01 07:59:07.191 1508 1754 I commit_sys_config_file: [settings-1-0,5]
12-01 07:59:07.305 1508 1647 I sysui_latency: [8,80]
12-01 07:59:07.351 0 0 I auditd : type=1400 audit(0.0:15966): avc: denied { kill } for comm="swapper/2" capability=5 scontext=u:r:kernel:s0 tcontext=u:r:kernel:s0 tclass=capability permissive=0
12-01 07:59:07.831 1508 10918 I wm_task_moved: [1,1,7]
12-01 07:59:07.833 1508 10918 I wm_task_moved: [10,1,2147483647]
12-01 07:59:07.833 1508 10918 I wm_task_to_front: [0,10]
12-01 07:59:07.834 1508 10918 I wm_focused_root_task: [0,0,1,252,RecentsAnimation.onAnimationFinished()]
12-01 07:59:07.834 22978 22978 I wm_on_top_resumed_lost_called: [204156725,com.android.gallery3d.app.GalleryActivity,topStateChangedWhenResumed]
12-01 07:59:07.835 1508 10918 I wm_set_resumed_activity: [0,com.android.launcher3/.uioverrides.QuickstepLauncher,RecentsAnimation.onAnimationFinished()]
12-01 07:59:07.836 1508 10918 I wm_pause_activity: [0,45402212,com.android.settings/.Settings,userLeaving=true,pauseBackTasks]
12-01 07:59:07.837 1508 10918 I wm_add_to_stopping: [0,45402212,com.android.settings/.Settings,makeInvisible]
12-01 07:59:07.838 1508 10918 I ActivityTaskManager: FOREGROUND_APPLICATION_CHANGED to com.android.launcher3.uioverrides.QuickstepLauncher
12-01 07:59:07.838 1508 10918 I wm_set_resumed_activity: [0,com.android.launcher3/.uioverrides.QuickstepLauncher,resumeTopActivityInnerLocked]
12-01 07:59:07.839 1508 10918 I wm_resume_activity: [0,103113767,10,com.android.launcher3/.uioverrides.QuickstepLauncher]
12-01 07:59:07.841 1508 10918 W WindowManager: updateScale0.7996942
12-01 07:59:07.841 2822 2822 I wm_on_resume_called: [103113767,com.android.launcher3.uioverrides.QuickstepLauncher,RESUME_ACTIVITY]
12-01 07:59:07.841 25302 25302 I sysui_multi_action: [757,35,758,2,1089,1996]
12-01 07:59:07.844 1508 10918 W WindowManager: updateScale0.7996942
12-01 07:59:07.845 1508 1637 I input_focus: [Focus request 9ddf785 com.android.launcher3/com.android.launcher3.uioverrides.QuickstepLauncher,reason=UpdateInputWindows]
12-01 07:59:07.846 25302 25302 I sysui_multi_action: [757,746,758,2,1089,1986]
12-01 07:59:07.849 1508 1636 I wm_stop_activity: [0,45402212,com.android.settings/.Settings]
12-01 07:59:07.849 1508 1636 I sysui_multi_action: [757,803,799,window_time_0,802,1]
12-01 07:59:07.852 2822 2822 I wm_on_top_resumed_gained_called: [103113767,com.android.launcher3.uioverrides.QuickstepLauncher,topStateChangedWhenResumed]
12-01 07:59:07.861 25302 25302 I wm_on_paused_called: [45402212,com.android.settings.Settings,performPause]
12-01 07:59:07.861 1508 1636 I sysui_multi_action: [757,803,799,window_time_0,802,0]
12-01 07:59:07.870 1508 2005 I input_focus: [Focus leaving 88f0fed com.android.gallery3d/com.android.gallery3d.app.GalleryActivity (server),reason=setFocusedWindow]
12-01 07:59:07.870 1508 2005 I input_focus: [Focus entering 9ddf785 com.android.launcher3/com.android.launcher3.uioverrides.QuickstepLauncher (server),reason=setFocusedWindow]
12-01 07:59:07.870 25302 25302 I wm_on_stop_called: [45402212,com.android.settings.Settings,STOP_ACTIVITY_ITEM]
12-01 07:59:07.877 1508 10918 W WindowManager: updateScale0.7996942
12-01 07:59:07.896 22714 22730 W ContextImpl: Calling a method in the system process without a qualified user: android.app.ContextImpl.startService:1816 android.content.ContextWrapper.startService:774 com.thundercomm.gamemode.ingame.services.GameModeActionUtils.startGameModeService:93 com.thundercomm.gamemode.ingame.services.GameModeActionUtils.startGameModeEntry:21 com.thundercomm.gamemode.ingame.services.ActivityMonitoringService$1.onActivityLaunch:127
12-01 07:59:07.899 1508 1508 I GameModeConfig: Current uri is uri = content://com.thundercomm.gamemode.api/gamemode_settings/gamemode_isgaming
12-01 07:59:07.901 1508 1508 I GameModeConfig: isGameModeOn = false
12-01 07:59:07.901 1508 1508 I GameModeConfig: isGameModeOn = false
12-01 07:59:07.901 1508 1508 I GameModeConfig: isDisableVoice = true
12-01 07:59:07.956 22714 22730 W ContextImpl: Calling a method in the system process without a qualified user: android.app.ContextImpl.startService:1816 android.content.ContextWrapper.startService:774 com.thundercomm.gamemode.ingame.services.GameModeActionUtils.startGameModeService:93 com.thundercomm.gamemode.ingame.services.GameModeActionUtils.startGameModeEntry:21 com.thundercomm.gamemode.ingame.services.ActivityMonitoringService$1.onActivityLaunch:127
12-01 07:59:07.962 1508 1508 I GameModeConfig: Current uri is uri = content://com.thundercomm.gamemode.api/gamemode_settings/gamemode_isgaming
12-01 07:59:07.964 1508 1508 I GameModeConfig: isGameModeOn = false
12-01 07:59:07.964 1508 1508 I GameModeConfig: isGameModeOn = false
12-01 07:59:07.964 1508 1508 I GameModeConfig: isDisableVoice = true
12-01 07:59:08.066 1508 2005 I input_interaction: Interaction with: beea6f9 StatusBar (server), edge-swipe (server), swipe-up (server), PointerEventDispatcher0 (server),
12-01 07:59:08.081 18856 18856 I sysui_multi_action: [757,803,799,panel_open,802,1]
12-01 07:59:08.083 18856 18856 I sysui_multi_action: [757,1328,758,4,1326,9,1327,6,1329,0]
12-01 07:59:08.103 1366 16954 I liblog : 40
12-01 07:59:08.105 1366 16954 I liblog : 40
12-01 07:59:08.105 1366 16954 I liblog : 4
12-01 07:59:08.107 1366 16954 I liblog : 39
12-01 07:59:08.109 1366 16954 I liblog : 26
12-01 07:59:08.112 1366 16954 I liblog : 76
12-01 07:59:08.113 1366 16954 I liblog : 9
12-01 07:59:08.113 1366 16954 I liblog : 14
12-01 07:59:08.115 1366 16954 I liblog : 22
12-01 07:59:08.116 1366 16954 I liblog : 10
12-01 07:59:08.157 1508 8124 I sysui_multi_action: [757,127,758,1]
12-01 07:59:08.158 1508 8124 I sysui_multi_action: [757,804,799,note_load,801,2,802,1]
12-01 07:59:08.158 1508 8124 I notification_panel_revealed: 2
12-01 07:59:08.159 1508 2321 I GameModeConfig: isGameModeOn = false
12-01 07:59:08.159 1508 2321 I GameModeConfig: isGameModeOn = false
12-01 07:59:08.159 1508 2321 I GameModeConfig: isGameModeOn = false
12-01 07:59:08.160 1508 2321 I GameModeConfig: isGameModeOn = false
12-01 07:59:08.160 1508 2321 I GameModeConfig: isGameModeOn = false
12-01 07:59:08.163 1508 1508 I notification_enqueue: [10082,18856,com.android.systemui,2048,NULL,0,Notification(channel=updateNotification shortcut=null contentView=null vibrate=null sound=null defaults=0x0 flags=0x0 color=0x00000000 vis=PRIVATE),1]
12-01 07:59:08.164 18856 18856 I sysui_multi_action: [757,111,758,2]
12-01 07:59:08.164 18856 18856 I sysui_multi_action: [757,111,758,2]
12-01 07:59:08.175 1508 10918 W WindowManager: updateScale0.7996942
12-01 07:59:08.178 1508 1637 I input_focus: [Focus request 7a38c54 NotificationShade,reason=UpdateInputWindows]
12-01 07:59:08.180 18856 18856 I sysui_multi_action: [757,111,758,1]
12-01 07:59:08.180 18856 18856 I sysui_multi_action: [757,126,758,1,759,126,927,0,928,1,1593,0]
12-01 07:59:08.180 18856 18856 I sysui_multi_action: [757,113,758,1,759,113,927,1,928,1,1593,0]
12-01 07:59:08.181 18856 18856 I sysui_multi_action: [757,0,758,1,759,0,927,2,928,0,1593,0]
12-01 07:59:08.181 18856 18856 I sysui_multi_action: [757,0,758,1,759,0,927,3,928,0,1593,0]
12-01 07:59:08.181 18856 18856 I sysui_multi_action: [757,491,758,1,759,491,927,4,928,0,1311,-1,1593,0]
12-01 07:59:08.181 18856 18856 I sysui_multi_action: [757,0,758,1,759,0,927,5,928,0,1593,0]
12-01 07:59:08.181 18856 18856 I sysui_multi_action: [757,111,758,1]
12-01 07:59:08.181 18856 18856 I sysui_multi_action: [757,126,758,1,759,126,927,0,928,1,1593,1]
12-01 07:59:08.181 18856 18856 I sysui_multi_action: [757,113,758,1,759,113,927,1,928,1,1593,1]
12-01 07:59:08.181 18856 18856 I sysui_multi_action: [757,0,758,1,759,0,927,2,928,0,1593,1]
12-01 07:59:08.181 18856 18856 I sysui_multi_action: [757,0,758,1,759,0,927,3,928,0,1593,1]
12-01 07:59:08.191 1508 1637 W WindowManager: updateScale0.7996942
12-01 07:59:08.192 1508 2321 I GameModeConfig: isGameModeOn = false
12-01 07:59:08.192 1508 2321 I GameModeConfig: isGameModeOn = false
12-01 07:59:08.192 1508 2321 I GameModeConfig: isGameModeOn = false
12-01 07:59:08.193 1508 2321 I GameModeConfig: isGameModeOn = false
12-01 07:59:08.193 1508 2321 I GameModeConfig: isGameModeOn = false
12-01 07:59:08.194 1508 1508 I notification_enqueue: [10082,18856,com.android.systemui,2048,NULL,0,Notification(channel=updateNotification shortcut=null contentView=null vibrate=null sound=null defaults=0x0 flags=0x0 color=0x00000000 vis=PRIVATE),1]
12-01 07:59:08.194 18856 18856 I sysui_multi_action: [757,111,758,2]
12-01 07:59:08.194 18856 18856 I sysui_multi_action: [757,111,758,2]
12-01 07:59:08.197 18856 18856 I sysui_multi_action: [757,111,758,1]
12-01 07:59:08.197 18856 18856 I sysui_multi_action: [757,126,758,1,759,126,927,0,928,1,1593,1]
12-01 07:59:08.197 18856 18856 I sysui_multi_action: [757,113,758,1,759,113,927,1,928,1,1593,1]
12-01 07:59:08.197 18856 18856 I sysui_multi_action: [757,0,758,1,759,0,927,2,928,0,1593,1]
12-01 07:59:08.197 18856 18856 I sysui_multi_action: [757,0,758,1,759,0,927,3,928,0,1593,1]
12-01 07:59:08.198 18856 18856 I sysui_multi_action: [757,491,758,1,759,491,927,4,928,0,1311,-1,1593,0]
12-01 07:59:08.198 18856 18856 I sysui_multi_action: [757,0,758,1,759,0,927,5,928,0,1593,0]
12-01 07:59:08.198 18856 18856 I sysui_multi_action: [757,111,758,1]
12-01 07:59:08.198 18856 18856 I sysui_multi_action: [757,126,758,1,759,126,927,0,928,1,1593,1]
12-01 07:59:08.198 18856 18856 I sysui_multi_action: [757,113,758,1,759,113,927,1,928,1,1593,1]
12-01 07:59:08.198 18856 18856 I sysui_multi_action: [757,0,758,1,759,0,927,2,928,0,1593,1]
12-01 07:59:08.198 18856 18856 I sysui_multi_action: [757,0,758,1,759,0,927,3,928,0,1593,1]
12-01 07:59:08.207 1508 2005 I input_focus: [Focus leaving 9ddf785 com.android.launcher3/com.android.launcher3.uioverrides.QuickstepLauncher (server),reason=setFocusedWindow]
12-01 07:59:08.208 1508 2005 I input_focus: [Focus entering 7a38c54 NotificationShade (server),reason=setFocusedWindow]
12-01 07:59:08.210 1508 2321 I GameModeConfig: isGameModeOn = false
12-01 07:59:08.211 1508 2321 I GameModeConfig: isGameModeOn = false
12-01 07:59:08.211 1508 2321 I GameModeConfig: isGameModeOn = false
12-01 07:59:08.211 1508 2321 I GameModeConfig: isGameModeOn = false
12-01 07:59:08.211 1508 2321 I GameModeConfig: isGameModeOn = false
12-01 07:59:08.212 18856 18856 I sysui_multi_action: [757,111,758,2]
12-01 07:59:08.212 18856 18856 I sysui_multi_action: [757,111,758,2]
12-01 07:59:08.212 1508 1508 I notification_enqueue: [10082,18856,com.android.systemui,2048,NULL,0,Notification(channel=updateNotification shortcut=null contentView=null vibrate=null sound=null defaults=0x0 flags=0x0 color=0x00000000 vis=PRIVATE),1]
12-01 07:59:08.217 18856 18856 I sysui_multi_action: [757,111,758,1]
12-01 07:59:08.217 18856 18856 I sysui_multi_action: [757,126,758,1,759,126,927,0,928,1,1593,1]
12-01 07:59:08.217 18856 18856 I sysui_multi_action: [757,113,758,1,759,113,927,1,928,1,1593,1]
12-01 07:59:08.217 18856 18856 I sysui_multi_action: [757,0,758,1,759,0,927,2,928,0,1593,1]
12-01 07:59:08.217 18856 18856 I sysui_multi_action: [757,0,758,1,759,0,927,3,928,0,1593,1]
12-01 07:59:08.217 18856 18856 I sysui_multi_action: [757,491,758,1,759,491,927,4,928,0,1311,-1,1593,0]
12-01 07:59:08.217 18856 18856 I sysui_multi_action: [757,0,758,1,759,0,927,5,928,0,1593,0]
12-01 07:59:08.217 18856 18856 I sysui_multi_action: [757,111,758,1]
12-01 07:59:08.217 18856 18856 I sysui_multi_action: [757,126,758,1,759,126,927,0,928,1,1593,1]
12-01 07:59:08.217 18856 18856 I sysui_multi_action: [757,113,758,1,759,113,927,1,928,1,1593,1]
12-01 07:59:08.218 18856 18856 I sysui_multi_action: [757,0,758,1,759,0,927,2,928,0,1593,1]
12-01 07:59:08.218 18856 18856 I sysui_multi_action: [757,0,758,1,759,0,927,3,928,0,1593,1]
12-01 07:59:08.227 1508 2321 I GameModeConfig: isGameModeOn = false
12-01 07:59:08.228 1508 2321 I GameModeConfig: isGameModeOn = false
12-01 07:59:08.228 1508 2321 I GameModeConfig: isGameModeOn = false
12-01 07:59:08.228 1508 2321 I GameModeConfig: isGameModeOn = false
12-01 07:59:08.228 1508 2321 I GameModeConfig: isGameModeOn = false
12-01 07:59:08.229 18856 18856 I sysui_multi_action: [757,111,758,2]
12-01 07:59:08.229 18856 18856 I sysui_multi_action: [757,111,758,2]
12-01 07:59:08.231 18856 18856 I sysui_multi_action: [757,111,758,1]
12-01 07:59:08.232 18856 18856 I sysui_multi_action: [757,126,758,1,759,126,927,0,928,1,1593,1]
12-01 07:59:08.232 18856 18856 I sysui_multi_action: [757,113,758,1,759,113,927,1,928,1,1593,1]
12-01 07:59:08.232 18856 18856 I sysui_multi_action: [757,0,758,1,759,0,927,2,928,0,1593,1]
12-01 07:59:08.232 18856 18856 I sysui_multi_action: [757,0,758,1,759,0,927,3,928,0,1593,1]
12-01 07:59:08.232 18856 18856 I sysui_multi_action: [757,491,758,1,759,491,927,4,928,0,1311,-1,1593,0]
12-01 07:59:08.232 18856 18856 I sysui_multi_action: [757,0,758,1,759,0,927,5,928,0,1593,0]
12-01 07:59:08.232 18856 18856 I sysui_multi_action: [757,111,758,1]
12-01 07:59:08.232 18856 18856 I sysui_multi_action: [757,126,758,1,759,126,927,0,928,1,1593,1]
12-01 07:59:08.232 18856 18856 I sysui_multi_action: [757,113,758,1,759,113,927,1,928,1,1593,1]
12-01 07:59:08.232 18856 18856 I sysui_multi_action: [757,0,758,1,759,0,927,2,928,0,1593,1]
12-01 07:59:08.232 18856 18856 I sysui_multi_action: [757,0,758,1,759,0,927,3,928,0,1593,1]
12-01 07:59:08.231 1508 1508 I notification_enqueue: [10082,18856,com.android.systemui,2048,NULL,0,Notification(channel=updateNotification shortcut=null contentView=null vibrate=null sound=null defaults=0x0 flags=0x0 color=0x00000000 vis=PRIVATE),1]
12-01 07:59:08.244 1508 2321 I GameModeConfig: isGameModeOn = false
12-01 07:59:08.244 1508 2321 I GameModeConfig: isGameModeOn = false
12-01 07:59:08.244 1508 2321 I GameModeConfig: isGameModeOn = false
12-01 07:59:08.245 1508 2321 I GameModeConfig: isGameModeOn = false
12-01 07:59:08.245 1508 2321 I GameModeConfig: isGameModeOn = false
12-01 07:59:08.245 1508 1508 I notification_enqueue: [10082,18856,com.android.systemui,2048,NULL,0,Notification(channel=updateNotification shortcut=null contentView=null vibrate=null sound=null defaults=0x0 flags=0x0 color=0x00000000 vis=PRIVATE),1]
12-01 07:59:08.246 18856 18856 I sysui_multi_action: [757,111,758,2]
12-01 07:59:08.246 18856 18856 I sysui_multi_action: [757,111,758,2]
