12-08 09:12:30.501 12174 12174 I sysui_multi_action: [757,0,758,1,759,0,927,2,928,0,1593,0]
12-08 09:12:30.501 12174 12174 I sysui_multi_action: [757,0,758,1,759,0,927,3,928,0,1593,0]
12-08 09:12:30.509 1494 1726 I input_focus: [Focus leaving 2ec6e99 com.android.deskclock/com.android.deskclock.DeskClock (server),reason=setFocusedWindow]
12-08 09:12:30.509 1494 1726 I input_focus: [Focus entering e4dc0ca NotificationShade (server),reason=setFocusedWindow]
12-08 09:12:30.511 12174 12174 I sysui_multi_action: [757,111,758,2]
12-08 09:12:30.511 12174 12174 I sysui_multi_action: [757,111,758,2]
12-08 09:12:30.511 1494 1494 I notification_enqueue: [10082,12174,com.android.systemui,2048,NULL,0,Notification(channel=updateNotification shortcut=null contentView=null vibrate=null sound=null defaults=0x0 flags=0x0 color=0x00000000 vis=PRIVATE),1]
12-08 09:12:30.512 1494 1905 I GameModeConfig: isGameModeOn = false
12-08 09:12:30.512 1494 1905 I GameModeConfig: isGameModeOn = false
12-08 09:12:30.512 1494 1905 I GameModeConfig: isGameModeOn = false
12-08 09:12:30.513 1494 1905 I GameModeConfig: isGameModeOn = false
12-08 09:12:30.514 12174 12174 I sysui_multi_action: [757,111,758,1]
12-08 09:12:30.514 12174 12174 I sysui_multi_action: [757,126,758,1,759,126,927,0,928,1,1593,0]
12-08 09:12:30.514 12174 12174 I sysui_multi_action: [757,113,758,1,759,113,927,1,928,1,1593,0]
12-08 09:12:30.514 12174 12174 I sysui_multi_action: [757,0,758,1,759,0,927,2,928,0,1593,0]
12-08 09:12:30.514 12174 12174 I sysui_multi_action: [757,0,758,1,759,0,927,3,928,0,1593,0]
12-08 09:12:30.514 12174 12174 I sysui_multi_action: [757,491,758,1,759,491,927,4,928,0,1311,-1,1593,0]
12-08 09:12:30.514 12174 12174 I sysui_multi_action: [757,0,758,1,759,0,927,5,928,0,1593,0]
12-08 09:12:30.514 12174 12174 I sysui_multi_action: [757,111,758,1]
12-08 09:12:30.514 12174 12174 I sysui_multi_action: [757,126,758,1,759,126,927,0,928,1,1593,0]
12-08 09:12:30.514 12174 12174 I sysui_multi_action: [757,113,758,1,759,113,927,1,928,1,1593,0]
12-08 09:12:30.514 12174 12174 I sysui_multi_action: [757,0,758,1,759,0,927,2,928,0,1593,0]
12-08 09:12:30.514 12174 12174 I sysui_multi_action: [757,0,758,1,759,0,927,3,928,0,1593,0]
12-08 09:12:30.521 1494 1905 I GameModeConfig: isGameModeOn = false
12-08 09:12:30.521 1494 1905 I GameModeConfig: isGameModeOn = false
12-08 09:12:30.521 1494 1905 I GameModeConfig: isGameModeOn = false
12-08 09:12:30.521 1494 1905 I GameModeConfig: isGameModeOn = false
12-08 09:12:30.522 12174 12174 I sysui_multi_action: [757,111,758,2]
12-08 09:12:30.522 12174 12174 I sysui_multi_action: [757,111,758,2]
12-08 09:12:30.522 1494 1494 I notification_enqueue: [10082,12174,com.android.systemui,2048,NULL,0,Notification(channel=updateNotification shortcut=null contentView=null vibrate=null sound=null defaults=0x0 flags=0x0 color=0x00000000 vis=PRIVATE),1]
12-08 09:12:30.524 12174 12174 I sysui_multi_action: [757,111,758,1]
12-08 09:12:30.524 12174 12174 I sysui_multi_action: [757,126,758,1,759,126,927,0,928,1,1593,0]
12-08 09:12:30.524 12174 12174 I sysui_multi_action: [757,113,758,1,759,113,927,1,928,1,1593,0]
12-08 09:12:30.524 12174 12174 I sysui_multi_action: [757,0,758,1,759,0,927,2,928,0,1593,0]
12-08 09:12:30.524 12174 12174 I sysui_multi_action: [757,0,758,1,759,0,927,3,928,0,1593,0]
12-08 09:12:30.524 12174 12174 I sysui_multi_action: [757,491,758,1,759,491,927,4,928,0,1311,-1,1593,0]
12-08 09:12:30.524 12174 12174 I sysui_multi_action: [757,0,758,1,759,0,927,5,928,0,1593,0]
12-08 09:12:30.524 12174 12174 I sysui_multi_action: [757,111,758,1]
12-08 09:12:30.525 12174 12174 I sysui_multi_action: [757,126,758,1,759,126,927,0,928,1,1593,0]
12-08 09:12:30.525 12174 12174 I sysui_multi_action: [757,113,758,1,759,113,927,1,928,1,1593,0]
12-08 09:12:30.525 12174 12174 I sysui_multi_action: [757,0,758,1,759,0,927,2,928,0,1593,0]
12-08 09:12:30.525 12174 12174 I sysui_multi_action: [757,0,758,1,759,0,927,3,928,0,1593,0]
12-08 09:12:30.538 1494 1905 I GameModeConfig: isGameModeOn = false
12-08 09:12:30.538 1494 1905 I GameModeConfig: isGameModeOn = false
12-08 09:12:30.539 1494 1905 I GameModeConfig: isGameModeOn = false
12-08 09:12:30.539 1494 1905 I GameModeConfig: isGameModeOn = false
12-08 09:12:30.540 12174 12174 I sysui_multi_action: [757,111,758,2]
12-08 09:12:30.540 12174 12174 I sysui_multi_action: [757,111,758,2]
12-08 09:12:30.540 1494 1494 I notification_enqueue: [10082,12174,com.android.systemui,2048,NULL,0,Notification(channel=updateNotification shortcut=null contentView=null vibrate=null sound=null defaults=0x0 flags=0x0 color=0x00000000 vis=PRIVATE),1]
12-08 09:12:30.542 12174 12174 I sysui_multi_action: [757,111,758,1]
12-08 09:12:30.542 12174 12174 I sysui_multi_action: [757,126,758,1,759,126,927,0,928,1,1593,0]
12-08 09:12:30.542 12174 12174 I sysui_multi_action: [757,113,758,1,759,113,927,1,928,1,1593,0]
12-08 09:12:30.542 12174 12174 I sysui_multi_action: [757,0,758,1,759,0,927,2,928,0,1593,0]
12-08 09:12:30.542 12174 12174 I sysui_multi_action: [757,0,758,1,759,0,927,3,928,0,1593,0]
12-08 09:12:30.542 12174 12174 I sysui_multi_action: [757,491,758,1,759,491,927,4,928,0,1311,-1,1593,0]
12-08 09:12:30.542 12174 12174 I sysui_multi_action: [757,0,758,1,759,0,927,5,928,0,1593,0]
12-08 09:12:30.542 12174 12174 I sysui_multi_action: [757,111,758,1]
12-08 09:12:30.542 12174 12174 I sysui_multi_action: [757,126,758,1,759,126,927,0,928,1,1593,0]
12-08 09:12:30.542 12174 12174 I sysui_multi_action: [757,113,758,1,759,113,927,1,928,1,1593,0]
12-08 09:12:30.542 12174 12174 I sysui_multi_action: [757,0,758,1,759,0,927,2,928,0,1593,0]
12-08 09:12:30.542 12174 12174 I sysui_multi_action: [757,0,758,1,759,0,927,3,928,0,1593,0]
12-08 09:12:30.556 1494 1905 I GameModeConfig: isGameModeOn = false
12-08 09:12:30.557 1494 1905 I GameModeConfig: isGameModeOn = false
12-08 09:12:30.557 1494 1905 I GameModeConfig: isGameModeOn = false
12-08 09:12:30.558 1494 1905 I GameModeConfig: isGameModeOn = false
12-08 09:12:30.560 1494 1494 I notification_enqueue: [10082,12174,com.android.systemui,2048,NULL,0,Notification(channel=updateNotification shortcut=null contentView=null vibrate=null sound=null defaults=0x0 flags=0x0 color=0x00000000 vis=PRIVATE),1]
12-08 09:12:30.560 12174 12174 I sysui_multi_action: [757,111,758,2]
12-08 09:12:30.560 12174 12174 I sysui_multi_action: [757,111,758,2]
12-08 09:12:30.563 12174 12174 I sysui_multi_action: [757,111,758,1]
12-08 09:12:30.563 12174 12174 I sysui_multi_action: [757,126,758,1,759,126,927,0,928,1,1593,0]
12-08 09:12:30.563 12174 12174 I sysui_multi_action: [757,113,758,1,759,113,927,1,928,1,1593,0]
12-08 09:12:30.563 12174 12174 I sysui_multi_action: [757,0,758,1,759,0,927,2,928,0,1593,0]
12-08 09:12:30.563 12174 12174 I sysui_multi_action: [757,0,758,1,759,0,927,3,928,0,1593,0]
12-08 09:12:30.563 12174 12174 I sysui_multi_action: [757,491,758,1,759,491,927,4,928,0,1311,-1,1593,0]
12-08 09:12:30.563 12174 12174 I sysui_multi_action: [757,0,758,1,759,0,927,5,928,0,1593,0]
12-08 09:12:30.563 12174 12174 I sysui_multi_action: [757,111,758,1]
12-08 09:12:30.563 12174 12174 I sysui_multi_action: [757,126,758,1,759,126,927,0,928,1,1593,0]
12-08 09:12:30.563 12174 12174 I sysui_multi_action: [757,113,758,1,759,113,927,1,928,1,1593,0]
12-08 09:12:30.563 12174 12174 I sysui_multi_action: [757,0,758,1,759,0,927,2,928,0,1593,0]
12-08 09:12:30.563 12174 12174 I sysui_multi_action: [757,0,758,1,759,0,927,3,928,0,1593,0]
12-08 09:12:30.577 1494 1905 I GameModeConfig: isGameModeOn = false
12-08 09:12:30.577 1494 1905 I GameModeConfig: isGameModeOn = false
12-08 09:12:30.578 1494 1905 I GameModeConfig: isGameModeOn = false
12-08 09:12:30.578 1494 1905 I GameModeConfig: isGameModeOn = false
12-08 09:12:30.579 12174 12174 I sysui_multi_action: [757,111,758,2]
12-08 09:12:30.579 12174 12174 I sysui_multi_action: [757,111,758,2]
12-08 09:12:30.580 1494 1494 I notification_enqueue: [10082,12174,com.android.systemui,2048,NULL,0,Notification(channel=updateNotification shortcut=null contentView=null vibrate=null sound=null defaults=0x0 flags=0x0 color=0x00000000 vis=PRIVATE),1]
12-08 09:12:30.582 12174 12174 I sysui_multi_action: [757,111,758,1]
12-08 09:12:30.583 12174 12174 I sysui_multi_action: [757,126,758,1,759,126,927,0,928,1,1593,0]
12-08 09:12:30.583 12174 12174 I sysui_multi_action: [757,113,758,1,759,113,927,1,928,1,1593,0]
12-08 09:12:30.583 12174 12174 I sysui_multi_action: [757,0,758,1,759,0,927,2,928,0,1593,0]
12-08 09:12:30.583 12174 12174 I sysui_multi_action: [757,0,758,1,759,0,927,3,928,0,1593,0]
12-08 09:12:30.583 12174 12174 I sysui_multi_action: [757,491,758,1,759,491,927,4,928,0,1311,-1,1593,0]
12-08 09:12:30.583 12174 12174 I sysui_multi_action: [757,0,758,1,759,0,927,5,928,0,1593,0]
12-08 09:12:30.583 12174 12174 I sysui_multi_action: [757,111,758,1]
12-08 09:12:30.583 12174 12174 I sysui_multi_action: [757,126,758,1,759,126,927,0,928,1,1593,0]
12-08 09:12:30.583 12174 12174 I sysui_multi_action: [757,113,758,1,759,113,927,1,928,1,1593,0]
12-08 09:12:30.583 12174 12174 I sysui_multi_action: [757,0,758,1,759,0,927,2,928,0,1593,0]
12-08 09:12:30.583 12174 12174 I sysui_multi_action: [757,0,758,1,759,0,927,3,928,0,1593,0]
12-08 09:12:30.597 12174 12174 I sysui_multi_action: [757,111,758,2]
12-08 09:12:30.597 12174 12174 I sysui_multi_action: [757,111,758,2]
12-08 09:12:30.598 1494 1494 I notification_enqueue: [10082,12174,com.android.systemui,2048,NULL,0,Notification(channel=updateNotification shortcut=null contentView=null vibrate=null sound=null defaults=0x0 flags=0x0 color=0x00000000 vis=PRIVATE),1]
12-08 09:12:30.601 12174 12174 I sysui_multi_action: [757,111,758,1]
12-08 09:12:30.601 1494 1905 I GameModeConfig: isGameModeOn = false
12-08 09:12:30.601 12174 12174 I sysui_multi_action: [757,126,758,1,759,126,927,0,928,1,1593,0]
12-08 09:12:30.601 12174 12174 I sysui_multi_action: [757,113,758,1,759,113,927,1,928,1,1593,0]
12-08 09:12:30.601 12174 12174 I sysui_multi_action: [757,0,758,1,759,0,927,2,928,0,1593,0]
12-08 09:12:30.601 12174 12174 I sysui_multi_action: [757,0,758,1,759,0,927,3,928,0,1593,0]
12-08 09:12:30.602 12174 12174 I sysui_multi_action: [757,491,758,1,759,491,927,4,928,0,1311,-1,1593,0]
12-08 09:12:30.602 12174 12174 I sysui_multi_action: [757,0,758,1,759,0,927,5,928,0,1593,0]
12-08 09:12:30.602 1494 1905 I GameModeConfig: isGameModeOn = false
12-08 09:12:30.602 12174 12174 I sysui_multi_action: [757,111,758,1]
12-08 09:12:30.602 12174 12174 I sysui_multi_action: [757,126,758,1,759,126,927,0,928,1,1593,0]
12-08 09:12:30.602 12174 12174 I sysui_multi_action: [757,113,758,1,759,113,927,1,928,1,1593,0]
12-08 09:12:30.602 1494 1905 I GameModeConfig: isGameModeOn = false
12-08 09:12:30.602 12174 12174 I sysui_multi_action: [757,0,758,1,759,0,927,2,928,0,1593,0]
12-08 09:12:30.602 12174 12174 I sysui_multi_action: [757,0,758,1,759,0,927,3,928,0,1593,0]
12-08 09:12:30.602 1494 1905 I GameModeConfig: isGameModeOn = false
12-08 09:12:30.663 1494 1494 I GameModeConfig: isGameModeOn = false
12-08 09:12:30.664 1494 1494 E NotificationService: Muting recently noisy 0|com.android.systemui|2048|null|10082
12-08 09:12:30.694 1494 1494 I GameModeConfig: isGameModeOn = false
12-08 09:12:30.695 1494 1494 E NotificationService: Muting recently noisy 0|com.android.systemui|2048|null|10082
12-08 09:12:30.714 1494 1494 I GameModeConfig: isGameModeOn = false
12-08 09:12:30.714 1494 1494 E NotificationService: Muting recently noisy 0|com.android.systemui|2048|null|10082
12-08 09:12:30.720 1494 1905 I GameModeConfig: isGameModeOn = false
12-08 09:12:30.725 1494 1494 I GameModeConfig: isGameModeOn = false
12-08 09:12:30.725 1494 1494 E NotificationService: Muting recently noisy 0|com.android.systemui|2048|null|10082
12-08 09:12:30.726 1494 6909 W WindowManager: updateScale0.4617737
12-08 09:12:30.730 1494 2035 W WindowManager: updateScale0.4617737
12-08 09:12:30.743 1494 1494 I GameModeConfig: isGameModeOn = false
12-08 09:12:30.744 1494 1494 E NotificationService: Muting recently noisy 0|com.android.systemui|2048|null|10082
12-08 09:12:30.757 1494 1905 I GameModeConfig: isGameModeOn = false
12-08 09:12:30.762 1494 1494 I GameModeConfig: isGameModeOn = false
12-08 09:12:30.762 1494 1494 E NotificationService: Muting recently noisy 0|com.android.systemui|2048|null|10082
12-08 09:12:30.774 1494 1905 I GameModeConfig: isGameModeOn = false
12-08 09:12:30.781 1494 1494 I GameModeConfig: isGameModeOn = false
12-08 09:12:30.782 1494 1494 E NotificationService: Muting recently noisy 0|com.android.systemui|2048|null|10082
12-08 09:12:30.792 1494 1905 I GameModeConfig: isGameModeOn = false
12-08 09:12:30.800 1494 1494 I GameModeConfig: isGameModeOn = false
12-08 09:12:30.801 1494 1494 E NotificationService: Muting recently noisy 0|com.android.systemui|2048|null|10082
12-08 09:12:30.807 1494 1905 I GameModeConfig: isGameModeOn = false
12-08 09:12:30.821 1494 1905 I GameModeConfig: isGameModeOn = false
12-08 09:12:30.835 1494 1905 I GameModeConfig: isGameModeOn = false
12-08 09:12:30.851 1494 1905 I GameModeConfig: isGameModeOn = false
12-08 09:12:30.874 1494 1905 I GameModeConfig: isGameModeOn = false
12-08 09:12:30.925 1494 1905 I GameModeConfig: isGameModeOn = false
12-08 09:12:30.962 1494 1905 I GameModeConfig: isGameModeOn = false
12-08 09:12:30.980 1494 1905 I GameModeConfig: isGameModeOn = false
12-08 09:12:30.999 1494 1905 I GameModeConfig: isGameModeOn = false
12-08 09:12:31.013 1494 1905 I GameModeConfig: isGameModeOn = false
12-08 09:12:31.015 1494 2035 I sysui_multi_action: [757,128,758,1,793,17734808,794,0,795,17734808,796,26,798,0,806,android,857,DEVELOPER_IMPORTANT,858,4,947,0,1395,2,1500,17734354,1688,1]
12-08 09:12:31.015 1494 2035 I sysui_multi_action: [757,804,799,note_freshness,801,17734808,802,1]
12-08 09:12:31.015 1494 2035 I notification_visibility: [-1|android|26|null|1000,1,17734808,17734808,0,0]
12-08 09:12:31.016 1494 2035 I sysui_multi_action: [757,128,758,1,793,17735664,794,0,795,17735664,796,32,798,1,806,android,857,USB,858,1,947,0,1395,2,1500,17735604,1688,1]
12-08 09:12:31.016 1494 2035 I sysui_multi_action: [757,804,799,note_freshness,801,17735664,802,1]
12-08 09:12:31.016 1494 2035 I notification_visibility: [-1|android|32|null|1000,1,17735664,17735664,0,1]
12-08 09:12:31.025 1494 1905 I GameModeConfig: isGameModeOn = false
12-08 09:12:31.039 1494 1905 I GameModeConfig: isGameModeOn = false
12-08 09:12:31.059 1494 1905 I GameModeConfig: isGameModeOn = false
12-08 09:12:31.083 1494 1905 I GameModeConfig: isGameModeOn = false
12-08 09:12:31.301 1494 1726 I input_interaction: Interaction with: e4dc0ca NotificationShade (server), edge-swipe (server), swipe-up (server), PointerEventDispatcher0 (server),
12-08 09:12:31.471 1494 1905 I GameModeConfig: isGameModeOn = false
12-08 09:12:31.472 1494 1905 I GameModeConfig: isGameModeOn = false
12-08 09:12:31.472 1494 1905 I GameModeConfig: isGameModeOn = false
12-08 09:12:31.472 1494 1905 I GameModeConfig: isGameModeOn = false
12-08 09:12:31.473 12174 12174 I sysui_multi_action: [757,111,758,2]
12-08 09:12:31.473 1494 1494 I notification_enqueue: [10082,12174,com.android.systemui,2048,NULL,0,Notification(channel=updateNotification shortcut=null contentView=null vibrate=null sound=null defaults=0x0 flags=0x0 color=0x00000000 vis=PRIVATE),1]
12-08 09:12:31.473 12174 12174 I sysui_multi_action: [757,111,758,2]
12-08 09:12:31.480 12174 12174 I sysui_multi_action: [757,111,758,1]
12-08 09:12:31.480 12174 12174 I sysui_multi_action: [757,126,758,1,759,126,927,0,928,1,1593,1]
12-08 09:12:31.480 12174 12174 I sysui_multi_action: [757,113,758,1,759,113,927,1,928,1,1593,1]
12-08 09:12:31.480 12174 12174 I sysui_multi_action: [757,0,758,1,759,0,927,2,928,0,1593,1]
12-08 09:12:31.480 12174 12174 I sysui_multi_action: [757,0,758,1,759,0,927,3,928,0,1593,1]
12-08 09:12:31.481 12174 12174 I sysui_multi_action: [757,491,758,1,759,491,927,4,928,0,1311,-1,1593,0]
12-08 09:12:31.481 12174 12174 I sysui_multi_action: [757,0,758,1,759,0,927,5,928,0,1593,0]
12-08 09:12:31.481 12174 12174 I sysui_multi_action: [757,111,758,1]
12-08 09:12:31.481 12174 12174 I sysui_multi_action: [757,126,758,1,759,126,927,0,928,1,1593,1]
12-08 09:12:31.481 12174 12174 I sysui_multi_action: [757,113,758,1,759,113,927,1,928,1,1593,1]
12-08 09:12:31.482 12174 12174 I sysui_multi_action: [757,0,758,1,759,0,927,2,928,0,1593,1]
12-08 09:12:31.482 12174 12174 I sysui_multi_action: [757,0,758,1,759,0,927,3,928,0,1593,1]
12-08 09:12:31.493 1494 6909 W WindowManager: updateScale0.4617737
12-08 09:12:31.497 1494 6909 W WindowManager: updateScale0.4617737
12-08 09:12:31.500 1494 1905 I GameModeConfig: isGameModeOn = false
12-08 09:12:31.500 12174 12174 I sysui_multi_action: [757,111,758,2]
12-08 09:12:31.500 12174 12174 I sysui_multi_action: [757,111,758,2]
12-08 09:12:31.501 1494 1905 I GameModeConfig: isGameModeOn = false
12-08 09:12:31.501 1494 1905 I GameModeConfig: isGameModeOn = false
12-08 09:12:31.501 1494 1905 I GameModeConfig: isGameModeOn = false
12-08 09:12:31.502 1494 1494 I notification_enqueue: [10082,12174,com.android.systemui,2048,NULL,0,Notification(channel=updateNotification shortcut=null contentView=null vibrate=null sound=null defaults=0x0 flags=0x0 color=0x00000000 vis=PRIVATE),1]
12-08 09:12:31.505 12174 12174 I sysui_multi_action: [757,111,758,1]
12-08 09:12:31.505 12174 12174 I sysui_multi_action: [757,126,758,1,759,126,927,0,928,1,1593,1]
12-08 09:12:31.505 12174 12174 I sysui_multi_action: [757,113,758,1,759,113,927,1,928,1,1593,1]
12-08 09:12:31.505 12174 12174 I sysui_multi_action: [757,0,758,1,759,0,927,2,928,0,1593,1]
12-08 09:12:31.505 12174 12174 I sysui_multi_action: [757,0,758,1,759,0,927,3,928,0,1593,1]
12-08 09:12:31.505 12174 12174 I sysui_multi_action: [757,491,758,1,759,491,927,4,928,0,1311,-1,1593,0]
12-08 09:12:31.506 12174 12174 I sysui_multi_action: [757,0,758,1,759,0,927,5,928,0,1593,0]
12-08 09:12:31.506 12174 12174 I sysui_multi_action: [757,111,758,1]
12-08 09:12:31.506 12174 12174 I sysui_multi_action: [757,126,758,1,759,126,927,0,928,1,1593,1]
12-08 09:12:31.506 12174 12174 I sysui_multi_action: [757,113,758,1,759,113,927,1,928,1,1593,1]
12-08 09:12:31.506 12174 12174 I sysui_multi_action: [757,0,758,1,759,0,927,2,928,0,1593,1]
12-08 09:12:31.506 12174 12174 I sysui_multi_action: [757,0,758,1,759,0,927,3,928,0,1593,1]
12-08 09:12:31.513 1494 1905 I GameModeConfig: isGameModeOn = false
12-08 09:12:31.513 1494 1905 I GameModeConfig: isGameModeOn = false
12-08 09:12:31.513 1494 1905 I GameModeConfig: isGameModeOn = false
12-08 09:12:31.513 1494 1905 I GameModeConfig: isGameModeOn = false
12-08 09:12:31.518 12174 12174 I sysui_multi_action: [757,111,758,2]
12-08 09:12:31.518 12174 12174 I sysui_multi_action: [757,111,758,2]
12-08 09:12:31.518 1494 1494 I notification_enqueue: [10082,12174,com.android.systemui,2048,NULL,0,Notification(channel=updateNotification shortcut=null contentView=null vibrate=null sound=null defaults=0x0 flags=0x0 color=0x00000000 vis=PRIVATE),1]
12-08 09:12:31.521 12174 12174 I sysui_multi_action: [757,111,758,1]
12-08 09:12:31.521 12174 12174 I sysui_multi_action: [757,126,758,1,759,126,927,0,928,1,1593,1]
12-08 09:12:31.521 12174 12174 I sysui_multi_action: [757,113,758,1,759,113,927,1,928,1,1593,1]
12-08 09:12:31.521 12174 12174 I sysui_multi_action: [757,0,758,1,759,0,927,2,928,0,1593,1]
12-08 09:12:31.522 12174 12174 I sysui_multi_action: [757,0,758,1,759,0,927,3,928,0,1593,1]
12-08 09:12:31.522 12174 12174 I sysui_multi_action: [757,491,758,1,759,491,927,4,928,0,1311,-1,1593,0]
12-08 09:12:31.522 12174 12174 I sysui_multi_action: [757,0,758,1,759,0,927,5,928,0,1593,0]
12-08 09:12:31.522 12174 12174 I sysui_multi_action: [757,111,758,1]
12-08 09:12:31.522 12174 12174 I sysui_multi_action: [757,126,758,1,759,126,927,0,928,1,1593,1]
12-08 09:12:31.522 12174 12174 I sysui_multi_action: [757,113,758,1,759,113,927,1,928,1,1593,1]
12-08 09:12:31.522 12174 12174 I sysui_multi_action: [757,0,758,1,759,0,927,2,928,0,1593,1]
12-08 09:12:31.522 12174 12174 I sysui_multi_action: [757,0,758,1,759,0,927,3,928,0,1593,1]
12-08 09:12:31.528 1494 2125 I sysui_multi_action: [757,128,758,2,793,17735322,794,514,795,17735322,796,26,798,0,806,android,857,DEVELOPER_IMPORTANT,858,4,947,0,1395,2,1500,17734868,1688,1]
12-08 09:12:31.529 1494 2125 I notification_visibility: [-1|android|26|null|1000,0,17735322,17735322,0,0]
12-08 09:12:31.529 1494 2125 I sysui_multi_action: [757,128,758,2,793,17736177,794,513,795,17736177,796,32,798,1,806,android,857,USB,858,1,947,0,1395,2,1500,17736117,1688,1]
12-08 09:12:31.529 1494 2125 I notification_visibility: [-1|android|32|null|1000,0,17736177,17736177,0,1]
12-08 09:12:31.529 12174 12174 I sysui_multi_action: [757,111,758,2]
12-08 09:12:31.529 12174 12174 I sysui_multi_action: [757,111,758,2]
12-08 09:12:31.530 1494 1494 I notification_enqueue: [10082,12174,com.android.systemui,2048,NULL,0,Notification(channel=updateNotification shortcut=null contentView=null vibrate=null sound=null defaults=0x0 flags=0x0 color=0x00000000 vis=PRIVATE),1]
12-08 09:12:31.533 12174 12174 I sysui_multi_action: [757,111,758,1]
12-08 09:12:31.533 12174 12174 I sysui_multi_action: [757,126,758,1,759,126,927,0,928,1,1593,1]
12-08 09:12:31.533 12174 12174 I sysui_multi_action: [757,113,758,1,759,113,927,1,928,1,1593,1]
12-08 09:12:31.533 12174 12174 I sysui_multi_action: [757,0,758,1,759,0,927,2,928,0,1593,1]
12-08 09:12:31.533 12174 12174 I sysui_multi_action: [757,0,758,1,759,0,927,3,928,0,1593,1]
12-08 09:12:31.533 12174 12174 I sysui_multi_action: [757,491,758,1,759,491,927,4,928,0,1311,-1,1593,0]
12-08 09:12:31.533 12174 12174 I sysui_multi_action: [757,0,758,1,759,0,927,5,928,0,1593,0]
12-08 09:12:31.533 12174 12174 I sysui_multi_action: [757,111,758,1]
12-08 09:12:31.533 12174 12174 I sysui_multi_action: [757,126,758,1,759,126,927,0,928,1,1593,1]
12-08 09:12:31.533 12174 12174 I sysui_multi_action: [757,113,758,1,759,113,927,1,928,1,1593,1]
12-08 09:12:31.534 12174 12174 I sysui_multi_action: [757,0,758,1,759,0,927,2,928,0,1593,1]
12-08 09:12:31.534 12174 12174 I sysui_multi_action: [757,0,758,1,759,0,927,3,928,0,1593,1]
12-08 09:12:31.534 1494 1905 I GameModeConfig: isGameModeOn = false
12-08 09:12:31.535 1494 1905 I GameModeConfig: isGameModeOn = false
12-08 09:12:31.535 1494 1905 I GameModeConfig: isGameModeOn = false
12-08 09:12:31.535 1494 1905 I GameModeConfig: isGameModeOn = false
12-08 09:12:31.547 1494 1905 I GameModeConfig: isGameModeOn = false
12-08 09:12:31.547 1494 1905 I GameModeConfig: isGameModeOn = false
12-08 09:12:31.547 1494 1905 I GameModeConfig: isGameModeOn = false
12-08 09:12:31.547 1494 1905 I GameModeConfig: isGameModeOn = false
12-08 09:12:31.548 12174 12174 I sysui_multi_action: [757,111,758,2]
12-08 09:12:31.548 12174 12174 I sysui_multi_action: [757,111,758,2]
12-08 09:12:31.548 1494 1494 I notification_enqueue: [10082,12174,com.android.systemui,2048,NULL,0,Notification(channel=updateNotification shortcut=null contentView=null vibrate=null sound=null defaults=0x0 flags=0x0 color=0x00000000 vis=PRIVATE),1]
12-08 09:12:31.556 1494 2035 W WindowManager: updateScale0.4617737
12-08 09:12:31.559 12174 12174 I sysui_multi_action: [757,111,758,1]
12-08 09:12:31.560 12174 12174 I sysui_multi_action: [757,126,758,1,759,126,927,0,928,1,1593,1]
12-08 09:12:31.560 12174 12174 I sysui_multi_action: [757,113,758,1,759,113,927,1,928,1,1593,1]
12-08 09:12:31.560 12174 12174 I sysui_multi_action: [757,0,758,1,759,0,927,2,928,0,1593,1]
12-08 09:12:31.560 12174 12174 I sysui_multi_action: [757,0,758,1,759,0,927,3,928,0,1593,1]
12-08 09:12:31.560 12174 12174 I sysui_multi_action: [757,491,758,1,759,491,927,4,928,0,1311,-1,1593,0]
12-08 09:12:31.560 12174 12174 I sysui_multi_action: [757,0,758,1,759,0,927,5,928,0,1593,0]
12-08 09:12:31.560 12174 12174 I sysui_multi_action: [757,111,758,1]
12-08 09:12:31.560 12174 12174 I sysui_multi_action: [757,126,758,1,759,126,927,0,928,1,1593,1]
12-08 09:12:31.560 12174 12174 I sysui_multi_action: [757,113,758,1,759,113,927,1,928,1,1593,1]
12-08 09:12:31.560 12174 12174 I sysui_multi_action: [757,0,758,1,759,0,927,2,928,0,1593,1]
12-08 09:12:31.560 12174 12174 I sysui_multi_action: [757,0,758,1,759,0,927,3,928,0,1593,1]
12-08 09:12:31.571 1494 1905 I GameModeConfig: isGameModeOn = false
12-08 09:12:31.571 1494 1905 I GameModeConfig: isGameModeOn = false
12-08 09:12:31.571 1494 1905 I GameModeConfig: isGameModeOn = false
12-08 09:12:31.572 1494 1905 I GameModeConfig: isGameModeOn = false
12-08 09:12:31.573 12174 12174 I sysui_multi_action: [757,111,758,2]
12-08 09:12:31.573 12174 12174 I sysui_multi_action: [757,111,758,2]
12-08 09:12:31.573 1494 1494 I notification_enqueue: [10082,12174,com.android.systemui,2048,NULL,0,Notification(channel=updateNotification shortcut=null contentView=null vibrate=null sound=null defaults=0x0 flags=0x0 color=0x00000000 vis=PRIVATE),1]
12-08 09:12:31.576 12174 12174 I sysui_multi_action: [757,111,758,1]
12-08 09:12:31.576 12174 12174 I sysui_multi_action: [757,126,758,1,759,126,927,0,928,1,1593,0]
12-08 09:12:31.576 12174 12174 I sysui_multi_action: [757,113,758,1,759,113,927,1,928,1,1593,0]
12-08 09:12:31.576 12174 12174 I sysui_multi_action: [757,0,758,1,759,0,927,2,928,0,1593,0]
12-08 09:12:31.576 12174 12174 I sysui_multi_action: [757,0,758,1,759,0,927,3,928,0,1593,0]
12-08 09:12:31.577 12174 12174 I sysui_multi_action: [757,491,758,1,759,491,927,4,928,0,1311,-1,1593,0]
12-08 09:12:31.577 12174 12174 I sysui_multi_action: [757,0,758,1,759,0,927,5,928,0,1593,0]
12-08 09:12:31.577 12174 12174 I sysui_multi_action: [757,111,758,1]
12-08 09:12:31.577 12174 12174 I sysui_multi_action: [757,126,758,1,759,126,927,0,928,1,1593,0]
12-08 09:12:31.577 12174 12174 I sysui_multi_action: [757,113,758,1,759,113,927,1,928,1,1593,0]
12-08 09:12:31.577 12174 12174 I sysui_multi_action: [757,0,758,1,759,0,927,2,928,0,1593,1]
12-08 09:12:31.577 12174 12174 I sysui_multi_action: [757,0,758,1,759,0,927,3,928,0,1593,1]
12-08 09:12:31.588 1494 1905 I GameModeConfig: isGameModeOn = false
12-08 09:12:31.588 1494 1905 I GameModeConfig: isGameModeOn = false
12-08 09:12:31.588 1494 1905 I GameModeConfig: isGameModeOn = false
12-08 09:12:31.588 1494 1905 I GameModeConfig: isGameModeOn = false
12-08 09:12:31.589 12174 12174 I sysui_multi_action: [757,111,758,2]
12-08 09:12:31.589 12174 12174 I sysui_multi_action: [757,111,758,2]
12-08 09:12:31.590 1494 1494 I notification_enqueue: [10082,12174,com.android.systemui,2048,NULL,0,Notification(channel=updateNotification shortcut=null contentView=null vibrate=null sound=null defaults=0x0 flags=0x0 color=0x00000000 vis=PRIVATE),1]
12-08 09:12:31.593 12174 12174 I sysui_multi_action: [757,111,758,1]
12-08 09:12:31.593 12174 12174 I sysui_multi_action: [757,126,758,1,759,126,927,0,928,1,1593,1]
12-08 09:12:31.593 12174 12174 I sysui_multi_action: [757,113,758,1,759,113,927,1,928,1,1593,1]
12-08 09:12:31.593 12174 12174 I sysui_multi_action: [757,0,758,1,759,0,927,2,928,0,1593,1]
12-08 09:12:31.593 12174 12174 I sysui_multi_action: [757,0,758,1,759,0,927,3,928,0,1593,1]
12-08 09:12:31.594 12174 12174 I sysui_multi_action: [757,491,758,1,759,491,927,4,928,0,1311,-1,1593,0]
12-08 09:12:31.594 12174 12174 I sysui_multi_action: [757,0,758,1,759,0,927,5,928,0,1593,0]
12-08 09:12:31.594 12174 12174 I sysui_multi_action: [757,111,758,1]
12-08 09:12:31.594 12174 12174 I sysui_multi_action: [757,126,758,1,759,126,927,0,928,1,1593,1]
12-08 09:12:31.594 12174 12174 I sysui_multi_action: [757,113,758,1,759,113,927,1,928,1,1593,1]
12-08 09:12:31.594 12174 12174 I sysui_multi_action: [757,0,758,1,759,0,927,2,928,0,1593,1]
12-08 09:12:31.594 12174 12174 I sysui_multi_action: [757,0,758,1,759,0,927,3,928,0,1593,1]
12-08 09:12:31.605 1494 1905 I GameModeConfig: isGameModeOn = false
12-08 09:12:31.605 1494 1905 I GameModeConfig: isGameModeOn = false
12-08 09:12:31.605 1494 1905 I GameModeConfig: isGameModeOn = false
12-08 09:12:31.605 1494 1905 I GameModeConfig: isGameModeOn = false
12-08 09:12:31.606 12174 12174 I sysui_multi_action: [757,111,758,2]
12-08 09:12:31.606 12174 12174 I sysui_multi_action: [757,111,758,2]
12-08 09:12:31.606 1494 1494 I notification_enqueue: [10082,12174,com.android.systemui,2048,NULL,0,Notification(channel=updateNotification shortcut=null contentView=null vibrate=null sound=null defaults=0x0 flags=0x0 color=0x00000000 vis=PRIVATE),1]
12-08 09:12:31.609 12174 12174 I sysui_multi_action: [757,111,758,1]
12-08 09:12:31.609 12174 12174 I sysui_multi_action: [757,126,758,1,759,126,927,0,928,1,1593,0]
12-08 09:12:31.609 12174 12174 I sysui_multi_action: [757,113,758,1,759,113,927,1,928,1,1593,0]
12-08 09:12:31.609 12174 12174 I sysui_multi_action: [757,0,758,1,759,0,927,2,928,0,1593,0]
12-08 09:12:31.610 12174 12174 I sysui_multi_action: [757,0,758,1,759,0,927,3,928,0,1593,0]
12-08 09:12:31.610 12174 12174 I sysui_multi_action: [757,491,758,1,759,491,927,4,928,0,1311,-1,1593,0]
12-08 09:12:31.610 12174 12174 I sysui_multi_action: [757,0,758,1,759,0,927,5,928,0,1593,0]
12-08 09:12:31.610 12174 12174 I sysui_multi_action: [757,111,758,1]
12-08 09:12:31.610 12174 12174 I sysui_multi_action: [757,126,758,1,759,126,927,0,928,1,1593,1]
12-08 09:12:31.610 12174 12174 I sysui_multi_action: [757,113,758,1,759,113,927,1,928,1,1593,1]
12-08 09:12:31.610 12174 12174 I sysui_multi_action: [757,0,758,1,759,0,927,2,928,0,1593,1]
12-08 09:12:31.610 12174 12174 I sysui_multi_action: [757,0,758,1,759,0,927,3,928,0,1593,1]
12-08 09:12:31.622 1494 1905 I GameModeConfig: isGameModeOn = false
12-08 09:12:31.622 1494 1905 I GameModeConfig: isGameModeOn = false
12-08 09:12:31.622 1494 1905 I GameModeConfig: isGameModeOn = false
12-08 09:12:31.622 1494 1905 I GameModeConfig: isGameModeOn = false
12-08 09:12:31.623 12174 12174 I sysui_multi_action: [757,111,758,2]
12-08 09:12:31.623 12174 12174 I sysui_multi_action: [757,111,758,2]
12-08 09:12:31.623 1494 1494 I notification_enqueue: [10082,12174,com.android.systemui,2048,NULL,0,Notification(channel=updateNotification shortcut=null contentView=null vibrate=null sound=null defaults=0x0 flags=0x0 color=0x00000000 vis=PRIVATE),1]
12-08 09:12:31.628 1494 2125 W WindowManager: updateScale0.4617737
12-08 09:12:31.629 1494 1568 I input_focus: [Focus request 2ec6e99 com.android.deskclock/com.android.deskclock.DeskClock,reason=UpdateInputWindows]
12-08 09:12:31.630 1494 1568 W WindowManager: updateScale0.4617737
12-08 09:12:31.631 12174 12174 I sysui_multi_action: [757,111,758,1]
12-08 09:12:31.632 12174 12174 I sysui_multi_action: [757,126,758,1,759,126,927,0,928,1,1593,1]
12-08 09:12:31.632 12174 12174 I sysui_multi_action: [757,113,758,1,759,113,927,1,928,1,1593,1]
12-08 09:12:31.632 12174 12174 I sysui_multi_action: [757,0,758,1,759,0,927,2,928,0,1593,1]
12-08 09:12:31.632 12174 12174 I sysui_multi_action: [757,0,758,1,759,0,927,3,928,0,1593,1]
12-08 09:12:31.632 12174 12174 I sysui_multi_action: [757,491,758,1,759,491,927,4,928,0,1311,-1,1593,0]
12-08 09:12:31.632 12174 12174 I sysui_multi_action: [757,0,758,1,759,0,927,5,928,0,1593,0]
12-08 09:12:31.632 12174 12174 I sysui_multi_action: [757,111,758,1]
12-08 09:12:31.632 12174 12174 I sysui_multi_action: [757,126,758,1,759,126,927,0,928,1,1593,1]
12-08 09:12:31.632 12174 12174 I sysui_multi_action: [757,113,758,1,759,113,927,1,928,1,1593,1]
12-08 09:12:31.632 12174 12174 I sysui_multi_action: [757,0,758,1,759,0,927,2,928,0,1593,1]
12-08 09:12:31.633 12174 12174 I sysui_multi_action: [757,0,758,1,759,0,927,3,928,0,1593,1]
12-08 09:12:31.637 1494 1905 I GameModeConfig: isGameModeOn = false
12-08 09:12:31.637 1494 1905 I GameModeConfig: isGameModeOn = false
12-08 09:12:31.637 1494 1905 I GameModeConfig: isGameModeOn = false
12-08 09:12:31.638 1494 1905 I GameModeConfig: isGameModeOn = false
12-08 09:12:31.639 12174 12174 I sysui_multi_action: [757,111,758,2]
12-08 09:12:31.639 12174 12174 I sysui_multi_action: [757,111,758,2]
12-08 09:12:31.639 1494 1494 I notification_enqueue: [10082,12174,com.android.systemui,2048,NULL,0,Notification(channel=updateNotification shortcut=null contentView=null vibrate=null sound=null defaults=0x0 flags=0x0 color=0x00000000 vis=PRIVATE),1]
12-08 09:12:31.641 1494 6909 I sysui_multi_action: [757,127,758,2]
12-08 09:12:31.641 1494 6909 I notification_panel_hidden:
12-08 09:12:31.646 1494 1726 I input_focus: [Focus leaving e4dc0ca NotificationShade (server),reason=NOT_FOCUSABLE]
12-08 09:12:31.647 1494 2035 W WindowManager: updateScale0.4617737
12-08 09:12:31.648 1494 1726 I input_focus: [Focus entering 2ec6e99 com.android.deskclock/com.android.deskclock.DeskClock (server),reason=setFocusedWindow]
12-08 09:12:31.651 12174 12174 I sysui_multi_action: [757,111,758,1]
12-08 09:12:31.652 12174 12174 I sysui_multi_action: [757,126,758,1,759,126,927,0,928,1,1593,1]
12-08 09:12:31.652 12174 12174 I sysui_multi_action: [757,113,758,1,759,113,927,1,928,1,1593,1]
12-08 09:12:31.652 12174 12174 I sysui_multi_action: [757,0,758,1,759,0,927,2,928,0,1593,1]
12-08 09:12:31.652 12174 12174 I sysui_multi_action: [757,0,758,1,759,0,927,3,928,0,1593,1]
12-08 09:12:31.652 12174 12174 I sysui_multi_action: [757,491,758,1,759,491,927,4,928,0,1311,-1,1593,0]
12-08 09:12:31.652 12174 12174 I sysui_multi_action: [757,0,758,1,759,0,927,5,928,0,1593,0]
12-08 09:12:31.652 12174 12174 I sysui_multi_action: [757,111,758,1]
12-08 09:12:31.652 12174 12174 I sysui_multi_action: [757,126,758,1,759,126,927,0,928,1,1593,1]
12-08 09:12:31.652 12174 12174 I sysui_multi_action: [757,113,758,1,759,113,927,1,928,1,1593,1]
12-08 09:12:31.652 12174 12174 I sysui_multi_action: [757,0,758,1,759,0,927,2,928,0,1593,1]
12-08 09:12:31.652 12174 12174 I sysui_multi_action: [757,0,758,1,759,0,927,3,928,0,1593,1]
12-08 09:12:31.676 1494 1494 I GameModeConfig: isGameModeOn = false
12-08 09:12:31.679 1494 1494 I sysui_multi_action: [757,1501,758,1,793,1774405,794,0,795,205,796,2048,806,com.android.systemui,857,updateNotification,858,3,947,0,1500,0,1688,1]
12-08 09:12:31.679 1494 1494 I sysui_multi_action: [757,804,799,note_interruptive,801,0,802,1]
12-08 09:12:31.679 1494 1494 I sysui_multi_action: [757,199,758,1,759,2,793,1774408,794,0,795,208,796,2048,806,com.android.systemui,857,updateNotification,858,3,947,0,1500,3,1688,1]
12-08 09:12:31.679 1494 1494 I notification_alert: [0|com.android.systemui|2048|null|10082,0,1,0]
12-08 09:12:31.680 1494 1494 W NotificationHistory: Attempted to add notif for locked/gone/disabled user 0
12-08 09:12:31.703 1494 1494 I GameModeConfig: isGameModeOn = false
12-08 09:12:31.703 1494 1494 E NotificationService: Muting recently noisy 0|com.android.systemui|2048|null|10082
12-08 09:12:31.720 1494 1494 I GameModeConfig: isGameModeOn = false
12-08 09:12:31.720 1494 1494 E NotificationService: Muting recently noisy 0|com.android.systemui|2048|null|10082
12-08 09:12:31.733 1494 1494 I GameModeConfig: isGameModeOn = false
12-08 09:12:31.733 1494 1494 E NotificationService: Muting recently noisy 0|com.android.systemui|2048|null|10082
12-08 09:12:31.750 1494 1494 I GameModeConfig: isGameModeOn = false
12-08 09:12:31.751 1494 1494 E NotificationService: Muting recently noisy 0|com.android.systemui|2048|null|10082
12-08 09:12:31.773 1494 1494 I GameModeConfig: isGameModeOn = false
12-08 09:12:31.774 1494 1494 E NotificationService: Muting recently noisy 0|com.android.systemui|2048|null|10082
12-08 09:12:31.790 1494 1494 I GameModeConfig: isGameModeOn = false
12-08 09:12:31.791 1494 1494 E NotificationService: Muting recently noisy 0|com.android.systemui|2048|null|10082
12-08 09:12:31.807 1494 1494 I GameModeConfig: isGameModeOn = false
12-08 09:12:31.808 1494 1494 E NotificationService: Muting recently noisy 0|com.android.systemui|2048|null|10082
12-08 09:12:31.824 1494 1494 I GameModeConfig: isGameModeOn = false
12-08 09:12:31.825 1494 1494 E NotificationService: Muting recently noisy 0|com.android.systemui|2048|null|10082
12-08 09:12:31.840 1494 1494 I GameModeConfig: isGameModeOn = false
12-08 09:12:31.841 1494 1494 E NotificationService: Muting recently noisy 0|com.android.systemui|2048|null|10082
12-08 09:12:32.055 0 0 I auditd : type=1400 audit(0.0:18931): avc: denied { kill } for comm="swapper/1" capability=5 scontext=u:r:kernel:s0 tcontext=u:r:kernel:s0 tclass=capability permissive=0
12-08 09:12:32.138 1494 1726 I input_interaction: Interaction with: 1745717 StatusBar (server), edge-swipe (server), swipe-up (server), PointerEventDispatcher0 (server),
12-08 09:12:32.141 12174 12174 I sysui_multi_action: [757,803,799,panel_open,802,1]
12-08 09:12:32.142 12174 12174 I sysui_multi_action: [757,1328,758,4,1326,68,1327,0,1329,0]
12-08 09:12:32.169 1494 1905 I GameModeConfig: isGameModeOn = false
12-08 09:12:32.201 1494 1905 I GameModeConfig: isGameModeOn = false
12-08 09:12:32.218 1494 1905 I GameModeConfig: isGameModeOn = false
12-08 09:12:32.232 1494 1905 I GameModeConfig: isGameModeOn = false
12-08 09:12:32.250 1494 1905 I GameModeConfig: isGameModeOn = false
12-08 09:12:32.251 1494 7390 I sysui_multi_action: [757,127,758,1]
12-08 09:12:32.251 1494 7390 I sysui_multi_action: [757,804,799,note_load,801,2,802,1]
12-08 09:12:32.251 1494 7390 I notification_panel_revealed: 2
12-08 09:12:32.252 1494 1905 I GameModeConfig: isGameModeOn = false
12-08 09:12:32.252 1494 1905 I GameModeConfig: isGameModeOn = false
12-08 09:12:32.252 1494 1905 I GameModeConfig: isGameModeOn = false
12-08 09:12:32.253 1494 1905 I GameModeConfig: isGameModeOn = false
12-08 09:12:32.254 1494 1494 I notification_enqueue: [10082,12174,com.android.systemui,2048,NULL,0,Notification(channel=updateNotification shortcut=null contentView=null vibrate=null sound=null defaults=0x0 flags=0x0 color=0x00000000 vis=PRIVATE),1]
12-08 09:12:32.254 12174 12174 I sysui_multi_action: [757,111,758,2]
12-08 09:12:32.255 12174 12174 I sysui_multi_action: [757,111,758,2]
12-08 09:12:32.263 1494 6909 W WindowManager: updateScale0.4617737
12-08 09:12:32.266 1494 1905 I GameModeConfig: isGameModeOn = false
12-08 09:12:32.268 1494 1568 I input_focus: [Focus request e4dc0ca NotificationShade,reason=UpdateInputWindows]
12-08 09:12:32.272 12174 12174 I sysui_multi_action: [757,111,758,1]
12-08 09:12:32.272 12174 12174 I sysui_multi_action: [757,126,758,1,759,126,927,0,928,1,1593,0]
12-08 09:12:32.272 12174 12174 I sysui_multi_action: [757,113,758,1,759,113,927,1,928,1,1593,0]
12-08 09:12:32.273 12174 12174 I sysui_multi_action: [757,0,758,1,759,0,927,2,928,0,1593,0]
12-08 09:12:32.273 12174 12174 I sysui_multi_action: [757,0,758,1,759,0,927,3,928,0,1593,0]
12-08 09:12:32.273 12174 12174 I sysui_multi_action: [757,491,758,1,759,491,927,4,928,0,1311,-1,1593,0]
12-08 09:12:32.273 12174 12174 I sysui_multi_action: [757,0,758,1,759,0,927,5,928,0,1593,0]
12-08 09:12:32.273 12174 12174 I sysui_multi_action: [757,111,758,1]
12-08 09:12:32.273 12174 12174 I sysui_multi_action: [757,126,758,1,759,126,927,0,928,1,1593,0]
12-08 09:12:32.273 12174 12174 I sysui_multi_action: [757,113,758,1,759,113,927,1,928,1,1593,0]
12-08 09:12:32.273 12174 12174 I sysui_multi_action: [757,0,758,1,759,0,927,2,928,0,1593,0]
12-08 09:12:32.273 12174 12174 I sysui_multi_action: [757,0,758,1,759,0,927,3,928,0,1593,0]
12-08 09:12:32.282 1494 1568 W WindowManager: updateScale0.4617737
12-08 09:12:32.284 12174 12174 I sysui_multi_action: [757,111,758,2]
12-08 09:12:32.284 12174 12174 I sysui_multi_action: [757,111,758,2]
12-08 09:12:32.284 1494 1494 I notification_enqueue: [10082,12174,com.android.systemui,2048,NULL,0,Notification(channel=updateNotification shortcut=null contentView=null vibrate=null sound=null defaults=0x0 flags=0x0 color=0x00000000 vis=PRIVATE),1]
12-08 09:12:32.286 1494 1905 I GameModeConfig: isGameModeOn = false
12-08 09:12:32.288 12174 12174 I sysui_multi_action: [757,111,758,1]
12-08 09:12:32.288 12174 12174 I sysui_multi_action: [757,126,758,1,759,126,927,0,928,1,1593,0]
12-08 09:12:32.288 12174 12174 I sysui_multi_action: [757,113,758,1,759,113,927,1,928,1,1593,0]
12-08 09:12:32.288 12174 12174 I sysui_multi_action: [757,0,758,1,759,0,927,2,928,0,1593,0]
12-08 09:12:32.288 12174 12174 I sysui_multi_action: [757,0,758,1,759,0,927,3,928,0,1593,0]
12-08 09:12:32.289 12174 12174 I sysui_multi_action: [757,491,758,1,759,491,927,4,928,0,1311,-1,1593,0]
12-08 09:12:32.289 1494 1905 I GameModeConfig: isGameModeOn = false
12-08 09:12:32.289 12174 12174 I sysui_multi_action: [757,0,758,1,759,0,927,5,928,0,1593,0]
12-08 09:12:32.289 12174 12174 I sysui_multi_action: [757,111,758,1]
12-08 09:12:32.289 12174 12174 I sysui_multi_action: [757,126,758,1,759,126,927,0,928,1,1593,0]
12-08 09:12:32.289 12174 12174 I sysui_multi_action: [757,113,758,1,759,113,927,1,928,1,1593,0]
12-08 09:12:32.289 12174 12174 I sysui_multi_action: [757,0,758,1,759,0,927,2,928,0,1593,0]
12-08 09:12:32.289 1494 1905 I GameModeConfig: isGameModeOn = false
12-08 09:12:32.289 12174 12174 I sysui_multi_action: [757,0,758,1,759,0,927,3,928,0,1593,0]
12-08 09:12:32.289 1494 1905 I GameModeConfig: isGameModeOn = false
12-08 09:12:32.289 1494 1905 I GameModeConfig: isGameModeOn = false
12-08 09:12:32.296 1494 1726 I input_focus: [Focus leaving 2ec6e99 com.android.deskclock/com.android.deskclock.DeskClock (server),reason=setFocusedWindow]
12-08 09:12:32.296 1494 1726 I input_focus: [Focus entering e4dc0ca NotificationShade (server),reason=setFocusedWindow]
12-08 09:12:32.300 1494 1905 I GameModeConfig: isGameModeOn = false
12-08 09:12:32.300 1494 1905 I GameModeConfig: isGameModeOn = false
12-08 09:12:32.300 1494 1905 I GameModeConfig: isGameModeOn = false
12-08 09:12:32.300 1494 1905 I GameModeConfig: isGameModeOn = false
12-08 09:12:32.301 1494 1905 I GameModeConfig: isGameModeOn = false
12-08 09:12:32.301 12174 12174 I sysui_multi_action: [757,111,758,2]
12-08 09:12:32.301 12174 12174 I sysui_multi_action: [757,111,758,2]
12-08 09:12:32.302 1494 1494 I notification_enqueue: [10082,12174,com.android.systemui,2048,NULL,0,Notification(channel=updateNotification shortcut=null contentView=null vibrate=null sound=null defaults=0x0 flags=0x0 color=0x00000000 vis=PRIVATE),1]
12-08 09:12:32.305 12174 12174 I sysui_multi_action: [757,111,758,1]
12-08 09:12:32.305 12174 12174 I sysui_multi_action: [757,126,758,1,759,126,927,0,928,1,1593,0]
12-08 09:12:32.305 12174 12174 I sysui_multi_action: [757,113,758,1,759,113,927,1,928,1,1593,0]
12-08 09:12:32.305 12174 12174 I sysui_multi_action: [757,0,758,1,759,0,927,2,928,0,1593,0]
12-08 09:12:32.306 12174 12174 I sysui_multi_action: [757,0,758,1,759,0,927,3,928,0,1593,0]
12-08 09:12:32.306 12174 12174 I sysui_multi_action: [757,491,758,1,759,491,927,4,928,0,1311,-1,1593,0]
12-08 09:12:32.306 12174 12174 I sysui_multi_action: [757,0,758,1,759,0,927,5,928,0,1593,0]
12-08 09:12:32.306 12174 12174 I sysui_multi_action: [757,111,758,1]
12-08 09:12:32.306 12174 12174 I sysui_multi_action: [757,126,758,1,759,126,927,0,928,1,1593,0]
12-08 09:12:32.306 12174 12174 I sysui_multi_action: [757,113,758,1,759,113,927,1,928,1,1593,0]
12-08 09:12:32.306 12174 12174 I sysui_multi_action: [757,0,758,1,759,0,927,2,928,0,1593,0]
12-08 09:12:32.306 12174 12174 I sysui_multi_action: [757,0,758,1,759,0,927,3,928,0,1593,0]
12-08 09:12:32.315 1494 1905 I GameModeConfig: isGameModeOn = false
12-08 09:12:32.316 1494 1905 I GameModeConfig: isGameModeOn = false
12-08 09:12:32.316 1494 1905 I GameModeConfig: isGameModeOn = false
12-08 09:12:32.316 1494 1905 I GameModeConfig: isGameModeOn = false
12-08 09:12:32.317 12174 12174 I sysui_multi_action: [757,111,758,2]
12-08 09:12:32.317 12174 12174 I sysui_multi_action: [757,111,758,2]
12-08 09:12:32.317 1494 1494 I notification_enqueue: [10082,12174,com.android.systemui,2048,NULL,0,Notification(channel=updateNotification shortcut=null contentView=null vibrate=null sound=null defaults=0x0 flags=0x0 color=0x00000000 vis=PRIVATE),1]
12-08 09:12:32.320 12174 12174 I sysui_multi_action: [757,111,758,1]
12-08 09:12:32.320 12174 12174 I sysui_multi_action: [757,126,758,1,759,126,927,0,928,1,1593,0]
12-08 09:12:32.320 12174 12174 I sysui_multi_action: [757,113,758,1,759,113,927,1,928,1,1593,0]
12-08 09:12:32.320 12174 12174 I sysui_multi_action: [757,0,758,1,759,0,927,2,928,0,1593,0]
12-08 09:12:32.320 12174 12174 I sysui_multi_action: [757,0,758,1,759,0,927,3,928,0,1593,0]
12-08 09:12:32.320 12174 12174 I sysui_multi_action: [757,491,758,1,759,491,927,4,928,0,1311,-1,1593,0]
12-08 09:12:32.320 12174 12174 I sysui_multi_action: [757,0,758,1,759,0,927,5,928,0,1593,0]
12-08 09:12:32.320 12174 12174 I sysui_multi_action: [757,111,758,1]
12-08 09:12:32.320 12174 12174 I sysui_multi_action: [757,126,758,1,759,126,927,0,928,1,1593,0]
12-08 09:12:32.320 12174 12174 I sysui_multi_action: [757,113,758,1,759,113,927,1,928,1,1593,0]
12-08 09:12:32.320 12174 12174 I sysui_multi_action: [757,0,758,1,759,0,927,2,928,0,1593,0]
12-08 09:12:32.320 12174 12174 I sysui_multi_action: [757,0,758,1,759,0,927,3,928,0,1593,0]
12-08 09:12:32.328 1494 1905 I GameModeConfig: isGameModeOn = false
12-08 09:12:32.328 1494 1905 I GameModeConfig: isGameModeOn = false
12-08 09:12:32.329 1494 1905 I GameModeConfig: isGameModeOn = false
12-08 09:12:32.329 1494 1905 I GameModeConfig: isGameModeOn = false
12-08 09:12:32.330 12174 12174 I sysui_multi_action: [757,111,758,2]
12-08 09:12:32.330 12174 12174 I sysui_multi_action: [757,111,758,2]
12-08 09:12:32.330 1494 1494 I notification_enqueue: [10082,12174,com.android.systemui,2048,NULL,0,Notification(channel=updateNotification shortcut=null contentView=null vibrate=null sound=null defaults=0x0 flags=0x0 color=0x00000000 vis=PRIVATE),1]
12-08 09:12:32.332 12174 12174 I sysui_multi_action: [757,111,758,1]
12-08 09:12:32.332 12174 12174 I sysui_multi_action: [757,126,758,1,759,126,927,0,928,1,1593,0]
12-08 09:12:32.332 12174 12174 I sysui_multi_action: [757,113,758,1,759,113,927,1,928,1,1593,0]
12-08 09:12:32.332 12174 12174 I sysui_multi_action: [757,0,758,1,759,0,927,2,928,0,1593,0]
12-08 09:12:32.332 12174 12174 I sysui_multi_action: [757,0,758,1,759,0,927,3,928,0,1593,0]
12-08 09:12:32.332 12174 12174 I sysui_multi_action: [757,491,758,1,759,491,927,4,928,0,1311,-1,1593,0]
12-08 09:12:32.332 12174 12174 I sysui_multi_action: [757,0,758,1,759,0,927,5,928,0,1593,0]
12-08 09:12:32.332 12174 12174 I sysui_multi_action: [757,111,758,1]
12-08 09:12:32.333 12174 12174 I sysui_multi_action: [757,126,758,1,759,126,927,0,928,1,1593,0]
12-08 09:12:32.333 12174 12174 I sysui_multi_action: [757,113,758,1,759,113,927,1,928,1,1593,0]
12-08 09:12:32.333 12174 12174 I sysui_multi_action: [757,0,758,1,759,0,927,2,928,0,1593,0]
12-08 09:12:32.333 12174 12174 I sysui_multi_action: [757,0,758,1,759,0,927,3,928,0,1593,0]
12-08 09:12:32.347 1494 1905 I GameModeConfig: isGameModeOn = false
12-08 09:12:32.347 1494 1905 I GameModeConfig: isGameModeOn = false
12-08 09:12:32.347 1494 1905 I GameModeConfig: isGameModeOn = false
12-08 09:12:32.347 1494 1905 I GameModeConfig: isGameModeOn = false
12-08 09:12:32.349 12174 12174 I sysui_multi_action: [757,111,758,2]
12-08 09:12:32.349 12174 12174 I sysui_multi_action: [757,111,758,2]
12-08 09:12:32.352 12174 12174 I sysui_multi_action: [757,111,758,1]
12-08 09:12:32.352 12174 12174 I sysui_multi_action: [757,126,758,1,759,126,927,0,928,1,1593,0]
12-08 09:12:32.352 12174 12174 I sysui_multi_action: [757,113,758,1,759,113,927,1,928,1,1593,0]
12-08 09:12:32.352 12174 12174 I sysui_multi_action: [757,0,758,1,759,0,927,2,928,0,1593,0]
12-08 09:12:32.352 12174 12174 I sysui_multi_action: [757,0,758,1,759,0,927,3,928,0,1593,0]
12-08 09:12:32.352 12174 12174 I sysui_multi_action: [757,491,758,1,759,491,927,4,928,0,1311,-1,1593,0]
12-08 09:12:32.352 12174 12174 I sysui_multi_action: [757,0,758,1,759,0,927,5,928,0,1593,0]
12-08 09:12:32.352 12174 12174 I sysui_multi_action: [757,111,758,1]
12-08 09:12:32.352 12174 12174 I sysui_multi_action: [757,126,758,1,759,126,927,0,928,1,1593,0]
12-08 09:12:32.352 12174 12174 I sysui_multi_action: [757,113,758,1,759,113,927,1,928,1,1593,0]
12-08 09:12:32.352 12174 12174 I sysui_multi_action: [757,0,758,1,759,0,927,2,928,0,1593,0]
12-08 09:12:32.352 12174 12174 I sysui_multi_action: [757,0,758,1,759,0,927,3,928,0,1593,0]
12-08 09:12:32.352 1494 1494 I notification_enqueue: [10082,12174,com.android.systemui,2048,NULL,0,Notification(channel=updateNotification shortcut=null contentView=null vibrate=null sound=null defaults=0x0 flags=0x0 color=0x00000000 vis=PRIVATE),1]
12-08 09:12:32.369 1494 1905 I GameModeConfig: isGameModeOn = false
12-08 09:12:32.370 1494 1905 I GameModeConfig: isGameModeOn = false
12-08 09:12:32.371 1494 1905 I GameModeConfig: isGameModeOn = false
12-08 09:12:32.371 1494 1905 I GameModeConfig: isGameModeOn = false
12-08 09:12:32.372 1494 1905 I GameModeConfig: isGameModeOn = false
12-08 09:12:32.373 12174 12174 I sysui_multi_action: [757,111,758,2]
12-08 09:12:32.373 12174 12174 I sysui_multi_action: [757,111,758,2]
12-08 09:12:32.374 1494 1494 I notification_enqueue: [10082,12174,com.android.systemui,2048,NULL,0,Notification(channel=updateNotification shortcut=null contentView=null vibrate=null sound=null defaults=0x0 flags=0x0 color=0x00000000 vis=PRIVATE),1]
12-08 09:12:32.376 12174 12174 I sysui_multi_action: [757,111,758,1]
12-08 09:12:32.377 12174 12174 I sysui_multi_action: [757,126,758,1,759,126,927,0,928,1,1593,0]
12-08 09:12:32.377 12174 12174 I sysui_multi_action: [757,113,758,1,759,113,927,1,928,1,1593,0]
12-08 09:12:32.377 12174 12174 I sysui_multi_action: [757,0,758,1,759,0,927,2,928,0,1593,0]
12-08 09:12:32.377 12174 12174 I sysui_multi_action: [757,0,758,1,759,0,927,3,928,0,1593,0]
12-08 09:12:32.377 12174 12174 I sysui_multi_action: [757,491,758,1,759,491,927,4,928,0,1311,-1,1593,0]
12-08 09:12:32.377 12174 12174 I sysui_multi_action: [757,0,758,1,759,0,927,5,928,0,1593,0]
12-08 09:12:32.377 12174 12174 I sysui_multi_action: [757,111,758,1]
12-08 09:12:32.377 12174 12174 I sysui_multi_action: [757,126,758,1,759,126,927,0,928,1,1593,0]
12-08 09:12:32.377 12174 12174 I sysui_multi_action: [757,113,758,1,759,113,927,1,928,1,1593,0]
