12-08 09:10:15.054 19176 19176 I wm_on_start_called: [33760129,com.android.settings.Settings,handleStartActivity]
12-08 09:10:15.054 19176 19176 I snet_event_log: [120484087,-1,]
12-08 09:10:15.055 19176 19176 I wm_on_resume_called: [33760129,com.android.settings.Settings,RESUME_ACTIVITY]
12-08 09:10:15.055 19176 19176 I sysui_multi_action: [757,35,758,1,833,0,1089,0]
12-08 09:10:15.055 1494 1726 I input_focus: [Focus leaving fda1c2b com.android.launcher3/com.android.launcher3.uioverrides.QuickstepLauncher (server),reason=NO_WINDOW]
12-08 09:10:15.063 10409 10425 W ContextImpl: Calling a method in the system process without a qualified user: android.app.ContextImpl.startService:1816 android.content.ContextWrapper.startService:774 com.thundercomm.gamemode.ingame.services.GameModeActionUtils.startGameModeService:93 com.thundercomm.gamemode.ingame.services.GameModeActionUtils.startGameModeEntry:21 com.thundercomm.gamemode.ingame.services.ActivityMonitoringService$1.onActivityLaunch:127
12-08 09:10:15.069 1494 1494 I GameModeConfig: Current uri is uri = content://com.thundercomm.gamemode.api/gamemode_settings/gamemode_isgaming
12-08 09:10:15.071 1494 1494 I GameModeConfig: isGameModeOn = false
12-08 09:10:15.071 1494 1494 I GameModeConfig: isGameModeOn = false
12-08 09:10:15.071 1494 1494 I GameModeConfig: isDisableVoice = true
12-08 09:10:15.071 19176 19176 I sysui_multi_action: [757,746,758,1,833,0,1089,0]
12-08 09:10:15.071 1494 6229 D TelephonyRegistry: listen oscl: mHasNotifySubscriptionInfoChangedOccurred==false no callback
12-08 09:10:15.073 1494 2035 D TelephonyRegistry: listen oscl: mHasNotifySubscriptionInfoChangedOccurred==false no callback
12-08 09:10:15.086 19176 19176 I wm_on_top_resumed_gained_called: [33760129,com.android.settings.Settings,topWhenResuming]
12-08 09:10:15.092 1494 1568 I input_focus: [Focus request f2e5f5e com.android.settings/com.android.settings.Settings,reason=UpdateInputWindows]
12-08 09:10:15.106 1494 1563 I sysui_multi_action: [319,29,321,25,322,90,325,17610,757,761,758,9,759,4,806,com.android.settings,871,com.android.settings.Settings,904,com.android.launcher3,905,0,1320,8,1321,5]
12-08 09:10:15.118 1494 1726 I input_focus: [Focus entering f2e5f5e com.android.settings/com.android.settings.Settings (server),reason=setFocusedWindow]
12-08 09:10:15.143 10409 10425 W ContextImpl: Calling a method in the system process without a qualified user: android.app.ContextImpl.startService:1816 android.content.ContextWrapper.startService:774 com.thundercomm.gamemode.ingame.services.GameModeActionUtils.startGameModeService:93 com.thundercomm.gamemode.ingame.services.GameModeActionUtils.startGameModeEntry:21 com.thundercomm.gamemode.ingame.services.ActivityMonitoringService$1.onActivityLaunch:127
12-08 09:10:15.147 1494 1494 I GameModeConfig: Current uri is uri = content://com.thundercomm.gamemode.api/gamemode_settings/gamemode_isgaming
12-08 09:10:15.152 1494 1494 I GameModeConfig: isGameModeOn = false
12-08 09:10:15.152 1494 1494 I GameModeConfig: isGameModeOn = false
12-08 09:10:15.152 1494 1494 I GameModeConfig: isDisableVoice = true
12-08 09:10:15.405 1494 1566 I wm_stop_activity: [0,103271708,com.android.launcher3/.uioverrides.QuickstepLauncher]
12-08 09:10:15.443 1494 5787 W FreeFormWindowHelper: exitRecentTasks type=0
12-08 09:10:15.443 1494 5787 W ContextImpl: Calling a method in the system process without a qualified user: android.app.ContextImpl.startActivity:1067 com.android.server.wm.FreeFormWindowHelper.exitRecentTasks:437 com.android.server.wm.ActivityTaskManagerService.exitRecentTasks:3795 android.app.IActivityTaskManager$Stub.onTransact:2307 com.android.server.wm.ActivityTaskManagerService.onTransact:5046
12-08 09:10:15.444 1494 5787 I ActivityTaskManager: START u0 {flg=0x10008000 cmp=com.android.music/.VideoBrowserActivity} from uid 1000
12-08 09:10:15.449 1494 5787 I wm_task_created: [229,-1]
12-08 09:10:15.449 1494 5787 W ActivityTaskManager: Can't find TaskDisplayArea to determine support for multi window. Task id=229 attached=false
12-08 09:10:15.450 1494 5787 D FreeFormWindowHelper: Add freeform task=Task{d09cded #229 type=standard ?? U=0 visible=false mode=freeform translucent=true sz=0}
12-08 09:10:15.453 1494 5787 I wm_task_moved: [229,1,9]
12-08 09:10:15.453 1494 5787 I wm_task_to_front: [0,229]
12-08 09:10:15.454 1494 5787 I wm_create_task: [0,229]
12-08 09:10:15.454 1494 5787 I wm_create_activity: [0,205067298,229,com.android.music/.VideoBrowserActivity,NULL,NULL,NULL,268468224]
12-08 09:10:15.454 1494 5787 I wm_task_moved: [229,1,9]
12-08 09:10:15.455 19176 19176 I wm_on_top_resumed_lost_called: [33760129,com.android.settings.Settings,topStateChangedWhenResumed]
12-08 09:10:15.456 1494 5787 I ActivityTaskManager: FOREGROUND_APPLICATION_CHANGED to com.android.music.VideoBrowserActivity
12-08 09:10:15.456 1494 5787 I ActivityTaskManager: The Process com.android.music Already Exists in BG. So sending its PID: 14889
12-08 09:10:15.457 1494 5787 W ActivityTaskManager: Tried to set launchTime (0) < mLastActivityLaunchTime (17397897)
12-08 09:10:15.458 1494 5787 I wm_restart_activity: [0,205067298,229,com.android.music/.VideoBrowserActivity]
12-08 09:10:15.460 1494 5787 I wm_set_resumed_activity: [0,com.android.music/.VideoBrowserActivity,minimalResumeActivityLocked]
12-08 09:10:15.484 2523 2523 I wm_on_stop_called: [103271708,com.android.launcher3.uioverrides.QuickstepLauncher,STOP_ACTIVITY_ITEM]
12-08 09:10:15.486 10409 10425 W ContextImpl: Calling a method in the system process without a qualified user: android.app.ContextImpl.startService:1816 android.content.ContextWrapper.startService:774 com.thundercomm.gamemode.ingame.services.GameModeActionUtils.startGameModeService:93 com.thundercomm.gamemode.ingame.services.GameModeActionUtils.startGameModeEntry:21 com.thundercomm.gamemode.ingame.services.ActivityMonitoringService$1.onActivityLaunch:127
12-08 09:10:15.488 1494 1494 I GameModeConfig: Current uri is uri = content://com.thundercomm.gamemode.api/gamemode_settings/gamemode_isgaming
12-08 09:10:15.490 1494 1494 I GameModeConfig: isGameModeOn = false
12-08 09:10:15.490 1494 1494 I GameModeConfig: isGameModeOn = false
12-08 09:10:15.490 1494 1494 I GameModeConfig: isDisableVoice = true
12-08 09:10:15.493 14889 14889 I wm_on_create_called: [205067298,com.android.music.VideoBrowserActivity,performCreate]
12-08 09:10:15.493 10409 10425 W ContextImpl: Calling a method in the system process without a qualified user: android.app.ContextImpl.startService:1816 android.content.ContextWrapper.startService:774 com.thundercomm.gamemode.ingame.services.GameModeActionUtils.startGameModeService:93 com.thundercomm.gamemode.ingame.services.GameModeActionUtils.startGameModeEntry:21 com.thundercomm.gamemode.ingame.services.ActivityMonitoringService$1.onActivityLaunch:127
12-08 09:10:15.493 14889 14889 I wm_on_start_called: [205067298,com.android.music.VideoBrowserActivity,handleStartActivity]
12-08 09:10:15.493 14889 14889 I wm_on_resume_called: [205067298,com.android.music.VideoBrowserActivity,RESUME_ACTIVITY]
12-08 09:10:15.495 14889 14889 I wm_on_top_resumed_gained_called: [205067298,com.android.music.VideoBrowserActivity,topStateChangedWhenResumed]
12-08 09:10:15.496 1494 1494 I GameModeConfig: Current uri is uri = content://com.thundercomm.gamemode.api/gamemode_settings/gamemode_isgaming
12-08 09:10:15.498 1494 1523 W WindowManager: updateScale0.4617737
12-08 09:10:15.500 1494 1568 I input_focus: [Focus request eb33f9c com.android.music/com.android.music.VideoBrowserActivity,reason=UpdateInputWindows]
12-08 09:10:15.503 1494 1494 I GameModeConfig: isGameModeOn = false
12-08 09:10:15.504 1494 1494 I GameModeConfig: isGameModeOn = false
12-08 09:10:15.504 1494 1494 I GameModeConfig: isDisableVoice = true
12-08 09:10:15.506 1494 1568 W WindowManager: updateScale0.4617737
12-08 09:10:15.509 1494 1568 W WindowManager: updateScale0.4617737
12-08 09:10:15.509 1494 1568 W WindowManager: updateScale0.4617737
12-08 09:10:15.515 1494 1726 I input_focus: [Focus leaving f2e5f5e com.android.settings/com.android.settings.Settings (server),reason=setFocusedWindow]
12-08 09:10:15.516 1494 1726 I input_focus: [Focus entering eb33f9c com.android.music/com.android.music.VideoBrowserActivity (server),reason=setFocusedWindow]
12-08 09:10:15.517 1494 1563 I sysui_multi_action: [319,64,322,64,325,17611,757,761,758,8,759,2,806,com.android.music,871,com.android.music.VideoBrowserActivity,904,android,905,0,1320,4,1321,5]
12-08 09:10:15.519 1494 1563 I wm_activity_launch_time: [0,205067298,com.android.music/.VideoBrowserActivity,64]
12-08 09:10:16.002 1494 1568 W WindowManager: updateScale0.4617737
12-08 09:10:16.004 1494 1523 W WindowManager: updateScale0.4617737
12-08 09:10:16.055 0 0 I auditd : type=1400 audit(0.0:18755): avc: denied { kill } for comm="swapper/2" capability=5 scontext=u:r:kernel:s0 tcontext=u:r:kernel:s0 tclass=capability permissive=0
12-08 09:10:17.055 0 0 I auditd : type=1400 audit(0.0:18756): avc: denied { kill } for comm="swapper/2" capability=5 scontext=u:r:kernel:s0 tcontext=u:r:kernel:s0 tclass=capability permissive=0
12-08 09:10:17.206 1359 16598 I liblog : 36
12-08 09:10:17.218 1359 16598 I liblog : 127
12-08 09:10:18.055 0 0 I auditd : type=1400 audit(0.0:18757): avc: denied { kill } for comm="swapper/2" capability=5 scontext=u:r:kernel:s0 tcontext=u:r:kernel:s0 tclass=capability permissive=0
12-08 09:10:18.861 1494 2743 E TaskPersister: File error accessing recents directory (directory doesn't exist?).
12-08 09:10:19.055 0 0 I auditd : type=1400 audit(0.0:18758): avc: denied { kill } for comm="swapper/2" capability=5 scontext=u:r:kernel:s0 tcontext=u:r:kernel:s0 tclass=capability permissive=0
12-08 09:10:20.055 0 0 I auditd : type=1400 audit(0.0:18759): avc: denied { kill } for comm="swapper/2" capability=5 scontext=u:r:kernel:s0 tcontext=u:r:kernel:s0 tclass=capability permissive=0
12-08 09:10:21.055 0 0 I auditd : type=1400 audit(0.0:18760): avc: denied { kill } for comm="swapper/2" capability=5 scontext=u:r:kernel:s0 tcontext=u:r:kernel:s0 tclass=capability permissive=0
12-08 09:10:22.055 0 0 I auditd : type=1400 audit(0.0:18761): avc: denied { kill } for comm="swapper/2" capability=5 scontext=u:r:kernel:s0 tcontext=u:r:kernel:s0 tclass=capability permissive=0
12-08 09:10:23.055 0 0 I auditd : type=1400 audit(0.0:18762): avc: denied { kill } for comm="swapper/2" capability=5 scontext=u:r:kernel:s0 tcontext=u:r:kernel:s0 tclass=capability permissive=0
12-08 09:10:24.055 0 0 I auditd : type=1400 audit(0.0:18763): avc: denied { kill } for comm="swapper/2" capability=5 scontext=u:r:kernel:s0 tcontext=u:r:kernel:s0 tclass=capability permissive=0
12-08 09:10:25.055 0 0 I auditd : type=1400 audit(0.0:18764): avc: denied { kill } for comm="swapper/2" capability=5 scontext=u:r:kernel:s0 tcontext=u:r:kernel:s0 tclass=capability permissive=0
12-08 09:10:26.055 0 0 I auditd : type=1400 audit(0.0:18765): avc: denied { kill } for comm="swapper/2" capability=5 scontext=u:r:kernel:s0 tcontext=u:r:kernel:s0 tclass=capability permissive=0
12-08 09:10:27.084 1494 1801 I netstats_mobile_sample: [0,0,0,0,0,0,0,0,0,0,0,0,1670461827083]
12-08 09:10:27.084 1494 1801 I netstats_wifi_sample: [29177618,54252,29899674,75291,29177618,54252,29899674,75291,35181243,92218,15268897,41759,1670461827083]
12-08 09:10:27.260 1359 16598 I liblog : 305
12-08 09:10:28.055 0 0 I auditd : type=1400 audit(0.0:18766): avc: denied { kill } for comm="swapper/2" capability=5 scontext=u:r:kernel:s0 tcontext=u:r:kernel:s0 tclass=capability permissive=0
12-08 09:10:29.055 0 0 I auditd : type=1400 audit(0.0:18767): avc: denied { kill } for comm="swapper/2" capability=5 scontext=u:r:kernel:s0 tcontext=u:r:kernel:s0 tclass=capability permissive=0
12-08 09:10:30.055 0 0 I auditd : type=1400 audit(0.0:18768): avc: denied { kill } for comm="swapper/2" capability=5 scontext=u:r:kernel:s0 tcontext=u:r:kernel:s0 tclass=capability permissive=0
12-08 09:10:31.055 0 0 I auditd : type=1400 audit(0.0:18769): avc: denied { kill } for comm="swapper/2" capability=5 scontext=u:r:kernel:s0 tcontext=u:r:kernel:s0 tclass=capability permissive=0
12-08 09:10:32.055 0 0 I auditd : type=1400 audit(0.0:18770): avc: denied { kill } for comm="swapper/2" capability=5 scontext=u:r:kernel:s0 tcontext=u:r:kernel:s0 tclass=capability permissive=0
12-08 09:10:33.055 0 0 I auditd : type=1400 audit(0.0:18771): avc: denied { kill } for comm="swapper/2" capability=5 scontext=u:r:kernel:s0 tcontext=u:r:kernel:s0 tclass=capability permissive=0
12-08 09:10:34.055 0 0 I auditd : type=1400 audit(0.0:18772): avc: denied { kill } for comm="swapper/2" capability=5 scontext=u:r:kernel:s0 tcontext=u:r:kernel:s0 tclass=capability permissive=0
12-08 09:10:35.055 0 0 I auditd : type=1400 audit(0.0:18773): avc: denied { kill } for comm="swapper/2" capability=5 scontext=u:r:kernel:s0 tcontext=u:r:kernel:s0 tclass=capability permissive=0
12-08 09:10:35.832 1494 1726 I input_interaction: Interaction with: eb33f9c com.android.music/com.android.music.VideoBrowserActivity (server), edge-swipe (server), swipe-up (server), PointerEventDispatcher0 (server),
12-08 09:10:35.900 14889 14889 I view_enqueue_input_event: [Motion - Cancel,com.android.music/com.android.music.VideoBrowserActivity]
12-08 09:10:35.900 1494 1726 I input_interaction: Interaction with: WindowManager (server), edge-swipe (server), swipe-up (server), PointerEventDispatcher0 (server),
12-08 09:10:35.914 1494 1568 D FreeFormWindowHelper: refreshTipWindow windowDragBounds:Rect(16, 86 - 318, 624)
12-08 09:10:35.917 1494 1568 W WindowManager: updateScale0.4617737
12-08 09:10:35.929 1494 1523 W WindowManager: updateScale0.4617737
12-08 09:10:35.932 1494 1568 D FreeFormWindowHelper: refreshTipWindow windowDragBounds:Rect(51, 92 - 353, 630)
12-08 09:10:35.935 1494 1568 W WindowManager: updateScale0.4617737
12-08 09:10:35.948 1494 1568 D FreeFormWindowHelper: refreshTipWindow windowDragBounds:Rect(94, 97 - 396, 635)
12-08 09:10:35.949 1494 1568 W WindowManager: updateScale0.4617737
12-08 09:10:35.962 1494 1523 W WindowManager: updateScale0.4617737
12-08 09:10:35.966 1494 1568 D FreeFormWindowHelper: refreshTipWindow windowDragBounds:Rect(145, 99 - 447, 637)
12-08 09:10:35.967 1494 1568 W WindowManager: updateScale0.4617737
12-08 09:10:35.982 1494 1568 D FreeFormWindowHelper: refreshTipWindow windowDragBounds:Rect(202, 99 - 504, 637)
12-08 09:10:35.983 1494 1568 W WindowManager: updateScale0.4617737
12-08 09:10:35.999 1494 1568 D FreeFormWindowHelper: refreshTipWindow windowDragBounds:Rect(267, 99 - 569, 637)
12-08 09:10:36.000 1494 1568 W WindowManager: updateScale0.4617737
12-08 09:10:36.014 1494 1568 D FreeFormWindowHelper: refreshTipWindow windowDragBounds:Rect(340, 88 - 642, 626)
12-08 09:10:36.015 1494 1568 W WindowManager: updateScale0.4617737
12-08 09:10:36.031 1494 1568 D FreeFormWindowHelper: refreshTipWindow windowDragBounds:Rect(417, 80 - 719, 618)
12-08 09:10:36.032 1494 1568 W WindowManager: updateScale0.4617737
12-08 09:10:36.048 1494 1568 D FreeFormWindowHelper: refreshTipWindow windowDragBounds:Rect(502, 72 - 804, 610)
12-08 09:10:36.049 1494 1568 W WindowManager: updateScale0.4617737
12-08 09:10:36.055 0 0 I auditd : type=1400 audit(0.0:18774): avc: denied { kill } for comm="swapper/2" capability=5 scontext=u:r:kernel:s0 tcontext=u:r:kernel:s0 tclass=capability permissive=0
12-08 09:10:36.064 1494 1568 D FreeFormWindowHelper: refreshTipWindow windowDragBounds:Rect(591, 62 - 893, 600)
12-08 09:10:36.066 1494 1568 W WindowManager: updateScale0.4617737
12-08 09:10:36.081 1494 1568 D FreeFormWindowHelper: refreshTipWindow windowDragBounds:Rect(681, 53 - 983, 591)
12-08 09:10:36.083 1494 1568 W WindowManager: updateScale0.4617737
12-08 09:10:36.098 1494 1568 D FreeFormWindowHelper: refreshTipWindow windowDragBounds:Rect(778, 46 - 1080, 584)
12-08 09:10:36.099 1494 1568 W WindowManager: updateScale0.4617737
12-08 09:10:36.102 1494 6229 W WindowManager: updateScale0.4617737
12-08 09:10:36.115 1494 1568 D FreeFormWindowHelper: refreshTipWindow windowDragBounds:Rect(867, 42 - 1169, 580)
12-08 09:10:36.116 1494 1568 W WindowManager: updateScale0.4617737
12-08 09:10:36.128 1494 6229 W WindowManager: updateScale0.4617737
12-08 09:10:36.131 1494 1568 D FreeFormWindowHelper: refreshTipWindow windowDragBounds:Rect(955, 38 - 1257, 576)
12-08 09:10:36.133 1494 1568 W WindowManager: updateScale0.4617737
12-08 09:10:36.148 1494 1568 D FreeFormWindowHelper: refreshTipWindow windowDragBounds:Rect(1044, 36 - 1346, 574)
12-08 09:10:36.149 1494 1568 W WindowManager: updateScale0.4617737
12-08 09:10:36.165 1494 1568 D FreeFormWindowHelper: refreshTipWindow windowDragBounds:Rect(1128, 31 - 1430, 569)
12-08 09:10:36.166 1494 1568 W WindowManager: updateScale0.4617737
12-08 09:10:36.181 1494 1568 D FreeFormWindowHelper: refreshTipWindow windowDragBounds:Rect(1207, 26 - 1509, 564)
12-08 09:10:36.183 1494 1568 W WindowManager: updateScale0.4617737
12-08 09:10:36.198 1494 1568 D FreeFormWindowHelper: refreshTipWindow windowDragBounds:Rect(1283, 21 - 1585, 559)
12-08 09:10:36.199 1494 1568 W WindowManager: updateScale0.4617737
12-08 09:10:36.215 1494 1568 D FreeFormWindowHelper: refreshTipWindow windowDragBounds:Rect(1359, 15 - 1661, 553)
12-08 09:10:36.217 1494 1568 W WindowManager: updateScale0.4617737
12-08 09:10:36.231 1494 1568 D FreeFormWindowHelper: refreshTipWindow windowDragBounds:Rect(1432, 10 - 1734, 548)
12-08 09:10:36.232 1494 1568 W WindowManager: updateScale0.4617737
12-08 09:10:36.234 1494 6229 W WindowManager: updateScale0.4617737
12-08 09:10:36.248 1494 1568 D FreeFormWindowHelper: refreshTipWindow windowDragBounds:Rect(1506, 6 - 1808, 544)
12-08 09:10:36.249 1494 1568 W WindowManager: updateScale0.4617737
12-08 09:10:36.262 1494 1523 W WindowManager: updateScale0.4617737
12-08 09:10:36.265 1494 1568 D FreeFormWindowHelper: refreshTipWindow windowDragBounds:Rect(1574, 4 - 1876, 542)
12-08 09:10:36.267 1494 1568 W WindowManager: updateScale0.4617737
12-08 09:10:36.282 1494 1568 D FreeFormWindowHelper: refreshTipWindow windowDragBounds:Rect(1639, 4 - 1941, 542)
12-08 09:10:36.283 1494 1568 W WindowManager: updateScale0.4617737
12-08 09:10:36.298 1494 1568 D FreeFormWindowHelper: refreshTipWindow windowDragBounds:Rect(1699, 3 - 2001, 541)
12-08 09:10:36.300 1494 1568 W WindowManager: updateScale0.4617737
12-08 09:10:36.315 1494 1568 D FreeFormWindowHelper: refreshTipWindow windowDragBounds:Rect(1756, 3 - 2058, 541)
12-08 09:10:36.316 1494 1568 W WindowManager: updateScale0.4617737
12-08 09:10:36.331 1494 1523 W WindowManager: updateScale0.4617737
12-08 09:10:36.333 1494 1568 D FreeFormWindowHelper: refreshTipWindow windowDragBounds:Rect(1805, 3 - 2107, 541)
12-08 09:10:36.334 1494 1568 W WindowManager: updateScale0.4617737
12-08 09:10:36.344 1494 6229 W WindowManager: updateScale0.4617737
12-08 09:10:36.348 1494 1568 D FreeFormWindowHelper: refreshTipWindow windowDragBounds:Rect(1858, 3 - 2160, 541)
12-08 09:10:36.350 1494 1568 W WindowManager: updateScale0.4617737
12-08 09:10:36.361 1494 1523 W WindowManager: updateScale0.4617737
12-08 09:10:36.365 1494 1568 D FreeFormWindowHelper: refreshTipWindow windowDragBounds:Rect(1904, 3 - 2206, 541)
12-08 09:10:36.367 1494 1568 W WindowManager: updateScale0.4617737
12-08 09:10:36.378 1494 1523 W WindowManager: updateScale0.4617737
12-08 09:10:36.382 1494 1568 D FreeFormWindowHelper: refreshTipWindow windowDragBounds:Rect(1946, 3 - 2248, 541)
12-08 09:10:36.383 1494 1568 W WindowManager: updateScale0.4617737
12-08 09:10:36.394 1494 1523 W WindowManager: updateScale0.4617737
12-08 09:10:36.398 1494 1568 D FreeFormWindowHelper: refreshTipWindow windowDragBounds:Rect(1983, 11 - 2285, 549)
12-08 09:10:36.400 1494 1568 W WindowManager: updateScale0.4617737
12-08 09:10:36.411 1494 1523 W WindowManager: updateScale0.4617737
12-08 09:10:36.415 1494 1568 D FreeFormWindowHelper: refreshTipWindow windowDragBounds:Rect(2022, 12 - 2324, 550)
12-08 09:10:36.416 1494 1568 W WindowManager: updateScale0.4617737
12-08 09:10:36.428 1494 6229 W WindowManager: updateScale0.4617737
12-08 09:10:36.432 1494 1568 D FreeFormWindowHelper: refreshTipWindow windowDragBounds:Rect(2058, 12 - 2360, 550)
12-08 09:10:36.434 1494 1568 W WindowManager: updateScale0.4617737
12-08 09:10:36.444 1494 1523 W WindowManager: updateScale0.4617737
12-08 09:10:36.449 1494 1568 D FreeFormWindowHelper: refreshTipWindow windowDragBounds:Rect(2090, 12 - 2392, 550)
12-08 09:10:36.450 1494 1568 W WindowManager: updateScale0.4617737
12-08 09:10:36.461 1494 6229 W WindowManager: updateScale0.4617737
12-08 09:10:36.465 1494 1568 D FreeFormWindowHelper: refreshTipWindow windowDragBounds:Rect(2121, 12 - 2423, 550)
12-08 09:10:36.467 1494 1568 W WindowManager: updateScale0.4617737
12-08 09:10:36.478 1494 6229 W WindowManager: updateScale0.4617737
12-08 09:10:36.482 1494 1568 D FreeFormWindowHelper: refreshTipWindow windowDragBounds:Rect(2162, 12 - 2464, 550)
12-08 09:10:36.484 1494 1568 W WindowManager: updateScale0.4617737
12-08 09:10:36.495 1494 6229 W WindowManager: updateScale0.4617737
12-08 09:10:36.499 1494 1568 D FreeFormWindowHelper: refreshTipWindow windowDragBounds:Rect(2200, 12 - 2502, 550)
12-08 09:10:36.500 1494 1568 W WindowManager: updateScale0.4617737
12-08 09:10:36.511 1494 6229 W WindowManager: updateScale0.4617737
12-08 09:10:36.524 1494 1568 D WindowManager: updateWindowDragBounds: mIsSwipeYfalse
12-08 09:10:36.524 1494 1568 D WindowManager: updateWindowDragBounds: mIsTopfalse
12-08 09:10:36.524 1494 1568 D WindowManager: updateWindowDragBounds: mIsSwipeXfalse
12-08 09:10:36.526 1494 1568 W WindowManager: updateScale0.4617737
12-08 09:10:36.529 1494 6229 W WindowManager: updateScale0.4617737
12-08 09:10:36.545 1494 6229 W WindowManager: updateScale0.4617737
12-08 09:10:37.055 0 0 I auditd : type=1400 audit(0.0:18775): avc: denied { kill } for comm="swapper/2" capability=5 scontext=u:r:kernel:s0 tcontext=u:r:kernel:s0 tclass=capability permissive=0
12-08 09:10:37.181 1494 1726 I input_interaction: Interaction with: 1745717 StatusBar (server), edge-swipe (server), swipe-up (server), PointerEventDispatcher0 (server),
12-08 09:10:37.183 12174 12174 I sysui_multi_action: [757,803,799,panel_open,802,1]
12-08 09:10:37.186 12174 12174 I sysui_multi_action: [757,1328,758,4,1326,72,1327,0,1329,0]
12-08 09:10:37.219 1494 6229 I sysui_multi_action: [757,127,758,1]
12-08 09:10:37.219 1494 6229 I sysui_multi_action: [757,804,799,note_load,801,2,802,1]
12-08 09:10:37.220 1494 6229 I notification_panel_revealed: 2
12-08 09:10:37.222 1494 1905 I GameModeConfig: isGameModeOn = false
12-08 09:10:37.223 1494 1905 I GameModeConfig: isGameModeOn = false
12-08 09:10:37.223 1494 1905 I GameModeConfig: isGameModeOn = false
12-08 09:10:37.223 1494 1905 I GameModeConfig: isGameModeOn = false
12-08 09:10:37.224 1494 1494 I notification_enqueue: [10082,12174,com.android.systemui,2048,NULL,0,Notification(channel=updateNotification shortcut=null contentView=null vibrate=null sound=null defaults=0x0 flags=0x0 color=0x00000000 vis=PRIVATE),1]
12-08 09:10:37.224 12174 12174 I sysui_multi_action: [757,111,758,2]
12-08 09:10:37.224 12174 12174 I sysui_multi_action: [757,111,758,2]
12-08 09:10:37.232 1494 1523 W WindowManager: updateScale0.4617737
12-08 09:10:37.239 1494 1568 I input_focus: [Focus request e4dc0ca NotificationShade,reason=UpdateInputWindows]
12-08 09:10:37.243 12174 12174 I sysui_multi_action: [757,111,758,1]
12-08 09:10:37.243 12174 12174 I sysui_multi_action: [757,126,758,1,759,126,927,0,928,1,1593,0]
12-08 09:10:37.244 12174 12174 I sysui_multi_action: [757,113,758,1,759,113,927,1,928,1,1593,0]
12-08 09:10:37.244 12174 12174 I sysui_multi_action: [757,0,758,1,759,0,927,2,928,0,1593,0]
12-08 09:10:37.244 12174 12174 I sysui_multi_action: [757,0,758,1,759,0,927,3,928,0,1593,0]
12-08 09:10:37.244 12174 12174 I sysui_multi_action: [757,491,758,1,759,491,927,4,928,0,1311,-1,1593,0]
12-08 09:10:37.244 12174 12174 I sysui_multi_action: [757,0,758,1,759,0,927,5,928,0,1593,0]
12-08 09:10:37.244 12174 12174 I sysui_multi_action: [757,111,758,1]
12-08 09:10:37.245 12174 12174 I sysui_multi_action: [757,126,758,1,759,126,927,0,928,1,1593,0]
12-08 09:10:37.245 12174 12174 I sysui_multi_action: [757,113,758,1,759,113,927,1,928,1,1593,0]
12-08 09:10:37.245 12174 12174 I sysui_multi_action: [757,0,758,1,759,0,927,2,928,0,1593,0]
12-08 09:10:37.245 12174 12174 I sysui_multi_action: [757,0,758,1,759,0,927,3,928,0,1593,0]
12-08 09:10:37.256 1494 1568 W WindowManager: updateScale0.4617737
12-08 09:10:37.257 1494 1905 I GameModeConfig: isGameModeOn = false
12-08 09:10:37.257 1494 1905 I GameModeConfig: isGameModeOn = false
12-08 09:10:37.257 1494 1905 I GameModeConfig: isGameModeOn = false
12-08 09:10:37.257 1494 1905 I GameModeConfig: isGameModeOn = false
12-08 09:10:37.258 12174 12174 I sysui_multi_action: [757,111,758,2]
12-08 09:10:37.258 12174 12174 I sysui_multi_action: [757,111,758,2]
12-08 09:10:37.260 1494 1494 I notification_enqueue: [10082,12174,com.android.systemui,2048,NULL,0,Notification(channel=updateNotification shortcut=null contentView=null vibrate=null sound=null defaults=0x0 flags=0x0 color=0x00000000 vis=PRIVATE),1]
12-08 09:10:37.262 12174 12174 I sysui_multi_action: [757,111,758,1]
12-08 09:10:37.262 12174 12174 I sysui_multi_action: [757,126,758,1,759,126,927,0,928,1,1593,0]
12-08 09:10:37.263 12174 12174 I sysui_multi_action: [757,113,758,1,759,113,927,1,928,1,1593,0]
12-08 09:10:37.263 12174 12174 I sysui_multi_action: [757,0,758,1,759,0,927,2,928,0,1593,0]
12-08 09:10:37.263 12174 12174 I sysui_multi_action: [757,0,758,1,759,0,927,3,928,0,1593,0]
12-08 09:10:37.263 12174 12174 I sysui_multi_action: [757,491,758,1,759,491,927,4,928,0,1311,-1,1593,0]
12-08 09:10:37.263 12174 12174 I sysui_multi_action: [757,0,758,1,759,0,927,5,928,0,1593,0]
12-08 09:10:37.263 12174 12174 I sysui_multi_action: [757,111,758,1]
12-08 09:10:37.264 12174 12174 I sysui_multi_action: [757,126,758,1,759,126,927,0,928,1,1593,0]
12-08 09:10:37.264 12174 12174 I sysui_multi_action: [757,113,758,1,759,113,927,1,928,1,1593,0]
12-08 09:10:37.264 12174 12174 I sysui_multi_action: [757,0,758,1,759,0,927,2,928,0,1593,0]
12-08 09:10:37.264 12174 12174 I sysui_multi_action: [757,0,758,1,759,0,927,3,928,0,1593,0]
12-08 09:10:37.271 1494 1726 I input_focus: [Focus leaving eb33f9c com.android.music/com.android.music.VideoBrowserActivity (server),reason=setFocusedWindow]
12-08 09:10:37.271 1494 1726 I input_focus: [Focus entering e4dc0ca NotificationShade (server),reason=setFocusedWindow]
12-08 09:10:37.273 1494 1905 I GameModeConfig: isGameModeOn = false
12-08 09:10:37.274 1494 1905 I GameModeConfig: isGameModeOn = false
12-08 09:10:37.274 1494 1905 I GameModeConfig: isGameModeOn = false
12-08 09:10:37.274 1494 1905 I GameModeConfig: isGameModeOn = false
12-08 09:10:37.275 12174 12174 I sysui_multi_action: [757,111,758,2]
12-08 09:10:37.275 1494 1494 I notification_enqueue: [10082,12174,com.android.systemui,2048,NULL,0,Notification(channel=updateNotification shortcut=null contentView=null vibrate=null sound=null defaults=0x0 flags=0x0 color=0x00000000 vis=PRIVATE),1]
12-08 09:10:37.275 12174 12174 I sysui_multi_action: [757,111,758,2]
12-08 09:10:37.279 12174 12174 I sysui_multi_action: [757,111,758,1]
12-08 09:10:37.279 12174 12174 I sysui_multi_action: [757,126,758,1,759,126,927,0,928,1,1593,0]
12-08 09:10:37.279 12174 12174 I sysui_multi_action: [757,113,758,1,759,113,927,1,928,1,1593,0]
12-08 09:10:37.280 12174 12174 I sysui_multi_action: [757,0,758,1,759,0,927,2,928,0,1593,0]
12-08 09:10:37.280 12174 12174 I sysui_multi_action: [757,0,758,1,759,0,927,3,928,0,1593,0]
12-08 09:10:37.280 12174 12174 I sysui_multi_action: [757,491,758,1,759,491,927,4,928,0,1311,-1,1593,0]
12-08 09:10:37.280 12174 12174 I sysui_multi_action: [757,0,758,1,759,0,927,5,928,0,1593,0]
12-08 09:10:37.280 12174 12174 I sysui_multi_action: [757,111,758,1]
12-08 09:10:37.280 12174 12174 I sysui_multi_action: [757,126,758,1,759,126,927,0,928,1,1593,0]
12-08 09:10:37.280 12174 12174 I sysui_multi_action: [757,113,758,1,759,113,927,1,928,1,1593,0]
12-08 09:10:37.280 12174 12174 I sysui_multi_action: [757,0,758,1,759,0,927,2,928,0,1593,0]
12-08 09:10:37.281 12174 12174 I sysui_multi_action: [757,0,758,1,759,0,927,3,928,0,1593,0]
12-08 09:10:37.293 1494 1905 I GameModeConfig: isGameModeOn = false
12-08 09:10:37.296 1494 1905 I GameModeConfig: isGameModeOn = false
12-08 09:10:37.296 1494 1905 I GameModeConfig: isGameModeOn = false
12-08 09:10:37.297 1494 1905 I GameModeConfig: isGameModeOn = false
12-08 09:10:37.297 12174 12174 I sysui_multi_action: [757,111,758,2]
12-08 09:10:37.298 12174 12174 I sysui_multi_action: [757,111,758,2]
12-08 09:10:37.298 1494 1494 I notification_enqueue: [10082,12174,com.android.systemui,2048,NULL,0,Notification(channel=updateNotification shortcut=null contentView=null vibrate=null sound=null defaults=0x0 flags=0x0 color=0x00000000 vis=PRIVATE),1]
12-08 09:10:37.300 12174 12174 I sysui_multi_action: [757,111,758,1]
12-08 09:10:37.301 12174 12174 I sysui_multi_action: [757,126,758,1,759,126,927,0,928,1,1593,0]
12-08 09:10:37.301 12174 12174 I sysui_multi_action: [757,113,758,1,759,113,927,1,928,1,1593,0]
12-08 09:10:37.301 12174 12174 I sysui_multi_action: [757,0,758,1,759,0,927,2,928,0,1593,0]
12-08 09:10:37.301 12174 12174 I sysui_multi_action: [757,0,758,1,759,0,927,3,928,0,1593,0]
12-08 09:10:37.301 12174 12174 I sysui_multi_action: [757,491,758,1,759,491,927,4,928,0,1311,-1,1593,0]
12-08 09:10:37.301 12174 12174 I sysui_multi_action: [757,0,758,1,759,0,927,5,928,0,1593,0]
12-08 09:10:37.301 12174 12174 I sysui_multi_action: [757,111,758,1]
12-08 09:10:37.301 12174 12174 I sysui_multi_action: [757,126,758,1,759,126,927,0,928,1,1593,0]
12-08 09:10:37.301 12174 12174 I sysui_multi_action: [757,113,758,1,759,113,927,1,928,1,1593,0]
12-08 09:10:37.301 12174 12174 I sysui_multi_action: [757,0,758,1,759,0,927,2,928,0,1593,0]
12-08 09:10:37.301 12174 12174 I sysui_multi_action: [757,0,758,1,759,0,927,3,928,0,1593,0]
12-08 09:10:37.314 12174 12174 I sysui_multi_action: [757,111,758,2]
12-08 09:10:37.314 1494 1905 I GameModeConfig: isGameModeOn = false
12-08 09:10:37.315 12174 12174 I sysui_multi_action: [757,111,758,2]
12-08 09:10:37.315 1494 1905 I GameModeConfig: isGameModeOn = false
12-08 09:10:37.315 1494 1905 I GameModeConfig: isGameModeOn = false
12-08 09:10:37.315 1494 1905 I GameModeConfig: isGameModeOn = false
12-08 09:10:37.315 1494 1494 I notification_enqueue: [10082,12174,com.android.systemui,2048,NULL,0,Notification(channel=updateNotification shortcut=null contentView=null vibrate=null sound=null defaults=0x0 flags=0x0 color=0x00000000 vis=PRIVATE),1]
12-08 09:10:37.318 12174 12174 I sysui_multi_action: [757,111,758,1]
12-08 09:10:37.318 12174 12174 I sysui_multi_action: [757,126,758,1,759,126,927,0,928,1,1593,0]
12-08 09:10:37.318 12174 12174 I sysui_multi_action: [757,113,758,1,759,113,927,1,928,1,1593,0]
12-08 09:10:37.318 12174 12174 I sysui_multi_action: [757,0,758,1,759,0,927,2,928,0,1593,0]
12-08 09:10:37.318 12174 12174 I sysui_multi_action: [757,0,758,1,759,0,927,3,928,0,1593,0]
12-08 09:10:37.319 12174 12174 I sysui_multi_action: [757,491,758,1,759,491,927,4,928,0,1311,-1,1593,0]
12-08 09:10:37.319 12174 12174 I sysui_multi_action: [757,0,758,1,759,0,927,5,928,0,1593,0]
12-08 09:10:37.319 12174 12174 I sysui_multi_action: [757,111,758,1]
12-08 09:10:37.319 12174 12174 I sysui_multi_action: [757,126,758,1,759,126,927,0,928,1,1593,0]
12-08 09:10:37.319 12174 12174 I sysui_multi_action: [757,113,758,1,759,113,927,1,928,1,1593,0]
12-08 09:10:37.319 12174 12174 I sysui_multi_action: [757,0,758,1,759,0,927,2,928,0,1593,0]
12-08 09:10:37.319 12174 12174 I sysui_multi_action: [757,0,758,1,759,0,927,3,928,0,1593,0]
12-08 09:10:37.331 1494 1905 I GameModeConfig: isGameModeOn = false
12-08 09:10:37.331 1494 1905 I GameModeConfig: isGameModeOn = false
12-08 09:10:37.331 1494 1905 I GameModeConfig: isGameModeOn = false
12-08 09:10:37.331 1494 1905 I GameModeConfig: isGameModeOn = false
12-08 09:10:37.333 12174 12174 I sysui_multi_action: [757,111,758,2]
12-08 09:10:37.333 12174 12174 I sysui_multi_action: [757,111,758,2]
12-08 09:10:37.333 1494 1494 I notification_enqueue: [10082,12174,com.android.systemui,2048,NULL,0,Notification(channel=updateNotification shortcut=null contentView=null vibrate=null sound=null defaults=0x0 flags=0x0 color=0x00000000 vis=PRIVATE),1]
12-08 09:10:37.336 12174 12174 I sysui_multi_action: [757,111,758,1]
12-08 09:10:37.337 12174 12174 I sysui_multi_action: [757,126,758,1,759,126,927,0,928,1,1593,0]
12-08 09:10:37.337 12174 12174 I sysui_multi_action: [757,113,758,1,759,113,927,1,928,1,1593,0]
12-08 09:10:37.337 12174 12174 I sysui_multi_action: [757,0,758,1,759,0,927,2,928,0,1593,0]
12-08 09:10:37.337 12174 12174 I sysui_multi_action: [757,0,758,1,759,0,927,3,928,0,1593,0]
12-08 09:10:37.337 12174 12174 I sysui_multi_action: [757,491,758,1,759,491,927,4,928,0,1311,-1,1593,0]
12-08 09:10:37.337 12174 12174 I sysui_multi_action: [757,0,758,1,759,0,927,5,928,0,1593,0]
12-08 09:10:37.338 12174 12174 I sysui_multi_action: [757,111,758,1]
12-08 09:10:37.338 12174 12174 I sysui_multi_action: [757,126,758,1,759,126,927,0,928,1,1593,0]
12-08 09:10:37.338 12174 12174 I sysui_multi_action: [757,113,758,1,759,113,927,1,928,1,1593,0]
12-08 09:10:37.338 12174 12174 I sysui_multi_action: [757,0,758,1,759,0,927,2,928,0,1593,0]
12-08 09:10:37.338 12174 12174 I sysui_multi_action: [757,0,758,1,759,0,927,3,928,0,1593,0]
12-08 09:10:37.349 1494 1905 I GameModeConfig: isGameModeOn = false
12-08 09:10:37.349 1494 1905 I GameModeConfig: isGameModeOn = false
12-08 09:10:37.349 1494 1905 I GameModeConfig: isGameModeOn = false
12-08 09:10:37.349 1494 1905 I GameModeConfig: isGameModeOn = false
12-08 09:10:37.350 12174 12174 I sysui_multi_action: [757,111,758,2]
12-08 09:10:37.350 12174 12174 I sysui_multi_action: [757,111,758,2]
12-08 09:10:37.351 1494 1494 I notification_enqueue: [10082,12174,com.android.systemui,2048,NULL,0,Notification(channel=updateNotification shortcut=null contentView=null vibrate=null sound=null defaults=0x0 flags=0x0 color=0x00000000 vis=PRIVATE),1]
12-08 09:10:37.354 12174 12174 I sysui_multi_action: [757,111,758,1]
12-08 09:10:37.354 12174 12174 I sysui_multi_action: [757,126,758,1,759,126,927,0,928,1,1593,0]
12-08 09:10:37.354 12174 12174 I sysui_multi_action: [757,113,758,1,759,113,927,1,928,1,1593,0]
12-08 09:10:37.355 12174 12174 I sysui_multi_action: [757,0,758,1,759,0,927,2,928,0,1593,0]
12-08 09:10:37.355 12174 12174 I sysui_multi_action: [757,0,758,1,759,0,927,3,928,0,1593,0]
12-08 09:10:37.355 12174 12174 I sysui_multi_action: [757,491,758,1,759,491,927,4,928,0,1311,-1,1593,0]
12-08 09:10:37.355 12174 12174 I sysui_multi_action: [757,0,758,1,759,0,927,5,928,0,1593,0]
12-08 09:10:37.355 12174 12174 I sysui_multi_action: [757,111,758,1]
12-08 09:10:37.355 12174 12174 I sysui_multi_action: [757,126,758,1,759,126,927,0,928,1,1593,0]
12-08 09:10:37.355 12174 12174 I sysui_multi_action: [757,113,758,1,759,113,927,1,928,1,1593,0]
12-08 09:10:37.356 12174 12174 I sysui_multi_action: [757,0,758,1,759,0,927,2,928,0,1593,0]
12-08 09:10:37.356 12174 12174 I sysui_multi_action: [757,0,758,1,759,0,927,3,928,0,1593,0]
12-08 09:10:37.367 1494 1905 I GameModeConfig: isGameModeOn = false
12-08 09:10:37.367 1494 1905 I GameModeConfig: isGameModeOn = false
12-08 09:10:37.367 1494 1905 I GameModeConfig: isGameModeOn = false
12-08 09:10:37.367 1494 1905 I GameModeConfig: isGameModeOn = false
12-08 09:10:37.368 12174 12174 I sysui_multi_action: [757,111,758,2]
12-08 09:10:37.368 12174 12174 I sysui_multi_action: [757,111,758,2]
12-08 09:10:37.368 1494 1494 I notification_enqueue: [10082,12174,com.android.systemui,2048,NULL,0,Notification(channel=updateNotification shortcut=null contentView=null vibrate=null sound=null defaults=0x0 flags=0x0 color=0x00000000 vis=PRIVATE),1]
12-08 09:10:37.372 12174 12174 I sysui_multi_action: [757,111,758,1]
12-08 09:10:37.372 12174 12174 I sysui_multi_action: [757,126,758,1,759,126,927,0,928,1,1593,0]
12-08 09:10:37.372 12174 12174 I sysui_multi_action: [757,113,758,1,759,113,927,1,928,1,1593,0]
12-08 09:10:37.372 12174 12174 I sysui_multi_action: [757,0,758,1,759,0,927,2,928,0,1593,0]
12-08 09:10:37.372 12174 12174 I sysui_multi_action: [757,0,758,1,759,0,927,3,928,0,1593,0]
12-08 09:10:37.373 12174 12174 I sysui_multi_action: [757,491,758,1,759,491,927,4,928,0,1311,-1,1593,0]
12-08 09:10:37.373 12174 12174 I sysui_multi_action: [757,0,758,1,759,0,927,5,928,0,1593,0]
12-08 09:10:37.373 12174 12174 I sysui_multi_action: [757,111,758,1]
12-08 09:10:37.373 12174 12174 I sysui_multi_action: [757,126,758,1,759,126,927,0,928,1,1593,0]
12-08 09:10:37.373 12174 12174 I sysui_multi_action: [757,113,758,1,759,113,927,1,928,1,1593,0]
12-08 09:10:37.373 12174 12174 I sysui_multi_action: [757,0,758,1,759,0,927,2,928,0,1593,0]
12-08 09:10:37.373 12174 12174 I sysui_multi_action: [757,0,758,1,759,0,927,3,928,0,1593,0]
12-08 09:10:37.385 1494 1905 I GameModeConfig: isGameModeOn = false
12-08 09:10:37.386 1494 1905 I GameModeConfig: isGameModeOn = false
12-08 09:10:37.386 1494 1905 I GameModeConfig: isGameModeOn = false
12-08 09:10:37.386 1494 1905 I GameModeConfig: isGameModeOn = false
12-08 09:10:37.387 12174 12174 I sysui_multi_action: [757,111,758,2]
12-08 09:10:37.387 12174 12174 I sysui_multi_action: [757,111,758,2]
12-08 09:10:37.387 1494 1494 I notification_enqueue: [10082,12174,com.android.systemui,2048,NULL,0,Notification(channel=updateNotification shortcut=null contentView=null vibrate=null sound=null defaults=0x0 flags=0x0 color=0x00000000 vis=PRIVATE),1]
12-08 09:10:37.390 12174 12174 I sysui_multi_action: [757,111,758,1]
12-08 09:10:37.391 12174 12174 I sysui_multi_action: [757,126,758,1,759,126,927,0,928,1,1593,0]
12-08 09:10:37.391 12174 12174 I sysui_multi_action: [757,113,758,1,759,113,927,1,928,1,1593,0]
12-08 09:10:37.391 12174 12174 I sysui_multi_action: [757,0,758,1,759,0,927,2,928,0,1593,0]
12-08 09:10:37.391 12174 12174 I sysui_multi_action: [757,0,758,1,759,0,927,3,928,0,1593,0]
12-08 09:10:37.391 12174 12174 I sysui_multi_action: [757,491,758,1,759,491,927,4,928,0,1311,-1,1593,0]
12-08 09:10:37.391 12174 12174 I sysui_multi_action: [757,0,758,1,759,0,927,5,928,0,1593,0]
12-08 09:10:37.391 12174 12174 I sysui_multi_action: [757,111,758,1]
12-08 09:10:37.391 12174 12174 I sysui_multi_action: [757,126,758,1,759,126,927,0,928,1,1593,0]
12-08 09:10:37.392 12174 12174 I sysui_multi_action: [757,113,758,1,759,113,927,1,928,1,1593,0]
12-08 09:10:37.392 12174 12174 I sysui_multi_action: [757,0,758,1,759,0,927,2,928,0,1593,0]
12-08 09:10:37.392 12174 12174 I sysui_multi_action: [757,0,758,1,759,0,927,3,928,0,1593,0]
12-08 09:10:37.402 1494 1905 I GameModeConfig: isGameModeOn = false
12-08 09:10:37.402 1494 1905 I GameModeConfig: isGameModeOn = false
12-08 09:10:37.402 1494 1905 I GameModeConfig: isGameModeOn = false
12-08 09:10:37.402 1494 1905 I GameModeConfig: isGameModeOn = false
12-08 09:10:37.404 12174 12174 I sysui_multi_action: [757,111,758,2]
12-08 09:10:37.404 12174 12174 I sysui_multi_action: [757,111,758,2]
12-08 09:10:37.404 1494 1494 I notification_enqueue: [10082,12174,com.android.systemui,2048,NULL,0,Notification(channel=updateNotification shortcut=null contentView=null vibrate=null sound=null defaults=0x0 flags=0x0 color=0x00000000 vis=PRIVATE),1]
12-08 09:10:37.407 12174 12174 I sysui_multi_action: [757,111,758,1]
12-08 09:10:37.407 12174 12174 I sysui_multi_action: [757,126,758,1,759,126,927,0,928,1,1593,0]
12-08 09:10:37.407 12174 12174 I sysui_multi_action: [757,113,758,1,759,113,927,1,928,1,1593,0]
12-08 09:10:37.407 12174 12174 I sysui_multi_action: [757,0,758,1,759,0,927,2,928,0,1593,0]
12-08 09:10:37.407 12174 12174 I sysui_multi_action: [757,0,758,1,759,0,927,3,928,0,1593,0]
12-08 09:10:37.408 12174 12174 I sysui_multi_action: [757,491,758,1,759,491,927,4,928,0,1311,-1,1593,0]
12-08 09:10:37.408 12174 12174 I sysui_multi_action: [757,0,758,1,759,0,927,5,928,0,1593,0]
12-08 09:10:37.408 12174 12174 I sysui_multi_action: [757,111,758,1]
12-08 09:10:37.408 12174 12174 I sysui_multi_action: [757,126,758,1,759,126,927,0,928,1,1593,0]
12-08 09:10:37.408 12174 12174 I sysui_multi_action: [757,113,758,1,759,113,927,1,928,1,1593,0]
12-08 09:10:37.408 12174 12174 I sysui_multi_action: [757,0,758,1,759,0,927,2,928,0,1593,0]
12-08 09:10:37.408 12174 12174 I sysui_multi_action: [757,0,758,1,759,0,927,3,928,0,1593,0]
12-08 09:10:37.418 1494 1905 I GameModeConfig: isGameModeOn = false
12-08 09:10:37.418 1494 1905 I GameModeConfig: isGameModeOn = false
12-08 09:10:37.418 1494 1905 I GameModeConfig: isGameModeOn = false
12-08 09:10:37.418 1494 1905 I GameModeConfig: isGameModeOn = false
12-08 09:10:37.419 12174 12174 I sysui_multi_action: [757,111,758,2]
12-08 09:10:37.420 12174 12174 I sysui_multi_action: [757,111,758,2]
12-08 09:10:37.420 1494 1494 I notification_enqueue: [10082,12174,com.android.systemui,2048,NULL,0,Notification(channel=updateNotification shortcut=null contentView=null vibrate=null sound=null defaults=0x0 flags=0x0 color=0x00000000 vis=PRIVATE),1]
12-08 09:10:37.423 12174 12174 I sysui_multi_action: [757,111,758,1]
12-08 09:10:37.423 12174 12174 I sysui_multi_action: [757,126,758,1,759,126,927,0,928,1,1593,0]
12-08 09:10:37.423 12174 12174 I sysui_multi_action: [757,113,758,1,759,113,927,1,928,1,1593,0]
12-08 09:10:37.424 12174 12174 I sysui_multi_action: [757,0,758,1,759,0,927,2,928,0,1593,0]
12-08 09:10:37.424 12174 12174 I sysui_multi_action: [757,0,758,1,759,0,927,3,928,0,1593,0]
12-08 09:10:37.424 12174 12174 I sysui_multi_action: [757,491,758,1,759,491,927,4,928,0,1311,-1,1593,0]
12-08 09:10:37.424 12174 12174 I sysui_multi_action: [757,0,758,1,759,0,927,5,928,0,1593,0]
12-08 09:10:37.424 12174 12174 I sysui_multi_action: [757,111,758,1]
12-08 09:10:37.424 12174 12174 I sysui_multi_action: [757,126,758,1,759,126,927,0,928,1,1593,0]
12-08 09:10:37.424 12174 12174 I sysui_multi_action: [757,113,758,1,759,113,927,1,928,1,1593,0]
12-08 09:10:37.424 12174 12174 I sysui_multi_action: [757,0,758,1,759,0,927,2,928,0,1593,0]
12-08 09:10:37.424 12174 12174 I sysui_multi_action: [757,0,758,1,759,0,927,3,928,0,1593,0]
12-08 09:10:37.427 1494 1494 I GameModeConfig: isGameModeOn = false
12-08 09:10:37.427 1494 1494 I sysui_multi_action: [757,1501,758,1,793,1660156,794,0,795,204,796,2048,806,com.android.systemui,857,updateNotification,858,3,947,0,1500,0,1688,1]
12-08 09:10:37.428 1494 1494 I sysui_multi_action: [757,804,799,note_interruptive,801,0,802,1]
12-08 09:10:37.428 1494 1494 I sysui_multi_action: [757,199,758,1,759,2,793,1660157,794,0,795,205,796,2048,806,com.android.systemui,857,updateNotification,858,3,947,0,1500,1,1688,1]
12-08 09:10:37.428 1494 1494 I notification_alert: [0|com.android.systemui|2048|null|10082,0,1,0]
12-08 09:10:37.429 1494 1494 W NotificationHistory: Attempted to add notif for locked/gone/disabled user 0
12-08 09:10:37.464 1494 1494 I GameModeConfig: isGameModeOn = false
12-08 09:10:37.464 1494 1494 E NotificationService: Muting recently noisy 0|com.android.systemui|2048|null|10082
12-08 09:10:37.478 1494 1494 I GameModeConfig: isGameModeOn = false
12-08 09:10:37.478 1494 1494 E NotificationService: Muting recently noisy 0|com.android.systemui|2048|null|10082
12-08 09:10:37.486 1359 16598 I liblog : 35
12-08 09:10:37.493 1359 16598 I liblog : 364
12-08 09:10:37.494 1359 16598 I liblog : 5
12-08 09:10:37.494 1359 16598 I liblog : 1
12-08 09:10:37.499 1494 1494 I GameModeConfig: isGameModeOn = false
12-08 09:10:37.499 1494 1494 E NotificationService: Muting recently noisy 0|com.android.systemui|2048|null|10082
12-08 09:10:37.517 1494 1494 I GameModeConfig: isGameModeOn = false
12-08 09:10:37.518 1494 1494 E NotificationService: Muting recently noisy 0|com.android.systemui|2048|null|10082
12-08 09:10:37.534 1494 1494 I GameModeConfig: isGameModeOn = false
12-08 09:10:37.534 1494 1494 E NotificationService: Muting recently noisy 0|com.android.systemui|2048|null|10082
12-08 09:10:37.552 1494 1494 I GameModeConfig: isGameModeOn = false
12-08 09:10:37.552 1494 1494 E NotificationService: Muting recently noisy 0|com.android.systemui|2048|null|10082
12-08 09:10:37.557 1494 7337 W WindowManager: updateScale0.4617737
12-08 09:10:37.561 1494 7337 W WindowManager: updateScale0.4617737
12-08 09:10:37.575 1494 1494 I GameModeConfig: isGameModeOn = false
12-08 09:10:37.575 1494 1494 E NotificationService: Muting recently noisy 0|com.android.systemui|2048|null|10082
12-08 09:10:37.589 1494 1494 I GameModeConfig: isGameModeOn = false
12-08 09:10:37.589 1494 1494 E NotificationService: Muting recently noisy 0|com.android.systemui|2048|null|10082
12-08 09:10:37.606 1494 1494 I GameModeConfig: isGameModeOn = false
12-08 09:10:37.607 1494 1494 E NotificationService: Muting recently noisy 0|com.android.systemui|2048|null|10082
12-08 09:10:37.626 1494 1494 I GameModeConfig: isGameModeOn = false
12-08 09:10:37.626 1494 1494 E NotificationService: Muting recently noisy 0|com.android.systemui|2048|null|10082
12-08 09:10:37.767 1494 6229 I sysui_multi_action: [757,128,758,1,793,17621561,794,0,795,17621561,796,26,798,0,806,android,857,DEVELOPER_IMPORTANT,858,4,947,0,1395,2,1500,17621107,1688,1]
12-08 09:10:37.768 1494 6229 I sysui_multi_action: [757,804,799,note_freshness,801,17621561,802,1]
12-08 09:10:37.768 1494 6229 I notification_visibility: [-1|android|26|null|1000,1,17621561,17621561,0,0]
12-08 09:10:37.768 1494 6229 I sysui_multi_action: [757,128,758,1,793,17622416,794,0,795,17622416,796,32,798,1,806,android,857,USB,858,1,947,0,1395,2,1500,17622356,1688,1]
12-08 09:10:37.768 1494 6229 I sysui_multi_action: [757,804,799,note_freshness,801,17622416,802,1]
12-08 09:10:37.768 1494 6229 I notification_visibility: [-1|android|32|null|1000,1,17622416,17622416,0,1]
12-08 09:10:39.055 0 0 I auditd : type=1400 audit(0.0:18776): avc: denied { kill } for comm="swapper/2" capability=5 scontext=u:r:kernel:s0 tcontext=u:r:kernel:s0 tclass=capability permissive=0
12-08 09:10:42.211 1494 1726 I input_interaction: Interaction with: e4dc0ca NotificationShade (server), edge-swipe (server), swipe-up (server), PointerEventDispatcher0 (server),
12-08 09:10:43.055 0 0 I auditd : type=1400 audit(0.0:18777): avc: denied { kill } for comm="swapper/1" capability=5 scontext=u:r:kernel:s0 tcontext=u:r:kernel:s0 tclass=capability permissive=0
12-08 09:10:43.278 1494 1905 I GameModeConfig: isGameModeOn = false
12-08 09:10:43.279 1494 1905 I GameModeConfig: isGameModeOn = false
12-08 09:10:43.279 1494 1905 I GameModeConfig: isGameModeOn = false
12-08 09:10:43.279 1494 1905 I GameModeConfig: isGameModeOn = false
12-08 09:10:43.280 12174 12174 I sysui_multi_action: [757,111,758,2]
12-08 09:10:43.280 1494 1494 I notification_enqueue: [10082,12174,com.android.systemui,2048,NULL,0,Notification(channel=updateNotification shortcut=null contentView=null vibrate=null sound=null defaults=0x0 flags=0x0 color=0x00000000 vis=PRIVATE),1]
12-08 09:10:43.281 12174 12174 I sysui_multi_action: [757,111,758,2]
12-08 09:10:43.287 12174 12174 I sysui_multi_action: [757,111,758,1]
12-08 09:10:43.287 12174 12174 I sysui_multi_action: [757,126,758,1,759,126,927,0,928,1,1593,1]
12-08 09:10:43.287 12174 12174 I sysui_multi_action: [757,113,758,1,759,113,927,1,928,1,1593,1]
12-08 09:10:43.287 12174 12174 I sysui_multi_action: [757,0,758,1,759,0,927,2,928,0,1593,1]
12-08 09:10:43.288 12174 12174 I sysui_multi_action: [757,0,758,1,759,0,927,3,928,0,1593,1]
12-08 09:10:43.288 12174 12174 I sysui_multi_action: [757,491,758,1,759,491,927,4,928,0,1311,-1,1593,0]
12-08 09:10:43.288 12174 12174 I sysui_multi_action: [757,0,758,1,759,0,927,5,928,0,1593,0]
12-08 09:10:43.288 12174 12174 I sysui_multi_action: [757,111,758,1]
12-08 09:10:43.288 12174 12174 I sysui_multi_action: [757,126,758,1,759,126,927,0,928,1,1593,1]
12-08 09:10:43.288 12174 12174 I sysui_multi_action: [757,113,758,1,759,113,927,1,928,1,1593,1]
12-08 09:10:43.288 12174 12174 I sysui_multi_action: [757,0,758,1,759,0,927,2,928,0,1593,1]
12-08 09:10:43.289 12174 12174 I sysui_multi_action: [757,0,758,1,759,0,927,3,928,0,1593,1]
12-08 09:10:43.306 1494 7337 W WindowManager: updateScale0.4617737
12-08 09:10:43.310 1494 7337 W WindowManager: updateScale0.4617737
12-08 09:10:43.312 1494 1905 I GameModeConfig: isGameModeOn = false
12-08 09:10:43.313 1494 1905 I GameModeConfig: isGameModeOn = false
12-08 09:10:43.313 1494 1905 I GameModeConfig: isGameModeOn = false
12-08 09:10:43.313 1494 1905 I GameModeConfig: isGameModeOn = false
12-08 09:10:43.314 12174 12174 I sysui_multi_action: [757,111,758,2]
12-08 09:10:43.314 1494 1494 I notification_enqueue: [10082,12174,com.android.systemui,2048,NULL,0,Notification(channel=updateNotification shortcut=null contentView=null vibrate=null sound=null defaults=0x0 flags=0x0 color=0x00000000 vis=PRIVATE),1]
12-08 09:10:43.314 12174 12174 I sysui_multi_action: [757,111,758,2]
12-08 09:10:43.320 12174 12174 I sysui_multi_action: [757,111,758,1]
12-08 09:10:43.320 12174 12174 I sysui_multi_action: [757,126,758,1,759,126,927,0,928,1,1593,1]
12-08 09:10:43.320 12174 12174 I sysui_multi_action: [757,113,758,1,759,113,927,1,928,1,1593,1]
12-08 09:10:43.320 12174 12174 I sysui_multi_action: [757,0,758,1,759,0,927,2,928,0,1593,1]
12-08 09:10:43.320 12174 12174 I sysui_multi_action: [757,0,758,1,759,0,927,3,928,0,1593,1]
12-08 09:10:43.321 12174 12174 I sysui_multi_action: [757,491,758,1,759,491,927,4,928,0,1311,-1,1593,0]
12-08 09:10:43.321 12174 12174 I sysui_multi_action: [757,0,758,1,759,0,927,5,928,0,1593,0]
12-08 09:10:43.321 12174 12174 I sysui_multi_action: [757,111,758,1]
12-08 09:10:43.321 12174 12174 I sysui_multi_action: [757,126,758,1,759,126,927,0,928,1,1593,1]
12-08 09:10:43.321 12174 12174 I sysui_multi_action: [757,113,758,1,759,113,927,1,928,1,1593,1]
12-08 09:10:43.321 12174 12174 I sysui_multi_action: [757,0,758,1,759,0,927,2,928,0,1593,1]
