12-08 09:12:20.780 12174 12174 I sysui_multi_action: [757,0,758,1,759,0,927,5,928,0,1593,0]
12-08 09:12:20.780 12174 12174 I sysui_multi_action: [757,111,758,1]
12-08 09:12:20.780 12174 12174 I sysui_multi_action: [757,126,758,1,759,126,927,0,928,1,1593,0]
12-08 09:12:20.780 12174 12174 I sysui_multi_action: [757,113,758,1,759,113,927,1,928,1,1593,0]
12-08 09:12:20.780 12174 12174 I sysui_multi_action: [757,0,758,1,759,0,927,2,928,0,1593,0]
12-08 09:12:20.780 12174 12174 I sysui_multi_action: [757,0,758,1,759,0,927,3,928,0,1593,0]
12-08 09:12:20.790 1494 1905 I GameModeConfig: isGameModeOn = false
12-08 09:12:20.791 1494 1905 I GameModeConfig: isGameModeOn = false
12-08 09:12:20.791 1494 1905 I GameModeConfig: isGameModeOn = false
12-08 09:12:20.791 1494 1905 I GameModeConfig: isGameModeOn = false
12-08 09:12:20.793 12174 12174 I sysui_multi_action: [757,111,758,2]
12-08 09:12:20.793 12174 12174 I sysui_multi_action: [757,111,758,2]
12-08 09:12:20.793 1494 1494 I notification_enqueue: [10082,12174,com.android.systemui,2048,NULL,0,Notification(channel=updateNotification shortcut=null contentView=null vibrate=null sound=null defaults=0x0 flags=0x0 color=0x00000000 vis=PRIVATE),1]
12-08 09:12:20.796 12174 12174 I sysui_multi_action: [757,111,758,1]
12-08 09:12:20.796 12174 12174 I sysui_multi_action: [757,126,758,1,759,126,927,0,928,1,1593,0]
12-08 09:12:20.796 12174 12174 I sysui_multi_action: [757,113,758,1,759,113,927,1,928,1,1593,0]
12-08 09:12:20.796 12174 12174 I sysui_multi_action: [757,0,758,1,759,0,927,2,928,0,1593,0]
12-08 09:12:20.796 12174 12174 I sysui_multi_action: [757,0,758,1,759,0,927,3,928,0,1593,0]
12-08 09:12:20.796 12174 12174 I sysui_multi_action: [757,491,758,1,759,491,927,4,928,0,1311,-1,1593,0]
12-08 09:12:20.797 12174 12174 I sysui_multi_action: [757,0,758,1,759,0,927,5,928,0,1593,0]
12-08 09:12:20.797 12174 12174 I sysui_multi_action: [757,111,758,1]
12-08 09:12:20.797 12174 12174 I sysui_multi_action: [757,126,758,1,759,126,927,0,928,1,1593,0]
12-08 09:12:20.797 12174 12174 I sysui_multi_action: [757,113,758,1,759,113,927,1,928,1,1593,0]
12-08 09:12:20.797 12174 12174 I sysui_multi_action: [757,0,758,1,759,0,927,2,928,0,1593,0]
12-08 09:12:20.797 12174 12174 I sysui_multi_action: [757,0,758,1,759,0,927,3,928,0,1593,0]
12-08 09:12:20.807 1494 1905 I GameModeConfig: isGameModeOn = false
12-08 09:12:20.808 1494 1905 I GameModeConfig: isGameModeOn = false
12-08 09:12:20.808 1494 1905 I GameModeConfig: isGameModeOn = false
12-08 09:12:20.808 1494 1905 I GameModeConfig: isGameModeOn = false
12-08 09:12:20.809 12174 12174 I sysui_multi_action: [757,111,758,2]
12-08 09:12:20.809 12174 12174 I sysui_multi_action: [757,111,758,2]
12-08 09:12:20.810 1494 1494 I notification_enqueue: [10082,12174,com.android.systemui,2048,NULL,0,Notification(channel=updateNotification shortcut=null contentView=null vibrate=null sound=null defaults=0x0 flags=0x0 color=0x00000000 vis=PRIVATE),1]
12-08 09:12:20.812 12174 12174 I sysui_multi_action: [757,111,758,1]
12-08 09:12:20.812 12174 12174 I sysui_multi_action: [757,126,758,1,759,126,927,0,928,1,1593,0]
12-08 09:12:20.812 12174 12174 I sysui_multi_action: [757,113,758,1,759,113,927,1,928,1,1593,0]
12-08 09:12:20.812 12174 12174 I sysui_multi_action: [757,0,758,1,759,0,927,2,928,0,1593,0]
12-08 09:12:20.813 12174 12174 I sysui_multi_action: [757,0,758,1,759,0,927,3,928,0,1593,0]
12-08 09:12:20.813 12174 12174 I sysui_multi_action: [757,491,758,1,759,491,927,4,928,0,1311,-1,1593,0]
12-08 09:12:20.813 12174 12174 I sysui_multi_action: [757,0,758,1,759,0,927,5,928,0,1593,0]
12-08 09:12:20.813 12174 12174 I sysui_multi_action: [757,111,758,1]
12-08 09:12:20.813 12174 12174 I sysui_multi_action: [757,126,758,1,759,126,927,0,928,1,1593,0]
12-08 09:12:20.813 12174 12174 I sysui_multi_action: [757,113,758,1,759,113,927,1,928,1,1593,0]
12-08 09:12:20.813 12174 12174 I sysui_multi_action: [757,0,758,1,759,0,927,2,928,0,1593,0]
12-08 09:12:20.813 12174 12174 I sysui_multi_action: [757,0,758,1,759,0,927,3,928,0,1593,0]
12-08 09:12:20.821 1494 1905 I GameModeConfig: isGameModeOn = false
12-08 09:12:20.821 1494 1905 I GameModeConfig: isGameModeOn = false
12-08 09:12:20.821 1494 1905 I GameModeConfig: isGameModeOn = false
12-08 09:12:20.822 1494 1905 I GameModeConfig: isGameModeOn = false
12-08 09:12:20.823 12174 12174 I sysui_multi_action: [757,111,758,2]
12-08 09:12:20.823 12174 12174 I sysui_multi_action: [757,111,758,2]
12-08 09:12:20.823 1494 1494 I notification_enqueue: [10082,12174,com.android.systemui,2048,NULL,0,Notification(channel=updateNotification shortcut=null contentView=null vibrate=null sound=null defaults=0x0 flags=0x0 color=0x00000000 vis=PRIVATE),1]
12-08 09:12:20.825 12174 12174 I sysui_multi_action: [757,111,758,1]
12-08 09:12:20.825 12174 12174 I sysui_multi_action: [757,126,758,1,759,126,927,0,928,1,1593,0]
12-08 09:12:20.825 12174 12174 I sysui_multi_action: [757,113,758,1,759,113,927,1,928,1,1593,0]
12-08 09:12:20.825 12174 12174 I sysui_multi_action: [757,0,758,1,759,0,927,2,928,0,1593,0]
12-08 09:12:20.825 12174 12174 I sysui_multi_action: [757,0,758,1,759,0,927,3,928,0,1593,0]
12-08 09:12:20.826 12174 12174 I sysui_multi_action: [757,491,758,1,759,491,927,4,928,0,1311,-1,1593,0]
12-08 09:12:20.826 12174 12174 I sysui_multi_action: [757,0,758,1,759,0,927,5,928,0,1593,0]
12-08 09:12:20.826 12174 12174 I sysui_multi_action: [757,111,758,1]
12-08 09:12:20.826 12174 12174 I sysui_multi_action: [757,126,758,1,759,126,927,0,928,1,1593,0]
12-08 09:12:20.826 12174 12174 I sysui_multi_action: [757,113,758,1,759,113,927,1,928,1,1593,0]
12-08 09:12:20.826 12174 12174 I sysui_multi_action: [757,0,758,1,759,0,927,2,928,0,1593,0]
12-08 09:12:20.826 12174 12174 I sysui_multi_action: [757,0,758,1,759,0,927,3,928,0,1593,0]
12-08 09:12:20.835 1494 1905 I GameModeConfig: isGameModeOn = false
12-08 09:12:20.835 1494 1905 I GameModeConfig: isGameModeOn = false
12-08 09:12:20.835 1494 1905 I GameModeConfig: isGameModeOn = false
12-08 09:12:20.835 1494 1905 I GameModeConfig: isGameModeOn = false
12-08 09:12:20.836 1494 1494 I notification_enqueue: [10082,12174,com.android.systemui,2048,NULL,0,Notification(channel=updateNotification shortcut=null contentView=null vibrate=null sound=null defaults=0x0 flags=0x0 color=0x00000000 vis=PRIVATE),1]
12-08 09:12:20.837 12174 12174 I sysui_multi_action: [757,111,758,2]
12-08 09:12:20.837 12174 12174 I sysui_multi_action: [757,111,758,2]
12-08 09:12:20.840 12174 12174 I sysui_multi_action: [757,111,758,1]
12-08 09:12:20.840 12174 12174 I sysui_multi_action: [757,126,758,1,759,126,927,0,928,1,1593,0]
12-08 09:12:20.840 12174 12174 I sysui_multi_action: [757,113,758,1,759,113,927,1,928,1,1593,0]
12-08 09:12:20.840 12174 12174 I sysui_multi_action: [757,0,758,1,759,0,927,2,928,0,1593,0]
12-08 09:12:20.840 12174 12174 I sysui_multi_action: [757,0,758,1,759,0,927,3,928,0,1593,0]
12-08 09:12:20.840 12174 12174 I sysui_multi_action: [757,491,758,1,759,491,927,4,928,0,1311,-1,1593,0]
12-08 09:12:20.840 12174 12174 I sysui_multi_action: [757,0,758,1,759,0,927,5,928,0,1593,0]
12-08 09:12:20.841 12174 12174 I sysui_multi_action: [757,111,758,1]
12-08 09:12:20.841 12174 12174 I sysui_multi_action: [757,126,758,1,759,126,927,0,928,1,1593,0]
12-08 09:12:20.841 12174 12174 I sysui_multi_action: [757,113,758,1,759,113,927,1,928,1,1593,0]
12-08 09:12:20.841 12174 12174 I sysui_multi_action: [757,0,758,1,759,0,927,2,928,0,1593,0]
12-08 09:12:20.841 12174 12174 I sysui_multi_action: [757,0,758,1,759,0,927,3,928,0,1593,0]
12-08 09:12:20.851 1494 1905 I GameModeConfig: isGameModeOn = false
12-08 09:12:20.851 1494 1905 I GameModeConfig: isGameModeOn = false
12-08 09:12:20.851 1494 1905 I GameModeConfig: isGameModeOn = false
12-08 09:12:20.851 1494 1905 I GameModeConfig: isGameModeOn = false
12-08 09:12:20.853 1494 1494 I notification_enqueue: [10082,12174,com.android.systemui,2048,NULL,0,Notification(channel=updateNotification shortcut=null contentView=null vibrate=null sound=null defaults=0x0 flags=0x0 color=0x00000000 vis=PRIVATE),1]
12-08 09:12:20.854 12174 12174 I sysui_multi_action: [757,111,758,2]
12-08 09:12:20.854 12174 12174 I sysui_multi_action: [757,111,758,2]
12-08 09:12:20.857 12174 12174 I sysui_multi_action: [757,111,758,1]
12-08 09:12:20.857 12174 12174 I sysui_multi_action: [757,126,758,1,759,126,927,0,928,1,1593,0]
12-08 09:12:20.857 12174 12174 I sysui_multi_action: [757,113,758,1,759,113,927,1,928,1,1593,0]
12-08 09:12:20.857 12174 12174 I sysui_multi_action: [757,0,758,1,759,0,927,2,928,0,1593,0]
12-08 09:12:20.857 12174 12174 I sysui_multi_action: [757,0,758,1,759,0,927,3,928,0,1593,0]
12-08 09:12:20.858 12174 12174 I sysui_multi_action: [757,491,758,1,759,491,927,4,928,0,1311,-1,1593,0]
12-08 09:12:20.858 12174 12174 I sysui_multi_action: [757,0,758,1,759,0,927,5,928,0,1593,0]
12-08 09:12:20.858 12174 12174 I sysui_multi_action: [757,111,758,1]
12-08 09:12:20.858 12174 12174 I sysui_multi_action: [757,126,758,1,759,126,927,0,928,1,1593,0]
12-08 09:12:20.858 12174 12174 I sysui_multi_action: [757,113,758,1,759,113,927,1,928,1,1593,0]
12-08 09:12:20.858 12174 12174 I sysui_multi_action: [757,0,758,1,759,0,927,2,928,0,1593,0]
12-08 09:12:20.858 12174 12174 I sysui_multi_action: [757,0,758,1,759,0,927,3,928,0,1593,0]
12-08 09:12:20.874 1494 1905 I GameModeConfig: isGameModeOn = false
12-08 09:12:20.876 1494 1905 I GameModeConfig: isGameModeOn = false
12-08 09:12:20.876 1494 1905 I GameModeConfig: isGameModeOn = false
12-08 09:12:20.876 1494 1905 I GameModeConfig: isGameModeOn = false
12-08 09:12:20.877 1494 1494 I notification_enqueue: [10082,12174,com.android.systemui,2048,NULL,0,Notification(channel=updateNotification shortcut=null contentView=null vibrate=null sound=null defaults=0x0 flags=0x0 color=0x00000000 vis=PRIVATE),1]
12-08 09:12:20.878 12174 12174 I sysui_multi_action: [757,111,758,2]
12-08 09:12:20.878 12174 12174 I sysui_multi_action: [757,111,758,2]
12-08 09:12:20.881 12174 12174 I sysui_multi_action: [757,111,758,1]
12-08 09:12:20.881 12174 12174 I sysui_multi_action: [757,126,758,1,759,126,927,0,928,1,1593,0]
12-08 09:12:20.881 12174 12174 I sysui_multi_action: [757,113,758,1,759,113,927,1,928,1,1593,0]
12-08 09:12:20.881 12174 12174 I sysui_multi_action: [757,0,758,1,759,0,927,2,928,0,1593,0]
12-08 09:12:20.881 12174 12174 I sysui_multi_action: [757,0,758,1,759,0,927,3,928,0,1593,0]
12-08 09:12:20.882 12174 12174 I sysui_multi_action: [757,491,758,1,759,491,927,4,928,0,1311,-1,1593,0]
12-08 09:12:20.882 12174 12174 I sysui_multi_action: [757,0,758,1,759,0,927,5,928,0,1593,0]
12-08 09:12:20.882 12174 12174 I sysui_multi_action: [757,111,758,1]
12-08 09:12:20.882 12174 12174 I sysui_multi_action: [757,126,758,1,759,126,927,0,928,1,1593,0]
12-08 09:12:20.882 12174 12174 I sysui_multi_action: [757,113,758,1,759,113,927,1,928,1,1593,0]
12-08 09:12:20.882 12174 12174 I sysui_multi_action: [757,0,758,1,759,0,927,2,928,0,1593,0]
12-08 09:12:20.882 12174 12174 I sysui_multi_action: [757,0,758,1,759,0,927,3,928,0,1593,0]
12-08 09:12:20.924 1494 1494 I GameModeConfig: isGameModeOn = false
12-08 09:12:20.924 1494 1494 I sysui_multi_action: [757,1501,758,1,793,1763653,794,0,795,204,796,2048,806,com.android.systemui,857,updateNotification,858,3,947,0,1500,0,1688,1]
12-08 09:12:20.925 1494 1494 I sysui_multi_action: [757,804,799,note_interruptive,801,0,802,1]
12-08 09:12:20.925 1494 1494 I sysui_multi_action: [757,199,758,1,759,2,793,1763654,794,0,795,205,796,2048,806,com.android.systemui,857,updateNotification,858,3,947,0,1500,1,1688,1]
12-08 09:12:20.925 1494 1494 I notification_alert: [0|com.android.systemui|2048|null|10082,0,1,0]
12-08 09:12:20.926 1494 1494 W NotificationHistory: Attempted to add notif for locked/gone/disabled user 0
12-08 09:12:20.961 1494 1494 I GameModeConfig: isGameModeOn = false
12-08 09:12:20.961 1494 1494 E NotificationService: Muting recently noisy 0|com.android.systemui|2048|null|10082
12-08 09:12:20.979 1494 1494 I GameModeConfig: isGameModeOn = false
12-08 09:12:20.979 1494 1494 E NotificationService: Muting recently noisy 0|com.android.systemui|2048|null|10082
12-08 09:12:20.997 1494 1494 I GameModeConfig: isGameModeOn = false
12-08 09:12:20.997 1494 1494 E NotificationService: Muting recently noisy 0|com.android.systemui|2048|null|10082
12-08 09:12:21.007 1494 2124 W WindowManager: updateScale0.4617737
12-08 09:12:21.012 1494 1494 I GameModeConfig: isGameModeOn = false
12-08 09:12:21.012 1494 2823 W WindowManager: updateScale0.4617737
12-08 09:12:21.012 1494 1494 E NotificationService: Muting recently noisy 0|com.android.systemui|2048|null|10082
12-08 09:12:21.024 1494 1494 I GameModeConfig: isGameModeOn = false
12-08 09:12:21.025 1494 1494 E NotificationService: Muting recently noisy 0|com.android.systemui|2048|null|10082
12-08 09:12:21.039 1494 1494 I GameModeConfig: isGameModeOn = false
12-08 09:12:21.039 1494 1494 E NotificationService: Muting recently noisy 0|com.android.systemui|2048|null|10082
12-08 09:12:21.058 1494 1494 I GameModeConfig: isGameModeOn = false
12-08 09:12:21.058 1494 1494 E NotificationService: Muting recently noisy 0|com.android.systemui|2048|null|10082
12-08 09:12:21.055 0 0 I auditd : type=1400 audit(0.0:18923): avc: denied { kill } for comm="swapper/1" capability=5 scontext=u:r:kernel:s0 tcontext=u:r:kernel:s0 tclass=capability permissive=0
12-08 09:12:21.079 1494 1494 I GameModeConfig: isGameModeOn = false
12-08 09:12:21.079 1494 1494 E NotificationService: Muting recently noisy 0|com.android.systemui|2048|null|10082
12-08 09:12:21.269 1494 7671 I sysui_multi_action: [757,128,758,1,793,17725060,794,0,795,17725060,796,26,798,0,806,android,857,DEVELOPER_IMPORTANT,858,4,947,0,1395,2,1500,17724606,1688,1]
12-08 09:12:21.269 1494 7671 I sysui_multi_action: [757,804,799,note_freshness,801,17725060,802,1]
12-08 09:12:21.270 1494 7671 I notification_visibility: [-1|android|26|null|1000,1,17725060,17725060,0,0]
12-08 09:12:21.270 1494 7671 I sysui_multi_action: [757,128,758,1,793,17725918,794,0,795,17725918,796,32,798,1,806,android,857,USB,858,1,947,0,1395,2,1500,17725858,1688,1]
12-08 09:12:21.271 1494 7671 I sysui_multi_action: [757,804,799,note_freshness,801,17725918,802,1]
12-08 09:12:21.271 1494 7671 I notification_visibility: [-1|android|32|null|1000,1,17725918,17725918,0,1]
12-08 09:12:21.923 1494 1726 I input_interaction: Interaction with: e4dc0ca NotificationShade (server), edge-swipe (server), swipe-up (server), PointerEventDispatcher0 (server),
12-08 09:12:22.055 0 0 I auditd : type=1400 audit(0.0:18924): avc: denied { kill } for comm="swapper/1" capability=5 scontext=u:r:kernel:s0 tcontext=u:r:kernel:s0 tclass=capability permissive=0
12-08 09:12:22.166 1494 1905 I GameModeConfig: isGameModeOn = false
12-08 09:12:22.166 1494 1905 I GameModeConfig: isGameModeOn = false
12-08 09:12:22.167 1494 1905 I GameModeConfig: isGameModeOn = false
12-08 09:12:22.167 1494 1905 I GameModeConfig: isGameModeOn = false
12-08 09:12:22.168 12174 12174 I sysui_multi_action: [757,111,758,2]
12-08 09:12:22.168 12174 12174 I sysui_multi_action: [757,111,758,2]
12-08 09:12:22.168 1494 1494 I notification_enqueue: [10082,12174,com.android.systemui,2048,NULL,0,Notification(channel=updateNotification shortcut=null contentView=null vibrate=null sound=null defaults=0x0 flags=0x0 color=0x00000000 vis=PRIVATE),1]
12-08 09:12:22.174 1494 7671 W WindowManager: updateScale0.4617737
12-08 09:12:22.180 12174 12174 I sysui_multi_action: [757,111,758,1]
12-08 09:12:22.181 12174 12174 I sysui_multi_action: [757,126,758,1,759,126,927,0,928,1,1593,1]
12-08 09:12:22.181 12174 12174 I sysui_multi_action: [757,113,758,1,759,113,927,1,928,1,1593,1]
12-08 09:12:22.181 12174 12174 I sysui_multi_action: [757,0,758,1,759,0,927,2,928,0,1593,1]
12-08 09:12:22.181 12174 12174 I sysui_multi_action: [757,0,758,1,759,0,927,3,928,0,1593,1]
12-08 09:12:22.181 12174 12174 I sysui_multi_action: [757,491,758,1,759,491,927,4,928,0,1311,-1,1593,0]
12-08 09:12:22.182 12174 12174 I sysui_multi_action: [757,0,758,1,759,0,927,5,928,0,1593,0]
12-08 09:12:22.182 12174 12174 I sysui_multi_action: [757,111,758,1]
12-08 09:12:22.182 12174 12174 I sysui_multi_action: [757,126,758,1,759,126,927,0,928,1,1593,1]
12-08 09:12:22.182 12174 12174 I sysui_multi_action: [757,113,758,1,759,113,927,1,928,1,1593,1]
12-08 09:12:22.182 12174 12174 I sysui_multi_action: [757,0,758,1,759,0,927,2,928,0,1593,1]
12-08 09:12:22.182 12174 12174 I sysui_multi_action: [757,0,758,1,759,0,927,3,928,0,1593,1]
12-08 09:12:22.195 1494 7671 W WindowManager: updateScale0.4617737
12-08 09:12:22.199 1494 7671 W WindowManager: updateScale0.4617737
12-08 09:12:22.200 1494 1905 I GameModeConfig: isGameModeOn = false
12-08 09:12:22.200 1494 1905 I GameModeConfig: isGameModeOn = false
12-08 09:12:22.200 1494 1905 I GameModeConfig: isGameModeOn = false
12-08 09:12:22.201 1494 1905 I GameModeConfig: isGameModeOn = false
12-08 09:12:22.201 12174 12174 I sysui_multi_action: [757,111,758,2]
12-08 09:12:22.202 12174 12174 I sysui_multi_action: [757,111,758,2]
12-08 09:12:22.202 1494 1494 I notification_enqueue: [10082,12174,com.android.systemui,2048,NULL,0,Notification(channel=updateNotification shortcut=null contentView=null vibrate=null sound=null defaults=0x0 flags=0x0 color=0x00000000 vis=PRIVATE),1]
12-08 09:12:22.206 12174 12174 I sysui_multi_action: [757,111,758,1]
12-08 09:12:22.206 12174 12174 I sysui_multi_action: [757,126,758,1,759,126,927,0,928,1,1593,1]
12-08 09:12:22.206 12174 12174 I sysui_multi_action: [757,113,758,1,759,113,927,1,928,1,1593,1]
12-08 09:12:22.207 12174 12174 I sysui_multi_action: [757,0,758,1,759,0,927,2,928,0,1593,1]
12-08 09:12:22.207 12174 12174 I sysui_multi_action: [757,0,758,1,759,0,927,3,928,0,1593,1]
12-08 09:12:22.207 12174 12174 I sysui_multi_action: [757,491,758,1,759,491,927,4,928,0,1311,-1,1593,0]
12-08 09:12:22.207 12174 12174 I sysui_multi_action: [757,0,758,1,759,0,927,5,928,0,1593,0]
12-08 09:12:22.207 12174 12174 I sysui_multi_action: [757,111,758,1]
12-08 09:12:22.207 12174 12174 I sysui_multi_action: [757,126,758,1,759,126,927,0,928,1,1593,1]
12-08 09:12:22.207 12174 12174 I sysui_multi_action: [757,113,758,1,759,113,927,1,928,1,1593,1]
12-08 09:12:22.207 12174 12174 I sysui_multi_action: [757,0,758,1,759,0,927,2,928,0,1593,1]
12-08 09:12:22.208 12174 12174 I sysui_multi_action: [757,0,758,1,759,0,927,3,928,0,1593,1]
12-08 09:12:22.218 1494 1905 I GameModeConfig: isGameModeOn = false
12-08 09:12:22.218 1494 1905 I GameModeConfig: isGameModeOn = false
12-08 09:12:22.218 1494 1905 I GameModeConfig: isGameModeOn = false
12-08 09:12:22.218 1494 1905 I GameModeConfig: isGameModeOn = false
12-08 09:12:22.219 12174 12174 I sysui_multi_action: [757,111,758,2]
12-08 09:12:22.220 1494 1494 I notification_enqueue: [10082,12174,com.android.systemui,2048,NULL,0,Notification(channel=updateNotification shortcut=null contentView=null vibrate=null sound=null defaults=0x0 flags=0x0 color=0x00000000 vis=PRIVATE),1]
12-08 09:12:22.220 12174 12174 I sysui_multi_action: [757,111,758,2]
12-08 09:12:22.223 12174 12174 I sysui_multi_action: [757,111,758,1]
12-08 09:12:22.224 12174 12174 I sysui_multi_action: [757,126,758,1,759,126,927,0,928,1,1593,1]
12-08 09:12:22.224 12174 12174 I sysui_multi_action: [757,113,758,1,759,113,927,1,928,1,1593,1]
12-08 09:12:22.224 12174 12174 I sysui_multi_action: [757,0,758,1,759,0,927,2,928,0,1593,1]
12-08 09:12:22.224 12174 12174 I sysui_multi_action: [757,0,758,1,759,0,927,3,928,0,1593,1]
12-08 09:12:22.224 12174 12174 I sysui_multi_action: [757,491,758,1,759,491,927,4,928,0,1311,-1,1593,0]
12-08 09:12:22.224 12174 12174 I sysui_multi_action: [757,0,758,1,759,0,927,5,928,0,1593,0]
12-08 09:12:22.224 12174 12174 I sysui_multi_action: [757,111,758,1]
12-08 09:12:22.224 12174 12174 I sysui_multi_action: [757,126,758,1,759,126,927,0,928,1,1593,1]
12-08 09:12:22.224 12174 12174 I sysui_multi_action: [757,113,758,1,759,113,927,1,928,1,1593,1]
12-08 09:12:22.224 12174 12174 I sysui_multi_action: [757,0,758,1,759,0,927,2,928,0,1593,1]
12-08 09:12:22.224 12174 12174 I sysui_multi_action: [757,0,758,1,759,0,927,3,928,0,1593,1]
12-08 09:12:22.232 1494 1905 I GameModeConfig: isGameModeOn = false
12-08 09:12:22.233 1494 1905 I GameModeConfig: isGameModeOn = false
12-08 09:12:22.233 1494 1905 I GameModeConfig: isGameModeOn = false
12-08 09:12:22.233 1494 1905 I GameModeConfig: isGameModeOn = false
12-08 09:12:22.234 12174 12174 I sysui_multi_action: [757,111,758,2]
12-08 09:12:22.234 12174 12174 I sysui_multi_action: [757,111,758,2]
12-08 09:12:22.234 1494 1494 I notification_enqueue: [10082,12174,com.android.systemui,2048,NULL,0,Notification(channel=updateNotification shortcut=null contentView=null vibrate=null sound=null defaults=0x0 flags=0x0 color=0x00000000 vis=PRIVATE),1]
12-08 09:12:22.237 12174 12174 I sysui_multi_action: [757,111,758,1]
12-08 09:12:22.237 12174 12174 I sysui_multi_action: [757,126,758,1,759,126,927,0,928,1,1593,1]
12-08 09:12:22.237 12174 12174 I sysui_multi_action: [757,113,758,1,759,113,927,1,928,1,1593,1]
12-08 09:12:22.237 12174 12174 I sysui_multi_action: [757,0,758,1,759,0,927,2,928,0,1593,1]
12-08 09:12:22.238 12174 12174 I sysui_multi_action: [757,0,758,1,759,0,927,3,928,0,1593,1]
12-08 09:12:22.238 12174 12174 I sysui_multi_action: [757,491,758,1,759,491,927,4,928,0,1311,-1,1593,0]
12-08 09:12:22.238 12174 12174 I sysui_multi_action: [757,0,758,1,759,0,927,5,928,0,1593,0]
12-08 09:12:22.238 12174 12174 I sysui_multi_action: [757,111,758,1]
12-08 09:12:22.238 12174 12174 I sysui_multi_action: [757,126,758,1,759,126,927,0,928,1,1593,1]
12-08 09:12:22.238 12174 12174 I sysui_multi_action: [757,113,758,1,759,113,927,1,928,1,1593,1]
12-08 09:12:22.238 12174 12174 I sysui_multi_action: [757,0,758,1,759,0,927,2,928,0,1593,1]
12-08 09:12:22.238 12174 12174 I sysui_multi_action: [757,0,758,1,759,0,927,3,928,0,1593,1]
12-08 09:12:22.249 1494 1905 I GameModeConfig: isGameModeOn = false
12-08 09:12:22.249 1494 1905 I GameModeConfig: isGameModeOn = false
12-08 09:12:22.249 1494 1905 I GameModeConfig: isGameModeOn = false
12-08 09:12:22.249 1494 1905 I GameModeConfig: isGameModeOn = false
12-08 09:12:22.250 12174 12174 I sysui_multi_action: [757,111,758,2]
12-08 09:12:22.250 12174 12174 I sysui_multi_action: [757,111,758,2]
12-08 09:12:22.250 1494 1494 I notification_enqueue: [10082,12174,com.android.systemui,2048,NULL,0,Notification(channel=updateNotification shortcut=null contentView=null vibrate=null sound=null defaults=0x0 flags=0x0 color=0x00000000 vis=PRIVATE),1]
12-08 09:12:22.253 12174 12174 I sysui_multi_action: [757,111,758,1]
12-08 09:12:22.253 12174 12174 I sysui_multi_action: [757,126,758,1,759,126,927,0,928,1,1593,1]
12-08 09:12:22.253 12174 12174 I sysui_multi_action: [757,113,758,1,759,113,927,1,928,1,1593,1]
12-08 09:12:22.253 12174 12174 I sysui_multi_action: [757,0,758,1,759,0,927,2,928,0,1593,1]
12-08 09:12:22.253 12174 12174 I sysui_multi_action: [757,0,758,1,759,0,927,3,928,0,1593,1]
12-08 09:12:22.254 12174 12174 I sysui_multi_action: [757,491,758,1,759,491,927,4,928,0,1311,-1,1593,0]
12-08 09:12:22.254 12174 12174 I sysui_multi_action: [757,0,758,1,759,0,927,5,928,0,1593,0]
12-08 09:12:22.254 12174 12174 I sysui_multi_action: [757,111,758,1]
12-08 09:12:22.254 12174 12174 I sysui_multi_action: [757,126,758,1,759,126,927,0,928,1,1593,1]
12-08 09:12:22.254 12174 12174 I sysui_multi_action: [757,113,758,1,759,113,927,1,928,1,1593,1]
12-08 09:12:22.254 12174 12174 I sysui_multi_action: [757,0,758,1,759,0,927,2,928,0,1593,1]
12-08 09:12:22.254 12174 12174 I sysui_multi_action: [757,0,758,1,759,0,927,3,928,0,1593,1]
12-08 09:12:22.265 1494 1905 I GameModeConfig: isGameModeOn = false
12-08 09:12:22.266 1494 1905 I GameModeConfig: isGameModeOn = false
12-08 09:12:22.266 1494 1905 I GameModeConfig: isGameModeOn = false
12-08 09:12:22.266 1494 1905 I GameModeConfig: isGameModeOn = false
12-08 09:12:22.267 12174 12174 I sysui_multi_action: [757,111,758,2]
12-08 09:12:22.267 12174 12174 I sysui_multi_action: [757,111,758,2]
12-08 09:12:22.267 1494 1494 I notification_enqueue: [10082,12174,com.android.systemui,2048,NULL,0,Notification(channel=updateNotification shortcut=null contentView=null vibrate=null sound=null defaults=0x0 flags=0x0 color=0x00000000 vis=PRIVATE),1]
12-08 09:12:22.270 12174 12174 I sysui_multi_action: [757,111,758,1]
12-08 09:12:22.270 12174 12174 I sysui_multi_action: [757,126,758,1,759,126,927,0,928,1,1593,1]
12-08 09:12:22.270 12174 12174 I sysui_multi_action: [757,113,758,1,759,113,927,1,928,1,1593,1]
12-08 09:12:22.271 12174 12174 I sysui_multi_action: [757,0,758,1,759,0,927,2,928,0,1593,1]
12-08 09:12:22.271 12174 12174 I sysui_multi_action: [757,0,758,1,759,0,927,3,928,0,1593,1]
12-08 09:12:22.271 12174 12174 I sysui_multi_action: [757,491,758,1,759,491,927,4,928,0,1311,-1,1593,0]
12-08 09:12:22.271 12174 12174 I sysui_multi_action: [757,0,758,1,759,0,927,5,928,0,1593,0]
12-08 09:12:22.271 12174 12174 I sysui_multi_action: [757,111,758,1]
12-08 09:12:22.271 12174 12174 I sysui_multi_action: [757,126,758,1,759,126,927,0,928,1,1593,1]
12-08 09:12:22.271 12174 12174 I sysui_multi_action: [757,113,758,1,759,113,927,1,928,1,1593,1]
12-08 09:12:22.271 12174 12174 I sysui_multi_action: [757,0,758,1,759,0,927,2,928,0,1593,1]
12-08 09:12:22.272 12174 12174 I sysui_multi_action: [757,0,758,1,759,0,927,3,928,0,1593,1]
12-08 09:12:22.277 1494 7671 I sysui_multi_action: [757,128,758,2,793,17726071,794,1011,795,17726071,796,26,798,0,806,android,857,DEVELOPER_IMPORTANT,858,4,947,0,1395,2,1500,17725617,1688,1]
12-08 09:12:22.277 1494 7671 I notification_visibility: [-1|android|26|null|1000,0,17726071,17726071,0,0]
12-08 09:12:22.277 1494 7671 I sysui_multi_action: [757,128,758,2,793,17726925,794,1007,795,17726925,796,32,798,1,806,android,857,USB,858,1,947,0,1395,2,1500,17726865,1688,1]
12-08 09:12:22.277 1494 7671 I notification_visibility: [-1|android|32|null|1000,0,17726925,17726925,0,1]
12-08 09:12:22.282 1494 1905 I GameModeConfig: isGameModeOn = false
12-08 09:12:22.283 1494 1905 I GameModeConfig: isGameModeOn = false
12-08 09:12:22.283 1494 1905 I GameModeConfig: isGameModeOn = false
12-08 09:12:22.283 1494 1905 I GameModeConfig: isGameModeOn = false
12-08 09:12:22.284 12174 12174 I sysui_multi_action: [757,111,758,2]
12-08 09:12:22.284 12174 12174 I sysui_multi_action: [757,111,758,2]
12-08 09:12:22.284 1494 1494 I notification_enqueue: [10082,12174,com.android.systemui,2048,NULL,0,Notification(channel=updateNotification shortcut=null contentView=null vibrate=null sound=null defaults=0x0 flags=0x0 color=0x00000000 vis=PRIVATE),1]
12-08 09:12:22.289 1494 7671 W WindowManager: updateScale0.4617737
12-08 09:12:22.291 1494 1568 I input_focus: [Focus request 2ec6e99 com.android.deskclock/com.android.deskclock.DeskClock,reason=UpdateInputWindows]
12-08 09:12:22.291 1494 1568 W WindowManager: updateScale0.4617737
12-08 09:12:22.292 12174 12174 I sysui_multi_action: [757,111,758,1]
12-08 09:12:22.293 12174 12174 I sysui_multi_action: [757,126,758,1,759,126,927,0,928,1,1593,0]
12-08 09:12:22.293 12174 12174 I sysui_multi_action: [757,113,758,1,759,113,927,1,928,1,1593,0]
12-08 09:12:22.293 12174 12174 I sysui_multi_action: [757,0,758,1,759,0,927,2,928,0,1593,0]
12-08 09:12:22.293 12174 12174 I sysui_multi_action: [757,0,758,1,759,0,927,3,928,0,1593,0]
12-08 09:12:22.293 12174 12174 I sysui_multi_action: [757,491,758,1,759,491,927,4,928,0,1311,-1,1593,0]
12-08 09:12:22.293 12174 12174 I sysui_multi_action: [757,0,758,1,759,0,927,5,928,0,1593,0]
12-08 09:12:22.293 12174 12174 I sysui_multi_action: [757,111,758,1]
12-08 09:12:22.293 12174 12174 I sysui_multi_action: [757,126,758,1,759,126,927,0,928,1,1593,0]
12-08 09:12:22.293 12174 12174 I sysui_multi_action: [757,113,758,1,759,113,927,1,928,1,1593,0]
12-08 09:12:22.293 12174 12174 I sysui_multi_action: [757,0,758,1,759,0,927,2,928,0,1593,0]
12-08 09:12:22.293 12174 12174 I sysui_multi_action: [757,0,758,1,759,0,927,3,928,0,1593,0]
12-08 09:12:22.298 1494 1905 I GameModeConfig: isGameModeOn = false
12-08 09:12:22.299 12174 12174 I sysui_multi_action: [757,111,758,2]
12-08 09:12:22.299 1494 1905 I GameModeConfig: isGameModeOn = false
12-08 09:12:22.299 1494 1905 I GameModeConfig: isGameModeOn = false
12-08 09:12:22.299 12174 12174 I sysui_multi_action: [757,111,758,2]
12-08 09:12:22.299 1494 1905 I GameModeConfig: isGameModeOn = false
12-08 09:12:22.300 1494 1494 I notification_enqueue: [10082,12174,com.android.systemui,2048,NULL,0,Notification(channel=updateNotification shortcut=null contentView=null vibrate=null sound=null defaults=0x0 flags=0x0 color=0x00000000 vis=PRIVATE),1]
12-08 09:12:22.300 1494 2124 I sysui_multi_action: [757,127,758,2]
12-08 09:12:22.301 1494 2124 I notification_panel_hidden:
12-08 09:12:22.306 1494 1726 I input_focus: [Focus leaving e4dc0ca NotificationShade (server),reason=NOT_FOCUSABLE]
12-08 09:12:22.306 1494 1726 I input_focus: [Focus entering 2ec6e99 com.android.deskclock/com.android.deskclock.DeskClock (server),reason=setFocusedWindow]
12-08 09:12:22.309 1494 2124 W WindowManager: updateScale0.4617737
12-08 09:12:22.312 12174 12174 I sysui_multi_action: [757,111,758,1]
12-08 09:12:22.312 12174 12174 I sysui_multi_action: [757,126,758,1,759,126,927,0,928,1,1593,1]
12-08 09:12:22.312 12174 12174 I sysui_multi_action: [757,113,758,1,759,113,927,1,928,1,1593,1]
12-08 09:12:22.312 12174 12174 I sysui_multi_action: [757,0,758,1,759,0,927,2,928,0,1593,1]
12-08 09:12:22.312 12174 12174 I sysui_multi_action: [757,0,758,1,759,0,927,3,928,0,1593,1]
12-08 09:12:22.312 12174 12174 I sysui_multi_action: [757,491,758,1,759,491,927,4,928,0,1311,-1,1593,0]
12-08 09:12:22.312 12174 12174 I sysui_multi_action: [757,0,758,1,759,0,927,5,928,0,1593,0]
12-08 09:12:22.312 12174 12174 I sysui_multi_action: [757,111,758,1]
12-08 09:12:22.312 12174 12174 I sysui_multi_action: [757,126,758,1,759,126,927,0,928,1,1593,1]
12-08 09:12:22.312 12174 12174 I sysui_multi_action: [757,113,758,1,759,113,927,1,928,1,1593,1]
12-08 09:12:22.312 12174 12174 I sysui_multi_action: [757,0,758,1,759,0,927,2,928,0,1593,1]
12-08 09:12:22.312 12174 12174 I sysui_multi_action: [757,0,758,1,759,0,927,3,928,0,1593,1]
12-08 09:12:22.372 1494 1494 I GameModeConfig: isGameModeOn = false
12-08 09:12:22.372 1494 1494 I sysui_multi_action: [757,1501,758,1,793,1765101,794,0,795,206,796,2048,806,com.android.systemui,857,updateNotification,858,3,947,0,1500,0,1688,1]
12-08 09:12:22.373 1494 1494 I sysui_multi_action: [757,804,799,note_interruptive,801,0,802,1]
12-08 09:12:22.373 1494 1494 I sysui_multi_action: [757,199,758,1,759,2,793,1765102,794,0,795,207,796,2048,806,com.android.systemui,857,updateNotification,858,3,947,0,1500,1,1688,1]
12-08 09:12:22.373 1494 1494 I notification_alert: [0|com.android.systemui|2048|null|10082,0,1,0]
12-08 09:12:22.374 1494 1494 W NotificationHistory: Attempted to add notif for locked/gone/disabled user 0
12-08 09:12:22.404 1494 1494 I GameModeConfig: isGameModeOn = false
12-08 09:12:22.405 1494 1494 E NotificationService: Muting recently noisy 0|com.android.systemui|2048|null|10082
12-08 09:12:22.428 1494 1494 I GameModeConfig: isGameModeOn = false
12-08 09:12:22.428 1494 1494 E NotificationService: Muting recently noisy 0|com.android.systemui|2048|null|10082
12-08 09:12:22.436 1494 1494 I GameModeConfig: isGameModeOn = false
12-08 09:12:22.436 1494 1494 E NotificationService: Muting recently noisy 0|com.android.systemui|2048|null|10082
12-08 09:12:22.452 1494 1494 I GameModeConfig: isGameModeOn = false
12-08 09:12:22.452 1494 1494 E NotificationService: Muting recently noisy 0|com.android.systemui|2048|null|10082
12-08 09:12:22.468 1494 1494 I GameModeConfig: isGameModeOn = false
12-08 09:12:22.469 1494 1494 E NotificationService: Muting recently noisy 0|com.android.systemui|2048|null|10082
12-08 09:12:22.484 1494 1494 I GameModeConfig: isGameModeOn = false
12-08 09:12:22.485 1494 1494 E NotificationService: Muting recently noisy 0|com.android.systemui|2048|null|10082
12-08 09:12:22.500 1494 1494 I GameModeConfig: isGameModeOn = false
12-08 09:12:22.501 1494 1494 E NotificationService: Muting recently noisy 0|com.android.systemui|2048|null|10082
12-08 09:12:22.503 1494 2743 E TaskPersister: File error accessing recents directory (directory doesn't exist?).
12-08 09:12:23.055 0 0 I auditd : type=1400 audit(0.0:18925): avc: denied { kill } for comm="swapper/1" capability=5 scontext=u:r:kernel:s0 tcontext=u:r:kernel:s0 tclass=capability permissive=0
12-08 09:12:23.303 1494 1726 I input_interaction: Interaction with: 1745717 StatusBar (server), edge-swipe (server), swipe-up (server), PointerEventDispatcher0 (server),
12-08 09:12:23.306 12174 12174 I sysui_multi_action: [757,803,799,panel_open,802,1]
12-08 09:12:23.306 12174 12174 I sysui_multi_action: [757,1328,758,4,1326,68,1327,0,1329,0]
12-08 09:12:23.374 1494 6229 I sysui_multi_action: [757,127,758,1]
12-08 09:12:23.375 1494 6229 I sysui_multi_action: [757,804,799,note_load,801,2,802,1]
12-08 09:12:23.375 1494 6229 I notification_panel_revealed: 2
12-08 09:12:23.376 1494 1905 I GameModeConfig: isGameModeOn = false
12-08 09:12:23.376 1494 1905 I GameModeConfig: isGameModeOn = false
12-08 09:12:23.377 1494 1905 I GameModeConfig: isGameModeOn = false
12-08 09:12:23.377 1494 1905 I GameModeConfig: isGameModeOn = false
12-08 09:12:23.378 12174 12174 I sysui_multi_action: [757,111,758,2]
12-08 09:12:23.378 1494 1494 I notification_enqueue: [10082,12174,com.android.systemui,2048,NULL,0,Notification(channel=updateNotification shortcut=null contentView=null vibrate=null sound=null defaults=0x0 flags=0x0 color=0x00000000 vis=PRIVATE),1]
12-08 09:12:23.378 12174 12174 I sysui_multi_action: [757,111,758,2]
12-08 09:12:23.394 1494 2124 W WindowManager: updateScale0.4617737
12-08 09:12:23.397 1494 1568 I input_focus: [Focus request e4dc0ca NotificationShade,reason=UpdateInputWindows]
12-08 09:12:23.401 12174 12174 I sysui_multi_action: [757,111,758,1]
12-08 09:12:23.401 12174 12174 I sysui_multi_action: [757,126,758,1,759,126,927,0,928,1,1593,0]
12-08 09:12:23.401 12174 12174 I sysui_multi_action: [757,113,758,1,759,113,927,1,928,1,1593,0]
12-08 09:12:23.401 12174 12174 I sysui_multi_action: [757,0,758,1,759,0,927,2,928,0,1593,0]
12-08 09:12:23.401 12174 12174 I sysui_multi_action: [757,0,758,1,759,0,927,3,928,0,1593,0]
12-08 09:12:23.401 12174 12174 I sysui_multi_action: [757,491,758,1,759,491,927,4,928,0,1311,-1,1593,0]
12-08 09:12:23.402 12174 12174 I sysui_multi_action: [757,0,758,1,759,0,927,5,928,0,1593,0]
12-08 09:12:23.402 12174 12174 I sysui_multi_action: [757,111,758,1]
12-08 09:12:23.402 12174 12174 I sysui_multi_action: [757,126,758,1,759,126,927,0,928,1,1593,0]
12-08 09:12:23.402 12174 12174 I sysui_multi_action: [757,113,758,1,759,113,927,1,928,1,1593,0]
12-08 09:12:23.402 12174 12174 I sysui_multi_action: [757,0,758,1,759,0,927,2,928,0,1593,0]
12-08 09:12:23.402 12174 12174 I sysui_multi_action: [757,0,758,1,759,0,927,3,928,0,1593,0]
12-08 09:12:23.413 1494 1905 I GameModeConfig: isGameModeOn = false
12-08 09:12:23.416 1494 1568 W WindowManager: updateScale0.4617737
12-08 09:12:23.416 1494 1905 I GameModeConfig: isGameModeOn = false
12-08 09:12:23.417 1494 1905 I GameModeConfig: isGameModeOn = false
12-08 09:12:23.417 1494 1905 I GameModeConfig: isGameModeOn = false
12-08 09:12:23.418 12174 12174 I sysui_multi_action: [757,111,758,2]
12-08 09:12:23.418 12174 12174 I sysui_multi_action: [757,111,758,2]
12-08 09:12:23.421 1494 1494 I notification_enqueue: [10082,12174,com.android.systemui,2048,NULL,0,Notification(channel=updateNotification shortcut=null contentView=null vibrate=null sound=null defaults=0x0 flags=0x0 color=0x00000000 vis=PRIVATE),1]
12-08 09:12:23.422 12174 12174 I sysui_multi_action: [757,111,758,1]
12-08 09:12:23.422 12174 12174 I sysui_multi_action: [757,126,758,1,759,126,927,0,928,1,1593,0]
12-08 09:12:23.422 12174 12174 I sysui_multi_action: [757,113,758,1,759,113,927,1,928,1,1593,0]
12-08 09:12:23.423 12174 12174 I sysui_multi_action: [757,0,758,1,759,0,927,2,928,0,1593,0]
12-08 09:12:23.423 12174 12174 I sysui_multi_action: [757,0,758,1,759,0,927,3,928,0,1593,0]
12-08 09:12:23.423 12174 12174 I sysui_multi_action: [757,491,758,1,759,491,927,4,928,0,1311,-1,1593,0]
12-08 09:12:23.423 12174 12174 I sysui_multi_action: [757,0,758,1,759,0,927,5,928,0,1593,0]
12-08 09:12:23.423 12174 12174 I sysui_multi_action: [757,111,758,1]
12-08 09:12:23.423 12174 12174 I sysui_multi_action: [757,126,758,1,759,126,927,0,928,1,1593,0]
12-08 09:12:23.423 12174 12174 I sysui_multi_action: [757,113,758,1,759,113,927,1,928,1,1593,0]
12-08 09:12:23.423 12174 12174 I sysui_multi_action: [757,0,758,1,759,0,927,2,928,0,1593,0]
12-08 09:12:23.423 12174 12174 I sysui_multi_action: [757,0,758,1,759,0,927,3,928,0,1593,0]
12-08 09:12:23.429 1494 1726 I input_focus: [Focus leaving 2ec6e99 com.android.deskclock/com.android.deskclock.DeskClock (server),reason=setFocusedWindow]
12-08 09:12:23.429 1494 1726 I input_focus: [Focus entering e4dc0ca NotificationShade (server),reason=setFocusedWindow]
12-08 09:12:23.438 1494 1905 I GameModeConfig: isGameModeOn = false
12-08 09:12:23.438 1494 1905 I GameModeConfig: isGameModeOn = false
12-08 09:12:23.438 1494 1905 I GameModeConfig: isGameModeOn = false
12-08 09:12:23.438 1494 1905 I GameModeConfig: isGameModeOn = false
12-08 09:12:23.439 12174 12174 I sysui_multi_action: [757,111,758,2]
12-08 09:12:23.439 12174 12174 I sysui_multi_action: [757,111,758,2]
12-08 09:12:23.440 1494 1494 I notification_enqueue: [10082,12174,com.android.systemui,2048,NULL,0,Notification(channel=updateNotification shortcut=null contentView=null vibrate=null sound=null defaults=0x0 flags=0x0 color=0x00000000 vis=PRIVATE),1]
12-08 09:12:23.443 12174 12174 I sysui_multi_action: [757,111,758,1]
12-08 09:12:23.443 12174 12174 I sysui_multi_action: [757,126,758,1,759,126,927,0,928,1,1593,0]
12-08 09:12:23.443 12174 12174 I sysui_multi_action: [757,113,758,1,759,113,927,1,928,1,1593,0]
12-08 09:12:23.444 12174 12174 I sysui_multi_action: [757,0,758,1,759,0,927,2,928,0,1593,0]
12-08 09:12:23.444 12174 12174 I sysui_multi_action: [757,0,758,1,759,0,927,3,928,0,1593,0]
12-08 09:12:23.444 12174 12174 I sysui_multi_action: [757,491,758,1,759,491,927,4,928,0,1311,-1,1593,0]
12-08 09:12:23.444 12174 12174 I sysui_multi_action: [757,0,758,1,759,0,927,5,928,0,1593,0]
12-08 09:12:23.444 12174 12174 I sysui_multi_action: [757,111,758,1]
12-08 09:12:23.444 12174 12174 I sysui_multi_action: [757,126,758,1,759,126,927,0,928,1,1593,0]
12-08 09:12:23.444 12174 12174 I sysui_multi_action: [757,113,758,1,759,113,927,1,928,1,1593,0]
12-08 09:12:23.444 12174 12174 I sysui_multi_action: [757,0,758,1,759,0,927,2,928,0,1593,0]
12-08 09:12:23.444 12174 12174 I sysui_multi_action: [757,0,758,1,759,0,927,3,928,0,1593,0]
12-08 09:12:23.455 12174 12174 I sysui_multi_action: [757,111,758,2]
12-08 09:12:23.455 12174 12174 I sysui_multi_action: [757,111,758,2]
12-08 09:12:23.456 1494 1494 I notification_enqueue: [10082,12174,com.android.systemui,2048,NULL,0,Notification(channel=updateNotification shortcut=null contentView=null vibrate=null sound=null defaults=0x0 flags=0x0 color=0x00000000 vis=PRIVATE),1]
12-08 09:12:23.457 1494 1905 I GameModeConfig: isGameModeOn = false
12-08 09:12:23.458 1494 1905 I GameModeConfig: isGameModeOn = false
12-08 09:12:23.458 1494 1905 I GameModeConfig: isGameModeOn = false
12-08 09:12:23.458 1494 1905 I GameModeConfig: isGameModeOn = false
12-08 09:12:23.458 12174 12174 I sysui_multi_action: [757,111,758,1]
12-08 09:12:23.458 12174 12174 I sysui_multi_action: [757,126,758,1,759,126,927,0,928,1,1593,0]
12-08 09:12:23.458 12174 12174 I sysui_multi_action: [757,113,758,1,759,113,927,1,928,1,1593,0]
12-08 09:12:23.458 12174 12174 I sysui_multi_action: [757,0,758,1,759,0,927,2,928,0,1593,0]
12-08 09:12:23.458 12174 12174 I sysui_multi_action: [757,0,758,1,759,0,927,3,928,0,1593,0]
12-08 09:12:23.459 12174 12174 I sysui_multi_action: [757,491,758,1,759,491,927,4,928,0,1311,-1,1593,0]
12-08 09:12:23.459 12174 12174 I sysui_multi_action: [757,0,758,1,759,0,927,5,928,0,1593,0]
12-08 09:12:23.459 12174 12174 I sysui_multi_action: [757,111,758,1]
12-08 09:12:23.459 12174 12174 I sysui_multi_action: [757,126,758,1,759,126,927,0,928,1,1593,0]
12-08 09:12:23.459 12174 12174 I sysui_multi_action: [757,113,758,1,759,113,927,1,928,1,1593,0]
12-08 09:12:23.459 12174 12174 I sysui_multi_action: [757,0,758,1,759,0,927,2,928,0,1593,0]
12-08 09:12:23.459 12174 12174 I sysui_multi_action: [757,0,758,1,759,0,927,3,928,0,1593,0]
12-08 09:12:23.469 1494 1905 I GameModeConfig: isGameModeOn = false
12-08 09:12:23.469 1494 1905 I GameModeConfig: isGameModeOn = false
12-08 09:12:23.469 1494 1905 I GameModeConfig: isGameModeOn = false
12-08 09:12:23.469 1494 1905 I GameModeConfig: isGameModeOn = false
12-08 09:12:23.470 12174 12174 I sysui_multi_action: [757,111,758,2]
12-08 09:12:23.470 12174 12174 I sysui_multi_action: [757,111,758,2]
12-08 09:12:23.470 1494 1494 I notification_enqueue: [10082,12174,com.android.systemui,2048,NULL,0,Notification(channel=updateNotification shortcut=null contentView=null vibrate=null sound=null defaults=0x0 flags=0x0 color=0x00000000 vis=PRIVATE),1]
12-08 09:12:23.473 12174 12174 I sysui_multi_action: [757,111,758,1]
12-08 09:12:23.473 12174 12174 I sysui_multi_action: [757,126,758,1,759,126,927,0,928,1,1593,0]
12-08 09:12:23.473 12174 12174 I sysui_multi_action: [757,113,758,1,759,113,927,1,928,1,1593,0]
12-08 09:12:23.473 12174 12174 I sysui_multi_action: [757,0,758,1,759,0,927,2,928,0,1593,0]
12-08 09:12:23.473 12174 12174 I sysui_multi_action: [757,0,758,1,759,0,927,3,928,0,1593,0]
12-08 09:12:23.474 12174 12174 I sysui_multi_action: [757,491,758,1,759,491,927,4,928,0,1311,-1,1593,0]
12-08 09:12:23.474 12174 12174 I sysui_multi_action: [757,0,758,1,759,0,927,5,928,0,1593,0]
12-08 09:12:23.474 12174 12174 I sysui_multi_action: [757,111,758,1]
12-08 09:12:23.474 12174 12174 I sysui_multi_action: [757,126,758,1,759,126,927,0,928,1,1593,0]
12-08 09:12:23.474 12174 12174 I sysui_multi_action: [757,113,758,1,759,113,927,1,928,1,1593,0]
12-08 09:12:23.474 12174 12174 I sysui_multi_action: [757,0,758,1,759,0,927,2,928,0,1593,0]
12-08 09:12:23.474 12174 12174 I sysui_multi_action: [757,0,758,1,759,0,927,3,928,0,1593,0]
12-08 09:12:23.485 1494 1905 I GameModeConfig: isGameModeOn = false
12-08 09:12:23.485 1494 1905 I GameModeConfig: isGameModeOn = false
12-08 09:12:23.485 1494 1905 I GameModeConfig: isGameModeOn = false
12-08 09:12:23.485 1494 1905 I GameModeConfig: isGameModeOn = false
12-08 09:12:23.486 12174 12174 I sysui_multi_action: [757,111,758,2]
12-08 09:12:23.486 12174 12174 I sysui_multi_action: [757,111,758,2]
12-08 09:12:23.487 1494 1494 I notification_enqueue: [10082,12174,com.android.systemui,2048,NULL,0,Notification(channel=updateNotification shortcut=null contentView=null vibrate=null sound=null defaults=0x0 flags=0x0 color=0x00000000 vis=PRIVATE),1]
12-08 09:12:23.490 12174 12174 I sysui_multi_action: [757,111,758,1]
12-08 09:12:23.490 12174 12174 I sysui_multi_action: [757,126,758,1,759,126,927,0,928,1,1593,0]
12-08 09:12:23.490 12174 12174 I sysui_multi_action: [757,113,758,1,759,113,927,1,928,1,1593,0]
12-08 09:12:23.490 12174 12174 I sysui_multi_action: [757,0,758,1,759,0,927,2,928,0,1593,0]
12-08 09:12:23.490 12174 12174 I sysui_multi_action: [757,0,758,1,759,0,927,3,928,0,1593,0]
12-08 09:12:23.490 12174 12174 I sysui_multi_action: [757,491,758,1,759,491,927,4,928,0,1311,-1,1593,0]
12-08 09:12:23.490 12174 12174 I sysui_multi_action: [757,0,758,1,759,0,927,5,928,0,1593,0]
12-08 09:12:23.490 12174 12174 I sysui_multi_action: [757,111,758,1]
12-08 09:12:23.490 12174 12174 I sysui_multi_action: [757,126,758,1,759,126,927,0,928,1,1593,0]
12-08 09:12:23.490 12174 12174 I sysui_multi_action: [757,113,758,1,759,113,927,1,928,1,1593,0]
12-08 09:12:23.491 12174 12174 I sysui_multi_action: [757,0,758,1,759,0,927,2,928,0,1593,0]
12-08 09:12:23.491 12174 12174 I sysui_multi_action: [757,0,758,1,759,0,927,3,928,0,1593,0]
12-08 09:12:23.502 1494 1905 I GameModeConfig: isGameModeOn = false
12-08 09:12:23.502 1494 1905 I GameModeConfig: isGameModeOn = false
12-08 09:12:23.502 1494 1905 I GameModeConfig: isGameModeOn = false
12-08 09:12:23.502 1494 1905 I GameModeConfig: isGameModeOn = false
12-08 09:12:23.503 12174 12174 I sysui_multi_action: [757,111,758,2]
12-08 09:12:23.503 12174 12174 I sysui_multi_action: [757,111,758,2]
12-08 09:12:23.504 1494 1494 I notification_enqueue: [10082,12174,com.android.systemui,2048,NULL,0,Notification(channel=updateNotification shortcut=null contentView=null vibrate=null sound=null defaults=0x0 flags=0x0 color=0x00000000 vis=PRIVATE),1]
12-08 09:12:23.507 12174 12174 I sysui_multi_action: [757,111,758,1]
12-08 09:12:23.507 12174 12174 I sysui_multi_action: [757,126,758,1,759,126,927,0,928,1,1593,0]
12-08 09:12:23.507 12174 12174 I sysui_multi_action: [757,113,758,1,759,113,927,1,928,1,1593,0]
12-08 09:12:23.507 12174 12174 I sysui_multi_action: [757,0,758,1,759,0,927,2,928,0,1593,0]
12-08 09:12:23.507 12174 12174 I sysui_multi_action: [757,0,758,1,759,0,927,3,928,0,1593,0]
12-08 09:12:23.507 12174 12174 I sysui_multi_action: [757,491,758,1,759,491,927,4,928,0,1311,-1,1593,0]
12-08 09:12:23.507 12174 12174 I sysui_multi_action: [757,0,758,1,759,0,927,5,928,0,1593,0]
12-08 09:12:23.507 12174 12174 I sysui_multi_action: [757,111,758,1]
12-08 09:12:23.508 12174 12174 I sysui_multi_action: [757,126,758,1,759,126,927,0,928,1,1593,0]
12-08 09:12:23.508 12174 12174 I sysui_multi_action: [757,113,758,1,759,113,927,1,928,1,1593,0]
12-08 09:12:23.508 12174 12174 I sysui_multi_action: [757,0,758,1,759,0,927,2,928,0,1593,0]
12-08 09:12:23.508 12174 12174 I sysui_multi_action: [757,0,758,1,759,0,927,3,928,0,1593,0]
12-08 09:12:23.520 1494 1905 I GameModeConfig: isGameModeOn = false
12-08 09:12:23.521 1494 1905 I GameModeConfig: isGameModeOn = false
12-08 09:12:23.521 1494 1905 I GameModeConfig: isGameModeOn = false
12-08 09:12:23.521 1494 1905 I GameModeConfig: isGameModeOn = false
12-08 09:12:23.524 12174 12174 I sysui_multi_action: [757,111,758,2]
12-08 09:12:23.524 12174 12174 I sysui_multi_action: [757,111,758,2]
12-08 09:12:23.525 1494 1494 I notification_enqueue: [10082,12174,com.android.systemui,2048,NULL,0,Notification(channel=updateNotification shortcut=null contentView=null vibrate=null sound=null defaults=0x0 flags=0x0 color=0x00000000 vis=PRIVATE),1]
12-08 09:12:23.528 12174 12174 I sysui_multi_action: [757,111,758,1]
12-08 09:12:23.528 12174 12174 I sysui_multi_action: [757,126,758,1,759,126,927,0,928,1,1593,0]
12-08 09:12:23.528 12174 12174 I sysui_multi_action: [757,113,758,1,759,113,927,1,928,1,1593,0]
12-08 09:12:23.528 12174 12174 I sysui_multi_action: [757,0,758,1,759,0,927,2,928,0,1593,0]
12-08 09:12:23.528 12174 12174 I sysui_multi_action: [757,0,758,1,759,0,927,3,928,0,1593,0]
12-08 09:12:23.529 12174 12174 I sysui_multi_action: [757,491,758,1,759,491,927,4,928,0,1311,-1,1593,0]
12-08 09:12:23.529 12174 12174 I sysui_multi_action: [757,0,758,1,759,0,927,5,928,0,1593,0]
12-08 09:12:23.529 12174 12174 I sysui_multi_action: [757,111,758,1]
12-08 09:12:23.529 12174 12174 I sysui_multi_action: [757,126,758,1,759,126,927,0,928,1,1593,0]
12-08 09:12:23.529 12174 12174 I sysui_multi_action: [757,113,758,1,759,113,927,1,928,1,1593,0]
12-08 09:12:23.529 12174 12174 I sysui_multi_action: [757,0,758,1,759,0,927,2,928,0,1593,0]
12-08 09:12:23.529 12174 12174 I sysui_multi_action: [757,0,758,1,759,0,927,3,928,0,1593,0]
12-08 09:12:23.542 1494 1905 I GameModeConfig: isGameModeOn = false
12-08 09:12:23.542 1494 1905 I GameModeConfig: isGameModeOn = false
12-08 09:12:23.542 1494 1905 I GameModeConfig: isGameModeOn = false
12-08 09:12:23.543 1494 1905 I GameModeConfig: isGameModeOn = false
12-08 09:12:23.544 12174 12174 I sysui_multi_action: [757,111,758,2]
12-08 09:12:23.544 12174 12174 I sysui_multi_action: [757,111,758,2]
12-08 09:12:23.544 1494 1494 I notification_enqueue: [10082,12174,com.android.systemui,2048,NULL,0,Notification(channel=updateNotification shortcut=null contentView=null vibrate=null sound=null defaults=0x0 flags=0x0 color=0x00000000 vis=PRIVATE),1]
12-08 09:12:23.547 12174 12174 I sysui_multi_action: [757,111,758,1]
12-08 09:12:23.547 12174 12174 I sysui_multi_action: [757,126,758,1,759,126,927,0,928,1,1593,0]
12-08 09:12:23.547 12174 12174 I sysui_multi_action: [757,113,758,1,759,113,927,1,928,1,1593,0]
12-08 09:12:23.548 12174 12174 I sysui_multi_action: [757,0,758,1,759,0,927,2,928,0,1593,0]
12-08 09:12:23.548 12174 12174 I sysui_multi_action: [757,0,758,1,759,0,927,3,928,0,1593,0]
12-08 09:12:23.548 12174 12174 I sysui_multi_action: [757,491,758,1,759,491,927,4,928,0,1311,-1,1593,0]
12-08 09:12:23.548 12174 12174 I sysui_multi_action: [757,0,758,1,759,0,927,5,928,0,1593,0]
12-08 09:12:23.548 12174 12174 I sysui_multi_action: [757,111,758,1]
12-08 09:12:23.548 12174 12174 I sysui_multi_action: [757,126,758,1,759,126,927,0,928,1,1593,0]
12-08 09:12:23.548 12174 12174 I sysui_multi_action: [757,113,758,1,759,113,927,1,928,1,1593,0]
12-08 09:12:23.548 12174 12174 I sysui_multi_action: [757,0,758,1,759,0,927,2,928,0,1593,0]
12-08 09:12:23.548 12174 12174 I sysui_multi_action: [757,0,758,1,759,0,927,3,928,0,1593,0]
12-08 09:12:23.559 1494 1905 I GameModeConfig: isGameModeOn = false
12-08 09:12:23.560 1494 1905 I GameModeConfig: isGameModeOn = false
12-08 09:12:23.560 1494 1905 I GameModeConfig: isGameModeOn = false
12-08 09:12:23.560 1494 1905 I GameModeConfig: isGameModeOn = false
12-08 09:12:23.561 12174 12174 I sysui_multi_action: [757,111,758,2]
12-08 09:12:23.561 12174 12174 I sysui_multi_action: [757,111,758,2]
12-08 09:12:23.561 1494 1494 I notification_enqueue: [10082,12174,com.android.systemui,2048,NULL,0,Notification(channel=updateNotification shortcut=null contentView=null vibrate=null sound=null defaults=0x0 flags=0x0 color=0x00000000 vis=PRIVATE),1]
12-08 09:12:23.565 12174 12174 I sysui_multi_action: [757,111,758,1]
