12-08 09:11:49.467 12174 12174 I sysui_multi_action: [757,113,758,1,759,113,927,1,928,1,1593,0]
12-08 09:11:49.467 12174 12174 I sysui_multi_action: [757,0,758,1,759,0,927,2,928,0,1593,0]
12-08 09:11:49.467 12174 12174 I sysui_multi_action: [757,0,758,1,759,0,927,3,928,0,1593,0]
12-08 09:11:49.467 12174 12174 I sysui_multi_action: [757,491,758,1,759,491,927,4,928,0,1311,-1,1593,0]
12-08 09:11:49.467 1494 1579 I sysui_latency: [8,97]
12-08 09:11:49.467 12174 12174 I sysui_multi_action: [757,0,758,1,759,0,927,5,928,0,1593,0]
12-08 09:11:49.467 12174 12174 I sysui_multi_action: [757,111,758,1]
12-08 09:11:49.467 12174 12174 I sysui_multi_action: [757,126,758,1,759,126,927,0,928,1,1593,0]
12-08 09:11:49.467 12174 12174 I sysui_multi_action: [757,113,758,1,759,113,927,1,928,1,1593,0]
12-08 09:11:49.468 12174 12174 I sysui_multi_action: [757,0,758,1,759,0,927,2,928,0,1593,0]
12-08 09:11:49.468 12174 12174 I sysui_multi_action: [757,0,758,1,759,0,927,3,928,0,1593,0]
12-08 09:11:49.476 1494 1905 I GameModeConfig: isGameModeOn = false
12-08 09:11:49.476 1494 1905 I GameModeConfig: isGameModeOn = false
12-08 09:11:49.477 1494 1905 I GameModeConfig: isGameModeOn = false
12-08 09:11:49.477 1494 1905 I GameModeConfig: isGameModeOn = false
12-08 09:11:49.478 12174 12174 I sysui_multi_action: [757,111,758,2]
12-08 09:11:49.478 1494 1494 I notification_enqueue: [10082,12174,com.android.systemui,2048,NULL,0,Notification(channel=updateNotification shortcut=null contentView=null vibrate=null sound=null defaults=0x0 flags=0x0 color=0x00000000 vis=PRIVATE),1]
12-08 09:11:49.478 12174 12174 I sysui_multi_action: [757,111,758,2]
12-08 09:11:49.481 12174 12174 I sysui_multi_action: [757,111,758,1]
12-08 09:11:49.482 12174 12174 I sysui_multi_action: [757,126,758,1,759,126,927,0,928,1,1593,0]
12-08 09:11:49.482 12174 12174 I sysui_multi_action: [757,113,758,1,759,113,927,1,928,1,1593,0]
12-08 09:11:49.482 12174 12174 I sysui_multi_action: [757,0,758,1,759,0,927,2,928,0,1593,0]
12-08 09:11:49.482 12174 12174 I sysui_multi_action: [757,0,758,1,759,0,927,3,928,0,1593,0]
12-08 09:11:49.482 12174 12174 I sysui_multi_action: [757,491,758,1,759,491,927,4,928,0,1311,-1,1593,0]
12-08 09:11:49.482 12174 12174 I sysui_multi_action: [757,0,758,1,759,0,927,5,928,0,1593,0]
12-08 09:11:49.482 12174 12174 I sysui_multi_action: [757,111,758,1]
12-08 09:11:49.482 12174 12174 I sysui_multi_action: [757,126,758,1,759,126,927,0,928,1,1593,0]
12-08 09:11:49.483 12174 12174 I sysui_multi_action: [757,113,758,1,759,113,927,1,928,1,1593,0]
12-08 09:11:49.483 12174 12174 I sysui_multi_action: [757,0,758,1,759,0,927,2,928,0,1593,0]
12-08 09:11:49.483 12174 12174 I sysui_multi_action: [757,0,758,1,759,0,927,3,928,0,1593,0]
12-08 09:11:49.492 1494 1905 I GameModeConfig: isGameModeOn = false
12-08 09:11:49.492 1494 1905 I GameModeConfig: isGameModeOn = false
12-08 09:11:49.493 1494 1905 I GameModeConfig: isGameModeOn = false
12-08 09:11:49.493 1494 1905 I GameModeConfig: isGameModeOn = false
12-08 09:11:49.494 12174 12174 I sysui_multi_action: [757,111,758,2]
12-08 09:11:49.494 12174 12174 I sysui_multi_action: [757,111,758,2]
12-08 09:11:49.494 1494 1494 I notification_enqueue: [10082,12174,com.android.systemui,2048,NULL,0,Notification(channel=updateNotification shortcut=null contentView=null vibrate=null sound=null defaults=0x0 flags=0x0 color=0x00000000 vis=PRIVATE),1]
12-08 09:11:49.496 12174 12174 I sysui_multi_action: [757,111,758,1]
12-08 09:11:49.496 12174 12174 I sysui_multi_action: [757,126,758,1,759,126,927,0,928,1,1593,0]
12-08 09:11:49.496 12174 12174 I sysui_multi_action: [757,113,758,1,759,113,927,1,928,1,1593,0]
12-08 09:11:49.496 12174 12174 I sysui_multi_action: [757,0,758,1,759,0,927,2,928,0,1593,0]
12-08 09:11:49.497 12174 12174 I sysui_multi_action: [757,0,758,1,759,0,927,3,928,0,1593,0]
12-08 09:11:49.497 12174 12174 I sysui_multi_action: [757,491,758,1,759,491,927,4,928,0,1311,-1,1593,0]
12-08 09:11:49.497 12174 12174 I sysui_multi_action: [757,0,758,1,759,0,927,5,928,0,1593,0]
12-08 09:11:49.497 12174 12174 I sysui_multi_action: [757,111,758,1]
12-08 09:11:49.497 12174 12174 I sysui_multi_action: [757,126,758,1,759,126,927,0,928,1,1593,0]
12-08 09:11:49.497 12174 12174 I sysui_multi_action: [757,113,758,1,759,113,927,1,928,1,1593,0]
12-08 09:11:49.497 12174 12174 I sysui_multi_action: [757,0,758,1,759,0,927,2,928,0,1593,0]
12-08 09:11:49.497 12174 12174 I sysui_multi_action: [757,0,758,1,759,0,927,3,928,0,1593,0]
12-08 09:11:49.512 1494 1905 I GameModeConfig: isGameModeOn = false
12-08 09:11:49.512 1494 1905 I GameModeConfig: isGameModeOn = false
12-08 09:11:49.512 1494 1905 I GameModeConfig: isGameModeOn = false
12-08 09:11:49.512 1494 1905 I GameModeConfig: isGameModeOn = false
12-08 09:11:49.518 12174 12174 I sysui_multi_action: [757,111,758,2]
12-08 09:11:49.518 12174 12174 I sysui_multi_action: [757,111,758,2]
12-08 09:11:49.520 12174 12174 I sysui_multi_action: [757,111,758,1]
12-08 09:11:49.520 1494 1494 I notification_enqueue: [10082,12174,com.android.systemui,2048,NULL,0,Notification(channel=updateNotification shortcut=null contentView=null vibrate=null sound=null defaults=0x0 flags=0x0 color=0x00000000 vis=PRIVATE),1]
12-08 09:11:49.521 12174 12174 I sysui_multi_action: [757,126,758,1,759,126,927,0,928,1,1593,0]
12-08 09:11:49.521 12174 12174 I sysui_multi_action: [757,113,758,1,759,113,927,1,928,1,1593,0]
12-08 09:11:49.521 12174 12174 I sysui_multi_action: [757,0,758,1,759,0,927,2,928,0,1593,0]
12-08 09:11:49.521 12174 12174 I sysui_multi_action: [757,0,758,1,759,0,927,3,928,0,1593,0]
12-08 09:11:49.521 12174 12174 I sysui_multi_action: [757,491,758,1,759,491,927,4,928,0,1311,-1,1593,0]
12-08 09:11:49.521 12174 12174 I sysui_multi_action: [757,0,758,1,759,0,927,5,928,0,1593,0]
12-08 09:11:49.521 12174 12174 I sysui_multi_action: [757,111,758,1]
12-08 09:11:49.521 12174 12174 I sysui_multi_action: [757,126,758,1,759,126,927,0,928,1,1593,0]
12-08 09:11:49.521 12174 12174 I sysui_multi_action: [757,113,758,1,759,113,927,1,928,1,1593,0]
12-08 09:11:49.521 12174 12174 I sysui_multi_action: [757,0,758,1,759,0,927,2,928,0,1593,0]
12-08 09:11:49.521 12174 12174 I sysui_multi_action: [757,0,758,1,759,0,927,3,928,0,1593,0]
12-08 09:11:49.529 1494 1905 I GameModeConfig: isGameModeOn = false
12-08 09:11:49.530 1494 1905 I GameModeConfig: isGameModeOn = false
12-08 09:11:49.530 1494 1905 I GameModeConfig: isGameModeOn = false
12-08 09:11:49.530 1494 1905 I GameModeConfig: isGameModeOn = false
12-08 09:11:49.531 12174 12174 I sysui_multi_action: [757,111,758,2]
12-08 09:11:49.531 12174 12174 I sysui_multi_action: [757,111,758,2]
12-08 09:11:49.531 1494 1494 I GameModeConfig: isGameModeOn = false
12-08 09:11:49.531 1494 1494 E NotificationService: Muting recently noisy 0|com.android.systemui|2048|null|10082
12-08 09:11:49.532 1494 1494 I notification_enqueue: [10082,12174,com.android.systemui,2048,NULL,0,Notification(channel=updateNotification shortcut=null contentView=null vibrate=null sound=null defaults=0x0 flags=0x0 color=0x00000000 vis=PRIVATE),1]
12-08 09:11:49.534 12174 12174 I sysui_multi_action: [757,111,758,1]
12-08 09:11:49.534 12174 12174 I sysui_multi_action: [757,126,758,1,759,126,927,0,928,1,1593,0]
12-08 09:11:49.534 12174 12174 I sysui_multi_action: [757,113,758,1,759,113,927,1,928,1,1593,0]
12-08 09:11:49.534 12174 12174 I sysui_multi_action: [757,0,758,1,759,0,927,2,928,0,1593,0]
12-08 09:11:49.534 12174 12174 I sysui_multi_action: [757,0,758,1,759,0,927,3,928,0,1593,0]
12-08 09:11:49.534 12174 12174 I sysui_multi_action: [757,491,758,1,759,491,927,4,928,0,1311,-1,1593,0]
12-08 09:11:49.534 12174 12174 I sysui_multi_action: [757,0,758,1,759,0,927,5,928,0,1593,0]
12-08 09:11:49.534 12174 12174 I sysui_multi_action: [757,111,758,1]
12-08 09:11:49.534 12174 12174 I sysui_multi_action: [757,126,758,1,759,126,927,0,928,1,1593,0]
12-08 09:11:49.534 12174 12174 I sysui_multi_action: [757,113,758,1,759,113,927,1,928,1,1593,0]
12-08 09:11:49.534 12174 12174 I sysui_multi_action: [757,0,758,1,759,0,927,2,928,0,1593,0]
12-08 09:11:49.535 12174 12174 I sysui_multi_action: [757,0,758,1,759,0,927,3,928,0,1593,0]
12-08 09:11:49.543 1494 1905 I GameModeConfig: isGameModeOn = false
12-08 09:11:49.544 1494 1905 I GameModeConfig: isGameModeOn = false
12-08 09:11:49.544 1494 1905 I GameModeConfig: isGameModeOn = false
12-08 09:11:49.544 1494 1905 I GameModeConfig: isGameModeOn = false
12-08 09:11:49.545 12174 12174 I sysui_multi_action: [757,111,758,2]
12-08 09:11:49.545 12174 12174 I sysui_multi_action: [757,111,758,2]
12-08 09:11:49.546 1494 1494 I notification_enqueue: [10082,12174,com.android.systemui,2048,NULL,0,Notification(channel=updateNotification shortcut=null contentView=null vibrate=null sound=null defaults=0x0 flags=0x0 color=0x00000000 vis=PRIVATE),1]
12-08 09:11:49.548 12174 12174 I sysui_multi_action: [757,111,758,1]
12-08 09:11:49.548 12174 12174 I sysui_multi_action: [757,126,758,1,759,126,927,0,928,1,1593,0]
12-08 09:11:49.548 12174 12174 I sysui_multi_action: [757,113,758,1,759,113,927,1,928,1,1593,0]
12-08 09:11:49.548 12174 12174 I sysui_multi_action: [757,0,758,1,759,0,927,2,928,0,1593,0]
12-08 09:11:49.548 12174 12174 I sysui_multi_action: [757,0,758,1,759,0,927,3,928,0,1593,0]
12-08 09:11:49.548 12174 12174 I sysui_multi_action: [757,491,758,1,759,491,927,4,928,0,1311,-1,1593,0]
12-08 09:11:49.548 12174 12174 I sysui_multi_action: [757,0,758,1,759,0,927,5,928,0,1593,0]
12-08 09:11:49.548 12174 12174 I sysui_multi_action: [757,111,758,1]
12-08 09:11:49.548 12174 12174 I sysui_multi_action: [757,126,758,1,759,126,927,0,928,1,1593,0]
12-08 09:11:49.548 12174 12174 I sysui_multi_action: [757,113,758,1,759,113,927,1,928,1,1593,0]
12-08 09:11:49.549 12174 12174 I sysui_multi_action: [757,0,758,1,759,0,927,2,928,0,1593,0]
12-08 09:11:49.549 12174 12174 I sysui_multi_action: [757,0,758,1,759,0,927,3,928,0,1593,0]
12-08 09:11:49.556 1494 1494 I GameModeConfig: isGameModeOn = false
12-08 09:11:49.556 1494 1494 E NotificationService: Muting recently noisy 0|com.android.systemui|2048|null|10082
12-08 09:11:49.560 1494 1905 I GameModeConfig: isGameModeOn = false
12-08 09:11:49.560 1494 1905 I GameModeConfig: isGameModeOn = false
12-08 09:11:49.560 1494 1905 I GameModeConfig: isGameModeOn = false
12-08 09:11:49.560 1494 1905 I GameModeConfig: isGameModeOn = false
12-08 09:11:49.561 12174 12174 I sysui_multi_action: [757,111,758,2]
12-08 09:11:49.561 12174 12174 I sysui_multi_action: [757,111,758,2]
12-08 09:11:49.561 1494 1494 I notification_enqueue: [10082,12174,com.android.systemui,2048,NULL,0,Notification(channel=updateNotification shortcut=null contentView=null vibrate=null sound=null defaults=0x0 flags=0x0 color=0x00000000 vis=PRIVATE),1]
12-08 09:11:49.563 12174 12174 I sysui_multi_action: [757,111,758,1]
12-08 09:11:49.563 12174 12174 I sysui_multi_action: [757,126,758,1,759,126,927,0,928,1,1593,0]
12-08 09:11:49.563 12174 12174 I sysui_multi_action: [757,113,758,1,759,113,927,1,928,1,1593,0]
12-08 09:11:49.563 12174 12174 I sysui_multi_action: [757,0,758,1,759,0,927,2,928,0,1593,0]
12-08 09:11:49.563 12174 12174 I sysui_multi_action: [757,0,758,1,759,0,927,3,928,0,1593,0]
12-08 09:11:49.564 12174 12174 I sysui_multi_action: [757,491,758,1,759,491,927,4,928,0,1311,-1,1593,0]
12-08 09:11:49.564 12174 12174 I sysui_multi_action: [757,0,758,1,759,0,927,5,928,0,1593,0]
12-08 09:11:49.564 12174 12174 I sysui_multi_action: [757,111,758,1]
12-08 09:11:49.564 12174 12174 I sysui_multi_action: [757,126,758,1,759,126,927,0,928,1,1593,0]
12-08 09:11:49.564 12174 12174 I sysui_multi_action: [757,113,758,1,759,113,927,1,928,1,1593,0]
12-08 09:11:49.564 12174 12174 I sysui_multi_action: [757,0,758,1,759,0,927,2,928,0,1593,0]
12-08 09:11:49.564 12174 12174 I sysui_multi_action: [757,0,758,1,759,0,927,3,928,0,1593,0]
12-08 09:11:49.566 1494 1494 I GameModeConfig: isGameModeOn = false
12-08 09:11:49.566 1494 1494 E NotificationService: Muting recently noisy 0|com.android.systemui|2048|null|10082
12-08 09:11:49.573 1494 1905 I GameModeConfig: isGameModeOn = false
12-08 09:11:49.573 1494 1905 I GameModeConfig: isGameModeOn = false
12-08 09:11:49.573 1494 1905 I GameModeConfig: isGameModeOn = false
12-08 09:11:49.573 1494 1905 I GameModeConfig: isGameModeOn = false
12-08 09:11:49.574 12174 12174 I sysui_multi_action: [757,111,758,2]
12-08 09:11:49.574 12174 12174 I sysui_multi_action: [757,111,758,2]
12-08 09:11:49.575 1494 1494 I notification_enqueue: [10082,12174,com.android.systemui,2048,NULL,0,Notification(channel=updateNotification shortcut=null contentView=null vibrate=null sound=null defaults=0x0 flags=0x0 color=0x00000000 vis=PRIVATE),1]
12-08 09:11:49.576 12174 12174 I sysui_multi_action: [757,111,758,1]
12-08 09:11:49.576 12174 12174 I sysui_multi_action: [757,126,758,1,759,126,927,0,928,1,1593,0]
12-08 09:11:49.576 12174 12174 I sysui_multi_action: [757,113,758,1,759,113,927,1,928,1,1593,0]
12-08 09:11:49.577 12174 12174 I sysui_multi_action: [757,0,758,1,759,0,927,2,928,0,1593,0]
12-08 09:11:49.577 12174 12174 I sysui_multi_action: [757,0,758,1,759,0,927,3,928,0,1593,0]
12-08 09:11:49.577 12174 12174 I sysui_multi_action: [757,491,758,1,759,491,927,4,928,0,1311,-1,1593,0]
12-08 09:11:49.577 12174 12174 I sysui_multi_action: [757,0,758,1,759,0,927,5,928,0,1593,0]
12-08 09:11:49.577 12174 12174 I sysui_multi_action: [757,111,758,1]
12-08 09:11:49.577 12174 12174 I sysui_multi_action: [757,126,758,1,759,126,927,0,928,1,1593,0]
12-08 09:11:49.577 12174 12174 I sysui_multi_action: [757,113,758,1,759,113,927,1,928,1,1593,0]
12-08 09:11:49.577 12174 12174 I sysui_multi_action: [757,0,758,1,759,0,927,2,928,0,1593,0]
12-08 09:11:49.577 12174 12174 I sysui_multi_action: [757,0,758,1,759,0,927,3,928,0,1593,0]
12-08 09:11:49.579 1494 1494 I GameModeConfig: isGameModeOn = false
12-08 09:11:49.579 1494 1494 E NotificationService: Muting recently noisy 0|com.android.systemui|2048|null|10082
12-08 09:11:49.592 1494 1905 I GameModeConfig: isGameModeOn = false
12-08 09:11:49.592 1494 1905 I GameModeConfig: isGameModeOn = false
12-08 09:11:49.592 1494 1905 I GameModeConfig: isGameModeOn = false
12-08 09:11:49.592 1494 1905 I GameModeConfig: isGameModeOn = false
12-08 09:11:49.593 12174 12174 I sysui_multi_action: [757,111,758,2]
12-08 09:11:49.593 12174 12174 I sysui_multi_action: [757,111,758,2]
12-08 09:11:49.594 1494 1494 I GameModeConfig: isGameModeOn = false
12-08 09:11:49.594 1494 1494 E NotificationService: Muting recently noisy 0|com.android.systemui|2048|null|10082
12-08 09:11:49.595 1494 1494 I notification_enqueue: [10082,12174,com.android.systemui,2048,NULL,0,Notification(channel=updateNotification shortcut=null contentView=null vibrate=null sound=null defaults=0x0 flags=0x0 color=0x00000000 vis=PRIVATE),1]
12-08 09:11:49.596 12174 12174 I sysui_multi_action: [757,111,758,1]
12-08 09:11:49.596 12174 12174 I sysui_multi_action: [757,126,758,1,759,126,927,0,928,1,1593,0]
12-08 09:11:49.596 12174 12174 I sysui_multi_action: [757,113,758,1,759,113,927,1,928,1,1593,0]
12-08 09:11:49.596 12174 12174 I sysui_multi_action: [757,0,758,1,759,0,927,2,928,0,1593,0]
12-08 09:11:49.597 12174 12174 I sysui_multi_action: [757,0,758,1,759,0,927,3,928,0,1593,0]
12-08 09:11:49.597 12174 12174 I sysui_multi_action: [757,491,758,1,759,491,927,4,928,0,1311,-1,1593,0]
12-08 09:11:49.597 12174 12174 I sysui_multi_action: [757,0,758,1,759,0,927,5,928,0,1593,0]
12-08 09:11:49.597 12174 12174 I sysui_multi_action: [757,111,758,1]
12-08 09:11:49.597 12174 12174 I sysui_multi_action: [757,126,758,1,759,126,927,0,928,1,1593,0]
12-08 09:11:49.597 12174 12174 I sysui_multi_action: [757,113,758,1,759,113,927,1,928,1,1593,0]
12-08 09:11:49.597 12174 12174 I sysui_multi_action: [757,0,758,1,759,0,927,2,928,0,1593,0]
12-08 09:11:49.597 12174 12174 I sysui_multi_action: [757,0,758,1,759,0,927,3,928,0,1593,0]
12-08 09:11:49.604 1494 1523 I sysui_multi_action: [757,128,758,2,793,17693398,794,517,795,17693398,796,26,798,0,806,android,857,DEVELOPER_IMPORTANT,858,4,947,0,1395,2,1500,17692944,1688,1]
12-08 09:11:49.605 1494 1523 I notification_visibility: [-1|android|26|null|1000,0,17693398,17693398,0,0]
12-08 09:11:49.605 1494 1523 I sysui_multi_action: [757,128,758,2,793,17694253,794,517,795,17694253,796,32,798,1,806,android,857,USB,858,1,947,0,1395,2,1500,17694193,1688,1]
12-08 09:11:49.606 1494 1523 I notification_visibility: [-1|android|32|null|1000,0,17694253,17694253,0,1]
12-08 09:11:49.608 1494 1494 I GameModeConfig: isGameModeOn = false
12-08 09:11:49.608 1494 1494 E NotificationService: Muting recently noisy 0|com.android.systemui|2048|null|10082
12-08 09:11:49.610 1494 1905 I GameModeConfig: isGameModeOn = false
12-08 09:11:49.614 1494 1905 I GameModeConfig: isGameModeOn = false
12-08 09:11:49.614 1494 1905 I GameModeConfig: isGameModeOn = false
12-08 09:11:49.614 1494 1905 I GameModeConfig: isGameModeOn = false
12-08 09:11:49.614 12174 12174 I sysui_multi_action: [757,111,758,2]
12-08 09:11:49.614 12174 12174 I sysui_multi_action: [757,111,758,2]
12-08 09:11:49.615 1494 1494 I notification_enqueue: [10082,12174,com.android.systemui,2048,NULL,0,Notification(channel=updateNotification shortcut=null contentView=null vibrate=null sound=null defaults=0x0 flags=0x0 color=0x00000000 vis=PRIVATE),1]
12-08 09:11:49.618 12174 12174 I sysui_multi_action: [757,111,758,1]
12-08 09:11:49.618 12174 12174 I sysui_multi_action: [757,126,758,1,759,126,927,0,928,1,1593,0]
12-08 09:11:49.618 12174 12174 I sysui_multi_action: [757,113,758,1,759,113,927,1,928,1,1593,0]
12-08 09:11:49.618 12174 12174 I sysui_multi_action: [757,0,758,1,759,0,927,2,928,0,1593,0]
12-08 09:11:49.618 12174 12174 I sysui_multi_action: [757,0,758,1,759,0,927,3,928,0,1593,0]
12-08 09:11:49.618 12174 12174 I sysui_multi_action: [757,491,758,1,759,491,927,4,928,0,1311,-1,1593,0]
12-08 09:11:49.618 12174 12174 I sysui_multi_action: [757,0,758,1,759,0,927,5,928,0,1593,0]
12-08 09:11:49.618 12174 12174 I sysui_multi_action: [757,111,758,1]
12-08 09:11:49.618 12174 12174 I sysui_multi_action: [757,126,758,1,759,126,927,0,928,1,1593,0]
12-08 09:11:49.619 12174 12174 I sysui_multi_action: [757,113,758,1,759,113,927,1,928,1,1593,0]
12-08 09:11:49.619 12174 12174 I sysui_multi_action: [757,0,758,1,759,0,927,2,928,0,1593,0]
12-08 09:11:49.619 12174 12174 I sysui_multi_action: [757,0,758,1,759,0,927,3,928,0,1593,0]
12-08 09:11:49.626 1494 1494 I GameModeConfig: isGameModeOn = false
12-08 09:11:49.626 1494 1494 E NotificationService: Muting recently noisy 0|com.android.systemui|2048|null|10082
12-08 09:11:49.630 1494 1905 I GameModeConfig: isGameModeOn = false
12-08 09:11:49.630 1494 1905 I GameModeConfig: isGameModeOn = false
12-08 09:11:49.630 1494 1905 I GameModeConfig: isGameModeOn = false
12-08 09:11:49.630 1494 1905 I GameModeConfig: isGameModeOn = false
12-08 09:11:49.630 12174 12174 I sysui_multi_action: [757,111,758,2]
12-08 09:11:49.630 1494 1494 I notification_enqueue: [10082,12174,com.android.systemui,2048,NULL,0,Notification(channel=updateNotification shortcut=null contentView=null vibrate=null sound=null defaults=0x0 flags=0x0 color=0x00000000 vis=PRIVATE),1]
12-08 09:11:49.630 12174 12174 I sysui_multi_action: [757,111,758,2]
12-08 09:11:49.633 12174 12174 I sysui_multi_action: [757,111,758,1]
12-08 09:11:49.634 12174 12174 I sysui_multi_action: [757,126,758,1,759,126,927,0,928,1,1593,0]
12-08 09:11:49.634 12174 12174 I sysui_multi_action: [757,113,758,1,759,113,927,1,928,1,1593,0]
12-08 09:11:49.634 12174 12174 I sysui_multi_action: [757,0,758,1,759,0,927,2,928,0,1593,0]
12-08 09:11:49.634 12174 12174 I sysui_multi_action: [757,0,758,1,759,0,927,3,928,0,1593,0]
12-08 09:11:49.634 12174 12174 I sysui_multi_action: [757,491,758,1,759,491,927,4,928,0,1311,-1,1593,0]
12-08 09:11:49.634 12174 12174 I sysui_multi_action: [757,0,758,1,759,0,927,5,928,0,1593,0]
12-08 09:11:49.634 12174 12174 I sysui_multi_action: [757,111,758,1]
12-08 09:11:49.634 12174 12174 I sysui_multi_action: [757,126,758,1,759,126,927,0,928,1,1593,0]
12-08 09:11:49.634 12174 12174 I sysui_multi_action: [757,113,758,1,759,113,927,1,928,1,1593,0]
12-08 09:11:49.634 12174 12174 I sysui_multi_action: [757,0,758,1,759,0,927,2,928,0,1593,0]
12-08 09:11:49.635 12174 12174 I sysui_multi_action: [757,0,758,1,759,0,927,3,928,0,1593,0]
12-08 09:11:49.643 1494 1905 I GameModeConfig: isGameModeOn = false
12-08 09:11:49.643 1494 1905 I GameModeConfig: isGameModeOn = false
12-08 09:11:49.643 1494 1905 I GameModeConfig: isGameModeOn = false
12-08 09:11:49.643 1494 1905 I GameModeConfig: isGameModeOn = false
12-08 09:11:49.644 12174 12174 I sysui_multi_action: [757,111,758,2]
12-08 09:11:49.644 12174 12174 I sysui_multi_action: [757,111,758,2]
12-08 09:11:49.644 1494 1494 I notification_enqueue: [10082,12174,com.android.systemui,2048,NULL,0,Notification(channel=updateNotification shortcut=null contentView=null vibrate=null sound=null defaults=0x0 flags=0x0 color=0x00000000 vis=PRIVATE),1]
12-08 09:11:49.647 1494 1494 I GameModeConfig: isGameModeOn = false
12-08 09:11:49.649 1494 1494 E NotificationService: Muting recently noisy 0|com.android.systemui|2048|null|10082
12-08 09:11:49.653 1494 8468 W WindowManager: updateScale0.4617737
12-08 09:11:49.656 12174 12174 I sysui_multi_action: [757,111,758,1]
12-08 09:11:49.656 12174 12174 I sysui_multi_action: [757,126,758,1,759,126,927,0,928,1,1593,0]
12-08 09:11:49.656 12174 12174 I sysui_multi_action: [757,113,758,1,759,113,927,1,928,1,1593,0]
12-08 09:11:49.656 12174 12174 I sysui_multi_action: [757,0,758,1,759,0,927,2,928,0,1593,0]
12-08 09:11:49.656 12174 12174 I sysui_multi_action: [757,0,758,1,759,0,927,3,928,0,1593,0]
12-08 09:11:49.656 12174 12174 I sysui_multi_action: [757,491,758,1,759,491,927,4,928,0,1311,-1,1593,0]
12-08 09:11:49.656 12174 12174 I sysui_multi_action: [757,0,758,1,759,0,927,5,928,0,1593,0]
12-08 09:11:49.656 12174 12174 I sysui_multi_action: [757,111,758,1]
12-08 09:11:49.657 12174 12174 I sysui_multi_action: [757,126,758,1,759,126,927,0,928,1,1593,0]
12-08 09:11:49.657 12174 12174 I sysui_multi_action: [757,113,758,1,759,113,927,1,928,1,1593,0]
12-08 09:11:49.657 12174 12174 I sysui_multi_action: [757,0,758,1,759,0,927,2,928,0,1593,0]
12-08 09:11:49.657 12174 12174 I sysui_multi_action: [757,0,758,1,759,0,927,3,928,0,1593,0]
12-08 09:11:49.663 1494 1905 I GameModeConfig: isGameModeOn = false
12-08 09:11:49.663 1494 1905 I GameModeConfig: isGameModeOn = false
12-08 09:11:49.664 1494 1905 I GameModeConfig: isGameModeOn = false
12-08 09:11:49.664 1494 1905 I GameModeConfig: isGameModeOn = false
12-08 09:11:49.665 12174 12174 I sysui_multi_action: [757,111,758,2]
12-08 09:11:49.665 12174 12174 I sysui_multi_action: [757,111,758,2]
12-08 09:11:49.665 1494 1494 I GameModeConfig: isGameModeOn = false
12-08 09:11:49.665 1494 1494 E NotificationService: Muting recently noisy 0|com.android.systemui|2048|null|10082
12-08 09:11:49.666 1494 1494 I notification_enqueue: [10082,12174,com.android.systemui,2048,NULL,0,Notification(channel=updateNotification shortcut=null contentView=null vibrate=null sound=null defaults=0x0 flags=0x0 color=0x00000000 vis=PRIVATE),1]
12-08 09:11:49.666 1494 8468 I sysui_multi_action: [757,127,758,2]
12-08 09:11:49.666 1494 8468 I notification_panel_hidden:
12-08 09:11:49.680 1494 1494 I GameModeConfig: isGameModeOn = false
12-08 09:11:49.681 1494 1494 E NotificationService: Muting recently noisy 0|com.android.systemui|2048|null|10082
12-08 09:11:49.681 1494 8468 W WindowManager: updateScale0.4617737
12-08 09:11:49.684 12174 12174 I sysui_multi_action: [757,111,758,1]
12-08 09:11:49.684 12174 12174 I sysui_multi_action: [757,126,758,1,759,126,927,0,928,1,1593,0]
12-08 09:11:49.684 12174 12174 I sysui_multi_action: [757,113,758,1,759,113,927,1,928,1,1593,0]
12-08 09:11:49.684 12174 12174 I sysui_multi_action: [757,0,758,1,759,0,927,2,928,0,1593,0]
12-08 09:11:49.684 12174 12174 I sysui_multi_action: [757,0,758,1,759,0,927,3,928,0,1593,0]
12-08 09:11:49.684 12174 12174 I sysui_multi_action: [757,491,758,1,759,491,927,4,928,0,1311,-1,1593,0]
12-08 09:11:49.684 12174 12174 I sysui_multi_action: [757,0,758,1,759,0,927,5,928,0,1593,0]
12-08 09:11:49.684 12174 12174 I sysui_multi_action: [757,111,758,1]
12-08 09:11:49.684 12174 12174 I sysui_multi_action: [757,126,758,1,759,126,927,0,928,1,1593,0]
12-08 09:11:49.684 12174 12174 I sysui_multi_action: [757,113,758,1,759,113,927,1,928,1,1593,0]
12-08 09:11:49.684 12174 12174 I sysui_multi_action: [757,0,758,1,759,0,927,2,928,0,1593,0]
12-08 09:11:49.684 12174 12174 I sysui_multi_action: [757,0,758,1,759,0,927,3,928,0,1593,0]
12-08 09:11:49.696 1494 1494 I GameModeConfig: isGameModeOn = false
12-08 09:11:49.697 1494 1494 E NotificationService: Muting recently noisy 0|com.android.systemui|2048|null|10082
12-08 09:11:49.724 1494 1494 I GameModeConfig: isGameModeOn = false
12-08 09:11:49.724 1494 1494 E NotificationService: Muting recently noisy 0|com.android.systemui|2048|null|10082
12-08 09:11:49.733 1494 1494 I GameModeConfig: isGameModeOn = false
12-08 09:11:49.734 1494 1494 E NotificationService: Muting recently noisy 0|com.android.systemui|2048|null|10082
12-08 09:11:49.746 1494 1494 I GameModeConfig: isGameModeOn = false
12-08 09:11:49.747 1494 1494 I sysui_multi_action: [757,1501,758,1,793,1732476,794,0,795,204,796,2048,806,com.android.systemui,857,updateNotification,858,3,947,0,1500,0,1688,1]
12-08 09:11:49.747 1494 1494 I sysui_multi_action: [757,804,799,note_interruptive,801,0,802,1]
12-08 09:11:49.747 1494 1494 I sysui_multi_action: [757,199,758,1,759,2,793,1732476,794,0,795,204,796,2048,806,com.android.systemui,857,updateNotification,858,3,947,0,1500,0,1688,1]
12-08 09:11:49.747 1494 1494 I notification_alert: [0|com.android.systemui|2048|null|10082,0,1,0]
12-08 09:11:49.748 1494 1494 W NotificationHistory: Attempted to add notif for locked/gone/disabled user 0
12-08 09:11:49.767 1494 1494 I GameModeConfig: isGameModeOn = false
12-08 09:11:49.767 1494 1494 E NotificationService: Muting recently noisy 0|com.android.systemui|2048|null|10082
12-08 09:11:49.777 1494 1494 I GameModeConfig: isGameModeOn = false
12-08 09:11:49.778 1494 1494 E NotificationService: Muting recently noisy 0|com.android.systemui|2048|null|10082
12-08 09:11:49.795 1494 1494 I GameModeConfig: isGameModeOn = false
12-08 09:11:49.796 1494 1494 E NotificationService: Muting recently noisy 0|com.android.systemui|2048|null|10082
12-08 09:11:49.816 1494 1494 I GameModeConfig: isGameModeOn = false
12-08 09:11:49.816 1494 1494 E NotificationService: Muting recently noisy 0|com.android.systemui|2048|null|10082
12-08 09:11:49.833 1494 1494 I GameModeConfig: isGameModeOn = false
12-08 09:11:49.833 1494 1494 E NotificationService: Muting recently noisy 0|com.android.systemui|2048|null|10082
12-08 09:11:49.847 1494 1494 I GameModeConfig: isGameModeOn = false
12-08 09:11:49.847 1494 1494 E NotificationService: Muting recently noisy 0|com.android.systemui|2048|null|10082
12-08 09:11:49.867 1494 1494 I GameModeConfig: isGameModeOn = false
12-08 09:11:49.868 1494 1494 E NotificationService: Muting recently noisy 0|com.android.systemui|2048|null|10082
12-08 09:11:49.878 1494 1701 D ActivityManager: freezing 18805 com.android.calendar
12-08 09:11:49.878 1494 1701 E ActivityManager: Unable to freeze binder for 18805 com.android.calendar
12-08 09:11:49.879 1494 1701 D ActivityManager: froze 18805 com.android.calendar
12-08 09:11:49.879 1494 1701 I am_freeze: [18805,com.android.calendar]
12-08 09:11:49.879 1494 1701 E ActivityManager: Unable to freeze binder for 18805 com.android.calendar
12-08 09:11:49.881 1494 1701 D ActivityManager: freezing 17523 com.android.providers.calendar
12-08 09:11:49.881 1494 1701 E ActivityManager: Unable to freeze binder for 17523 com.android.providers.calendar
12-08 09:11:49.881 1494 1701 D ActivityManager: froze 17523 com.android.providers.calendar
12-08 09:11:49.881 1494 1701 I am_freeze: [17523,com.android.providers.calendar]
12-08 09:11:49.881 1494 1701 E ActivityManager: Unable to freeze binder for 17523 com.android.providers.calendar
12-08 09:11:49.884 1494 1701 I ActivityManager: Killing 18805:com.android.calendar/u0a64 (adj 915): Unable to freeze binder interface
12-08 09:11:49.884 1494 1701 I am_kill : [0,18805,com.android.calendar,915,Unable to freeze binder interface]
12-08 09:11:49.893 1494 1701 I ActivityManager: Killing 17523:com.android.providers.calendar/u0a34 (adj 945): Unable to freeze binder interface
12-08 09:11:49.893 1494 1701 I am_kill : [0,17523,com.android.providers.calendar,945,Unable to freeze binder interface]
12-08 09:11:49.894 1359 16598 I liblog : 53
12-08 09:11:49.894 1359 16598 I liblog : 1
12-08 09:11:49.895 1359 16598 I liblog : 36
12-08 09:11:49.895 1359 16598 I liblog : 2
12-08 09:11:49.896 1359 16598 I liblog : 40
12-08 09:11:49.896 1359 16598 I liblog : 1
12-08 09:11:49.897 1359 16598 I liblog : 30
12-08 09:11:49.899 1359 16598 I liblog : 62
12-08 09:11:49.900 1359 16598 I liblog : 38
12-08 09:11:49.900 1359 16598 I liblog : 1
12-08 09:11:49.902 1359 16598 I liblog : 64
12-08 09:11:49.902 1359 16598 I liblog : 2
12-08 09:11:49.902 1359 16598 I liblog : 29
12-08 09:11:49.903 1359 16598 I liblog : 30
12-08 09:11:49.904 1359 16598 I liblog : 35
12-08 09:11:49.904 1359 16598 I liblog : 2
12-08 09:11:49.907 1359 1409 I liblog : 32
12-08 09:11:49.986 1494 6909 I am_proc_died: [0,18805,com.android.calendar,915,19]
12-08 09:11:49.991 1494 6909 I am_uid_stopped: 10064
12-08 09:11:49.992 1494 2823 I wm_task_moved: [36,1,9]
12-08 09:11:49.992 1494 2823 I wm_task_moved: [37,1,2147483647]
12-08 09:11:49.992 1494 2823 I wm_task_to_front: [0,37]
12-08 09:11:49.992 1494 2823 I wm_focused_root_task: [0,0,36,226,RecentsAnimation.onAnimationFinished()]
12-08 09:11:49.992 1494 2823 I wm_set_resumed_activity: [0,com.android.launcher3/.uioverrides.QuickstepLauncher,RecentsAnimation.onAnimationFinished()]
12-08 09:11:49.992 19176 19176 I wm_on_top_resumed_lost_called: [33760129,com.android.settings.Settings,topStateChangedWhenResumed]
12-08 09:11:49.993 1494 2823 I wm_pause_activity: [0,33760129,com.android.settings/.Settings,userLeaving=true,pauseBackTasks]
12-08 09:11:49.993 1494 2823 I wm_add_to_stopping: [0,33760129,com.android.settings/.Settings,makeInvisible]
12-08 09:11:49.993 1494 2823 I ActivityTaskManager: FOREGROUND_APPLICATION_CHANGED to com.android.launcher3.uioverrides.QuickstepLauncher
12-08 09:11:49.993 1494 2823 I wm_set_resumed_activity: [0,com.android.launcher3/.uioverrides.QuickstepLauncher,resumeTopActivityInnerLocked]
12-08 09:11:49.994 1494 2823 I wm_resume_activity: [0,103271708,37,com.android.launcher3/.uioverrides.QuickstepLauncher]
12-08 09:11:49.994 2523 2523 I wm_on_resume_called: [103271708,com.android.launcher3.uioverrides.QuickstepLauncher,RESUME_ACTIVITY]
12-08 09:11:49.995 1494 2823 W WindowManager: updateScale0.4617737
12-08 09:11:49.997 1494 2823 W WindowManager: updateScale0.4617737
12-08 09:11:49.998 1494 1568 I input_focus: [Focus request fda1c2b com.android.launcher3/com.android.launcher3.uioverrides.QuickstepLauncher,reason=UpdateInputWindows]
12-08 09:11:49.999 2523 2523 I wm_on_top_resumed_gained_called: [103271708,com.android.launcher3.uioverrides.QuickstepLauncher,topStateChangedWhenResumed]
12-08 09:11:50.007 1494 1566 W ActivityManager: setHasOverlayUi called on unknown pid: 18805
12-08 09:11:50.008 19176 19176 I sysui_multi_action: [757,35,758,2,1089,2352]
12-08 09:11:50.010 1494 1566 I wm_stop_activity: [0,33760129,com.android.settings/.Settings]
12-08 09:11:50.011 1494 1566 I sysui_multi_action: [757,803,799,window_time_0,802,2]
12-08 09:11:50.014 1494 2823 I am_proc_died: [0,17523,com.android.providers.calendar,945,19]
12-08 09:11:50.014 1494 2823 I am_uid_stopped: 10034
12-08 09:11:50.018 1494 1566 I sysui_multi_action: [757,803,799,window_time_0,802,0]
12-08 09:11:50.018 1494 1566 I am_uid_running: 10064
12-08 09:11:50.019 1494 1566 D CompatibilityChangeReporter: Compat change id reported: 135634846; UID 10064; state: DISABLED
12-08 09:11:50.019 1494 1566 D CompatibilityChangeReporter: Compat change id reported: 177438394; UID 10064; state: DISABLED
12-08 09:11:50.019 1494 1566 D CompatibilityChangeReporter: Compat change id reported: 135772972; UID 10064; state: DISABLED
12-08 09:11:50.019 1494 1566 D CompatibilityChangeReporter: Compat change id reported: 135754954; UID 10064; state: DISABLED
12-08 09:11:50.019 1494 1582 D CompatibilityChangeReporter: Compat change id reported: 143937733; UID 10064; state: DISABLED
12-08 09:11:50.022 19176 19176 I sysui_multi_action: [757,746,758,2,1089,2351]
12-08 09:11:50.025 1494 1726 I input_focus: [Focus entering fda1c2b com.android.launcher3/com.android.launcher3.uioverrides.QuickstepLauncher (server),reason=setFocusedWindow]
12-08 09:11:50.027 1494 1582 I am_proc_start: [0,19737,10064,com.android.calendar,NULL,]
12-08 09:11:50.027 1494 1582 I ActivityManager: Start proc 19737:com.android.calendar/u0a64 for null
12-08 09:11:50.037 19176 19176 I wm_on_paused_called: [33760129,com.android.settings.Settings,performPause]
12-08 09:11:50.046 1494 5787 I am_proc_bound: [0,19737,com.android.calendar]
12-08 09:11:50.047 1494 5787 D CompatibilityChangeReporter: Compat change id reported: 168419799; UID 10064; state: DISABLED
12-08 09:11:50.074 19176 19176 I wm_on_stop_called: [33760129,com.android.settings.Settings,STOP_ACTIVITY_ITEM]
12-08 09:11:50.086 1494 8468 W WindowManager: updateScale0.4617737
12-08 09:11:50.091 1494 1905 I GameModeConfig: isGameModeOn = false
12-08 09:11:50.101 10409 10425 W ContextImpl: Calling a method in the system process without a qualified user: android.app.ContextImpl.startService:1816 android.content.ContextWrapper.startService:774 com.thundercomm.gamemode.ingame.services.GameModeActionUtils.startGameModeService:93 com.thundercomm.gamemode.ingame.services.GameModeActionUtils.startGameModeEntry:21 com.thundercomm.gamemode.ingame.services.ActivityMonitoringService$1.onActivityLaunch:127
12-08 09:11:50.106 1494 1494 I GameModeConfig: Current uri is uri = content://com.thundercomm.gamemode.api/gamemode_settings/gamemode_isgaming
12-08 09:11:50.109 1494 1494 I GameModeConfig: isGameModeOn = false
12-08 09:11:50.109 1494 1494 I GameModeConfig: isGameModeOn = false
12-08 09:11:50.109 1494 1494 I GameModeConfig: isDisableVoice = true
12-08 09:11:50.116 10409 10425 W ContextImpl: Calling a method in the system process without a qualified user: android.app.ContextImpl.startService:1816 android.content.ContextWrapper.startService:774 com.thundercomm.gamemode.ingame.services.GameModeActionUtils.startGameModeService:93 com.thundercomm.gamemode.ingame.services.GameModeActionUtils.startGameModeEntry:21 com.thundercomm.gamemode.ingame.services.ActivityMonitoringService$1.onActivityLaunch:127
12-08 09:11:50.119 1494 1494 I GameModeConfig: Current uri is uri = content://com.thundercomm.gamemode.api/gamemode_settings/gamemode_isgaming
12-08 09:11:50.122 1494 1905 I GameModeConfig: isGameModeOn = false
12-08 09:11:50.123 1494 1494 I GameModeConfig: isGameModeOn = false
12-08 09:11:50.123 1494 1494 I GameModeConfig: isGameModeOn = false
12-08 09:11:50.123 1494 1494 I GameModeConfig: isDisableVoice = true
12-08 09:11:50.133 1494 1905 I GameModeConfig: isGameModeOn = false
12-08 09:11:50.151 1494 1905 I GameModeConfig: isGameModeOn = false
12-08 09:11:50.167 1494 1905 I GameModeConfig: isGameModeOn = false
12-08 09:11:50.184 1494 1905 I GameModeConfig: isGameModeOn = false
12-08 09:11:50.200 1494 1905 I GameModeConfig: isGameModeOn = false
12-08 09:11:50.236 1494 1905 I GameModeConfig: isGameModeOn = false
12-08 09:11:50.237 1494 1905 I GameModeConfig: isGameModeOn = false
12-08 09:11:50.243 1494 1726 I input_interaction: Interaction with: fda1c2b com.android.launcher3/com.android.launcher3.uioverrides.QuickstepLauncher (server), dc2a546 com.android.systemui.ImageWallpaper (server), edge-swipe (server), swipe-up (server), PointerEventDispatcher0 (server),
12-08 09:11:50.251 1494 1905 I GameModeConfig: isGameModeOn = false
12-08 09:11:50.268 1494 1905 I GameModeConfig: isGameModeOn = false
12-08 09:11:50.284 1494 1905 I GameModeConfig: isGameModeOn = false
12-08 09:11:50.294 1494 1905 I GameModeConfig: isGameModeOn = false
12-08 09:11:50.302 1494 1905 I GameModeConfig: isGameModeOn = false
12-08 09:11:50.317 1494 1905 I GameModeConfig: isGameModeOn = false
12-08 09:11:50.323 1494 8468 I ActivityTaskManager: START u0 {act=android.intent.action.MAIN cat=[android.intent.category.LAUNCHER] flg=0x10200000 cmp=com.android.settings/.Settings bnds=[2308,740][2494,940]} from uid 10080
12-08 09:11:50.325 1494 8468 I wm_task_moved: [226,1,9]
12-08 09:11:50.325 1494 8468 I wm_task_to_front: [0,226]
12-08 09:11:50.325 1494 8468 I wm_focused_root_task: [0,0,226,36,bringingFoundTaskToFront]
12-08 09:11:50.326 1494 8468 I wm_set_resumed_activity: [0,com.android.settings/.Settings,bringingFoundTaskToFront]
12-08 09:11:50.326 1494 8468 I wm_new_intent: [0,33760129,226,com.android.settings/.Settings,android.intent.action.MAIN,NULL,NULL,270532608]
12-08 09:11:50.327 1494 1905 I GameModeConfig: isGameModeOn = false
12-08 09:11:50.328 1494 8468 I wm_pause_activity: [0,103271708,com.android.launcher3/.uioverrides.QuickstepLauncher,userLeaving=true,pauseBackTasks]
12-08 09:11:50.328 1494 8468 W WindowManager: updateScale0.4617737
12-08 09:11:50.334 1494 1905 I GameModeConfig: isGameModeOn = false
12-08 09:11:50.339 2523 2523 I wm_on_top_resumed_lost_called: [103271708,com.android.launcher3.uioverrides.QuickstepLauncher,topStateChangedWhenResumed]
12-08 09:11:50.340 1494 1905 I GameModeConfig: isGameModeOn = false
12-08 09:11:50.341 2523 2523 I wm_on_paused_called: [103271708,com.android.launcher3.uioverrides.QuickstepLauncher,performPause]
12-08 09:11:50.342 1494 8468 I ActivityTaskManager: FOREGROUND_APPLICATION_CHANGED to com.android.settings.homepage.SettingsHomepageActivity
12-08 09:11:50.344 1494 8468 I wm_set_resumed_activity: [0,com.android.settings/.Settings,resumeTopActivityInnerLocked]
12-08 09:11:50.345 1494 8468 I wm_add_to_stopping: [0,103271708,com.android.launcher3/.uioverrides.QuickstepLauncher,makeInvisible]
12-08 09:11:50.347 1494 8468 I wm_resume_activity: [0,33760129,226,com.android.settings/.Settings]
12-08 09:11:50.351 1494 6909 W WindowManager: updateScale0.4617737
12-08 09:11:50.352 1494 1905 I GameModeConfig: isGameModeOn = false
12-08 09:11:50.352 1494 1905 I GameModeConfig: isGameModeOn = false
12-08 09:11:50.356 1494 1566 I sysui_multi_action: [757,803,799,window_time_0,802,1]
12-08 09:11:50.358 1494 1568 W WindowManager: updateScale0.4617737
12-08 09:11:50.361 1494 1568 W WindowManager: updateScale0.4617737
12-08 09:11:50.362 1494 1568 W WindowManager: updateScale0.4617737
12-08 09:11:50.364 1494 6909 W WindowManager: updateScale0.4617737
12-08 09:11:50.366 19176 19176 I wm_on_restart_called: [33760129,com.android.settings.Settings,performRestartActivity]
12-08 09:11:50.368 1494 1905 I GameModeConfig: isGameModeOn = false
12-08 09:11:50.370 1494 1905 I GameModeConfig: isGameModeOn = false
12-08 09:11:50.378 1494 1726 I input_focus: [Focus leaving fda1c2b com.android.launcher3/com.android.launcher3.uioverrides.QuickstepLauncher (server),reason=NO_WINDOW]
12-08 09:11:50.379 19176 19176 I wm_on_start_called: [33760129,com.android.settings.Settings,handleStartActivity]
12-08 09:11:50.379 19176 19176 I snet_event_log: [120484087,-1,]
12-08 09:11:50.379 19176 19176 I wm_on_resume_called: [33760129,com.android.settings.Settings,RESUME_ACTIVITY]
12-08 09:11:50.379 19176 19176 I sysui_multi_action: [757,35,758,1,833,0,1089,0]
12-08 09:11:50.383 10409 10425 W ContextImpl: Calling a method in the system process without a qualified user: android.app.ContextImpl.startService:1816 android.content.ContextWrapper.startService:774 com.thundercomm.gamemode.ingame.services.GameModeActionUtils.startGameModeService:93 com.thundercomm.gamemode.ingame.services.GameModeActionUtils.startGameModeEntry:21 com.thundercomm.gamemode.ingame.services.ActivityMonitoringService$1.onActivityLaunch:127
12-08 09:11:50.388 1494 1494 I GameModeConfig: Current uri is uri = content://com.thundercomm.gamemode.api/gamemode_settings/gamemode_isgaming
12-08 09:11:50.393 1494 1905 I GameModeConfig: isGameModeOn = false
12-08 09:11:50.393 1494 1905 I GameModeConfig: isGameModeOn = false
12-08 09:11:50.395 1494 1494 I GameModeConfig: isGameModeOn = false
12-08 09:11:50.401 1494 1905 I GameModeConfig: isGameModeOn = false
12-08 09:11:50.401 1494 1494 I GameModeConfig: isGameModeOn = false
12-08 09:11:50.401 1494 1494 I GameModeConfig: isDisableVoice = true
12-08 09:11:50.403 1494 1592 W BatteryExternalStatsWorker: error reading modem stats:ERROR_PHONE_NOT_AVAILABLE
12-08 09:11:50.406 1494 1905 I GameModeConfig: isGameModeOn = false
12-08 09:11:50.409 19176 19176 I sysui_multi_action: [757,746,758,1,833,0,1089,0]
12-08 09:11:50.409 1494 7671 D TelephonyRegistry: listen oscl: mHasNotifySubscriptionInfoChangedOccurred==false no callback
12-08 09:11:50.412 1494 7390 D TelephonyRegistry: listen oscl: mHasNotifySubscriptionInfoChangedOccurred==false no callback
12-08 09:11:50.419 1494 1905 I GameModeConfig: isGameModeOn = false
12-08 09:11:50.423 19176 19176 I wm_on_top_resumed_gained_called: [33760129,com.android.settings.Settings,topWhenResuming]
12-08 09:11:50.425 1494 1592 E KernelCpuSpeedReader: Failed to read cpu-freq: /sys/devices/system/cpu/cpu4/cpufreq/stats/time_in_state: open failed: ENOENT (No such file or directory)
12-08 09:11:50.426 1494 7671 W WindowManager: updateScale0.4617737
12-08 09:11:50.426 1494 1905 I GameModeConfig: isGameModeOn = false
12-08 09:11:50.426 1494 1592 E KernelCpuSpeedReader: Failed to read cpu-freq: /sys/devices/system/cpu/cpu0/cpufreq/stats/time_in_state: open failed: ENOENT (No such file or directory)
12-08 09:11:50.423 565 565 I auditd : type=1400 audit(0.0:18811): avc: denied { read } for comm="Binder:565_2" name="wakeup58" dev="sysfs" ino=71848 scontext=u:r:system_suspend:s0 tcontext=u:object_r:sysfs:s0 tclass=dir permissive=0
12-08 09:11:50.423 565 565 I auditd : type=1400 audit(0.0:18812): avc: denied { read } for comm="Binder:565_2" name="wakeup48" dev="sysfs" ino=67173 scontext=u:r:system_suspend:s0 tcontext=u:object_r:sysfs:s0 tclass=dir permissive=0
12-08 09:11:50.423 565 565 I auditd : type=1400 audit(0.0:18813): avc: denied { read } for comm="Binder:565_2" name="wakeup4" dev="sysfs" ino=47032 scontext=u:r:system_suspend:s0 tcontext=u:object_r:sysfs:s0 tclass=dir permissive=0
12-08 09:11:50.423 565 565 I auditd : type=1400 audit(0.0:18814): avc: denied { read } for comm="Binder:565_2" name="wakeup76" dev="sysfs" ino=76682 scontext=u:r:system_suspend:s0 tcontext=u:object_r:sysfs:s0 tclass=dir permissive=0
12-08 09:11:50.423 565 565 I auditd : type=1400 audit(0.0:18815): avc: denied { read } for comm="Binder:565_2" name="wakeup28" dev="sysfs" ino=53097 scontext=u:r:system_suspend:s0 tcontext=u:object_r:sysfs:s0 tclass=dir permissive=0
12-08 09:11:50.423 565 565 I auditd : type=1400 audit(0.0:18816): avc: denied { read } for comm="Binder:565_2" name="wakeup56" dev="sysfs" ino=71776 scontext=u:r:system_suspend:s0 tcontext=u:object_r:sysfs:s0 tclass=dir permissive=0
12-08 09:11:50.427 565 565 I auditd : type=1400 audit(0.0:18817): avc: denied { read } for comm="Binder:565_2" name="wakeup2" dev="sysfs" ino=46556 scontext=u:r:system_suspend:s0 tcontext=u:object_r:sysfs:s0 tclass=dir permissive=0
12-08 09:11:50.427 565 565 I auditd : type=1400 audit(0.0:18818): avc: denied { read } for comm="Binder:565_2" name="wakeup74" dev="sysfs" ino=76567 scontext=u:r:system_suspend:s0 tcontext=u:object_r:sysfs:s0 tclass=dir permissive=0
12-08 09:11:50.427 565 565 I auditd : type=1400 audit(0.0:18819): avc: denied { read } for comm="Binder:565_2" name="wakeup36" dev="sysfs" ino=58610 scontext=u:r:system_suspend:s0 tcontext=u:object_r:sysfs:s0 tclass=dir permissive=0
12-08 09:11:50.429 1494 1568 I input_focus: [Focus request f2e5f5e com.android.settings/com.android.settings.Settings,reason=UpdateInputWindows]
12-08 09:11:50.435 1494 1568 W WindowManager: updateScale0.4617737
12-08 09:11:50.437 1494 1568 W WindowManager: updateScale0.4617737
12-08 09:11:50.439 1494 1905 I GameModeConfig: isGameModeOn = false
12-08 09:11:50.440 1494 1563 I sysui_multi_action: [319,38,321,35,322,114,325,17706,757,761,758,9,759,4,806,com.android.settings,871,com.android.settings.Settings,904,com.android.launcher3,905,0,1320,8,1321,5]
12-08 09:11:50.440 1494 1905 I GameModeConfig: isGameModeOn = false
12-08 09:11:50.444 1494 1726 I input_focus: [Focus entering f2e5f5e com.android.settings/com.android.settings.Settings (server),reason=setFocusedWindow]
12-08 09:11:50.453 10409 10425 W ContextImpl: Calling a method in the system process without a qualified user: android.app.ContextImpl.startService:1816 android.content.ContextWrapper.startService:774 com.thundercomm.gamemode.ingame.services.GameModeActionUtils.startGameModeService:93 com.thundercomm.gamemode.ingame.services.GameModeActionUtils.startGameModeEntry:21 com.thundercomm.gamemode.ingame.services.ActivityMonitoringService$1.onActivityLaunch:127
12-08 09:11:50.455 1494 1905 I GameModeConfig: isGameModeOn = false
12-08 09:11:50.460 1494 1494 I GameModeConfig: Current uri is uri = content://com.thundercomm.gamemode.api/gamemode_settings/gamemode_isgaming
12-08 09:11:50.461 1494 1494 I GameModeConfig: isGameModeOn = false
12-08 09:11:50.462 1494 1494 I GameModeConfig: isGameModeOn = false
12-08 09:11:50.462 1494 1494 I GameModeConfig: isDisableVoice = true
12-08 09:11:50.474 1494 1905 I GameModeConfig: isGameModeOn = false
12-08 09:11:50.479 1494 1592 W BatteryExternalStatsWorker: error reading modem stats:ERROR_PHONE_NOT_AVAILABLE
12-08 09:11:50.482 1494 1592 E KernelCpuSpeedReader: Failed to read cpu-freq: /sys/devices/system/cpu/cpu4/cpufreq/stats/time_in_state: open failed: ENOENT (No such file or directory)
12-08 09:11:50.482 1494 1592 E KernelCpuSpeedReader: Failed to read cpu-freq: /sys/devices/system/cpu/cpu0/cpufreq/stats/time_in_state: open failed: ENOENT (No such file or directory)
12-08 09:11:50.488 1494 1905 I GameModeConfig: isGameModeOn = false
12-08 09:11:50.511 1494 1905 I GameModeConfig: isGameModeOn = false
12-08 09:11:50.523 1494 1905 I GameModeConfig: isGameModeOn = false
12-08 09:11:50.536 1494 1905 I GameModeConfig: isGameModeOn = false
12-08 09:11:50.545 1494 1681 W WindowManager: updateScale0.4617737
12-08 09:11:50.556 1494 1905 I GameModeConfig: isGameModeOn = false
12-08 09:11:50.571 1494 1905 I GameModeConfig: isGameModeOn = false
12-08 09:11:50.594 1494 1905 I GameModeConfig: isGameModeOn = false
12-08 09:11:50.606 1494 1905 I GameModeConfig: isGameModeOn = false
12-08 09:11:50.621 1494 1905 I GameModeConfig: isGameModeOn = false
12-08 09:11:50.644 1494 1905 I GameModeConfig: isGameModeOn = false
12-08 09:11:50.710 1494 1568 W WindowManager: updateScale0.4617737
12-08 09:11:50.728 1494 1568 W WindowManager: updateScale0.4617737
12-08 09:11:50.906 1494 1566 I wm_stop_activity: [0,103271708,com.android.launcher3/.uioverrides.QuickstepLauncher]
12-08 09:11:50.910 1494 1568 W WindowManager: updateScale0.4617737
12-08 09:11:50.954 2523 2523 I wm_on_stop_called: [103271708,com.android.launcher3.uioverrides.QuickstepLauncher,STOP_ACTIVITY_ITEM]
12-08 09:11:50.958 1494 6909 W WindowManager: updateScale0.4617737
12-08 09:11:50.971 10409 10425 W ContextImpl: Calling a method in the system process without a qualified user: android.app.ContextImpl.startService:1816 android.content.ContextWrapper.startService:774 com.thundercomm.gamemode.ingame.services.GameModeActionUtils.startGameModeService:93 com.thundercomm.gamemode.ingame.services.GameModeActionUtils.startGameModeEntry:21 com.thundercomm.gamemode.ingame.services.ActivityMonitoringService$1.onActivityLaunch:127
12-08 09:11:50.974 1494 1494 I GameModeConfig: Current uri is uri = content://com.thundercomm.gamemode.api/gamemode_settings/gamemode_isgaming
12-08 09:11:50.976 1494 1494 I GameModeConfig: isGameModeOn = false
12-08 09:11:50.976 1494 1494 I GameModeConfig: isGameModeOn = false
12-08 09:11:50.976 1494 1494 I GameModeConfig: isDisableVoice = true
12-08 09:11:51.018 1494 1726 I input_interaction: Interaction with: 1745717 StatusBar (server), edge-swipe (server), swipe-up (server), PointerEventDispatcher0 (server),
12-08 09:11:51.022 12174 12174 I sysui_multi_action: [757,803,799,panel_open,802,1]
12-08 09:11:51.023 12174 12174 I sysui_multi_action: [757,1328,758,4,1326,44,1327,0,1329,0]
12-08 09:11:51.046 1494 6909 I sysui_multi_action: [757,127,758,1]
12-08 09:11:51.046 1494 6909 I sysui_multi_action: [757,804,799,note_load,801,2,802,1]
12-08 09:11:51.046 1494 6909 I notification_panel_revealed: 2
12-08 09:11:51.049 12174 12174 I sysui_multi_action: [757,111,758,2]
12-08 09:11:51.049 1494 1494 I notification_enqueue: [10082,12174,com.android.systemui,2048,NULL,0,Notification(channel=updateNotification shortcut=null contentView=null vibrate=null sound=null defaults=0x0 flags=0x0 color=0x00000000 vis=PRIVATE),1]
12-08 09:11:51.049 12174 12174 I sysui_multi_action: [757,111,758,2]
12-08 09:11:51.057 1494 1905 I GameModeConfig: isGameModeOn = false
12-08 09:11:51.058 1494 1905 I GameModeConfig: isGameModeOn = false
12-08 09:11:51.058 1494 1905 I GameModeConfig: isGameModeOn = false
12-08 09:11:51.058 1494 1905 I GameModeConfig: isGameModeOn = false
12-08 09:11:51.064 1494 7390 W WindowManager: updateScale0.4617737
12-08 09:11:51.067 1494 1568 I input_focus: [Focus request e4dc0ca NotificationShade,reason=UpdateInputWindows]
12-08 09:11:51.069 12174 12174 I sysui_multi_action: [757,111,758,1]
12-08 09:11:51.069 12174 12174 I sysui_multi_action: [757,126,758,1,759,126,927,0,928,1,1593,0]
12-08 09:11:51.069 12174 12174 I sysui_multi_action: [757,113,758,1,759,113,927,1,928,1,1593,0]
12-08 09:11:51.069 12174 12174 I sysui_multi_action: [757,0,758,1,759,0,927,2,928,0,1593,0]
12-08 09:11:51.069 12174 12174 I sysui_multi_action: [757,0,758,1,759,0,927,3,928,0,1593,0]
