12-08 08:50:50.421 1494 1494 I GameModeConfig: isGameModeOn = false
12-08 08:50:50.421 1494 1494 I GameModeConfig: isDisableVoice = true
12-08 08:50:50.587 1494 1568 D FreeFormWindowHelper: Remove freefrom task=Task{eb57822 #199 type=standard A=10083:com.hht.lebocast U=0 visible=false mode=freeform translucent=true sz=0}
12-08 08:50:53.591 1494 2743 E TaskPersister: File error accessing recents directory (directory doesn't exist?).
12-08 08:50:54.334 1494 1905 I GameModeConfig: isGameModeOn = false
12-08 08:50:55.620 1494 2006 I ActivityTaskManager: START u0 {flg=0x10008000 cmp=com.android.documentsui/.LauncherActivity} from uid 10080
12-08 08:50:55.627 1494 2006 W ActivityTaskManager: Can't find TaskDisplayArea to determine support for multi window. Task id=200 attached=false
12-08 08:50:55.628 1494 2006 D FreeFormWindowHelper: Add freeform task=Task{b4dbf2e #200 type=standard ?? U=0 visible=false mode=freeform translucent=true sz=0}
12-08 08:50:55.631 1494 2006 D CompatibilityChangeReporter: Compat change id reported: 174042980; UID 10020; state: DISABLED
12-08 08:50:55.631 1494 2006 D CompatibilityChangeReporter: Compat change id reported: 184838306; UID 10020; state: DISABLED
12-08 08:50:55.632 1494 2006 D CompatibilityChangeReporter: Compat change id reported: 185004937; UID 10020; state: DISABLED
12-08 08:50:55.632 1494 2006 D CompatibilityChangeReporter: Compat change id reported: 181136395; UID 10020; state: DISABLED
12-08 08:50:55.632 1494 2006 D CompatibilityChangeReporter: Compat change id reported: 174042936; UID 10020; state: DISABLED
12-08 08:50:55.634 1494 2006 D CompatibilityChangeReporter: Compat change id reported: 168419799; UID 10020; state: DISABLED
12-08 08:50:55.635 1494 2006 I ActivityTaskManager: FOREGROUND_APPLICATION_CHANGED to com.android.documentsui.files.LauncherActivity
12-08 08:50:55.649 1494 1566 D CompatibilityChangeReporter: Compat change id reported: 135634846; UID 10020; state: DISABLED
12-08 08:50:55.649 1494 1566 D CompatibilityChangeReporter: Compat change id reported: 177438394; UID 10020; state: DISABLED
12-08 08:50:55.649 1494 1566 D CompatibilityChangeReporter: Compat change id reported: 135772972; UID 10020; state: DISABLED
12-08 08:50:55.649 1494 1566 D CompatibilityChangeReporter: Compat change id reported: 135754954; UID 10020; state: ENABLED
12-08 08:50:55.650 1494 1582 D CompatibilityChangeReporter: Compat change id reported: 143937733; UID 10020; state: ENABLED
12-08 08:50:55.674 1494 1582 I ActivityManager: Start proc 18185:com.android.documentsui/u0a20 for top-activity {com.android.documentsui/com.android.documentsui.LauncherActivity}
12-08 08:50:55.685 1494 7671 W FreeFormWindowHelper: exitRecentTasks type=1
12-08 08:50:55.708 1494 8468 I ActivityTaskManager: The Process com.android.documentsui Already Exists in BG. So sending its PID: 18185
12-08 08:50:55.728 10409 10425 W ContextImpl: Calling a method in the system process without a qualified user: android.app.ContextImpl.startService:1816 android.content.ContextWrapper.startService:774 com.thundercomm.gamemode.ingame.services.GameModeActionUtils.startGameModeService:93 com.thundercomm.gamemode.ingame.services.GameModeActionUtils.startGameModeEntry:21 com.thundercomm.gamemode.ingame.services.ActivityMonitoringService$1.onActivityLaunch:127
12-08 08:50:55.737 1494 1494 I GameModeConfig: Current uri is uri = content://com.thundercomm.gamemode.api/gamemode_settings/gamemode_isgaming
12-08 08:50:55.741 1494 1494 I GameModeConfig: isGameModeOn = false
12-08 08:50:55.741 1494 1494 I GameModeConfig: isGameModeOn = false
12-08 08:50:55.741 1494 1494 I GameModeConfig: isDisableVoice = true
12-08 08:50:55.747 1494 7671 I ActivityTaskManager: START u0 {dat=//com.android.documentsui.launchControl flg=0x10008000 cmp=com.android.documentsui/.files.FilesActivity (has extras)} from uid 10020
12-08 08:50:55.749 1494 7671 W ActivityTaskManager: Can't find TaskDisplayArea to determine support for multi window. Task id=201 attached=false
12-08 08:50:55.750 1494 7671 D FreeFormWindowHelper: Need finish old freeform task=Task{b4dbf2e #200 type=standard A=10020:com.android.documentsui U=0 visible=true mode=freeform translucent=true sz=1}
12-08 08:50:55.750 1494 7671 D FreeFormWindowHelper: Add freeform task=Task{7504390 #201 type=standard ?? U=0 visible=false mode=freeform translucent=true sz=0}
12-08 08:50:55.757 1494 7671 W ActivityTaskManager: Finishing task with all activities already finished
12-08 08:50:55.757 1494 7671 W ActivityTaskManager: Duplicate finish request for r=ActivityRecord{bee9acf u0 com.android.documentsui/.LauncherActivity t200 f}}
12-08 08:50:55.770 1494 8468 I ActivityTaskManager: FOREGROUND_APPLICATION_CHANGED to com.android.documentsui.files.FilesActivity
12-08 08:50:55.771 1494 8468 I ActivityTaskManager: The Process com.android.documentsui Already Exists in BG. So sending its PID: 18185
12-08 08:50:55.771 1494 8468 W ActivityTaskManager: Tried to set launchTime (0) < mLastActivityLaunchTime (16451443)
12-08 08:50:55.827 1494 6584 D CompatibilityChangeReporter: Compat change id reported: 135634846; UID 10028; state: DISABLED
12-08 08:50:55.827 1494 6584 D CompatibilityChangeReporter: Compat change id reported: 177438394; UID 10028; state: DISABLED
12-08 08:50:55.827 1494 6584 D CompatibilityChangeReporter: Compat change id reported: 135772972; UID 10028; state: DISABLED
12-08 08:50:55.827 1494 6584 D CompatibilityChangeReporter: Compat change id reported: 135754954; UID 10028; state: ENABLED
12-08 08:50:55.827 1494 1582 D CompatibilityChangeReporter: Compat change id reported: 143937733; UID 10028; state: ENABLED
12-08 08:50:55.838 1494 6584 D CompatibilityChangeReporter: Compat change id reported: 135634846; UID 10023; state: DISABLED
12-08 08:50:55.838 1494 6584 D CompatibilityChangeReporter: Compat change id reported: 177438394; UID 10023; state: DISABLED
12-08 08:50:55.838 1494 6584 D CompatibilityChangeReporter: Compat change id reported: 135772972; UID 10023; state: DISABLED
12-08 08:50:55.838 1494 6584 D CompatibilityChangeReporter: Compat change id reported: 135754954; UID 10023; state: ENABLED
12-08 08:50:55.839 1494 1582 I ActivityManager: Start proc 18234:com.android.externalstorage/u0a28 for content provider {com.android.externalstorage/com.android.externalstorage.ExternalStorageProvider}
12-08 08:50:55.840 1494 1582 D CompatibilityChangeReporter: Compat change id reported: 143937733; UID 10023; state: ENABLED
12-08 08:50:55.844 1494 6584 W WindowManager: updateScale0.7996942
12-08 08:50:55.846 1494 1582 I ActivityManager: Start proc 18244:android.process.media/u0a23 for content provider {com.android.providers.downloads/com.android.providers.downloads.DownloadStorageProvider}
12-08 08:50:55.851 1494 5950 D CompatibilityChangeReporter: Compat change id reported: 168419799; UID 10028; state: DISABLED
12-08 08:50:55.880 1494 5950 D CompatibilityChangeReporter: Compat change id reported: 168419799; UID 10023; state: DISABLED
12-08 08:50:55.884 10409 10425 W ContextImpl: Calling a method in the system process without a qualified user: android.app.ContextImpl.startService:1816 android.content.ContextWrapper.startService:774 com.thundercomm.gamemode.ingame.services.GameModeActionUtils.startGameModeService:93 com.thundercomm.gamemode.ingame.services.GameModeActionUtils.startGameModeEntry:21 com.thundercomm.gamemode.ingame.services.ActivityMonitoringService$1.onActivityLaunch:127
12-08 08:50:55.894 1494 1494 I GameModeConfig: Current uri is uri = content://com.thundercomm.gamemode.api/gamemode_settings/gamemode_isgaming
12-08 08:50:55.896 1494 1494 I GameModeConfig: isGameModeOn = false
12-08 08:50:55.897 1494 1494 I GameModeConfig: isGameModeOn = false
12-08 08:50:55.897 1494 1494 I GameModeConfig: isDisableVoice = true
12-08 08:50:55.898 1494 1568 W WindowManager: updateScale0.7996942
12-08 08:50:55.901 1494 1568 W WindowManager: updateScale0.7996942
12-08 08:50:55.901 1494 1568 W WindowManager: updateScale0.7996942
12-08 08:50:55.903 1494 8468 W WindowManager: updateScale0.7996942
12-08 08:50:55.909 1494 1905 I GameModeConfig: isGameModeOn = false
12-08 08:50:55.909 1494 1905 I GameModeConfig: isGameModeOn = false
12-08 08:50:55.909 1494 1905 I GameModeConfig: isGameModeOn = false
12-08 08:50:55.909 1494 1905 I GameModeConfig: isGameModeOn = false
12-08 08:50:55.922 1494 6584 W WindowManager: updateScale0.7996942
12-08 08:50:55.932 1494 6584 W WindowManager: updateScale0.7996942
12-08 08:50:55.954 1494 2006 W WindowManager: updateScale0.7996942
12-08 08:50:55.979 1494 6584 W WindowManager: updateScale0.7996942
12-08 08:50:55.981 1494 2006 D CompatibilityChangeReporter: Compat change id reported: 149924527; UID 10023; state: ENABLED
12-08 08:50:55.981 1494 6584 D CompatibilityChangeReporter: Compat change id reported: 132649864; UID 10023; state: DISABLED
12-08 08:50:55.982 1494 6584 D CompatibilityChangeReporter: Compat change id reported: 182734110; UID 10023; state: ENABLED
12-08 08:50:55.992 1494 2006 W WindowManager: updateScale0.7996942
12-08 08:50:56.002 1494 2006 W WindowManager: updateScale0.7996942
12-08 08:50:56.016 1494 6584 W WindowManager: updateScale0.7996942
12-08 08:50:56.033 1494 6584 W WindowManager: updateScale0.7996942
12-08 08:50:56.186 1494 1568 W WindowManager: updateScale0.7996942
12-08 08:50:58.074 1494 1581 W BroadcastQueue: Background execution not allowed: receiving Intent { act=com.android.music.updatewidget flg=0x10 } to com.android.music/.MediaAppWidgetProvider
12-08 08:50:58.074 1494 1905 I GameModeConfig: isGameModeOn = false
12-08 08:50:58.074 1494 1581 W BroadcastQueue: Background execution not allowed: receiving Intent { act=com.android.music.updatewidget flg=0x10 } to com.android.music/.MediaAppWidgetProviderLarge
12-08 08:50:58.074 1494 1905 I GameModeConfig: isGameModeOn = false
12-08 08:50:58.074 1494 1905 I GameModeConfig: isGameModeOn = false
12-08 08:50:58.075 1494 8468 W NotificationHistory: Attempted to remove channel for locked/gone/disabled user 0
12-08 08:50:58.277 1494 1494 I GameModeConfig: isGameModeOn = false
12-08 08:50:58.281 1494 1494 W NotificationHistory: Attempted to add notif for locked/gone/disabled user 0
12-08 08:50:59.649 1494 2743 E TaskPersister: File error accessing recents directory (directory doesn't exist?).
12-08 08:51:08.328 1494 1905 I GameModeConfig: isGameModeOn = false
12-08 08:51:52.053 1494 1618 V DisplayPowerController[0]: Brightness [0.05] reason changing to: 'manual [ dim ]', previous reason: 'manual'.
12-08 08:51:52.054 1494 1618 W PowerManagerService: Screen on took 740206 ms
12-08 08:51:52.061 1494 1971 E DisplayDeviceConfig: requesting nits when no mapping exists.
12-08 08:51:52.062 1494 1971 E DisplayDeviceConfig: requesting nits when no mapping exists.
12-08 08:51:52.064 1494 1581 I DropBoxManagerService: add tag=system_server_wtf isTagEnabled=true flags=0x2
12-08 08:51:52.067 1494 1581 I DropBoxManagerService: add tag=system_server_wtf isTagEnabled=true flags=0x2
12-08 08:51:52.077 1494 1971 E DisplayDeviceConfig: requesting nits when no mapping exists.
12-08 08:51:52.077 1494 1971 E DisplayDeviceConfig: requesting nits when no mapping exists.
12-08 08:51:52.078 1494 1581 I DropBoxManagerService: add tag=system_server_wtf isTagEnabled=true flags=0x2
12-08 08:51:52.079 1494 1581 I DropBoxManagerService: add tag=system_server_wtf isTagEnabled=true flags=0x2
12-08 08:51:52.094 1494 1971 E DisplayDeviceConfig: requesting nits when no mapping exists.
12-08 08:51:52.094 1494 1971 E DisplayDeviceConfig: requesting nits when no mapping exists.
12-08 08:51:52.095 1494 1581 I DropBoxManagerService: add tag=system_server_wtf isTagEnabled=true flags=0x2
12-08 08:51:52.098 1494 1971 E DisplayDeviceConfig: requesting nits when no mapping exists.
12-08 08:51:52.098 1494 1971 E DisplayDeviceConfig: requesting nits when no mapping exists.
12-08 08:51:52.115 1494 1971 E DisplayDeviceConfig: requesting nits when no mapping exists.
12-08 08:51:52.115 1494 1971 E DisplayDeviceConfig: requesting nits when no mapping exists.
12-08 08:51:52.132 1494 1971 E DisplayDeviceConfig: requesting nits when no mapping exists.
12-08 08:51:52.132 1494 1971 E DisplayDeviceConfig: requesting nits when no mapping exists.
12-08 08:51:52.148 1494 1971 E DisplayDeviceConfig: requesting nits when no mapping exists.
12-08 08:51:52.149 1494 1971 E DisplayDeviceConfig: requesting nits when no mapping exists.
12-08 08:51:52.165 1494 1971 E DisplayDeviceConfig: requesting nits when no mapping exists.
12-08 08:51:52.166 1494 1971 E DisplayDeviceConfig: requesting nits when no mapping exists.
12-08 08:51:52.182 1494 1971 E DisplayDeviceConfig: requesting nits when no mapping exists.
12-08 08:51:52.183 1494 1971 E DisplayDeviceConfig: requesting nits when no mapping exists.
12-08 08:51:52.199 1494 1971 E DisplayDeviceConfig: requesting nits when no mapping exists.
12-08 08:51:52.199 1494 1971 E DisplayDeviceConfig: requesting nits when no mapping exists.
12-08 08:51:52.215 1494 1971 E DisplayDeviceConfig: requesting nits when no mapping exists.
12-08 08:51:52.216 1494 1971 E DisplayDeviceConfig: requesting nits when no mapping exists.
12-08 08:51:52.232 1494 1971 E DisplayDeviceConfig: requesting nits when no mapping exists.
12-08 08:51:52.233 1494 1971 E DisplayDeviceConfig: requesting nits when no mapping exists.
12-08 08:51:52.249 1494 1971 E DisplayDeviceConfig: requesting nits when no mapping exists.
12-08 08:51:52.249 1494 1971 E DisplayDeviceConfig: requesting nits when no mapping exists.
12-08 08:51:52.266 1494 1971 E DisplayDeviceConfig: requesting nits when no mapping exists.
12-08 08:51:52.266 1494 1971 E DisplayDeviceConfig: requesting nits when no mapping exists.
12-08 08:51:52.282 1494 1971 E DisplayDeviceConfig: requesting nits when no mapping exists.
12-08 08:51:52.283 1494 1971 E DisplayDeviceConfig: requesting nits when no mapping exists.
12-08 08:51:52.299 1494 1971 E DisplayDeviceConfig: requesting nits when no mapping exists.
12-08 08:51:52.299 1494 1971 E DisplayDeviceConfig: requesting nits when no mapping exists.
12-08 08:51:52.316 1494 1971 E DisplayDeviceConfig: requesting nits when no mapping exists.
12-08 08:51:52.316 1494 1971 E DisplayDeviceConfig: requesting nits when no mapping exists.
12-08 08:51:52.332 1494 1971 E DisplayDeviceConfig: requesting nits when no mapping exists.
12-08 08:51:52.333 1494 1971 E DisplayDeviceConfig: requesting nits when no mapping exists.
12-08 08:51:52.349 1494 1971 E DisplayDeviceConfig: requesting nits when no mapping exists.
12-08 08:51:52.350 1494 1971 E DisplayDeviceConfig: requesting nits when no mapping exists.
12-08 08:51:52.366 1494 1971 E DisplayDeviceConfig: requesting nits when no mapping exists.
12-08 08:51:52.366 1494 1971 E DisplayDeviceConfig: requesting nits when no mapping exists.
12-08 08:51:52.383 1494 1971 E DisplayDeviceConfig: requesting nits when no mapping exists.
12-08 08:51:52.383 1494 1971 E DisplayDeviceConfig: requesting nits when no mapping exists.
12-08 08:51:52.399 1494 1971 E DisplayDeviceConfig: requesting nits when no mapping exists.
12-08 08:51:52.400 1494 1971 E DisplayDeviceConfig: requesting nits when no mapping exists.
12-08 08:51:52.415 1494 1971 E DisplayDeviceConfig: requesting nits when no mapping exists.
12-08 08:51:52.416 1494 1971 E DisplayDeviceConfig: requesting nits when no mapping exists.
12-08 08:51:52.433 1494 1971 E DisplayDeviceConfig: requesting nits when no mapping exists.
12-08 08:51:52.433 1494 1971 E DisplayDeviceConfig: requesting nits when no mapping exists.
12-08 08:51:52.449 1494 1971 E DisplayDeviceConfig: requesting nits when no mapping exists.
12-08 08:51:52.450 1494 1971 E DisplayDeviceConfig: requesting nits when no mapping exists.
12-08 08:51:52.466 1494 1971 E DisplayDeviceConfig: requesting nits when no mapping exists.
12-08 08:51:52.467 1494 1971 E DisplayDeviceConfig: requesting nits when no mapping exists.
12-08 08:51:52.482 1494 1971 E DisplayDeviceConfig: requesting nits when no mapping exists.
12-08 08:51:52.483 1494 1971 E DisplayDeviceConfig: requesting nits when no mapping exists.
12-08 08:51:52.499 1494 1971 E DisplayDeviceConfig: requesting nits when no mapping exists.
12-08 08:51:52.500 1494 1971 E DisplayDeviceConfig: requesting nits when no mapping exists.
12-08 08:51:52.516 1494 1971 E DisplayDeviceConfig: requesting nits when no mapping exists.
12-08 08:51:52.517 1494 1971 E DisplayDeviceConfig: requesting nits when no mapping exists.
12-08 08:51:52.533 1494 1971 E DisplayDeviceConfig: requesting nits when no mapping exists.
12-08 08:51:52.533 1494 1971 E DisplayDeviceConfig: requesting nits when no mapping exists.
12-08 08:51:52.549 1494 1971 E DisplayDeviceConfig: requesting nits when no mapping exists.
12-08 08:51:52.550 1494 1971 E DisplayDeviceConfig: requesting nits when no mapping exists.
12-08 08:51:52.566 1494 1971 E DisplayDeviceConfig: requesting nits when no mapping exists.
12-08 08:51:52.567 1494 1971 E DisplayDeviceConfig: requesting nits when no mapping exists.
12-08 08:51:52.583 1494 1971 E DisplayDeviceConfig: requesting nits when no mapping exists.
12-08 08:51:52.584 1494 1971 E DisplayDeviceConfig: requesting nits when no mapping exists.
12-08 08:51:52.600 1494 1971 E DisplayDeviceConfig: requesting nits when no mapping exists.
12-08 08:51:52.600 1494 1971 E DisplayDeviceConfig: requesting nits when no mapping exists.
12-08 08:51:52.616 1494 1971 E DisplayDeviceConfig: requesting nits when no mapping exists.
12-08 08:51:52.617 1494 1971 E DisplayDeviceConfig: requesting nits when no mapping exists.
12-08 08:51:52.633 1494 1971 E DisplayDeviceConfig: requesting nits when no mapping exists.
12-08 08:51:52.635 1494 1971 E DisplayDeviceConfig: requesting nits when no mapping exists.
12-08 08:51:52.649 1494 1971 E DisplayDeviceConfig: requesting nits when no mapping exists.
12-08 08:51:52.650 1494 1971 E DisplayDeviceConfig: requesting nits when no mapping exists.
12-08 08:51:52.666 1494 1971 E DisplayDeviceConfig: requesting nits when no mapping exists.
12-08 08:51:52.667 1494 1971 E DisplayDeviceConfig: requesting nits when no mapping exists.
12-08 08:51:52.684 1494 1971 E DisplayDeviceConfig: requesting nits when no mapping exists.
12-08 08:51:52.684 1494 1971 E DisplayDeviceConfig: requesting nits when no mapping exists.
12-08 08:51:52.699 1494 1971 E DisplayDeviceConfig: requesting nits when no mapping exists.
12-08 08:51:52.701 1494 1971 E DisplayDeviceConfig: requesting nits when no mapping exists.
12-08 08:51:52.716 1494 1971 E DisplayDeviceConfig: requesting nits when no mapping exists.
12-08 08:51:52.717 1494 1971 E DisplayDeviceConfig: requesting nits when no mapping exists.
12-08 08:51:52.733 1494 1971 E DisplayDeviceConfig: requesting nits when no mapping exists.
12-08 08:51:52.733 1494 1971 E DisplayDeviceConfig: requesting nits when no mapping exists.
12-08 08:51:52.750 1494 1971 E DisplayDeviceConfig: requesting nits when no mapping exists.
12-08 08:51:52.751 1494 1971 E DisplayDeviceConfig: requesting nits when no mapping exists.
12-08 08:51:52.766 1494 1971 E DisplayDeviceConfig: requesting nits when no mapping exists.
12-08 08:51:52.767 1494 1971 E DisplayDeviceConfig: requesting nits when no mapping exists.
12-08 08:51:52.783 1494 1971 E DisplayDeviceConfig: requesting nits when no mapping exists.
12-08 08:51:52.783 1494 1971 E DisplayDeviceConfig: requesting nits when no mapping exists.
12-08 08:51:52.800 1494 1971 E DisplayDeviceConfig: requesting nits when no mapping exists.
12-08 08:51:52.800 1494 1971 E DisplayDeviceConfig: requesting nits when no mapping exists.
12-08 08:51:52.816 1494 1971 E DisplayDeviceConfig: requesting nits when no mapping exists.
12-08 08:51:52.817 1494 1971 E DisplayDeviceConfig: requesting nits when no mapping exists.
12-08 08:51:52.834 1494 1971 E DisplayDeviceConfig: requesting nits when no mapping exists.
12-08 08:51:52.834 1494 1971 E DisplayDeviceConfig: requesting nits when no mapping exists.
12-08 08:51:52.850 1494 1971 E DisplayDeviceConfig: requesting nits when no mapping exists.
12-08 08:51:52.851 1494 1971 E DisplayDeviceConfig: requesting nits when no mapping exists.
12-08 08:51:52.867 1494 1971 E DisplayDeviceConfig: requesting nits when no mapping exists.
12-08 08:51:52.867 1494 1971 E DisplayDeviceConfig: requesting nits when no mapping exists.
12-08 08:51:52.883 1494 1971 E DisplayDeviceConfig: requesting nits when no mapping exists.
12-08 08:51:52.884 1494 1971 E DisplayDeviceConfig: requesting nits when no mapping exists.
12-08 08:51:52.900 1494 1971 E DisplayDeviceConfig: requesting nits when no mapping exists.
12-08 08:51:52.900 1494 1971 E DisplayDeviceConfig: requesting nits when no mapping exists.
12-08 08:51:52.917 1494 1971 E DisplayDeviceConfig: requesting nits when no mapping exists.
12-08 08:51:52.918 1494 1971 E DisplayDeviceConfig: requesting nits when no mapping exists.
12-08 08:51:52.939 1494 1971 E DisplayDeviceConfig: requesting nits when no mapping exists.
12-08 08:51:52.940 1494 1971 E DisplayDeviceConfig: requesting nits when no mapping exists.
12-08 08:51:52.950 1494 1971 E DisplayDeviceConfig: requesting nits when no mapping exists.
12-08 08:51:52.950 1494 1971 E DisplayDeviceConfig: requesting nits when no mapping exists.
12-08 08:51:52.966 1494 1971 E DisplayDeviceConfig: requesting nits when no mapping exists.
12-08 08:51:52.967 1494 1971 E DisplayDeviceConfig: requesting nits when no mapping exists.
12-08 08:51:52.983 1494 1971 E DisplayDeviceConfig: requesting nits when no mapping exists.
12-08 08:51:52.983 1494 1971 E DisplayDeviceConfig: requesting nits when no mapping exists.
12-08 08:51:53.000 1494 1971 E DisplayDeviceConfig: requesting nits when no mapping exists.
12-08 08:51:53.001 1494 1971 E DisplayDeviceConfig: requesting nits when no mapping exists.
12-08 08:51:53.017 1494 1971 E DisplayDeviceConfig: requesting nits when no mapping exists.
12-08 08:51:53.017 1494 1971 E DisplayDeviceConfig: requesting nits when no mapping exists.
12-08 08:51:59.023 1494 1618 I PowerManagerService: Napping display group (groupId=0, uid=1000)...
12-08 08:51:59.023 1494 1618 I PowerManagerService: Nap time (uid 1000)...
12-08 08:51:59.024 1494 1618 I DreamManagerService: Entering dreamland.
12-08 08:51:59.027 1494 1618 I PowerManagerService: Dreaming...
12-08 08:51:59.037 1494 1563 I DreamController: Starting dream: name=ComponentInfo{com.thundercomm.screensaver/com.thundercomm.screensaver.service.SystemScreensaverDream}, isTest=false, canDoze=false, userId=0
12-08 08:51:59.041 1494 1563 D CompatibilityChangeReporter: Compat change id reported: 135634846; UID 10052; state: DISABLED
12-08 08:51:59.042 1494 1563 D CompatibilityChangeReporter: Compat change id reported: 177438394; UID 10052; state: DISABLED
12-08 08:51:59.042 1494 1563 D CompatibilityChangeReporter: Compat change id reported: 135772972; UID 10052; state: DISABLED
12-08 08:51:59.042 1494 1563 D CompatibilityChangeReporter: Compat change id reported: 135754954; UID 10052; state: ENABLED
12-08 08:51:59.043 1494 1582 D CompatibilityChangeReporter: Compat change id reported: 143937733; UID 10052; state: ENABLED
12-08 08:51:59.062 1494 1582 I ActivityManager: Start proc 18305:com.thundercomm.screensaver/u0a52 for service {com.thundercomm.screensaver/com.thundercomm.screensaver.service.SystemScreensaverDream}
12-08 08:51:59.144 18305 18305 D MicroServiceManager: add linkToDeath
12-08 08:51:59.144 18305 18305 D MicroServiceManager: bindMicroService: called already get service
12-08 08:51:59.144 18305 18305 I MicroServiceManager: addCommonCallbackListener add listener
12-08 08:51:59.144 18305 18305 I MicroServiceManager: addConnectChangedListener add listener
12-08 08:51:59.146 1494 8468 I ActivityTaskManager: START u0 {flg=0x10000000 pkg=com.thundercomm.screensaver cmp=com.thundercomm.screensaver/android.service.dreams.DreamActivity (has extras)} from uid 10052
12-08 08:51:59.148 1494 8468 D CompatibilityChangeReporter: Compat change id reported: 184838306; UID 10052; state: DISABLED
12-08 08:51:59.149 1494 8468 D CompatibilityChangeReporter: Compat change id reported: 185004937; UID 10052; state: DISABLED
12-08 08:51:59.150 1494 8468 D CompatibilityChangeReporter: Compat change id reported: 181136395; UID 10052; state: DISABLED
12-08 08:51:59.150 1494 8468 D CompatibilityChangeReporter: Compat change id reported: 174042936; UID 10052; state: DISABLED
12-08 08:51:59.151 1494 8468 D CompatibilityChangeReporter: Compat change id reported: 174042980; UID 10052; state: DISABLED
12-08 08:51:59.152 1494 8468 W ActivityTaskManager: Can't find TaskDisplayArea to determine support for multi window. Task id=202 attached=false
12-08 08:51:59.159 1494 8468 W WindowManager: updateScale0.7996942
12-08 08:51:59.165 1494 2006 I ActivityTaskManager: FOREGROUND_APPLICATION_CHANGED to android.service.dreams.DreamActivity
12-08 08:51:59.165 1494 2006 I ActivityTaskManager: The Process com.thundercomm.screensaver Already Exists in BG. So sending its PID: 18305
12-08 08:51:59.171 1494 2006 W WindowManager: updateScale0.7996942
12-08 08:51:59.190 10409 10425 W ContextImpl: Calling a method in the system process without a qualified user: android.app.ContextImpl.startService:1816 android.content.ContextWrapper.startService:774 com.thundercomm.gamemode.ingame.services.GameModeActionUtils.startGameModeService:93 com.thundercomm.gamemode.ingame.services.GameModeActionUtils.startGameModeEntry:21 com.thundercomm.gamemode.ingame.services.ActivityMonitoringService$1.onActivityLaunch:127
12-08 08:51:59.198 1494 1494 I GameModeConfig: Current uri is uri = content://com.thundercomm.gamemode.api/gamemode_settings/gamemode_isgaming
12-08 08:51:59.204 1494 1494 I GameModeConfig: isGameModeOn = false
12-08 08:51:59.206 1494 2006 W WindowManager: Failed looking up window session=Session{7ce4ed5 18305:u0a10052} callers=com.android.server.wm.WindowManagerService.windowForClientLocked:5628 com.android.server.wm.Session.insetsModified:629 android.view.IWindowSession$Stub.onTransact:1151
12-08 08:51:59.207 1494 1494 I GameModeConfig: isGameModeOn = false
12-08 08:51:59.207 1494 1494 I GameModeConfig: isDisableVoice = true
12-08 08:51:59.252 1494 2006 W WindowManager: updateScale0.7996942
12-08 08:51:59.256 1494 1905 I GameModeConfig: isGameModeOn = false
12-08 08:51:59.256 1494 1905 I GameModeConfig: isGameModeOn = false
12-08 08:51:59.256 1494 1905 I GameModeConfig: isGameModeOn = false
12-08 08:51:59.256 1494 1905 I GameModeConfig: isGameModeOn = false
12-08 08:51:59.270 1494 1566 W WindowManager: updateScale0.7996942
12-08 08:51:59.271 1494 1566 W WindowManager: updateScale0.7996942
12-08 08:51:59.281 10409 10425 W ContextImpl: Calling a method in the system process without a qualified user: android.app.ContextImpl.startService:1816 android.content.ContextWrapper.startService:774 com.thundercomm.gamemode.ingame.services.GameModeActionUtils.startGameModeService:93 com.thundercomm.gamemode.ingame.services.GameModeActionUtils.startGameModeEntry:21 com.thundercomm.gamemode.ingame.services.ActivityMonitoringService$1.onActivityLaunch:127
12-08 08:51:59.286 1494 1494 I GameModeConfig: Current uri is uri = content://com.thundercomm.gamemode.api/gamemode_settings/gamemode_isgaming
12-08 08:51:59.289 1494 1494 I GameModeConfig: isGameModeOn = false
12-08 08:51:59.290 1494 1494 I GameModeConfig: isGameModeOn = false
12-08 08:51:59.290 1494 1494 I GameModeConfig: isDisableVoice = true
12-08 08:51:59.295 1494 1568 W WindowManager: updateScale0.7996942
12-08 08:51:59.298 1494 1568 W WindowManager: updateScale0.7996942
12-08 08:51:59.300 1494 1568 W WindowManager: updateScale0.7996942
12-08 08:51:59.303 1494 1618 V DisplayPowerController[0]: Brightness [1.0] reason changing to: 'manual', previous reason: 'manual [ dim ]'.
12-08 08:51:59.318 1494 1971 E DisplayDeviceConfig: requesting nits when no mapping exists.
12-08 08:51:59.318 1494 1971 E DisplayDeviceConfig: requesting nits when no mapping exists.
12-08 08:51:59.336 1494 1971 E DisplayDeviceConfig: requesting nits when no mapping exists.
12-08 08:51:59.336 1494 1971 E DisplayDeviceConfig: requesting nits when no mapping exists.
12-08 08:51:59.351 1494 1971 E DisplayDeviceConfig: requesting nits when no mapping exists.
12-08 08:51:59.352 1494 1971 E DisplayDeviceConfig: requesting nits when no mapping exists.
12-08 08:51:59.368 1494 1971 E DisplayDeviceConfig: requesting nits when no mapping exists.
12-08 08:51:59.368 1494 1971 E DisplayDeviceConfig: requesting nits when no mapping exists.
12-08 08:51:59.389 1494 1971 E DisplayDeviceConfig: requesting nits when no mapping exists.
12-08 08:51:59.391 1494 1971 E DisplayDeviceConfig: requesting nits when no mapping exists.
12-08 08:51:59.407 1494 1971 E DisplayDeviceConfig: requesting nits when no mapping exists.
12-08 08:51:59.407 1494 1971 E DisplayDeviceConfig: requesting nits when no mapping exists.
12-08 08:51:59.418 1494 1971 E DisplayDeviceConfig: requesting nits when no mapping exists.
12-08 08:51:59.419 1494 1971 E DisplayDeviceConfig: requesting nits when no mapping exists.
12-08 08:51:59.436 1494 1971 E DisplayDeviceConfig: requesting nits when no mapping exists.
12-08 08:51:59.437 1494 1971 E DisplayDeviceConfig: requesting nits when no mapping exists.
12-08 08:51:59.452 1494 1971 E DisplayDeviceConfig: requesting nits when no mapping exists.
12-08 08:51:59.452 1494 1971 E DisplayDeviceConfig: requesting nits when no mapping exists.
12-08 08:51:59.460 1494 1494 I GameModeConfig: isGameModeOn = false
12-08 08:51:59.462 1494 1494 W NotificationHistory: Attempted to add notif for locked/gone/disabled user 0
12-08 08:51:59.468 1494 1971 E DisplayDeviceConfig: requesting nits when no mapping exists.
12-08 08:51:59.469 1494 1971 E DisplayDeviceConfig: requesting nits when no mapping exists.
12-08 08:51:59.485 1494 1971 E DisplayDeviceConfig: requesting nits when no mapping exists.
12-08 08:51:59.486 1494 1971 E DisplayDeviceConfig: requesting nits when no mapping exists.
12-08 08:51:59.502 1494 1971 E DisplayDeviceConfig: requesting nits when no mapping exists.
12-08 08:51:59.503 1494 1971 E DisplayDeviceConfig: requesting nits when no mapping exists.
12-08 08:51:59.520 1494 1971 E DisplayDeviceConfig: requesting nits when no mapping exists.
12-08 08:51:59.521 1494 1971 E DisplayDeviceConfig: requesting nits when no mapping exists.
12-08 08:51:59.537 1494 1971 E DisplayDeviceConfig: requesting nits when no mapping exists.
12-08 08:51:59.537 1494 1971 E DisplayDeviceConfig: requesting nits when no mapping exists.
12-08 08:51:59.554 1494 1971 E DisplayDeviceConfig: requesting nits when no mapping exists.
12-08 08:51:59.555 1494 1971 E DisplayDeviceConfig: requesting nits when no mapping exists.
12-08 08:51:59.573 1494 1971 E DisplayDeviceConfig: requesting nits when no mapping exists.
12-08 08:51:59.573 1494 1971 E DisplayDeviceConfig: requesting nits when no mapping exists.
12-08 08:51:59.588 1494 1971 E DisplayDeviceConfig: requesting nits when no mapping exists.
12-08 08:51:59.589 1494 1971 E DisplayDeviceConfig: requesting nits when no mapping exists.
12-08 08:51:59.590 1494 1568 W WindowManager: updateScale0.7996942
12-08 08:51:59.609 1494 1971 E DisplayDeviceConfig: requesting nits when no mapping exists.
12-08 08:51:59.611 1494 1971 E DisplayDeviceConfig: requesting nits when no mapping exists.
12-08 08:51:59.620 1494 1971 E DisplayDeviceConfig: requesting nits when no mapping exists.
12-08 08:51:59.620 1494 1971 E DisplayDeviceConfig: requesting nits when no mapping exists.
12-08 08:51:59.626 1494 8468 W WindowManager: updateScale0.7996942
12-08 08:51:59.635 1494 1971 E DisplayDeviceConfig: requesting nits when no mapping exists.
12-08 08:51:59.636 1494 1971 E DisplayDeviceConfig: requesting nits when no mapping exists.
12-08 08:51:59.636 1494 1568 W WindowManager: updateScale0.7996942
12-08 08:51:59.638 10409 10425 W ContextImpl: Calling a method in the system process without a qualified user: android.app.ContextImpl.startService:1816 android.content.ContextWrapper.startService:774 com.thundercomm.gamemode.ingame.services.GameModeActionUtils.startGameModeService:93 com.thundercomm.gamemode.ingame.services.GameModeActionUtils.startGameModeEntry:21 com.thundercomm.gamemode.ingame.services.ActivityMonitoringService$1.onActivityLaunch:127
12-08 08:51:59.641 1494 1494 I GameModeConfig: Current uri is uri = content://com.thundercomm.gamemode.api/gamemode_settings/gamemode_isgaming
12-08 08:51:59.643 1494 1494 I GameModeConfig: isGameModeOn = false
12-08 08:51:59.643 1494 1494 I GameModeConfig: isGameModeOn = false
12-08 08:51:59.643 1494 1494 I GameModeConfig: isDisableVoice = true
12-08 08:51:59.650 1494 1971 E DisplayDeviceConfig: requesting nits when no mapping exists.
12-08 08:51:59.650 1494 1971 E DisplayDeviceConfig: requesting nits when no mapping exists.
12-08 08:51:59.666 1494 1971 E DisplayDeviceConfig: requesting nits when no mapping exists.
12-08 08:51:59.667 1494 1971 E DisplayDeviceConfig: requesting nits when no mapping exists.
12-08 08:51:59.683 1494 1971 E DisplayDeviceConfig: requesting nits when no mapping exists.
12-08 08:51:59.684 1494 1971 E DisplayDeviceConfig: requesting nits when no mapping exists.
12-08 08:51:59.700 1494 1971 E DisplayDeviceConfig: requesting nits when no mapping exists.
12-08 08:51:59.700 1494 1971 E DisplayDeviceConfig: requesting nits when no mapping exists.
12-08 08:51:59.716 1494 1971 E DisplayDeviceConfig: requesting nits when no mapping exists.
12-08 08:51:59.717 1494 1971 E DisplayDeviceConfig: requesting nits when no mapping exists.
12-08 08:51:59.733 1494 1971 E DisplayDeviceConfig: requesting nits when no mapping exists.
12-08 08:51:59.734 1494 1971 E DisplayDeviceConfig: requesting nits when no mapping exists.
12-08 08:51:59.750 1494 1971 E DisplayDeviceConfig: requesting nits when no mapping exists.
12-08 08:51:59.750 1494 1971 E DisplayDeviceConfig: requesting nits when no mapping exists.
12-08 08:51:59.766 1494 1971 E DisplayDeviceConfig: requesting nits when no mapping exists.
12-08 08:51:59.767 1494 1971 E DisplayDeviceConfig: requesting nits when no mapping exists.
12-08 08:51:59.783 1494 1971 E DisplayDeviceConfig: requesting nits when no mapping exists.
12-08 08:51:59.784 1494 1971 E DisplayDeviceConfig: requesting nits when no mapping exists.
12-08 08:51:59.800 1494 1971 E DisplayDeviceConfig: requesting nits when no mapping exists.
12-08 08:51:59.800 1494 1971 E DisplayDeviceConfig: requesting nits when no mapping exists.
12-08 08:51:59.817 1494 1971 E DisplayDeviceConfig: requesting nits when no mapping exists.
12-08 08:51:59.817 1494 1971 E DisplayDeviceConfig: requesting nits when no mapping exists.
12-08 08:51:59.834 1494 1971 E DisplayDeviceConfig: requesting nits when no mapping exists.
12-08 08:51:59.835 1494 1971 E DisplayDeviceConfig: requesting nits when no mapping exists.
12-08 08:51:59.850 1494 1971 E DisplayDeviceConfig: requesting nits when no mapping exists.
12-08 08:51:59.851 1494 1971 E DisplayDeviceConfig: requesting nits when no mapping exists.
12-08 08:51:59.867 1494 1971 E DisplayDeviceConfig: requesting nits when no mapping exists.
12-08 08:51:59.869 1494 1971 E DisplayDeviceConfig: requesting nits when no mapping exists.
12-08 08:51:59.884 1494 1971 E DisplayDeviceConfig: requesting nits when no mapping exists.
12-08 08:51:59.885 1494 1971 E DisplayDeviceConfig: requesting nits when no mapping exists.
12-08 08:51:59.901 1494 1971 E DisplayDeviceConfig: requesting nits when no mapping exists.
12-08 08:51:59.902 1494 1971 E DisplayDeviceConfig: requesting nits when no mapping exists.
12-08 08:51:59.917 1494 1971 E DisplayDeviceConfig: requesting nits when no mapping exists.
12-08 08:51:59.918 1494 1971 E DisplayDeviceConfig: requesting nits when no mapping exists.
12-08 08:51:59.934 1494 1971 E DisplayDeviceConfig: requesting nits when no mapping exists.
12-08 08:51:59.935 1494 1971 E DisplayDeviceConfig: requesting nits when no mapping exists.
12-08 08:51:59.951 1494 1971 E DisplayDeviceConfig: requesting nits when no mapping exists.
12-08 08:51:59.951 1494 1971 E DisplayDeviceConfig: requesting nits when no mapping exists.
12-08 08:51:59.967 1494 1971 E DisplayDeviceConfig: requesting nits when no mapping exists.
12-08 08:51:59.967 1494 1971 E DisplayDeviceConfig: requesting nits when no mapping exists.
12-08 08:51:59.984 1494 1971 E DisplayDeviceConfig: requesting nits when no mapping exists.
12-08 08:51:59.984 1494 1971 E DisplayDeviceConfig: requesting nits when no mapping exists.
12-08 08:52:00.001 1494 1971 E DisplayDeviceConfig: requesting nits when no mapping exists.
12-08 08:52:00.003 1494 1971 E DisplayDeviceConfig: requesting nits when no mapping exists.
12-08 08:52:00.017 1494 1971 E DisplayDeviceConfig: requesting nits when no mapping exists.
12-08 08:52:00.018 1494 1971 E DisplayDeviceConfig: requesting nits when no mapping exists.
12-08 08:52:00.034 1494 1971 E DisplayDeviceConfig: requesting nits when no mapping exists.
12-08 08:52:00.034 1494 1971 E DisplayDeviceConfig: requesting nits when no mapping exists.
12-08 08:52:00.051 1494 1971 E DisplayDeviceConfig: requesting nits when no mapping exists.
12-08 08:52:00.051 1494 1971 E DisplayDeviceConfig: requesting nits when no mapping exists.
12-08 08:52:00.067 1494 1971 E DisplayDeviceConfig: requesting nits when no mapping exists.
12-08 08:52:00.068 1494 1971 E DisplayDeviceConfig: requesting nits when no mapping exists.
12-08 08:52:00.084 1494 1971 E DisplayDeviceConfig: requesting nits when no mapping exists.
12-08 08:52:00.084 1494 1971 E DisplayDeviceConfig: requesting nits when no mapping exists.
12-08 08:52:00.101 1494 1971 E DisplayDeviceConfig: requesting nits when no mapping exists.
12-08 08:52:00.101 1494 1971 E DisplayDeviceConfig: requesting nits when no mapping exists.
12-08 08:52:00.118 1494 1971 E DisplayDeviceConfig: requesting nits when no mapping exists.
12-08 08:52:00.118 1494 1971 E DisplayDeviceConfig: requesting nits when no mapping exists.
12-08 08:52:00.135 1494 1971 E DisplayDeviceConfig: requesting nits when no mapping exists.
12-08 08:52:00.135 1494 1971 E DisplayDeviceConfig: requesting nits when no mapping exists.
12-08 08:52:00.152 1494 1971 E DisplayDeviceConfig: requesting nits when no mapping exists.
12-08 08:52:00.153 1494 1971 E DisplayDeviceConfig: requesting nits when no mapping exists.
12-08 08:52:00.169 1494 1971 E DisplayDeviceConfig: requesting nits when no mapping exists.
12-08 08:52:00.170 1494 1971 E DisplayDeviceConfig: requesting nits when no mapping exists.
12-08 08:52:00.185 1494 1971 E DisplayDeviceConfig: requesting nits when no mapping exists.
12-08 08:52:00.185 1494 1971 E DisplayDeviceConfig: requesting nits when no mapping exists.
12-08 08:52:00.201 1494 1971 E DisplayDeviceConfig: requesting nits when no mapping exists.
12-08 08:52:00.204 1494 1971 E DisplayDeviceConfig: requesting nits when no mapping exists.
12-08 08:52:00.219 1494 1971 E DisplayDeviceConfig: requesting nits when no mapping exists.
12-08 08:52:00.220 1494 1971 E DisplayDeviceConfig: requesting nits when no mapping exists.
12-08 08:52:00.234 1494 1971 E DisplayDeviceConfig: requesting nits when no mapping exists.
12-08 08:52:00.235 1494 1971 E DisplayDeviceConfig: requesting nits when no mapping exists.
12-08 08:52:00.252 1494 1971 E DisplayDeviceConfig: requesting nits when no mapping exists.
12-08 08:52:00.253 1494 1971 E DisplayDeviceConfig: requesting nits when no mapping exists.
12-08 08:52:09.480 1494 1905 I GameModeConfig: isGameModeOn = false
12-08 08:53:09.070 1494 1701 D ActivityManager: freezing 16082 com.android.settings.intelligence
12-08 08:53:09.070 1494 1701 E ActivityManager: Unable to freeze binder for 16082 com.android.settings.intelligence
12-08 08:53:09.071 1494 1701 D ActivityManager: froze 16082 com.android.settings.intelligence
12-08 08:53:09.071 1494 1701 E ActivityManager: Unable to freeze binder for 16082 com.android.settings.intelligence
12-08 08:53:09.074 1494 1701 D ActivityManager: freezing 16143 com.android.traceur
12-08 08:53:09.074 1494 1701 E ActivityManager: Unable to freeze binder for 16143 com.android.traceur
12-08 08:53:09.075 1494 1701 D ActivityManager: froze 16143 com.android.traceur
12-08 08:53:09.076 1494 1701 E ActivityManager: Unable to freeze binder for 16143 com.android.traceur
12-08 08:53:09.078 1494 1701 D ActivityManager: freezing 16114 com.android.emergency
12-08 08:53:09.078 1494 1701 E ActivityManager: Unable to freeze binder for 16114 com.android.emergency
12-08 08:53:09.079 1494 1701 D ActivityManager: froze 16114 com.android.emergency
12-08 08:53:09.080 1494 1701 E ActivityManager: Unable to freeze binder for 16114 com.android.emergency
12-08 08:53:09.081 1494 1701 I ActivityManager: Killing 16082:com.android.settings.intelligence/u0a62 (adj 945): Unable to freeze binder interface
12-08 08:53:09.085 1494 1701 I ActivityManager: Killing 16143:com.android.traceur/u0a22 (adj 955): Unable to freeze binder interface
12-08 08:53:09.086 1494 1701 I ActivityManager: Killing 16114:com.android.emergency/u0a74 (adj 955): Unable to freeze binder interface
12-08 08:53:09.136 1494 1566 W ActivityManager: setHasOverlayUi called on unknown pid: 16082
12-08 08:54:28.300 1494 1701 D ActivityManager: freezing 11825 com.qualcomm.qti.qccauthmgr
12-08 08:54:28.300 1494 1701 E ActivityManager: Unable to freeze binder for 11825 com.qualcomm.qti.qccauthmgr
12-08 08:54:28.301 1494 1701 D ActivityManager: froze 11825 com.qualcomm.qti.qccauthmgr
12-08 08:54:28.301 1494 1701 E ActivityManager: Unable to freeze binder for 11825 com.qualcomm.qti.qccauthmgr
12-08 08:54:28.303 1494 1701 I ActivityManager: Killing 11825:com.qualcomm.qti.qccauthmgr/u0a89 (adj 945): Unable to freeze binder interface
12-08 08:56:10.840 1494 1701 D ActivityManager: freezing 17134 com.microsoft.emmx:sandboxed_process0:org.chromium.content.app.SandboxedProcessService0:0
12-08 08:56:10.840 1494 1701 E ActivityManager: Unable to freeze binder for 17134 com.microsoft.emmx:sandboxed_process0:org.chromium.content.app.SandboxedProcessService0:0
12-08 08:56:10.841 1494 1701 D ActivityManager: froze 17134 com.microsoft.emmx:sandboxed_process0:org.chromium.content.app.SandboxedProcessService0:0
12-08 08:56:10.842 1494 1701 E ActivityManager: Unable to freeze binder for 17134 com.microsoft.emmx:sandboxed_process0:org.chromium.content.app.SandboxedProcessService0:0
12-08 08:56:10.843 1494 1701 I ActivityManager: Killing 17134:com.microsoft.emmx:sandboxed_process0:org.chromium.content.app.SandboxedProcessService0:0/u0a36i-9000 (adj 905): Unable to freeze binder interface
12-08 08:56:10.883 1494 6910 W ActivityManager: Scheduling restart of crashed service com.microsoft.emmx/org.chromium.content.app.SandboxedProcessService0:0 in 1000ms for connection
12-08 08:56:10.907 1494 1592 E KernelCpuSpeedReader: Failed to read cpu-freq: /sys/devices/system/cpu/cpu4/cpufreq/stats/time_in_state: open failed: ENOENT (No such file or directory)
12-08 08:56:10.907 1494 1592 E KernelCpuSpeedReader: Failed to read cpu-freq: /sys/devices/system/cpu/cpu0/cpufreq/stats/time_in_state: open failed: ENOENT (No such file or directory)
12-08 08:56:55.389 1494 1579 I UsageStatsService: User[0] Flushing usage stats to disk
12-08 08:57:15.715 1494 6910 W WindowManager: updateScale0.7996942
12-08 08:57:15.720 1494 6910 I DreamManagerService: Gently waking up from dream.
12-08 08:57:15.722 1494 1563 I DreamManagerService: Performing gentle wake from dream.
12-08 08:57:15.724 1494 6910 I ActivityTaskManager: FOREGROUND_APPLICATION_CHANGED to com.android.launcher3.uioverrides.QuickstepLauncher
12-08 08:57:15.732 1494 6910 I ActivityTaskManager: FOREGROUND_APPLICATION_CHANGED to com.android.documentsui.files.FilesActivity
12-08 08:57:15.733 1494 6910 W WindowManager: updateScale0.7996942
12-08 08:57:15.736 1494 6910 W WindowManager: updateScale0.7996942
12-08 08:57:15.737 1494 8468 W WindowManager: updateScale0.7996942
12-08 08:57:15.742 1494 1566 W WindowManager: updateScale0.7996942
12-08 08:57:15.743 1494 1566 W WindowManager: updateScale0.7996942
12-08 08:57:15.753 1494 8468 W WindowManager: updateScale0.7996942
12-08 08:57:15.755 1494 1566 W WindowManager: updateScale0.7996942
12-08 08:57:15.763 10409 10425 W ContextImpl: Calling a method in the system process without a qualified user: android.app.ContextImpl.startService:1816 android.content.ContextWrapper.startService:774 com.thundercomm.gamemode.ingame.services.GameModeActionUtils.startGameModeService:93 com.thundercomm.gamemode.ingame.services.GameModeActionUtils.startGameModeEntry:21 com.thundercomm.gamemode.ingame.services.ActivityMonitoringService$1.onActivityLaunch:127
12-08 08:57:15.772 1494 1494 I GameModeConfig: Current uri is uri = content://com.thundercomm.gamemode.api/gamemode_settings/gamemode_isgaming
12-08 08:57:15.779 1494 1494 I GameModeConfig: isGameModeOn = false
12-08 08:57:15.779 1494 1494 I GameModeConfig: isGameModeOn = false
12-08 08:57:15.779 1494 1494 I GameModeConfig: isDisableVoice = true
12-08 08:57:15.790 10409 10425 W ContextImpl: Calling a method in the system process without a qualified user: android.app.ContextImpl.startService:1816 android.content.ContextWrapper.startService:774 com.thundercomm.gamemode.ingame.services.GameModeActionUtils.startGameModeService:93 com.thundercomm.gamemode.ingame.services.GameModeActionUtils.startGameModeEntry:21 com.thundercomm.gamemode.ingame.services.ActivityMonitoringService$1.onActivityLaunch:127
12-08 08:57:15.795 1494 1494 I GameModeConfig: Current uri is uri = content://com.thundercomm.gamemode.api/gamemode_settings/gamemode_isgaming
12-08 08:57:15.796 1494 1494 I GameModeConfig: isGameModeOn = false
12-08 08:57:15.797 1494 1494 I GameModeConfig: isGameModeOn = false
12-08 08:57:15.797 1494 1494 I GameModeConfig: isDisableVoice = true
12-08 08:57:15.798 1494 1568 W WindowManager: updateScale0.7996942
12-08 08:57:15.802 1494 1568 W WindowManager: updateScale0.7996942
12-08 08:57:15.805 1494 1568 W WindowManager: updateScale0.7996942
12-08 08:57:15.832 1494 2823 I DreamManagerService: Leaving dreamland.
12-08 08:57:15.834 1494 1563 I DreamManagerService: Performing gentle wake from dream.
12-08 08:57:15.834 1494 1563 I DreamController: Stopping dream: name=ComponentInfo{com.thundercomm.screensaver/com.thundercomm.screensaver.service.SystemScreensaverDream}, isTest=false, canDoze=false, userId=0, reason='finished self'(from 'finished self')
12-08 08:57:15.835 1494 8468 W WindowManager: updateScale0.7996942
12-08 08:57:15.838 1494 1618 I PowerManagerService: Powering on display group fromDreaming (groupId=0, uid=1000, reason=WAKE_REASON_UNKNOWN, details=android.server.power:DREAM_FINISHED)...
12-08 08:57:15.838 1494 1618 I PowerManagerService: Waking up from Dreaming (uid=1000, reason=WAKE_REASON_UNKNOWN, details=android.server.power:DREAM_FINISHED)...
12-08 08:57:15.848 10409 10425 W ContextImpl: Calling a method in the system process without a qualified user: android.app.ContextImpl.startService:1816 android.content.ContextWrapper.startService:774 com.thundercomm.gamemode.ingame.services.GameModeActionUtils.startGameModeService:93 com.thundercomm.gamemode.ingame.services.GameModeActionUtils.startGameModeEntry:21 com.thundercomm.gamemode.ingame.services.ActivityMonitoringService$1.onActivityLaunch:127
12-08 08:57:15.854 1494 1494 I GameModeConfig: Current uri is uri = content://com.thundercomm.gamemode.api/gamemode_settings/gamemode_isgaming
12-08 08:57:15.856 1494 1494 I GameModeConfig: isGameModeOn = false
12-08 08:57:15.856 1494 1494 I GameModeConfig: isGameModeOn = false
12-08 08:57:15.856 1494 1494 I GameModeConfig: isDisableVoice = true
12-08 08:57:16.049 1494 1568 W WindowManager: updateScale0.7996942
12-08 08:57:16.053 1494 1568 W WindowManager: updateScale0.7996942
12-08 08:57:16.064 1494 1568 W ActivityTaskManager: Can't find TaskDisplayArea to determine support for multi window. Task id=202 attached=false
12-08 08:57:16.065 1494 1568 W WindowManager: updateScale0.7996942
12-08 08:57:18.322 1494 2073 W WindowManager: updateScale0.7996942
12-08 08:57:18.338 1494 2073 W WindowManager: updateScale0.7996942
12-08 08:57:18.356 1494 2073 W WindowManager: updateScale0.7996942
12-08 08:57:18.369 1494 2073 W WindowManager: updateScale0.7996942
12-08 08:57:18.387 1494 2073 W WindowManager: updateScale0.7996942
12-08 08:57:18.402 1494 2073 W WindowManager: updateScale0.7996942
12-08 08:57:18.421 1494 2073 W WindowManager: updateScale0.7996942
12-08 08:57:18.435 1494 2073 W WindowManager: updateScale0.7996942
12-08 08:57:18.451 1494 2073 W WindowManager: updateScale0.7996942
12-08 08:57:18.468 1494 2073 W WindowManager: updateScale0.7996942
12-08 08:57:18.485 1494 2073 W WindowManager: updateScale0.7996942
12-08 08:57:18.502 1494 2073 W WindowManager: updateScale0.7996942
12-08 08:57:18.518 1494 2073 W WindowManager: updateScale0.7996942
12-08 08:57:18.535 1494 2073 W WindowManager: updateScale0.7996942
12-08 08:57:19.895 1494 2743 E TaskPersister: File error accessing recents directory (directory doesn't exist?).
12-08 08:57:19.896 1494 2823 I ActivityTaskManager: FOREGROUND_APPLICATION_CHANGED to com.android.launcher3.uioverrides.QuickstepLauncher
12-08 08:57:19.920 10409 10425 W ContextImpl: Calling a method in the system process without a qualified user: android.app.ContextImpl.startService:1816 android.content.ContextWrapper.startService:774 com.thundercomm.gamemode.ingame.services.GameModeActionUtils.startGameModeService:93 com.thundercomm.gamemode.ingame.services.GameModeActionUtils.startGameModeEntry:21 com.thundercomm.gamemode.ingame.services.ActivityMonitoringService$1.onActivityLaunch:127
12-08 08:57:19.924 1494 1494 I GameModeConfig: Current uri is uri = content://com.thundercomm.gamemode.api/gamemode_settings/gamemode_isgaming
12-08 08:57:19.927 1494 1494 I GameModeConfig: isGameModeOn = false
12-08 08:57:19.928 1494 1494 I GameModeConfig: isGameModeOn = false
12-08 08:57:19.928 1494 1494 I GameModeConfig: isDisableVoice = true
