12-08 09:10:51.475 1494 6229 W WindowManager: updateScale0.4617737
12-08 09:10:51.489 10409 10425 W ContextImpl: Calling a method in the system process without a qualified user: android.app.ContextImpl.startService:1816 android.content.ContextWrapper.startService:774 com.thundercomm.gamemode.ingame.services.GameModeActionUtils.startGameModeService:93 com.thundercomm.gamemode.ingame.services.GameModeActionUtils.startGameModeEntry:21 com.thundercomm.gamemode.ingame.services.ActivityMonitoringService$1.onActivityLaunch:127
12-08 09:10:51.492 1494 1494 I GameModeConfig: Current uri is uri = content://com.thundercomm.gamemode.api/gamemode_settings/gamemode_isgaming
12-08 09:10:51.494 1494 1494 I GameModeConfig: isGameModeOn = false
12-08 09:10:51.494 1494 1494 I GameModeConfig: isGameModeOn = false
12-08 09:10:51.494 1494 1494 I GameModeConfig: isDisableVoice = true
12-08 09:10:52.055 0 0 I auditd : type=1400 audit(0.0:18783): avc: denied { kill } for comm="swapper/3" capability=5 scontext=u:r:kernel:s0 tcontext=u:r:kernel:s0 tclass=capability permissive=0
12-08 09:10:53.055 0 0 I auditd : type=1400 audit(0.0:18784): avc: denied { kill } for comm="swapper/3" capability=5 scontext=u:r:kernel:s0 tcontext=u:r:kernel:s0 tclass=capability permissive=0
12-08 09:10:53.286 1494 1905 I GameModeConfig: isGameModeOn = false
12-08 09:10:53.313 1494 1905 I GameModeConfig: isGameModeOn = false
12-08 09:10:53.328 1494 1905 I GameModeConfig: isGameModeOn = false
12-08 09:10:53.345 1494 1905 I GameModeConfig: isGameModeOn = false
12-08 09:10:53.362 1494 1905 I GameModeConfig: isGameModeOn = false
12-08 09:10:53.378 1494 1905 I GameModeConfig: isGameModeOn = false
12-08 09:10:53.395 1494 1905 I GameModeConfig: isGameModeOn = false
12-08 09:10:53.413 1494 1905 I GameModeConfig: isGameModeOn = false
12-08 09:10:53.429 1494 1905 I GameModeConfig: isGameModeOn = false
12-08 09:10:53.445 1494 1905 I GameModeConfig: isGameModeOn = false
12-08 09:10:53.462 1494 1905 I GameModeConfig: isGameModeOn = false
12-08 09:10:53.478 1494 1905 I GameModeConfig: isGameModeOn = false
12-08 09:10:53.482 1494 1905 I GameModeConfig: isGameModeOn = false
12-08 09:10:53.514 1494 1905 I GameModeConfig: isGameModeOn = false
12-08 09:10:53.532 1494 1905 I GameModeConfig: isGameModeOn = false
12-08 09:10:53.549 1494 1905 I GameModeConfig: isGameModeOn = false
12-08 09:10:53.565 1494 1905 I GameModeConfig: isGameModeOn = false
12-08 09:10:53.582 1494 1905 I GameModeConfig: isGameModeOn = false
12-08 09:10:53.599 1494 1905 I GameModeConfig: isGameModeOn = false
12-08 09:10:53.614 1494 1905 I GameModeConfig: isGameModeOn = false
12-08 09:10:53.635 1494 1905 I GameModeConfig: isGameModeOn = false
12-08 09:10:53.651 1494 1905 I GameModeConfig: isGameModeOn = false
12-08 09:10:53.664 1494 1905 I GameModeConfig: isGameModeOn = false
12-08 09:10:53.682 1494 1905 I GameModeConfig: isGameModeOn = false
12-08 09:10:53.878 1494 1726 I input_interaction: Interaction with: fda1c2b com.android.launcher3/com.android.launcher3.uioverrides.QuickstepLauncher (server), dc2a546 com.android.systemui.ImageWallpaper (server), edge-swipe (server), swipe-up (server), PointerEventDispatcher0 (server),
12-08 09:10:53.884 1494 5950 W WindowManager: updateScale0.4617737
12-08 09:10:53.896 1494 1568 W WindowManager: updateScale0.4617737
12-08 09:10:53.969 2523 2523 I view_enqueue_input_event: [Motion - Cancel,com.android.launcher3/com.android.launcher3.uioverrides.QuickstepLauncher]
12-08 09:10:53.975 1494 1726 I input_interaction: Interaction with: edge-swipe (server), swipe-up (server), PointerEventDispatcher0 (server),
12-08 09:10:54.263 1494 5950 I sysui_multi_action: [757,803,799,key_back_press,802,1]
12-08 09:10:54.268 1494 1726 I input_interaction: Interaction with: eb33f9c com.android.music/com.android.music.VideoBrowserActivity (server), PointerEventDispatcher0 (server),
12-08 09:10:54.272 1494 5950 I wm_finish_activity: [0,205067298,229,com.android.music/.VideoBrowserActivity,app-request]
12-08 09:10:54.272 1494 5950 I wm_task_moved: [36,1,9]
12-08 09:10:54.275 1494 5950 I wm_set_resumed_activity: [0,com.android.launcher3/.uioverrides.QuickstepLauncher,positionChildAt]
12-08 09:10:54.275 1494 5950 I wm_task_moved: [37,1,2147483647]
12-08 09:10:54.275 1494 5950 I wm_task_to_front: [0,37]
12-08 09:10:54.275 1494 5950 I wm_focused_root_task: [0,0,36,-1,finish-top adjustFocusToNextFocusableTask]
12-08 09:10:54.275 1494 5950 I wm_set_resumed_activity: [0,com.android.launcher3/.uioverrides.QuickstepLauncher,finish-top]
12-08 09:10:54.292 1494 5950 I wm_pause_activity: [0,205067298,com.android.music/.VideoBrowserActivity,userLeaving=false,finish]
12-08 09:10:54.296 14889 14889 I wm_on_top_resumed_lost_called: [205067298,com.android.music.VideoBrowserActivity,topStateChangedWhenResumed]
12-08 09:10:54.296 1494 1568 I input_focus: [Focus request fda1c2b com.android.launcher3/com.android.launcher3.uioverrides.QuickstepLauncher,reason=UpdateInputWindows]
12-08 09:10:54.298 14889 14889 I wm_on_paused_called: [205067298,com.android.music.VideoBrowserActivity,performPause]
12-08 09:10:54.298 2523 2523 I wm_on_top_resumed_gained_called: [103271708,com.android.launcher3.uioverrides.QuickstepLauncher,topStateChangedWhenResumed]
12-08 09:10:54.300 1494 6229 I wm_destroy_activity: [0,205067298,229,com.android.music/.VideoBrowserActivity,finish-imm:completePausedLocked]
12-08 09:10:54.311 1494 1726 I input_focus: [Focus leaving eb33f9c com.android.music/com.android.music.VideoBrowserActivity (server),reason=NO_WINDOW]
12-08 09:10:54.311 1494 1726 I input_focus: [Focus entering fda1c2b com.android.launcher3/com.android.launcher3.uioverrides.QuickstepLauncher (server),reason=setFocusedWindow]
12-08 09:10:54.316 14889 14889 I wm_on_stop_called: [205067298,com.android.music.VideoBrowserActivity,LIFECYCLER_STOP_ACTIVITY]
12-08 09:10:54.319 14889 14889 I wm_on_destroy_called: [205067298,com.android.music.VideoBrowserActivity,performDestroy]
12-08 09:10:54.323 1494 1566 I sysui_multi_action: [757,803,799,window_time_2,802,4]
12-08 09:10:54.341 10409 10425 W ContextImpl: Calling a method in the system process without a qualified user: android.app.ContextImpl.startService:1816 android.content.ContextWrapper.startService:774 com.thundercomm.gamemode.ingame.services.GameModeActionUtils.startGameModeService:93 com.thundercomm.gamemode.ingame.services.GameModeActionUtils.startGameModeEntry:21 com.thundercomm.gamemode.ingame.services.ActivityMonitoringService$1.onActivityLaunch:127
12-08 09:10:54.347 1494 1494 I GameModeConfig: Current uri is uri = content://com.thundercomm.gamemode.api/gamemode_settings/gamemode_isgaming
12-08 09:10:54.351 1494 1494 I GameModeConfig: isGameModeOn = false
12-08 09:10:54.352 1494 1494 I GameModeConfig: isGameModeOn = false
12-08 09:10:54.352 1494 1494 I GameModeConfig: isDisableVoice = true
12-08 09:10:54.421 10409 10425 W ContextImpl: Calling a method in the system process without a qualified user: android.app.ContextImpl.startService:1816 android.content.ContextWrapper.startService:774 com.thundercomm.gamemode.ingame.services.GameModeActionUtils.startGameModeService:93 com.thundercomm.gamemode.ingame.services.GameModeActionUtils.startGameModeEntry:21 com.thundercomm.gamemode.ingame.services.ActivityMonitoringService$1.onActivityLaunch:127
12-08 09:10:54.435 1494 1494 I GameModeConfig: Current uri is uri = content://com.thundercomm.gamemode.api/gamemode_settings/gamemode_isgaming
12-08 09:10:54.438 1494 1494 I GameModeConfig: isGameModeOn = false
12-08 09:10:54.439 1494 1494 I GameModeConfig: isGameModeOn = false
12-08 09:10:54.439 1494 1494 I GameModeConfig: isDisableVoice = true
12-08 09:10:54.591 1494 1568 I wm_task_removed: [229,removeChild:removeChild last r=ActivityRecord{c391422 u0 com.android.music/.VideoBrowserActivity t-1 f}} in t=Task{d09cded #229 type=standard A=10090:android.task.video U=0 visible=false mode=freeform translucent=true sz=0}]
12-08 09:10:54.591 1494 1568 I wm_task_removed: [229,removeChild]
12-08 09:10:54.591 1494 1568 D FreeFormWindowHelper: Remove freefrom task=Task{d09cded #229 type=standard A=10090:android.task.video U=0 visible=false mode=freeform translucent=true sz=0}
12-08 09:10:56.055 0 0 I auditd : type=1400 audit(0.0:18785): avc: denied { kill } for comm="swapper/3" capability=5 scontext=u:r:kernel:s0 tcontext=u:r:kernel:s0 tclass=capability permissive=0
12-08 09:10:57.600 1494 2743 E TaskPersister: File error accessing recents directory (directory doesn't exist?).
12-08 09:10:58.977 1494 1726 I input_interaction: Interaction with: fda1c2b com.android.launcher3/com.android.launcher3.uioverrides.QuickstepLauncher (server), dc2a546 com.android.systemui.ImageWallpaper (server), edge-swipe (server), swipe-up (server), PointerEventDispatcher0 (server),
12-08 09:10:59.055 18408 18408 I auditd : type=1400 audit(0.0:18786): avc: denied { kill } for comm="kworker/u17:3" capability=5 scontext=u:r:kernel:s0 tcontext=u:r:kernel:s0 tclass=capability permissive=0
12-08 09:11:00.055 0 0 I auditd : type=1400 audit(0.0:18787): avc: denied { kill } for comm="swapper/1" capability=5 scontext=u:r:kernel:s0 tcontext=u:r:kernel:s0 tclass=capability permissive=0
12-08 09:11:00.215 1494 5950 I ActivityTaskManager: START u0 {flg=0x10008000 cmp=com.android.music/.VideoBrowserActivity} from uid 10080
12-08 09:11:00.219 1494 5950 I wm_task_created: [230,-1]
12-08 09:11:00.219 1494 5950 W ActivityTaskManager: Can't find TaskDisplayArea to determine support for multi window. Task id=230 attached=false
12-08 09:11:00.221 1494 5950 D FreeFormWindowHelper: Add freeform task=Task{279c583 #230 type=standard ?? U=0 visible=false mode=freeform translucent=true sz=0}
12-08 09:11:00.224 1494 5950 I wm_task_moved: [230,1,9]
12-08 09:11:00.224 1494 5950 I wm_task_to_front: [0,230]
12-08 09:11:00.224 1494 5950 I wm_create_task: [0,230]
12-08 09:11:00.224 1494 5950 I wm_create_activity: [0,240726784,230,com.android.music/.VideoBrowserActivity,NULL,NULL,NULL,268468224]
12-08 09:11:00.224 1494 5950 I wm_task_moved: [230,1,9]
12-08 09:11:00.225 1494 5950 I ActivityTaskManager: FOREGROUND_APPLICATION_CHANGED to com.android.music.VideoBrowserActivity
12-08 09:11:00.225 1494 5950 I ActivityTaskManager: The Process com.android.music Already Exists in BG. So sending its PID: 14889
12-08 09:11:00.227 1494 5950 W ActivityTaskManager: Tried to set launchTime (0) < mLastActivityLaunchTime (17611192)
12-08 09:11:00.228 1494 5950 I wm_restart_activity: [0,240726784,230,com.android.music/.VideoBrowserActivity]
12-08 09:11:00.229 1494 5950 I wm_set_resumed_activity: [0,com.android.music/.VideoBrowserActivity,minimalResumeActivityLocked]
12-08 09:11:00.236 2523 2523 I wm_on_top_resumed_lost_called: [103271708,com.android.launcher3.uioverrides.QuickstepLauncher,topStateChangedWhenResumed]
12-08 09:11:00.249 10409 10425 W ContextImpl: Calling a method in the system process without a qualified user: android.app.ContextImpl.startService:1816 android.content.ContextWrapper.startService:774 com.thundercomm.gamemode.ingame.services.GameModeActionUtils.startGameModeService:93 com.thundercomm.gamemode.ingame.services.GameModeActionUtils.startGameModeEntry:21 com.thundercomm.gamemode.ingame.services.ActivityMonitoringService$1.onActivityLaunch:127
12-08 09:11:00.255 1494 1494 I GameModeConfig: Current uri is uri = content://com.thundercomm.gamemode.api/gamemode_settings/gamemode_isgaming
12-08 09:11:00.257 1494 1494 I GameModeConfig: isGameModeOn = false
12-08 09:11:00.257 1494 1494 I GameModeConfig: isGameModeOn = false
12-08 09:11:00.257 1494 1494 I GameModeConfig: isDisableVoice = true
12-08 09:11:00.268 14889 14889 I wm_on_create_called: [240726784,com.android.music.VideoBrowserActivity,performCreate]
12-08 09:11:00.268 14889 14889 I wm_on_start_called: [240726784,com.android.music.VideoBrowserActivity,handleStartActivity]
12-08 09:11:00.269 14889 14889 I wm_on_resume_called: [240726784,com.android.music.VideoBrowserActivity,RESUME_ACTIVITY]
12-08 09:11:00.271 14889 14889 I wm_on_top_resumed_gained_called: [240726784,com.android.music.VideoBrowserActivity,topStateChangedWhenResumed]
12-08 09:11:00.275 1494 5787 W WindowManager: updateScale0.7996942
12-08 09:11:00.279 1494 1568 I input_focus: [Focus request 243bdf5 com.android.music/com.android.music.VideoBrowserActivity,reason=UpdateInputWindows]
12-08 09:11:00.287 1494 1568 W WindowManager: updateScale0.7996942
12-08 09:11:00.290 1494 1568 W WindowManager: updateScale0.7996942
12-08 09:11:00.291 1494 1568 W WindowManager: updateScale0.7996942
12-08 09:11:00.297 1494 1563 I sysui_multi_action: [319,75,322,75,325,17655,757,761,758,8,759,2,806,com.android.music,871,com.android.music.VideoBrowserActivity,904,com.android.launcher3,905,0,1320,4,1321,5]
12-08 09:11:00.308 1494 1563 I wm_activity_launch_time: [0,240726784,com.android.music/.VideoBrowserActivity,75]
12-08 09:11:00.308 1494 1726 I input_focus: [Focus leaving fda1c2b com.android.launcher3/com.android.launcher3.uioverrides.QuickstepLauncher (server),reason=setFocusedWindow]
12-08 09:11:00.308 1494 1726 I input_focus: [Focus entering 243bdf5 com.android.music/com.android.music.VideoBrowserActivity (server),reason=setFocusedWindow]
12-08 09:11:00.574 1494 1568 W WindowManager: updateScale0.7996942
12-08 09:11:01.055 0 0 I auditd : type=1400 audit(0.0:18788): avc: denied { kill } for comm="swapper/1" capability=5 scontext=u:r:kernel:s0 tcontext=u:r:kernel:s0 tclass=capability permissive=0
12-08 09:11:01.232 1494 1726 I input_interaction: Interaction with: 243bdf5 com.android.music/com.android.music.VideoBrowserActivity (server), edge-swipe (server), swipe-up (server), PointerEventDispatcher0 (server),
12-08 09:11:01.396 14889 14889 I view_enqueue_input_event: [Motion - Cancel,com.android.music/com.android.music.VideoBrowserActivity]
12-08 09:11:01.402 1494 1726 I input_interaction: Interaction with: WindowManager (server), edge-swipe (server), swipe-up (server), PointerEventDispatcher0 (server),
12-08 09:11:01.409 1494 1568 D FreeFormWindowHelper: refreshTipWindow windowDragBounds:Rect(23, 76 - 546, 1004)
12-08 09:11:01.411 1494 1568 W WindowManager: updateScale0.7996942
12-08 09:11:01.423 1494 5787 W WindowManager: updateScale0.7996942
12-08 09:11:01.425 1494 1568 D FreeFormWindowHelper: refreshTipWindow windowDragBounds:Rect(44, 79 - 567, 1007)
12-08 09:11:01.428 1494 1568 W WindowManager: updateScale0.7996942
12-08 09:11:01.442 1494 1568 D FreeFormWindowHelper: refreshTipWindow windowDragBounds:Rect(71, 80 - 594, 1008)
12-08 09:11:01.444 1494 1568 W WindowManager: updateScale0.7996942
12-08 09:11:01.456 1494 5787 W WindowManager: updateScale0.7996942
12-08 09:11:01.459 1494 1568 D FreeFormWindowHelper: refreshTipWindow windowDragBounds:Rect(100, 81 - 623, 1009)
12-08 09:11:01.460 1494 1568 W WindowManager: updateScale0.7996942
12-08 09:11:01.461 1494 1568 W WindowManager: updateScale0.7996942
12-08 09:11:01.476 1494 1568 D FreeFormWindowHelper: refreshTipWindow windowDragBounds:Rect(133, 82 - 656, 1010)
12-08 09:11:01.478 1494 1568 W WindowManager: updateScale0.7996942
12-08 09:11:01.490 1494 5787 W WindowManager: updateScale0.7996942
12-08 09:11:01.492 1494 1568 D FreeFormWindowHelper: refreshTipWindow windowDragBounds:Rect(170, 82 - 693, 1010)
12-08 09:11:01.494 1494 1568 W WindowManager: updateScale0.7996942
12-08 09:11:01.505 1494 5950 W WindowManager: updateScale0.7996942
12-08 09:11:01.509 1494 1568 D FreeFormWindowHelper: refreshTipWindow windowDragBounds:Rect(211, 82 - 734, 1010)
12-08 09:11:01.510 1494 1568 W WindowManager: updateScale0.7996942
12-08 09:11:01.521 1494 5950 W WindowManager: updateScale0.7996942
12-08 09:11:01.526 1494 1568 D FreeFormWindowHelper: refreshTipWindow windowDragBounds:Rect(253, 82 - 776, 1010)
12-08 09:11:01.527 1494 1568 W WindowManager: updateScale0.7996942
12-08 09:11:01.538 1494 5950 W WindowManager: updateScale0.7996942
12-08 09:11:01.542 1494 1568 D FreeFormWindowHelper: refreshTipWindow windowDragBounds:Rect(299, 82 - 822, 1010)
12-08 09:11:01.544 1494 1568 W WindowManager: updateScale0.7996942
12-08 09:11:01.555 1494 5950 W WindowManager: updateScale0.7996942
12-08 09:11:01.559 1494 1568 D FreeFormWindowHelper: refreshTipWindow windowDragBounds:Rect(348, 82 - 871, 1010)
12-08 09:11:01.561 1494 1568 W WindowManager: updateScale0.7996942
12-08 09:11:01.571 1494 5950 W WindowManager: updateScale0.7996942
12-08 09:11:01.576 1494 1568 D FreeFormWindowHelper: refreshTipWindow windowDragBounds:Rect(396, 75 - 919, 1003)
12-08 09:11:01.577 1494 1568 W WindowManager: updateScale0.7996942
12-08 09:11:01.578 1494 1568 W WindowManager: updateScale0.7996942
12-08 09:11:01.588 1494 5950 W WindowManager: updateScale0.7996942
12-08 09:11:01.592 1494 1568 D FreeFormWindowHelper: refreshTipWindow windowDragBounds:Rect(442, 72 - 965, 1000)
12-08 09:11:01.594 1494 1568 W WindowManager: updateScale0.7996942
12-08 09:11:01.605 1494 5950 W WindowManager: updateScale0.7996942
12-08 09:11:01.609 1494 1568 D FreeFormWindowHelper: refreshTipWindow windowDragBounds:Rect(497, 69 - 1020, 997)
12-08 09:11:01.611 1494 1568 W WindowManager: updateScale0.7996942
12-08 09:11:01.622 1494 5950 W WindowManager: updateScale0.7996942
12-08 09:11:01.626 1494 1568 D FreeFormWindowHelper: refreshTipWindow windowDragBounds:Rect(550, 66 - 1073, 994)
12-08 09:11:01.628 1494 1568 W WindowManager: updateScale0.7996942
12-08 09:11:01.638 1494 5950 W WindowManager: updateScale0.7996942
12-08 09:11:01.643 1494 1568 D FreeFormWindowHelper: refreshTipWindow windowDragBounds:Rect(606, 63 - 1129, 991)
12-08 09:11:01.644 1494 1568 W WindowManager: updateScale0.7996942
12-08 09:11:01.655 1494 5950 W WindowManager: updateScale0.7996942
12-08 09:11:01.659 1494 1568 D FreeFormWindowHelper: refreshTipWindow windowDragBounds:Rect(659, 59 - 1182, 987)
12-08 09:11:01.661 1494 1568 W WindowManager: updateScale0.7996942
12-08 09:11:01.672 1494 5950 W WindowManager: updateScale0.7996942
12-08 09:11:01.676 1494 1568 D FreeFormWindowHelper: refreshTipWindow windowDragBounds:Rect(722, 56 - 1245, 984)
12-08 09:11:01.678 1494 1568 W WindowManager: updateScale0.7996942
12-08 09:11:01.688 1494 5950 W WindowManager: updateScale0.7996942
12-08 09:11:01.693 1494 1568 D FreeFormWindowHelper: refreshTipWindow windowDragBounds:Rect(783, 52 - 1306, 980)
12-08 09:11:01.694 1494 1568 W WindowManager: updateScale0.7996942
12-08 09:11:01.705 1494 5950 W WindowManager: updateScale0.7996942
12-08 09:11:01.709 1494 1568 D FreeFormWindowHelper: refreshTipWindow windowDragBounds:Rect(845, 48 - 1368, 976)
12-08 09:11:01.711 1494 1568 W WindowManager: updateScale0.7996942
12-08 09:11:01.722 1494 5950 W WindowManager: updateScale0.7996942
12-08 09:11:01.729 1494 1568 D FreeFormWindowHelper: refreshTipWindow windowDragBounds:Rect(911, 44 - 1434, 972)
12-08 09:11:01.731 1494 1568 W WindowManager: updateScale0.7996942
12-08 09:11:01.738 1494 5787 W WindowManager: updateScale0.7996942
12-08 09:11:01.743 1494 1568 D FreeFormWindowHelper: refreshTipWindow windowDragBounds:Rect(978, 43 - 1501, 971)
12-08 09:11:01.744 1494 1568 W WindowManager: updateScale0.7996942
12-08 09:11:01.755 1494 5787 W WindowManager: updateScale0.7996942
12-08 09:11:01.759 1494 1568 D FreeFormWindowHelper: refreshTipWindow windowDragBounds:Rect(1044, 40 - 1567, 968)
12-08 09:11:01.761 1494 1568 W WindowManager: updateScale0.7996942
12-08 09:11:01.772 1494 5787 W WindowManager: updateScale0.7996942
12-08 09:11:01.776 1494 1568 D FreeFormWindowHelper: refreshTipWindow windowDragBounds:Rect(1109, 38 - 1632, 966)
12-08 09:11:01.778 1494 1568 W WindowManager: updateScale0.7996942
12-08 09:11:01.789 1494 5787 W WindowManager: updateScale0.7996942
12-08 09:11:01.793 1494 1568 D FreeFormWindowHelper: refreshTipWindow windowDragBounds:Rect(1175, 35 - 1698, 963)
12-08 09:11:01.794 1494 1568 W WindowManager: updateScale0.7996942
12-08 09:11:01.806 1494 5950 W WindowManager: updateScale0.7996942
12-08 09:11:01.810 1494 1568 D FreeFormWindowHelper: refreshTipWindow windowDragBounds:Rect(1239, 34 - 1762, 962)
12-08 09:11:01.811 1494 1568 W WindowManager: updateScale0.7996942
12-08 09:11:01.822 1494 5950 W WindowManager: updateScale0.7996942
12-08 09:11:01.826 1494 1568 D FreeFormWindowHelper: refreshTipWindow windowDragBounds:Rect(1304, 28 - 1827, 956)
12-08 09:11:01.828 1494 1568 W WindowManager: updateScale0.7996942
12-08 09:11:01.839 1494 5950 W WindowManager: updateScale0.7996942
12-08 09:11:01.843 1494 1568 D FreeFormWindowHelper: refreshTipWindow windowDragBounds:Rect(1367, 22 - 1890, 950)
12-08 09:11:01.845 1494 1568 W WindowManager: updateScale0.7996942
12-08 09:11:01.856 1494 5950 W WindowManager: updateScale0.7996942
12-08 09:11:01.860 1494 1568 D FreeFormWindowHelper: refreshTipWindow windowDragBounds:Rect(1430, 18 - 1953, 946)
12-08 09:11:01.861 1494 1568 W WindowManager: updateScale0.7996942
12-08 09:11:01.872 1494 5950 W WindowManager: updateScale0.7996942
12-08 09:11:01.876 1494 1568 D FreeFormWindowHelper: refreshTipWindow windowDragBounds:Rect(1491, 14 - 2014, 942)
12-08 09:11:01.878 1494 1568 W WindowManager: updateScale0.7996942
12-08 09:11:01.889 1494 5950 W WindowManager: updateScale0.7996942
12-08 09:11:01.893 1494 1568 D FreeFormWindowHelper: refreshTipWindow windowDragBounds:Rect(1554, 9 - 2077, 937)
12-08 09:11:01.895 1494 1568 W WindowManager: updateScale0.7996942
12-08 09:11:01.906 1494 5787 W WindowManager: updateScale0.7996942
12-08 09:11:01.910 1494 1568 D FreeFormWindowHelper: refreshTipWindow windowDragBounds:Rect(1612, 9 - 2135, 937)
12-08 09:11:01.912 1494 1568 W WindowManager: updateScale0.7996942
12-08 09:11:01.922 1494 5787 W WindowManager: updateScale0.7996942
12-08 09:11:01.927 1494 1568 D FreeFormWindowHelper: refreshTipWindow windowDragBounds:Rect(1668, 5 - 2191, 933)
12-08 09:11:01.928 1494 1568 W WindowManager: updateScale0.7996942
12-08 09:11:01.939 1494 5950 W WindowManager: updateScale0.7996942
12-08 09:11:01.943 1494 1568 D FreeFormWindowHelper: refreshTipWindow windowDragBounds:Rect(1723, 3 - 2246, 931)
12-08 09:11:01.945 1494 1568 W WindowManager: updateScale0.7996942
12-08 09:11:01.956 1494 5950 W WindowManager: updateScale0.7996942
12-08 09:11:01.960 1494 1568 D FreeFormWindowHelper: refreshTipWindow windowDragBounds:Rect(1784, 1 - 2307, 929)
12-08 09:11:01.962 1494 1568 W WindowManager: updateScale0.7996942
12-08 09:11:01.972 1494 5787 W WindowManager: updateScale0.7996942
12-08 09:11:01.977 1494 1568 D FreeFormWindowHelper: refreshTipWindow windowDragBounds:Rect(1842, 1 - 2365, 929)
12-08 09:11:01.979 1494 1568 W WindowManager: updateScale0.7996942
12-08 09:11:01.989 1494 5787 W WindowManager: updateScale0.7996942
12-08 09:11:01.994 1494 1568 D FreeFormWindowHelper: refreshTipWindow windowDragBounds:Rect(1907, -3 - 2430, 925)
12-08 09:11:01.996 1494 1568 W WindowManager: updateScale0.7996942
12-08 09:11:02.006 1494 5787 W WindowManager: updateScale0.7996942
12-08 09:11:02.010 1494 1568 D FreeFormWindowHelper: refreshTipWindow windowDragBounds:Rect(1944, -15 - 2467, 913)
12-08 09:11:02.012 1494 1568 W WindowManager: updateScale0.7996942
12-08 09:11:02.023 1494 5787 W WindowManager: updateScale0.7996942
12-08 09:11:02.028 1494 1568 D WindowManager: updateWindowDragBounds: mIsSwipeYfalse
12-08 09:11:02.028 1494 1568 D WindowManager: updateWindowDragBounds: mIsTopfalse
12-08 09:11:02.028 1494 1568 D WindowManager: updateWindowDragBounds: mIsSwipeXfalse
12-08 09:11:02.028 1494 1568 W WindowManager: updateScale0.4617737
12-08 09:11:02.030 1494 1568 I wm_relaunch_resume_activity: [0,240726784,230,com.android.music/.VideoBrowserActivity]
12-08 09:11:02.031 1494 1568 W WindowManager: updateScale0.4617737
12-08 09:11:02.047 1494 5787 W WindowManager: updateScale0.4617737
12-08 09:11:02.055 14889 14889 I wm_on_top_resumed_lost_called: [240726784,com.android.music.VideoBrowserActivity,pausing]
12-08 09:11:02.055 14889 14889 I wm_on_paused_called: [240726784,com.android.music.VideoBrowserActivity,performPause]
12-08 09:11:02.055 14889 14889 I wm_on_stop_called: [240726784,com.android.music.VideoBrowserActivity,handleRelaunchActivity]
12-08 09:11:02.057 14889 14889 I wm_on_destroy_called: [240726784,com.android.music.VideoBrowserActivity,performDestroy]
12-08 09:11:02.055 287 287 I auditd : type=1400 audit(0.0:18789): avc: denied { kill } for comm="kgsl_worker_thr" capability=5 scontext=u:r:kernel:s0 tcontext=u:r:kernel:s0 tclass=capability permissive=0
12-08 09:11:02.085 14889 14889 I wm_on_create_called: [240726784,com.android.music.VideoBrowserActivity,performCreate]
12-08 09:11:02.086 14889 14889 I wm_on_start_called: [240726784,com.android.music.VideoBrowserActivity,handleStartActivity]
12-08 09:11:02.087 14889 14889 I wm_on_resume_called: [240726784,com.android.music.VideoBrowserActivity,RESUME_ACTIVITY]
12-08 09:11:02.088 14889 14889 I wm_on_top_resumed_gained_called: [240726784,com.android.music.VideoBrowserActivity,topWhenResuming]
12-08 09:11:02.089 1494 5787 W WindowManager: updateScale0.4617737
12-08 09:11:02.091 1494 5787 W WindowManager: updateScale0.4617737
12-08 09:11:03.055 17416 17416 I auditd : type=1400 audit(0.0:18790): avc: denied { kill } for comm="kworker/u16:23" capability=5 scontext=u:r:kernel:s0 tcontext=u:r:kernel:s0 tclass=capability permissive=0
12-08 09:11:03.604 1494 1726 I input_interaction: Interaction with: 243bdf5 com.android.music/com.android.music.VideoBrowserActivity (server), edge-swipe (server), swipe-up (server), PointerEventDispatcher0 (server),
12-08 09:11:03.700 14889 14889 I view_enqueue_input_event: [Motion - Cancel,com.android.music/com.android.music.VideoBrowserActivity]
12-08 09:11:03.702 1494 1726 I input_interaction: Interaction with: WindowManager (server), edge-swipe (server), swipe-up (server), PointerEventDispatcher0 (server),
12-08 09:11:03.714 1494 1568 D FreeFormWindowHelper: refreshTipWindow windowDragBounds:Rect(2078, 95 - 2380, 633)
12-08 09:11:03.716 1494 1568 W WindowManager: updateScale0.4617737
12-08 09:11:03.731 1494 1568 D FreeFormWindowHelper: refreshTipWindow windowDragBounds:Rect(2078, 114 - 2380, 652)
12-08 09:11:03.732 1494 1568 W WindowManager: updateScale0.4617737
12-08 09:11:03.741 1494 2743 E TaskPersister: File error accessing recents directory (directory doesn't exist?).
12-08 09:11:03.748 1494 1568 D FreeFormWindowHelper: refreshTipWindow windowDragBounds:Rect(2078, 134 - 2380, 672)
12-08 09:11:03.751 1494 1568 W WindowManager: updateScale0.4617737
12-08 09:11:03.764 1494 1568 D FreeFormWindowHelper: refreshTipWindow windowDragBounds:Rect(2078, 156 - 2380, 694)
12-08 09:11:03.767 1494 1568 W WindowManager: updateScale0.4617737
12-08 09:11:03.781 1494 1568 D FreeFormWindowHelper: refreshTipWindow windowDragBounds:Rect(2078, 182 - 2380, 720)
12-08 09:11:03.783 1494 1568 W WindowManager: updateScale0.4617737
12-08 09:11:03.798 1494 1568 D FreeFormWindowHelper: refreshTipWindow windowDragBounds:Rect(2078, 213 - 2380, 751)
12-08 09:11:03.800 1494 1568 W WindowManager: updateScale0.4617737
12-08 09:11:03.814 1494 1568 D FreeFormWindowHelper: refreshTipWindow windowDragBounds:Rect(2078, 249 - 2380, 787)
12-08 09:11:03.816 1494 1568 W WindowManager: updateScale0.4617737
12-08 09:11:03.831 1494 1568 D FreeFormWindowHelper: refreshTipWindow windowDragBounds:Rect(2078, 290 - 2380, 828)
12-08 09:11:03.832 1494 1568 W WindowManager: updateScale0.4617737
12-08 09:11:03.848 1494 1568 D FreeFormWindowHelper: refreshTipWindow windowDragBounds:Rect(2078, 327 - 2380, 865)
12-08 09:11:03.850 1494 1568 W WindowManager: updateScale0.4617737
12-08 09:11:03.861 1494 5787 W WindowManager: updateScale0.4617737
12-08 09:11:03.865 1494 1568 D FreeFormWindowHelper: refreshTipWindow windowDragBounds:Rect(2078, 366 - 2380, 904)
12-08 09:11:03.866 1494 1568 W WindowManager: updateScale0.4617737
12-08 09:11:03.881 1494 1568 D FreeFormWindowHelper: refreshTipWindow windowDragBounds:Rect(2078, 405 - 2380, 943)
12-08 09:11:03.883 1494 1568 W WindowManager: updateScale0.4617737
12-08 09:11:03.898 1494 1568 D FreeFormWindowHelper: refreshTipWindow windowDragBounds:Rect(2087, 445 - 2389, 983)
12-08 09:11:03.900 1494 1568 W WindowManager: updateScale0.4617737
12-08 09:11:03.915 1494 1568 D FreeFormWindowHelper: refreshTipWindow windowDragBounds:Rect(2092, 482 - 2394, 1020)
12-08 09:11:03.916 1494 1568 W WindowManager: updateScale0.4617737
12-08 09:11:03.917 1494 1568 W WindowManager: updateScale0.4617737
12-08 09:11:03.931 1494 1568 D FreeFormWindowHelper: refreshTipWindow windowDragBounds:Rect(2099, 529 - 2401, 1067)
12-08 09:11:03.933 1494 1568 W WindowManager: updateScale0.4617737
12-08 09:11:03.948 1494 1568 D FreeFormWindowHelper: refreshTipWindow windowDragBounds:Rect(2102, 553 - 2404, 1091)
12-08 09:11:03.950 1494 1568 W WindowManager: updateScale0.4617737
12-08 09:11:03.962 1494 1568 D WindowManager: updateWindowDragBounds: mIsSwipeYtrue
12-08 09:11:03.963 1494 1568 D WindowManager: updateWindowDragBounds: mIsTopfalse
12-08 09:11:03.963 1494 1568 D WindowManager: updateWindowDragBounds: mIsSwipeXfalse
12-08 09:11:03.965 1494 1568 W WindowManager: updateScale0.4617737
12-08 09:11:04.055 0 0 I auditd : type=1400 audit(0.0:18791): avc: denied { kill } for comm="swapper/1" capability=5 scontext=u:r:kernel:s0 tcontext=u:r:kernel:s0 tclass=capability permissive=0
12-08 09:11:04.991 1494 1726 I input_interaction: Interaction with: fda1c2b com.android.launcher3/com.android.launcher3.uioverrides.QuickstepLauncher (server), dc2a546 com.android.systemui.ImageWallpaper (server), edge-swipe (server), swipe-up (server), PointerEventDispatcher0 (server),
12-08 09:11:05.055 0 0 I auditd : type=1400 audit(0.0:18792): avc: denied { kill } for comm="swapper/1" capability=5 scontext=u:r:kernel:s0 tcontext=u:r:kernel:s0 tclass=capability permissive=0
12-08 09:11:05.106 1494 5787 I ActivityTaskManager: START u0 {act=android.intent.action.MAIN cat=[android.intent.category.LAUNCHER] flg=0x10200000 cmp=com.android.settings/.Settings bnds=[2308,740][2494,940]} from uid 10080
12-08 09:11:05.108 1494 5787 I wm_task_moved: [226,1,9]
12-08 09:11:05.108 1494 5787 I wm_task_to_front: [0,226]
12-08 09:11:05.109 1494 5787 I wm_focused_root_task: [0,0,226,230,bringingFoundTaskToFront]
12-08 09:11:05.111 14889 14889 I wm_on_top_resumed_lost_called: [240726784,com.android.music.VideoBrowserActivity,topStateChangedWhenResumed]
12-08 09:11:05.112 1494 5787 I wm_set_resumed_activity: [0,com.android.settings/.Settings,bringingFoundTaskToFront]
12-08 09:11:05.112 1494 5787 I wm_new_intent: [0,33760129,226,com.android.settings/.Settings,android.intent.action.MAIN,NULL,NULL,270532608]
12-08 09:11:05.116 1494 5787 I wm_pause_activity: [0,103271708,com.android.launcher3/.uioverrides.QuickstepLauncher,userLeaving=true,pauseBackTasks]
12-08 09:11:05.122 1494 5787 W WindowManager: updateScale0.4617737
12-08 09:11:05.130 2523 2523 I wm_on_paused_called: [103271708,com.android.launcher3.uioverrides.QuickstepLauncher,performPause]
12-08 09:11:05.136 1494 5787 I ActivityTaskManager: FOREGROUND_APPLICATION_CHANGED to com.android.settings.homepage.SettingsHomepageActivity
12-08 09:11:05.138 1494 5787 I wm_set_resumed_activity: [0,com.android.settings/.Settings,resumeTopActivityInnerLocked]
12-08 09:11:05.138 1494 5787 I wm_add_to_stopping: [0,103271708,com.android.launcher3/.uioverrides.QuickstepLauncher,makeInvisible]
12-08 09:11:05.139 1494 5787 I wm_resume_activity: [0,33760129,226,com.android.settings/.Settings]
12-08 09:11:05.145 1494 2035 W WindowManager: updateScale0.4617737
12-08 09:11:05.150 1494 1568 W WindowManager: updateScale0.4617737
12-08 09:11:05.155 1494 1568 W WindowManager: updateScale0.4617737
12-08 09:11:05.157 1494 1568 W WindowManager: updateScale0.4617737
12-08 09:11:05.160 1494 5787 W WindowManager: updateScale0.4617737
12-08 09:11:05.162 19176 19176 I wm_on_restart_called: [33760129,com.android.settings.Settings,performRestartActivity]
12-08 09:11:05.163 1494 1566 I sysui_multi_action: [757,803,799,window_time_0,802,10]
12-08 09:11:05.175 10409 10425 W ContextImpl: Calling a method in the system process without a qualified user: android.app.ContextImpl.startService:1816 android.content.ContextWrapper.startService:774 com.thundercomm.gamemode.ingame.services.GameModeActionUtils.startGameModeService:93 com.thundercomm.gamemode.ingame.services.GameModeActionUtils.startGameModeEntry:21 com.thundercomm.gamemode.ingame.services.ActivityMonitoringService$1.onActivityLaunch:127
12-08 09:11:05.175 19176 19176 I wm_on_start_called: [33760129,com.android.settings.Settings,handleStartActivity]
12-08 09:11:05.175 19176 19176 I snet_event_log: [120484087,-1,]
12-08 09:11:05.176 19176 19176 I wm_on_resume_called: [33760129,com.android.settings.Settings,RESUME_ACTIVITY]
12-08 09:11:05.176 19176 19176 I sysui_multi_action: [757,35,758,1,833,0,1089,0]
12-08 09:11:05.188 1494 1494 I GameModeConfig: Current uri is uri = content://com.thundercomm.gamemode.api/gamemode_settings/gamemode_isgaming
12-08 09:11:05.200 1494 1494 I GameModeConfig: isGameModeOn = false
12-08 09:11:05.201 1494 1494 I GameModeConfig: isGameModeOn = false
12-08 09:11:05.201 1494 1494 I GameModeConfig: isDisableVoice = true
12-08 09:11:05.203 19176 19176 I sysui_multi_action: [757,746,758,1,833,0,1089,0]
12-08 09:11:05.203 1494 7337 D TelephonyRegistry: listen oscl: mHasNotifySubscriptionInfoChangedOccurred==false no callback
12-08 09:11:05.206 1494 7337 D TelephonyRegistry: listen oscl: mHasNotifySubscriptionInfoChangedOccurred==false no callback
12-08 09:11:05.212 19176 19176 I wm_on_top_resumed_gained_called: [33760129,com.android.settings.Settings,topWhenResuming]
12-08 09:11:05.215 1494 2073 W WindowManager: updateScale0.4617737
12-08 09:11:05.218 1494 1568 I input_focus: [Focus request f2e5f5e com.android.settings/com.android.settings.Settings,reason=UpdateInputWindows]
12-08 09:11:05.226 1494 1568 W WindowManager: updateScale0.4617737
12-08 09:11:05.227 1494 1568 W WindowManager: updateScale0.4617737
12-08 09:11:05.235 1494 1726 I input_focus: [Focus leaving 243bdf5 com.android.music/com.android.music.VideoBrowserActivity (server),reason=setFocusedWindow]
12-08 09:11:05.235 1494 1726 I input_focus: [Focus entering f2e5f5e com.android.settings/com.android.settings.Settings (server),reason=setFocusedWindow]
12-08 09:11:05.236 1494 1563 I sysui_multi_action: [319,49,321,45,322,121,325,17660,757,761,758,9,759,4,806,com.android.settings,871,com.android.settings.Settings,904,com.android.launcher3,905,0,1320,8,1321,5]
12-08 09:11:05.271 10409 10425 W ContextImpl: Calling a method in the system process without a qualified user: android.app.ContextImpl.startService:1816 android.content.ContextWrapper.startService:774 com.thundercomm.gamemode.ingame.services.GameModeActionUtils.startGameModeService:93 com.thundercomm.gamemode.ingame.services.GameModeActionUtils.startGameModeEntry:21 com.thundercomm.gamemode.ingame.services.ActivityMonitoringService$1.onActivityLaunch:127
12-08 09:11:05.274 1494 1494 I GameModeConfig: Current uri is uri = content://com.thundercomm.gamemode.api/gamemode_settings/gamemode_isgaming
12-08 09:11:05.276 1494 1494 I GameModeConfig: isGameModeOn = false
12-08 09:11:05.276 1494 1494 I GameModeConfig: isGameModeOn = false
12-08 09:11:05.276 1494 1494 I GameModeConfig: isDisableVoice = true
12-08 09:11:05.335 1494 2073 W WindowManager: updateScale0.4617737
12-08 09:11:05.503 1494 1568 W WindowManager: updateScale0.4617737
12-08 09:11:05.518 1494 1568 W WindowManager: updateScale0.4617737
12-08 09:11:05.549 1494 1581 I am_uid_idle: 10052
12-08 09:11:05.698 1494 1566 I wm_stop_activity: [0,103271708,com.android.launcher3/.uioverrides.QuickstepLauncher]
12-08 09:11:05.701 1494 1568 W WindowManager: updateScale0.4617737
12-08 09:11:05.750 2523 2523 I wm_on_stop_called: [103271708,com.android.launcher3.uioverrides.QuickstepLauncher,STOP_ACTIVITY_ITEM]
12-08 09:11:05.756 1494 6229 W WindowManager: updateScale0.4617737
12-08 09:11:05.771 10409 10425 W ContextImpl: Calling a method in the system process without a qualified user: android.app.ContextImpl.startService:1816 android.content.ContextWrapper.startService:774 com.thundercomm.gamemode.ingame.services.GameModeActionUtils.startGameModeService:93 com.thundercomm.gamemode.ingame.services.GameModeActionUtils.startGameModeEntry:21 com.thundercomm.gamemode.ingame.services.ActivityMonitoringService$1.onActivityLaunch:127
12-08 09:11:05.771 1494 1568 W WindowManager: updateScale0.4617737
12-08 09:11:05.776 1494 1494 I GameModeConfig: Current uri is uri = content://com.thundercomm.gamemode.api/gamemode_settings/gamemode_isgaming
12-08 09:11:05.777 1494 1494 I GameModeConfig: isGameModeOn = false
12-08 09:11:05.777 1494 1494 I GameModeConfig: isGameModeOn = false
12-08 09:11:05.777 1494 1494 I GameModeConfig: isDisableVoice = true
12-08 09:11:06.055 0 0 I auditd : type=1400 audit(0.0:18793): avc: denied { kill } for comm="swapper/1" capability=5 scontext=u:r:kernel:s0 tcontext=u:r:kernel:s0 tclass=capability permissive=0
12-08 09:11:08.055 89 89 I auditd : type=1400 audit(0.0:18794): avc: denied { kill } for comm="qmp_aop" capability=5 scontext=u:r:kernel:s0 tcontext=u:r:kernel:s0 tclass=capability permissive=0
12-08 09:11:08.110 1494 1726 I input_interaction: Interaction with: 1745717 StatusBar (server), edge-swipe (server), swipe-up (server), PointerEventDispatcher0 (server),
12-08 09:11:08.113 12174 12174 I sysui_multi_action: [757,803,799,panel_open,802,1]
12-08 09:11:08.114 12174 12174 I sysui_multi_action: [757,1328,758,4,1326,70,1327,0,1329,0]
12-08 09:11:08.145 1494 2743 E TaskPersister: File error accessing recents directory (directory doesn't exist?).
12-08 09:11:08.176 1494 1523 I sysui_multi_action: [757,127,758,1]
12-08 09:11:08.176 1494 1523 I sysui_multi_action: [757,804,799,note_load,801,2,802,1]
12-08 09:11:08.177 1494 1523 I notification_panel_revealed: 2
12-08 09:11:08.178 1494 1905 I GameModeConfig: isGameModeOn = false
12-08 09:11:08.178 1494 1905 I GameModeConfig: isGameModeOn = false
12-08 09:11:08.178 1494 1905 I GameModeConfig: isGameModeOn = false
12-08 09:11:08.178 1494 1905 I GameModeConfig: isGameModeOn = false
12-08 09:11:08.180 1494 1494 I notification_enqueue: [10082,12174,com.android.systemui,2048,NULL,0,Notification(channel=updateNotification shortcut=null contentView=null vibrate=null sound=null defaults=0x0 flags=0x0 color=0x00000000 vis=PRIVATE),1]
12-08 09:11:08.180 12174 12174 I sysui_multi_action: [757,111,758,2]
12-08 09:11:08.180 12174 12174 I sysui_multi_action: [757,111,758,2]
12-08 09:11:08.193 1494 6229 W WindowManager: updateScale0.4617737
12-08 09:11:08.196 1494 1568 I input_focus: [Focus request e4dc0ca NotificationShade,reason=UpdateInputWindows]
12-08 09:11:08.201 12174 12174 I sysui_multi_action: [757,111,758,1]
12-08 09:11:08.201 12174 12174 I sysui_multi_action: [757,126,758,1,759,126,927,0,928,1,1593,0]
12-08 09:11:08.201 12174 12174 I sysui_multi_action: [757,113,758,1,759,113,927,1,928,1,1593,0]
12-08 09:11:08.201 12174 12174 I sysui_multi_action: [757,0,758,1,759,0,927,2,928,0,1593,0]
12-08 09:11:08.202 12174 12174 I sysui_multi_action: [757,0,758,1,759,0,927,3,928,0,1593,0]
12-08 09:11:08.202 12174 12174 I sysui_multi_action: [757,491,758,1,759,491,927,4,928,0,1311,-1,1593,0]
12-08 09:11:08.202 12174 12174 I sysui_multi_action: [757,0,758,1,759,0,927,5,928,0,1593,0]
12-08 09:11:08.202 12174 12174 I sysui_multi_action: [757,111,758,1]
12-08 09:11:08.202 12174 12174 I sysui_multi_action: [757,126,758,1,759,126,927,0,928,1,1593,0]
12-08 09:11:08.202 12174 12174 I sysui_multi_action: [757,113,758,1,759,113,927,1,928,1,1593,0]
12-08 09:11:08.202 12174 12174 I sysui_multi_action: [757,0,758,1,759,0,927,2,928,0,1593,0]
12-08 09:11:08.203 12174 12174 I sysui_multi_action: [757,0,758,1,759,0,927,3,928,0,1593,0]
12-08 09:11:08.212 1494 1568 W WindowManager: updateScale0.4617737
12-08 09:11:08.213 1494 1905 I GameModeConfig: isGameModeOn = false
12-08 09:11:08.213 1494 1905 I GameModeConfig: isGameModeOn = false
12-08 09:11:08.213 1494 1905 I GameModeConfig: isGameModeOn = false
12-08 09:11:08.214 1494 1905 I GameModeConfig: isGameModeOn = false
12-08 09:11:08.215 12174 12174 I sysui_multi_action: [757,111,758,2]
12-08 09:11:08.215 12174 12174 I sysui_multi_action: [757,111,758,2]
12-08 09:11:08.215 1494 1494 I notification_enqueue: [10082,12174,com.android.systemui,2048,NULL,0,Notification(channel=updateNotification shortcut=null contentView=null vibrate=null sound=null defaults=0x0 flags=0x0 color=0x00000000 vis=PRIVATE),1]
12-08 09:11:08.218 12174 12174 I sysui_multi_action: [757,111,758,1]
12-08 09:11:08.218 12174 12174 I sysui_multi_action: [757,126,758,1,759,126,927,0,928,1,1593,0]
12-08 09:11:08.219 12174 12174 I sysui_multi_action: [757,113,758,1,759,113,927,1,928,1,1593,0]
12-08 09:11:08.219 12174 12174 I sysui_multi_action: [757,0,758,1,759,0,927,2,928,0,1593,0]
12-08 09:11:08.219 12174 12174 I sysui_multi_action: [757,0,758,1,759,0,927,3,928,0,1593,0]
12-08 09:11:08.219 12174 12174 I sysui_multi_action: [757,491,758,1,759,491,927,4,928,0,1311,-1,1593,0]
12-08 09:11:08.219 12174 12174 I sysui_multi_action: [757,0,758,1,759,0,927,5,928,0,1593,0]
12-08 09:11:08.219 12174 12174 I sysui_multi_action: [757,111,758,1]
12-08 09:11:08.219 12174 12174 I sysui_multi_action: [757,126,758,1,759,126,927,0,928,1,1593,0]
12-08 09:11:08.219 12174 12174 I sysui_multi_action: [757,113,758,1,759,113,927,1,928,1,1593,0]
12-08 09:11:08.219 12174 12174 I sysui_multi_action: [757,0,758,1,759,0,927,2,928,0,1593,0]
12-08 09:11:08.219 12174 12174 I sysui_multi_action: [757,0,758,1,759,0,927,3,928,0,1593,0]
12-08 09:11:08.228 1494 1726 I input_focus: [Focus leaving f2e5f5e com.android.settings/com.android.settings.Settings (server),reason=setFocusedWindow]
12-08 09:11:08.228 1494 1905 I GameModeConfig: isGameModeOn = false
12-08 09:11:08.228 1494 1726 I input_focus: [Focus entering e4dc0ca NotificationShade (server),reason=setFocusedWindow]
12-08 09:11:08.228 1494 1905 I GameModeConfig: isGameModeOn = false
12-08 09:11:08.228 1494 1905 I GameModeConfig: isGameModeOn = false
12-08 09:11:08.228 1494 1905 I GameModeConfig: isGameModeOn = false
12-08 09:11:08.229 12174 12174 I sysui_multi_action: [757,111,758,2]
12-08 09:11:08.229 12174 12174 I sysui_multi_action: [757,111,758,2]
12-08 09:11:08.229 1494 1494 I notification_enqueue: [10082,12174,com.android.systemui,2048,NULL,0,Notification(channel=updateNotification shortcut=null contentView=null vibrate=null sound=null defaults=0x0 flags=0x0 color=0x00000000 vis=PRIVATE),1]
12-08 09:11:08.232 12174 12174 I sysui_multi_action: [757,111,758,1]
12-08 09:11:08.232 12174 12174 I sysui_multi_action: [757,126,758,1,759,126,927,0,928,1,1593,0]
12-08 09:11:08.232 12174 12174 I sysui_multi_action: [757,113,758,1,759,113,927,1,928,1,1593,0]
12-08 09:11:08.233 12174 12174 I sysui_multi_action: [757,0,758,1,759,0,927,2,928,0,1593,0]
12-08 09:11:08.233 12174 12174 I sysui_multi_action: [757,0,758,1,759,0,927,3,928,0,1593,0]
12-08 09:11:08.233 12174 12174 I sysui_multi_action: [757,491,758,1,759,491,927,4,928,0,1311,-1,1593,0]
12-08 09:11:08.233 12174 12174 I sysui_multi_action: [757,0,758,1,759,0,927,5,928,0,1593,0]
12-08 09:11:08.233 12174 12174 I sysui_multi_action: [757,111,758,1]
12-08 09:11:08.233 12174 12174 I sysui_multi_action: [757,126,758,1,759,126,927,0,928,1,1593,0]
12-08 09:11:08.233 12174 12174 I sysui_multi_action: [757,113,758,1,759,113,927,1,928,1,1593,0]
12-08 09:11:08.233 12174 12174 I sysui_multi_action: [757,0,758,1,759,0,927,2,928,0,1593,0]
12-08 09:11:08.233 12174 12174 I sysui_multi_action: [757,0,758,1,759,0,927,3,928,0,1593,0]
12-08 09:11:08.240 1494 1905 I GameModeConfig: isGameModeOn = false
12-08 09:11:08.241 1494 1905 I GameModeConfig: isGameModeOn = false
12-08 09:11:08.244 1494 1905 I GameModeConfig: isGameModeOn = false
12-08 09:11:08.244 1494 1905 I GameModeConfig: isGameModeOn = false
12-08 09:11:08.245 12174 12174 I sysui_multi_action: [757,111,758,2]
12-08 09:11:08.245 12174 12174 I sysui_multi_action: [757,111,758,2]
12-08 09:11:08.245 1494 1494 I notification_enqueue: [10082,12174,com.android.systemui,2048,NULL,0,Notification(channel=updateNotification shortcut=null contentView=null vibrate=null sound=null defaults=0x0 flags=0x0 color=0x00000000 vis=PRIVATE),1]
12-08 09:11:08.248 12174 12174 I sysui_multi_action: [757,111,758,1]
12-08 09:11:08.248 12174 12174 I sysui_multi_action: [757,126,758,1,759,126,927,0,928,1,1593,0]
12-08 09:11:08.248 12174 12174 I sysui_multi_action: [757,113,758,1,759,113,927,1,928,1,1593,0]
12-08 09:11:08.248 12174 12174 I sysui_multi_action: [757,0,758,1,759,0,927,2,928,0,1593,0]
12-08 09:11:08.248 12174 12174 I sysui_multi_action: [757,0,758,1,759,0,927,3,928,0,1593,0]
12-08 09:11:08.248 12174 12174 I sysui_multi_action: [757,491,758,1,759,491,927,4,928,0,1311,-1,1593,0]
12-08 09:11:08.248 12174 12174 I sysui_multi_action: [757,0,758,1,759,0,927,5,928,0,1593,0]
12-08 09:11:08.248 12174 12174 I sysui_multi_action: [757,111,758,1]
12-08 09:11:08.249 12174 12174 I sysui_multi_action: [757,126,758,1,759,126,927,0,928,1,1593,0]
12-08 09:11:08.249 12174 12174 I sysui_multi_action: [757,113,758,1,759,113,927,1,928,1,1593,0]
12-08 09:11:08.249 12174 12174 I sysui_multi_action: [757,0,758,1,759,0,927,2,928,0,1593,0]
12-08 09:11:08.249 12174 12174 I sysui_multi_action: [757,0,758,1,759,0,927,3,928,0,1593,0]
12-08 09:11:08.264 12174 12174 I sysui_multi_action: [757,111,758,2]
12-08 09:11:08.264 1494 1905 I GameModeConfig: isGameModeOn = false
12-08 09:11:08.264 12174 12174 I sysui_multi_action: [757,111,758,2]
12-08 09:11:08.264 1494 1905 I GameModeConfig: isGameModeOn = false
12-08 09:11:08.264 1494 1905 I GameModeConfig: isGameModeOn = false
12-08 09:11:08.264 1494 1905 I GameModeConfig: isGameModeOn = false
12-08 09:11:08.265 1494 1494 I notification_enqueue: [10082,12174,com.android.systemui,2048,NULL,0,Notification(channel=updateNotification shortcut=null contentView=null vibrate=null sound=null defaults=0x0 flags=0x0 color=0x00000000 vis=PRIVATE),1]
12-08 09:11:08.266 12174 12174 I sysui_multi_action: [757,111,758,1]
12-08 09:11:08.267 12174 12174 I sysui_multi_action: [757,126,758,1,759,126,927,0,928,1,1593,0]
12-08 09:11:08.267 12174 12174 I sysui_multi_action: [757,113,758,1,759,113,927,1,928,1,1593,0]
12-08 09:11:08.267 12174 12174 I sysui_multi_action: [757,0,758,1,759,0,927,2,928,0,1593,0]
12-08 09:11:08.267 12174 12174 I sysui_multi_action: [757,0,758,1,759,0,927,3,928,0,1593,0]
12-08 09:11:08.267 12174 12174 I sysui_multi_action: [757,491,758,1,759,491,927,4,928,0,1311,-1,1593,0]
12-08 09:11:08.267 12174 12174 I sysui_multi_action: [757,0,758,1,759,0,927,5,928,0,1593,0]
12-08 09:11:08.267 12174 12174 I sysui_multi_action: [757,111,758,1]
12-08 09:11:08.267 12174 12174 I sysui_multi_action: [757,126,758,1,759,126,927,0,928,1,1593,0]
12-08 09:11:08.267 12174 12174 I sysui_multi_action: [757,113,758,1,759,113,927,1,928,1,1593,0]
12-08 09:11:08.267 12174 12174 I sysui_multi_action: [757,0,758,1,759,0,927,2,928,0,1593,0]
12-08 09:11:08.267 12174 12174 I sysui_multi_action: [757,0,758,1,759,0,927,3,928,0,1593,0]
12-08 09:11:08.279 1494 1905 I GameModeConfig: isGameModeOn = false
12-08 09:11:08.279 1494 1905 I GameModeConfig: isGameModeOn = false
12-08 09:11:08.279 1494 1905 I GameModeConfig: isGameModeOn = false
12-08 09:11:08.279 1494 1905 I GameModeConfig: isGameModeOn = false
12-08 09:11:08.281 1494 1494 I notification_enqueue: [10082,12174,com.android.systemui,2048,NULL,0,Notification(channel=updateNotification shortcut=null contentView=null vibrate=null sound=null defaults=0x0 flags=0x0 color=0x00000000 vis=PRIVATE),1]
12-08 09:11:08.282 12174 12174 I sysui_multi_action: [757,111,758,2]
12-08 09:11:08.282 12174 12174 I sysui_multi_action: [757,111,758,2]
12-08 09:11:08.284 12174 12174 I sysui_multi_action: [757,111,758,1]
12-08 09:11:08.285 12174 12174 I sysui_multi_action: [757,126,758,1,759,126,927,0,928,1,1593,0]
12-08 09:11:08.285 12174 12174 I sysui_multi_action: [757,113,758,1,759,113,927,1,928,1,1593,0]
12-08 09:11:08.285 12174 12174 I sysui_multi_action: [757,0,758,1,759,0,927,2,928,0,1593,0]
12-08 09:11:08.285 12174 12174 I sysui_multi_action: [757,0,758,1,759,0,927,3,928,0,1593,0]
12-08 09:11:08.285 12174 12174 I sysui_multi_action: [757,491,758,1,759,491,927,4,928,0,1311,-1,1593,0]
12-08 09:11:08.285 12174 12174 I sysui_multi_action: [757,0,758,1,759,0,927,5,928,0,1593,0]
12-08 09:11:08.285 12174 12174 I sysui_multi_action: [757,111,758,1]
12-08 09:11:08.285 12174 12174 I sysui_multi_action: [757,126,758,1,759,126,927,0,928,1,1593,0]
12-08 09:11:08.285 12174 12174 I sysui_multi_action: [757,113,758,1,759,113,927,1,928,1,1593,0]
12-08 09:11:08.285 12174 12174 I sysui_multi_action: [757,0,758,1,759,0,927,2,928,0,1593,0]
12-08 09:11:08.285 12174 12174 I sysui_multi_action: [757,0,758,1,759,0,927,3,928,0,1593,0]
12-08 09:11:08.294 1494 1905 I GameModeConfig: isGameModeOn = false
12-08 09:11:08.295 1494 1905 I GameModeConfig: isGameModeOn = false
12-08 09:11:08.295 1494 1905 I GameModeConfig: isGameModeOn = false
12-08 09:11:08.295 1494 1905 I GameModeConfig: isGameModeOn = false
12-08 09:11:08.296 12174 12174 I sysui_multi_action: [757,111,758,2]
12-08 09:11:08.296 12174 12174 I sysui_multi_action: [757,111,758,2]
12-08 09:11:08.297 1494 1494 I notification_enqueue: [10082,12174,com.android.systemui,2048,NULL,0,Notification(channel=updateNotification shortcut=null contentView=null vibrate=null sound=null defaults=0x0 flags=0x0 color=0x00000000 vis=PRIVATE),1]
12-08 09:11:08.299 12174 12174 I sysui_multi_action: [757,111,758,1]
12-08 09:11:08.299 12174 12174 I sysui_multi_action: [757,126,758,1,759,126,927,0,928,1,1593,0]
12-08 09:11:08.299 12174 12174 I sysui_multi_action: [757,113,758,1,759,113,927,1,928,1,1593,0]
12-08 09:11:08.300 12174 12174 I sysui_multi_action: [757,0,758,1,759,0,927,2,928,0,1593,0]
12-08 09:11:08.300 12174 12174 I sysui_multi_action: [757,0,758,1,759,0,927,3,928,0,1593,0]
12-08 09:11:08.300 12174 12174 I sysui_multi_action: [757,491,758,1,759,491,927,4,928,0,1311,-1,1593,0]
