12-08 09:11:57.321 1494 1568 W WindowManager: updateScale0.4617737
12-08 09:11:57.322 1494 1568 W WindowManager: updateScale0.4617737
12-08 09:11:57.323 1494 2125 W ActivityTaskManager: getTaskSnapshot: taskId=2222 not found
12-08 09:11:57.324 12174 12174 I view_enqueue_input_event: [Motion - Cancel,NotificationShade]
12-08 09:11:57.328 2523 2523 I sysui_latency: [1,56]
12-08 09:11:57.328 1494 5950 W ActivityTaskManager: getTaskSnapshot: taskId=1222 not found
12-08 09:11:57.329 1494 1726 I input_interaction: Interaction with: edge-swipe (server), swipe-up (server), PointerEventDispatcher0 (server),
12-08 09:11:57.331 1494 4850 W ActivityTaskManager: getTaskSnapshot: taskId=3222 not found
12-08 09:11:57.333 1494 1563 I sysui_multi_action: [319,10,322,44,325,17713,757,761,758,9,759,5,806,com.android.launcher3,871,com.android.launcher3.uioverrides.QuickstepLauncher,904,com.android.launcher3,905,0,1320,8,1321,5]
12-08 09:11:57.333 1494 6909 W ActivityTaskManager: getTaskSnapshot: taskId=2222 not found
12-08 09:11:57.334 1494 2124 W ActivityTaskManager: getTaskSnapshot: taskId=1222 not found
12-08 09:11:57.334 1494 7671 W ActivityTaskManager: getTaskSnapshot: taskId=2222 not found
12-08 09:11:57.334 1494 2124 W ActivityTaskManager: getTaskSnapshot: taskId=3222 not found
12-08 09:11:57.335 1494 6909 W ActivityTaskManager: getTaskSnapshot: taskId=3222 not found
12-08 09:11:57.335 1494 2124 W ActivityTaskManager: getTaskSnapshot: taskId=2222 not found
12-08 09:11:57.335 1494 2124 W ActivityTaskManager: getTaskSnapshot: taskId=1222 not found
12-08 09:11:57.344 1494 6909 W WindowManager: updateScale0.4617737
12-08 09:11:57.358 1494 1568 W WindowManager: updateScale0.4617737
12-08 09:11:57.361 1494 1568 W WindowManager: updateScale0.4617737
12-08 09:11:57.363 1494 1523 W WindowManager: updateScale0.4617737
12-08 09:11:57.363 1494 1726 I input_focus: [Focus leaving e4dc0ca NotificationShade (server),reason=NOT_FOCUSABLE]
12-08 09:11:57.365 1494 2124 W WindowManager: updateScale0.4617737
12-08 09:11:57.507 1494 1700 I commit_sys_config_file: [settings-1-0,4]
12-08 09:11:57.516 1494 1905 I GameModeConfig: isGameModeOn = false
12-08 09:11:57.516 12174 12174 I sysui_multi_action: [757,111,758,2]
12-08 09:11:57.516 1494 1905 I GameModeConfig: isGameModeOn = false
12-08 09:11:57.516 12174 12174 I sysui_multi_action: [757,111,758,2]
12-08 09:11:57.517 1494 1905 I GameModeConfig: isGameModeOn = false
12-08 09:11:57.517 1494 1905 I GameModeConfig: isGameModeOn = false
12-08 09:11:57.518 1494 1494 I notification_enqueue: [10082,12174,com.android.systemui,2048,NULL,0,Notification(channel=updateNotification shortcut=null contentView=null vibrate=null sound=null defaults=0x0 flags=0x0 color=0x00000000 vis=PRIVATE),1]
12-08 09:11:57.532 1494 2125 W WindowManager: updateScale0.4617737
12-08 09:11:57.539 12174 12174 I sysui_multi_action: [757,111,758,1]
12-08 09:11:57.540 12174 12174 I sysui_multi_action: [757,126,758,1,759,126,927,0,928,1,1593,1]
12-08 09:11:57.540 12174 12174 I sysui_multi_action: [757,113,758,1,759,113,927,1,928,1,1593,1]
12-08 09:11:57.540 12174 12174 I sysui_multi_action: [757,0,758,1,759,0,927,2,928,0,1593,1]
12-08 09:11:57.540 12174 12174 I sysui_multi_action: [757,0,758,1,759,0,927,3,928,0,1593,1]
12-08 09:11:57.540 12174 12174 I sysui_multi_action: [757,491,758,1,759,491,927,4,928,0,1311,-1,1593,0]
12-08 09:11:57.541 12174 12174 I sysui_multi_action: [757,0,758,1,759,0,927,5,928,0,1593,0]
12-08 09:11:57.541 12174 12174 I sysui_multi_action: [757,111,758,1]
12-08 09:11:57.542 12174 12174 I sysui_multi_action: [757,126,758,1,759,126,927,0,928,1,1593,1]
12-08 09:11:57.542 12174 12174 I sysui_multi_action: [757,113,758,1,759,113,927,1,928,1,1593,1]
12-08 09:11:57.542 12174 12174 I sysui_multi_action: [757,0,758,1,759,0,927,2,928,0,1593,1]
12-08 09:11:57.542 12174 12174 I sysui_multi_action: [757,0,758,1,759,0,927,3,928,0,1593,1]
12-08 09:11:57.553 12174 12174 I sysui_multi_action: [757,111,758,2]
12-08 09:11:57.554 12174 12174 I sysui_multi_action: [757,111,758,2]
12-08 09:11:57.555 1494 1494 I notification_enqueue: [10082,12174,com.android.systemui,2048,NULL,0,Notification(channel=updateNotification shortcut=null contentView=null vibrate=null sound=null defaults=0x0 flags=0x0 color=0x00000000 vis=PRIVATE),1]
12-08 09:11:57.556 1494 1905 I GameModeConfig: isGameModeOn = false
12-08 09:11:57.557 1494 1905 I GameModeConfig: isGameModeOn = false
12-08 09:11:57.558 1494 1905 I GameModeConfig: isGameModeOn = false
12-08 09:11:57.558 1494 1905 I GameModeConfig: isGameModeOn = false
12-08 09:11:57.558 12174 12174 I sysui_multi_action: [757,111,758,1]
12-08 09:11:57.558 12174 12174 I sysui_multi_action: [757,126,758,1,759,126,927,0,928,1,1593,0]
12-08 09:11:57.558 12174 12174 I sysui_multi_action: [757,113,758,1,759,113,927,1,928,1,1593,0]
12-08 09:11:57.558 12174 12174 I sysui_multi_action: [757,0,758,1,759,0,927,2,928,0,1593,0]
12-08 09:11:57.559 12174 12174 I sysui_multi_action: [757,0,758,1,759,0,927,3,928,0,1593,0]
12-08 09:11:57.559 12174 12174 I sysui_multi_action: [757,491,758,1,759,491,927,4,928,0,1311,-1,1593,0]
12-08 09:11:57.559 12174 12174 I sysui_multi_action: [757,0,758,1,759,0,927,5,928,0,1593,0]
12-08 09:11:57.559 12174 12174 I sysui_multi_action: [757,111,758,1]
12-08 09:11:57.559 12174 12174 I sysui_multi_action: [757,126,758,1,759,126,927,0,928,1,1593,0]
12-08 09:11:57.559 12174 12174 I sysui_multi_action: [757,113,758,1,759,113,927,1,928,1,1593,0]
12-08 09:11:57.560 12174 12174 I sysui_multi_action: [757,0,758,1,759,0,927,2,928,0,1593,0]
12-08 09:11:57.560 12174 12174 I sysui_multi_action: [757,0,758,1,759,0,927,3,928,0,1593,0]
12-08 09:11:57.569 1494 1905 I GameModeConfig: isGameModeOn = false
12-08 09:11:57.570 1494 1905 I GameModeConfig: isGameModeOn = false
12-08 09:11:57.570 1494 1905 I GameModeConfig: isGameModeOn = false
12-08 09:11:57.570 1494 1905 I GameModeConfig: isGameModeOn = false
12-08 09:11:57.572 12174 12174 I sysui_multi_action: [757,111,758,2]
12-08 09:11:57.572 12174 12174 I sysui_multi_action: [757,111,758,2]
12-08 09:11:57.574 1494 1494 I notification_enqueue: [10082,12174,com.android.systemui,2048,NULL,0,Notification(channel=updateNotification shortcut=null contentView=null vibrate=null sound=null defaults=0x0 flags=0x0 color=0x00000000 vis=PRIVATE),1]
12-08 09:11:57.575 12174 12174 I sysui_multi_action: [757,111,758,1]
12-08 09:11:57.575 12174 12174 I sysui_multi_action: [757,126,758,1,759,126,927,0,928,1,1593,0]
12-08 09:11:57.575 12174 12174 I sysui_multi_action: [757,113,758,1,759,113,927,1,928,1,1593,0]
12-08 09:11:57.575 12174 12174 I sysui_multi_action: [757,0,758,1,759,0,927,2,928,0,1593,0]
12-08 09:11:57.575 12174 12174 I sysui_multi_action: [757,0,758,1,759,0,927,3,928,0,1593,0]
12-08 09:11:57.576 12174 12174 I sysui_multi_action: [757,491,758,1,759,491,927,4,928,0,1311,-1,1593,0]
12-08 09:11:57.576 12174 12174 I sysui_multi_action: [757,0,758,1,759,0,927,5,928,0,1593,0]
12-08 09:11:57.576 12174 12174 I sysui_multi_action: [757,111,758,1]
12-08 09:11:57.576 12174 12174 I sysui_multi_action: [757,126,758,1,759,126,927,0,928,1,1593,1]
12-08 09:11:57.576 12174 12174 I sysui_multi_action: [757,113,758,1,759,113,927,1,928,1,1593,1]
12-08 09:11:57.576 12174 12174 I sysui_multi_action: [757,0,758,1,759,0,927,2,928,0,1593,1]
12-08 09:11:57.576 12174 12174 I sysui_multi_action: [757,0,758,1,759,0,927,3,928,0,1593,1]
12-08 09:11:57.584 12174 12174 I sysui_multi_action: [757,111,758,2]
12-08 09:11:57.584 12174 12174 I sysui_multi_action: [757,111,758,2]
12-08 09:11:57.584 1494 1494 I notification_enqueue: [10082,12174,com.android.systemui,2048,NULL,0,Notification(channel=updateNotification shortcut=null contentView=null vibrate=null sound=null defaults=0x0 flags=0x0 color=0x00000000 vis=PRIVATE),1]
12-08 09:11:57.586 1494 1905 I GameModeConfig: isGameModeOn = false
12-08 09:11:57.586 1494 1905 I GameModeConfig: isGameModeOn = false
12-08 09:11:57.586 1494 1905 I GameModeConfig: isGameModeOn = false
12-08 09:11:57.586 1494 1905 I GameModeConfig: isGameModeOn = false
12-08 09:11:57.587 12174 12174 I sysui_multi_action: [757,111,758,1]
12-08 09:11:57.587 12174 12174 I sysui_multi_action: [757,126,758,1,759,126,927,0,928,1,1593,1]
12-08 09:11:57.587 12174 12174 I sysui_multi_action: [757,113,758,1,759,113,927,1,928,1,1593,1]
12-08 09:11:57.587 12174 12174 I sysui_multi_action: [757,0,758,1,759,0,927,2,928,0,1593,1]
12-08 09:11:57.587 12174 12174 I sysui_multi_action: [757,0,758,1,759,0,927,3,928,0,1593,1]
12-08 09:11:57.587 12174 12174 I sysui_multi_action: [757,491,758,1,759,491,927,4,928,0,1311,-1,1593,0]
12-08 09:11:57.587 12174 12174 I sysui_multi_action: [757,0,758,1,759,0,927,5,928,0,1593,0]
12-08 09:11:57.587 12174 12174 I sysui_multi_action: [757,111,758,1]
12-08 09:11:57.587 12174 12174 I sysui_multi_action: [757,126,758,1,759,126,927,0,928,1,1593,1]
12-08 09:11:57.587 12174 12174 I sysui_multi_action: [757,113,758,1,759,113,927,1,928,1,1593,1]
12-08 09:11:57.587 12174 12174 I sysui_multi_action: [757,0,758,1,759,0,927,2,928,0,1593,1]
12-08 09:11:57.587 12174 12174 I sysui_multi_action: [757,0,758,1,759,0,927,3,928,0,1593,1]
12-08 09:11:57.592 1494 1905 I GameModeConfig: isGameModeOn = false
12-08 09:11:57.592 1494 1905 I GameModeConfig: isGameModeOn = false
12-08 09:11:57.593 1494 1905 I GameModeConfig: isGameModeOn = false
12-08 09:11:57.593 1494 1905 I GameModeConfig: isGameModeOn = false
12-08 09:11:57.594 12174 12174 I sysui_multi_action: [757,111,758,2]
12-08 09:11:57.594 12174 12174 I sysui_multi_action: [757,111,758,2]
12-08 09:11:57.594 1494 1494 I notification_enqueue: [10082,12174,com.android.systemui,2048,NULL,0,Notification(channel=updateNotification shortcut=null contentView=null vibrate=null sound=null defaults=0x0 flags=0x0 color=0x00000000 vis=PRIVATE),1]
12-08 09:11:57.596 12174 12174 I sysui_multi_action: [757,111,758,1]
12-08 09:11:57.596 12174 12174 I sysui_multi_action: [757,126,758,1,759,126,927,0,928,1,1593,1]
12-08 09:11:57.597 12174 12174 I sysui_multi_action: [757,113,758,1,759,113,927,1,928,1,1593,1]
12-08 09:11:57.597 12174 12174 I sysui_multi_action: [757,0,758,1,759,0,927,2,928,0,1593,1]
12-08 09:11:57.597 12174 12174 I sysui_multi_action: [757,0,758,1,759,0,927,3,928,0,1593,1]
12-08 09:11:57.597 12174 12174 I sysui_multi_action: [757,491,758,1,759,491,927,4,928,0,1311,-1,1593,0]
12-08 09:11:57.597 12174 12174 I sysui_multi_action: [757,0,758,1,759,0,927,5,928,0,1593,0]
12-08 09:11:57.597 12174 12174 I sysui_multi_action: [757,111,758,1]
12-08 09:11:57.597 12174 12174 I sysui_multi_action: [757,126,758,1,759,126,927,0,928,1,1593,1]
12-08 09:11:57.597 12174 12174 I sysui_multi_action: [757,113,758,1,759,113,927,1,928,1,1593,1]
12-08 09:11:57.597 12174 12174 I sysui_multi_action: [757,0,758,1,759,0,927,2,928,0,1593,1]
12-08 09:11:57.597 12174 12174 I sysui_multi_action: [757,0,758,1,759,0,927,3,928,0,1593,1]
12-08 09:11:57.609 1494 1905 I GameModeConfig: isGameModeOn = false
12-08 09:11:57.609 1494 1905 I GameModeConfig: isGameModeOn = false
12-08 09:11:57.609 1494 1905 I GameModeConfig: isGameModeOn = false
12-08 09:11:57.609 1494 1905 I GameModeConfig: isGameModeOn = false
12-08 09:11:57.610 12174 12174 I sysui_multi_action: [757,111,758,2]
12-08 09:11:57.611 12174 12174 I sysui_multi_action: [757,111,758,2]
12-08 09:11:57.611 1494 1494 I notification_enqueue: [10082,12174,com.android.systemui,2048,NULL,0,Notification(channel=updateNotification shortcut=null contentView=null vibrate=null sound=null defaults=0x0 flags=0x0 color=0x00000000 vis=PRIVATE),1]
12-08 09:11:57.613 12174 12174 I sysui_multi_action: [757,111,758,1]
12-08 09:11:57.613 12174 12174 I sysui_multi_action: [757,126,758,1,759,126,927,0,928,1,1593,1]
12-08 09:11:57.613 12174 12174 I sysui_multi_action: [757,113,758,1,759,113,927,1,928,1,1593,1]
12-08 09:11:57.613 12174 12174 I sysui_multi_action: [757,0,758,1,759,0,927,2,928,0,1593,1]
12-08 09:11:57.613 12174 12174 I sysui_multi_action: [757,0,758,1,759,0,927,3,928,0,1593,1]
12-08 09:11:57.613 12174 12174 I sysui_multi_action: [757,491,758,1,759,491,927,4,928,0,1311,-1,1593,0]
12-08 09:11:57.613 12174 12174 I sysui_multi_action: [757,0,758,1,759,0,927,5,928,0,1593,0]
12-08 09:11:57.613 12174 12174 I sysui_multi_action: [757,111,758,1]
12-08 09:11:57.613 12174 12174 I sysui_multi_action: [757,126,758,1,759,126,927,0,928,1,1593,1]
12-08 09:11:57.613 12174 12174 I sysui_multi_action: [757,113,758,1,759,113,927,1,928,1,1593,1]
12-08 09:11:57.613 12174 12174 I sysui_multi_action: [757,0,758,1,759,0,927,2,928,0,1593,1]
12-08 09:11:57.613 12174 12174 I sysui_multi_action: [757,0,758,1,759,0,927,3,928,0,1593,1]
12-08 09:11:57.621 1494 1579 I sysui_latency: [8,56]
12-08 09:11:57.628 1494 1905 I GameModeConfig: isGameModeOn = false
12-08 09:11:57.629 1494 1905 I GameModeConfig: isGameModeOn = false
12-08 09:11:57.629 1494 1905 I GameModeConfig: isGameModeOn = false
12-08 09:11:57.629 1494 1905 I GameModeConfig: isGameModeOn = false
12-08 09:11:57.630 12174 12174 I sysui_multi_action: [757,111,758,2]
12-08 09:11:57.630 12174 12174 I sysui_multi_action: [757,111,758,2]
12-08 09:11:57.630 1494 1494 I notification_enqueue: [10082,12174,com.android.systemui,2048,NULL,0,Notification(channel=updateNotification shortcut=null contentView=null vibrate=null sound=null defaults=0x0 flags=0x0 color=0x00000000 vis=PRIVATE),1]
12-08 09:11:57.633 12174 12174 I sysui_multi_action: [757,111,758,1]
12-08 09:11:57.633 12174 12174 I sysui_multi_action: [757,126,758,1,759,126,927,0,928,1,1593,1]
12-08 09:11:57.633 12174 12174 I sysui_multi_action: [757,113,758,1,759,113,927,1,928,1,1593,1]
12-08 09:11:57.633 12174 12174 I sysui_multi_action: [757,0,758,1,759,0,927,2,928,0,1593,1]
12-08 09:11:57.633 12174 12174 I sysui_multi_action: [757,0,758,1,759,0,927,3,928,0,1593,1]
12-08 09:11:57.634 12174 12174 I sysui_multi_action: [757,491,758,1,759,491,927,4,928,0,1311,-1,1593,0]
12-08 09:11:57.634 12174 12174 I sysui_multi_action: [757,0,758,1,759,0,927,5,928,0,1593,0]
12-08 09:11:57.634 12174 12174 I sysui_multi_action: [757,111,758,1]
12-08 09:11:57.634 12174 12174 I sysui_multi_action: [757,126,758,1,759,126,927,0,928,1,1593,1]
12-08 09:11:57.634 12174 12174 I sysui_multi_action: [757,113,758,1,759,113,927,1,928,1,1593,1]
12-08 09:11:57.634 12174 12174 I sysui_multi_action: [757,0,758,1,759,0,927,2,928,0,1593,1]
12-08 09:11:57.634 12174 12174 I sysui_multi_action: [757,0,758,1,759,0,927,3,928,0,1593,1]
12-08 09:11:57.646 1494 1905 I GameModeConfig: isGameModeOn = false
12-08 09:11:57.647 1494 1905 I GameModeConfig: isGameModeOn = false
12-08 09:11:57.647 1494 1905 I GameModeConfig: isGameModeOn = false
12-08 09:11:57.647 1494 1905 I GameModeConfig: isGameModeOn = false
12-08 09:11:57.648 12174 12174 I sysui_multi_action: [757,111,758,2]
12-08 09:11:57.648 12174 12174 I sysui_multi_action: [757,111,758,2]
12-08 09:11:57.648 1494 1494 I notification_enqueue: [10082,12174,com.android.systemui,2048,NULL,0,Notification(channel=updateNotification shortcut=null contentView=null vibrate=null sound=null defaults=0x0 flags=0x0 color=0x00000000 vis=PRIVATE),1]
12-08 09:11:57.651 12174 12174 I sysui_multi_action: [757,111,758,1]
12-08 09:11:57.651 12174 12174 I sysui_multi_action: [757,126,758,1,759,126,927,0,928,1,1593,1]
12-08 09:11:57.651 12174 12174 I sysui_multi_action: [757,113,758,1,759,113,927,1,928,1,1593,1]
12-08 09:11:57.651 12174 12174 I sysui_multi_action: [757,0,758,1,759,0,927,2,928,0,1593,1]
12-08 09:11:57.651 12174 12174 I sysui_multi_action: [757,0,758,1,759,0,927,3,928,0,1593,1]
12-08 09:11:57.651 12174 12174 I sysui_multi_action: [757,491,758,1,759,491,927,4,928,0,1311,-1,1593,0]
12-08 09:11:57.652 12174 12174 I sysui_multi_action: [757,0,758,1,759,0,927,5,928,0,1593,0]
12-08 09:11:57.652 12174 12174 I sysui_multi_action: [757,111,758,1]
12-08 09:11:57.652 12174 12174 I sysui_multi_action: [757,126,758,1,759,126,927,0,928,1,1593,1]
12-08 09:11:57.652 12174 12174 I sysui_multi_action: [757,113,758,1,759,113,927,1,928,1,1593,1]
12-08 09:11:57.652 12174 12174 I sysui_multi_action: [757,0,758,1,759,0,927,2,928,0,1593,1]
12-08 09:11:57.652 12174 12174 I sysui_multi_action: [757,0,758,1,759,0,927,3,928,0,1593,1]
12-08 09:11:57.665 1494 1905 I GameModeConfig: isGameModeOn = false
12-08 09:11:57.666 1494 1905 I GameModeConfig: isGameModeOn = false
12-08 09:11:57.666 1494 1905 I GameModeConfig: isGameModeOn = false
12-08 09:11:57.666 1494 1905 I GameModeConfig: isGameModeOn = false
12-08 09:11:57.667 12174 12174 I sysui_multi_action: [757,111,758,2]
12-08 09:11:57.667 1494 1494 I notification_enqueue: [10082,12174,com.android.systemui,2048,NULL,0,Notification(channel=updateNotification shortcut=null contentView=null vibrate=null sound=null defaults=0x0 flags=0x0 color=0x00000000 vis=PRIVATE),1]
12-08 09:11:57.667 12174 12174 I sysui_multi_action: [757,111,758,2]
12-08 09:11:57.670 12174 12174 I sysui_multi_action: [757,111,758,1]
12-08 09:11:57.671 12174 12174 I sysui_multi_action: [757,126,758,1,759,126,927,0,928,1,1593,1]
12-08 09:11:57.671 12174 12174 I sysui_multi_action: [757,113,758,1,759,113,927,1,928,1,1593,1]
12-08 09:11:57.671 12174 12174 I sysui_multi_action: [757,0,758,1,759,0,927,2,928,0,1593,1]
12-08 09:11:57.671 12174 12174 I sysui_multi_action: [757,0,758,1,759,0,927,3,928,0,1593,1]
12-08 09:11:57.671 12174 12174 I sysui_multi_action: [757,491,758,1,759,491,927,4,928,0,1311,-1,1593,0]
12-08 09:11:57.671 12174 12174 I sysui_multi_action: [757,0,758,1,759,0,927,5,928,0,1593,0]
12-08 09:11:57.671 12174 12174 I sysui_multi_action: [757,111,758,1]
12-08 09:11:57.671 12174 12174 I sysui_multi_action: [757,126,758,1,759,126,927,0,928,1,1593,1]
12-08 09:11:57.671 12174 12174 I sysui_multi_action: [757,113,758,1,759,113,927,1,928,1,1593,1]
12-08 09:11:57.672 12174 12174 I sysui_multi_action: [757,0,758,1,759,0,927,2,928,0,1593,1]
12-08 09:11:57.672 12174 12174 I sysui_multi_action: [757,0,758,1,759,0,927,3,928,0,1593,1]
12-08 09:11:57.684 1494 1905 I GameModeConfig: isGameModeOn = false
12-08 09:11:57.685 1494 1905 I GameModeConfig: isGameModeOn = false
12-08 09:11:57.686 1494 1905 I GameModeConfig: isGameModeOn = false
12-08 09:11:57.686 1494 1905 I GameModeConfig: isGameModeOn = false
12-08 09:11:57.686 12174 12174 I sysui_multi_action: [757,111,758,2]
12-08 09:11:57.687 12174 12174 I sysui_multi_action: [757,111,758,2]
12-08 09:11:57.687 1494 1494 I notification_enqueue: [10082,12174,com.android.systemui,2048,NULL,0,Notification(channel=updateNotification shortcut=null contentView=null vibrate=null sound=null defaults=0x0 flags=0x0 color=0x00000000 vis=PRIVATE),1]
12-08 09:11:57.690 12174 12174 I sysui_multi_action: [757,111,758,1]
12-08 09:11:57.690 12174 12174 I sysui_multi_action: [757,126,758,1,759,126,927,0,928,1,1593,1]
12-08 09:11:57.690 12174 12174 I sysui_multi_action: [757,113,758,1,759,113,927,1,928,1,1593,1]
12-08 09:11:57.690 12174 12174 I sysui_multi_action: [757,0,758,1,759,0,927,2,928,0,1593,1]
12-08 09:11:57.690 12174 12174 I sysui_multi_action: [757,0,758,1,759,0,927,3,928,0,1593,1]
12-08 09:11:57.691 12174 12174 I sysui_multi_action: [757,491,758,1,759,491,927,4,928,0,1311,-1,1593,0]
12-08 09:11:57.691 12174 12174 I sysui_multi_action: [757,0,758,1,759,0,927,5,928,0,1593,0]
12-08 09:11:57.691 12174 12174 I sysui_multi_action: [757,111,758,1]
12-08 09:11:57.691 12174 12174 I sysui_multi_action: [757,126,758,1,759,126,927,0,928,1,1593,1]
12-08 09:11:57.691 12174 12174 I sysui_multi_action: [757,113,758,1,759,113,927,1,928,1,1593,1]
12-08 09:11:57.691 12174 12174 I sysui_multi_action: [757,0,758,1,759,0,927,2,928,0,1593,1]
12-08 09:11:57.691 12174 12174 I sysui_multi_action: [757,0,758,1,759,0,927,3,928,0,1593,1]
12-08 09:11:57.702 1494 1905 I GameModeConfig: isGameModeOn = false
12-08 09:11:57.702 1494 1905 I GameModeConfig: isGameModeOn = false
12-08 09:11:57.702 1494 1905 I GameModeConfig: isGameModeOn = false
12-08 09:11:57.703 1494 1905 I GameModeConfig: isGameModeOn = false
12-08 09:11:57.704 12174 12174 I sysui_multi_action: [757,111,758,2]
12-08 09:11:57.704 12174 12174 I sysui_multi_action: [757,111,758,2]
12-08 09:11:57.704 1494 1494 I notification_enqueue: [10082,12174,com.android.systemui,2048,NULL,0,Notification(channel=updateNotification shortcut=null contentView=null vibrate=null sound=null defaults=0x0 flags=0x0 color=0x00000000 vis=PRIVATE),1]
12-08 09:11:57.707 12174 12174 I sysui_multi_action: [757,111,758,1]
12-08 09:11:57.707 12174 12174 I sysui_multi_action: [757,126,758,1,759,126,927,0,928,1,1593,1]
12-08 09:11:57.707 12174 12174 I sysui_multi_action: [757,113,758,1,759,113,927,1,928,1,1593,1]
12-08 09:11:57.707 12174 12174 I sysui_multi_action: [757,0,758,1,759,0,927,2,928,0,1593,1]
12-08 09:11:57.707 12174 12174 I sysui_multi_action: [757,0,758,1,759,0,927,3,928,0,1593,1]
12-08 09:11:57.707 12174 12174 I sysui_multi_action: [757,491,758,1,759,491,927,4,928,0,1311,-1,1593,0]
12-08 09:11:57.707 12174 12174 I sysui_multi_action: [757,0,758,1,759,0,927,5,928,0,1593,0]
12-08 09:11:57.707 12174 12174 I sysui_multi_action: [757,111,758,1]
12-08 09:11:57.708 12174 12174 I sysui_multi_action: [757,126,758,1,759,126,927,0,928,1,1593,1]
12-08 09:11:57.708 12174 12174 I sysui_multi_action: [757,113,758,1,759,113,927,1,928,1,1593,1]
12-08 09:11:57.708 12174 12174 I sysui_multi_action: [757,0,758,1,759,0,927,2,928,0,1593,1]
12-08 09:11:57.708 12174 12174 I sysui_multi_action: [757,0,758,1,759,0,927,3,928,0,1593,1]
12-08 09:11:57.720 1494 1494 I GameModeConfig: isGameModeOn = false
12-08 09:11:57.721 1494 1494 I sysui_multi_action: [757,1501,758,1,793,1740450,794,0,795,206,796,2048,806,com.android.systemui,857,updateNotification,858,3,947,0,1500,0,1688,1]
12-08 09:11:57.721 1494 1494 I sysui_multi_action: [757,804,799,note_interruptive,801,0,802,1]
12-08 09:11:57.722 1494 1494 I sysui_multi_action: [757,199,758,1,759,2,793,1740451,794,0,795,207,796,2048,806,com.android.systemui,857,updateNotification,858,3,947,0,1500,1,1688,1]
12-08 09:11:57.722 1494 1494 I notification_alert: [0|com.android.systemui|2048|null|10082,0,1,0]
12-08 09:11:57.723 1494 1494 W NotificationHistory: Attempted to add notif for locked/gone/disabled user 0
12-08 09:11:57.731 1494 1905 I GameModeConfig: isGameModeOn = false
12-08 09:11:57.731 1494 1905 I GameModeConfig: isGameModeOn = false
12-08 09:11:57.731 1494 1905 I GameModeConfig: isGameModeOn = false
12-08 09:11:57.731 1494 1905 I GameModeConfig: isGameModeOn = false
12-08 09:11:57.732 12174 12174 I sysui_multi_action: [757,111,758,2]
12-08 09:11:57.732 12174 12174 I sysui_multi_action: [757,111,758,2]
12-08 09:11:57.735 1494 1494 I notification_enqueue: [10082,12174,com.android.systemui,2048,NULL,0,Notification(channel=updateNotification shortcut=null contentView=null vibrate=null sound=null defaults=0x0 flags=0x0 color=0x00000000 vis=PRIVATE),1]
12-08 09:11:57.736 12174 12174 I sysui_multi_action: [757,111,758,1]
12-08 09:11:57.736 12174 12174 I sysui_multi_action: [757,126,758,1,759,126,927,0,928,1,1593,1]
12-08 09:11:57.736 12174 12174 I sysui_multi_action: [757,113,758,1,759,113,927,1,928,1,1593,1]
12-08 09:11:57.737 12174 12174 I sysui_multi_action: [757,0,758,1,759,0,927,2,928,0,1593,1]
12-08 09:11:57.737 12174 12174 I sysui_multi_action: [757,0,758,1,759,0,927,3,928,0,1593,1]
12-08 09:11:57.737 12174 12174 I sysui_multi_action: [757,491,758,1,759,491,927,4,928,0,1311,-1,1593,0]
12-08 09:11:57.737 12174 12174 I sysui_multi_action: [757,0,758,1,759,0,927,5,928,0,1593,0]
12-08 09:11:57.737 12174 12174 I sysui_multi_action: [757,111,758,1]
12-08 09:11:57.737 12174 12174 I sysui_multi_action: [757,126,758,1,759,126,927,0,928,1,1593,1]
12-08 09:11:57.737 12174 12174 I sysui_multi_action: [757,113,758,1,759,113,927,1,928,1,1593,1]
12-08 09:11:57.738 12174 12174 I sysui_multi_action: [757,0,758,1,759,0,927,2,928,0,1593,1]
12-08 09:11:57.738 12174 12174 I sysui_multi_action: [757,0,758,1,759,0,927,3,928,0,1593,1]
12-08 09:11:57.747 12174 12174 I sysui_multi_action: [757,111,758,2]
12-08 09:11:57.747 12174 12174 I sysui_multi_action: [757,111,758,2]
12-08 09:11:57.748 1494 1494 I notification_enqueue: [10082,12174,com.android.systemui,2048,NULL,0,Notification(channel=updateNotification shortcut=null contentView=null vibrate=null sound=null defaults=0x0 flags=0x0 color=0x00000000 vis=PRIVATE),1]
12-08 09:11:57.748 1494 1905 I GameModeConfig: isGameModeOn = false
12-08 09:11:57.748 1494 1905 I GameModeConfig: isGameModeOn = false
12-08 09:11:57.748 1494 1905 I GameModeConfig: isGameModeOn = false
12-08 09:11:57.748 1494 1905 I GameModeConfig: isGameModeOn = false
12-08 09:11:57.750 12174 12174 I sysui_multi_action: [757,111,758,1]
12-08 09:11:57.750 12174 12174 I sysui_multi_action: [757,126,758,1,759,126,927,0,928,1,1593,1]
12-08 09:11:57.750 12174 12174 I sysui_multi_action: [757,113,758,1,759,113,927,1,928,1,1593,1]
12-08 09:11:57.750 12174 12174 I sysui_multi_action: [757,0,758,1,759,0,927,2,928,0,1593,1]
12-08 09:11:57.750 12174 12174 I sysui_multi_action: [757,0,758,1,759,0,927,3,928,0,1593,1]
12-08 09:11:57.750 12174 12174 I sysui_multi_action: [757,491,758,1,759,491,927,4,928,0,1311,-1,1593,0]
12-08 09:11:57.750 12174 12174 I sysui_multi_action: [757,0,758,1,759,0,927,5,928,0,1593,0]
12-08 09:11:57.750 12174 12174 I sysui_multi_action: [757,111,758,1]
12-08 09:11:57.750 12174 12174 I sysui_multi_action: [757,126,758,1,759,126,927,0,928,1,1593,1]
12-08 09:11:57.750 12174 12174 I sysui_multi_action: [757,113,758,1,759,113,927,1,928,1,1593,1]
12-08 09:11:57.750 12174 12174 I sysui_multi_action: [757,0,758,1,759,0,927,2,928,0,1593,1]
12-08 09:11:57.750 12174 12174 I sysui_multi_action: [757,0,758,1,759,0,927,3,928,0,1593,1]
12-08 09:11:57.757 1494 1494 I GameModeConfig: isGameModeOn = false
12-08 09:11:57.758 1494 1494 E NotificationService: Muting recently noisy 0|com.android.systemui|2048|null|10082
12-08 09:11:57.762 12174 12174 I sysui_multi_action: [757,111,758,2]
12-08 09:11:57.762 12174 12174 I sysui_multi_action: [757,111,758,2]
12-08 09:11:57.763 1494 1494 I notification_enqueue: [10082,12174,com.android.systemui,2048,NULL,0,Notification(channel=updateNotification shortcut=null contentView=null vibrate=null sound=null defaults=0x0 flags=0x0 color=0x00000000 vis=PRIVATE),1]
12-08 09:11:57.764 1494 1905 I GameModeConfig: isGameModeOn = false
12-08 09:11:57.764 1494 1905 I GameModeConfig: isGameModeOn = false
12-08 09:11:57.764 1494 1905 I GameModeConfig: isGameModeOn = false
12-08 09:11:57.764 1494 1905 I GameModeConfig: isGameModeOn = false
12-08 09:11:57.764 12174 12174 I sysui_multi_action: [757,111,758,1]
12-08 09:11:57.764 12174 12174 I sysui_multi_action: [757,126,758,1,759,126,927,0,928,1,1593,1]
12-08 09:11:57.765 12174 12174 I sysui_multi_action: [757,113,758,1,759,113,927,1,928,1,1593,1]
12-08 09:11:57.765 12174 12174 I sysui_multi_action: [757,0,758,1,759,0,927,2,928,0,1593,1]
12-08 09:11:57.765 12174 12174 I sysui_multi_action: [757,0,758,1,759,0,927,3,928,0,1593,1]
12-08 09:11:57.765 12174 12174 I sysui_multi_action: [757,491,758,1,759,491,927,4,928,0,1311,-1,1593,0]
12-08 09:11:57.765 12174 12174 I sysui_multi_action: [757,0,758,1,759,0,927,5,928,0,1593,0]
12-08 09:11:57.765 12174 12174 I sysui_multi_action: [757,111,758,1]
12-08 09:11:57.765 12174 12174 I sysui_multi_action: [757,126,758,1,759,126,927,0,928,1,1593,1]
12-08 09:11:57.765 12174 12174 I sysui_multi_action: [757,113,758,1,759,113,927,1,928,1,1593,1]
12-08 09:11:57.765 12174 12174 I sysui_multi_action: [757,0,758,1,759,0,927,2,928,0,1593,1]
12-08 09:11:57.765 12174 12174 I sysui_multi_action: [757,0,758,1,759,0,927,3,928,0,1593,1]
12-08 09:11:57.775 1494 1494 I GameModeConfig: isGameModeOn = false
12-08 09:11:57.776 1494 1494 E NotificationService: Muting recently noisy 0|com.android.systemui|2048|null|10082
12-08 09:11:57.776 1494 1905 I GameModeConfig: isGameModeOn = false
12-08 09:11:57.776 1494 1905 I GameModeConfig: isGameModeOn = false
12-08 09:11:57.776 1494 1905 I GameModeConfig: isGameModeOn = false
12-08 09:11:57.776 1494 1905 I GameModeConfig: isGameModeOn = false
12-08 09:11:57.778 12174 12174 I sysui_multi_action: [757,111,758,2]
12-08 09:11:57.778 12174 12174 I sysui_multi_action: [757,111,758,2]
12-08 09:11:57.778 1494 1494 I notification_enqueue: [10082,12174,com.android.systemui,2048,NULL,0,Notification(channel=updateNotification shortcut=null contentView=null vibrate=null sound=null defaults=0x0 flags=0x0 color=0x00000000 vis=PRIVATE),1]
12-08 09:11:57.780 12174 12174 I sysui_multi_action: [757,111,758,1]
12-08 09:11:57.780 12174 12174 I sysui_multi_action: [757,126,758,1,759,126,927,0,928,1,1593,1]
12-08 09:11:57.780 12174 12174 I sysui_multi_action: [757,113,758,1,759,113,927,1,928,1,1593,1]
12-08 09:11:57.780 12174 12174 I sysui_multi_action: [757,0,758,1,759,0,927,2,928,0,1593,1]
12-08 09:11:57.780 12174 12174 I sysui_multi_action: [757,0,758,1,759,0,927,3,928,0,1593,1]
12-08 09:11:57.781 12174 12174 I sysui_multi_action: [757,491,758,1,759,491,927,4,928,0,1311,-1,1593,0]
12-08 09:11:57.781 12174 12174 I sysui_multi_action: [757,0,758,1,759,0,927,5,928,0,1593,0]
12-08 09:11:57.781 12174 12174 I sysui_multi_action: [757,111,758,1]
12-08 09:11:57.781 12174 12174 I sysui_multi_action: [757,126,758,1,759,126,927,0,928,1,1593,1]
12-08 09:11:57.781 12174 12174 I sysui_multi_action: [757,113,758,1,759,113,927,1,928,1,1593,1]
12-08 09:11:57.781 12174 12174 I sysui_multi_action: [757,0,758,1,759,0,927,2,928,0,1593,1]
12-08 09:11:57.781 12174 12174 I sysui_multi_action: [757,0,758,1,759,0,927,3,928,0,1593,1]
12-08 09:11:57.789 1494 1494 I GameModeConfig: isGameModeOn = false
12-08 09:11:57.789 1494 1494 E NotificationService: Muting recently noisy 0|com.android.systemui|2048|null|10082
12-08 09:11:57.793 1494 1905 I GameModeConfig: isGameModeOn = false
12-08 09:11:57.793 1494 1905 I GameModeConfig: isGameModeOn = false
12-08 09:11:57.793 1494 1905 I GameModeConfig: isGameModeOn = false
12-08 09:11:57.793 1494 1905 I GameModeConfig: isGameModeOn = false
12-08 09:11:57.793 12174 12174 I sysui_multi_action: [757,111,758,2]
12-08 09:11:57.794 12174 12174 I sysui_multi_action: [757,111,758,2]
12-08 09:11:57.794 1494 1494 I notification_enqueue: [10082,12174,com.android.systemui,2048,NULL,0,Notification(channel=updateNotification shortcut=null contentView=null vibrate=null sound=null defaults=0x0 flags=0x0 color=0x00000000 vis=PRIVATE),1]
12-08 09:11:57.796 12174 12174 I sysui_multi_action: [757,111,758,1]
12-08 09:11:57.796 12174 12174 I sysui_multi_action: [757,126,758,1,759,126,927,0,928,1,1593,1]
12-08 09:11:57.796 12174 12174 I sysui_multi_action: [757,113,758,1,759,113,927,1,928,1,1593,1]
12-08 09:11:57.796 12174 12174 I sysui_multi_action: [757,0,758,1,759,0,927,2,928,0,1593,1]
12-08 09:11:57.796 12174 12174 I sysui_multi_action: [757,0,758,1,759,0,927,3,928,0,1593,1]
12-08 09:11:57.796 12174 12174 I sysui_multi_action: [757,491,758,1,759,491,927,4,928,0,1311,-1,1593,0]
12-08 09:11:57.796 12174 12174 I sysui_multi_action: [757,0,758,1,759,0,927,5,928,0,1593,0]
12-08 09:11:57.796 12174 12174 I sysui_multi_action: [757,111,758,1]
12-08 09:11:57.796 12174 12174 I sysui_multi_action: [757,126,758,1,759,126,927,0,928,1,1593,1]
12-08 09:11:57.796 12174 12174 I sysui_multi_action: [757,113,758,1,759,113,927,1,928,1,1593,1]
12-08 09:11:57.796 12174 12174 I sysui_multi_action: [757,0,758,1,759,0,927,2,928,0,1593,1]
12-08 09:11:57.796 12174 12174 I sysui_multi_action: [757,0,758,1,759,0,927,3,928,0,1593,1]
12-08 09:11:57.797 1494 1494 I GameModeConfig: isGameModeOn = false
12-08 09:11:57.798 1494 1494 E NotificationService: Muting recently noisy 0|com.android.systemui|2048|null|10082
12-08 09:11:57.811 1494 1905 I GameModeConfig: isGameModeOn = false
12-08 09:11:57.811 1494 1905 I GameModeConfig: isGameModeOn = false
12-08 09:11:57.811 1494 1905 I GameModeConfig: isGameModeOn = false
12-08 09:11:57.811 1494 1905 I GameModeConfig: isGameModeOn = false
12-08 09:11:57.812 12174 12174 I sysui_multi_action: [757,111,758,2]
12-08 09:11:57.812 1494 1494 I notification_enqueue: [10082,12174,com.android.systemui,2048,NULL,0,Notification(channel=updateNotification shortcut=null contentView=null vibrate=null sound=null defaults=0x0 flags=0x0 color=0x00000000 vis=PRIVATE),1]
12-08 09:11:57.812 12174 12174 I sysui_multi_action: [757,111,758,2]
12-08 09:11:57.813 1494 1494 I GameModeConfig: isGameModeOn = false
12-08 09:11:57.814 1494 1494 E NotificationService: Muting recently noisy 0|com.android.systemui|2048|null|10082
12-08 09:11:57.814 12174 12174 I sysui_multi_action: [757,111,758,1]
12-08 09:11:57.815 12174 12174 I sysui_multi_action: [757,126,758,1,759,126,927,0,928,1,1593,1]
12-08 09:11:57.815 12174 12174 I sysui_multi_action: [757,113,758,1,759,113,927,1,928,1,1593,1]
12-08 09:11:57.815 12174 12174 I sysui_multi_action: [757,0,758,1,759,0,927,2,928,0,1593,1]
12-08 09:11:57.815 12174 12174 I sysui_multi_action: [757,0,758,1,759,0,927,3,928,0,1593,1]
12-08 09:11:57.815 12174 12174 I sysui_multi_action: [757,491,758,1,759,491,927,4,928,0,1311,-1,1593,0]
12-08 09:11:57.815 12174 12174 I sysui_multi_action: [757,0,758,1,759,0,927,5,928,0,1593,0]
12-08 09:11:57.815 12174 12174 I sysui_multi_action: [757,111,758,1]
12-08 09:11:57.815 12174 12174 I sysui_multi_action: [757,126,758,1,759,126,927,0,928,1,1593,1]
12-08 09:11:57.815 12174 12174 I sysui_multi_action: [757,113,758,1,759,113,927,1,928,1,1593,1]
12-08 09:11:57.815 12174 12174 I sysui_multi_action: [757,0,758,1,759,0,927,2,928,0,1593,1]
12-08 09:11:57.815 12174 12174 I sysui_multi_action: [757,0,758,1,759,0,927,3,928,0,1593,1]
12-08 09:11:57.827 1494 1905 I GameModeConfig: isGameModeOn = false
12-08 09:11:57.827 1494 1905 I GameModeConfig: isGameModeOn = false
12-08 09:11:57.827 1494 1905 I GameModeConfig: isGameModeOn = false
12-08 09:11:57.827 1494 1905 I GameModeConfig: isGameModeOn = false
12-08 09:11:57.828 12174 12174 I sysui_multi_action: [757,111,758,2]
12-08 09:11:57.828 1494 1494 I notification_enqueue: [10082,12174,com.android.systemui,2048,NULL,0,Notification(channel=updateNotification shortcut=null contentView=null vibrate=null sound=null defaults=0x0 flags=0x0 color=0x00000000 vis=PRIVATE),1]
12-08 09:11:57.828 12174 12174 I sysui_multi_action: [757,111,758,2]
12-08 09:11:57.830 12174 12174 I sysui_multi_action: [757,111,758,1]
12-08 09:11:57.830 12174 12174 I sysui_multi_action: [757,126,758,1,759,126,927,0,928,1,1593,1]
12-08 09:11:57.831 12174 12174 I sysui_multi_action: [757,113,758,1,759,113,927,1,928,1,1593,1]
12-08 09:11:57.831 12174 12174 I sysui_multi_action: [757,0,758,1,759,0,927,2,928,0,1593,1]
12-08 09:11:57.831 12174 12174 I sysui_multi_action: [757,0,758,1,759,0,927,3,928,0,1593,1]
12-08 09:11:57.831 12174 12174 I sysui_multi_action: [757,491,758,1,759,491,927,4,928,0,1311,-1,1593,0]
12-08 09:11:57.831 12174 12174 I sysui_multi_action: [757,0,758,1,759,0,927,5,928,0,1593,0]
12-08 09:11:57.831 12174 12174 I sysui_multi_action: [757,111,758,1]
12-08 09:11:57.831 12174 12174 I sysui_multi_action: [757,126,758,1,759,126,927,0,928,1,1593,1]
12-08 09:11:57.831 12174 12174 I sysui_multi_action: [757,113,758,1,759,113,927,1,928,1,1593,1]
12-08 09:11:57.831 12174 12174 I sysui_multi_action: [757,0,758,1,759,0,927,2,928,0,1593,1]
12-08 09:11:57.831 12174 12174 I sysui_multi_action: [757,0,758,1,759,0,927,3,928,0,1593,1]
12-08 09:11:57.833 1494 1494 I GameModeConfig: isGameModeOn = false
12-08 09:11:57.833 1494 1494 E NotificationService: Muting recently noisy 0|com.android.systemui|2048|null|10082
12-08 09:11:57.846 12174 12174 I sysui_multi_action: [757,111,758,2]
12-08 09:11:57.846 12174 12174 I sysui_multi_action: [757,111,758,2]
12-08 09:11:57.847 1494 1494 I notification_enqueue: [10082,12174,com.android.systemui,2048,NULL,0,Notification(channel=updateNotification shortcut=null contentView=null vibrate=null sound=null defaults=0x0 flags=0x0 color=0x00000000 vis=PRIVATE),1]
12-08 09:11:57.847 1494 1905 I GameModeConfig: isGameModeOn = false
12-08 09:11:57.848 1494 1905 I GameModeConfig: isGameModeOn = false
12-08 09:11:57.848 1494 1905 I GameModeConfig: isGameModeOn = false
12-08 09:11:57.848 1494 1905 I GameModeConfig: isGameModeOn = false
12-08 09:11:57.850 1494 1494 I GameModeConfig: isGameModeOn = false
12-08 09:11:57.850 1494 1494 E NotificationService: Muting recently noisy 0|com.android.systemui|2048|null|10082
12-08 09:11:57.859 1494 2124 W WindowManager: updateScale0.4617737
12-08 09:11:57.861 12174 12174 I sysui_multi_action: [757,111,758,1]
12-08 09:11:57.861 12174 12174 I sysui_multi_action: [757,126,758,1,759,126,927,0,928,1,1593,1]
12-08 09:11:57.861 12174 12174 I sysui_multi_action: [757,113,758,1,759,113,927,1,928,1,1593,1]
12-08 09:11:57.861 12174 12174 I sysui_multi_action: [757,0,758,1,759,0,927,2,928,0,1593,1]
12-08 09:11:57.862 12174 12174 I sysui_multi_action: [757,0,758,1,759,0,927,3,928,0,1593,1]
12-08 09:11:57.862 12174 12174 I sysui_multi_action: [757,491,758,1,759,491,927,4,928,0,1311,-1,1593,0]
12-08 09:11:57.862 12174 12174 I sysui_multi_action: [757,0,758,1,759,0,927,5,928,0,1593,0]
12-08 09:11:57.862 12174 12174 I sysui_multi_action: [757,111,758,1]
12-08 09:11:57.862 12174 12174 I sysui_multi_action: [757,126,758,1,759,126,927,0,928,1,1593,1]
12-08 09:11:57.862 12174 12174 I sysui_multi_action: [757,113,758,1,759,113,927,1,928,1,1593,1]
12-08 09:11:57.862 12174 12174 I sysui_multi_action: [757,0,758,1,759,0,927,2,928,0,1593,1]
12-08 09:11:57.862 12174 12174 I sysui_multi_action: [757,0,758,1,759,0,927,3,928,0,1593,1]
12-08 09:11:57.866 1494 1905 I GameModeConfig: isGameModeOn = false
12-08 09:11:57.867 1494 1905 I GameModeConfig: isGameModeOn = false
12-08 09:11:57.867 1494 1905 I GameModeConfig: isGameModeOn = false
12-08 09:11:57.867 1494 1905 I GameModeConfig: isGameModeOn = false
12-08 09:11:57.868 12174 12174 I sysui_multi_action: [757,111,758,2]
12-08 09:11:57.868 12174 12174 I sysui_multi_action: [757,111,758,2]
12-08 09:11:57.869 1494 1494 I GameModeConfig: isGameModeOn = false
12-08 09:11:57.869 1494 1494 E NotificationService: Muting recently noisy 0|com.android.systemui|2048|null|10082
12-08 09:11:57.869 1494 1494 I notification_enqueue: [10082,12174,com.android.systemui,2048,NULL,0,Notification(channel=updateNotification shortcut=null contentView=null vibrate=null sound=null defaults=0x0 flags=0x0 color=0x00000000 vis=PRIVATE),1]
12-08 09:11:57.872 1494 2125 I sysui_multi_action: [757,128,758,2,793,17701666,794,962,795,17701666,796,26,798,0,806,android,857,DEVELOPER_IMPORTANT,858,4,947,0,1395,2,1500,17701212,1688,1]
12-08 09:11:57.872 1494 2125 I notification_visibility: [-1|android|26|null|1000,0,17701666,17701666,0,0]
12-08 09:11:57.873 1494 2125 I sysui_multi_action: [757,128,758,2,793,17702521,794,962,795,17702521,796,32,798,1,806,android,857,USB,858,1,947,0,1395,2,1500,17702461,1688,1]
12-08 09:11:57.873 1494 2125 I notification_visibility: [-1|android|32|null|1000,0,17702521,17702521,0,1]
12-08 09:11:57.873 1494 2125 I sysui_multi_action: [757,127,758,2]
12-08 09:11:57.873 1494 2125 I notification_panel_hidden:
12-08 09:11:57.887 1494 2125 W WindowManager: updateScale0.4617737
12-08 09:11:57.888 1494 1494 I GameModeConfig: isGameModeOn = false
12-08 09:11:57.889 1494 1494 E NotificationService: Muting recently noisy 0|com.android.systemui|2048|null|10082
12-08 09:11:57.890 12174 12174 I sysui_multi_action: [757,111,758,1]
12-08 09:11:57.890 12174 12174 I sysui_multi_action: [757,126,758,1,759,126,927,0,928,1,1593,0]
12-08 09:11:57.890 12174 12174 I sysui_multi_action: [757,113,758,1,759,113,927,1,928,1,1593,1]
12-08 09:11:57.890 12174 12174 I sysui_multi_action: [757,0,758,1,759,0,927,2,928,0,1593,1]
12-08 09:11:57.890 12174 12174 I sysui_multi_action: [757,0,758,1,759,0,927,3,928,0,1593,1]
12-08 09:11:57.891 12174 12174 I sysui_multi_action: [757,491,758,1,759,491,927,4,928,0,1311,-1,1593,0]
12-08 09:11:57.891 12174 12174 I sysui_multi_action: [757,0,758,1,759,0,927,5,928,0,1593,0]
12-08 09:11:57.891 12174 12174 I sysui_multi_action: [757,111,758,1]
12-08 09:11:57.891 12174 12174 I sysui_multi_action: [757,126,758,1,759,126,927,0,928,1,1593,1]
12-08 09:11:57.891 12174 12174 I sysui_multi_action: [757,113,758,1,759,113,927,1,928,1,1593,1]
12-08 09:11:57.891 12174 12174 I sysui_multi_action: [757,0,758,1,759,0,927,2,928,0,1593,1]
12-08 09:11:57.891 12174 12174 I sysui_multi_action: [757,0,758,1,759,0,927,3,928,0,1593,1]
12-08 09:11:57.905 1494 1494 I GameModeConfig: isGameModeOn = false
12-08 09:11:57.905 1494 1494 E NotificationService: Muting recently noisy 0|com.android.systemui|2048|null|10082
12-08 09:11:57.921 1494 1726 I input_interaction: Interaction with: recents_animation_input_consumer (server), edge-swipe (server), swipe-up (server), PointerEventDispatcher0 (server),
12-08 09:11:57.936 1494 1494 I GameModeConfig: isGameModeOn = false
12-08 09:11:57.937 1494 1494 E NotificationService: Muting recently noisy 0|com.android.systemui|2048|null|10082
12-08 09:11:57.949 1494 1494 I GameModeConfig: isGameModeOn = false
12-08 09:11:57.950 1494 1494 E NotificationService: Muting recently noisy 0|com.android.systemui|2048|null|10082
12-08 09:11:57.959 1494 2124 I wm_task_moved: [36,1,9]
12-08 09:11:57.960 1494 2124 I wm_task_moved: [37,1,2147483647]
12-08 09:11:57.960 1494 2124 I wm_task_to_front: [0,37]
12-08 09:11:57.960 1494 2124 I wm_focused_root_task: [0,0,36,226,RecentsAnimation.onAnimationFinished()]
12-08 09:11:57.960 19176 19176 I wm_on_top_resumed_lost_called: [33760129,com.android.settings.Settings,topStateChangedWhenResumed]
12-08 09:11:57.960 1494 2124 I wm_set_resumed_activity: [0,com.android.launcher3/.uioverrides.QuickstepLauncher,RecentsAnimation.onAnimationFinished()]
12-08 09:11:57.962 1494 2124 I wm_pause_activity: [0,33760129,com.android.settings/.Settings,userLeaving=true,pauseBackTasks]
12-08 09:11:57.963 1494 2124 I wm_add_to_stopping: [0,33760129,com.android.settings/.Settings,makeInvisible]
12-08 09:11:57.963 1494 2124 I ActivityTaskManager: FOREGROUND_APPLICATION_CHANGED to com.android.launcher3.uioverrides.QuickstepLauncher
12-08 09:11:57.964 1494 2124 I wm_set_resumed_activity: [0,com.android.launcher3/.uioverrides.QuickstepLauncher,resumeTopActivityInnerLocked]
12-08 09:11:57.965 1494 1494 I GameModeConfig: isGameModeOn = false
12-08 09:11:57.965 1494 1494 E NotificationService: Muting recently noisy 0|com.android.systemui|2048|null|10082
12-08 09:11:57.966 1494 2124 I wm_resume_activity: [0,103271708,37,com.android.launcher3/.uioverrides.QuickstepLauncher]
12-08 09:11:57.968 1494 2124 W WindowManager: updateScale0.4617737
12-08 09:11:57.972 1494 2124 W WindowManager: updateScale0.4617737
12-08 09:11:57.974 1494 1568 I input_focus: [Focus request fda1c2b com.android.launcher3/com.android.launcher3.uioverrides.QuickstepLauncher,reason=UpdateInputWindows]
12-08 09:11:57.975 19176 19176 I sysui_multi_action: [757,35,758,2,1089,2848]
12-08 09:11:57.978 19176 19176 I sysui_multi_action: [757,746,758,2,1089,2840]
12-08 09:11:57.978 2523 2523 I wm_on_resume_called: [103271708,com.android.launcher3.uioverrides.QuickstepLauncher,RESUME_ACTIVITY]
12-08 09:11:57.979 2523 2523 I wm_on_top_resumed_gained_called: [103271708,com.android.launcher3.uioverrides.QuickstepLauncher,topStateChangedWhenResumed]
12-08 09:11:57.981 1494 1566 I wm_stop_activity: [0,33760129,com.android.settings/.Settings]
12-08 09:11:57.982 1494 1566 I sysui_multi_action: [757,803,799,window_time_0,802,3]
12-08 09:11:57.984 1494 1494 I GameModeConfig: isGameModeOn = false
12-08 09:11:57.984 1494 1566 I sysui_multi_action: [757,803,799,window_time_0,802,0]
12-08 09:11:57.985 19176 19176 I wm_on_paused_called: [33760129,com.android.settings.Settings,performPause]
12-08 09:11:57.986 1494 1494 E NotificationService: Muting recently noisy 0|com.android.systemui|2048|null|10082
12-08 09:11:57.994 1494 1726 I input_focus: [Focus entering fda1c2b com.android.launcher3/com.android.launcher3.uioverrides.QuickstepLauncher (server),reason=setFocusedWindow]
12-08 09:11:57.995 1494 1494 I GameModeConfig: isGameModeOn = false
12-08 09:11:57.995 1494 1494 E NotificationService: Muting recently noisy 0|com.android.systemui|2048|null|10082
12-08 09:11:57.995 19176 19176 I wm_on_stop_called: [33760129,com.android.settings.Settings,STOP_ACTIVITY_ITEM]
12-08 09:11:58.007 1494 7671 W WindowManager: updateScale0.4617737
12-08 09:11:58.014 1494 1494 I GameModeConfig: isGameModeOn = false
12-08 09:11:58.015 1494 1494 E NotificationService: Muting recently noisy 0|com.android.systemui|2048|null|10082
12-08 09:11:58.022 1494 1568 W WindowManager: updateScale0.4617737
12-08 09:11:58.030 1494 1494 I GameModeConfig: isGameModeOn = false
12-08 09:11:58.031 1494 1726 I input_interaction: Interaction with: edge-swipe (server), swipe-up (server), PointerEventDispatcher0 (server),
12-08 09:11:58.032 1494 1494 E NotificationService: Muting recently noisy 0|com.android.systemui|2048|null|10082
12-08 09:11:58.034 10409 10425 W ContextImpl: Calling a method in the system process without a qualified user: android.app.ContextImpl.startService:1816 android.content.ContextWrapper.startService:774 com.thundercomm.gamemode.ingame.services.GameModeActionUtils.startGameModeService:93 com.thundercomm.gamemode.ingame.services.GameModeActionUtils.startGameModeEntry:21 com.thundercomm.gamemode.ingame.services.ActivityMonitoringService$1.onActivityLaunch:127
12-08 09:11:58.042 1494 1494 I GameModeConfig: Current uri is uri = content://com.thundercomm.gamemode.api/gamemode_settings/gamemode_isgaming
12-08 09:11:58.044 1494 1494 I GameModeConfig: isGameModeOn = false
12-08 09:11:58.044 1494 1494 I GameModeConfig: isGameModeOn = false
12-08 09:11:58.044 1494 1494 I GameModeConfig: isDisableVoice = true
12-08 09:11:58.049 1494 1494 I GameModeConfig: isGameModeOn = false
12-08 09:11:58.050 1494 1494 E NotificationService: Muting recently noisy 0|com.android.systemui|2048|null|10082
12-08 09:11:58.071 1494 1494 I GameModeConfig: isGameModeOn = false
12-08 09:11:58.071 1494 1494 E NotificationService: Muting recently noisy 0|com.android.systemui|2048|null|10082
12-08 09:11:58.086 1494 2743 E TaskPersister: File error accessing recents directory (directory doesn't exist?).
12-08 09:11:58.087 10409 10425 W ContextImpl: Calling a method in the system process without a qualified user: android.app.ContextImpl.startService:1816 android.content.ContextWrapper.startService:774 com.thundercomm.gamemode.ingame.services.GameModeActionUtils.startGameModeService:93 com.thundercomm.gamemode.ingame.services.GameModeActionUtils.startGameModeEntry:21 com.thundercomm.gamemode.ingame.services.ActivityMonitoringService$1.onActivityLaunch:127
12-08 09:11:58.091 1494 1494 I GameModeConfig: Current uri is uri = content://com.thundercomm.gamemode.api/gamemode_settings/gamemode_isgaming
12-08 09:11:58.093 1494 1494 I GameModeConfig: isGameModeOn = false
12-08 09:11:58.093 1494 1494 I GameModeConfig: isGameModeOn = false
12-08 09:11:58.093 1494 1494 I GameModeConfig: isDisableVoice = true
12-08 09:11:58.233 1494 1700 I commit_sys_config_file: [settings-1-0,7]
12-08 09:11:58.540 1494 1905 I GameModeConfig: isGameModeOn = false
12-08 09:11:58.577 1494 1905 I GameModeConfig: isGameModeOn = false
12-08 09:11:58.601 1494 1905 I GameModeConfig: isGameModeOn = false
12-08 09:11:58.603 1494 1700 I commit_sys_config_file: [settings-1-0,5]
12-08 09:11:58.619 1494 1905 I GameModeConfig: isGameModeOn = false
12-08 09:11:58.635 1494 1905 I GameModeConfig: isGameModeOn = false
12-08 09:11:58.655 1494 1905 I GameModeConfig: isGameModeOn = false
12-08 09:11:58.738 1494 7512 I wm_finish_activity: [0,240726784,230,com.android.music/.VideoBrowserActivity,app-request]
12-08 09:11:58.746 1494 7512 I wm_pause_activity: [0,240726784,com.android.music/.VideoBrowserActivity,userLeaving=false,finish]
12-08 09:11:58.747 1494 1905 I GameModeConfig: isGameModeOn = false
12-08 09:11:58.747 14889 14889 I wm_on_paused_called: [240726784,com.android.music.VideoBrowserActivity,performPause]
12-08 09:11:58.752 1494 5787 I wm_destroy_activity: [0,240726784,230,com.android.music/.VideoBrowserActivity,finish-imm:completePausedLocked]
12-08 09:11:58.767 1494 1566 I sysui_multi_action: [757,803,799,window_time_0,802,1]
12-08 09:11:58.773 14889 14889 I wm_on_stop_called: [240726784,com.android.music.VideoBrowserActivity,LIFECYCLER_STOP_ACTIVITY]
12-08 09:11:58.775 10409 10425 W ContextImpl: Calling a method in the system process without a qualified user: android.app.ContextImpl.startService:1816 android.content.ContextWrapper.startService:774 com.thundercomm.gamemode.ingame.services.GameModeActionUtils.startGameModeService:93 com.thundercomm.gamemode.ingame.services.GameModeActionUtils.startGameModeEntry:21 com.thundercomm.gamemode.ingame.services.ActivityMonitoringService$1.onActivityLaunch:127
12-08 09:11:58.778 1494 1494 I GameModeConfig: Current uri is uri = content://com.thundercomm.gamemode.api/gamemode_settings/gamemode_isgaming
12-08 09:11:58.779 14889 14889 I wm_on_destroy_called: [240726784,com.android.music.VideoBrowserActivity,performDestroy]
12-08 09:11:58.780 1494 1494 I GameModeConfig: isGameModeOn = false
12-08 09:11:58.780 1494 1494 I GameModeConfig: isGameModeOn = false
12-08 09:11:58.780 1494 1494 I GameModeConfig: isDisableVoice = true
12-08 09:11:58.786 1494 1905 I GameModeConfig: isGameModeOn = false
12-08 09:11:58.803 1494 1905 I GameModeConfig: isGameModeOn = false
12-08 09:11:58.826 1494 1905 I GameModeConfig: isGameModeOn = false
12-08 09:11:58.843 1494 1905 I GameModeConfig: isGameModeOn = false
12-08 09:11:58.862 1494 1905 I GameModeConfig: isGameModeOn = false
12-08 09:11:58.862 10409 10425 W ContextImpl: Calling a method in the system process without a qualified user: android.app.ContextImpl.startService:1816 android.content.ContextWrapper.startService:774 com.thundercomm.gamemode.ingame.services.GameModeActionUtils.startGameModeService:93 com.thundercomm.gamemode.ingame.services.GameModeActionUtils.startGameModeEntry:21 com.thundercomm.gamemode.ingame.services.ActivityMonitoringService$1.onActivityLaunch:127
