12-08 09:05:18.434 1494 1971 E DisplayDeviceConfig: requesting nits when no mapping exists.
12-08 09:05:18.435 1494 1971 E DisplayDeviceConfig: requesting nits when no mapping exists.
12-08 09:05:18.452 1494 1971 E DisplayDeviceConfig: requesting nits when no mapping exists.
12-08 09:05:18.453 1494 1971 E DisplayDeviceConfig: requesting nits when no mapping exists.
12-08 09:05:18.468 1494 1971 E DisplayDeviceConfig: requesting nits when no mapping exists.
12-08 09:05:18.469 1494 1971 E DisplayDeviceConfig: requesting nits when no mapping exists.
12-08 09:05:18.485 1494 1971 E DisplayDeviceConfig: requesting nits when no mapping exists.
12-08 09:05:18.485 1494 1971 E DisplayDeviceConfig: requesting nits when no mapping exists.
12-08 09:05:18.502 1494 1971 E DisplayDeviceConfig: requesting nits when no mapping exists.
12-08 09:05:18.502 1494 1971 E DisplayDeviceConfig: requesting nits when no mapping exists.
12-08 09:05:18.519 1494 1971 E DisplayDeviceConfig: requesting nits when no mapping exists.
12-08 09:05:18.519 1494 1971 E DisplayDeviceConfig: requesting nits when no mapping exists.
12-08 09:05:18.535 1494 1971 E DisplayDeviceConfig: requesting nits when no mapping exists.
12-08 09:05:18.536 1494 1971 E DisplayDeviceConfig: requesting nits when no mapping exists.
12-08 09:05:18.552 1494 1971 E DisplayDeviceConfig: requesting nits when no mapping exists.
12-08 09:05:18.553 1494 1971 E DisplayDeviceConfig: requesting nits when no mapping exists.
12-08 09:05:18.568 1494 1971 E DisplayDeviceConfig: requesting nits when no mapping exists.
12-08 09:05:18.569 1494 1971 E DisplayDeviceConfig: requesting nits when no mapping exists.
12-08 09:05:18.585 1494 1971 E DisplayDeviceConfig: requesting nits when no mapping exists.
12-08 09:05:18.586 1494 1971 E DisplayDeviceConfig: requesting nits when no mapping exists.
12-08 09:05:18.602 1494 1971 E DisplayDeviceConfig: requesting nits when no mapping exists.
12-08 09:05:18.602 1494 1971 E DisplayDeviceConfig: requesting nits when no mapping exists.
12-08 09:05:18.619 1494 1971 E DisplayDeviceConfig: requesting nits when no mapping exists.
12-08 09:05:18.620 1494 1971 E DisplayDeviceConfig: requesting nits when no mapping exists.
12-08 09:05:18.635 1494 1971 E DisplayDeviceConfig: requesting nits when no mapping exists.
12-08 09:05:18.636 1494 1971 E DisplayDeviceConfig: requesting nits when no mapping exists.
12-08 09:05:18.652 1494 1971 E DisplayDeviceConfig: requesting nits when no mapping exists.
12-08 09:05:18.653 1494 1971 E DisplayDeviceConfig: requesting nits when no mapping exists.
12-08 09:05:18.669 1494 1971 E DisplayDeviceConfig: requesting nits when no mapping exists.
12-08 09:05:18.669 1494 1971 E DisplayDeviceConfig: requesting nits when no mapping exists.
12-08 09:05:18.685 1494 1971 E DisplayDeviceConfig: requesting nits when no mapping exists.
12-08 09:05:18.686 1494 1971 E DisplayDeviceConfig: requesting nits when no mapping exists.
12-08 09:05:18.703 1494 1971 E DisplayDeviceConfig: requesting nits when no mapping exists.
12-08 09:05:18.704 1494 1971 E DisplayDeviceConfig: requesting nits when no mapping exists.
12-08 09:05:18.719 1494 1971 E DisplayDeviceConfig: requesting nits when no mapping exists.
12-08 09:05:18.720 1494 1971 E DisplayDeviceConfig: requesting nits when no mapping exists.
12-08 09:05:18.735 1494 1971 E DisplayDeviceConfig: requesting nits when no mapping exists.
12-08 09:05:18.736 1494 1971 E DisplayDeviceConfig: requesting nits when no mapping exists.
12-08 09:05:18.752 1494 1971 E DisplayDeviceConfig: requesting nits when no mapping exists.
12-08 09:05:18.753 1494 1971 E DisplayDeviceConfig: requesting nits when no mapping exists.
12-08 09:05:18.769 1494 1971 E DisplayDeviceConfig: requesting nits when no mapping exists.
12-08 09:05:18.770 1494 1971 E DisplayDeviceConfig: requesting nits when no mapping exists.
12-08 09:05:18.786 1494 1971 E DisplayDeviceConfig: requesting nits when no mapping exists.
12-08 09:05:18.786 1494 1971 E DisplayDeviceConfig: requesting nits when no mapping exists.
12-08 09:05:18.804 1494 1971 E DisplayDeviceConfig: requesting nits when no mapping exists.
12-08 09:05:18.805 1494 1971 E DisplayDeviceConfig: requesting nits when no mapping exists.
12-08 09:05:18.819 1494 1971 E DisplayDeviceConfig: requesting nits when no mapping exists.
12-08 09:05:18.820 1494 1971 E DisplayDeviceConfig: requesting nits when no mapping exists.
12-08 09:05:18.836 1494 1971 E DisplayDeviceConfig: requesting nits when no mapping exists.
12-08 09:05:18.837 1494 1971 E DisplayDeviceConfig: requesting nits when no mapping exists.
12-08 09:05:18.853 1494 1971 E DisplayDeviceConfig: requesting nits when no mapping exists.
12-08 09:05:18.855 1494 1971 E DisplayDeviceConfig: requesting nits when no mapping exists.
12-08 09:05:18.869 1494 1971 E DisplayDeviceConfig: requesting nits when no mapping exists.
12-08 09:05:18.870 1494 1971 E DisplayDeviceConfig: requesting nits when no mapping exists.
12-08 09:05:18.886 1494 1971 E DisplayDeviceConfig: requesting nits when no mapping exists.
12-08 09:05:18.888 1494 1971 E DisplayDeviceConfig: requesting nits when no mapping exists.
12-08 09:05:18.902 1494 1971 E DisplayDeviceConfig: requesting nits when no mapping exists.
12-08 09:05:18.903 1494 1971 E DisplayDeviceConfig: requesting nits when no mapping exists.
12-08 09:05:18.919 1494 1971 E DisplayDeviceConfig: requesting nits when no mapping exists.
12-08 09:05:18.920 1494 1971 E DisplayDeviceConfig: requesting nits when no mapping exists.
12-08 09:05:18.936 1494 1971 E DisplayDeviceConfig: requesting nits when no mapping exists.
12-08 09:05:18.936 1494 1971 E DisplayDeviceConfig: requesting nits when no mapping exists.
12-08 09:05:18.953 1494 1971 E DisplayDeviceConfig: requesting nits when no mapping exists.
12-08 09:05:18.953 1494 1971 E DisplayDeviceConfig: requesting nits when no mapping exists.
12-08 09:05:18.969 1494 1971 E DisplayDeviceConfig: requesting nits when no mapping exists.
12-08 09:05:18.970 1494 1971 E DisplayDeviceConfig: requesting nits when no mapping exists.
12-08 09:05:18.986 1494 1971 E DisplayDeviceConfig: requesting nits when no mapping exists.
12-08 09:05:18.987 1494 1971 E DisplayDeviceConfig: requesting nits when no mapping exists.
12-08 09:05:19.006 1494 1971 E DisplayDeviceConfig: requesting nits when no mapping exists.
12-08 09:05:19.006 1494 1971 E DisplayDeviceConfig: requesting nits when no mapping exists.
12-08 09:05:19.020 1494 1971 E DisplayDeviceConfig: requesting nits when no mapping exists.
12-08 09:05:19.021 1494 1971 E DisplayDeviceConfig: requesting nits when no mapping exists.
12-08 09:05:19.036 1494 1971 E DisplayDeviceConfig: requesting nits when no mapping exists.
12-08 09:05:19.037 1494 1971 E DisplayDeviceConfig: requesting nits when no mapping exists.
12-08 09:05:19.053 1494 1971 E DisplayDeviceConfig: requesting nits when no mapping exists.
12-08 09:05:19.053 1494 1971 E DisplayDeviceConfig: requesting nits when no mapping exists.
12-08 09:05:19.070 1494 1971 E DisplayDeviceConfig: requesting nits when no mapping exists.
12-08 09:05:19.070 1494 1971 E DisplayDeviceConfig: requesting nits when no mapping exists.
12-08 09:05:19.087 1494 1971 E DisplayDeviceConfig: requesting nits when no mapping exists.
12-08 09:05:19.087 1494 1971 E DisplayDeviceConfig: requesting nits when no mapping exists.
12-08 09:05:19.103 1494 1971 E DisplayDeviceConfig: requesting nits when no mapping exists.
12-08 09:05:19.104 1494 1971 E DisplayDeviceConfig: requesting nits when no mapping exists.
12-08 09:05:19.121 1494 1971 E DisplayDeviceConfig: requesting nits when no mapping exists.
12-08 09:05:19.122 1494 1971 E DisplayDeviceConfig: requesting nits when no mapping exists.
12-08 09:05:19.136 1494 1971 E DisplayDeviceConfig: requesting nits when no mapping exists.
12-08 09:05:19.137 1494 1971 E DisplayDeviceConfig: requesting nits when no mapping exists.
12-08 09:05:19.153 1494 1971 E DisplayDeviceConfig: requesting nits when no mapping exists.
12-08 09:05:19.154 1494 1971 E DisplayDeviceConfig: requesting nits when no mapping exists.
12-08 09:05:19.170 1494 1971 E DisplayDeviceConfig: requesting nits when no mapping exists.
12-08 09:05:19.170 1494 1971 E DisplayDeviceConfig: requesting nits when no mapping exists.
12-08 09:05:19.187 1494 1971 E DisplayDeviceConfig: requesting nits when no mapping exists.
12-08 09:05:19.188 1494 1971 E DisplayDeviceConfig: requesting nits when no mapping exists.
12-08 09:05:19.204 1494 1971 E DisplayDeviceConfig: requesting nits when no mapping exists.
12-08 09:05:19.205 1494 1971 E DisplayDeviceConfig: requesting nits when no mapping exists.
12-08 09:05:19.220 1494 1971 E DisplayDeviceConfig: requesting nits when no mapping exists.
12-08 09:05:19.222 1494 1971 E DisplayDeviceConfig: requesting nits when no mapping exists.
12-08 09:05:19.236 1494 1971 E DisplayDeviceConfig: requesting nits when no mapping exists.
12-08 09:05:19.237 1494 1971 E DisplayDeviceConfig: requesting nits when no mapping exists.
12-08 09:05:19.254 1494 1971 E DisplayDeviceConfig: requesting nits when no mapping exists.
12-08 09:05:19.255 1494 1971 E DisplayDeviceConfig: requesting nits when no mapping exists.
12-08 09:05:19.270 1494 1971 E DisplayDeviceConfig: requesting nits when no mapping exists.
12-08 09:05:19.271 1494 1971 E DisplayDeviceConfig: requesting nits when no mapping exists.
12-08 09:05:19.287 1494 1971 E DisplayDeviceConfig: requesting nits when no mapping exists.
12-08 09:05:19.288 1494 1971 E DisplayDeviceConfig: requesting nits when no mapping exists.
12-08 09:05:19.304 1494 1971 E DisplayDeviceConfig: requesting nits when no mapping exists.
12-08 09:05:19.305 1494 1971 E DisplayDeviceConfig: requesting nits when no mapping exists.
12-08 09:05:19.320 1494 1971 E DisplayDeviceConfig: requesting nits when no mapping exists.
12-08 09:05:19.321 1494 1971 E DisplayDeviceConfig: requesting nits when no mapping exists.
12-08 09:05:19.337 1494 1971 E DisplayDeviceConfig: requesting nits when no mapping exists.
12-08 09:05:19.338 1494 1971 E DisplayDeviceConfig: requesting nits when no mapping exists.
12-08 09:05:25.366 1494 1618 I PowerManagerService: Napping display group (groupId=0, uid=1000)...
12-08 09:05:25.366 1494 1618 I PowerManagerService: Nap time (uid 1000)...
12-08 09:05:25.368 1494 1618 I DreamManagerService: Entering dreamland.
12-08 09:05:25.373 1494 1618 I PowerManagerService: Dreaming...
12-08 09:05:25.379 1494 1563 I DreamController: Starting dream: name=ComponentInfo{com.thundercomm.screensaver/com.thundercomm.screensaver.service.SystemScreensaverDream}, isTest=false, canDoze=false, userId=0
12-08 09:05:25.388 1494 1563 D CompatibilityChangeReporter: Compat change id reported: 168419799; UID 10052; state: DISABLED
12-08 09:05:25.393 1494 2035 I ActivityTaskManager: START u0 {flg=0x10000000 pkg=com.thundercomm.screensaver cmp=com.thundercomm.screensaver/android.service.dreams.DreamActivity (has extras)} from uid 10052
12-08 09:05:25.403 1494 2035 W ActivityTaskManager: Can't find TaskDisplayArea to determine support for multi window. Task id=224 attached=false
12-08 09:05:25.417 1494 2035 I ActivityTaskManager: FOREGROUND_APPLICATION_CHANGED to android.service.dreams.DreamActivity
12-08 09:05:25.418 1494 2035 I ActivityTaskManager: The Process com.thundercomm.screensaver Already Exists in BG. So sending its PID: 18305
12-08 09:05:25.418 1494 2035 W ActivityTaskManager: Tried to set launchTime (0) < mLastActivityLaunchTime (16514901)
12-08 09:05:25.438 1494 1523 W WindowManager: Failed looking up window session=Session{7ce4ed5 18305:u0a10052} callers=com.android.server.wm.WindowManagerService.windowForClientLocked:5628 com.android.server.wm.Session.insetsModified:629 android.view.IWindowSession$Stub.onTransact:1151
12-08 09:05:25.444 10409 10425 W ContextImpl: Calling a method in the system process without a qualified user: android.app.ContextImpl.startService:1816 android.content.ContextWrapper.startService:774 com.thundercomm.gamemode.ingame.services.GameModeActionUtils.startGameModeService:93 com.thundercomm.gamemode.ingame.services.GameModeActionUtils.startGameModeEntry:21 com.thundercomm.gamemode.ingame.services.ActivityMonitoringService$1.onActivityLaunch:127
12-08 09:05:25.448 1494 1494 I GameModeConfig: Current uri is uri = content://com.thundercomm.gamemode.api/gamemode_settings/gamemode_isgaming
12-08 09:05:25.451 1494 1494 I GameModeConfig: isGameModeOn = false
12-08 09:05:25.451 1494 1494 I GameModeConfig: isGameModeOn = false
12-08 09:05:25.451 1494 1494 I GameModeConfig: isDisableVoice = true
12-08 09:05:25.466 1494 1905 I GameModeConfig: isGameModeOn = false
12-08 09:05:25.466 1494 1905 I GameModeConfig: isGameModeOn = false
12-08 09:05:25.466 1494 1905 I GameModeConfig: isGameModeOn = false
12-08 09:05:25.467 1494 1905 I GameModeConfig: isGameModeOn = false
12-08 09:05:25.486 1494 1618 V DisplayPowerController[0]: Brightness [1.0] reason changing to: 'manual', previous reason: 'manual [ dim ]'.
12-08 09:05:25.495 1494 1971 E DisplayDeviceConfig: requesting nits when no mapping exists.
12-08 09:05:25.495 1494 1971 E DisplayDeviceConfig: requesting nits when no mapping exists.
12-08 09:05:25.505 1494 1971 E DisplayDeviceConfig: requesting nits when no mapping exists.
12-08 09:05:25.506 1494 1971 E DisplayDeviceConfig: requesting nits when no mapping exists.
12-08 09:05:25.522 1494 1971 E DisplayDeviceConfig: requesting nits when no mapping exists.
12-08 09:05:25.522 1494 1971 E DisplayDeviceConfig: requesting nits when no mapping exists.
12-08 09:05:25.533 10409 10425 W ContextImpl: Calling a method in the system process without a qualified user: android.app.ContextImpl.startService:1816 android.content.ContextWrapper.startService:774 com.thundercomm.gamemode.ingame.services.GameModeActionUtils.startGameModeService:93 com.thundercomm.gamemode.ingame.services.GameModeActionUtils.startGameModeEntry:21 com.thundercomm.gamemode.ingame.services.ActivityMonitoringService$1.onActivityLaunch:127
12-08 09:05:25.536 1494 1494 I GameModeConfig: Current uri is uri = content://com.thundercomm.gamemode.api/gamemode_settings/gamemode_isgaming
12-08 09:05:25.538 1494 1494 I GameModeConfig: isGameModeOn = false
12-08 09:05:25.539 1494 1494 I GameModeConfig: isGameModeOn = false
12-08 09:05:25.539 1494 1494 I GameModeConfig: isDisableVoice = true
12-08 09:05:25.539 1494 1971 E DisplayDeviceConfig: requesting nits when no mapping exists.
12-08 09:05:25.539 1494 1971 E DisplayDeviceConfig: requesting nits when no mapping exists.
12-08 09:05:25.555 1494 1971 E DisplayDeviceConfig: requesting nits when no mapping exists.
12-08 09:05:25.555 1494 1971 E DisplayDeviceConfig: requesting nits when no mapping exists.
12-08 09:05:25.574 1494 1971 E DisplayDeviceConfig: requesting nits when no mapping exists.
12-08 09:05:25.575 1494 1971 E DisplayDeviceConfig: requesting nits when no mapping exists.
12-08 09:05:25.590 1494 1971 E DisplayDeviceConfig: requesting nits when no mapping exists.
12-08 09:05:25.590 1494 1971 E DisplayDeviceConfig: requesting nits when no mapping exists.
12-08 09:05:25.605 1494 1971 E DisplayDeviceConfig: requesting nits when no mapping exists.
12-08 09:05:25.605 1494 1971 E DisplayDeviceConfig: requesting nits when no mapping exists.
12-08 09:05:25.622 1494 1971 E DisplayDeviceConfig: requesting nits when no mapping exists.
12-08 09:05:25.622 1494 1971 E DisplayDeviceConfig: requesting nits when no mapping exists.
12-08 09:05:25.640 1494 1971 E DisplayDeviceConfig: requesting nits when no mapping exists.
12-08 09:05:25.641 1494 1971 E DisplayDeviceConfig: requesting nits when no mapping exists.
12-08 09:05:25.655 1494 1971 E DisplayDeviceConfig: requesting nits when no mapping exists.
12-08 09:05:25.656 1494 1971 E DisplayDeviceConfig: requesting nits when no mapping exists.
12-08 09:05:25.667 1494 1494 I GameModeConfig: isGameModeOn = false
12-08 09:05:25.669 1494 1494 W NotificationHistory: Attempted to add notif for locked/gone/disabled user 0
12-08 09:05:25.673 1494 1971 E DisplayDeviceConfig: requesting nits when no mapping exists.
12-08 09:05:25.673 1494 1971 E DisplayDeviceConfig: requesting nits when no mapping exists.
12-08 09:05:25.690 1494 1971 E DisplayDeviceConfig: requesting nits when no mapping exists.
12-08 09:05:25.690 1494 1971 E DisplayDeviceConfig: requesting nits when no mapping exists.
12-08 09:05:25.711 1494 1971 E DisplayDeviceConfig: requesting nits when no mapping exists.
12-08 09:05:25.711 1494 1971 E DisplayDeviceConfig: requesting nits when no mapping exists.
12-08 09:05:25.722 1494 1971 E DisplayDeviceConfig: requesting nits when no mapping exists.
12-08 09:05:25.722 1494 1971 E DisplayDeviceConfig: requesting nits when no mapping exists.
12-08 09:05:25.738 1494 1971 E DisplayDeviceConfig: requesting nits when no mapping exists.
12-08 09:05:25.739 1494 1971 E DisplayDeviceConfig: requesting nits when no mapping exists.
12-08 09:05:25.756 1494 1971 E DisplayDeviceConfig: requesting nits when no mapping exists.
12-08 09:05:25.757 1494 1971 E DisplayDeviceConfig: requesting nits when no mapping exists.
12-08 09:05:25.772 1494 1971 E DisplayDeviceConfig: requesting nits when no mapping exists.
12-08 09:05:25.776 1494 1971 E DisplayDeviceConfig: requesting nits when no mapping exists.
12-08 09:05:25.789 1494 1971 E DisplayDeviceConfig: requesting nits when no mapping exists.
12-08 09:05:25.790 1494 1971 E DisplayDeviceConfig: requesting nits when no mapping exists.
12-08 09:05:25.805 1494 1971 E DisplayDeviceConfig: requesting nits when no mapping exists.
12-08 09:05:25.806 1494 1971 E DisplayDeviceConfig: requesting nits when no mapping exists.
12-08 09:05:25.828 1494 1971 E DisplayDeviceConfig: requesting nits when no mapping exists.
12-08 09:05:25.828 1494 1971 E DisplayDeviceConfig: requesting nits when no mapping exists.
12-08 09:05:25.836 1494 1971 E DisplayDeviceConfig: requesting nits when no mapping exists.
12-08 09:05:25.836 1494 1971 E DisplayDeviceConfig: requesting nits when no mapping exists.
12-08 09:05:25.846 10409 10425 W ContextImpl: Calling a method in the system process without a qualified user: android.app.ContextImpl.startService:1816 android.content.ContextWrapper.startService:774 com.thundercomm.gamemode.ingame.services.GameModeActionUtils.startGameModeService:93 com.thundercomm.gamemode.ingame.services.GameModeActionUtils.startGameModeEntry:21 com.thundercomm.gamemode.ingame.services.ActivityMonitoringService$1.onActivityLaunch:127
12-08 09:05:25.850 1494 1494 I GameModeConfig: Current uri is uri = content://com.thundercomm.gamemode.api/gamemode_settings/gamemode_isgaming
12-08 09:05:25.851 1494 1494 I GameModeConfig: isGameModeOn = false
12-08 09:05:25.851 1494 1494 I GameModeConfig: isGameModeOn = false
12-08 09:05:25.851 1494 1494 I GameModeConfig: isDisableVoice = true
12-08 09:05:25.853 1494 1971 E DisplayDeviceConfig: requesting nits when no mapping exists.
12-08 09:05:25.853 1494 1971 E DisplayDeviceConfig: requesting nits when no mapping exists.
12-08 09:05:25.869 1494 1971 E DisplayDeviceConfig: requesting nits when no mapping exists.
12-08 09:05:25.870 1494 1971 E DisplayDeviceConfig: requesting nits when no mapping exists.
12-08 09:05:25.886 1494 1971 E DisplayDeviceConfig: requesting nits when no mapping exists.
12-08 09:05:25.887 1494 1971 E DisplayDeviceConfig: requesting nits when no mapping exists.
12-08 09:05:25.903 1494 1971 E DisplayDeviceConfig: requesting nits when no mapping exists.
12-08 09:05:25.903 1494 1971 E DisplayDeviceConfig: requesting nits when no mapping exists.
12-08 09:05:25.919 1494 1971 E DisplayDeviceConfig: requesting nits when no mapping exists.
12-08 09:05:25.920 1494 1971 E DisplayDeviceConfig: requesting nits when no mapping exists.
12-08 09:05:25.936 1494 1971 E DisplayDeviceConfig: requesting nits when no mapping exists.
12-08 09:05:25.937 1494 1971 E DisplayDeviceConfig: requesting nits when no mapping exists.
12-08 09:05:25.953 1494 1971 E DisplayDeviceConfig: requesting nits when no mapping exists.
12-08 09:05:25.953 1494 1971 E DisplayDeviceConfig: requesting nits when no mapping exists.
12-08 09:05:25.970 1494 1971 E DisplayDeviceConfig: requesting nits when no mapping exists.
12-08 09:05:25.971 1494 1971 E DisplayDeviceConfig: requesting nits when no mapping exists.
12-08 09:05:25.986 1494 1971 E DisplayDeviceConfig: requesting nits when no mapping exists.
12-08 09:05:25.988 1494 1971 E DisplayDeviceConfig: requesting nits when no mapping exists.
12-08 09:05:26.003 1494 1971 E DisplayDeviceConfig: requesting nits when no mapping exists.
12-08 09:05:26.003 1494 1971 E DisplayDeviceConfig: requesting nits when no mapping exists.
12-08 09:05:26.020 1494 1971 E DisplayDeviceConfig: requesting nits when no mapping exists.
12-08 09:05:26.020 1494 1971 E DisplayDeviceConfig: requesting nits when no mapping exists.
12-08 09:05:26.036 1494 1971 E DisplayDeviceConfig: requesting nits when no mapping exists.
12-08 09:05:26.037 1494 1971 E DisplayDeviceConfig: requesting nits when no mapping exists.
12-08 09:05:26.054 1494 1971 E DisplayDeviceConfig: requesting nits when no mapping exists.
12-08 09:05:26.055 1494 1971 E DisplayDeviceConfig: requesting nits when no mapping exists.
12-08 09:05:26.070 1494 1971 E DisplayDeviceConfig: requesting nits when no mapping exists.
12-08 09:05:26.071 1494 1971 E DisplayDeviceConfig: requesting nits when no mapping exists.
12-08 09:05:26.087 1494 1971 E DisplayDeviceConfig: requesting nits when no mapping exists.
12-08 09:05:26.087 1494 1971 E DisplayDeviceConfig: requesting nits when no mapping exists.
12-08 09:05:26.104 1494 1971 E DisplayDeviceConfig: requesting nits when no mapping exists.
12-08 09:05:26.104 1494 1971 E DisplayDeviceConfig: requesting nits when no mapping exists.
12-08 09:05:26.120 1494 1971 E DisplayDeviceConfig: requesting nits when no mapping exists.
12-08 09:05:26.121 1494 1971 E DisplayDeviceConfig: requesting nits when no mapping exists.
12-08 09:05:26.136 1494 1971 E DisplayDeviceConfig: requesting nits when no mapping exists.
12-08 09:05:26.137 1494 1971 E DisplayDeviceConfig: requesting nits when no mapping exists.
12-08 09:05:26.153 1494 1971 E DisplayDeviceConfig: requesting nits when no mapping exists.
12-08 09:05:26.154 1494 1971 E DisplayDeviceConfig: requesting nits when no mapping exists.
12-08 09:05:26.170 1494 1971 E DisplayDeviceConfig: requesting nits when no mapping exists.
12-08 09:05:26.171 1494 1971 E DisplayDeviceConfig: requesting nits when no mapping exists.
12-08 09:05:26.187 1494 1971 E DisplayDeviceConfig: requesting nits when no mapping exists.
12-08 09:05:26.188 1494 1971 E DisplayDeviceConfig: requesting nits when no mapping exists.
12-08 09:05:26.204 1494 1971 E DisplayDeviceConfig: requesting nits when no mapping exists.
12-08 09:05:26.206 1494 1971 E DisplayDeviceConfig: requesting nits when no mapping exists.
12-08 09:05:26.220 1494 1971 E DisplayDeviceConfig: requesting nits when no mapping exists.
12-08 09:05:26.221 1494 1971 E DisplayDeviceConfig: requesting nits when no mapping exists.
12-08 09:05:26.237 1494 1971 E DisplayDeviceConfig: requesting nits when no mapping exists.
12-08 09:05:26.237 1494 1971 E DisplayDeviceConfig: requesting nits when no mapping exists.
12-08 09:05:26.254 1494 1971 E DisplayDeviceConfig: requesting nits when no mapping exists.
12-08 09:05:26.254 1494 1971 E DisplayDeviceConfig: requesting nits when no mapping exists.
12-08 09:05:26.271 1494 1971 E DisplayDeviceConfig: requesting nits when no mapping exists.
12-08 09:05:26.272 1494 1971 E DisplayDeviceConfig: requesting nits when no mapping exists.
12-08 09:05:26.287 1494 1971 E DisplayDeviceConfig: requesting nits when no mapping exists.
12-08 09:05:26.287 1494 1971 E DisplayDeviceConfig: requesting nits when no mapping exists.
12-08 09:05:26.303 1494 1971 E DisplayDeviceConfig: requesting nits when no mapping exists.
12-08 09:05:26.304 1494 1971 E DisplayDeviceConfig: requesting nits when no mapping exists.
12-08 09:05:26.320 1494 1971 E DisplayDeviceConfig: requesting nits when no mapping exists.
12-08 09:05:26.320 1494 1971 E DisplayDeviceConfig: requesting nits when no mapping exists.
12-08 09:05:26.337 1494 1971 E DisplayDeviceConfig: requesting nits when no mapping exists.
12-08 09:05:26.338 1494 1971 E DisplayDeviceConfig: requesting nits when no mapping exists.
12-08 09:05:26.354 1494 1971 E DisplayDeviceConfig: requesting nits when no mapping exists.
12-08 09:05:26.355 1494 1971 E DisplayDeviceConfig: requesting nits when no mapping exists.
12-08 09:05:26.371 1494 1971 E DisplayDeviceConfig: requesting nits when no mapping exists.
12-08 09:05:26.373 1494 1971 E DisplayDeviceConfig: requesting nits when no mapping exists.
12-08 09:05:26.388 1494 1971 E DisplayDeviceConfig: requesting nits when no mapping exists.
12-08 09:05:26.390 1494 1971 E DisplayDeviceConfig: requesting nits when no mapping exists.
12-08 09:05:26.405 1494 1971 E DisplayDeviceConfig: requesting nits when no mapping exists.
12-08 09:05:26.407 1494 1971 E DisplayDeviceConfig: requesting nits when no mapping exists.
12-08 09:05:26.421 1494 1971 E DisplayDeviceConfig: requesting nits when no mapping exists.
12-08 09:05:26.421 1494 1971 E DisplayDeviceConfig: requesting nits when no mapping exists.
12-08 09:05:26.437 1494 1971 E DisplayDeviceConfig: requesting nits when no mapping exists.
12-08 09:05:26.438 1494 1971 E DisplayDeviceConfig: requesting nits when no mapping exists.
12-08 09:05:35.714 1494 1905 I GameModeConfig: isGameModeOn = false
12-08 09:06:38.007 1494 2035 I DreamManagerService: Gently waking up from dream.
12-08 09:06:38.007 1494 1563 I DreamManagerService: Performing gentle wake from dream.
12-08 09:06:38.009 1494 2742 I ActivityTaskManager: FOREGROUND_APPLICATION_CHANGED to com.android.launcher3.uioverrides.QuickstepLauncher
12-08 09:06:38.038 10409 10425 W ContextImpl: Calling a method in the system process without a qualified user: android.app.ContextImpl.startService:1816 android.content.ContextWrapper.startService:774 com.thundercomm.gamemode.ingame.services.GameModeActionUtils.startGameModeService:93 com.thundercomm.gamemode.ingame.services.GameModeActionUtils.startGameModeEntry:21 com.thundercomm.gamemode.ingame.services.ActivityMonitoringService$1.onActivityLaunch:127
12-08 09:06:38.044 1494 1494 I GameModeConfig: Current uri is uri = content://com.thundercomm.gamemode.api/gamemode_settings/gamemode_isgaming
12-08 09:06:38.056 1494 1618 I PowerManagerService: Powering on display group fromDreaming (groupId=0, uid=1000, reason=WAKE_REASON_UNKNOWN, details=android.server.power:DREAM_FINISHED)...
12-08 09:06:38.056 1494 1618 I PowerManagerService: Waking up from Dreaming (uid=1000, reason=WAKE_REASON_UNKNOWN, details=android.server.power:DREAM_FINISHED)...
12-08 09:06:38.059 1494 1494 I GameModeConfig: isGameModeOn = false
12-08 09:06:38.060 1494 1494 I GameModeConfig: isGameModeOn = false
12-08 09:06:38.060 1494 1494 I GameModeConfig: isDisableVoice = true
12-08 09:06:38.127 10409 10425 W ContextImpl: Calling a method in the system process without a qualified user: android.app.ContextImpl.startService:1816 android.content.ContextWrapper.startService:774 com.thundercomm.gamemode.ingame.services.GameModeActionUtils.startGameModeService:93 com.thundercomm.gamemode.ingame.services.GameModeActionUtils.startGameModeEntry:21 com.thundercomm.gamemode.ingame.services.ActivityMonitoringService$1.onActivityLaunch:127
12-08 09:06:38.132 1494 1494 I GameModeConfig: Current uri is uri = content://com.thundercomm.gamemode.api/gamemode_settings/gamemode_isgaming
12-08 09:06:38.134 1494 1494 I GameModeConfig: isGameModeOn = false
12-08 09:06:38.135 1494 1494 I GameModeConfig: isGameModeOn = false
12-08 09:06:38.135 1494 1494 I GameModeConfig: isDisableVoice = true
12-08 09:06:38.333 10409 10425 W ContextImpl: Calling a method in the system process without a qualified user: android.app.ContextImpl.startService:1816 android.content.ContextWrapper.startService:774 com.thundercomm.gamemode.ingame.services.GameModeActionUtils.startGameModeService:93 com.thundercomm.gamemode.ingame.services.GameModeActionUtils.startGameModeEntry:21 com.thundercomm.gamemode.ingame.services.ActivityMonitoringService$1.onActivityLaunch:127
12-08 09:06:38.339 1494 1494 I GameModeConfig: Current uri is uri = content://com.thundercomm.gamemode.api/gamemode_settings/gamemode_isgaming
12-08 09:06:38.342 1494 1494 I GameModeConfig: isGameModeOn = false
12-08 09:06:38.343 1494 1494 I GameModeConfig: isGameModeOn = false
12-08 09:06:38.343 1494 1494 I GameModeConfig: isDisableVoice = true
12-08 09:06:38.349 1494 1523 I DreamManagerService: Leaving dreamland.
12-08 09:06:38.353 1494 1563 I DreamManagerService: Performing gentle wake from dream.
12-08 09:06:38.353 1494 1563 I DreamController: Stopping dream: name=ComponentInfo{com.thundercomm.screensaver/com.thundercomm.screensaver.service.SystemScreensaverDream}, isTest=false, canDoze=false, userId=0, reason='finished self'(from 'finished self')
12-08 09:06:38.372 1494 1568 W ActivityTaskManager: Can't find TaskDisplayArea to determine support for multi window. Task id=224 attached=false
12-08 09:06:42.146 1494 2035 I ActivityTaskManager: START u0 {flg=0x10008000 cmp=com.android.music/.VideoBrowserActivity} from uid 10080
12-08 09:06:42.153 1494 2035 W ActivityTaskManager: Can't find TaskDisplayArea to determine support for multi window. Task id=225 attached=false
12-08 09:06:42.155 1494 2035 D FreeFormWindowHelper: Add freeform task=Task{c91cd69 #225 type=standard ?? U=0 visible=false mode=freeform translucent=true sz=0}
12-08 09:06:42.161 1494 2035 I ActivityTaskManager: FOREGROUND_APPLICATION_CHANGED to com.android.music.VideoBrowserActivity
12-08 09:06:42.161 1494 2035 I ActivityTaskManager: The Process com.android.music Already Exists in BG. So sending its PID: 14889
12-08 09:06:42.161 1494 2035 W ActivityTaskManager: Tried to set launchTime (0) < mLastActivityLaunchTime (17084199)
12-08 09:06:42.185 10409 10425 W ContextImpl: Calling a method in the system process without a qualified user: android.app.ContextImpl.startService:1816 android.content.ContextWrapper.startService:774 com.thundercomm.gamemode.ingame.services.GameModeActionUtils.startGameModeService:93 com.thundercomm.gamemode.ingame.services.GameModeActionUtils.startGameModeEntry:21 com.thundercomm.gamemode.ingame.services.ActivityMonitoringService$1.onActivityLaunch:127
12-08 09:06:42.189 1494 1494 I GameModeConfig: Current uri is uri = content://com.thundercomm.gamemode.api/gamemode_settings/gamemode_isgaming
12-08 09:06:42.191 1494 1494 I GameModeConfig: isGameModeOn = false
12-08 09:06:42.192 1494 1494 I GameModeConfig: isGameModeOn = false
12-08 09:06:42.192 1494 1494 I GameModeConfig: isDisableVoice = true
12-08 09:06:42.207 1494 2742 W WindowManager: updateScale0.7996942
12-08 09:06:42.217 1494 1568 W WindowManager: updateScale0.7996942
12-08 09:06:42.221 1494 1568 W WindowManager: updateScale0.7996942
12-08 09:06:42.221 1494 1568 W WindowManager: updateScale0.7996942
12-08 09:06:42.492 1494 1568 W WindowManager: updateScale0.7996942
12-08 09:06:44.429 1494 1568 D FreeFormWindowHelper: refreshTipWindow windowDragBounds:Rect(10, 74 - 533, 1002)
12-08 09:06:44.431 1494 1568 W WindowManager: updateScale0.7996942
12-08 09:06:44.444 1494 2035 W WindowManager: updateScale0.7996942
12-08 09:06:44.448 1494 1568 D FreeFormWindowHelper: refreshTipWindow windowDragBounds:Rect(16, 76 - 539, 1004)
12-08 09:06:44.450 1494 1568 W WindowManager: updateScale0.7996942
12-08 09:06:44.463 1494 1568 D FreeFormWindowHelper: refreshTipWindow windowDragBounds:Rect(24, 77 - 547, 1005)
12-08 09:06:44.465 1494 1568 W WindowManager: updateScale0.7996942
12-08 09:06:44.480 1494 1568 D FreeFormWindowHelper: refreshTipWindow windowDragBounds:Rect(33, 80 - 556, 1008)
12-08 09:06:44.482 1494 1568 W WindowManager: updateScale0.7996942
12-08 09:06:44.494 1494 2035 W WindowManager: updateScale0.7996942
12-08 09:06:44.496 1494 1568 D FreeFormWindowHelper: refreshTipWindow windowDragBounds:Rect(44, 80 - 567, 1008)
12-08 09:06:44.498 1494 1568 W WindowManager: updateScale0.7996942
12-08 09:06:44.513 1494 1568 D FreeFormWindowHelper: refreshTipWindow windowDragBounds:Rect(59, 81 - 582, 1009)
12-08 09:06:44.514 1494 1568 W WindowManager: updateScale0.7996942
12-08 09:06:44.515 1494 1568 W WindowManager: updateScale0.7996942
12-08 09:06:44.534 1494 1568 D FreeFormWindowHelper: refreshTipWindow windowDragBounds:Rect(74, 81 - 597, 1009)
12-08 09:06:44.535 1494 1568 W WindowManager: updateScale0.7996942
12-08 09:06:44.543 1494 2035 W WindowManager: updateScale0.7996942
12-08 09:06:44.546 1494 1568 D FreeFormWindowHelper: refreshTipWindow windowDragBounds:Rect(92, 81 - 615, 1009)
12-08 09:06:44.548 1494 1568 W WindowManager: updateScale0.7996942
12-08 09:06:44.559 1494 2035 W WindowManager: updateScale0.7996942
12-08 09:06:44.563 1494 1568 D FreeFormWindowHelper: refreshTipWindow windowDragBounds:Rect(112, 81 - 635, 1009)
12-08 09:06:44.565 1494 1568 W WindowManager: updateScale0.7996942
12-08 09:06:44.575 1494 2035 W WindowManager: updateScale0.7996942
12-08 09:06:44.580 1494 1568 D FreeFormWindowHelper: refreshTipWindow windowDragBounds:Rect(133, 75 - 656, 1003)
12-08 09:06:44.581 1494 1568 W WindowManager: updateScale0.7996942
12-08 09:06:44.582 1494 1568 W WindowManager: updateScale0.7996942
12-08 09:06:44.592 1494 2035 W WindowManager: updateScale0.7996942
12-08 09:06:44.596 1494 1568 D FreeFormWindowHelper: refreshTipWindow windowDragBounds:Rect(154, 71 - 677, 999)
12-08 09:06:44.598 1494 1568 W WindowManager: updateScale0.7996942
12-08 09:06:44.609 1494 2035 W WindowManager: updateScale0.7996942
12-08 09:06:44.613 1494 1568 D FreeFormWindowHelper: refreshTipWindow windowDragBounds:Rect(177, 69 - 700, 997)
12-08 09:06:44.615 1494 1568 W WindowManager: updateScale0.7996942
12-08 09:06:44.625 1494 7512 W WindowManager: updateScale0.7996942
12-08 09:06:44.630 1494 1568 D FreeFormWindowHelper: refreshTipWindow windowDragBounds:Rect(200, 68 - 723, 996)
12-08 09:06:44.632 1494 1568 W WindowManager: updateScale0.7996942
12-08 09:06:44.642 1494 2035 W WindowManager: updateScale0.7996942
12-08 09:06:44.649 1494 1568 D FreeFormWindowHelper: refreshTipWindow windowDragBounds:Rect(228, 68 - 751, 996)
12-08 09:06:44.651 1494 1568 W WindowManager: updateScale0.7996942
12-08 09:06:44.658 1494 2035 W WindowManager: updateScale0.7996942
12-08 09:06:44.663 1494 1568 D FreeFormWindowHelper: refreshTipWindow windowDragBounds:Rect(258, 68 - 781, 996)
12-08 09:06:44.664 1494 1568 W WindowManager: updateScale0.7996942
12-08 09:06:44.675 1494 2035 W WindowManager: updateScale0.7996942
12-08 09:06:44.680 1494 1568 D FreeFormWindowHelper: refreshTipWindow windowDragBounds:Rect(289, 68 - 812, 996)
12-08 09:06:44.680 1494 1568 W WindowManager: updateScale0.7996942
12-08 09:06:44.692 1494 2035 W WindowManager: updateScale0.7996942
12-08 09:06:44.696 1494 1568 D FreeFormWindowHelper: refreshTipWindow windowDragBounds:Rect(322, 68 - 845, 996)
12-08 09:06:44.698 1494 1568 W WindowManager: updateScale0.7996942
12-08 09:06:44.709 1494 7512 W WindowManager: updateScale0.7996942
12-08 09:06:44.713 1494 1568 D FreeFormWindowHelper: refreshTipWindow windowDragBounds:Rect(364, 68 - 887, 996)
12-08 09:06:44.715 1494 1568 W WindowManager: updateScale0.7996942
12-08 09:06:44.726 1494 7512 W WindowManager: updateScale0.7996942
12-08 09:06:44.730 1494 1568 D FreeFormWindowHelper: refreshTipWindow windowDragBounds:Rect(405, 68 - 928, 996)
12-08 09:06:44.731 1494 1568 W WindowManager: updateScale0.7996942
12-08 09:06:44.742 1494 7512 W WindowManager: updateScale0.7996942
12-08 09:06:44.747 1494 1568 D FreeFormWindowHelper: refreshTipWindow windowDragBounds:Rect(455, 68 - 978, 996)
12-08 09:06:44.748 1494 1568 W WindowManager: updateScale0.7996942
12-08 09:06:44.759 1494 7512 W WindowManager: updateScale0.7996942
12-08 09:06:44.763 1494 1568 D FreeFormWindowHelper: refreshTipWindow windowDragBounds:Rect(505, 68 - 1028, 996)
12-08 09:06:44.765 1494 1568 W WindowManager: updateScale0.7996942
12-08 09:06:44.776 1494 7512 W WindowManager: updateScale0.7996942
12-08 09:06:44.780 1494 1568 D FreeFormWindowHelper: refreshTipWindow windowDragBounds:Rect(564, 77 - 1087, 1005)
12-08 09:06:44.781 1494 1568 W WindowManager: updateScale0.7996942
12-08 09:06:44.792 1494 2035 W WindowManager: updateScale0.7996942
12-08 09:06:44.797 1494 1568 D FreeFormWindowHelper: refreshTipWindow windowDragBounds:Rect(624, 84 - 1147, 1012)
12-08 09:06:44.798 1494 1568 W WindowManager: updateScale0.7996942
12-08 09:06:44.799 1494 1568 W WindowManager: updateScale0.7996942
12-08 09:06:44.809 1494 2035 W WindowManager: updateScale0.7996942
12-08 09:06:44.813 1494 1568 D FreeFormWindowHelper: refreshTipWindow windowDragBounds:Rect(685, 91 - 1208, 1019)
12-08 09:06:44.815 1494 1568 W WindowManager: updateScale0.7996942
12-08 09:06:44.826 1494 2035 W WindowManager: updateScale0.7996942
12-08 09:06:44.830 1494 1568 D FreeFormWindowHelper: refreshTipWindow windowDragBounds:Rect(746, 101 - 1269, 1029)
12-08 09:06:44.832 1494 1568 W WindowManager: updateScale0.7996942
12-08 09:06:44.843 1494 2035 W WindowManager: updateScale0.7996942
12-08 09:06:44.847 1494 1568 D FreeFormWindowHelper: refreshTipWindow windowDragBounds:Rect(815, 110 - 1338, 1038)
12-08 09:06:44.848 1494 1568 W WindowManager: updateScale0.7996942
12-08 09:06:44.859 1494 2035 W WindowManager: updateScale0.7996942
12-08 09:06:44.863 1494 1568 D FreeFormWindowHelper: refreshTipWindow windowDragBounds:Rect(882, 120 - 1405, 1048)
12-08 09:06:44.865 1494 1568 W WindowManager: updateScale0.7996942
12-08 09:06:44.876 1494 2035 W WindowManager: updateScale0.7996942
12-08 09:06:44.880 1494 1568 D FreeFormWindowHelper: refreshTipWindow windowDragBounds:Rect(951, 127 - 1474, 1055)
12-08 09:06:44.882 1494 1568 W WindowManager: updateScale0.7996942
12-08 09:06:44.893 1494 2035 W WindowManager: updateScale0.7996942
12-08 09:06:44.897 1494 1568 D FreeFormWindowHelper: refreshTipWindow windowDragBounds:Rect(1019, 131 - 1542, 1059)
12-08 09:06:44.899 1494 1568 W WindowManager: updateScale0.7996942
12-08 09:06:44.909 1494 2035 W WindowManager: updateScale0.7996942
12-08 09:06:44.914 1494 1568 D FreeFormWindowHelper: refreshTipWindow windowDragBounds:Rect(1095, 133 - 1618, 1061)
12-08 09:06:44.915 1494 1568 W WindowManager: updateScale0.7996942
12-08 09:06:44.926 1494 2035 W WindowManager: updateScale0.7996942
12-08 09:06:44.930 1494 1568 D FreeFormWindowHelper: refreshTipWindow windowDragBounds:Rect(1172, 133 - 1695, 1061)
12-08 09:06:44.932 1494 1568 W WindowManager: updateScale0.7996942
12-08 09:06:44.943 1494 2035 W WindowManager: updateScale0.7996942
12-08 09:06:44.947 1494 1568 D FreeFormWindowHelper: refreshTipWindow windowDragBounds:Rect(1248, 134 - 1771, 1062)
12-08 09:06:44.949 1494 1568 W WindowManager: updateScale0.7996942
12-08 09:06:44.959 1494 2035 W WindowManager: updateScale0.7996942
12-08 09:06:44.964 1494 1568 D FreeFormWindowHelper: refreshTipWindow windowDragBounds:Rect(1314, 135 - 1837, 1063)
12-08 09:06:44.965 1494 1568 W WindowManager: updateScale0.7996942
12-08 09:06:44.976 1494 2035 W WindowManager: updateScale0.7996942
12-08 09:06:44.980 1494 1568 D FreeFormWindowHelper: refreshTipWindow windowDragBounds:Rect(1399, 135 - 1922, 1063)
12-08 09:06:44.982 1494 1568 W WindowManager: updateScale0.7996942
12-08 09:06:44.993 1494 2035 W WindowManager: updateScale0.7996942
12-08 09:06:44.997 1494 1568 D FreeFormWindowHelper: refreshTipWindow windowDragBounds:Rect(1467, 135 - 1990, 1063)
12-08 09:06:44.999 1494 1568 W WindowManager: updateScale0.7996942
12-08 09:06:45.010 1494 2035 W WindowManager: updateScale0.7996942
12-08 09:06:45.014 1494 1568 D FreeFormWindowHelper: refreshTipWindow windowDragBounds:Rect(1541, 135 - 2064, 1063)
12-08 09:06:45.015 1494 1568 W WindowManager: updateScale0.7996942
12-08 09:06:45.026 1494 2035 W WindowManager: updateScale0.7996942
12-08 09:06:45.030 1494 1568 D FreeFormWindowHelper: refreshTipWindow windowDragBounds:Rect(1617, 130 - 2140, 1058)
12-08 09:06:45.032 1494 1568 W WindowManager: updateScale0.7996942
12-08 09:06:45.043 1494 2035 W WindowManager: updateScale0.7996942
12-08 09:06:45.047 1494 1568 D FreeFormWindowHelper: refreshTipWindow windowDragBounds:Rect(1692, 123 - 2215, 1051)
12-08 09:06:45.049 1494 1568 W WindowManager: updateScale0.7996942
12-08 09:06:45.060 1494 2035 W WindowManager: updateScale0.7996942
12-08 09:06:45.064 1494 1568 D FreeFormWindowHelper: refreshTipWindow windowDragBounds:Rect(1764, 119 - 2287, 1047)
12-08 09:06:45.066 1494 1568 W WindowManager: updateScale0.7996942
12-08 09:06:45.077 1494 2035 W WindowManager: updateScale0.7996942
12-08 09:06:45.081 1494 1568 D FreeFormWindowHelper: refreshTipWindow windowDragBounds:Rect(1841, 115 - 2364, 1043)
12-08 09:06:45.082 1494 1568 W WindowManager: updateScale0.7996942
12-08 09:06:45.093 1494 2035 W WindowManager: updateScale0.7996942
12-08 09:06:45.097 1494 1568 D FreeFormWindowHelper: refreshTipWindow windowDragBounds:Rect(1915, 111 - 2438, 1039)
12-08 09:06:45.099 1494 1568 W WindowManager: updateScale0.7996942
12-08 09:06:45.110 1494 2035 W WindowManager: updateScale0.7996942
12-08 09:06:45.114 1494 1568 D FreeFormWindowHelper: refreshTipWindow windowDragBounds:Rect(2000, 107 - 2523, 1035)
12-08 09:06:45.116 1494 1568 W WindowManager: updateScale0.7996942
12-08 09:06:45.127 1494 2035 W WindowManager: updateScale0.7996942
12-08 09:06:45.131 1494 1568 D FreeFormWindowHelper: refreshTipWindow windowDragBounds:Rect(2091, 107 - 2614, 1035)
12-08 09:06:45.132 1494 1568 W WindowManager: updateScale0.7996942
12-08 09:06:45.143 1494 2035 W WindowManager: updateScale0.7996942
12-08 09:06:45.148 1494 1568 D FreeFormWindowHelper: refreshTipWindow windowDragBounds:Rect(2182, 95 - 2705, 1023)
12-08 09:06:45.149 1494 1568 W WindowManager: updateScale0.7996942
12-08 09:06:45.160 1494 2035 W WindowManager: updateScale0.7996942
12-08 09:06:45.171 1494 2743 E TaskPersister: File error accessing recents directory (directory doesn't exist?).
12-08 09:06:45.174 1494 1568 D WindowManager: updateWindowDragBounds: mIsSwipeYfalse
12-08 09:06:45.174 1494 1568 D WindowManager: updateWindowDragBounds: mIsTopfalse
12-08 09:06:45.174 1494 1568 D WindowManager: updateWindowDragBounds: mIsSwipeXfalse
12-08 09:06:45.174 1494 1568 W WindowManager: updateScale0.4617737
12-08 09:06:45.177 1494 1568 W WindowManager: updateScale0.4617737
12-08 09:06:45.178 1494 1568 W WindowManager: updateScale0.4617737
12-08 09:06:45.179 1494 7512 W WindowManager: updateScale0.4617737
12-08 09:06:45.235 1494 7512 W WindowManager: updateScale0.4617737
12-08 09:06:45.237 1494 7512 W WindowManager: updateScale0.4617737
12-08 09:06:47.571 1494 2035 I ActivityTaskManager: START u0 {act=android.intent.action.MAIN cat=[android.intent.category.LAUNCHER] flg=0x10200000 cmp=com.android.settings/.Settings bnds=[2308,740][2494,940]} from uid 10080
12-08 09:06:47.588 1494 2035 W ActivityTaskManager: Can't find TaskDisplayArea to determine support for multi window. Task id=226 attached=false
12-08 09:06:47.592 1494 2035 D CompatibilityChangeReporter: Compat change id reported: 174042980; UID 1000; state: DISABLED
12-08 09:06:47.598 1494 2035 W WindowManager: updateScale0.4617737
12-08 09:06:47.615 1494 1566 D CompatibilityChangeReporter: Compat change id reported: 135634846; UID 1000; state: DISABLED
12-08 09:06:47.615 1494 1566 D CompatibilityChangeReporter: Compat change id reported: 177438394; UID 1000; state: DISABLED
12-08 09:06:47.615 1494 1566 D CompatibilityChangeReporter: Compat change id reported: 135772972; UID 1000; state: DISABLED
12-08 09:06:47.615 1494 1566 D CompatibilityChangeReporter: Compat change id reported: 135754954; UID 1000; state: ENABLED
12-08 09:06:47.618 1494 2742 W WindowManager: updateScale0.4617737
12-08 09:06:47.621 1494 7512 I ActivityTaskManager: FOREGROUND_APPLICATION_CHANGED to com.android.settings.homepage.SettingsHomepageActivity
12-08 09:06:47.640 1494 1582 I ActivityManager: Start proc 19176:com.android.settings/1000 for pre-top-activity {com.android.settings/com.android.settings.Settings}
12-08 09:06:47.640 1494 1568 W WindowManager: updateScale0.4617737
12-08 09:06:47.642 1494 19177 W ContextImpl: Calling a method in the system process without a qualified user: android.app.ContextImpl.sendBroadcast:1173 com.qualcomm.qti.Performance$SendGameLaunchBroadcast.run:217 java.lang.Thread.run:920
12-08 09:06:47.647 1494 1568 W WindowManager: updateScale0.4617737
12-08 09:06:47.647 1494 1568 W WindowManager: updateScale0.4617737
12-08 09:06:47.674 1494 2742 D CompatibilityChangeReporter: Compat change id reported: 181136395; UID 1000; state: DISABLED
12-08 09:06:47.674 1494 2742 D CompatibilityChangeReporter: Compat change id reported: 174042936; UID 1000; state: DISABLED
12-08 09:06:47.688 10409 10425 W ContextImpl: Calling a method in the system process without a qualified user: android.app.ContextImpl.startService:1816 android.content.ContextWrapper.startService:774 com.thundercomm.gamemode.ingame.services.GameModeActionUtils.startGameModeService:93 com.thundercomm.gamemode.ingame.services.GameModeActionUtils.startGameModeEntry:21 com.thundercomm.gamemode.ingame.services.ActivityMonitoringService$1.onActivityLaunch:127
12-08 09:06:47.696 1494 1494 I GameModeConfig: Current uri is uri = content://com.thundercomm.gamemode.api/gamemode_settings/gamemode_isgaming
12-08 09:06:47.704 1494 1494 I GameModeConfig: isGameModeOn = false
12-08 09:06:47.704 1494 1494 I GameModeConfig: isGameModeOn = false
12-08 09:06:47.704 1494 1494 I GameModeConfig: isDisableVoice = true
12-08 09:06:47.738 10409 10425 W ContextImpl: Calling a method in the system process without a qualified user: android.app.ContextImpl.startService:1816 android.content.ContextWrapper.startService:774 com.thundercomm.gamemode.ingame.services.GameModeActionUtils.startGameModeService:93 com.thundercomm.gamemode.ingame.services.GameModeActionUtils.startGameModeEntry:21 com.thundercomm.gamemode.ingame.services.ActivityMonitoringService$1.onActivityLaunch:127
12-08 09:06:47.741 1494 1494 I GameModeConfig: Current uri is uri = content://com.thundercomm.gamemode.api/gamemode_settings/gamemode_isgaming
12-08 09:06:47.743 1494 1494 I GameModeConfig: isGameModeOn = false
12-08 09:06:47.743 1494 1494 I GameModeConfig: isGameModeOn = false
12-08 09:06:47.743 1494 1494 I GameModeConfig: isDisableVoice = true
12-08 09:06:47.821 1494 7512 D CompatibilityChangeReporter: Compat change id reported: 135634846; UID 10089; state: DISABLED
12-08 09:06:47.821 1494 7512 D CompatibilityChangeReporter: Compat change id reported: 177438394; UID 10089; state: DISABLED
12-08 09:06:47.821 1494 7512 D CompatibilityChangeReporter: Compat change id reported: 135772972; UID 10089; state: DISABLED
12-08 09:06:47.822 1494 7512 D CompatibilityChangeReporter: Compat change id reported: 135754954; UID 10089; state: ENABLED
12-08 09:06:47.822 1494 1582 D CompatibilityChangeReporter: Compat change id reported: 143937733; UID 10089; state: ENABLED
12-08 09:06:47.831 1494 1582 I ActivityManager: Start proc 19199:com.qualcomm.qti.qccauthmgr/u0a89 for content provider {com.qualcomm.qti.qccauthmgr/com.qualcomm.qti.qccauthmgr.providers.SMQContentProvider}
12-08 09:06:47.832 1494 2035 E UserRestrictionsUtils: Unknown restriction queried by uid 1000 (com.thundercomm.mcuupgrade et al): null
12-08 09:06:47.832 1494 2035 E UserRestrictionsUtils: Unknown restriction queried by uid 1000 (com.thundercomm.mcuupgrade et al): null
12-08 09:06:47.832 1494 2035 E UserRestrictionsUtils: Unknown restriction queried by uid 1000 (com.thundercomm.mcuupgrade et al): null
12-08 09:06:47.832 1494 2035 E UserRestrictionsUtils: Unknown restriction queried by uid 1000 (com.thundercomm.mcuupgrade et al): null
12-08 09:06:47.832 1494 2035 E UserRestrictionsUtils: Unknown restriction queried by uid 1000 (com.thundercomm.mcuupgrade et al): null
12-08 09:06:47.832 1494 2035 E UserRestrictionsUtils: Unknown restriction queried by uid 1000 (com.thundercomm.mcuupgrade et al): null
12-08 09:06:47.833 1494 2035 E UserRestrictionsUtils: Unknown restriction queried by uid 1000 (com.thundercomm.mcuupgrade et al): null
12-08 09:06:47.833 1494 2035 E UserRestrictionsUtils: Unknown restriction queried by uid 1000 (com.thundercomm.mcuupgrade et al): null
12-08 09:06:47.833 1494 2035 E UserRestrictionsUtils: Unknown restriction queried by uid 1000 (com.thundercomm.mcuupgrade et al): null
12-08 09:06:47.833 1494 2035 E UserRestrictionsUtils: Unknown restriction queried by uid 1000 (com.thundercomm.mcuupgrade et al): null
12-08 09:06:47.833 1494 7512 E UserRestrictionsUtils: Unknown restriction queried by uid 1000 (com.thundercomm.mcuupgrade et al): null
12-08 09:06:47.833 1494 2035 E UserRestrictionsUtils: Unknown restriction queried by uid 1000 (com.thundercomm.mcuupgrade et al): null
12-08 09:06:47.833 1494 1523 E UserRestrictionsUtils: Unknown restriction queried by uid 1000 (com.thundercomm.mcuupgrade et al): null
12-08 09:06:47.833 1494 2035 E UserRestrictionsUtils: Unknown restriction queried by uid 1000 (com.thundercomm.mcuupgrade et al): null
12-08 09:06:47.833 1494 1523 E UserRestrictionsUtils: Unknown restriction queried by uid 1000 (com.thundercomm.mcuupgrade et al): null
12-08 09:06:47.834 1494 7512 E UserRestrictionsUtils: Unknown restriction queried by uid 1000 (com.thundercomm.mcuupgrade et al): null
12-08 09:06:47.834 1494 1523 E UserRestrictionsUtils: Unknown restriction queried by uid 1000 (com.thundercomm.mcuupgrade et al): null
12-08 09:06:47.834 1494 1523 E UserRestrictionsUtils: Unknown restriction queried by uid 1000 (com.thundercomm.mcuupgrade et al): null
12-08 09:06:47.858 1494 2035 D CompatibilityChangeReporter: Compat change id reported: 168419799; UID 10089; state: DISABLED
12-08 09:06:47.862 1494 1592 W BatteryExternalStatsWorker: error reading modem stats:ERROR_PHONE_NOT_AVAILABLE
