12-08 09:10:43.321 12174 12174 I sysui_multi_action: [757,0,758,1,759,0,927,3,928,0,1593,1]
12-08 09:10:43.328 1494 1905 I GameModeConfig: isGameModeOn = false
12-08 09:10:43.328 1494 1905 I GameModeConfig: isGameModeOn = false
12-08 09:10:43.328 1494 1905 I GameModeConfig: isGameModeOn = false
12-08 09:10:43.328 1494 1905 I GameModeConfig: isGameModeOn = false
12-08 09:10:43.330 12174 12174 I sysui_multi_action: [757,111,758,2]
12-08 09:10:43.330 12174 12174 I sysui_multi_action: [757,111,758,2]
12-08 09:10:43.330 1494 1494 I notification_enqueue: [10082,12174,com.android.systemui,2048,NULL,0,Notification(channel=updateNotification shortcut=null contentView=null vibrate=null sound=null defaults=0x0 flags=0x0 color=0x00000000 vis=PRIVATE),1]
12-08 09:10:43.333 1494 6229 W WindowManager: updateScale0.4617737
12-08 09:10:43.336 12174 12174 I sysui_multi_action: [757,111,758,1]
12-08 09:10:43.336 12174 12174 I sysui_multi_action: [757,126,758,1,759,126,927,0,928,1,1593,1]
12-08 09:10:43.336 12174 12174 I sysui_multi_action: [757,113,758,1,759,113,927,1,928,1,1593,1]
12-08 09:10:43.336 12174 12174 I sysui_multi_action: [757,0,758,1,759,0,927,2,928,0,1593,1]
12-08 09:10:43.336 12174 12174 I sysui_multi_action: [757,0,758,1,759,0,927,3,928,0,1593,1]
12-08 09:10:43.337 12174 12174 I sysui_multi_action: [757,491,758,1,759,491,927,4,928,0,1311,-1,1593,0]
12-08 09:10:43.337 12174 12174 I sysui_multi_action: [757,0,758,1,759,0,927,5,928,0,1593,0]
12-08 09:10:43.337 12174 12174 I sysui_multi_action: [757,111,758,1]
12-08 09:10:43.337 12174 12174 I sysui_multi_action: [757,126,758,1,759,126,927,0,928,1,1593,1]
12-08 09:10:43.337 12174 12174 I sysui_multi_action: [757,113,758,1,759,113,927,1,928,1,1593,1]
12-08 09:10:43.337 12174 12174 I sysui_multi_action: [757,0,758,1,759,0,927,2,928,0,1593,1]
12-08 09:10:43.337 12174 12174 I sysui_multi_action: [757,0,758,1,759,0,927,3,928,0,1593,1]
12-08 09:10:43.345 1494 1905 I GameModeConfig: isGameModeOn = false
12-08 09:10:43.345 1494 1905 I GameModeConfig: isGameModeOn = false
12-08 09:10:43.345 1494 1905 I GameModeConfig: isGameModeOn = false
12-08 09:10:43.345 1494 1905 I GameModeConfig: isGameModeOn = false
12-08 09:10:43.346 12174 12174 I sysui_multi_action: [757,111,758,2]
12-08 09:10:43.347 12174 12174 I sysui_multi_action: [757,111,758,2]
12-08 09:10:43.347 1494 1494 I notification_enqueue: [10082,12174,com.android.systemui,2048,NULL,0,Notification(channel=updateNotification shortcut=null contentView=null vibrate=null sound=null defaults=0x0 flags=0x0 color=0x00000000 vis=PRIVATE),1]
12-08 09:10:43.349 12174 12174 I sysui_multi_action: [757,111,758,1]
12-08 09:10:43.349 12174 12174 I sysui_multi_action: [757,126,758,1,759,126,927,0,928,1,1593,1]
12-08 09:10:43.350 12174 12174 I sysui_multi_action: [757,113,758,1,759,113,927,1,928,1,1593,1]
12-08 09:10:43.350 12174 12174 I sysui_multi_action: [757,0,758,1,759,0,927,2,928,0,1593,1]
12-08 09:10:43.350 12174 12174 I sysui_multi_action: [757,0,758,1,759,0,927,3,928,0,1593,1]
12-08 09:10:43.350 12174 12174 I sysui_multi_action: [757,491,758,1,759,491,927,4,928,0,1311,-1,1593,0]
12-08 09:10:43.350 12174 12174 I sysui_multi_action: [757,0,758,1,759,0,927,5,928,0,1593,0]
12-08 09:10:43.350 12174 12174 I sysui_multi_action: [757,111,758,1]
12-08 09:10:43.350 12174 12174 I sysui_multi_action: [757,126,758,1,759,126,927,0,928,1,1593,1]
12-08 09:10:43.350 12174 12174 I sysui_multi_action: [757,113,758,1,759,113,927,1,928,1,1593,1]
12-08 09:10:43.350 12174 12174 I sysui_multi_action: [757,0,758,1,759,0,927,2,928,0,1593,1]
12-08 09:10:43.350 12174 12174 I sysui_multi_action: [757,0,758,1,759,0,927,3,928,0,1593,1]
12-08 09:10:43.361 1494 1905 I GameModeConfig: isGameModeOn = false
12-08 09:10:43.362 1494 1905 I GameModeConfig: isGameModeOn = false
12-08 09:10:43.362 1494 1905 I GameModeConfig: isGameModeOn = false
12-08 09:10:43.362 1494 1905 I GameModeConfig: isGameModeOn = false
12-08 09:10:43.363 12174 12174 I sysui_multi_action: [757,111,758,2]
12-08 09:10:43.363 12174 12174 I sysui_multi_action: [757,111,758,2]
12-08 09:10:43.364 1494 1494 I notification_enqueue: [10082,12174,com.android.systemui,2048,NULL,0,Notification(channel=updateNotification shortcut=null contentView=null vibrate=null sound=null defaults=0x0 flags=0x0 color=0x00000000 vis=PRIVATE),1]
12-08 09:10:43.366 12174 12174 I sysui_multi_action: [757,111,758,1]
12-08 09:10:43.366 12174 12174 I sysui_multi_action: [757,126,758,1,759,126,927,0,928,1,1593,0]
12-08 09:10:43.366 12174 12174 I sysui_multi_action: [757,113,758,1,759,113,927,1,928,1,1593,1]
12-08 09:10:43.366 12174 12174 I sysui_multi_action: [757,0,758,1,759,0,927,2,928,0,1593,1]
12-08 09:10:43.366 12174 12174 I sysui_multi_action: [757,0,758,1,759,0,927,3,928,0,1593,1]
12-08 09:10:43.366 12174 12174 I sysui_multi_action: [757,491,758,1,759,491,927,4,928,0,1311,-1,1593,0]
12-08 09:10:43.366 12174 12174 I sysui_multi_action: [757,0,758,1,759,0,927,5,928,0,1593,0]
12-08 09:10:43.366 12174 12174 I sysui_multi_action: [757,111,758,1]
12-08 09:10:43.366 12174 12174 I sysui_multi_action: [757,126,758,1,759,126,927,0,928,1,1593,1]
12-08 09:10:43.366 12174 12174 I sysui_multi_action: [757,113,758,1,759,113,927,1,928,1,1593,1]
12-08 09:10:43.366 12174 12174 I sysui_multi_action: [757,0,758,1,759,0,927,2,928,0,1593,1]
12-08 09:10:43.366 12174 12174 I sysui_multi_action: [757,0,758,1,759,0,927,3,928,0,1593,1]
12-08 09:10:43.371 1494 1523 I sysui_multi_action: [757,128,758,2,793,17627165,794,5604,795,17627165,796,26,798,0,806,android,857,DEVELOPER_IMPORTANT,858,4,947,0,1395,2,1500,17626711,1688,1]
12-08 09:10:43.371 1494 1523 I notification_visibility: [-1|android|26|null|1000,0,17627165,17627165,0,0]
12-08 09:10:43.371 1494 1523 I sysui_multi_action: [757,128,758,2,793,17628019,794,5603,795,17628019,796,32,798,1,806,android,857,USB,858,1,947,0,1395,2,1500,17627959,1688,1]
12-08 09:10:43.371 1494 1523 I notification_visibility: [-1|android|32|null|1000,0,17628019,17628019,0,1]
12-08 09:10:43.378 1494 1905 I GameModeConfig: isGameModeOn = false
12-08 09:10:43.378 1494 1905 I GameModeConfig: isGameModeOn = false
12-08 09:10:43.378 1494 1905 I GameModeConfig: isGameModeOn = false
12-08 09:10:43.378 1494 1905 I GameModeConfig: isGameModeOn = false
12-08 09:10:43.379 12174 12174 I sysui_multi_action: [757,111,758,2]
12-08 09:10:43.379 12174 12174 I sysui_multi_action: [757,111,758,2]
12-08 09:10:43.379 1494 1494 I notification_enqueue: [10082,12174,com.android.systemui,2048,NULL,0,Notification(channel=updateNotification shortcut=null contentView=null vibrate=null sound=null defaults=0x0 flags=0x0 color=0x00000000 vis=PRIVATE),1]
12-08 09:10:43.381 12174 12174 I sysui_multi_action: [757,111,758,1]
12-08 09:10:43.381 12174 12174 I sysui_multi_action: [757,126,758,1,759,126,927,0,928,1,1593,1]
12-08 09:10:43.381 12174 12174 I sysui_multi_action: [757,113,758,1,759,113,927,1,928,1,1593,1]
12-08 09:10:43.381 12174 12174 I sysui_multi_action: [757,0,758,1,759,0,927,2,928,0,1593,1]
12-08 09:10:43.381 12174 12174 I sysui_multi_action: [757,0,758,1,759,0,927,3,928,0,1593,1]
12-08 09:10:43.382 12174 12174 I sysui_multi_action: [757,491,758,1,759,491,927,4,928,0,1311,-1,1593,0]
12-08 09:10:43.382 12174 12174 I sysui_multi_action: [757,0,758,1,759,0,927,5,928,0,1593,0]
12-08 09:10:43.382 12174 12174 I sysui_multi_action: [757,111,758,1]
12-08 09:10:43.382 12174 12174 I sysui_multi_action: [757,126,758,1,759,126,927,0,928,1,1593,1]
12-08 09:10:43.382 12174 12174 I sysui_multi_action: [757,113,758,1,759,113,927,1,928,1,1593,1]
12-08 09:10:43.382 12174 12174 I sysui_multi_action: [757,0,758,1,759,0,927,2,928,0,1593,1]
12-08 09:10:43.382 12174 12174 I sysui_multi_action: [757,0,758,1,759,0,927,3,928,0,1593,1]
12-08 09:10:43.395 1494 1905 I GameModeConfig: isGameModeOn = false
12-08 09:10:43.395 1494 1905 I GameModeConfig: isGameModeOn = false
12-08 09:10:43.395 1494 1905 I GameModeConfig: isGameModeOn = false
12-08 09:10:43.395 1494 1905 I GameModeConfig: isGameModeOn = false
12-08 09:10:43.396 12174 12174 I sysui_multi_action: [757,111,758,2]
12-08 09:10:43.396 12174 12174 I sysui_multi_action: [757,111,758,2]
12-08 09:10:43.396 1494 1494 I notification_enqueue: [10082,12174,com.android.systemui,2048,NULL,0,Notification(channel=updateNotification shortcut=null contentView=null vibrate=null sound=null defaults=0x0 flags=0x0 color=0x00000000 vis=PRIVATE),1]
12-08 09:10:43.398 12174 12174 I sysui_multi_action: [757,111,758,1]
12-08 09:10:43.398 12174 12174 I sysui_multi_action: [757,126,758,1,759,126,927,0,928,1,1593,1]
12-08 09:10:43.398 12174 12174 I sysui_multi_action: [757,113,758,1,759,113,927,1,928,1,1593,1]
12-08 09:10:43.398 12174 12174 I sysui_multi_action: [757,0,758,1,759,0,927,2,928,0,1593,1]
12-08 09:10:43.398 12174 12174 I sysui_multi_action: [757,0,758,1,759,0,927,3,928,0,1593,1]
12-08 09:10:43.398 12174 12174 I sysui_multi_action: [757,491,758,1,759,491,927,4,928,0,1311,-1,1593,0]
12-08 09:10:43.398 12174 12174 I sysui_multi_action: [757,0,758,1,759,0,927,5,928,0,1593,0]
12-08 09:10:43.398 12174 12174 I sysui_multi_action: [757,111,758,1]
12-08 09:10:43.399 12174 12174 I sysui_multi_action: [757,126,758,1,759,126,927,0,928,1,1593,1]
12-08 09:10:43.399 12174 12174 I sysui_multi_action: [757,113,758,1,759,113,927,1,928,1,1593,1]
12-08 09:10:43.399 12174 12174 I sysui_multi_action: [757,0,758,1,759,0,927,2,928,0,1593,1]
12-08 09:10:43.399 12174 12174 I sysui_multi_action: [757,0,758,1,759,0,927,3,928,0,1593,1]
12-08 09:10:43.411 1494 1905 I GameModeConfig: isGameModeOn = false
12-08 09:10:43.412 1494 1905 I GameModeConfig: isGameModeOn = false
12-08 09:10:43.412 1494 1905 I GameModeConfig: isGameModeOn = false
12-08 09:10:43.412 1494 1905 I GameModeConfig: isGameModeOn = false
12-08 09:10:43.413 12174 12174 I sysui_multi_action: [757,111,758,2]
12-08 09:10:43.413 1494 1494 I notification_enqueue: [10082,12174,com.android.systemui,2048,NULL,0,Notification(channel=updateNotification shortcut=null contentView=null vibrate=null sound=null defaults=0x0 flags=0x0 color=0x00000000 vis=PRIVATE),1]
12-08 09:10:43.413 12174 12174 I sysui_multi_action: [757,111,758,2]
12-08 09:10:43.415 12174 12174 I sysui_multi_action: [757,111,758,1]
12-08 09:10:43.415 12174 12174 I sysui_multi_action: [757,126,758,1,759,126,927,0,928,1,1593,0]
12-08 09:10:43.415 12174 12174 I sysui_multi_action: [757,113,758,1,759,113,927,1,928,1,1593,0]
12-08 09:10:43.416 12174 12174 I sysui_multi_action: [757,0,758,1,759,0,927,2,928,0,1593,0]
12-08 09:10:43.416 12174 12174 I sysui_multi_action: [757,0,758,1,759,0,927,3,928,0,1593,0]
12-08 09:10:43.416 12174 12174 I sysui_multi_action: [757,491,758,1,759,491,927,4,928,0,1311,-1,1593,0]
12-08 09:10:43.416 12174 12174 I sysui_multi_action: [757,0,758,1,759,0,927,5,928,0,1593,0]
12-08 09:10:43.416 12174 12174 I sysui_multi_action: [757,111,758,1]
12-08 09:10:43.416 12174 12174 I sysui_multi_action: [757,126,758,1,759,126,927,0,928,1,1593,1]
12-08 09:10:43.416 12174 12174 I sysui_multi_action: [757,113,758,1,759,113,927,1,928,1,1593,1]
12-08 09:10:43.416 12174 12174 I sysui_multi_action: [757,0,758,1,759,0,927,2,928,0,1593,1]
12-08 09:10:43.416 12174 12174 I sysui_multi_action: [757,0,758,1,759,0,927,3,928,0,1593,1]
12-08 09:10:43.428 1494 1905 I GameModeConfig: isGameModeOn = false
12-08 09:10:43.429 1494 1905 I GameModeConfig: isGameModeOn = false
12-08 09:10:43.429 1494 1905 I GameModeConfig: isGameModeOn = false
12-08 09:10:43.429 1494 1905 I GameModeConfig: isGameModeOn = false
12-08 09:10:43.430 12174 12174 I sysui_multi_action: [757,111,758,2]
12-08 09:10:43.430 12174 12174 I sysui_multi_action: [757,111,758,2]
12-08 09:10:43.431 1494 1494 I notification_enqueue: [10082,12174,com.android.systemui,2048,NULL,0,Notification(channel=updateNotification shortcut=null contentView=null vibrate=null sound=null defaults=0x0 flags=0x0 color=0x00000000 vis=PRIVATE),1]
12-08 09:10:43.433 12174 12174 I sysui_multi_action: [757,111,758,1]
12-08 09:10:43.433 12174 12174 I sysui_multi_action: [757,126,758,1,759,126,927,0,928,1,1593,1]
12-08 09:10:43.433 12174 12174 I sysui_multi_action: [757,113,758,1,759,113,927,1,928,1,1593,1]
12-08 09:10:43.433 12174 12174 I sysui_multi_action: [757,0,758,1,759,0,927,2,928,0,1593,1]
12-08 09:10:43.434 12174 12174 I sysui_multi_action: [757,0,758,1,759,0,927,3,928,0,1593,1]
12-08 09:10:43.434 12174 12174 I sysui_multi_action: [757,491,758,1,759,491,927,4,928,0,1311,-1,1593,0]
12-08 09:10:43.434 12174 12174 I sysui_multi_action: [757,0,758,1,759,0,927,5,928,0,1593,0]
12-08 09:10:43.434 12174 12174 I sysui_multi_action: [757,111,758,1]
12-08 09:10:43.434 12174 12174 I sysui_multi_action: [757,126,758,1,759,126,927,0,928,1,1593,1]
12-08 09:10:43.434 12174 12174 I sysui_multi_action: [757,113,758,1,759,113,927,1,928,1,1593,1]
12-08 09:10:43.434 12174 12174 I sysui_multi_action: [757,0,758,1,759,0,927,2,928,0,1593,1]
12-08 09:10:43.434 12174 12174 I sysui_multi_action: [757,0,758,1,759,0,927,3,928,0,1593,1]
12-08 09:10:43.445 1494 1905 I GameModeConfig: isGameModeOn = false
12-08 09:10:43.445 1494 1905 I GameModeConfig: isGameModeOn = false
12-08 09:10:43.446 1494 1905 I GameModeConfig: isGameModeOn = false
12-08 09:10:43.446 1494 1905 I GameModeConfig: isGameModeOn = false
12-08 09:10:43.447 12174 12174 I sysui_multi_action: [757,111,758,2]
12-08 09:10:43.447 1494 1494 I notification_enqueue: [10082,12174,com.android.systemui,2048,NULL,0,Notification(channel=updateNotification shortcut=null contentView=null vibrate=null sound=null defaults=0x0 flags=0x0 color=0x00000000 vis=PRIVATE),1]
12-08 09:10:43.447 12174 12174 I sysui_multi_action: [757,111,758,2]
12-08 09:10:43.450 12174 12174 I sysui_multi_action: [757,111,758,1]
12-08 09:10:43.450 12174 12174 I sysui_multi_action: [757,126,758,1,759,126,927,0,928,1,1593,1]
12-08 09:10:43.450 12174 12174 I sysui_multi_action: [757,113,758,1,759,113,927,1,928,1,1593,1]
12-08 09:10:43.450 12174 12174 I sysui_multi_action: [757,0,758,1,759,0,927,2,928,0,1593,1]
12-08 09:10:43.450 12174 12174 I sysui_multi_action: [757,0,758,1,759,0,927,3,928,0,1593,1]
12-08 09:10:43.450 12174 12174 I sysui_multi_action: [757,491,758,1,759,491,927,4,928,0,1311,-1,1593,0]
12-08 09:10:43.450 12174 12174 I sysui_multi_action: [757,0,758,1,759,0,927,5,928,0,1593,0]
12-08 09:10:43.450 12174 12174 I sysui_multi_action: [757,111,758,1]
12-08 09:10:43.450 12174 12174 I sysui_multi_action: [757,126,758,1,759,126,927,0,928,1,1593,1]
12-08 09:10:43.450 12174 12174 I sysui_multi_action: [757,113,758,1,759,113,927,1,928,1,1593,1]
12-08 09:10:43.451 12174 12174 I sysui_multi_action: [757,0,758,1,759,0,927,2,928,0,1593,1]
12-08 09:10:43.451 12174 12174 I sysui_multi_action: [757,0,758,1,759,0,927,3,928,0,1593,1]
12-08 09:10:43.462 1494 1905 I GameModeConfig: isGameModeOn = false
12-08 09:10:43.462 1494 1905 I GameModeConfig: isGameModeOn = false
12-08 09:10:43.462 1494 1905 I GameModeConfig: isGameModeOn = false
12-08 09:10:43.462 1494 1905 I GameModeConfig: isGameModeOn = false
12-08 09:10:43.463 12174 12174 I sysui_multi_action: [757,111,758,2]
12-08 09:10:43.463 12174 12174 I sysui_multi_action: [757,111,758,2]
12-08 09:10:43.463 1494 1494 I notification_enqueue: [10082,12174,com.android.systemui,2048,NULL,0,Notification(channel=updateNotification shortcut=null contentView=null vibrate=null sound=null defaults=0x0 flags=0x0 color=0x00000000 vis=PRIVATE),1]
12-08 09:10:43.468 1494 1523 W WindowManager: updateScale0.4617737
12-08 09:10:43.470 1494 1568 I input_focus: [Focus request eb33f9c com.android.music/com.android.music.VideoBrowserActivity,reason=UpdateInputWindows]
12-08 09:10:43.470 1494 1568 W WindowManager: updateScale0.4617737
12-08 09:10:43.473 12174 12174 I sysui_multi_action: [757,111,758,1]
12-08 09:10:43.473 12174 12174 I sysui_multi_action: [757,126,758,1,759,126,927,0,928,1,1593,1]
12-08 09:10:43.473 12174 12174 I sysui_multi_action: [757,113,758,1,759,113,927,1,928,1,1593,1]
12-08 09:10:43.473 12174 12174 I sysui_multi_action: [757,0,758,1,759,0,927,2,928,0,1593,1]
12-08 09:10:43.473 12174 12174 I sysui_multi_action: [757,0,758,1,759,0,927,3,928,0,1593,1]
12-08 09:10:43.473 12174 12174 I sysui_multi_action: [757,491,758,1,759,491,927,4,928,0,1311,-1,1593,0]
12-08 09:10:43.473 12174 12174 I sysui_multi_action: [757,0,758,1,759,0,927,5,928,0,1593,0]
12-08 09:10:43.473 12174 12174 I sysui_multi_action: [757,111,758,1]
12-08 09:10:43.473 12174 12174 I sysui_multi_action: [757,126,758,1,759,126,927,0,928,1,1593,1]
12-08 09:10:43.473 12174 12174 I sysui_multi_action: [757,113,758,1,759,113,927,1,928,1,1593,1]
12-08 09:10:43.473 12174 12174 I sysui_multi_action: [757,0,758,1,759,0,927,2,928,0,1593,1]
12-08 09:10:43.474 12174 12174 I sysui_multi_action: [757,0,758,1,759,0,927,3,928,0,1593,1]
12-08 09:10:43.478 1494 1905 I GameModeConfig: isGameModeOn = false
12-08 09:10:43.478 1494 1905 I GameModeConfig: isGameModeOn = false
12-08 09:10:43.478 1494 1905 I GameModeConfig: isGameModeOn = false
12-08 09:10:43.478 1494 1905 I GameModeConfig: isGameModeOn = false
12-08 09:10:43.479 12174 12174 I sysui_multi_action: [757,111,758,2]
12-08 09:10:43.479 12174 12174 I sysui_multi_action: [757,111,758,2]
12-08 09:10:43.480 1494 1494 I notification_enqueue: [10082,12174,com.android.systemui,2048,NULL,0,Notification(channel=updateNotification shortcut=null contentView=null vibrate=null sound=null defaults=0x0 flags=0x0 color=0x00000000 vis=PRIVATE),1]
12-08 09:10:43.481 1494 1523 I sysui_multi_action: [757,127,758,2]
12-08 09:10:43.481 1494 1523 I notification_panel_hidden:
12-08 09:10:43.482 1494 1494 I GameModeConfig: isGameModeOn = false
12-08 09:10:43.482 1494 1494 I sysui_multi_action: [757,1501,758,1,793,1666211,794,0,795,203,796,2048,806,com.android.systemui,857,updateNotification,858,3,947,0,1500,0,1688,1]
12-08 09:10:43.483 1494 1494 I sysui_multi_action: [757,804,799,note_interruptive,801,0,802,1]
12-08 09:10:43.483 1494 1494 I sysui_multi_action: [757,199,758,1,759,2,793,1666212,794,0,795,204,796,2048,806,com.android.systemui,857,updateNotification,858,3,947,0,1500,1,1688,1]
12-08 09:10:43.483 1494 1494 I notification_alert: [0|com.android.systemui|2048|null|10082,0,1,0]
12-08 09:10:43.483 1494 1494 W NotificationHistory: Attempted to add notif for locked/gone/disabled user 0
12-08 09:10:43.487 1494 1726 I input_focus: [Focus leaving e4dc0ca NotificationShade (server),reason=NOT_FOCUSABLE]
12-08 09:10:43.487 1494 1726 I input_focus: [Focus entering eb33f9c com.android.music/com.android.music.VideoBrowserActivity (server),reason=setFocusedWindow]
12-08 09:10:43.490 1494 5787 W WindowManager: updateScale0.4617737
12-08 09:10:43.493 12174 12174 I sysui_multi_action: [757,111,758,1]
12-08 09:10:43.493 12174 12174 I sysui_multi_action: [757,126,758,1,759,126,927,0,928,1,1593,0]
12-08 09:10:43.493 12174 12174 I sysui_multi_action: [757,113,758,1,759,113,927,1,928,1,1593,0]
12-08 09:10:43.493 12174 12174 I sysui_multi_action: [757,0,758,1,759,0,927,2,928,0,1593,0]
12-08 09:10:43.493 12174 12174 I sysui_multi_action: [757,0,758,1,759,0,927,3,928,0,1593,1]
12-08 09:10:43.494 12174 12174 I sysui_multi_action: [757,491,758,1,759,491,927,4,928,0,1311,-1,1593,0]
12-08 09:10:43.494 12174 12174 I sysui_multi_action: [757,0,758,1,759,0,927,5,928,0,1593,0]
12-08 09:10:43.494 12174 12174 I sysui_multi_action: [757,111,758,1]
12-08 09:10:43.494 12174 12174 I sysui_multi_action: [757,126,758,1,759,126,927,0,928,1,1593,1]
12-08 09:10:43.494 12174 12174 I sysui_multi_action: [757,113,758,1,759,113,927,1,928,1,1593,1]
12-08 09:10:43.494 12174 12174 I sysui_multi_action: [757,0,758,1,759,0,927,2,928,0,1593,1]
12-08 09:10:43.494 12174 12174 I sysui_multi_action: [757,0,758,1,759,0,927,3,928,0,1593,1]
12-08 09:10:43.514 1494 1494 I GameModeConfig: isGameModeOn = false
12-08 09:10:43.515 1494 1494 E NotificationService: Muting recently noisy 0|com.android.systemui|2048|null|10082
12-08 09:10:43.532 1494 1494 I GameModeConfig: isGameModeOn = false
12-08 09:10:43.532 1494 1494 E NotificationService: Muting recently noisy 0|com.android.systemui|2048|null|10082
12-08 09:10:43.548 1494 1494 I GameModeConfig: isGameModeOn = false
12-08 09:10:43.549 1494 1494 E NotificationService: Muting recently noisy 0|com.android.systemui|2048|null|10082
12-08 09:10:43.565 1494 1494 I GameModeConfig: isGameModeOn = false
12-08 09:10:43.566 1494 1494 E NotificationService: Muting recently noisy 0|com.android.systemui|2048|null|10082
12-08 09:10:43.582 1494 1494 I GameModeConfig: isGameModeOn = false
12-08 09:10:43.583 1494 1494 E NotificationService: Muting recently noisy 0|com.android.systemui|2048|null|10082
12-08 09:10:43.598 1494 1494 I GameModeConfig: isGameModeOn = false
12-08 09:10:43.598 1494 1494 E NotificationService: Muting recently noisy 0|com.android.systemui|2048|null|10082
12-08 09:10:43.614 1494 1494 I GameModeConfig: isGameModeOn = false
12-08 09:10:43.615 1494 1494 E NotificationService: Muting recently noisy 0|com.android.systemui|2048|null|10082
12-08 09:10:43.634 1494 1494 I GameModeConfig: isGameModeOn = false
12-08 09:10:43.635 1494 1494 E NotificationService: Muting recently noisy 0|com.android.systemui|2048|null|10082
12-08 09:10:43.651 1494 1494 I GameModeConfig: isGameModeOn = false
12-08 09:10:43.651 1494 1494 E NotificationService: Muting recently noisy 0|com.android.systemui|2048|null|10082
12-08 09:10:43.664 1494 1494 I GameModeConfig: isGameModeOn = false
12-08 09:10:43.665 1494 1494 E NotificationService: Muting recently noisy 0|com.android.systemui|2048|null|10082
12-08 09:10:43.681 1494 1494 I GameModeConfig: isGameModeOn = false
12-08 09:10:43.681 1494 1494 E NotificationService: Muting recently noisy 0|com.android.systemui|2048|null|10082
12-08 09:10:44.055 0 0 I auditd : type=1400 audit(0.0:18778): avc: denied { kill } for comm="swapper/1" capability=5 scontext=u:r:kernel:s0 tcontext=u:r:kernel:s0 tclass=capability permissive=0
12-08 09:10:44.851 1494 1726 I input_interaction: Interaction with: f2e5f5e com.android.settings/com.android.settings.Settings (server), edge-swipe (server), swipe-up (server), PointerEventDispatcher0 (server),
12-08 09:10:44.853 1494 1566 I wm_task_moved: [226,1,9]
12-08 09:10:44.854 1494 1566 I wm_task_to_front: [0,226]
12-08 09:10:44.857 1494 1566 W WindowManager: updateScale0.4617737
12-08 09:10:44.861 14889 14889 I wm_on_top_resumed_lost_called: [205067298,com.android.music.VideoBrowserActivity,topStateChangedWhenResumed]
12-08 09:10:44.861 1494 1566 I wm_set_resumed_activity: [0,com.android.settings/.Settings,positionChildAt]
12-08 09:10:44.861 1494 1566 I wm_focused_root_task: [0,0,226,229,setFocusedTask]
12-08 09:10:44.862 1494 1566 I wm_set_resumed_activity: [0,com.android.settings/.Settings,setFocusedTask]
12-08 09:10:44.862 1494 1566 I ActivityTaskManager: FOREGROUND_APPLICATION_CHANGED to com.android.settings.homepage.SettingsHomepageActivity
12-08 09:10:44.863 1494 1568 I input_focus: [Focus request f2e5f5e com.android.settings/com.android.settings.Settings,reason=UpdateInputWindows]
12-08 09:10:44.863 19176 19176 I wm_on_top_resumed_gained_called: [33760129,com.android.settings.Settings,topStateChangedWhenResumed]
12-08 09:10:44.886 1494 1726 I input_focus: [Focus leaving eb33f9c com.android.music/com.android.music.VideoBrowserActivity (server),reason=setFocusedWindow]
12-08 09:10:44.886 1494 1726 I input_focus: [Focus entering f2e5f5e com.android.settings/com.android.settings.Settings (server),reason=setFocusedWindow]
12-08 09:10:45.055 0 0 I auditd : type=1400 audit(0.0:18779): avc: denied { kill } for comm="swapper/1" capability=5 scontext=u:r:kernel:s0 tcontext=u:r:kernel:s0 tclass=capability permissive=0
12-08 09:10:46.889 1494 1523 I wm_task_moved: [36,0,0]
12-08 09:10:46.889 1494 1523 I wm_task_moved: [36,0,8]
12-08 09:10:46.894 1494 1523 W WindowManager: updateScale0.4617737
12-08 09:10:46.897 1494 1726 I input_interaction: Interaction with: edge-swipe (server), swipe-up (server), PointerEventDispatcher0 (server),
12-08 09:10:46.899 19176 19176 I view_enqueue_input_event: [Motion - Cancel,com.android.settings/com.android.settings.Settings]
12-08 09:10:46.903 1494 1568 I input_focus: [Focus request recents_animation_input_consumer,reason=UpdateInputWindows]
12-08 09:10:46.904 2523 2523 I wm_on_restart_called: [103271708,com.android.launcher3.uioverrides.QuickstepLauncher,performRestartActivity]
12-08 09:10:46.910 10409 10425 W ContextImpl: Calling a method in the system process without a qualified user: android.app.ContextImpl.startService:1816 android.content.ContextWrapper.startService:774 com.thundercomm.gamemode.ingame.services.GameModeActionUtils.startGameModeService:93 com.thundercomm.gamemode.ingame.services.GameModeActionUtils.startGameModeEntry:21 com.thundercomm.gamemode.ingame.services.ActivityMonitoringService$1.onActivityLaunch:127
12-08 09:10:46.920 1494 1494 I GameModeConfig: Current uri is uri = content://com.thundercomm.gamemode.api/gamemode_settings/gamemode_isgaming
12-08 09:10:46.926 1494 1494 I GameModeConfig: isGameModeOn = false
12-08 09:10:46.926 1494 1494 I GameModeConfig: isGameModeOn = false
12-08 09:10:46.926 1494 1494 I GameModeConfig: isDisableVoice = true
12-08 09:10:46.930 1494 1566 W WindowManager: updateScale0.4617737
12-08 09:10:46.930 1494 1726 I input_focus: [Focus leaving f2e5f5e com.android.settings/com.android.settings.Settings (server),reason=NOT_FOCUSABLE]
12-08 09:10:46.931 1494 1726 I input_focus: [Focus entering recents_animation_input_consumer (server),reason=setFocusedWindow]
12-08 09:10:46.932 2523 2523 I wm_on_start_called: [103271708,com.android.launcher3.uioverrides.QuickstepLauncher,handleStartActivity]
12-08 09:10:46.939 1494 2035 W WindowManager: updateScale0.4617737
12-08 09:10:46.946 2523 2523 I sysui_latency: [1,70]
12-08 09:10:46.951 1494 1568 W WindowManager: updateScale0.4617737
12-08 09:10:46.952 1494 1568 W WindowManager: updateScale0.4617737
12-08 09:10:46.954 1494 1568 W WindowManager: updateScale0.4617737
12-08 09:10:46.960 1494 7337 W ActivityTaskManager: getTaskSnapshot: taskId=1222 not found
12-08 09:10:46.963 1494 1563 I sysui_multi_action: [319,8,322,63,325,17642,757,761,758,9,759,5,806,com.android.launcher3,871,com.android.launcher3.uioverrides.QuickstepLauncher,904,com.android.launcher3,905,0,1320,8,1321,5]
12-08 09:10:46.964 1494 2035 W WindowManager: updateScale0.4617737
12-08 09:10:46.966 1494 5787 W ActivityTaskManager: getTaskSnapshot: taskId=2222 not found
12-08 09:10:46.967 1494 5787 W ActivityTaskManager: getTaskSnapshot: taskId=3222 not found
12-08 09:10:47.055 0 0 I auditd : type=1400 audit(0.0:18780): avc: denied { kill } for comm="swapper/1" capability=5 scontext=u:r:kernel:s0 tcontext=u:r:kernel:s0 tclass=capability permissive=0
12-08 09:10:47.134 1494 1700 I commit_sys_config_file: [settings-1-0,4]
12-08 09:10:47.255 1494 1579 I sysui_latency: [8,73]
12-08 09:10:47.446 1494 1905 I GameModeConfig: isGameModeOn = false
12-08 09:10:47.446 1359 16598 I liblog : 98
12-08 09:10:47.464 1494 1905 I GameModeConfig: isGameModeOn = false
12-08 09:10:47.478 1494 1905 I GameModeConfig: isGameModeOn = false
12-08 09:10:47.501 1494 1905 I GameModeConfig: isGameModeOn = false
12-08 09:10:47.517 1494 1905 I GameModeConfig: isGameModeOn = false
12-08 09:10:47.534 1494 1905 I GameModeConfig: isGameModeOn = false
12-08 09:10:47.552 1494 1905 I GameModeConfig: isGameModeOn = false
12-08 09:10:47.575 1494 1905 I GameModeConfig: isGameModeOn = false
12-08 09:10:47.590 1494 1905 I GameModeConfig: isGameModeOn = false
12-08 09:10:47.606 1494 1905 I GameModeConfig: isGameModeOn = false
12-08 09:10:47.626 1494 1905 I GameModeConfig: isGameModeOn = false
12-08 09:10:47.946 1494 7337 I wm_task_moved: [36,0,7]
12-08 09:10:47.947 1494 7337 I wm_add_to_stopping: [0,103271708,com.android.launcher3/.uioverrides.QuickstepLauncher,makeInvisible]
12-08 09:10:47.948 1494 7337 W WindowManager: updateScale0.4617737
12-08 09:10:47.952 1494 7337 W WindowManager: updateScale0.4617737
12-08 09:10:47.956 1494 1568 I input_focus: [Focus request f2e5f5e com.android.settings/com.android.settings.Settings,reason=UpdateInputWindows]
12-08 09:10:47.959 1494 1566 I wm_stop_activity: [0,103271708,com.android.launcher3/.uioverrides.QuickstepLauncher]
12-08 09:10:47.993 1494 1726 I input_focus: [Focus leaving recents_animation_input_consumer (server),reason=NOT_VISIBLE]
12-08 09:10:47.993 1494 1726 I input_focus: [Focus entering f2e5f5e com.android.settings/com.android.settings.Settings (server),reason=setFocusedWindow]
12-08 09:10:48.067 2523 2523 I wm_on_stop_called: [103271708,com.android.launcher3.uioverrides.QuickstepLauncher,STOP_ACTIVITY_ITEM]
12-08 09:10:48.074 1494 5950 W WindowManager: updateScale0.4617737
12-08 09:10:48.087 1494 1579 W UsageStatsService: Unexpected activity event reported! (com.android.launcher3/com.android.launcher3.uioverrides.QuickstepLauncher event : 23 instanceId : 86809965)
12-08 09:10:48.092 10409 10425 W ContextImpl: Calling a method in the system process without a qualified user: android.app.ContextImpl.startService:1816 android.content.ContextWrapper.startService:774 com.thundercomm.gamemode.ingame.services.GameModeActionUtils.startGameModeService:93 com.thundercomm.gamemode.ingame.services.GameModeActionUtils.startGameModeEntry:21 com.thundercomm.gamemode.ingame.services.ActivityMonitoringService$1.onActivityLaunch:127
12-08 09:10:48.099 1494 1494 I GameModeConfig: Current uri is uri = content://com.thundercomm.gamemode.api/gamemode_settings/gamemode_isgaming
12-08 09:10:48.101 1494 1494 I GameModeConfig: isGameModeOn = false
12-08 09:10:48.101 1494 1494 I GameModeConfig: isGameModeOn = false
12-08 09:10:48.101 1494 1494 I GameModeConfig: isDisableVoice = true
12-08 09:10:48.229 1494 1700 I commit_sys_config_file: [settings-1-0,5]
12-08 09:10:48.400 1494 1726 I input_interaction: Interaction with: eb33f9c com.android.music/com.android.music.VideoBrowserActivity (server), edge-swipe (server), swipe-up (server), PointerEventDispatcher0 (server),
12-08 09:10:48.402 1494 1566 I wm_task_moved: [229,1,9]
12-08 09:10:48.403 1494 1566 I wm_task_to_front: [0,229]
12-08 09:10:48.404 1494 1566 W WindowManager: updateScale0.4617737
12-08 09:10:48.408 19176 19176 I wm_on_top_resumed_lost_called: [33760129,com.android.settings.Settings,topStateChangedWhenResumed]
12-08 09:10:48.408 1494 1566 I wm_set_resumed_activity: [0,com.android.music/.VideoBrowserActivity,positionChildAt]
12-08 09:10:48.408 1494 1566 I wm_focused_root_task: [0,0,229,226,setFocusedTask]
12-08 09:10:48.408 1494 1566 I wm_set_resumed_activity: [0,com.android.music/.VideoBrowserActivity,setFocusedTask]
12-08 09:10:48.408 1494 1566 I ActivityTaskManager: FOREGROUND_APPLICATION_CHANGED to com.android.music.VideoBrowserActivity
12-08 09:10:48.409 1494 1568 I input_focus: [Focus request eb33f9c com.android.music/com.android.music.VideoBrowserActivity,reason=UpdateInputWindows]
12-08 09:10:48.409 14889 14889 I wm_on_top_resumed_gained_called: [205067298,com.android.music.VideoBrowserActivity,topStateChangedWhenResumed]
12-08 09:10:48.432 1494 1726 I input_focus: [Focus leaving f2e5f5e com.android.settings/com.android.settings.Settings (server),reason=setFocusedWindow]
12-08 09:10:48.433 1494 1726 I input_focus: [Focus entering eb33f9c com.android.music/com.android.music.VideoBrowserActivity (server),reason=setFocusedWindow]
12-08 09:10:48.481 14889 14889 I view_enqueue_input_event: [Motion - Cancel,com.android.music/com.android.music.VideoBrowserActivity]
12-08 09:10:48.483 1494 1726 I input_interaction: Interaction with: WindowManager (server), edge-swipe (server), swipe-up (server), PointerEventDispatcher0 (server),
12-08 09:10:48.494 1494 1568 D FreeFormWindowHelper: refreshTipWindow windowDragBounds:Rect(31, 72 - 333, 610)
12-08 09:10:48.498 1494 1568 W WindowManager: updateScale0.4617737
12-08 09:10:48.508 1494 5950 W WindowManager: updateScale0.4617737
12-08 09:10:48.511 1494 1568 D FreeFormWindowHelper: refreshTipWindow windowDragBounds:Rect(59, 72 - 361, 610)
12-08 09:10:48.514 1494 1568 W WindowManager: updateScale0.4617737
12-08 09:10:48.525 1494 5950 W WindowManager: updateScale0.4617737
12-08 09:10:48.529 1494 1568 D FreeFormWindowHelper: refreshTipWindow windowDragBounds:Rect(92, 72 - 394, 610)
12-08 09:10:48.530 1494 1568 W WindowManager: updateScale0.4617737
12-08 09:10:48.544 1494 1568 D FreeFormWindowHelper: refreshTipWindow windowDragBounds:Rect(137, 60 - 439, 598)
12-08 09:10:48.546 1494 1568 W WindowManager: updateScale0.4617737
12-08 09:10:48.561 1494 1568 D FreeFormWindowHelper: refreshTipWindow windowDragBounds:Rect(184, 53 - 486, 591)
12-08 09:10:48.563 1494 1568 W WindowManager: updateScale0.4617737
12-08 09:10:48.576 1494 5950 W WindowManager: updateScale0.4617737
12-08 09:10:48.578 1494 1568 D FreeFormWindowHelper: refreshTipWindow windowDragBounds:Rect(236, 46 - 538, 584)
12-08 09:10:48.579 1494 1568 W WindowManager: updateScale0.4617737
12-08 09:10:48.592 1494 5950 W WindowManager: updateScale0.4617737
12-08 09:10:48.596 1494 1568 D FreeFormWindowHelper: refreshTipWindow windowDragBounds:Rect(292, 36 - 594, 574)
12-08 09:10:48.598 1494 1568 W WindowManager: updateScale0.4617737
12-08 09:10:48.611 1494 1568 D FreeFormWindowHelper: refreshTipWindow windowDragBounds:Rect(352, 24 - 654, 562)
12-08 09:10:48.613 1494 1568 W WindowManager: updateScale0.4617737
12-08 09:10:48.628 1494 1568 D FreeFormWindowHelper: refreshTipWindow windowDragBounds:Rect(415, 14 - 717, 552)
12-08 09:10:48.631 1494 1568 W WindowManager: updateScale0.4617737
12-08 09:10:48.645 1494 1568 D FreeFormWindowHelper: refreshTipWindow windowDragBounds:Rect(478, 6 - 780, 544)
12-08 09:10:48.646 1494 1568 W WindowManager: updateScale0.4617737
12-08 09:10:48.659 1494 5787 W WindowManager: updateScale0.4617737
12-08 09:10:48.662 1494 1568 D FreeFormWindowHelper: refreshTipWindow windowDragBounds:Rect(544, -2 - 846, 536)
12-08 09:10:48.663 1494 1568 W WindowManager: updateScale0.4617737
12-08 09:10:48.676 1494 5787 W WindowManager: updateScale0.4617737
12-08 09:10:48.679 1494 1568 D FreeFormWindowHelper: refreshTipWindow windowDragBounds:Rect(610, -9 - 912, 529)
12-08 09:10:48.681 1494 1568 W WindowManager: updateScale0.4617737
12-08 09:10:48.695 1494 1568 D FreeFormWindowHelper: refreshTipWindow windowDragBounds:Rect(678, -19 - 980, 519)
12-08 09:10:48.696 1494 1568 W WindowManager: updateScale0.4617737
12-08 09:10:48.711 1494 1568 D FreeFormWindowHelper: refreshTipWindow windowDragBounds:Rect(746, -28 - 1048, 510)
12-08 09:10:48.713 1494 1568 W WindowManager: updateScale0.4617737
12-08 09:10:48.731 1494 1568 D FreeFormWindowHelper: refreshTipWindow windowDragBounds:Rect(817, -36 - 1119, 502)
12-08 09:10:48.732 1494 1568 W WindowManager: updateScale0.4617737
12-08 09:10:48.745 1494 1568 D FreeFormWindowHelper: refreshTipWindow windowDragBounds:Rect(896, -47 - 1198, 491)
12-08 09:10:48.747 1494 1568 W WindowManager: updateScale0.4617737
12-08 09:10:48.762 1494 1568 D FreeFormWindowHelper: refreshTipWindow windowDragBounds:Rect(969, -55 - 1271, 483)
12-08 09:10:48.765 1494 1568 W WindowManager: updateScale0.4617737
12-08 09:10:48.778 1494 1568 D FreeFormWindowHelper: refreshTipWindow windowDragBounds:Rect(1040, -64 - 1342, 474)
12-08 09:10:48.780 1494 1568 W WindowManager: updateScale0.4617737
12-08 09:10:48.797 1494 1568 D FreeFormWindowHelper: refreshTipWindow windowDragBounds:Rect(1115, -69 - 1417, 469)
12-08 09:10:48.799 1494 1568 W WindowManager: updateScale0.4617737
12-08 09:10:48.812 1494 1568 D FreeFormWindowHelper: refreshTipWindow windowDragBounds:Rect(1185, -76 - 1487, 462)
12-08 09:10:48.813 1494 1568 W WindowManager: updateScale0.4617737
12-08 09:10:48.826 1494 7337 W WindowManager: updateScale0.4617737
12-08 09:10:48.829 1494 1568 D FreeFormWindowHelper: refreshTipWindow windowDragBounds:Rect(1257, -83 - 1559, 455)
12-08 09:10:48.830 1494 1568 W WindowManager: updateScale0.4617737
12-08 09:10:48.845 1494 1568 D FreeFormWindowHelper: refreshTipWindow windowDragBounds:Rect(1330, -89 - 1632, 449)
12-08 09:10:48.848 1494 1568 W WindowManager: updateScale0.4617737
12-08 09:10:48.862 1494 1568 D FreeFormWindowHelper: refreshTipWindow windowDragBounds:Rect(1402, -94 - 1704, 444)
12-08 09:10:48.863 1494 1568 W WindowManager: updateScale0.4617737
12-08 09:10:48.876 1494 7337 W WindowManager: updateScale0.4617737
12-08 09:10:48.879 1494 1568 D FreeFormWindowHelper: refreshTipWindow windowDragBounds:Rect(1465, -101 - 1767, 437)
12-08 09:10:48.881 1494 1568 W WindowManager: updateScale0.4617737
12-08 09:10:48.893 1494 7337 W WindowManager: updateScale0.4617737
12-08 09:10:48.896 1494 1568 D FreeFormWindowHelper: refreshTipWindow windowDragBounds:Rect(1535, -105 - 1837, 433)
12-08 09:10:48.897 1494 1568 W WindowManager: updateScale0.4617737
12-08 09:10:48.912 1494 1568 D FreeFormWindowHelper: refreshTipWindow windowDragBounds:Rect(1598, -108 - 1900, 430)
12-08 09:10:48.914 1494 1568 W WindowManager: updateScale0.4617737
12-08 09:10:48.929 1494 1568 D FreeFormWindowHelper: refreshTipWindow windowDragBounds:Rect(1658, -108 - 1960, 430)
12-08 09:10:48.933 1494 1568 W WindowManager: updateScale0.4617737
12-08 09:10:48.942 1494 7337 W WindowManager: updateScale0.4617737
12-08 09:10:48.946 1494 1568 D FreeFormWindowHelper: refreshTipWindow windowDragBounds:Rect(1710, -108 - 2012, 430)
12-08 09:10:48.947 1494 1568 W WindowManager: updateScale0.4617737
12-08 09:10:48.963 1494 1568 D FreeFormWindowHelper: refreshTipWindow windowDragBounds:Rect(1760, -108 - 2062, 430)
12-08 09:10:48.964 1494 1568 W WindowManager: updateScale0.4617737
12-08 09:10:48.979 1494 1568 D FreeFormWindowHelper: refreshTipWindow windowDragBounds:Rect(1800, -108 - 2102, 430)
12-08 09:10:48.980 1494 1568 W WindowManager: updateScale0.4617737
12-08 09:10:48.994 1494 5787 W WindowManager: updateScale0.4617737
12-08 09:10:48.996 1494 1568 D FreeFormWindowHelper: refreshTipWindow windowDragBounds:Rect(1834, -108 - 2136, 430)
12-08 09:10:48.997 1494 1568 W WindowManager: updateScale0.4617737
12-08 09:10:49.012 1494 1568 D FreeFormWindowHelper: refreshTipWindow windowDragBounds:Rect(1865, -108 - 2167, 430)
12-08 09:10:49.014 1494 1568 W WindowManager: updateScale0.4617737
12-08 09:10:49.022 1494 5787 W WindowManager: updateScale0.4617737
12-08 09:10:49.029 1494 1568 D FreeFormWindowHelper: refreshTipWindow windowDragBounds:Rect(1891, -103 - 2193, 435)
12-08 09:10:49.031 1494 1568 W WindowManager: updateScale0.4617737
12-08 09:10:49.046 1494 1568 D FreeFormWindowHelper: refreshTipWindow windowDragBounds:Rect(1915, -98 - 2217, 440)
12-08 09:10:49.049 1494 1568 W WindowManager: updateScale0.4617737
12-08 09:10:49.062 1494 1568 D FreeFormWindowHelper: refreshTipWindow windowDragBounds:Rect(1939, -95 - 2241, 443)
12-08 09:10:49.065 1494 1568 W WindowManager: updateScale0.4617737
12-08 09:10:49.077 1494 5787 W WindowManager: updateScale0.4617737
12-08 09:10:49.079 1494 1568 D FreeFormWindowHelper: refreshTipWindow windowDragBounds:Rect(1961, -93 - 2263, 445)
12-08 09:10:49.080 1494 1568 W WindowManager: updateScale0.4617737
12-08 09:10:49.096 1494 1568 D FreeFormWindowHelper: refreshTipWindow windowDragBounds:Rect(1985, -91 - 2287, 447)
12-08 09:10:49.098 1494 1568 W WindowManager: updateScale0.4617737
12-08 09:10:49.113 1494 1568 D FreeFormWindowHelper: refreshTipWindow windowDragBounds:Rect(2012, -89 - 2314, 449)
12-08 09:10:49.116 1494 1568 W WindowManager: updateScale0.4617737
12-08 09:10:49.129 1494 1568 D FreeFormWindowHelper: refreshTipWindow windowDragBounds:Rect(2039, -86 - 2341, 452)
12-08 09:10:49.131 1494 1568 W WindowManager: updateScale0.4617737
12-08 09:10:49.144 1494 7337 W WindowManager: updateScale0.4617737
12-08 09:10:49.146 1494 1568 D FreeFormWindowHelper: refreshTipWindow windowDragBounds:Rect(2070, -85 - 2372, 453)
12-08 09:10:49.147 1494 1568 W WindowManager: updateScale0.4617737
12-08 09:10:49.162 1494 1568 D FreeFormWindowHelper: refreshTipWindow windowDragBounds:Rect(2099, -83 - 2401, 455)
12-08 09:10:49.165 1494 1568 W WindowManager: updateScale0.4617737
12-08 09:10:49.177 1494 7337 W WindowManager: updateScale0.4617737
12-08 09:10:49.180 1494 1568 D FreeFormWindowHelper: refreshTipWindow windowDragBounds:Rect(2125, -80 - 2427, 458)
12-08 09:10:49.182 1494 1568 W WindowManager: updateScale0.4617737
12-08 09:10:49.196 1494 1568 D FreeFormWindowHelper: refreshTipWindow windowDragBounds:Rect(2151, -77 - 2453, 461)
12-08 09:10:49.197 1494 1568 W WindowManager: updateScale0.4617737
12-08 09:10:49.213 1494 1568 D FreeFormWindowHelper: refreshTipWindow windowDragBounds:Rect(2170, -75 - 2472, 463)
12-08 09:10:49.217 1494 1568 W WindowManager: updateScale0.4617737
12-08 09:10:49.230 1494 1568 D FreeFormWindowHelper: refreshTipWindow windowDragBounds:Rect(2191, -72 - 2493, 466)
12-08 09:10:49.231 1494 1568 W WindowManager: updateScale0.4617737
12-08 09:10:49.246 1494 1568 D FreeFormWindowHelper: refreshTipWindow windowDragBounds:Rect(2211, -69 - 2513, 469)
12-08 09:10:49.248 1494 1568 W WindowManager: updateScale0.4617737
12-08 09:10:49.260 1494 5787 W WindowManager: updateScale0.4617737
12-08 09:10:49.263 1494 1568 D FreeFormWindowHelper: refreshTipWindow windowDragBounds:Rect(2229, -67 - 2531, 471)
12-08 09:10:49.264 1494 1568 W WindowManager: updateScale0.4617737
12-08 09:10:49.279 1494 1568 D FreeFormWindowHelper: refreshTipWindow windowDragBounds:Rect(2244, -66 - 2546, 472)
12-08 09:10:49.281 1494 1568 W WindowManager: updateScale0.4617737
12-08 09:10:49.297 1494 1568 D FreeFormWindowHelper: refreshTipWindow windowDragBounds:Rect(2256, -64 - 2558, 474)
12-08 09:10:49.300 1494 1568 W WindowManager: updateScale0.4617737
12-08 09:10:49.310 1494 7337 W WindowManager: updateScale0.4617737
12-08 09:10:49.313 1494 1568 D FreeFormWindowHelper: refreshTipWindow windowDragBounds:Rect(2270, -63 - 2572, 475)
12-08 09:10:49.318 1494 1568 W WindowManager: updateScale0.4617737
12-08 09:10:49.329 1494 1568 D FreeFormWindowHelper: refreshTipWindow windowDragBounds:Rect(2283, -59 - 2585, 479)
12-08 09:10:49.331 1494 1568 W WindowManager: updateScale0.4617737
12-08 09:10:49.347 1494 1568 D FreeFormWindowHelper: refreshTipWindow windowDragBounds:Rect(2286, -56 - 2588, 482)
12-08 09:10:49.348 1494 1568 W WindowManager: updateScale0.4617737
12-08 09:10:49.359 1494 1568 D WindowManager: updateWindowDragBounds: mIsSwipeYfalse
12-08 09:10:49.359 1494 1568 D WindowManager: updateWindowDragBounds: mIsTopfalse
12-08 09:10:49.359 1494 1568 D WindowManager: updateWindowDragBounds: mIsSwipeXfalse
12-08 09:10:49.362 1494 1568 W WindowManager: updateScale0.4617737
12-08 09:10:49.366 1494 7337 W WindowManager: updateScale0.4617737
12-08 09:10:50.055 0 0 I auditd : type=1400 audit(0.0:18781): avc: denied { kill } for comm="swapper/1" capability=5 scontext=u:r:kernel:s0 tcontext=u:r:kernel:s0 tclass=capability permissive=0
12-08 09:10:50.512 1494 1726 I input_interaction: Interaction with: f2e5f5e com.android.settings/com.android.settings.Settings (server), edge-swipe (server), swipe-up (server), PointerEventDispatcher0 (server),
12-08 09:10:50.515 1494 1566 I wm_task_moved: [226,1,9]
12-08 09:10:50.515 1494 1566 I wm_task_to_front: [0,226]
12-08 09:10:50.519 1494 1566 W WindowManager: updateScale0.4617737
12-08 09:10:50.523 14889 14889 I wm_on_top_resumed_lost_called: [205067298,com.android.music.VideoBrowserActivity,topStateChangedWhenResumed]
12-08 09:10:50.523 1494 1566 I wm_set_resumed_activity: [0,com.android.settings/.Settings,positionChildAt]
12-08 09:10:50.523 1494 1566 I wm_focused_root_task: [0,0,226,229,setFocusedTask]
12-08 09:10:50.523 1494 1566 I wm_set_resumed_activity: [0,com.android.settings/.Settings,setFocusedTask]
12-08 09:10:50.523 1494 1566 I ActivityTaskManager: FOREGROUND_APPLICATION_CHANGED to com.android.settings.homepage.SettingsHomepageActivity
12-08 09:10:50.524 1494 1568 I input_focus: [Focus request f2e5f5e com.android.settings/com.android.settings.Settings,reason=UpdateInputWindows]
12-08 09:10:50.525 1494 5787 W WindowManager: updateScale0.4617737
12-08 09:10:50.528 19176 19176 I wm_on_top_resumed_gained_called: [33760129,com.android.settings.Settings,topStateChangedWhenResumed]
12-08 09:10:50.535 1494 1726 I input_focus: [Focus leaving eb33f9c com.android.music/com.android.music.VideoBrowserActivity (server),reason=setFocusedWindow]
12-08 09:10:50.535 1494 1726 I input_focus: [Focus entering f2e5f5e com.android.settings/com.android.settings.Settings (server),reason=setFocusedWindow]
12-08 09:10:50.538 1494 1568 W WindowManager: updateScale0.4617737
12-08 09:10:50.544 19176 19176 I view_enqueue_input_event: [Motion - Cancel,com.android.settings/com.android.settings.Settings]
12-08 09:10:50.547 1494 1726 I input_interaction: Interaction with: edge-swipe (server), swipe-up (server), PointerEventDispatcher0 (server),
12-08 09:10:50.941 1494 5950 I sysui_multi_action: [757,803,799,key_back_press,802,1]
12-08 09:10:50.946 1494 1726 I input_interaction: Interaction with: f2e5f5e com.android.settings/com.android.settings.Settings (server), PointerEventDispatcher0 (server),
12-08 09:10:50.952 1494 7337 I ActivityTaskManager: moveTaskToBack: Task{e197c03 #226 type=standard A=1000:com.android.settings.root U=0 visible=true mode=fullscreen translucent=false sz=1}
12-08 09:10:50.952 1494 7337 I wm_task_moved: [226,0,0]
12-08 09:10:50.959 1494 7337 W WindowManager: updateScale0.4617737
12-08 09:10:50.963 1494 7337 I wm_focused_root_task: [0,0,229,226,moveTaskToBackLocked]
12-08 09:10:50.964 1494 7337 I wm_add_to_stopping: [0,33760129,com.android.settings/.Settings,makeInvisible]
12-08 09:10:50.965 19176 19176 I wm_on_top_resumed_lost_called: [33760129,com.android.settings.Settings,topStateChangedWhenResumed]
12-08 09:10:50.966 1494 1568 I input_focus: [Focus request eb33f9c com.android.music/com.android.music.VideoBrowserActivity,reason=UpdateInputWindows]
12-08 09:10:50.969 1494 1566 I wm_pause_activity: [0,33760129,com.android.settings/.Settings,userLeaving=false,pauseBackTasks]
12-08 09:10:50.970 1494 1566 I ActivityTaskManager: FOREGROUND_APPLICATION_CHANGED to com.android.launcher3.uioverrides.QuickstepLauncher
12-08 09:10:50.970 14889 14889 I wm_on_top_resumed_gained_called: [205067298,com.android.music.VideoBrowserActivity,topStateChangedWhenResumed]
12-08 09:10:50.971 1494 1566 I wm_resume_activity: [0,103271708,37,com.android.launcher3/.uioverrides.QuickstepLauncher]
12-08 09:10:50.973 1494 1568 W WindowManager: updateScale0.4617737
12-08 09:10:50.977 1494 1566 I sysui_multi_action: [757,803,799,window_time_0,802,36]
12-08 09:10:50.978 19176 19176 I sysui_multi_action: [757,35,758,2,1089,35923]
12-08 09:10:50.982 1494 5950 W WindowManager: updateScale0.4617737
12-08 09:10:50.983 1494 1726 I input_focus: [Focus leaving f2e5f5e com.android.settings/com.android.settings.Settings (server),reason=NO_WINDOW]
12-08 09:10:50.983 1494 1726 I input_focus: [Focus entering eb33f9c com.android.music/com.android.music.VideoBrowserActivity (server),reason=setFocusedWindow]
12-08 09:10:50.985 2523 2523 I wm_on_restart_called: [103271708,com.android.launcher3.uioverrides.QuickstepLauncher,performRestartActivity]
12-08 09:10:50.985 2523 2523 I wm_on_start_called: [103271708,com.android.launcher3.uioverrides.QuickstepLauncher,handleStartActivity]
12-08 09:10:50.986 2523 2523 I wm_on_resume_called: [103271708,com.android.launcher3.uioverrides.QuickstepLauncher,RESUME_ACTIVITY]
12-08 09:10:50.991 19176 19176 I sysui_multi_action: [757,746,758,2,1089,35922]
12-08 09:10:50.997 19176 19176 I wm_on_paused_called: [33760129,com.android.settings.Settings,performPause]
12-08 09:10:51.003 10409 10425 W ContextImpl: Calling a method in the system process without a qualified user: android.app.ContextImpl.startService:1816 android.content.ContextWrapper.startService:774 com.thundercomm.gamemode.ingame.services.GameModeActionUtils.startGameModeService:93 com.thundercomm.gamemode.ingame.services.GameModeActionUtils.startGameModeEntry:21 com.thundercomm.gamemode.ingame.services.ActivityMonitoringService$1.onActivityLaunch:127
12-08 09:10:51.006 1494 2035 W WindowManager: updateScale0.4617737
12-08 09:10:51.007 1494 1494 I GameModeConfig: Current uri is uri = content://com.thundercomm.gamemode.api/gamemode_settings/gamemode_isgaming
12-08 09:10:51.010 1494 1494 I GameModeConfig: isGameModeOn = false
12-08 09:10:51.010 1494 1494 I GameModeConfig: isGameModeOn = false
12-08 09:10:51.010 1494 1494 I GameModeConfig: isDisableVoice = true
12-08 09:10:51.034 1494 2035 W WindowManager: updateScale0.4617737
12-08 09:10:51.047 1494 1568 W WindowManager: updateScale0.4617737
12-08 09:10:51.055 17420 17420 I auditd : type=1400 audit(0.0:18782): avc: denied { kill } for comm="kworker/u16:27" capability=5 scontext=u:r:kernel:s0 tcontext=u:r:kernel:s0 tclass=capability permissive=0
12-08 09:10:51.066 1494 1568 W WindowManager: updateScale0.4617737
12-08 09:10:51.066 1494 1568 W WindowManager: updateScale0.4617737
12-08 09:10:51.082 10409 10425 W ContextImpl: Calling a method in the system process without a qualified user: android.app.ContextImpl.startService:1816 android.content.ContextWrapper.startService:774 com.thundercomm.gamemode.ingame.services.GameModeActionUtils.startGameModeService:93 com.thundercomm.gamemode.ingame.services.GameModeActionUtils.startGameModeEntry:21 com.thundercomm.gamemode.ingame.services.ActivityMonitoringService$1.onActivityLaunch:127
12-08 09:10:51.087 1494 1494 I GameModeConfig: Current uri is uri = content://com.thundercomm.gamemode.api/gamemode_settings/gamemode_isgaming
12-08 09:10:51.089 1494 1494 I GameModeConfig: isGameModeOn = false
12-08 09:10:51.090 1494 1494 I GameModeConfig: isGameModeOn = false
12-08 09:10:51.090 1494 1494 I GameModeConfig: isDisableVoice = true
12-08 09:10:51.437 1494 1566 I wm_stop_activity: [0,33760129,com.android.settings/.Settings]
12-08 09:10:51.441 1494 1568 W WindowManager: updateScale0.4617737
12-08 09:10:51.456 1494 6229 W WindowManager: updateScale0.4617737
12-08 09:10:51.472 19176 19176 I wm_on_stop_called: [33760129,com.android.settings.Settings,STOP_ACTIVITY_ITEM]
