12-08 09:11:21.826 12174 12174 I sysui_multi_action: [757,0,758,1,759,0,927,2,928,0,1593,0]
12-08 09:11:21.826 12174 12174 I sysui_multi_action: [757,0,758,1,759,0,927,3,928,0,1593,0]
12-08 09:11:21.912 1494 1494 I GameModeConfig: isGameModeOn = false
12-08 09:11:21.914 1494 1494 I sysui_multi_action: [757,1501,758,1,793,1704642,794,0,795,210,796,2048,806,com.android.systemui,857,updateNotification,858,3,947,0,1500,0,1688,1]
12-08 09:11:21.914 1494 1494 I sysui_multi_action: [757,804,799,note_interruptive,801,0,802,1]
12-08 09:11:21.914 1494 1494 I sysui_multi_action: [757,199,758,1,759,2,793,1704643,794,0,795,211,796,2048,806,com.android.systemui,857,updateNotification,858,3,947,0,1500,1,1688,1]
12-08 09:11:21.914 1494 1494 I notification_alert: [0|com.android.systemui|2048|null|10082,0,1,0]
12-08 09:11:21.916 1494 1494 W NotificationHistory: Attempted to add notif for locked/gone/disabled user 0
12-08 09:11:21.938 1494 1494 I GameModeConfig: isGameModeOn = false
12-08 09:11:21.939 1494 1494 E NotificationService: Muting recently noisy 0|com.android.systemui|2048|null|10082
12-08 09:11:21.958 1494 1494 I GameModeConfig: isGameModeOn = false
12-08 09:11:21.959 1494 1494 E NotificationService: Muting recently noisy 0|com.android.systemui|2048|null|10082
12-08 09:11:21.964 1494 1523 W WindowManager: updateScale0.4617737
12-08 09:11:21.969 1494 2035 W WindowManager: updateScale0.4617737
12-08 09:11:21.979 1494 1494 I GameModeConfig: isGameModeOn = false
12-08 09:11:21.980 1494 1494 E NotificationService: Muting recently noisy 0|com.android.systemui|2048|null|10082
12-08 09:11:21.991 1494 1494 I GameModeConfig: isGameModeOn = false
12-08 09:11:21.992 1494 1494 E NotificationService: Muting recently noisy 0|com.android.systemui|2048|null|10082
12-08 09:11:22.007 1494 1494 I GameModeConfig: isGameModeOn = false
12-08 09:11:22.007 1494 1494 E NotificationService: Muting recently noisy 0|com.android.systemui|2048|null|10082
12-08 09:11:22.026 1494 1494 I GameModeConfig: isGameModeOn = false
12-08 09:11:22.027 1494 1494 E NotificationService: Muting recently noisy 0|com.android.systemui|2048|null|10082
12-08 09:11:22.239 1494 2035 I sysui_multi_action: [757,128,758,1,793,17666033,794,0,795,17666033,796,26,798,0,806,android,857,DEVELOPER_IMPORTANT,858,4,947,0,1395,2,1500,17665579,1688,1]
12-08 09:11:22.240 1494 2035 I sysui_multi_action: [757,804,799,note_freshness,801,17666033,802,1]
12-08 09:11:22.240 1494 2035 I notification_visibility: [-1|android|26|null|1000,1,17666033,17666033,0,0]
12-08 09:11:22.240 1494 2035 I sysui_multi_action: [757,128,758,1,793,17666888,794,0,795,17666888,796,32,798,1,806,android,857,USB,858,1,947,0,1395,2,1500,17666828,1688,1]
12-08 09:11:22.240 1494 2035 I sysui_multi_action: [757,804,799,note_freshness,801,17666888,802,1]
12-08 09:11:22.241 1494 2035 I notification_visibility: [-1|android|32|null|1000,1,17666888,17666888,0,1]
12-08 09:11:22.434 1494 1905 I GameModeConfig: isGameModeOn = false
12-08 09:11:22.491 1494 1905 I GameModeConfig: isGameModeOn = false
12-08 09:11:22.505 1494 1726 I input_interaction: Interaction with: e4dc0ca NotificationShade (server), edge-swipe (server), swipe-up (server), PointerEventDispatcher0 (server),
12-08 09:11:22.512 1494 1905 I GameModeConfig: isGameModeOn = false
12-08 09:11:22.527 1494 1905 I GameModeConfig: isGameModeOn = false
12-08 09:11:22.535 1494 1905 I GameModeConfig: isGameModeOn = false
12-08 09:11:22.558 1494 1905 I GameModeConfig: isGameModeOn = false
12-08 09:11:22.583 1494 1905 I GameModeConfig: isGameModeOn = false
12-08 09:11:22.593 1494 1905 I GameModeConfig: isGameModeOn = false
12-08 09:11:22.621 1494 1905 I GameModeConfig: isGameModeOn = false
12-08 09:11:22.636 1494 1905 I GameModeConfig: isGameModeOn = false
12-08 09:11:22.642 1494 1905 I GameModeConfig: isGameModeOn = false
12-08 09:11:22.656 1494 1905 I GameModeConfig: isGameModeOn = false
12-08 09:11:22.678 1494 1905 I GameModeConfig: isGameModeOn = false
12-08 09:11:22.684 1494 1905 I GameModeConfig: isGameModeOn = false
12-08 09:11:22.695 1494 1905 I GameModeConfig: isGameModeOn = false
12-08 09:11:22.701 1494 1905 I GameModeConfig: isGameModeOn = false
12-08 09:11:22.706 1494 1905 I GameModeConfig: isGameModeOn = false
12-08 09:11:22.707 1494 1905 I GameModeConfig: isGameModeOn = false
12-08 09:11:22.707 1494 1905 I GameModeConfig: isGameModeOn = false
12-08 09:11:22.707 1494 1905 I GameModeConfig: isGameModeOn = false
12-08 09:11:22.708 1494 1494 I notification_enqueue: [10082,12174,com.android.systemui,2048,NULL,0,Notification(channel=updateNotification shortcut=null contentView=null vibrate=null sound=null defaults=0x0 flags=0x0 color=0x00000000 vis=PRIVATE),1]
12-08 09:11:22.709 12174 12174 I sysui_multi_action: [757,111,758,2]
12-08 09:11:22.709 12174 12174 I sysui_multi_action: [757,111,758,2]
12-08 09:11:22.713 12174 12174 I sysui_multi_action: [757,111,758,1]
12-08 09:11:22.714 12174 12174 I sysui_multi_action: [757,126,758,1,759,126,927,0,928,1,1593,1]
12-08 09:11:22.714 12174 12174 I sysui_multi_action: [757,113,758,1,759,113,927,1,928,1,1593,1]
12-08 09:11:22.714 12174 12174 I sysui_multi_action: [757,0,758,1,759,0,927,2,928,0,1593,1]
12-08 09:11:22.714 12174 12174 I sysui_multi_action: [757,0,758,1,759,0,927,3,928,0,1593,1]
12-08 09:11:22.714 12174 12174 I sysui_multi_action: [757,491,758,1,759,491,927,4,928,0,1311,-1,1593,0]
12-08 09:11:22.715 12174 12174 I sysui_multi_action: [757,0,758,1,759,0,927,5,928,0,1593,0]
12-08 09:11:22.715 12174 12174 I sysui_multi_action: [757,111,758,1]
12-08 09:11:22.715 12174 12174 I sysui_multi_action: [757,126,758,1,759,126,927,0,928,1,1593,1]
12-08 09:11:22.715 12174 12174 I sysui_multi_action: [757,113,758,1,759,113,927,1,928,1,1593,1]
12-08 09:11:22.715 12174 12174 I sysui_multi_action: [757,0,758,1,759,0,927,2,928,0,1593,1]
12-08 09:11:22.715 12174 12174 I sysui_multi_action: [757,0,758,1,759,0,927,3,928,0,1593,1]
12-08 09:11:22.720 1494 1905 I GameModeConfig: isGameModeOn = false
12-08 09:11:22.724 1494 1905 I GameModeConfig: isGameModeOn = false
12-08 09:11:22.727 1494 2035 W WindowManager: updateScale0.4617737
12-08 09:11:22.731 1494 1523 W WindowManager: updateScale0.4617737
12-08 09:11:22.733 12174 12174 I sysui_multi_action: [757,111,758,2]
12-08 09:11:22.733 12174 12174 I sysui_multi_action: [757,111,758,2]
12-08 09:11:22.733 1494 1494 I notification_enqueue: [10082,12174,com.android.systemui,2048,NULL,0,Notification(channel=updateNotification shortcut=null contentView=null vibrate=null sound=null defaults=0x0 flags=0x0 color=0x00000000 vis=PRIVATE),1]
12-08 09:11:22.739 1494 1905 I GameModeConfig: isGameModeOn = false
12-08 09:11:22.739 1494 1905 I GameModeConfig: isGameModeOn = false
12-08 09:11:22.739 1494 1905 I GameModeConfig: isGameModeOn = false
12-08 09:11:22.739 1494 1905 I GameModeConfig: isGameModeOn = false
12-08 09:11:22.739 1494 1905 I GameModeConfig: isGameModeOn = false
12-08 09:11:22.740 1494 1905 I GameModeConfig: isGameModeOn = false
12-08 09:11:22.740 1494 1905 I GameModeConfig: isGameModeOn = false
12-08 09:11:22.745 1494 5950 W WindowManager: updateScale0.4617737
12-08 09:11:22.749 1359 16598 I liblog : 16
12-08 09:11:22.750 12174 12174 I sysui_multi_action: [757,111,758,1]
12-08 09:11:22.750 12174 12174 I sysui_multi_action: [757,126,758,1,759,126,927,0,928,1,1593,1]
12-08 09:11:22.751 12174 12174 I sysui_multi_action: [757,113,758,1,759,113,927,1,928,1,1593,1]
12-08 09:11:22.751 12174 12174 I sysui_multi_action: [757,0,758,1,759,0,927,2,928,0,1593,1]
12-08 09:11:22.751 12174 12174 I sysui_multi_action: [757,0,758,1,759,0,927,3,928,0,1593,1]
12-08 09:11:22.751 12174 12174 I sysui_multi_action: [757,491,758,1,759,491,927,4,928,0,1311,-1,1593,0]
12-08 09:11:22.751 12174 12174 I sysui_multi_action: [757,0,758,1,759,0,927,5,928,0,1593,0]
12-08 09:11:22.751 12174 12174 I sysui_multi_action: [757,111,758,1]
12-08 09:11:22.751 12174 12174 I sysui_multi_action: [757,126,758,1,759,126,927,0,928,1,1593,1]
12-08 09:11:22.751 12174 12174 I sysui_multi_action: [757,113,758,1,759,113,927,1,928,1,1593,1]
12-08 09:11:22.751 12174 12174 I sysui_multi_action: [757,0,758,1,759,0,927,2,928,0,1593,1]
12-08 09:11:22.751 12174 12174 I sysui_multi_action: [757,0,758,1,759,0,927,3,928,0,1593,1]
12-08 09:11:22.754 1494 1905 I GameModeConfig: isGameModeOn = false
12-08 09:11:22.759 1494 1905 I GameModeConfig: isGameModeOn = false
12-08 09:11:22.759 12174 12174 I sysui_multi_action: [757,111,758,2]
12-08 09:11:22.759 1494 1905 I GameModeConfig: isGameModeOn = false
12-08 09:11:22.759 12174 12174 I sysui_multi_action: [757,111,758,2]
12-08 09:11:22.759 1494 1905 I GameModeConfig: isGameModeOn = false
12-08 09:11:22.759 1494 1905 I GameModeConfig: isGameModeOn = false
12-08 09:11:22.760 1494 1494 I notification_enqueue: [10082,12174,com.android.systemui,2048,NULL,0,Notification(channel=updateNotification shortcut=null contentView=null vibrate=null sound=null defaults=0x0 flags=0x0 color=0x00000000 vis=PRIVATE),1]
12-08 09:11:22.760 1494 1905 I GameModeConfig: isGameModeOn = false
12-08 09:11:22.763 12174 12174 I sysui_multi_action: [757,111,758,1]
12-08 09:11:22.764 12174 12174 I sysui_multi_action: [757,126,758,1,759,126,927,0,928,1,1593,0]
12-08 09:11:22.764 12174 12174 I sysui_multi_action: [757,113,758,1,759,113,927,1,928,1,1593,1]
12-08 09:11:22.764 12174 12174 I sysui_multi_action: [757,0,758,1,759,0,927,2,928,0,1593,1]
12-08 09:11:22.764 12174 12174 I sysui_multi_action: [757,0,758,1,759,0,927,3,928,0,1593,1]
12-08 09:11:22.764 12174 12174 I sysui_multi_action: [757,491,758,1,759,491,927,4,928,0,1311,-1,1593,0]
12-08 09:11:22.764 12174 12174 I sysui_multi_action: [757,0,758,1,759,0,927,5,928,0,1593,0]
12-08 09:11:22.764 12174 12174 I sysui_multi_action: [757,111,758,1]
12-08 09:11:22.764 12174 12174 I sysui_multi_action: [757,126,758,1,759,126,927,0,928,1,1593,1]
12-08 09:11:22.764 12174 12174 I sysui_multi_action: [757,113,758,1,759,113,927,1,928,1,1593,1]
12-08 09:11:22.764 12174 12174 I sysui_multi_action: [757,0,758,1,759,0,927,2,928,0,1593,1]
12-08 09:11:22.765 12174 12174 I sysui_multi_action: [757,0,758,1,759,0,927,3,928,0,1593,1]
12-08 09:11:22.765 1359 16598 I liblog : 224
12-08 09:11:22.773 1494 1905 I GameModeConfig: isGameModeOn = false
12-08 09:11:22.773 1494 1905 I GameModeConfig: isGameModeOn = false
12-08 09:11:22.773 1494 1905 I GameModeConfig: isGameModeOn = false
12-08 09:11:22.773 1494 1905 I GameModeConfig: isGameModeOn = false
12-08 09:11:22.774 12174 12174 I sysui_multi_action: [757,111,758,2]
12-08 09:11:22.774 12174 12174 I sysui_multi_action: [757,111,758,2]
12-08 09:11:22.775 1494 1494 I notification_enqueue: [10082,12174,com.android.systemui,2048,NULL,0,Notification(channel=updateNotification shortcut=null contentView=null vibrate=null sound=null defaults=0x0 flags=0x0 color=0x00000000 vis=PRIVATE),1]
12-08 09:11:22.776 1494 1905 I GameModeConfig: isGameModeOn = false
12-08 09:11:22.777 1494 1905 I GameModeConfig: isGameModeOn = false
12-08 09:11:22.777 12174 12174 I sysui_multi_action: [757,111,758,1]
12-08 09:11:22.777 12174 12174 I sysui_multi_action: [757,126,758,1,759,126,927,0,928,1,1593,1]
12-08 09:11:22.777 12174 12174 I sysui_multi_action: [757,113,758,1,759,113,927,1,928,1,1593,1]
12-08 09:11:22.777 12174 12174 I sysui_multi_action: [757,0,758,1,759,0,927,2,928,0,1593,1]
12-08 09:11:22.777 12174 12174 I sysui_multi_action: [757,0,758,1,759,0,927,3,928,0,1593,1]
12-08 09:11:22.777 12174 12174 I sysui_multi_action: [757,491,758,1,759,491,927,4,928,0,1311,-1,1593,0]
12-08 09:11:22.777 12174 12174 I sysui_multi_action: [757,0,758,1,759,0,927,5,928,0,1593,0]
12-08 09:11:22.777 12174 12174 I sysui_multi_action: [757,111,758,1]
12-08 09:11:22.777 12174 12174 I sysui_multi_action: [757,126,758,1,759,126,927,0,928,1,1593,1]
12-08 09:11:22.778 12174 12174 I sysui_multi_action: [757,113,758,1,759,113,927,1,928,1,1593,1]
12-08 09:11:22.778 12174 12174 I sysui_multi_action: [757,0,758,1,759,0,927,2,928,0,1593,1]
12-08 09:11:22.778 12174 12174 I sysui_multi_action: [757,0,758,1,759,0,927,3,928,0,1593,1]
12-08 09:11:22.789 1494 1905 I GameModeConfig: isGameModeOn = false
12-08 09:11:22.790 1494 1905 I GameModeConfig: isGameModeOn = false
12-08 09:11:22.790 1494 1905 I GameModeConfig: isGameModeOn = false
12-08 09:11:22.790 1494 1905 I GameModeConfig: isGameModeOn = false
12-08 09:11:22.791 12174 12174 I sysui_multi_action: [757,111,758,2]
12-08 09:11:22.791 12174 12174 I sysui_multi_action: [757,111,758,2]
12-08 09:11:22.791 1494 1494 I notification_enqueue: [10082,12174,com.android.systemui,2048,NULL,0,Notification(channel=updateNotification shortcut=null contentView=null vibrate=null sound=null defaults=0x0 flags=0x0 color=0x00000000 vis=PRIVATE),1]
12-08 09:11:22.792 12174 12174 I sysui_multi_action: [757,111,758,1]
12-08 09:11:22.793 12174 12174 I sysui_multi_action: [757,126,758,1,759,126,927,0,928,1,1593,1]
12-08 09:11:22.793 12174 12174 I sysui_multi_action: [757,113,758,1,759,113,927,1,928,1,1593,1]
12-08 09:11:22.793 12174 12174 I sysui_multi_action: [757,0,758,1,759,0,927,2,928,0,1593,1]
12-08 09:11:22.793 12174 12174 I sysui_multi_action: [757,0,758,1,759,0,927,3,928,0,1593,1]
12-08 09:11:22.793 12174 12174 I sysui_multi_action: [757,491,758,1,759,491,927,4,928,0,1311,-1,1593,1]
12-08 09:11:22.793 12174 12174 I sysui_multi_action: [757,0,758,1,759,0,927,5,928,0,1593,1]
12-08 09:11:22.793 12174 12174 I sysui_multi_action: [757,111,758,1]
12-08 09:11:22.793 12174 12174 I sysui_multi_action: [757,126,758,1,759,126,927,0,928,1,1593,1]
12-08 09:11:22.793 12174 12174 I sysui_multi_action: [757,113,758,1,759,113,927,1,928,1,1593,1]
12-08 09:11:22.793 12174 12174 I sysui_multi_action: [757,0,758,1,759,0,927,2,928,0,1593,1]
12-08 09:11:22.793 12174 12174 I sysui_multi_action: [757,0,758,1,759,0,927,3,928,0,1593,1]
12-08 09:11:22.795 1494 1905 I GameModeConfig: isGameModeOn = false
12-08 09:11:22.807 1494 1905 I GameModeConfig: isGameModeOn = false
12-08 09:11:22.807 1494 1905 I GameModeConfig: isGameModeOn = false
12-08 09:11:22.807 1494 1905 I GameModeConfig: isGameModeOn = false
12-08 09:11:22.807 1494 1905 I GameModeConfig: isGameModeOn = false
12-08 09:11:22.808 12174 12174 I sysui_multi_action: [757,111,758,2]
12-08 09:11:22.808 12174 12174 I sysui_multi_action: [757,111,758,2]
12-08 09:11:22.808 1494 1494 I notification_enqueue: [10082,12174,com.android.systemui,2048,NULL,0,Notification(channel=updateNotification shortcut=null contentView=null vibrate=null sound=null defaults=0x0 flags=0x0 color=0x00000000 vis=PRIVATE),1]
12-08 09:11:22.814 1494 6909 W WindowManager: updateScale0.4617737
12-08 09:11:22.821 1494 1568 I input_focus: [Focus request f2e5f5e com.android.settings/com.android.settings.Settings,reason=UpdateInputWindows]
12-08 09:11:22.822 12174 12174 I sysui_multi_action: [757,111,758,1]
12-08 09:11:22.822 12174 12174 I sysui_multi_action: [757,126,758,1,759,126,927,0,928,1,1593,1]
12-08 09:11:22.822 12174 12174 I sysui_multi_action: [757,113,758,1,759,113,927,1,928,1,1593,1]
12-08 09:11:22.822 12174 12174 I sysui_multi_action: [757,0,758,1,759,0,927,2,928,0,1593,1]
12-08 09:11:22.823 12174 12174 I sysui_multi_action: [757,0,758,1,759,0,927,3,928,0,1593,1]
12-08 09:11:22.823 12174 12174 I sysui_multi_action: [757,491,758,1,759,491,927,4,928,0,1311,-1,1593,1]
12-08 09:11:22.823 12174 12174 I sysui_multi_action: [757,0,758,1,759,0,927,5,928,0,1593,1]
12-08 09:11:22.823 12174 12174 I sysui_multi_action: [757,111,758,1]
12-08 09:11:22.823 12174 12174 I sysui_multi_action: [757,126,758,1,759,126,927,0,928,1,1593,1]
12-08 09:11:22.823 12174 12174 I sysui_multi_action: [757,113,758,1,759,113,927,1,928,1,1593,1]
12-08 09:11:22.823 12174 12174 I sysui_multi_action: [757,0,758,1,759,0,927,2,928,0,1593,1]
12-08 09:11:22.823 12174 12174 I sysui_multi_action: [757,0,758,1,759,0,927,3,928,0,1593,1]
12-08 09:11:22.826 1494 1905 I GameModeConfig: isGameModeOn = false
12-08 09:11:22.828 1494 1568 W WindowManager: updateScale0.4617737
12-08 09:11:22.829 12174 12174 I sysui_multi_action: [757,111,758,2]
12-08 09:11:22.829 12174 12174 I sysui_multi_action: [757,111,758,2]
12-08 09:11:22.831 1494 1494 I notification_enqueue: [10082,12174,com.android.systemui,2048,NULL,0,Notification(channel=updateNotification shortcut=null contentView=null vibrate=null sound=null defaults=0x0 flags=0x0 color=0x00000000 vis=PRIVATE),1]
12-08 09:11:22.837 1494 1523 I sysui_multi_action: [757,128,758,2,793,17666629,794,596,795,17666629,796,26,798,0,806,android,857,DEVELOPER_IMPORTANT,858,4,947,0,1395,2,1500,17666175,1688,1]
12-08 09:11:22.837 1494 1523 I notification_visibility: [-1|android|26|null|1000,0,17666629,17666629,0,0]
12-08 09:11:22.838 1494 1523 I sysui_multi_action: [757,128,758,2,793,17667485,794,597,795,17667485,796,32,798,1,806,android,857,USB,858,1,947,0,1395,2,1500,17667425,1688,1]
12-08 09:11:22.838 1494 1523 I notification_visibility: [-1|android|32|null|1000,0,17667485,17667485,0,1]
12-08 09:11:22.839 1494 1523 I sysui_multi_action: [757,127,758,2]
12-08 09:11:22.839 1494 1523 I notification_panel_hidden:
12-08 09:11:22.840 1494 1905 I GameModeConfig: isGameModeOn = false
12-08 09:11:22.840 1494 1905 I GameModeConfig: isGameModeOn = false
12-08 09:11:22.841 1494 2035 W WindowManager: updateScale0.4617737
12-08 09:11:22.841 1494 1905 I GameModeConfig: isGameModeOn = false
12-08 09:11:22.841 1494 1905 I GameModeConfig: isGameModeOn = false
12-08 09:11:22.846 1494 1726 I input_focus: [Focus leaving e4dc0ca NotificationShade (server),reason=NO_WINDOW]
12-08 09:11:22.846 1494 1726 I input_focus: [Focus entering f2e5f5e com.android.settings/com.android.settings.Settings (server),reason=setFocusedWindow]
12-08 09:11:22.847 1494 1905 I GameModeConfig: isGameModeOn = false
12-08 09:11:22.848 12174 12174 I sysui_multi_action: [757,111,758,1]
12-08 09:11:22.848 12174 12174 I sysui_multi_action: [757,126,758,1,759,126,927,0,928,1,1593,1]
12-08 09:11:22.848 12174 12174 I sysui_multi_action: [757,113,758,1,759,113,927,1,928,1,1593,1]
12-08 09:11:22.848 12174 12174 I sysui_multi_action: [757,0,758,1,759,0,927,2,928,0,1593,1]
12-08 09:11:22.848 12174 12174 I sysui_multi_action: [757,0,758,1,759,0,927,3,928,0,1593,1]
12-08 09:11:22.848 12174 12174 I sysui_multi_action: [757,491,758,1,759,491,927,4,928,0,1311,-1,1593,1]
12-08 09:11:22.848 12174 12174 I sysui_multi_action: [757,0,758,1,759,0,927,5,928,0,1593,1]
12-08 09:11:22.848 12174 12174 I sysui_multi_action: [757,111,758,1]
12-08 09:11:22.848 12174 12174 I sysui_multi_action: [757,126,758,1,759,126,927,0,928,1,1593,1]
12-08 09:11:22.848 12174 12174 I sysui_multi_action: [757,113,758,1,759,113,927,1,928,1,1593,1]
12-08 09:11:22.848 12174 12174 I sysui_multi_action: [757,0,758,1,759,0,927,2,928,0,1593,1]
12-08 09:11:22.848 12174 12174 I sysui_multi_action: [757,0,758,1,759,0,927,3,928,0,1593,1]
12-08 09:11:22.859 1494 1905 I GameModeConfig: isGameModeOn = false
12-08 09:11:22.879 1494 1905 I GameModeConfig: isGameModeOn = false
12-08 09:11:22.885 19176 19176 I service_manager_stats: [100,51,82422]
12-08 09:11:22.887 1494 1905 I GameModeConfig: isGameModeOn = false
12-08 09:11:22.907 1494 1905 I GameModeConfig: isGameModeOn = false
12-08 09:11:22.910 1494 1494 I GameModeConfig: isGameModeOn = false
12-08 09:11:22.910 1494 1494 E NotificationService: Muting recently noisy 0|com.android.systemui|2048|null|10082
12-08 09:11:22.926 1494 1905 I GameModeConfig: isGameModeOn = false
12-08 09:11:22.934 1494 1494 I GameModeConfig: isGameModeOn = false
12-08 09:11:22.934 1494 1494 I sysui_multi_action: [757,1501,758,1,793,1705663,794,0,795,202,796,2048,806,com.android.systemui,857,updateNotification,858,3,947,0,1500,0,1688,1]
12-08 09:11:22.935 1494 1494 I sysui_multi_action: [757,804,799,note_interruptive,801,0,802,1]
12-08 09:11:22.935 1494 1494 I sysui_multi_action: [757,199,758,1,759,2,793,1705664,794,0,795,203,796,2048,806,com.android.systemui,857,updateNotification,858,3,947,0,1500,1,1688,1]
12-08 09:11:22.935 1494 1494 I notification_alert: [0|com.android.systemui|2048|null|10082,0,1,0]
12-08 09:11:22.936 1494 1494 W NotificationHistory: Attempted to add notif for locked/gone/disabled user 0
12-08 09:11:22.938 1494 1905 I GameModeConfig: isGameModeOn = false
12-08 09:11:22.958 1494 1905 I GameModeConfig: isGameModeOn = false
12-08 09:11:22.964 1494 1494 I GameModeConfig: isGameModeOn = false
12-08 09:11:22.964 1494 1494 E NotificationService: Muting recently noisy 0|com.android.systemui|2048|null|10082
12-08 09:11:22.976 1494 1494 I GameModeConfig: isGameModeOn = false
12-08 09:11:22.976 1494 1494 E NotificationService: Muting recently noisy 0|com.android.systemui|2048|null|10082
12-08 09:11:22.980 1494 1905 I GameModeConfig: isGameModeOn = false
12-08 09:11:22.992 1494 1494 I GameModeConfig: isGameModeOn = false
12-08 09:11:22.992 1494 1494 E NotificationService: Muting recently noisy 0|com.android.systemui|2048|null|10082
12-08 09:11:23.009 1494 1494 I GameModeConfig: isGameModeOn = false
12-08 09:11:23.009 1494 1494 E NotificationService: Muting recently noisy 0|com.android.systemui|2048|null|10082
12-08 09:11:23.036 1494 1494 I GameModeConfig: isGameModeOn = false
12-08 09:11:23.036 1494 1494 E NotificationService: Muting recently noisy 0|com.android.systemui|2048|null|10082
12-08 09:11:23.055 0 0 I auditd : type=1400 audit(0.0:18800): avc: denied { kill } for comm="swapper/3" capability=5 scontext=u:r:kernel:s0 tcontext=u:r:kernel:s0 tclass=capability permissive=0
12-08 09:11:23.283 1494 2743 E TaskPersister: File error accessing recents directory (directory doesn't exist?).
12-08 09:11:23.932 1494 1726 I input_interaction: Interaction with: 1745717 StatusBar (server), edge-swipe (server), swipe-up (server), PointerEventDispatcher0 (server),
12-08 09:11:23.937 12174 12174 I sysui_multi_action: [757,803,799,panel_open,802,1]
12-08 09:11:23.937 12174 12174 I sysui_multi_action: [757,1328,758,4,1326,71,1327,0,1329,0]
12-08 09:11:23.965 1494 6909 I sysui_multi_action: [757,127,758,1]
12-08 09:11:23.966 1494 6909 I sysui_multi_action: [757,804,799,note_load,801,2,802,1]
12-08 09:11:23.967 1494 6909 I notification_panel_revealed: 2
12-08 09:11:23.967 1494 1905 I GameModeConfig: isGameModeOn = false
12-08 09:11:23.967 1494 1905 I GameModeConfig: isGameModeOn = false
12-08 09:11:23.967 1494 1905 I GameModeConfig: isGameModeOn = false
12-08 09:11:23.968 1494 1905 I GameModeConfig: isGameModeOn = false
12-08 09:11:23.969 12174 12174 I sysui_multi_action: [757,111,758,2]
12-08 09:11:23.969 12174 12174 I sysui_multi_action: [757,111,758,2]
12-08 09:11:23.969 1494 1494 I notification_enqueue: [10082,12174,com.android.systemui,2048,NULL,0,Notification(channel=updateNotification shortcut=null contentView=null vibrate=null sound=null defaults=0x0 flags=0x0 color=0x00000000 vis=PRIVATE),1]
12-08 09:11:23.978 1494 1523 W WindowManager: updateScale0.4617737
12-08 09:11:23.982 1494 1568 I input_focus: [Focus request e4dc0ca NotificationShade,reason=UpdateInputWindows]
12-08 09:11:23.986 12174 12174 I sysui_multi_action: [757,111,758,1]
12-08 09:11:23.987 12174 12174 I sysui_multi_action: [757,126,758,1,759,126,927,0,928,1,1593,0]
12-08 09:11:23.987 12174 12174 I sysui_multi_action: [757,113,758,1,759,113,927,1,928,1,1593,0]
12-08 09:11:23.987 12174 12174 I sysui_multi_action: [757,0,758,1,759,0,927,2,928,0,1593,0]
12-08 09:11:23.987 12174 12174 I sysui_multi_action: [757,0,758,1,759,0,927,3,928,0,1593,0]
12-08 09:11:23.987 12174 12174 I sysui_multi_action: [757,491,758,1,759,491,927,4,928,0,1311,-1,1593,0]
12-08 09:11:23.987 12174 12174 I sysui_multi_action: [757,0,758,1,759,0,927,5,928,0,1593,0]
12-08 09:11:23.987 12174 12174 I sysui_multi_action: [757,111,758,1]
12-08 09:11:23.987 12174 12174 I sysui_multi_action: [757,126,758,1,759,126,927,0,928,1,1593,0]
12-08 09:11:23.988 12174 12174 I sysui_multi_action: [757,113,758,1,759,113,927,1,928,1,1593,0]
12-08 09:11:23.988 12174 12174 I sysui_multi_action: [757,0,758,1,759,0,927,2,928,0,1593,0]
12-08 09:11:23.988 12174 12174 I sysui_multi_action: [757,0,758,1,759,0,927,3,928,0,1593,0]
12-08 09:11:23.997 12174 12174 I sysui_multi_action: [757,111,758,2]
12-08 09:11:23.997 12174 12174 I sysui_multi_action: [757,111,758,2]
12-08 09:11:24.000 1494 1905 I GameModeConfig: isGameModeOn = false
12-08 09:11:24.000 1494 1905 I GameModeConfig: isGameModeOn = false
12-08 09:11:24.000 1494 1905 I GameModeConfig: isGameModeOn = false
12-08 09:11:24.000 1494 1905 I GameModeConfig: isGameModeOn = false
12-08 09:11:24.001 12174 12174 I sysui_multi_action: [757,111,758,1]
12-08 09:11:24.001 12174 12174 I sysui_multi_action: [757,126,758,1,759,126,927,0,928,1,1593,0]
12-08 09:11:24.001 12174 12174 I sysui_multi_action: [757,113,758,1,759,113,927,1,928,1,1593,0]
12-08 09:11:24.001 12174 12174 I sysui_multi_action: [757,0,758,1,759,0,927,2,928,0,1593,0]
12-08 09:11:24.001 12174 12174 I sysui_multi_action: [757,0,758,1,759,0,927,3,928,0,1593,0]
12-08 09:11:24.002 12174 12174 I sysui_multi_action: [757,491,758,1,759,491,927,4,928,0,1311,-1,1593,0]
12-08 09:11:24.002 12174 12174 I sysui_multi_action: [757,0,758,1,759,0,927,5,928,0,1593,0]
12-08 09:11:24.002 12174 12174 I sysui_multi_action: [757,111,758,1]
12-08 09:11:24.002 12174 12174 I sysui_multi_action: [757,126,758,1,759,126,927,0,928,1,1593,0]
12-08 09:11:24.002 12174 12174 I sysui_multi_action: [757,113,758,1,759,113,927,1,928,1,1593,0]
12-08 09:11:24.002 12174 12174 I sysui_multi_action: [757,0,758,1,759,0,927,2,928,0,1593,0]
12-08 09:11:24.002 12174 12174 I sysui_multi_action: [757,0,758,1,759,0,927,3,928,0,1593,0]
12-08 09:11:24.006 1494 1568 W WindowManager: updateScale0.4617737
12-08 09:11:24.009 1494 1494 I notification_enqueue: [10082,12174,com.android.systemui,2048,NULL,0,Notification(channel=updateNotification shortcut=null contentView=null vibrate=null sound=null defaults=0x0 flags=0x0 color=0x00000000 vis=PRIVATE),1]
12-08 09:11:24.012 12174 12174 I sysui_multi_action: [757,111,758,2]
12-08 09:11:24.013 12174 12174 I sysui_multi_action: [757,111,758,2]
12-08 09:11:24.013 1494 1494 I notification_enqueue: [10082,12174,com.android.systemui,2048,NULL,0,Notification(channel=updateNotification shortcut=null contentView=null vibrate=null sound=null defaults=0x0 flags=0x0 color=0x00000000 vis=PRIVATE),1]
12-08 09:11:24.014 1494 1905 I GameModeConfig: isGameModeOn = false
12-08 09:11:24.015 1494 1905 I GameModeConfig: isGameModeOn = false
12-08 09:11:24.015 1494 1905 I GameModeConfig: isGameModeOn = false
12-08 09:11:24.015 1494 1905 I GameModeConfig: isGameModeOn = false
12-08 09:11:24.016 12174 12174 I sysui_multi_action: [757,111,758,1]
12-08 09:11:24.016 12174 12174 I sysui_multi_action: [757,126,758,1,759,126,927,0,928,1,1593,0]
12-08 09:11:24.016 12174 12174 I sysui_multi_action: [757,113,758,1,759,113,927,1,928,1,1593,0]
12-08 09:11:24.016 12174 12174 I sysui_multi_action: [757,0,758,1,759,0,927,2,928,0,1593,0]
12-08 09:11:24.016 12174 12174 I sysui_multi_action: [757,0,758,1,759,0,927,3,928,0,1593,0]
12-08 09:11:24.016 12174 12174 I sysui_multi_action: [757,491,758,1,759,491,927,4,928,0,1311,-1,1593,0]
12-08 09:11:24.016 12174 12174 I sysui_multi_action: [757,0,758,1,759,0,927,5,928,0,1593,0]
12-08 09:11:24.016 12174 12174 I sysui_multi_action: [757,111,758,1]
12-08 09:11:24.016 12174 12174 I sysui_multi_action: [757,126,758,1,759,126,927,0,928,1,1593,0]
12-08 09:11:24.016 12174 12174 I sysui_multi_action: [757,113,758,1,759,113,927,1,928,1,1593,0]
12-08 09:11:24.016 12174 12174 I sysui_multi_action: [757,0,758,1,759,0,927,2,928,0,1593,0]
12-08 09:11:24.016 12174 12174 I sysui_multi_action: [757,0,758,1,759,0,927,3,928,0,1593,0]
12-08 09:11:24.020 1494 1726 I input_focus: [Focus leaving f2e5f5e com.android.settings/com.android.settings.Settings (server),reason=setFocusedWindow]
12-08 09:11:24.020 1494 1726 I input_focus: [Focus entering e4dc0ca NotificationShade (server),reason=setFocusedWindow]
12-08 09:11:24.026 1494 1905 I GameModeConfig: isGameModeOn = false
12-08 09:11:24.026 1494 1905 I GameModeConfig: isGameModeOn = false
12-08 09:11:24.026 1494 1905 I GameModeConfig: isGameModeOn = false
12-08 09:11:24.026 1494 1905 I GameModeConfig: isGameModeOn = false
12-08 09:11:24.027 12174 12174 I sysui_multi_action: [757,111,758,2]
12-08 09:11:24.027 12174 12174 I sysui_multi_action: [757,111,758,2]
12-08 09:11:24.027 1494 1494 I notification_enqueue: [10082,12174,com.android.systemui,2048,NULL,0,Notification(channel=updateNotification shortcut=null contentView=null vibrate=null sound=null defaults=0x0 flags=0x0 color=0x00000000 vis=PRIVATE),1]
12-08 09:11:24.030 12174 12174 I sysui_multi_action: [757,111,758,1]
12-08 09:11:24.030 12174 12174 I sysui_multi_action: [757,126,758,1,759,126,927,0,928,1,1593,0]
12-08 09:11:24.030 12174 12174 I sysui_multi_action: [757,113,758,1,759,113,927,1,928,1,1593,0]
12-08 09:11:24.030 12174 12174 I sysui_multi_action: [757,0,758,1,759,0,927,2,928,0,1593,0]
12-08 09:11:24.030 12174 12174 I sysui_multi_action: [757,0,758,1,759,0,927,3,928,0,1593,0]
12-08 09:11:24.033 12174 12174 I sysui_multi_action: [757,491,758,1,759,491,927,4,928,0,1311,-1,1593,0]
12-08 09:11:24.033 12174 12174 I sysui_multi_action: [757,0,758,1,759,0,927,5,928,0,1593,0]
12-08 09:11:24.034 12174 12174 I sysui_multi_action: [757,111,758,1]
12-08 09:11:24.034 12174 12174 I sysui_multi_action: [757,126,758,1,759,126,927,0,928,1,1593,0]
12-08 09:11:24.034 12174 12174 I sysui_multi_action: [757,113,758,1,759,113,927,1,928,1,1593,0]
12-08 09:11:24.034 12174 12174 I sysui_multi_action: [757,0,758,1,759,0,927,2,928,0,1593,0]
12-08 09:11:24.034 12174 12174 I sysui_multi_action: [757,0,758,1,759,0,927,3,928,0,1593,0]
12-08 09:11:24.043 1494 1905 I GameModeConfig: isGameModeOn = false
12-08 09:11:24.043 1494 1905 I GameModeConfig: isGameModeOn = false
12-08 09:11:24.043 1494 1905 I GameModeConfig: isGameModeOn = false
12-08 09:11:24.043 1494 1905 I GameModeConfig: isGameModeOn = false
12-08 09:11:24.047 12174 12174 I sysui_multi_action: [757,111,758,2]
12-08 09:11:24.047 12174 12174 I sysui_multi_action: [757,111,758,2]
12-08 09:11:24.047 1494 1494 I notification_enqueue: [10082,12174,com.android.systemui,2048,NULL,0,Notification(channel=updateNotification shortcut=null contentView=null vibrate=null sound=null defaults=0x0 flags=0x0 color=0x00000000 vis=PRIVATE),1]
12-08 09:11:24.050 12174 12174 I sysui_multi_action: [757,111,758,1]
12-08 09:11:24.050 12174 12174 I sysui_multi_action: [757,126,758,1,759,126,927,0,928,1,1593,0]
12-08 09:11:24.050 12174 12174 I sysui_multi_action: [757,113,758,1,759,113,927,1,928,1,1593,0]
12-08 09:11:24.050 12174 12174 I sysui_multi_action: [757,0,758,1,759,0,927,2,928,0,1593,0]
12-08 09:11:24.050 12174 12174 I sysui_multi_action: [757,0,758,1,759,0,927,3,928,0,1593,0]
12-08 09:11:24.050 12174 12174 I sysui_multi_action: [757,491,758,1,759,491,927,4,928,0,1311,-1,1593,0]
12-08 09:11:24.050 12174 12174 I sysui_multi_action: [757,0,758,1,759,0,927,5,928,0,1593,0]
12-08 09:11:24.050 12174 12174 I sysui_multi_action: [757,111,758,1]
12-08 09:11:24.050 12174 12174 I sysui_multi_action: [757,126,758,1,759,126,927,0,928,1,1593,0]
12-08 09:11:24.051 12174 12174 I sysui_multi_action: [757,113,758,1,759,113,927,1,928,1,1593,0]
12-08 09:11:24.051 12174 12174 I sysui_multi_action: [757,0,758,1,759,0,927,2,928,0,1593,0]
12-08 09:11:24.051 12174 12174 I sysui_multi_action: [757,0,758,1,759,0,927,3,928,0,1593,0]
12-08 09:11:24.060 1494 1905 I GameModeConfig: isGameModeOn = false
12-08 09:11:24.060 1494 1905 I GameModeConfig: isGameModeOn = false
12-08 09:11:24.060 1494 1905 I GameModeConfig: isGameModeOn = false
12-08 09:11:24.060 1494 1905 I GameModeConfig: isGameModeOn = false
12-08 09:11:24.062 12174 12174 I sysui_multi_action: [757,111,758,2]
12-08 09:11:24.062 12174 12174 I sysui_multi_action: [757,111,758,2]
12-08 09:11:24.062 1494 1494 I notification_enqueue: [10082,12174,com.android.systemui,2048,NULL,0,Notification(channel=updateNotification shortcut=null contentView=null vibrate=null sound=null defaults=0x0 flags=0x0 color=0x00000000 vis=PRIVATE),1]
12-08 09:11:24.066 12174 12174 I sysui_multi_action: [757,111,758,1]
12-08 09:11:24.066 12174 12174 I sysui_multi_action: [757,126,758,1,759,126,927,0,928,1,1593,0]
12-08 09:11:24.066 12174 12174 I sysui_multi_action: [757,113,758,1,759,113,927,1,928,1,1593,0]
12-08 09:11:24.066 12174 12174 I sysui_multi_action: [757,0,758,1,759,0,927,2,928,0,1593,0]
12-08 09:11:24.066 12174 12174 I sysui_multi_action: [757,0,758,1,759,0,927,3,928,0,1593,0]
12-08 09:11:24.066 12174 12174 I sysui_multi_action: [757,491,758,1,759,491,927,4,928,0,1311,-1,1593,0]
12-08 09:11:24.066 12174 12174 I sysui_multi_action: [757,0,758,1,759,0,927,5,928,0,1593,0]
12-08 09:11:24.066 12174 12174 I sysui_multi_action: [757,111,758,1]
12-08 09:11:24.066 12174 12174 I sysui_multi_action: [757,126,758,1,759,126,927,0,928,1,1593,0]
12-08 09:11:24.067 12174 12174 I sysui_multi_action: [757,113,758,1,759,113,927,1,928,1,1593,0]
12-08 09:11:24.067 12174 12174 I sysui_multi_action: [757,0,758,1,759,0,927,2,928,0,1593,0]
12-08 09:11:24.067 12174 12174 I sysui_multi_action: [757,0,758,1,759,0,927,3,928,0,1593,0]
12-08 09:11:24.172 1494 1494 I GameModeConfig: isGameModeOn = false
12-08 09:11:24.173 1494 1494 I sysui_multi_action: [757,1501,758,1,793,1706902,794,0,795,206,796,2048,806,com.android.systemui,857,updateNotification,858,3,947,0,1500,0,1688,1]
12-08 09:11:24.173 1494 1494 I sysui_multi_action: [757,804,799,note_interruptive,801,0,802,1]
12-08 09:11:24.173 1494 1494 I sysui_multi_action: [757,199,758,1,759,2,793,1706902,794,0,795,206,796,2048,806,com.android.systemui,857,updateNotification,858,3,947,0,1500,0,1688,1]
12-08 09:11:24.173 1494 1494 I notification_alert: [0|com.android.systemui|2048|null|10082,0,1,0]
12-08 09:11:24.175 1494 1494 W NotificationHistory: Attempted to add notif for locked/gone/disabled user 0
12-08 09:11:24.212 1494 1494 I GameModeConfig: isGameModeOn = false
12-08 09:11:24.212 1494 1494 E NotificationService: Muting recently noisy 0|com.android.systemui|2048|null|10082
12-08 09:11:24.216 1494 1494 I GameModeConfig: isGameModeOn = false
12-08 09:11:24.217 1494 1494 E NotificationService: Muting recently noisy 0|com.android.systemui|2048|null|10082
12-08 09:11:24.219 1494 5950 W WindowManager: updateScale0.4617737
12-08 09:11:24.222 1494 5950 W WindowManager: updateScale0.4617737
12-08 09:11:24.228 1494 1494 I GameModeConfig: isGameModeOn = false
12-08 09:11:24.229 1494 1494 E NotificationService: Muting recently noisy 0|com.android.systemui|2048|null|10082
12-08 09:11:24.251 1494 1494 I GameModeConfig: isGameModeOn = false
12-08 09:11:24.251 1494 1494 E NotificationService: Muting recently noisy 0|com.android.systemui|2048|null|10082
12-08 09:11:24.264 1494 1494 I GameModeConfig: isGameModeOn = false
12-08 09:11:24.264 1494 1494 E NotificationService: Muting recently noisy 0|com.android.systemui|2048|null|10082
12-08 09:11:24.512 1494 5950 I sysui_multi_action: [757,128,758,1,793,17668306,794,0,795,17668306,796,26,798,0,806,android,857,DEVELOPER_IMPORTANT,858,4,947,0,1395,2,1500,17667852,1688,1]
12-08 09:11:24.512 1494 5950 I sysui_multi_action: [757,804,799,note_freshness,801,17668306,802,1]
12-08 09:11:24.512 1494 5950 I notification_visibility: [-1|android|26|null|1000,1,17668306,17668306,0,0]
12-08 09:11:24.512 1494 5950 I sysui_multi_action: [757,128,758,1,793,17669160,794,0,795,17669160,796,32,798,1,806,android,857,USB,858,1,947,0,1395,2,1500,17669100,1688,1]
12-08 09:11:24.513 1494 5950 I sysui_multi_action: [757,804,799,note_freshness,801,17669160,802,1]
12-08 09:11:24.513 1494 5950 I notification_visibility: [-1|android|32|null|1000,1,17669160,17669160,0,1]
12-08 09:11:25.055 17416 17416 I auditd : type=1400 audit(0.0:18801): avc: denied { kill } for comm="kworker/u16:23" capability=5 scontext=u:r:kernel:s0 tcontext=u:r:kernel:s0 tclass=capability permissive=0
12-08 09:11:26.726 1494 1726 I input_interaction: Interaction with: e4dc0ca NotificationShade (server), edge-swipe (server), swipe-up (server), PointerEventDispatcher0 (server),
12-08 09:11:26.737 1494 6909 I wm_task_moved: [36,0,0]
12-08 09:11:26.738 1494 6909 I wm_task_moved: [36,0,8]
12-08 09:11:26.752 1494 6909 W WindowManager: updateScale0.4617737
12-08 09:11:26.765 10409 10425 W ContextImpl: Calling a method in the system process without a qualified user: android.app.ContextImpl.startService:1816 android.content.ContextWrapper.startService:774 com.thundercomm.gamemode.ingame.services.GameModeActionUtils.startGameModeService:93 com.thundercomm.gamemode.ingame.services.GameModeActionUtils.startGameModeEntry:21 com.thundercomm.gamemode.ingame.services.ActivityMonitoringService$1.onActivityLaunch:127
12-08 09:11:26.769 1494 5950 W WindowManager: updateScale0.4617737
12-08 09:11:26.770 1494 1494 I GameModeConfig: Current uri is uri = content://com.thundercomm.gamemode.api/gamemode_settings/gamemode_isgaming
12-08 09:11:26.774 1494 1494 I GameModeConfig: isGameModeOn = false
12-08 09:11:26.775 1494 1494 I GameModeConfig: isGameModeOn = false
12-08 09:11:26.775 1494 1494 I GameModeConfig: isDisableVoice = true
12-08 09:11:26.776 2523 2523 I wm_on_restart_called: [103271708,com.android.launcher3.uioverrides.QuickstepLauncher,performRestartActivity]
12-08 09:11:26.794 1494 1566 W WindowManager: updateScale0.4617737
12-08 09:11:26.795 2523 2523 I wm_on_start_called: [103271708,com.android.launcher3.uioverrides.QuickstepLauncher,handleStartActivity]
12-08 09:11:26.799 1494 5950 W ActivityTaskManager: getTaskSnapshot: taskId=3222 not found
12-08 09:11:26.801 1494 7671 W WindowManager: updateScale0.4617737
12-08 09:11:26.803 1494 5950 W ActivityTaskManager: getTaskSnapshot: taskId=2222 not found
12-08 09:11:26.804 1494 5950 W ActivityTaskManager: getTaskSnapshot: taskId=1222 not found
12-08 09:11:26.813 1494 1568 W WindowManager: updateScale0.4617737
12-08 09:11:26.815 1494 1568 W WindowManager: updateScale0.4617737
12-08 09:11:26.816 1494 1568 W WindowManager: updateScale0.4617737
12-08 09:11:26.825 1494 1563 I sysui_multi_action: [319,18,322,78,325,17682,757,761,758,9,759,5,806,com.android.launcher3,871,com.android.launcher3.uioverrides.QuickstepLauncher,904,com.android.launcher3,905,0,1320,8,1321,5]
12-08 09:11:26.890 12174 12174 I view_enqueue_input_event: [Motion - Cancel,NotificationShade]
12-08 09:11:26.893 1494 1726 I input_interaction: Interaction with: edge-swipe (server), swipe-up (server), PointerEventDispatcher0 (server),
12-08 09:11:26.911 2523 2523 I sysui_latency: [1,82]
12-08 09:11:26.918 1494 5950 W WindowManager: updateScale0.4617737
12-08 09:11:26.921 1494 1568 I input_focus: [Focus request f2e5f5e com.android.settings/com.android.settings.Settings,reason=UpdateInputWindows]
12-08 09:11:26.926 1494 1568 I input_focus: [Focus request recents_animation_input_consumer,reason=UpdateInputWindows]
12-08 09:11:26.936 1494 1568 W WindowManager: updateScale0.4617737
12-08 09:11:26.953 1494 1726 I input_focus: [Focus leaving e4dc0ca NotificationShade (server),reason=NOT_FOCUSABLE]
12-08 09:11:26.954 1494 1726 I input_focus: [Focus entering recents_animation_input_consumer (server),reason=setFocusedWindow]
12-08 09:11:26.955 1494 1568 W WindowManager: updateScale0.4617737
12-08 09:11:26.996 1494 1700 I commit_sys_config_file: [settings-1-0,3]
12-08 09:11:27.085 1494 1905 I GameModeConfig: isGameModeOn = false
12-08 09:11:27.086 1494 1905 I GameModeConfig: isGameModeOn = false
12-08 09:11:27.086 1494 1905 I GameModeConfig: isGameModeOn = false
12-08 09:11:27.087 1494 1905 I GameModeConfig: isGameModeOn = false
12-08 09:11:27.088 12174 12174 I sysui_multi_action: [757,111,758,2]
12-08 09:11:27.088 1494 1494 I notification_enqueue: [10082,12174,com.android.systemui,2048,NULL,0,Notification(channel=updateNotification shortcut=null contentView=null vibrate=null sound=null defaults=0x0 flags=0x0 color=0x00000000 vis=PRIVATE),1]
12-08 09:11:27.088 12174 12174 I sysui_multi_action: [757,111,758,2]
12-08 09:11:27.092 1494 7671 W WindowManager: updateScale0.4617737
12-08 09:11:27.097 12174 12174 I sysui_multi_action: [757,111,758,1]
12-08 09:11:27.097 12174 12174 I sysui_multi_action: [757,126,758,1,759,126,927,0,928,1,1593,1]
12-08 09:11:27.098 12174 12174 I sysui_multi_action: [757,113,758,1,759,113,927,1,928,1,1593,1]
12-08 09:11:27.098 12174 12174 I sysui_multi_action: [757,0,758,1,759,0,927,2,928,0,1593,1]
12-08 09:11:27.098 12174 12174 I sysui_multi_action: [757,0,758,1,759,0,927,3,928,0,1593,1]
12-08 09:11:27.098 12174 12174 I sysui_multi_action: [757,491,758,1,759,491,927,4,928,0,1311,-1,1593,0]
12-08 09:11:27.098 12174 12174 I sysui_multi_action: [757,0,758,1,759,0,927,5,928,0,1593,0]
12-08 09:11:27.098 12174 12174 I sysui_multi_action: [757,111,758,1]
12-08 09:11:27.099 12174 12174 I sysui_multi_action: [757,126,758,1,759,126,927,0,928,1,1593,1]
12-08 09:11:27.099 12174 12174 I sysui_multi_action: [757,113,758,1,759,113,927,1,928,1,1593,1]
12-08 09:11:27.099 12174 12174 I sysui_multi_action: [757,0,758,1,759,0,927,2,928,0,1593,1]
12-08 09:11:27.099 12174 12174 I sysui_multi_action: [757,0,758,1,759,0,927,3,928,0,1593,1]
12-08 09:11:27.111 1494 1523 W WindowManager: updateScale0.4617737
12-08 09:11:27.114 1494 7671 W WindowManager: updateScale0.4617737
12-08 09:11:27.115 12174 12174 I sysui_multi_action: [757,111,758,2]
12-08 09:11:27.115 12174 12174 I sysui_multi_action: [757,111,758,2]
12-08 09:11:27.116 1494 1579 I sysui_latency: [8,86]
12-08 09:11:27.117 1494 1494 I notification_enqueue: [10082,12174,com.android.systemui,2048,NULL,0,Notification(channel=updateNotification shortcut=null contentView=null vibrate=null sound=null defaults=0x0 flags=0x0 color=0x00000000 vis=PRIVATE),1]
12-08 09:11:27.117 1494 1905 I GameModeConfig: isGameModeOn = false
12-08 09:11:27.118 1494 1905 I GameModeConfig: isGameModeOn = false
12-08 09:11:27.118 1494 1905 I GameModeConfig: isGameModeOn = false
12-08 09:11:27.118 1494 1905 I GameModeConfig: isGameModeOn = false
12-08 09:11:27.119 12174 12174 I sysui_multi_action: [757,111,758,1]
12-08 09:11:27.120 12174 12174 I sysui_multi_action: [757,126,758,1,759,126,927,0,928,1,1593,1]
12-08 09:11:27.121 12174 12174 I sysui_multi_action: [757,113,758,1,759,113,927,1,928,1,1593,1]
12-08 09:11:27.121 12174 12174 I sysui_multi_action: [757,0,758,1,759,0,927,2,928,0,1593,1]
12-08 09:11:27.121 12174 12174 I sysui_multi_action: [757,0,758,1,759,0,927,3,928,0,1593,1]
12-08 09:11:27.121 12174 12174 I sysui_multi_action: [757,491,758,1,759,491,927,4,928,0,1311,-1,1593,0]
12-08 09:11:27.121 12174 12174 I sysui_multi_action: [757,0,758,1,759,0,927,5,928,0,1593,0]
12-08 09:11:27.122 12174 12174 I sysui_multi_action: [757,111,758,1]
12-08 09:11:27.122 12174 12174 I sysui_multi_action: [757,126,758,1,759,126,927,0,928,1,1593,1]
12-08 09:11:27.122 12174 12174 I sysui_multi_action: [757,113,758,1,759,113,927,1,928,1,1593,1]
12-08 09:11:27.122 12174 12174 I sysui_multi_action: [757,0,758,1,759,0,927,2,928,0,1593,1]
12-08 09:11:27.122 12174 12174 I sysui_multi_action: [757,0,758,1,759,0,927,3,928,0,1593,1]
12-08 09:11:27.127 1494 1905 I GameModeConfig: isGameModeOn = false
12-08 09:11:27.128 1494 1905 I GameModeConfig: isGameModeOn = false
12-08 09:11:27.128 1494 1905 I GameModeConfig: isGameModeOn = false
12-08 09:11:27.128 1494 1905 I GameModeConfig: isGameModeOn = false
12-08 09:11:27.129 12174 12174 I sysui_multi_action: [757,111,758,2]
12-08 09:11:27.129 12174 12174 I sysui_multi_action: [757,111,758,2]
12-08 09:11:27.129 1494 1494 I notification_enqueue: [10082,12174,com.android.systemui,2048,NULL,0,Notification(channel=updateNotification shortcut=null contentView=null vibrate=null sound=null defaults=0x0 flags=0x0 color=0x00000000 vis=PRIVATE),1]
12-08 09:11:27.132 12174 12174 I sysui_multi_action: [757,111,758,1]
12-08 09:11:27.132 12174 12174 I sysui_multi_action: [757,126,758,1,759,126,927,0,928,1,1593,1]
12-08 09:11:27.132 12174 12174 I sysui_multi_action: [757,113,758,1,759,113,927,1,928,1,1593,1]
12-08 09:11:27.132 12174 12174 I sysui_multi_action: [757,0,758,1,759,0,927,2,928,0,1593,1]
12-08 09:11:27.132 12174 12174 I sysui_multi_action: [757,0,758,1,759,0,927,3,928,0,1593,1]
12-08 09:11:27.132 12174 12174 I sysui_multi_action: [757,491,758,1,759,491,927,4,928,0,1311,-1,1593,0]
12-08 09:11:27.132 12174 12174 I sysui_multi_action: [757,0,758,1,759,0,927,5,928,0,1593,0]
12-08 09:11:27.132 12174 12174 I sysui_multi_action: [757,111,758,1]
12-08 09:11:27.132 12174 12174 I sysui_multi_action: [757,126,758,1,759,126,927,0,928,1,1593,1]
12-08 09:11:27.132 12174 12174 I sysui_multi_action: [757,113,758,1,759,113,927,1,928,1,1593,1]
12-08 09:11:27.132 12174 12174 I sysui_multi_action: [757,0,758,1,759,0,927,2,928,0,1593,1]
12-08 09:11:27.133 12174 12174 I sysui_multi_action: [757,0,758,1,759,0,927,3,928,0,1593,1]
12-08 09:11:27.139 1494 1905 I GameModeConfig: isGameModeOn = false
12-08 09:11:27.139 1494 1905 I GameModeConfig: isGameModeOn = false
12-08 09:11:27.139 1494 1905 I GameModeConfig: isGameModeOn = false
12-08 09:11:27.139 1494 1905 I GameModeConfig: isGameModeOn = false
12-08 09:11:27.140 12174 12174 I sysui_multi_action: [757,111,758,2]
12-08 09:11:27.140 12174 12174 I sysui_multi_action: [757,111,758,2]
12-08 09:11:27.140 1494 1494 I notification_enqueue: [10082,12174,com.android.systemui,2048,NULL,0,Notification(channel=updateNotification shortcut=null contentView=null vibrate=null sound=null defaults=0x0 flags=0x0 color=0x00000000 vis=PRIVATE),1]
12-08 09:11:27.143 12174 12174 I sysui_multi_action: [757,111,758,1]
12-08 09:11:27.143 12174 12174 I sysui_multi_action: [757,126,758,1,759,126,927,0,928,1,1593,0]
12-08 09:11:27.143 12174 12174 I sysui_multi_action: [757,113,758,1,759,113,927,1,928,1,1593,0]
12-08 09:11:27.143 12174 12174 I sysui_multi_action: [757,0,758,1,759,0,927,2,928,0,1593,0]
12-08 09:11:27.143 12174 12174 I sysui_multi_action: [757,0,758,1,759,0,927,3,928,0,1593,1]
12-08 09:11:27.143 12174 12174 I sysui_multi_action: [757,491,758,1,759,491,927,4,928,0,1311,-1,1593,0]
12-08 09:11:27.143 12174 12174 I sysui_multi_action: [757,0,758,1,759,0,927,5,928,0,1593,0]
12-08 09:11:27.143 12174 12174 I sysui_multi_action: [757,111,758,1]
12-08 09:11:27.143 12174 12174 I sysui_multi_action: [757,126,758,1,759,126,927,0,928,1,1593,1]
12-08 09:11:27.144 12174 12174 I sysui_multi_action: [757,113,758,1,759,113,927,1,928,1,1593,1]
12-08 09:11:27.144 12174 12174 I sysui_multi_action: [757,0,758,1,759,0,927,2,928,0,1593,1]
12-08 09:11:27.144 12174 12174 I sysui_multi_action: [757,0,758,1,759,0,927,3,928,0,1593,1]
12-08 09:11:27.152 12174 12174 I sysui_multi_action: [757,111,758,2]
12-08 09:11:27.152 12174 12174 I sysui_multi_action: [757,111,758,2]
12-08 09:11:27.153 1494 1494 I notification_enqueue: [10082,12174,com.android.systemui,2048,NULL,0,Notification(channel=updateNotification shortcut=null contentView=null vibrate=null sound=null defaults=0x0 flags=0x0 color=0x00000000 vis=PRIVATE),1]
12-08 09:11:27.154 1494 1905 I GameModeConfig: isGameModeOn = false
12-08 09:11:27.154 1494 1905 I GameModeConfig: isGameModeOn = false
12-08 09:11:27.154 1494 1905 I GameModeConfig: isGameModeOn = false
12-08 09:11:27.154 1494 1905 I GameModeConfig: isGameModeOn = false
12-08 09:11:27.154 12174 12174 I sysui_multi_action: [757,111,758,1]
12-08 09:11:27.155 12174 12174 I sysui_multi_action: [757,126,758,1,759,126,927,0,928,1,1593,1]
12-08 09:11:27.155 12174 12174 I sysui_multi_action: [757,113,758,1,759,113,927,1,928,1,1593,1]
12-08 09:11:27.155 12174 12174 I sysui_multi_action: [757,0,758,1,759,0,927,2,928,0,1593,1]
12-08 09:11:27.155 12174 12174 I sysui_multi_action: [757,0,758,1,759,0,927,3,928,0,1593,1]
12-08 09:11:27.155 12174 12174 I sysui_multi_action: [757,491,758,1,759,491,927,4,928,0,1311,-1,1593,0]
12-08 09:11:27.155 12174 12174 I sysui_multi_action: [757,0,758,1,759,0,927,5,928,0,1593,0]
12-08 09:11:27.155 12174 12174 I sysui_multi_action: [757,111,758,1]
12-08 09:11:27.155 12174 12174 I sysui_multi_action: [757,126,758,1,759,126,927,0,928,1,1593,1]
12-08 09:11:27.155 12174 12174 I sysui_multi_action: [757,113,758,1,759,113,927,1,928,1,1593,1]
12-08 09:11:27.155 12174 12174 I sysui_multi_action: [757,0,758,1,759,0,927,2,928,0,1593,1]
12-08 09:11:27.155 12174 12174 I sysui_multi_action: [757,0,758,1,759,0,927,3,928,0,1593,1]
12-08 09:11:27.168 1494 1905 I GameModeConfig: isGameModeOn = false
12-08 09:11:27.169 1494 1905 I GameModeConfig: isGameModeOn = false
12-08 09:11:27.169 1494 1905 I GameModeConfig: isGameModeOn = false
12-08 09:11:27.169 1494 1905 I GameModeConfig: isGameModeOn = false
12-08 09:11:27.169 12174 12174 I sysui_multi_action: [757,111,758,2]
12-08 09:11:27.170 12174 12174 I sysui_multi_action: [757,111,758,2]
12-08 09:11:27.170 1494 1494 I notification_enqueue: [10082,12174,com.android.systemui,2048,NULL,0,Notification(channel=updateNotification shortcut=null contentView=null vibrate=null sound=null defaults=0x0 flags=0x0 color=0x00000000 vis=PRIVATE),1]
12-08 09:11:27.172 12174 12174 I sysui_multi_action: [757,111,758,1]
12-08 09:11:27.172 12174 12174 I sysui_multi_action: [757,126,758,1,759,126,927,0,928,1,1593,1]
12-08 09:11:27.172 12174 12174 I sysui_multi_action: [757,113,758,1,759,113,927,1,928,1,1593,1]
12-08 09:11:27.172 12174 12174 I sysui_multi_action: [757,0,758,1,759,0,927,2,928,0,1593,1]
12-08 09:11:27.172 12174 12174 I sysui_multi_action: [757,0,758,1,759,0,927,3,928,0,1593,1]
12-08 09:11:27.172 12174 12174 I sysui_multi_action: [757,491,758,1,759,491,927,4,928,0,1311,-1,1593,0]
12-08 09:11:27.172 12174 12174 I sysui_multi_action: [757,0,758,1,759,0,927,5,928,0,1593,0]
12-08 09:11:27.172 12174 12174 I sysui_multi_action: [757,111,758,1]
12-08 09:11:27.172 12174 12174 I sysui_multi_action: [757,126,758,1,759,126,927,0,928,1,1593,1]
12-08 09:11:27.172 12174 12174 I sysui_multi_action: [757,113,758,1,759,113,927,1,928,1,1593,1]
12-08 09:11:27.172 12174 12174 I sysui_multi_action: [757,0,758,1,759,0,927,2,928,0,1593,1]
12-08 09:11:27.172 12174 12174 I sysui_multi_action: [757,0,758,1,759,0,927,3,928,0,1593,1]
