12-08 09:11:58.867 1494 1494 I GameModeConfig: Current uri is uri = content://com.thundercomm.gamemode.api/gamemode_settings/gamemode_isgaming
12-08 09:11:58.869 1494 1494 I GameModeConfig: isGameModeOn = false
12-08 09:11:58.870 1494 1494 I GameModeConfig: isGameModeOn = false
12-08 09:11:58.870 1494 1494 I GameModeConfig: isDisableVoice = true
12-08 09:11:59.045 1494 1568 I wm_task_removed: [230,removeChild:removeChild last r=ActivityRecord{e593300 u0 com.android.music/.VideoBrowserActivity t-1 f}} in t=Task{279c583 #230 type=standard A=10090:android.task.video U=0 visible=false mode=freeform translucent=true sz=0}]
12-08 09:11:59.045 1494 1568 I wm_task_removed: [230,removeChild]
12-08 09:11:59.045 1494 1568 D FreeFormWindowHelper: Remove freefrom task=Task{279c583 #230 type=standard A=10090:android.task.video U=0 visible=false mode=freeform translucent=true sz=0}
12-08 09:11:59.055 14757 14757 I auditd : type=1400 audit(0.0:18913): avc: denied { kill } for comm="kworker/u17:2" capability=5 scontext=u:r:kernel:s0 tcontext=u:r:kernel:s0 tclass=capability permissive=0
12-08 09:11:59.172 1494 1726 I input_interaction: Interaction with: fda1c2b com.android.launcher3/com.android.launcher3.uioverrides.QuickstepLauncher (server), dc2a546 com.android.systemui.ImageWallpaper (server), edge-swipe (server), swipe-up (server), PointerEventDispatcher0 (server),
12-08 09:11:59.324 1494 1905 I GameModeConfig: isGameModeOn = false
12-08 09:11:59.357 1494 1905 I GameModeConfig: isGameModeOn = false
12-08 09:11:59.363 1494 1905 I GameModeConfig: isGameModeOn = false
12-08 09:11:59.373 1494 1905 I GameModeConfig: isGameModeOn = false
12-08 09:11:59.396 1494 1905 I GameModeConfig: isGameModeOn = false
12-08 09:11:59.409 1494 1905 I GameModeConfig: isGameModeOn = false
12-08 09:11:59.425 1494 1905 I GameModeConfig: isGameModeOn = false
12-08 09:11:59.442 1494 1905 I GameModeConfig: isGameModeOn = false
12-08 09:11:59.465 1494 1905 I GameModeConfig: isGameModeOn = false
12-08 09:11:59.476 1494 1905 I GameModeConfig: isGameModeOn = false
12-08 09:11:59.492 1494 1905 I GameModeConfig: isGameModeOn = false
12-08 09:11:59.512 1494 1905 I GameModeConfig: isGameModeOn = false
12-08 09:11:59.530 1494 1905 I GameModeConfig: isGameModeOn = false
12-08 09:11:59.531 1494 1905 I GameModeConfig: isGameModeOn = false
12-08 09:11:59.544 1494 1905 I GameModeConfig: isGameModeOn = false
12-08 09:11:59.556 1494 1905 I GameModeConfig: isGameModeOn = false
12-08 09:11:59.560 1494 1905 I GameModeConfig: isGameModeOn = false
12-08 09:11:59.566 1494 1905 I GameModeConfig: isGameModeOn = false
12-08 09:11:59.573 1494 1905 I GameModeConfig: isGameModeOn = false
12-08 09:11:59.579 1494 1905 I GameModeConfig: isGameModeOn = false
12-08 09:11:59.592 1494 1905 I GameModeConfig: isGameModeOn = false
12-08 09:11:59.596 1494 1905 I GameModeConfig: isGameModeOn = false
12-08 09:11:59.608 1494 1905 I GameModeConfig: isGameModeOn = false
12-08 09:11:59.612 1494 1905 I GameModeConfig: isGameModeOn = false
12-08 09:11:59.626 1494 1905 I GameModeConfig: isGameModeOn = false
12-08 09:11:59.630 1494 1905 I GameModeConfig: isGameModeOn = false
12-08 09:11:59.644 1494 1905 I GameModeConfig: isGameModeOn = false
12-08 09:11:59.647 1494 1905 I GameModeConfig: isGameModeOn = false
12-08 09:11:59.664 1494 1905 I GameModeConfig: isGameModeOn = false
12-08 09:11:59.665 1494 1905 I GameModeConfig: isGameModeOn = false
12-08 09:11:59.680 1494 1905 I GameModeConfig: isGameModeOn = false
12-08 09:11:59.696 1494 1905 I GameModeConfig: isGameModeOn = false
12-08 09:11:59.724 1494 1905 I GameModeConfig: isGameModeOn = false
12-08 09:11:59.734 1494 1905 I GameModeConfig: isGameModeOn = false
12-08 09:11:59.747 1494 1905 I GameModeConfig: isGameModeOn = false
12-08 09:11:59.763 1494 1681 I wm_finish_activity: [0,137349896,222,com.android.soundrecorder/.SoundRecorder,recent-task-trimmed]
12-08 09:11:59.765 1494 1681 I wm_destroy_activity: [0,137349896,222,com.android.soundrecorder/.SoundRecorder,finish-imm:finishIfPossible]
12-08 09:11:59.767 1494 1905 I GameModeConfig: isGameModeOn = false
12-08 09:11:59.769 1494 1566 I ActivityManager: Killing 17431:com.android.soundrecorder/u0a61 (adj 910): remove task
12-08 09:11:59.769 1494 1566 I am_kill : [0,17431,com.android.soundrecorder,910,remove task]
12-08 09:11:59.772 1494 1681 I wm_finish_activity: [0,28486392,223,com.android.deskclock/.DeskClock,recent-task-trimmed]
12-08 09:11:59.773 1494 1681 I wm_destroy_activity: [0,28486392,223,com.android.deskclock/.DeskClock,finish-imm:finishIfPossible]
12-08 09:11:59.774 1494 1681 W ActivityTaskManager: Request to remove task ignored for non-existent task 230
12-08 09:11:59.774 1494 1681 I wm_finish_activity: [0,33760129,226,com.android.settings/.Settings,recent-task-trimmed]
12-08 09:11:59.775 1494 1681 I wm_destroy_activity: [0,33760129,226,com.android.settings/.Settings,finish-imm:finishIfPossible]
12-08 09:11:59.783 1494 1566 I sysui_multi_action: [757,803,799,window_time_0,802,1]
12-08 09:11:59.784 1494 7671 W ActivityTaskManager: removeTask: No task remove with id=230
12-08 09:11:59.784 1494 1905 I GameModeConfig: isGameModeOn = false
12-08 09:11:59.786 19176 19176 I wm_on_destroy_called: [33760129,com.android.settings.Settings,performDestroy]
12-08 09:11:59.787 1494 1566 I ActivityManager: Killing 17941:com.android.deskclock/u0a66 (adj 900): remove task
12-08 09:11:59.787 1494 1566 I am_kill : [0,17941,com.android.deskclock,900,remove task]
12-08 09:11:59.793 1494 1681 I wm_task_removed: [226,removeChild:removeChild last r=ActivityRecord{2032381 u0 com.android.settings/.Settings t-1 f}} in t=Task{e197c03 #226 type=standard A=1000:com.android.settings.root U=0 visible=false mode=fullscreen translucent=true sz=0}]
12-08 09:11:59.793 1494 1681 I wm_task_removed: [226,removeChild]
12-08 09:11:59.794 1494 1566 I sysui_multi_action: [757,803,799,window_time_0,802,0]
12-08 09:11:59.796 1494 1905 I GameModeConfig: isGameModeOn = false
12-08 09:11:59.796 1494 1566 I ActivityManager: Killing 19176:com.android.settings/1000 (adj 905): remove task
12-08 09:11:59.797 1494 1566 I am_kill : [0,19176,com.android.settings,905,remove task]
12-08 09:11:59.799 1494 1568 W ActivityTaskManager: Can't find TaskDisplayArea to determine support for multi window. Task id=226 attached=false
12-08 09:11:59.799 1494 1568 W ActivityTaskManager: Can't find TaskDisplayArea to determine support for multi window. Task id=226 attached=false
12-08 09:11:59.800 1494 1566 I sysui_multi_action: [757,803,799,window_time_0,802,0]
12-08 09:11:59.801 1494 1579 W UsageStatsService: Unexpected activity event reported! (com.android.settings/com.android.settings.homepage.SettingsHomepageActivity event : 23 instanceId : 137008218)
12-08 09:11:59.816 1494 2743 E TaskPersister: File error accessing recents directory (directory doesn't exist?).
12-08 09:11:59.816 1494 1905 I GameModeConfig: isGameModeOn = false
12-08 09:11:59.832 1494 8468 I WindowManager: WIN DEATH: Window{5f00638 u0 com.android.soundrecorder/com.android.soundrecorder.SoundRecorder}
12-08 09:11:59.833 1494 6909 I am_proc_died: [0,17431,com.android.soundrecorder,910,18]
12-08 09:11:59.834 1494 1905 I GameModeConfig: isGameModeOn = false
12-08 09:11:59.837 1494 6909 I am_uid_stopped: 10061
12-08 09:11:59.839 1494 6909 I wm_task_removed: [222,removeChild:removeChild last r=ActivityRecord{82fcb08 u0 com.android.soundrecorder/.SoundRecorder t-1 f}} in t=Task{67c5376 #222 type=standard A=10061:com.android.soundrecorder U=0 visible=false mode=fullscreen translucent=true sz=0}]
12-08 09:11:59.839 1494 6909 I wm_task_removed: [222,removeChild]
12-08 09:11:59.841 1494 1566 W ActivityManager: setHasOverlayUi called on unknown pid: 17431
12-08 09:11:59.841 1494 1579 W UsageStatsService: Unexpected activity event reported! (com.android.soundrecorder/com.android.soundrecorder.SoundRecorder event : 23 instanceId : 212524905)
12-08 09:11:59.842 1494 1568 W ActivityTaskManager: Can't find TaskDisplayArea to determine support for multi window. Task id=222 attached=false
12-08 09:11:59.842 1494 1568 W ActivityTaskManager: Can't find TaskDisplayArea to determine support for multi window. Task id=222 attached=false
12-08 09:11:59.845 1494 1566 W ActivityManager: ProcessRecord{6ed9c26 19176:com.android.settings/1000} is attached to a previous process
12-08 09:11:59.846 1494 1566 W ActivityManager: Existing proc ProcessRecord{6ed9c26 19176:com.android.settings/1000} was killed 48ms ago when adding ProcessRecord{3e63067 0:com.android.settings/1000}
12-08 09:11:59.847 1494 1905 I GameModeConfig: isGameModeOn = false
12-08 09:11:59.847 1494 1566 D CompatibilityChangeReporter: Compat change id reported: 135634846; UID 1000; state: DISABLED
12-08 09:11:59.848 1494 1566 D CompatibilityChangeReporter: Compat change id reported: 177438394; UID 1000; state: DISABLED
12-08 09:11:59.848 1494 1566 D CompatibilityChangeReporter: Compat change id reported: 135772972; UID 1000; state: DISABLED
12-08 09:11:59.848 1494 1566 D CompatibilityChangeReporter: Compat change id reported: 135754954; UID 1000; state: ENABLED
12-08 09:11:59.849 1494 1566 I am_uid_running: 10061
12-08 09:11:59.851 1494 1566 D CompatibilityChangeReporter: Compat change id reported: 135634846; UID 10061; state: DISABLED
12-08 09:11:59.852 1494 1566 D CompatibilityChangeReporter: Compat change id reported: 177438394; UID 10061; state: DISABLED
12-08 09:11:59.852 1494 1566 D CompatibilityChangeReporter: Compat change id reported: 135772972; UID 10061; state: DISABLED
12-08 09:11:59.852 1494 1566 D CompatibilityChangeReporter: Compat change id reported: 135754954; UID 10061; state: ENABLED
12-08 09:11:59.860 1494 6909 I am_proc_died: [0,17941,com.android.deskclock,900,18]
12-08 09:11:59.860 1494 6584 I WindowManager: WIN DEATH: Window{9d0f84b u0 com.android.deskclock/com.android.deskclock.DeskClock}
12-08 09:11:59.863 1494 6909 I am_uid_stopped: 10066
12-08 09:11:59.865 1494 6909 I wm_task_removed: [223,removeChild:removeChild last r=ActivityRecord{1b2aaf8 u0 com.android.deskclock/.DeskClock t-1 f}} in t=Task{34b140d #223 type=standard A=10066:com.android.deskclock U=0 visible=false mode=fullscreen translucent=true sz=0}]
12-08 09:11:59.865 1494 6909 I wm_task_removed: [223,removeChild]
12-08 09:11:59.867 1494 1905 I GameModeConfig: isGameModeOn = false
12-08 09:11:59.868 1494 1566 W ActivityManager: setHasOverlayUi called on unknown pid: 17941
12-08 09:11:59.868 1494 1579 W UsageStatsService: Unexpected activity event reported! (com.android.deskclock/com.android.deskclock.DeskClock event : 23 instanceId : 130502485)
12-08 09:11:59.869 1494 1568 W ActivityTaskManager: Can't find TaskDisplayArea to determine support for multi window. Task id=223 attached=false
12-08 09:11:59.869 1494 1568 W ActivityTaskManager: Can't find TaskDisplayArea to determine support for multi window. Task id=223 attached=false
12-08 09:11:59.882 10409 10425 W ContextImpl: Calling a method in the system process without a qualified user: android.app.ContextImpl.startService:1816 android.content.ContextWrapper.startService:774 com.thundercomm.gamemode.ingame.services.GameModeActionUtils.startGameModeService:93 com.thundercomm.gamemode.ingame.services.GameModeActionUtils.startGameModeEntry:21 com.thundercomm.gamemode.ingame.services.ActivityMonitoringService$1.onActivityLaunch:127
12-08 09:11:59.885 1494 1494 I GameModeConfig: Current uri is uri = content://com.thundercomm.gamemode.api/gamemode_settings/gamemode_isgaming
12-08 09:11:59.887 1494 1494 I GameModeConfig: isGameModeOn = false
12-08 09:11:59.888 1494 1494 I GameModeConfig: isGameModeOn = false
12-08 09:11:59.888 1494 1494 I GameModeConfig: isDisableVoice = true
12-08 09:11:59.901 1494 2823 I am_proc_died: [0,19176,com.android.settings,905,19]
12-08 09:11:59.902 1494 1582 W ActivityManager: Slow operation: 56ms so far, now at startProcess: asking zygote to start proc
12-08 09:11:59.918 1494 1582 W ActivityManager: Slow operation: 72ms so far, now at startProcess: returned from zygote!
12-08 09:11:59.919 1494 1582 W ActivityManager: Slow operation: 73ms so far, now at startProcess: done updating battery stats
12-08 09:11:59.919 1494 1582 I am_proc_start: [0,19826,1000,com.android.settings,NULL,]
12-08 09:11:59.919 1494 1582 W ActivityManager: Slow operation: 73ms so far, now at startProcess: building log message
12-08 09:11:59.919 1494 1582 I ActivityManager: Start proc 19826:com.android.settings/1000 for null
12-08 09:11:59.919 1494 1582 W ActivityManager: Slow operation: 73ms so far, now at startProcess: starting to update pids map
12-08 09:11:59.919 1494 1582 W ActivityManager: Slow operation: 73ms so far, now at startProcess: done updating pids map
12-08 09:11:59.919 1494 1582 W ActivityManager: Slow operation: 70ms so far, now at startProcess: asking zygote to start proc
12-08 09:11:59.919 1494 1582 D CompatibilityChangeReporter: Compat change id reported: 143937733; UID 10061; state: ENABLED
12-08 09:11:59.933 1494 1582 W ActivityManager: Slow operation: 84ms so far, now at startProcess: returned from zygote!
12-08 09:11:59.933 1494 1582 W ActivityManager: Slow operation: 85ms so far, now at startProcess: done updating battery stats
12-08 09:11:59.933 1494 1582 I am_proc_start: [0,19827,10061,com.android.soundrecorder,NULL,]
12-08 09:11:59.934 1494 1582 W ActivityManager: Slow operation: 85ms so far, now at startProcess: building log message
12-08 09:11:59.934 1494 1582 I ActivityManager: Start proc 19827:com.android.soundrecorder/u0a61 for null
12-08 09:11:59.934 1494 1582 W ActivityManager: Slow operation: 85ms so far, now at startProcess: starting to update pids map
12-08 09:11:59.934 1494 1582 W ActivityManager: Slow operation: 85ms so far, now at startProcess: done updating pids map
12-08 09:11:59.951 1494 1523 I am_proc_bound: [0,19826,com.android.settings]
12-08 09:11:59.963 1494 1523 I am_proc_bound: [0,19827,com.android.soundrecorder]
12-08 09:12:00.031 1494 1523 W FreeFormWindowHelper: exitRecentTasks type=2
12-08 09:12:00.055 0 0 I auditd : type=1400 audit(0.0:18914): avc: denied { kill } for comm="swapper/3" capability=5 scontext=u:r:kernel:s0 tcontext=u:r:kernel:s0 tclass=capability permissive=0
12-08 09:12:01.055 0 0 I auditd : type=1400 audit(0.0:18915): avc: denied { kill } for comm="swapper/3" capability=5 scontext=u:r:kernel:s0 tcontext=u:r:kernel:s0 tclass=capability permissive=0
12-08 09:12:01.064 1494 1905 I GameModeConfig: isGameModeOn = false
12-08 09:12:01.079 1494 1905 I GameModeConfig: isGameModeOn = false
12-08 09:12:01.097 1494 1905 I GameModeConfig: isGameModeOn = false
12-08 09:12:01.120 1494 1905 I GameModeConfig: isGameModeOn = false
12-08 09:12:01.128 1494 1905 I GameModeConfig: isGameModeOn = false
12-08 09:12:01.150 1494 1905 I GameModeConfig: isGameModeOn = false
12-08 09:12:01.174 1494 1905 I GameModeConfig: isGameModeOn = false
12-08 09:12:01.252 1494 1905 I GameModeConfig: isGameModeOn = false
12-08 09:12:01.286 1494 1905 I GameModeConfig: isGameModeOn = false
12-08 09:12:01.306 1494 1905 I GameModeConfig: isGameModeOn = false
12-08 09:12:01.319 1494 1905 I GameModeConfig: isGameModeOn = false
12-08 09:12:01.337 1494 1905 I GameModeConfig: isGameModeOn = false
12-08 09:12:01.359 1494 1905 I GameModeConfig: isGameModeOn = false
12-08 09:12:01.380 1494 1905 I GameModeConfig: isGameModeOn = false
12-08 09:12:02.467 1494 1905 I GameModeConfig: isGameModeOn = false
12-08 09:12:02.494 1494 1905 I GameModeConfig: isGameModeOn = false
12-08 09:12:02.509 1494 1905 I GameModeConfig: isGameModeOn = false
12-08 09:12:02.522 1494 1905 I GameModeConfig: isGameModeOn = false
12-08 09:12:02.537 1494 1905 I GameModeConfig: isGameModeOn = false
12-08 09:12:02.553 1494 1905 I GameModeConfig: isGameModeOn = false
12-08 09:12:02.571 1494 1905 I GameModeConfig: isGameModeOn = false
12-08 09:12:02.586 1494 1905 I GameModeConfig: isGameModeOn = false
12-08 09:12:02.616 1494 1905 I GameModeConfig: isGameModeOn = false
12-08 09:12:02.640 1494 1905 I GameModeConfig: isGameModeOn = false
12-08 09:12:02.660 1494 1905 I GameModeConfig: isGameModeOn = false
12-08 09:12:02.668 1494 1905 I GameModeConfig: isGameModeOn = false
12-08 09:12:02.669 1494 1905 I GameModeConfig: isGameModeOn = false
12-08 09:12:02.680 1494 1905 I GameModeConfig: isGameModeOn = false
12-08 09:12:02.697 1494 1905 I GameModeConfig: isGameModeOn = false
12-08 09:12:02.699 1494 1905 I GameModeConfig: isGameModeOn = false
12-08 09:12:02.712 1494 1905 I GameModeConfig: isGameModeOn = false
12-08 09:12:02.715 1494 1905 I GameModeConfig: isGameModeOn = false
12-08 09:12:02.723 1494 1905 I GameModeConfig: isGameModeOn = false
12-08 09:12:02.730 1494 1905 I GameModeConfig: isGameModeOn = false
12-08 09:12:02.736 1494 1905 I GameModeConfig: isGameModeOn = false
12-08 09:12:02.748 1494 1905 I GameModeConfig: isGameModeOn = false
12-08 09:12:02.756 1494 1905 I GameModeConfig: isGameModeOn = false
12-08 09:12:02.768 1494 1905 I GameModeConfig: isGameModeOn = false
12-08 09:12:02.782 1494 1905 I GameModeConfig: isGameModeOn = false
12-08 09:12:02.783 1494 1905 I GameModeConfig: isGameModeOn = false
12-08 09:12:02.789 1494 1905 I GameModeConfig: isGameModeOn = false
12-08 09:12:02.800 1494 1905 I GameModeConfig: isGameModeOn = false
12-08 09:12:02.821 1494 1905 I GameModeConfig: isGameModeOn = false
12-08 09:12:02.822 1494 1905 I GameModeConfig: isGameModeOn = false
12-08 09:12:02.843 1494 1905 I GameModeConfig: isGameModeOn = false
12-08 09:12:02.857 1494 1905 I GameModeConfig: isGameModeOn = false
12-08 09:12:02.865 1494 2124 I ActivityTaskManager: START u0 {act=android.intent.action.MAIN cat=[android.intent.category.LAUNCHER] flg=0x10200000 cmp=com.android.music/.MusicBrowserActivity bnds=[2308,540][2494,740]} from uid 10080
12-08 09:12:02.872 1494 2124 I wm_task_created: [231,-1]
12-08 09:12:02.872 1494 2124 W ActivityTaskManager: Can't find TaskDisplayArea to determine support for multi window. Task id=231 attached=false
12-08 09:12:02.876 1494 2124 I wm_task_moved: [231,1,6]
12-08 09:12:02.876 1494 2124 I wm_task_to_front: [0,231]
12-08 09:12:02.876 1494 1905 I GameModeConfig: isGameModeOn = false
12-08 09:12:02.877 1494 2124 I wm_create_task: [0,231]
12-08 09:12:02.877 1494 2124 I wm_create_activity: [0,121558406,231,com.android.music/.MusicBrowserActivity,android.intent.action.MAIN,NULL,NULL,270532608]
12-08 09:12:02.877 1494 2124 I wm_task_moved: [231,1,6]
12-08 09:12:02.882 1494 2124 I wm_pause_activity: [0,103271708,com.android.launcher3/.uioverrides.QuickstepLauncher,userLeaving=true,pauseBackTasks]
12-08 09:12:02.886 1494 1905 I GameModeConfig: isGameModeOn = false
12-08 09:12:02.899 2523 2523 I wm_on_top_resumed_lost_called: [103271708,com.android.launcher3.uioverrides.QuickstepLauncher,topStateChangedWhenResumed]
12-08 09:12:02.900 1494 1905 I GameModeConfig: isGameModeOn = false
12-08 09:12:02.903 2523 2523 I wm_on_paused_called: [103271708,com.android.launcher3.uioverrides.QuickstepLauncher,performPause]
12-08 09:12:02.904 1494 1523 I ActivityTaskManager: FOREGROUND_APPLICATION_CHANGED to com.android.music.MusicBrowserActivity
12-08 09:12:02.904 1494 1523 I ActivityTaskManager: The Process com.android.music Already Exists in BG. So sending its PID: 14889
12-08 09:12:02.905 1494 1523 W ActivityTaskManager: Tried to set launchTime (0) < mLastActivityLaunchTime (17655962)
12-08 09:12:02.905 1494 1523 I wm_add_to_stopping: [0,103271708,com.android.launcher3/.uioverrides.QuickstepLauncher,makeInvisible]
12-08 09:12:02.906 1494 1523 I wm_restart_activity: [0,121558406,231,com.android.music/.MusicBrowserActivity]
12-08 09:12:02.907 1494 1523 I wm_set_resumed_activity: [0,com.android.music/.MusicBrowserActivity,minimalResumeActivityLocked]
12-08 09:12:02.919 1494 1566 I sysui_multi_action: [757,803,799,window_time_0,802,3]
12-08 09:12:02.923 1494 1726 I input_focus: [Focus leaving fda1c2b com.android.launcher3/com.android.launcher3.uioverrides.QuickstepLauncher (server),reason=NO_WINDOW]
12-08 09:12:02.928 1494 1905 I GameModeConfig: isGameModeOn = false
12-08 09:12:02.928 10409 10425 W ContextImpl: Calling a method in the system process without a qualified user: android.app.ContextImpl.startService:1816 android.content.ContextWrapper.startService:774 com.thundercomm.gamemode.ingame.services.GameModeActionUtils.startGameModeService:93 com.thundercomm.gamemode.ingame.services.GameModeActionUtils.startGameModeEntry:21 com.thundercomm.gamemode.ingame.services.ActivityMonitoringService$1.onActivityLaunch:127
12-08 09:12:02.934 1494 1905 I GameModeConfig: isGameModeOn = false
12-08 09:12:02.939 1494 1494 I GameModeConfig: Current uri is uri = content://com.thundercomm.gamemode.api/gamemode_settings/gamemode_isgaming
12-08 09:12:02.943 1494 1494 I GameModeConfig: isGameModeOn = false
12-08 09:12:02.944 1494 1494 I GameModeConfig: isGameModeOn = false
12-08 09:12:02.944 1494 1494 I GameModeConfig: isDisableVoice = true
12-08 09:12:02.951 1494 1905 I GameModeConfig: isGameModeOn = false
12-08 09:12:02.955 14889 14889 I wm_on_create_called: [121558406,com.android.music.MusicBrowserActivity,performCreate]
12-08 09:12:02.964 14889 14889 I wm_on_start_called: [121558406,com.android.music.MusicBrowserActivity,handleStartActivity]
12-08 09:12:02.964 14889 14889 I wm_on_resume_called: [121558406,com.android.music.MusicBrowserActivity,RESUME_ACTIVITY]
12-08 09:12:02.966 14889 14889 I wm_on_top_resumed_gained_called: [121558406,com.android.music.MusicBrowserActivity,topStateChangedWhenResumed]
12-08 09:12:02.974 1494 1905 I GameModeConfig: isGameModeOn = false
12-08 09:12:02.987 1494 1905 I GameModeConfig: isGameModeOn = false
12-08 09:12:03.007 1494 1905 I GameModeConfig: isGameModeOn = false
12-08 09:12:03.010 1494 7390 I sysui_multi_action: [757,856,758,1,806,com.android.music,857,Channel-music,858,2]
12-08 09:12:03.013 1494 1905 I GameModeConfig: isGameModeOn = false
12-08 09:12:03.014 1494 1905 I GameModeConfig: isGameModeOn = false
12-08 09:12:03.014 1494 1905 I GameModeConfig: isGameModeOn = false
12-08 09:12:03.014 1494 1905 I GameModeConfig: isGameModeOn = false
12-08 09:12:03.014 10409 10425 W ContextImpl: Calling a method in the system process without a qualified user: android.app.ContextImpl.startService:1816 android.content.ContextWrapper.startService:774 com.thundercomm.gamemode.ingame.services.GameModeActionUtils.startGameModeService:93 com.thundercomm.gamemode.ingame.services.GameModeActionUtils.startGameModeEntry:21 com.thundercomm.gamemode.ingame.services.ActivityMonitoringService$1.onActivityLaunch:127
12-08 09:12:03.020 1494 1494 I GameModeConfig: Current uri is uri = content://com.thundercomm.gamemode.api/gamemode_settings/gamemode_isgaming
12-08 09:12:03.022 1494 1494 I GameModeConfig: isGameModeOn = false
12-08 09:12:03.022 1494 1494 I GameModeConfig: isGameModeOn = false
12-08 09:12:03.022 1494 1494 I GameModeConfig: isDisableVoice = true
12-08 09:12:03.026 1494 1905 I GameModeConfig: isGameModeOn = false
12-08 09:12:03.033 1494 1494 I notification_enqueue: [10090,14889,com.android.music,1,NULL,0,Notification(channel=Channel-music shortcut=null contentView=null vibrate=null sound=null defaults=0x0 flags=0x0 color=0x00000000 category=transport actions=4 vis=PRIVATE),0]
12-08 09:12:03.034 1494 1494 I notification_enqueue: [10090,14889,com.android.music,1,NULL,0,Notification(channel=Channel-music shortcut=null contentView=null vibrate=null sound=null defaults=0x0 flags=0x40 color=0x00000000 category=transport actions=4 vis=PRIVATE),0]
12-08 09:12:03.035 1494 1905 I GameModeConfig: isGameModeOn = false
12-08 09:12:03.035 1494 1905 I GameModeConfig: isGameModeOn = false
12-08 09:12:03.036 1494 1905 I GameModeConfig: isGameModeOn = false
12-08 09:12:03.036 1494 1905 I GameModeConfig: isGameModeOn = false
12-08 09:12:03.047 1494 1494 I notification_enqueue: [10090,14889,com.android.music,1,NULL,0,Notification(channel=Channel-music shortcut=null contentView=null vibrate=null sound=null defaults=0x0 flags=0x40 color=0x00000000 category=transport actions=4 vis=PRIVATE),0]
12-08 09:12:03.049 1494 1494 I notification_enqueue: [10090,14889,com.android.music,1,NULL,0,Notification(channel=Channel-music shortcut=null contentView=null vibrate=null sound=null defaults=0x0 flags=0x40 color=0x00000000 category=transport actions=4 vis=PRIVATE),0]
12-08 09:12:03.054 1494 1905 I GameModeConfig: isGameModeOn = false
12-08 09:12:03.056 1494 1905 I GameModeConfig: isGameModeOn = false
12-08 09:12:03.056 1494 1905 I GameModeConfig: isGameModeOn = false
12-08 09:12:03.057 1494 1905 I GameModeConfig: isGameModeOn = false
12-08 09:12:03.062 1494 1494 I notification_enqueue: [10090,14889,com.android.music,1,NULL,0,Notification(channel=Channel-music shortcut=null contentView=null vibrate=null sound=null defaults=0x0 flags=0x40 color=0x00000000 category=transport actions=4 vis=PRIVATE),0]
12-08 09:12:03.064 1494 1494 I notification_enqueue: [10090,14889,com.android.music,1,NULL,0,Notification(channel=Channel-music shortcut=null contentView=null vibrate=null sound=null defaults=0x0 flags=0x40 color=0x00000000 category=transport actions=4 vis=PRIVATE),0]
12-08 09:12:03.068 1494 1568 I input_focus: [Focus request bdb372 com.android.music/com.android.music.MusicBrowserActivity,reason=UpdateInputWindows]
12-08 09:12:03.088 1494 1563 I sysui_multi_action: [319,74,321,71,322,215,325,17718,757,761,758,8,759,1,806,com.android.music,871,com.android.music.MusicBrowserActivity,904,com.android.launcher3,905,0,1320,4,1321,5]
12-08 09:12:03.089 1494 1563 I wm_activity_launch_time: [0,121558406,com.android.music/.MusicBrowserActivity,215]
12-08 09:12:03.091 1494 1726 I input_focus: [Focus entering bdb372 com.android.music/com.android.music.MusicBrowserActivity (server),reason=setFocusedWindow]
12-08 09:12:03.234 1494 1494 I sysui_multi_action: [757,1501,758,1,793,204,794,0,795,204,796,1,806,com.android.music,857,Channel-music,858,2,947,0,1500,0,1641,transport,1688,1,1745,1043716538]
12-08 09:12:03.234 1494 1494 I sysui_multi_action: [757,804,799,note_interruptive,801,0,802,1]
12-08 09:12:03.234 1494 1494 I GameModeConfig: isGameModeOn = false
12-08 09:12:03.237 1494 1494 W NotificationHistory: Attempted to add notif for locked/gone/disabled user 0
12-08 09:12:03.238 1494 1494 I GameModeConfig: isGameModeOn = false
12-08 09:12:03.248 1494 1494 I GameModeConfig: isGameModeOn = false
12-08 09:12:03.249 1494 1494 I GameModeConfig: isGameModeOn = false
12-08 09:12:03.263 1494 1494 I GameModeConfig: isGameModeOn = false
12-08 09:12:03.264 1494 1494 I GameModeConfig: isGameModeOn = false
12-08 09:12:03.270 1494 1565 I commit_sys_config_file: [notification-policy,17708578]
12-08 09:12:03.359 1494 1494 I sysui_multi_action: [757,128,758,5,759,8,793,574660,794,0,795,574660,796,1,797,empty_media,806,com.android.systemui,857,empty_media_style_id,858,4,947,0,1500,574455,1641,transport,1688,1,1745,1043716538]
12-08 09:12:03.359 1494 1494 I notification_canceled: [0|com.android.systemui|1|empty_media|10082,8,574660,574660,0,-1,-1,NULL]
12-08 09:12:03.362 1494 1494 D CompatibilityChangeReporter: Compat change id reported: 175319604; UID 1000; state: ENABLED
12-08 09:12:03.362 1494 1494 D CompatibilityChangeReporter: Compat change id reported: 175319604; UID 1000; state: DISABLED
12-08 09:12:03.463 1494 1566 I wm_stop_activity: [0,103271708,com.android.launcher3/.uioverrides.QuickstepLauncher]
12-08 09:12:03.493 2523 2523 I wm_on_stop_called: [103271708,com.android.launcher3.uioverrides.QuickstepLauncher,STOP_ACTIVITY_ITEM]
12-08 09:12:03.515 10409 10425 W ContextImpl: Calling a method in the system process without a qualified user: android.app.ContextImpl.startService:1816 android.content.ContextWrapper.startService:774 com.thundercomm.gamemode.ingame.services.GameModeActionUtils.startGameModeService:93 com.thundercomm.gamemode.ingame.services.GameModeActionUtils.startGameModeEntry:21 com.thundercomm.gamemode.ingame.services.ActivityMonitoringService$1.onActivityLaunch:127
12-08 09:12:03.521 1494 1494 I GameModeConfig: Current uri is uri = content://com.thundercomm.gamemode.api/gamemode_settings/gamemode_isgaming
12-08 09:12:03.523 1494 1494 I GameModeConfig: isGameModeOn = false
12-08 09:12:03.523 1494 1494 I GameModeConfig: isGameModeOn = false
12-08 09:12:03.523 1494 1494 I GameModeConfig: isDisableVoice = true
12-08 09:12:03.852 1494 2743 E TaskPersister: File error accessing recents directory (directory doesn't exist?).
12-08 09:12:03.888 1494 1726 I input_interaction: Interaction with: 1745717 StatusBar (server), edge-swipe (server), swipe-up (server), PointerEventDispatcher0 (server),
12-08 09:12:03.893 12174 12174 I sysui_multi_action: [757,803,799,panel_open,802,1]
12-08 09:12:03.894 12174 12174 I sysui_multi_action: [757,1328,758,4,1326,78,1327,1,1329,0]
12-08 09:12:03.909 1494 2823 I sysui_multi_action: [757,127,758,1]
12-08 09:12:03.910 1494 1905 I GameModeConfig: isGameModeOn = false
12-08 09:12:03.910 1494 2823 I sysui_multi_action: [757,804,799,note_load,801,2,802,1]
12-08 09:12:03.910 1494 1905 I GameModeConfig: isGameModeOn = false
12-08 09:12:03.910 1494 1905 I GameModeConfig: isGameModeOn = false
12-08 09:12:03.910 1494 2823 I notification_panel_revealed: 2
12-08 09:12:03.910 1494 1905 I GameModeConfig: isGameModeOn = false
12-08 09:12:03.911 12174 12174 I sysui_multi_action: [757,111,758,2]
12-08 09:12:03.911 12174 12174 I sysui_multi_action: [757,111,758,2]
12-08 09:12:03.912 1494 1494 I notification_enqueue: [10082,12174,com.android.systemui,2048,NULL,0,Notification(channel=updateNotification shortcut=null contentView=null vibrate=null sound=null defaults=0x0 flags=0x0 color=0x00000000 vis=PRIVATE),1]
12-08 09:12:03.925 1494 1568 I input_focus: [Focus request e4dc0ca NotificationShade,reason=UpdateInputWindows]
12-08 09:12:03.927 12174 12174 I sysui_multi_action: [757,111,758,1]
12-08 09:12:03.928 12174 12174 I sysui_multi_action: [757,126,758,1,759,126,927,0,928,1,1593,0]
12-08 09:12:03.928 12174 12174 I sysui_multi_action: [757,113,758,1,759,113,927,1,928,1,1593,0]
12-08 09:12:03.928 12174 12174 I sysui_multi_action: [757,0,758,1,759,0,927,2,928,0,1593,0]
12-08 09:12:03.928 12174 12174 I sysui_multi_action: [757,0,758,1,759,0,927,3,928,0,1593,0]
12-08 09:12:03.929 12174 12174 I sysui_multi_action: [757,491,758,1,759,491,927,4,928,0,1311,-1,1593,0]
12-08 09:12:03.929 12174 12174 I sysui_multi_action: [757,0,758,1,759,0,927,5,928,0,1593,0]
12-08 09:12:03.929 12174 12174 I sysui_multi_action: [757,111,758,1]
12-08 09:12:03.929 12174 12174 I sysui_multi_action: [757,126,758,1,759,126,927,0,928,1,1593,0]
12-08 09:12:03.929 12174 12174 I sysui_multi_action: [757,113,758,1,759,113,927,1,928,1,1593,0]
12-08 09:12:03.929 12174 12174 I sysui_multi_action: [757,0,758,1,759,0,927,2,928,0,1593,0]
12-08 09:12:03.929 12174 12174 I sysui_multi_action: [757,0,758,1,759,0,927,3,928,0,1593,0]
12-08 09:12:03.940 1494 1905 I GameModeConfig: isGameModeOn = false
12-08 09:12:03.941 1494 1905 I GameModeConfig: isGameModeOn = false
12-08 09:12:03.941 1494 1905 I GameModeConfig: isGameModeOn = false
12-08 09:12:03.941 1494 1905 I GameModeConfig: isGameModeOn = false
12-08 09:12:03.942 12174 12174 I sysui_multi_action: [757,111,758,2]
12-08 09:12:03.942 12174 12174 I sysui_multi_action: [757,111,758,2]
12-08 09:12:03.942 1494 1494 I notification_enqueue: [10082,12174,com.android.systemui,2048,NULL,0,Notification(channel=updateNotification shortcut=null contentView=null vibrate=null sound=null defaults=0x0 flags=0x0 color=0x00000000 vis=PRIVATE),1]
12-08 09:12:03.946 12174 12174 I sysui_multi_action: [757,111,758,1]
12-08 09:12:03.946 12174 12174 I sysui_multi_action: [757,126,758,1,759,126,927,0,928,1,1593,0]
12-08 09:12:03.946 12174 12174 I sysui_multi_action: [757,113,758,1,759,113,927,1,928,1,1593,0]
12-08 09:12:03.946 12174 12174 I sysui_multi_action: [757,0,758,1,759,0,927,2,928,0,1593,0]
12-08 09:12:03.946 12174 12174 I sysui_multi_action: [757,0,758,1,759,0,927,3,928,0,1593,0]
12-08 09:12:03.946 12174 12174 I sysui_multi_action: [757,491,758,1,759,491,927,4,928,0,1311,-1,1593,0]
12-08 09:12:03.947 12174 12174 I sysui_multi_action: [757,0,758,1,759,0,927,5,928,0,1593,0]
12-08 09:12:03.947 1494 1726 I input_focus: [Focus leaving bdb372 com.android.music/com.android.music.MusicBrowserActivity (server),reason=setFocusedWindow]
12-08 09:12:03.947 12174 12174 I sysui_multi_action: [757,111,758,1]
12-08 09:12:03.947 12174 12174 I sysui_multi_action: [757,126,758,1,759,126,927,0,928,1,1593,0]
12-08 09:12:03.947 12174 12174 I sysui_multi_action: [757,113,758,1,759,113,927,1,928,1,1593,0]
12-08 09:12:03.947 12174 12174 I sysui_multi_action: [757,0,758,1,759,0,927,2,928,0,1593,0]
12-08 09:12:03.947 12174 12174 I sysui_multi_action: [757,0,758,1,759,0,927,3,928,0,1593,0]
12-08 09:12:03.948 1494 1726 I input_focus: [Focus entering e4dc0ca NotificationShade (server),reason=setFocusedWindow]
12-08 09:12:03.958 1494 1905 I GameModeConfig: isGameModeOn = false
12-08 09:12:03.959 1494 1905 I GameModeConfig: isGameModeOn = false
12-08 09:12:03.959 1494 1905 I GameModeConfig: isGameModeOn = false
12-08 09:12:03.959 1494 1905 I GameModeConfig: isGameModeOn = false
12-08 09:12:03.960 12174 12174 I sysui_multi_action: [757,111,758,2]
12-08 09:12:03.960 12174 12174 I sysui_multi_action: [757,111,758,2]
12-08 09:12:03.960 1494 1494 I notification_enqueue: [10082,12174,com.android.systemui,2048,NULL,0,Notification(channel=updateNotification shortcut=null contentView=null vibrate=null sound=null defaults=0x0 flags=0x0 color=0x00000000 vis=PRIVATE),1]
12-08 09:12:03.964 12174 12174 I sysui_multi_action: [757,111,758,1]
12-08 09:12:03.964 12174 12174 I sysui_multi_action: [757,126,758,1,759,126,927,0,928,1,1593,0]
12-08 09:12:03.964 12174 12174 I sysui_multi_action: [757,113,758,1,759,113,927,1,928,1,1593,0]
12-08 09:12:03.964 12174 12174 I sysui_multi_action: [757,0,758,1,759,0,927,2,928,0,1593,0]
12-08 09:12:03.964 12174 12174 I sysui_multi_action: [757,0,758,1,759,0,927,3,928,0,1593,0]
12-08 09:12:03.964 12174 12174 I sysui_multi_action: [757,491,758,1,759,491,927,4,928,0,1311,-1,1593,0]
12-08 09:12:03.965 12174 12174 I sysui_multi_action: [757,0,758,1,759,0,927,5,928,0,1593,0]
12-08 09:12:03.965 12174 12174 I sysui_multi_action: [757,111,758,1]
12-08 09:12:03.965 12174 12174 I sysui_multi_action: [757,126,758,1,759,126,927,0,928,1,1593,0]
12-08 09:12:03.965 12174 12174 I sysui_multi_action: [757,113,758,1,759,113,927,1,928,1,1593,0]
12-08 09:12:03.965 12174 12174 I sysui_multi_action: [757,0,758,1,759,0,927,2,928,0,1593,0]
12-08 09:12:03.965 12174 12174 I sysui_multi_action: [757,0,758,1,759,0,927,3,928,0,1593,0]
12-08 09:12:03.973 1494 1905 I GameModeConfig: isGameModeOn = false
12-08 09:12:03.974 1494 1905 I GameModeConfig: isGameModeOn = false
12-08 09:12:03.974 1494 1905 I GameModeConfig: isGameModeOn = false
12-08 09:12:03.974 1494 1905 I GameModeConfig: isGameModeOn = false
12-08 09:12:03.975 12174 12174 I sysui_multi_action: [757,111,758,2]
12-08 09:12:03.975 12174 12174 I sysui_multi_action: [757,111,758,2]
12-08 09:12:03.975 1494 1494 I notification_enqueue: [10082,12174,com.android.systemui,2048,NULL,0,Notification(channel=updateNotification shortcut=null contentView=null vibrate=null sound=null defaults=0x0 flags=0x0 color=0x00000000 vis=PRIVATE),1]
12-08 09:12:03.977 12174 12174 I sysui_multi_action: [757,111,758,1]
12-08 09:12:03.977 12174 12174 I sysui_multi_action: [757,126,758,1,759,126,927,0,928,1,1593,0]
12-08 09:12:03.977 12174 12174 I sysui_multi_action: [757,113,758,1,759,113,927,1,928,1,1593,0]
12-08 09:12:03.977 12174 12174 I sysui_multi_action: [757,0,758,1,759,0,927,2,928,0,1593,0]
12-08 09:12:03.977 12174 12174 I sysui_multi_action: [757,0,758,1,759,0,927,3,928,0,1593,0]
12-08 09:12:03.978 12174 12174 I sysui_multi_action: [757,491,758,1,759,491,927,4,928,0,1311,-1,1593,0]
12-08 09:12:03.978 12174 12174 I sysui_multi_action: [757,0,758,1,759,0,927,5,928,0,1593,0]
12-08 09:12:03.978 12174 12174 I sysui_multi_action: [757,111,758,1]
12-08 09:12:03.978 12174 12174 I sysui_multi_action: [757,126,758,1,759,126,927,0,928,1,1593,0]
12-08 09:12:03.978 12174 12174 I sysui_multi_action: [757,113,758,1,759,113,927,1,928,1,1593,0]
12-08 09:12:03.978 12174 12174 I sysui_multi_action: [757,0,758,1,759,0,927,2,928,0,1593,0]
12-08 09:12:03.978 12174 12174 I sysui_multi_action: [757,0,758,1,759,0,927,3,928,0,1593,0]
12-08 09:12:03.988 1494 1905 I GameModeConfig: isGameModeOn = false
12-08 09:12:03.988 1494 1905 I GameModeConfig: isGameModeOn = false
12-08 09:12:03.988 1494 1905 I GameModeConfig: isGameModeOn = false
12-08 09:12:03.989 1494 1905 I GameModeConfig: isGameModeOn = false
12-08 09:12:03.990 1494 1494 I notification_enqueue: [10082,12174,com.android.systemui,2048,NULL,0,Notification(channel=updateNotification shortcut=null contentView=null vibrate=null sound=null defaults=0x0 flags=0x0 color=0x00000000 vis=PRIVATE),1]
12-08 09:12:03.991 12174 12174 I sysui_multi_action: [757,111,758,2]
12-08 09:12:03.991 12174 12174 I sysui_multi_action: [757,111,758,2]
12-08 09:12:03.994 12174 12174 I sysui_multi_action: [757,111,758,1]
12-08 09:12:03.994 12174 12174 I sysui_multi_action: [757,126,758,1,759,126,927,0,928,1,1593,0]
12-08 09:12:03.994 12174 12174 I sysui_multi_action: [757,113,758,1,759,113,927,1,928,1,1593,0]
12-08 09:12:03.994 12174 12174 I sysui_multi_action: [757,0,758,1,759,0,927,2,928,0,1593,0]
12-08 09:12:03.995 12174 12174 I sysui_multi_action: [757,0,758,1,759,0,927,3,928,0,1593,0]
12-08 09:12:03.995 12174 12174 I sysui_multi_action: [757,491,758,1,759,491,927,4,928,0,1311,-1,1593,0]
12-08 09:12:03.995 12174 12174 I sysui_multi_action: [757,0,758,1,759,0,927,5,928,0,1593,0]
12-08 09:12:03.995 12174 12174 I sysui_multi_action: [757,111,758,1]
12-08 09:12:03.995 12174 12174 I sysui_multi_action: [757,126,758,1,759,126,927,0,928,1,1593,0]
12-08 09:12:03.995 12174 12174 I sysui_multi_action: [757,113,758,1,759,113,927,1,928,1,1593,0]
12-08 09:12:03.995 12174 12174 I sysui_multi_action: [757,0,758,1,759,0,927,2,928,0,1593,0]
12-08 09:12:03.995 12174 12174 I sysui_multi_action: [757,0,758,1,759,0,927,3,928,0,1593,0]
12-08 09:12:04.006 1494 1905 I GameModeConfig: isGameModeOn = false
12-08 09:12:04.006 1494 1905 I GameModeConfig: isGameModeOn = false
12-08 09:12:04.006 1494 1905 I GameModeConfig: isGameModeOn = false
12-08 09:12:04.006 1494 1905 I GameModeConfig: isGameModeOn = false
12-08 09:12:04.008 12174 12174 I sysui_multi_action: [757,111,758,2]
12-08 09:12:04.008 12174 12174 I sysui_multi_action: [757,111,758,2]
12-08 09:12:04.008 1494 1494 I notification_enqueue: [10082,12174,com.android.systemui,2048,NULL,0,Notification(channel=updateNotification shortcut=null contentView=null vibrate=null sound=null defaults=0x0 flags=0x0 color=0x00000000 vis=PRIVATE),1]
12-08 09:12:04.012 12174 12174 I sysui_multi_action: [757,111,758,1]
12-08 09:12:04.012 12174 12174 I sysui_multi_action: [757,126,758,1,759,126,927,0,928,1,1593,0]
12-08 09:12:04.012 12174 12174 I sysui_multi_action: [757,113,758,1,759,113,927,1,928,1,1593,0]
12-08 09:12:04.012 12174 12174 I sysui_multi_action: [757,0,758,1,759,0,927,2,928,0,1593,0]
12-08 09:12:04.012 12174 12174 I sysui_multi_action: [757,0,758,1,759,0,927,3,928,0,1593,0]
12-08 09:12:04.012 12174 12174 I sysui_multi_action: [757,491,758,1,759,491,927,4,928,0,1311,-1,1593,0]
12-08 09:12:04.012 12174 12174 I sysui_multi_action: [757,0,758,1,759,0,927,5,928,0,1593,0]
12-08 09:12:04.012 12174 12174 I sysui_multi_action: [757,111,758,1]
12-08 09:12:04.012 12174 12174 I sysui_multi_action: [757,126,758,1,759,126,927,0,928,1,1593,0]
12-08 09:12:04.012 12174 12174 I sysui_multi_action: [757,113,758,1,759,113,927,1,928,1,1593,0]
12-08 09:12:04.012 12174 12174 I sysui_multi_action: [757,0,758,1,759,0,927,2,928,0,1593,0]
12-08 09:12:04.013 12174 12174 I sysui_multi_action: [757,0,758,1,759,0,927,3,928,0,1593,0]
12-08 09:12:04.023 1494 1905 I GameModeConfig: isGameModeOn = false
12-08 09:12:04.023 1494 1905 I GameModeConfig: isGameModeOn = false
12-08 09:12:04.023 1494 1905 I GameModeConfig: isGameModeOn = false
12-08 09:12:04.024 1494 1905 I GameModeConfig: isGameModeOn = false
12-08 09:12:04.025 12174 12174 I sysui_multi_action: [757,111,758,2]
12-08 09:12:04.025 12174 12174 I sysui_multi_action: [757,111,758,2]
12-08 09:12:04.025 1494 1494 I notification_enqueue: [10082,12174,com.android.systemui,2048,NULL,0,Notification(channel=updateNotification shortcut=null contentView=null vibrate=null sound=null defaults=0x0 flags=0x0 color=0x00000000 vis=PRIVATE),1]
12-08 09:12:04.028 12174 12174 I sysui_multi_action: [757,111,758,1]
12-08 09:12:04.029 12174 12174 I sysui_multi_action: [757,126,758,1,759,126,927,0,928,1,1593,0]
12-08 09:12:04.029 12174 12174 I sysui_multi_action: [757,113,758,1,759,113,927,1,928,1,1593,0]
12-08 09:12:04.029 12174 12174 I sysui_multi_action: [757,0,758,1,759,0,927,2,928,0,1593,0]
12-08 09:12:04.029 12174 12174 I sysui_multi_action: [757,0,758,1,759,0,927,3,928,0,1593,0]
12-08 09:12:04.029 12174 12174 I sysui_multi_action: [757,491,758,1,759,491,927,4,928,0,1311,-1,1593,0]
12-08 09:12:04.029 12174 12174 I sysui_multi_action: [757,0,758,1,759,0,927,5,928,0,1593,0]
12-08 09:12:04.029 12174 12174 I sysui_multi_action: [757,111,758,1]
12-08 09:12:04.029 12174 12174 I sysui_multi_action: [757,126,758,1,759,126,927,0,928,1,1593,0]
12-08 09:12:04.029 12174 12174 I sysui_multi_action: [757,113,758,1,759,113,927,1,928,1,1593,0]
12-08 09:12:04.029 12174 12174 I sysui_multi_action: [757,0,758,1,759,0,927,2,928,0,1593,0]
12-08 09:12:04.030 12174 12174 I sysui_multi_action: [757,0,758,1,759,0,927,3,928,0,1593,0]
12-08 09:12:04.042 1494 1905 I GameModeConfig: isGameModeOn = false
12-08 09:12:04.042 1494 1905 I GameModeConfig: isGameModeOn = false
12-08 09:12:04.042 1494 1905 I GameModeConfig: isGameModeOn = false
12-08 09:12:04.043 1494 1905 I GameModeConfig: isGameModeOn = false
12-08 09:12:04.044 12174 12174 I sysui_multi_action: [757,111,758,2]
12-08 09:12:04.044 1494 1494 I notification_enqueue: [10082,12174,com.android.systemui,2048,NULL,0,Notification(channel=updateNotification shortcut=null contentView=null vibrate=null sound=null defaults=0x0 flags=0x0 color=0x00000000 vis=PRIVATE),1]
12-08 09:12:04.044 12174 12174 I sysui_multi_action: [757,111,758,2]
12-08 09:12:04.047 12174 12174 I sysui_multi_action: [757,111,758,1]
12-08 09:12:04.047 12174 12174 I sysui_multi_action: [757,126,758,1,759,126,927,0,928,1,1593,0]
12-08 09:12:04.047 12174 12174 I sysui_multi_action: [757,113,758,1,759,113,927,1,928,1,1593,0]
12-08 09:12:04.047 12174 12174 I sysui_multi_action: [757,0,758,1,759,0,927,2,928,0,1593,0]
12-08 09:12:04.048 12174 12174 I sysui_multi_action: [757,0,758,1,759,0,927,3,928,0,1593,0]
12-08 09:12:04.048 12174 12174 I sysui_multi_action: [757,491,758,1,759,491,927,4,928,0,1311,-1,1593,0]
12-08 09:12:04.048 12174 12174 I sysui_multi_action: [757,0,758,1,759,0,927,5,928,0,1593,0]
12-08 09:12:04.048 12174 12174 I sysui_multi_action: [757,111,758,1]
12-08 09:12:04.048 12174 12174 I sysui_multi_action: [757,126,758,1,759,126,927,0,928,1,1593,0]
12-08 09:12:04.048 12174 12174 I sysui_multi_action: [757,113,758,1,759,113,927,1,928,1,1593,0]
12-08 09:12:04.048 12174 12174 I sysui_multi_action: [757,0,758,1,759,0,927,2,928,0,1593,0]
12-08 09:12:04.048 12174 12174 I sysui_multi_action: [757,0,758,1,759,0,927,3,928,0,1593,0]
12-08 09:12:04.058 1494 1905 I GameModeConfig: isGameModeOn = false
12-08 09:12:04.058 1494 1905 I GameModeConfig: isGameModeOn = false
12-08 09:12:04.058 1494 1905 I GameModeConfig: isGameModeOn = false
12-08 09:12:04.058 1494 1905 I GameModeConfig: isGameModeOn = false
12-08 09:12:04.062 1494 1494 I notification_enqueue: [10082,12174,com.android.systemui,2048,NULL,0,Notification(channel=updateNotification shortcut=null contentView=null vibrate=null sound=null defaults=0x0 flags=0x0 color=0x00000000 vis=PRIVATE),1]
12-08 09:12:04.064 12174 12174 I sysui_multi_action: [757,111,758,2]
12-08 09:12:04.065 12174 12174 I sysui_multi_action: [757,111,758,2]
12-08 09:12:04.070 12174 12174 I sysui_multi_action: [757,111,758,1]
12-08 09:12:04.070 12174 12174 I sysui_multi_action: [757,126,758,1,759,126,927,0,928,1,1593,0]
12-08 09:12:04.070 12174 12174 I sysui_multi_action: [757,113,758,1,759,113,927,1,928,1,1593,0]
12-08 09:12:04.070 12174 12174 I sysui_multi_action: [757,0,758,1,759,0,927,2,928,0,1593,0]
12-08 09:12:04.070 12174 12174 I sysui_multi_action: [757,0,758,1,759,0,927,3,928,0,1593,0]
12-08 09:12:04.070 12174 12174 I sysui_multi_action: [757,491,758,1,759,491,927,4,928,0,1311,-1,1593,0]
12-08 09:12:04.071 12174 12174 I sysui_multi_action: [757,0,758,1,759,0,927,5,928,0,1593,0]
12-08 09:12:04.071 12174 12174 I sysui_multi_action: [757,111,758,1]
12-08 09:12:04.071 12174 12174 I sysui_multi_action: [757,126,758,1,759,126,927,0,928,1,1593,0]
12-08 09:12:04.071 12174 12174 I sysui_multi_action: [757,113,758,1,759,113,927,1,928,1,1593,0]
12-08 09:12:04.071 12174 12174 I sysui_multi_action: [757,0,758,1,759,0,927,2,928,0,1593,0]
12-08 09:12:04.071 12174 12174 I sysui_multi_action: [757,0,758,1,759,0,927,3,928,0,1593,0]
12-08 09:12:04.081 1494 1905 I GameModeConfig: isGameModeOn = false
12-08 09:12:04.082 1494 1905 I GameModeConfig: isGameModeOn = false
12-08 09:12:04.082 1494 1905 I GameModeConfig: isGameModeOn = false
12-08 09:12:04.082 1494 1905 I GameModeConfig: isGameModeOn = false
12-08 09:12:04.082 12174 12174 I sysui_multi_action: [757,111,758,2]
12-08 09:12:04.083 12174 12174 I sysui_multi_action: [757,111,758,2]
12-08 09:12:04.083 1494 1494 I notification_enqueue: [10082,12174,com.android.systemui,2048,NULL,0,Notification(channel=updateNotification shortcut=null contentView=null vibrate=null sound=null defaults=0x0 flags=0x0 color=0x00000000 vis=PRIVATE),1]
12-08 09:12:04.086 12174 12174 I sysui_multi_action: [757,111,758,1]
12-08 09:12:04.086 12174 12174 I sysui_multi_action: [757,126,758,1,759,126,927,0,928,1,1593,0]
12-08 09:12:04.086 12174 12174 I sysui_multi_action: [757,113,758,1,759,113,927,1,928,1,1593,0]
12-08 09:12:04.087 12174 12174 I sysui_multi_action: [757,0,758,1,759,0,927,2,928,0,1593,0]
12-08 09:12:04.087 12174 12174 I sysui_multi_action: [757,0,758,1,759,0,927,3,928,0,1593,0]
12-08 09:12:04.087 12174 12174 I sysui_multi_action: [757,491,758,1,759,491,927,4,928,0,1311,-1,1593,0]
12-08 09:12:04.087 12174 12174 I sysui_multi_action: [757,0,758,1,759,0,927,5,928,0,1593,0]
12-08 09:12:04.087 12174 12174 I sysui_multi_action: [757,111,758,1]
12-08 09:12:04.087 12174 12174 I sysui_multi_action: [757,126,758,1,759,126,927,0,928,1,1593,0]
12-08 09:12:04.087 12174 12174 I sysui_multi_action: [757,113,758,1,759,113,927,1,928,1,1593,0]
12-08 09:12:04.087 12174 12174 I sysui_multi_action: [757,0,758,1,759,0,927,2,928,0,1593,0]
12-08 09:12:04.087 12174 12174 I sysui_multi_action: [757,0,758,1,759,0,927,3,928,0,1593,0]
12-08 09:12:04.113 1494 1494 I GameModeConfig: isGameModeOn = false
12-08 09:12:04.114 1494 1494 I sysui_multi_action: [757,1501,758,1,793,1746843,794,0,795,204,796,2048,806,com.android.systemui,857,updateNotification,858,3,947,0,1500,0,1688,1]
12-08 09:12:04.114 1494 1494 I sysui_multi_action: [757,804,799,note_interruptive,801,0,802,1]
12-08 09:12:04.115 1494 1494 I sysui_multi_action: [757,199,758,1,759,2,793,1746843,794,0,795,204,796,2048,806,com.android.systemui,857,updateNotification,858,3,947,0,1500,0,1688,1]
12-08 09:12:04.115 1494 1494 I notification_alert: [0|com.android.systemui|2048|null|10082,0,1,0]
12-08 09:12:04.117 1494 1494 W NotificationHistory: Attempted to add notif for locked/gone/disabled user 0
12-08 09:12:04.144 1494 1494 I GameModeConfig: isGameModeOn = false
12-08 09:12:04.145 1494 1494 E NotificationService: Muting recently noisy 0|com.android.systemui|2048|null|10082
12-08 09:12:04.162 1494 1494 I GameModeConfig: isGameModeOn = false
12-08 09:12:04.163 1494 1494 E NotificationService: Muting recently noisy 0|com.android.systemui|2048|null|10082
12-08 09:12:04.179 1494 1494 I GameModeConfig: isGameModeOn = false
12-08 09:12:04.180 1494 1494 E NotificationService: Muting recently noisy 0|com.android.systemui|2048|null|10082
12-08 09:12:04.192 1494 1494 I GameModeConfig: isGameModeOn = false
12-08 09:12:04.193 1494 1494 E NotificationService: Muting recently noisy 0|com.android.systemui|2048|null|10082
12-08 09:12:04.211 1494 1494 I GameModeConfig: isGameModeOn = false
12-08 09:12:04.212 1494 1494 E NotificationService: Muting recently noisy 0|com.android.systemui|2048|null|10082
12-08 09:12:04.228 1494 1494 I GameModeConfig: isGameModeOn = false
12-08 09:12:04.229 1494 1494 E NotificationService: Muting recently noisy 0|com.android.systemui|2048|null|10082
12-08 09:12:04.245 1494 1494 I GameModeConfig: isGameModeOn = false
12-08 09:12:04.245 1494 1494 E NotificationService: Muting recently noisy 0|com.android.systemui|2048|null|10082
12-08 09:12:04.264 1494 1494 I GameModeConfig: isGameModeOn = false
12-08 09:12:04.265 1494 1494 E NotificationService: Muting recently noisy 0|com.android.systemui|2048|null|10082
12-08 09:12:04.287 1494 1494 I GameModeConfig: isGameModeOn = false
12-08 09:12:04.288 1494 1494 E NotificationService: Muting recently noisy 0|com.android.systemui|2048|null|10082
12-08 09:12:04.441 1494 8468 I sysui_multi_action: [757,128,758,1,793,17708235,794,0,795,17708235,796,26,798,0,806,android,857,DEVELOPER_IMPORTANT,858,4,947,0,1395,2,1500,17707781,1688,1]
12-08 09:12:04.442 1494 8468 I sysui_multi_action: [757,804,799,note_freshness,801,17708235,802,1]
12-08 09:12:04.442 1494 8468 I notification_visibility: [-1|android|26|null|1000,1,17708235,17708235,0,0]
12-08 09:12:04.442 1494 8468 I sysui_multi_action: [757,128,758,1,793,17709090,794,0,795,17709090,796,32,798,1,806,android,857,USB,858,1,947,0,1395,2,1500,17709030,1688,1]
12-08 09:12:04.442 1494 8468 I sysui_multi_action: [757,804,799,note_freshness,801,17709090,802,1]
12-08 09:12:04.442 1494 8468 I notification_visibility: [-1|android|32|null|1000,1,17709090,17709090,0,1]
