12-08 08:57:20.010 10409 10425 W ContextImpl: Calling a method in the system process without a qualified user: android.app.ContextImpl.startService:1816 android.content.ContextWrapper.startService:774 com.thundercomm.gamemode.ingame.services.GameModeActionUtils.startGameModeService:93 com.thundercomm.gamemode.ingame.services.GameModeActionUtils.startGameModeEntry:21 com.thundercomm.gamemode.ingame.services.ActivityMonitoringService$1.onActivityLaunch:127
12-08 08:57:20.015 1494 1494 I GameModeConfig: Current uri is uri = content://com.thundercomm.gamemode.api/gamemode_settings/gamemode_isgaming
12-08 08:57:20.019 1494 1494 I GameModeConfig: isGameModeOn = false
12-08 08:57:20.020 1494 1494 I GameModeConfig: isGameModeOn = false
12-08 08:57:20.020 1494 1494 I GameModeConfig: isDisableVoice = true
12-08 08:57:20.205 1494 1568 D FreeFormWindowHelper: Remove freefrom task=Task{7504390 #201 type=standard A=10020:com.android.documentsui U=0 visible=false mode=freeform translucent=true sz=0}
12-08 08:57:21.878 1494 8468 I ActivityTaskManager: START u0 {flg=0x10008000 cmp=com.android.soundrecorder/.SoundRecorder} from uid 10080
12-08 08:57:21.887 1494 8468 W ActivityTaskManager: Can't find TaskDisplayArea to determine support for multi window. Task id=203 attached=false
12-08 08:57:21.889 1494 8468 D FreeFormWindowHelper: Add freeform task=Task{45b2990 #203 type=standard ?? U=0 visible=false mode=freeform translucent=true sz=0}
12-08 08:57:21.895 1494 8468 I ActivityTaskManager: FOREGROUND_APPLICATION_CHANGED to com.android.soundrecorder.SoundRecorder
12-08 08:57:21.895 1494 8468 I ActivityTaskManager: The Process com.android.soundrecorder Already Exists in BG. So sending its PID: 17431
12-08 08:57:21.897 1494 8468 W ActivityTaskManager: Tried to set launchTime (0) < mLastActivityLaunchTime (16343206)
12-08 08:57:21.932 10409 10425 W ContextImpl: Calling a method in the system process without a qualified user: android.app.ContextImpl.startService:1816 android.content.ContextWrapper.startService:774 com.thundercomm.gamemode.ingame.services.GameModeActionUtils.startGameModeService:93 com.thundercomm.gamemode.ingame.services.GameModeActionUtils.startGameModeEntry:21 com.thundercomm.gamemode.ingame.services.ActivityMonitoringService$1.onActivityLaunch:127
12-08 08:57:21.939 1494 1494 I GameModeConfig: Current uri is uri = content://com.thundercomm.gamemode.api/gamemode_settings/gamemode_isgaming
12-08 08:57:21.942 1494 1494 I GameModeConfig: isGameModeOn = false
12-08 08:57:21.942 1494 1494 I GameModeConfig: isGameModeOn = false
12-08 08:57:21.942 1494 1494 I GameModeConfig: isDisableVoice = true
12-08 08:57:21.962 1494 6910 W WindowManager: updateScale0.7996942
12-08 08:57:21.978 1494 1568 W WindowManager: updateScale0.7996942
12-08 08:57:21.982 1494 1568 W WindowManager: updateScale0.7996942
12-08 08:57:21.983 1494 1568 W WindowManager: updateScale0.7996942
12-08 08:57:22.264 1494 1568 W WindowManager: updateScale0.7996942
12-08 08:57:23.537 1494 2006 I ActivityTaskManager: FOREGROUND_APPLICATION_CHANGED to com.android.launcher3.uioverrides.QuickstepLauncher
12-08 08:57:23.575 1494 2823 W AS.AudioService: Updated cached param hdr_record_on from false to false
12-08 08:57:23.576 1494 2823 W AS.AudioService: Updated cached param hdr_audio_channel_count from 0 to 0
12-08 08:57:23.577 1494 2823 W AS.AudioService: Updated cached param hdr_audio_sampling_rate from 0 to 0
12-08 08:57:23.579 10409 10425 W ContextImpl: Calling a method in the system process without a qualified user: android.app.ContextImpl.startService:1816 android.content.ContextWrapper.startService:774 com.thundercomm.gamemode.ingame.services.GameModeActionUtils.startGameModeService:93 com.thundercomm.gamemode.ingame.services.GameModeActionUtils.startGameModeEntry:21 com.thundercomm.gamemode.ingame.services.ActivityMonitoringService$1.onActivityLaunch:127
12-08 08:57:23.586 1494 1494 I GameModeConfig: Current uri is uri = content://com.thundercomm.gamemode.api/gamemode_settings/gamemode_isgaming
12-08 08:57:23.588 1494 1494 I GameModeConfig: isGameModeOn = false
12-08 08:57:23.589 1494 1494 I GameModeConfig: isGameModeOn = false
12-08 08:57:23.589 1494 1494 I GameModeConfig: isDisableVoice = true
12-08 08:57:23.648 10409 10425 W ContextImpl: Calling a method in the system process without a qualified user: android.app.ContextImpl.startService:1816 android.content.ContextWrapper.startService:774 com.thundercomm.gamemode.ingame.services.GameModeActionUtils.startGameModeService:93 com.thundercomm.gamemode.ingame.services.GameModeActionUtils.startGameModeEntry:21 com.thundercomm.gamemode.ingame.services.ActivityMonitoringService$1.onActivityLaunch:127
12-08 08:57:23.654 1494 1494 I GameModeConfig: Current uri is uri = content://com.thundercomm.gamemode.api/gamemode_settings/gamemode_isgaming
12-08 08:57:23.658 1494 1494 I GameModeConfig: isGameModeOn = false
12-08 08:57:23.659 1494 1494 I GameModeConfig: isGameModeOn = false
12-08 08:57:23.659 1494 1494 I GameModeConfig: isDisableVoice = true
12-08 08:57:23.847 1494 1568 D FreeFormWindowHelper: Remove freefrom task=Task{45b2990 #203 type=standard A=10061:com.android.soundrecorder U=0 visible=false mode=freeform translucent=true sz=0}
12-08 08:57:24.727 1494 2743 E TaskPersister: File error accessing recents directory (directory doesn't exist?).
12-08 08:57:33.532 1494 1566 W ActivityTaskManager: Launch timeout has expired, giving up wake lock!
12-08 08:57:59.812 1494 2073 I ActivityTaskManager: START u0 {flg=0x10008000 cmp=com.android.music/.MusicBrowserActivity} from uid 10080
12-08 08:57:59.816 1494 2073 W ActivityTaskManager: Can't find TaskDisplayArea to determine support for multi window. Task id=204 attached=false
12-08 08:57:59.818 1494 2073 D FreeFormWindowHelper: Add freeform task=Task{7f15777 #204 type=standard ?? U=0 visible=false mode=freeform translucent=true sz=0}
12-08 08:57:59.823 1494 2073 I ActivityTaskManager: FOREGROUND_APPLICATION_CHANGED to com.android.music.MusicBrowserActivity
12-08 08:57:59.824 1494 2073 I ActivityTaskManager: The Process com.android.music Already Exists in BG. So sending its PID: 14889
12-08 08:57:59.824 1494 2073 W ActivityTaskManager: Tried to set launchTime (0) < mLastActivityLaunchTime (16393555)
12-08 08:57:59.844 10409 10425 W ContextImpl: Calling a method in the system process without a qualified user: android.app.ContextImpl.startService:1816 android.content.ContextWrapper.startService:774 com.thundercomm.gamemode.ingame.services.GameModeActionUtils.startGameModeService:93 com.thundercomm.gamemode.ingame.services.GameModeActionUtils.startGameModeEntry:21 com.thundercomm.gamemode.ingame.services.ActivityMonitoringService$1.onActivityLaunch:127
12-08 08:57:59.849 1494 1494 I GameModeConfig: Current uri is uri = content://com.thundercomm.gamemode.api/gamemode_settings/gamemode_isgaming
12-08 08:57:59.852 1494 1494 I GameModeConfig: isGameModeOn = false
12-08 08:57:59.852 1494 1494 I GameModeConfig: isGameModeOn = false
12-08 08:57:59.852 1494 1494 I GameModeConfig: isDisableVoice = true
12-08 08:57:59.926 1494 1905 I GameModeConfig: isGameModeOn = false
12-08 08:57:59.927 1494 1905 I GameModeConfig: isGameModeOn = false
12-08 08:57:59.927 1494 1905 I GameModeConfig: isGameModeOn = false
12-08 08:57:59.927 1494 1905 I GameModeConfig: isGameModeOn = false
12-08 08:57:59.946 1494 1905 I GameModeConfig: isGameModeOn = false
12-08 08:57:59.946 1494 1905 I GameModeConfig: isGameModeOn = false
12-08 08:57:59.946 1494 1905 I GameModeConfig: isGameModeOn = false
12-08 08:57:59.946 1494 1905 I GameModeConfig: isGameModeOn = false
12-08 08:57:59.962 1494 1905 I GameModeConfig: isGameModeOn = false
12-08 08:57:59.962 1494 1905 I GameModeConfig: isGameModeOn = false
12-08 08:57:59.962 1494 1905 I GameModeConfig: isGameModeOn = false
12-08 08:57:59.962 1494 1905 I GameModeConfig: isGameModeOn = false
12-08 08:57:59.978 1494 6910 W WindowManager: updateScale0.7996942
12-08 08:57:59.990 1494 1568 W WindowManager: updateScale0.7996942
12-08 08:57:59.992 1494 1568 W WindowManager: updateScale0.7996942
12-08 08:57:59.992 1494 1568 W WindowManager: updateScale0.7996942
12-08 08:58:00.145 1494 1494 I GameModeConfig: isGameModeOn = false
12-08 08:58:00.148 1494 1494 W NotificationHistory: Attempted to add notif for locked/gone/disabled user 0
12-08 08:58:00.150 1494 1494 I GameModeConfig: isGameModeOn = false
12-08 08:58:00.163 1494 1494 I GameModeConfig: isGameModeOn = false
12-08 08:58:00.164 1494 1494 I GameModeConfig: isGameModeOn = false
12-08 08:58:00.176 1494 1494 I GameModeConfig: isGameModeOn = false
12-08 08:58:00.176 1494 1494 I GameModeConfig: isGameModeOn = false
12-08 08:58:00.270 1494 1568 W WindowManager: updateScale0.7996942
12-08 08:58:02.770 1494 7230 W WindowManager: updateScale0.7996942
12-08 08:58:02.781 1494 1568 W WindowManager: updateScale0.7996942
12-08 08:58:02.858 1494 7230 W WindowManager: updateScale0.7996942
12-08 08:58:03.341 1494 2743 E TaskPersister: File error accessing recents directory (directory doesn't exist?).
12-08 08:58:03.801 1494 7230 W WindowManager: updateScale0.7996942
12-08 08:58:03.811 1494 1568 W WindowManager: updateScale0.7996942
12-08 08:58:04.553 1494 7705 I ActivityTaskManager: FOREGROUND_APPLICATION_CHANGED to com.android.launcher3.uioverrides.QuickstepLauncher
12-08 08:58:04.572 1494 2073 W ActivityManager: Receiver with filter android.content.IntentFilter@6e9f56e already registered for pid 14889, callerPackage is com.android.music
12-08 08:58:04.582 10409 10425 W ContextImpl: Calling a method in the system process without a qualified user: android.app.ContextImpl.startService:1816 android.content.ContextWrapper.startService:774 com.thundercomm.gamemode.ingame.services.GameModeActionUtils.startGameModeService:93 com.thundercomm.gamemode.ingame.services.GameModeActionUtils.startGameModeEntry:21 com.thundercomm.gamemode.ingame.services.ActivityMonitoringService$1.onActivityLaunch:127
12-08 08:58:04.587 1494 1494 I GameModeConfig: Current uri is uri = content://com.thundercomm.gamemode.api/gamemode_settings/gamemode_isgaming
12-08 08:58:04.589 1494 1494 I GameModeConfig: isGameModeOn = false
12-08 08:58:04.589 1494 1494 I GameModeConfig: isGameModeOn = false
12-08 08:58:04.589 1494 1494 I GameModeConfig: isDisableVoice = true
12-08 08:58:04.661 10409 10425 W ContextImpl: Calling a method in the system process without a qualified user: android.app.ContextImpl.startService:1816 android.content.ContextWrapper.startService:774 com.thundercomm.gamemode.ingame.services.GameModeActionUtils.startGameModeService:93 com.thundercomm.gamemode.ingame.services.GameModeActionUtils.startGameModeEntry:21 com.thundercomm.gamemode.ingame.services.ActivityMonitoringService$1.onActivityLaunch:127
12-08 08:58:04.666 1494 1494 I GameModeConfig: Current uri is uri = content://com.thundercomm.gamemode.api/gamemode_settings/gamemode_isgaming
12-08 08:58:04.668 1494 1494 I GameModeConfig: isGameModeOn = false
12-08 08:58:04.669 1494 1494 I GameModeConfig: isGameModeOn = false
12-08 08:58:04.669 1494 1494 I GameModeConfig: isDisableVoice = true
12-08 08:58:04.863 1494 1568 D FreeFormWindowHelper: Remove freefrom task=Task{7f15777 #204 type=standard A=10090:android.task.music U=0 visible=false mode=freeform translucent=true sz=0}
12-08 08:58:07.869 1494 2743 E TaskPersister: File error accessing recents directory (directory doesn't exist?).
12-08 08:58:13.650 1494 6910 W ActivityTaskManager: Request to remove task ignored for non-existent task 193
12-08 08:58:13.650 1494 6910 W ActivityTaskManager: Request to remove task ignored for non-existent task 195
12-08 08:58:13.651 1494 6910 W ActivityTaskManager: Request to remove task ignored for non-existent task 198
12-08 08:58:13.651 1494 6910 W ActivityTaskManager: Request to remove task ignored for non-existent task 199
12-08 08:58:13.651 1494 6910 W ActivityTaskManager: Request to remove task ignored for non-existent task 201
12-08 08:58:13.652 1494 6910 W ActivityTaskManager: Request to remove task ignored for non-existent task 203
12-08 08:58:13.652 1494 6910 W ActivityTaskManager: Request to remove task ignored for non-existent task 204
12-08 08:58:13.836 1494 8468 W FreeFormWindowHelper: exitRecentTasks type=0
12-08 08:58:14.545 1494 1566 W ActivityTaskManager: Launch timeout has expired, giving up wake lock!
12-08 08:58:15.879 1494 8468 I ActivityTaskManager: START u0 {flg=0x10008000 cmp=com.android.music/.MusicBrowserActivity} from uid 10080
12-08 08:58:15.887 1494 8468 W ActivityTaskManager: Can't find TaskDisplayArea to determine support for multi window. Task id=205 attached=false
12-08 08:58:15.889 1494 8468 D FreeFormWindowHelper: Add freeform task=Task{15aa393 #205 type=standard ?? U=0 visible=false mode=freeform translucent=true sz=0}
12-08 08:58:15.895 1494 8468 I ActivityTaskManager: FOREGROUND_APPLICATION_CHANGED to com.android.music.MusicBrowserActivity
12-08 08:58:15.895 1494 8468 I ActivityTaskManager: The Process com.android.music Already Exists in BG. So sending its PID: 14889
12-08 08:58:15.896 1494 8468 W ActivityTaskManager: Tried to set launchTime (0) < mLastActivityLaunchTime (16875559)
12-08 08:58:15.901 1494 6910 W ActivityManager: Receiver with filter android.content.IntentFilter@1759bc9 already registered for pid 14889, callerPackage is com.android.music
12-08 08:58:15.924 10409 10425 W ContextImpl: Calling a method in the system process without a qualified user: android.app.ContextImpl.startService:1816 android.content.ContextWrapper.startService:774 com.thundercomm.gamemode.ingame.services.GameModeActionUtils.startGameModeService:93 com.thundercomm.gamemode.ingame.services.GameModeActionUtils.startGameModeEntry:21 com.thundercomm.gamemode.ingame.services.ActivityMonitoringService$1.onActivityLaunch:127
12-08 08:58:15.930 1494 1494 I GameModeConfig: Current uri is uri = content://com.thundercomm.gamemode.api/gamemode_settings/gamemode_isgaming
12-08 08:58:15.931 1494 2743 E TaskPersister: File error accessing recents directory (directory doesn't exist?).
12-08 08:58:15.936 1494 1494 I GameModeConfig: isGameModeOn = false
12-08 08:58:15.937 1494 1494 I GameModeConfig: isGameModeOn = false
12-08 08:58:15.937 1494 1494 I GameModeConfig: isDisableVoice = true
12-08 08:58:15.966 1494 1905 I GameModeConfig: isGameModeOn = false
12-08 08:58:15.966 1494 1905 I GameModeConfig: isGameModeOn = false
12-08 08:58:15.966 1494 1905 I GameModeConfig: isGameModeOn = false
12-08 08:58:15.966 1494 1905 I GameModeConfig: isGameModeOn = false
12-08 08:58:15.986 1494 1905 I GameModeConfig: isGameModeOn = false
12-08 08:58:15.986 1494 1905 I GameModeConfig: isGameModeOn = false
12-08 08:58:15.986 1494 1905 I GameModeConfig: isGameModeOn = false
12-08 08:58:15.986 1494 1905 I GameModeConfig: isGameModeOn = false
12-08 08:58:16.011 1494 6910 W WindowManager: updateScale0.7996942
12-08 08:58:16.027 1494 1568 W WindowManager: updateScale0.7996942
12-08 08:58:16.029 1494 1568 W WindowManager: updateScale0.7996942
12-08 08:58:16.029 1494 1568 W WindowManager: updateScale0.7996942
12-08 08:58:16.182 1494 1494 I GameModeConfig: isGameModeOn = false
12-08 08:58:16.183 1494 1494 I GameModeConfig: isGameModeOn = false
12-08 08:58:16.200 1494 1494 I GameModeConfig: isGameModeOn = false
12-08 08:58:16.201 1494 1494 I GameModeConfig: isGameModeOn = false
12-08 08:58:16.310 1494 1568 W WindowManager: updateScale0.7996942
12-08 08:58:18.955 1494 2073 W WindowManager: updateScale0.4617737
12-08 08:58:18.958 1494 2073 W WindowManager: updateScale0.4617737
12-08 08:58:18.966 1494 8468 W ActivityManager: Receiver with filter android.content.IntentFilter@9a79b53 already registered for pid 14889, callerPackage is com.android.music
12-08 08:58:19.030 1494 2073 W WindowManager: updateScale0.4617737
12-08 08:58:19.032 1494 2073 W WindowManager: updateScale0.4617737
12-08 08:58:19.039 1494 1905 I GameModeConfig: isGameModeOn = false
12-08 08:58:19.039 1494 1905 I GameModeConfig: isGameModeOn = false
12-08 08:58:19.039 1494 1905 I GameModeConfig: isGameModeOn = false
12-08 08:58:19.039 1494 1905 I GameModeConfig: isGameModeOn = false
12-08 08:58:19.059 1494 1905 I GameModeConfig: isGameModeOn = false
12-08 08:58:19.059 1494 1905 I GameModeConfig: isGameModeOn = false
12-08 08:58:19.059 1494 1905 I GameModeConfig: isGameModeOn = false
12-08 08:58:19.059 1494 1905 I GameModeConfig: isGameModeOn = false
12-08 08:58:19.070 1494 1905 I GameModeConfig: isGameModeOn = false
12-08 08:58:19.070 1494 1905 I GameModeConfig: isGameModeOn = false
12-08 08:58:19.070 1494 1905 I GameModeConfig: isGameModeOn = false
12-08 08:58:19.070 1494 1905 I GameModeConfig: isGameModeOn = false
12-08 08:58:19.254 1494 1494 I GameModeConfig: isGameModeOn = false
12-08 08:58:19.260 1494 1494 I GameModeConfig: isGameModeOn = false
12-08 08:58:19.270 1494 1494 I GameModeConfig: isGameModeOn = false
12-08 08:58:19.274 1494 1494 I GameModeConfig: isGameModeOn = false
12-08 08:58:19.282 1494 1494 I GameModeConfig: isGameModeOn = false
12-08 08:58:19.283 1494 1494 I GameModeConfig: isGameModeOn = false
12-08 08:58:20.080 1494 2073 W WindowManager: updateScale0.4617737
12-08 08:58:20.091 1494 1568 W WindowManager: updateScale0.4617737
12-08 08:58:20.551 1494 7230 I ActivityTaskManager: FOREGROUND_APPLICATION_CHANGED to com.android.launcher3.uioverrides.QuickstepLauncher
12-08 08:58:20.573 1494 8468 W ActivityManager: Receiver with filter android.content.IntentFilter@ede85d9 already registered for pid 14889, callerPackage is com.android.music
12-08 08:58:20.596 10409 10425 W ContextImpl: Calling a method in the system process without a qualified user: android.app.ContextImpl.startService:1816 android.content.ContextWrapper.startService:774 com.thundercomm.gamemode.ingame.services.GameModeActionUtils.startGameModeService:93 com.thundercomm.gamemode.ingame.services.GameModeActionUtils.startGameModeEntry:21 com.thundercomm.gamemode.ingame.services.ActivityMonitoringService$1.onActivityLaunch:127
12-08 08:58:20.602 1494 1494 I GameModeConfig: Current uri is uri = content://com.thundercomm.gamemode.api/gamemode_settings/gamemode_isgaming
12-08 08:58:20.604 1494 1494 I GameModeConfig: isGameModeOn = false
12-08 08:58:20.604 1494 1494 I GameModeConfig: isGameModeOn = false
12-08 08:58:20.604 1494 1494 I GameModeConfig: isDisableVoice = true
12-08 08:58:20.661 10409 10425 W ContextImpl: Calling a method in the system process without a qualified user: android.app.ContextImpl.startService:1816 android.content.ContextWrapper.startService:774 com.thundercomm.gamemode.ingame.services.GameModeActionUtils.startGameModeService:93 com.thundercomm.gamemode.ingame.services.GameModeActionUtils.startGameModeEntry:21 com.thundercomm.gamemode.ingame.services.ActivityMonitoringService$1.onActivityLaunch:127
12-08 08:58:20.666 1494 1494 I GameModeConfig: Current uri is uri = content://com.thundercomm.gamemode.api/gamemode_settings/gamemode_isgaming
12-08 08:58:20.669 1494 1494 I GameModeConfig: isGameModeOn = false
12-08 08:58:20.670 1494 1494 I GameModeConfig: isGameModeOn = false
12-08 08:58:20.670 1494 1494 I GameModeConfig: isDisableVoice = true
12-08 08:58:20.868 1494 1568 D FreeFormWindowHelper: Remove freefrom task=Task{15aa393 #205 type=standard A=10090:android.task.music U=0 visible=false mode=freeform translucent=true sz=0}
12-08 08:58:21.853 1494 2006 W ActivityTaskManager: getTaskSnapshot: taskId=5205 not found
12-08 08:58:21.855 1494 2006 W ActivityTaskManager: getTaskSnapshot: taskId=4205 not found
12-08 08:58:21.858 1494 6910 W ActivityTaskManager: getTaskSnapshot: taskId=3205 not found
12-08 08:58:21.860 1494 6910 W ActivityTaskManager: getTaskSnapshot: taskId=2205 not found
12-08 08:58:21.861 1494 2006 W ActivityTaskManager: getTaskSnapshot: taskId=1205 not found
12-08 08:58:23.875 1494 2743 E TaskPersister: File error accessing recents directory (directory doesn't exist?).
12-08 08:58:24.010 1494 7230 W FreeFormWindowHelper: exitRecentTasks type=0
12-08 08:58:27.266 1494 2006 I ActivityTaskManager: START u0 {flg=0x10008000 cmp=com.android.music/.MusicBrowserActivity} from uid 10080
12-08 08:58:27.270 1494 2006 W ActivityTaskManager: Can't find TaskDisplayArea to determine support for multi window. Task id=206 attached=false
12-08 08:58:27.271 1494 2006 D FreeFormWindowHelper: Add freeform task=Task{dbf118b #206 type=standard ?? U=0 visible=false mode=freeform translucent=true sz=0}
12-08 08:58:27.275 1494 2006 I ActivityTaskManager: FOREGROUND_APPLICATION_CHANGED to com.android.music.MusicBrowserActivity
12-08 08:58:27.275 1494 2006 I ActivityTaskManager: The Process com.android.music Already Exists in BG. So sending its PID: 14889
12-08 08:58:27.277 1494 2006 W ActivityTaskManager: Tried to set launchTime (0) < mLastActivityLaunchTime (16891632)
12-08 08:58:27.283 1494 7230 W ActivityManager: Receiver with filter android.content.IntentFilter@7bde681 already registered for pid 14889, callerPackage is com.android.music
12-08 08:58:27.304 10409 10425 W ContextImpl: Calling a method in the system process without a qualified user: android.app.ContextImpl.startService:1816 android.content.ContextWrapper.startService:774 com.thundercomm.gamemode.ingame.services.GameModeActionUtils.startGameModeService:93 com.thundercomm.gamemode.ingame.services.GameModeActionUtils.startGameModeEntry:21 com.thundercomm.gamemode.ingame.services.ActivityMonitoringService$1.onActivityLaunch:127
12-08 08:58:27.312 1494 1494 I GameModeConfig: Current uri is uri = content://com.thundercomm.gamemode.api/gamemode_settings/gamemode_isgaming
12-08 08:58:27.315 1494 1494 I GameModeConfig: isGameModeOn = false
12-08 08:58:27.315 1494 1494 I GameModeConfig: isGameModeOn = false
12-08 08:58:27.315 1494 1494 I GameModeConfig: isDisableVoice = true
12-08 08:58:27.320 1494 1905 I GameModeConfig: isGameModeOn = false
12-08 08:58:27.320 1494 1905 I GameModeConfig: isGameModeOn = false
12-08 08:58:27.320 1494 1905 I GameModeConfig: isGameModeOn = false
12-08 08:58:27.321 1494 1905 I GameModeConfig: isGameModeOn = false
12-08 08:58:27.342 1494 1905 I GameModeConfig: isGameModeOn = false
12-08 08:58:27.342 1494 1905 I GameModeConfig: isGameModeOn = false
12-08 08:58:27.342 1494 1905 I GameModeConfig: isGameModeOn = false
12-08 08:58:27.342 1494 1905 I GameModeConfig: isGameModeOn = false
12-08 08:58:27.368 1494 2823 W WindowManager: updateScale0.7996942
12-08 08:58:27.379 1494 1568 W WindowManager: updateScale0.7996942
12-08 08:58:27.382 1494 1568 W WindowManager: updateScale0.7996942
12-08 08:58:27.382 1494 1568 W WindowManager: updateScale0.7996942
12-08 08:58:27.536 1494 1494 I GameModeConfig: isGameModeOn = false
12-08 08:58:27.540 1494 1494 I GameModeConfig: isGameModeOn = false
12-08 08:58:27.557 1494 1494 I GameModeConfig: isGameModeOn = false
12-08 08:58:27.560 1494 1494 I GameModeConfig: isGameModeOn = false
12-08 08:58:27.670 1494 1568 W WindowManager: updateScale0.7996942
12-08 08:58:31.033 1494 2006 W WindowManager: updateScale0.4617737
12-08 08:58:31.036 1494 2006 W WindowManager: updateScale0.4617737
12-08 08:58:31.046 1494 2006 W ActivityManager: Receiver with filter android.content.IntentFilter@b64c21a already registered for pid 14889, callerPackage is com.android.music
12-08 08:58:31.106 1494 7512 W WindowManager: updateScale0.4617737
12-08 08:58:31.108 1494 7512 W WindowManager: updateScale0.4617737
12-08 08:58:31.115 1494 1905 I GameModeConfig: isGameModeOn = false
12-08 08:58:31.115 1494 1905 I GameModeConfig: isGameModeOn = false
12-08 08:58:31.115 1494 1905 I GameModeConfig: isGameModeOn = false
12-08 08:58:31.115 1494 1905 I GameModeConfig: isGameModeOn = false
12-08 08:58:31.131 1494 1905 I GameModeConfig: isGameModeOn = false
12-08 08:58:31.131 1494 1905 I GameModeConfig: isGameModeOn = false
12-08 08:58:31.132 1494 1905 I GameModeConfig: isGameModeOn = false
12-08 08:58:31.133 1494 1905 I GameModeConfig: isGameModeOn = false
12-08 08:58:31.146 1494 1905 I GameModeConfig: isGameModeOn = false
12-08 08:58:31.146 1494 1905 I GameModeConfig: isGameModeOn = false
12-08 08:58:31.146 1494 1905 I GameModeConfig: isGameModeOn = false
12-08 08:58:31.147 1494 1905 I GameModeConfig: isGameModeOn = false
12-08 08:58:31.292 1494 2743 E TaskPersister: File error accessing recents directory (directory doesn't exist?).
12-08 08:58:31.329 1494 1494 I GameModeConfig: isGameModeOn = false
12-08 08:58:31.330 1494 1494 I GameModeConfig: isGameModeOn = false
12-08 08:58:31.344 1494 1494 I GameModeConfig: isGameModeOn = false
12-08 08:58:31.347 1494 1494 I GameModeConfig: isGameModeOn = false
12-08 08:58:31.358 1494 1494 I GameModeConfig: isGameModeOn = false
12-08 08:58:31.358 1494 1494 I GameModeConfig: isGameModeOn = false
12-08 08:58:31.729 1494 1568 D FreeFormWindowHelper: refreshTipWindow windowDragBounds:Rect(13, 76 - 315, 614)
12-08 08:58:31.732 1494 1568 W WindowManager: updateScale0.4617737
12-08 08:58:31.746 1494 1568 D FreeFormWindowHelper: refreshTipWindow windowDragBounds:Rect(27, 81 - 329, 619)
12-08 08:58:31.748 1494 1568 W WindowManager: updateScale0.4617737
12-08 08:58:31.765 1494 1568 D FreeFormWindowHelper: refreshTipWindow windowDragBounds:Rect(46, 87 - 348, 625)
12-08 08:58:31.766 1494 1568 W WindowManager: updateScale0.4617737
12-08 08:58:31.779 1494 1568 D FreeFormWindowHelper: refreshTipWindow windowDragBounds:Rect(67, 94 - 369, 632)
12-08 08:58:31.780 1494 1568 W WindowManager: updateScale0.4617737
12-08 08:58:31.796 1494 1568 D FreeFormWindowHelper: refreshTipWindow windowDragBounds:Rect(93, 101 - 395, 639)
12-08 08:58:31.797 1494 1568 W WindowManager: updateScale0.4617737
12-08 08:58:31.813 1494 1568 D FreeFormWindowHelper: refreshTipWindow windowDragBounds:Rect(123, 110 - 425, 648)
12-08 08:58:31.815 1494 1568 W WindowManager: updateScale0.4617737
12-08 08:58:31.829 1494 1568 D FreeFormWindowHelper: refreshTipWindow windowDragBounds:Rect(158, 120 - 460, 658)
12-08 08:58:31.831 1494 1568 W WindowManager: updateScale0.4617737
12-08 08:58:31.846 1494 1568 D FreeFormWindowHelper: refreshTipWindow windowDragBounds:Rect(192, 127 - 494, 665)
12-08 08:58:31.848 1494 1568 W WindowManager: updateScale0.4617737
12-08 08:58:31.863 1494 1568 D FreeFormWindowHelper: refreshTipWindow windowDragBounds:Rect(227, 133 - 529, 671)
12-08 08:58:31.864 1494 1568 W WindowManager: updateScale0.4617737
12-08 08:58:31.866 1494 7705 W WindowManager: updateScale0.4617737
12-08 08:58:31.879 1494 1568 D FreeFormWindowHelper: refreshTipWindow windowDragBounds:Rect(268, 139 - 570, 677)
12-08 08:58:31.880 1494 1568 W WindowManager: updateScale0.4617737
12-08 08:58:31.896 1494 1568 D FreeFormWindowHelper: refreshTipWindow windowDragBounds:Rect(311, 143 - 613, 681)
12-08 08:58:31.897 1494 1568 W WindowManager: updateScale0.4617737
12-08 08:58:31.913 1494 1568 D FreeFormWindowHelper: refreshTipWindow windowDragBounds:Rect(356, 147 - 658, 685)
12-08 08:58:31.914 1494 1568 W WindowManager: updateScale0.4617737
12-08 08:58:31.930 1494 1568 D FreeFormWindowHelper: refreshTipWindow windowDragBounds:Rect(402, 150 - 704, 688)
12-08 08:58:31.931 1494 1568 W WindowManager: updateScale0.4617737
12-08 08:58:31.946 1494 1568 D FreeFormWindowHelper: refreshTipWindow windowDragBounds:Rect(456, 153 - 758, 691)
12-08 08:58:31.948 1494 1568 W WindowManager: updateScale0.4617737
12-08 08:58:31.963 1494 1568 D FreeFormWindowHelper: refreshTipWindow windowDragBounds:Rect(512, 154 - 814, 692)
12-08 08:58:31.964 1494 1568 W WindowManager: updateScale0.4617737
12-08 08:58:31.980 1494 7705 W WindowManager: updateScale0.4617737
12-08 08:58:31.982 1494 1568 D FreeFormWindowHelper: refreshTipWindow windowDragBounds:Rect(574, 155 - 876, 693)
12-08 08:58:31.983 1494 1568 W WindowManager: updateScale0.4617737
12-08 08:58:31.995 1494 2823 W WindowManager: updateScale0.4617737
12-08 08:58:31.997 1494 1568 D FreeFormWindowHelper: refreshTipWindow windowDragBounds:Rect(631, 155 - 933, 693)
12-08 08:58:31.999 1494 1568 W WindowManager: updateScale0.4617737
12-08 08:58:32.010 1494 2823 W WindowManager: updateScale0.4617737
12-08 08:58:32.013 1494 1568 D FreeFormWindowHelper: refreshTipWindow windowDragBounds:Rect(703, 155 - 1005, 693)
12-08 08:58:32.015 1494 1568 W WindowManager: updateScale0.4617737
12-08 08:58:32.030 1494 1568 D FreeFormWindowHelper: refreshTipWindow windowDragBounds:Rect(776, 145 - 1078, 683)
12-08 08:58:32.031 1494 1568 W WindowManager: updateScale0.4617737
12-08 08:58:32.046 1494 1568 D FreeFormWindowHelper: refreshTipWindow windowDragBounds:Rect(850, 140 - 1152, 678)
12-08 08:58:32.048 1494 1568 W WindowManager: updateScale0.4617737
12-08 08:58:32.063 1494 1568 D FreeFormWindowHelper: refreshTipWindow windowDragBounds:Rect(919, 137 - 1221, 675)
12-08 08:58:32.066 1494 1568 W WindowManager: updateScale0.4617737
12-08 08:58:32.081 1494 1568 D FreeFormWindowHelper: refreshTipWindow windowDragBounds:Rect(1010, 132 - 1312, 670)
12-08 08:58:32.082 1494 1568 W WindowManager: updateScale0.4617737
12-08 08:58:32.097 1494 1568 D FreeFormWindowHelper: refreshTipWindow windowDragBounds:Rect(1086, 128 - 1388, 666)
12-08 08:58:32.098 1494 1568 W WindowManager: updateScale0.4617737
12-08 08:58:32.113 1494 1568 D FreeFormWindowHelper: refreshTipWindow windowDragBounds:Rect(1174, 127 - 1476, 665)
12-08 08:58:32.115 1494 1568 W WindowManager: updateScale0.4617737
12-08 08:58:32.117 1494 2823 W WindowManager: updateScale0.4617737
12-08 08:58:32.131 1494 1568 D FreeFormWindowHelper: refreshTipWindow windowDragBounds:Rect(1248, 126 - 1550, 664)
12-08 08:58:32.133 1494 1568 W WindowManager: updateScale0.4617737
12-08 08:58:32.143 1494 2823 W WindowManager: updateScale0.4617737
12-08 08:58:32.147 1494 1568 D FreeFormWindowHelper: refreshTipWindow windowDragBounds:Rect(1338, 126 - 1640, 664)
12-08 08:58:32.148 1494 1568 W WindowManager: updateScale0.4617737
12-08 08:58:32.163 1494 1568 D FreeFormWindowHelper: refreshTipWindow windowDragBounds:Rect(1411, 134 - 1713, 672)
12-08 08:58:32.165 1494 1568 W WindowManager: updateScale0.4617737
12-08 08:58:32.182 1494 1568 D FreeFormWindowHelper: refreshTipWindow windowDragBounds:Rect(1489, 141 - 1791, 679)
12-08 08:58:32.183 1494 1568 W WindowManager: updateScale0.4617737
12-08 08:58:32.197 1494 1568 D FreeFormWindowHelper: refreshTipWindow windowDragBounds:Rect(1566, 151 - 1868, 689)
12-08 08:58:32.198 1494 1568 W WindowManager: updateScale0.4617737
12-08 08:58:32.214 1494 1568 D FreeFormWindowHelper: refreshTipWindow windowDragBounds:Rect(1634, 163 - 1936, 701)
12-08 08:58:32.215 1494 1568 W WindowManager: updateScale0.4617737
12-08 08:58:32.217 1494 7705 W WindowManager: updateScale0.4617737
12-08 08:58:32.230 1494 1568 D FreeFormWindowHelper: refreshTipWindow windowDragBounds:Rect(1708, 173 - 2010, 711)
12-08 08:58:32.232 1494 1568 W WindowManager: updateScale0.4617737
12-08 08:58:32.247 1494 1568 D FreeFormWindowHelper: refreshTipWindow windowDragBounds:Rect(1781, 181 - 2083, 719)
12-08 08:58:32.248 1494 1568 W WindowManager: updateScale0.4617737
12-08 08:58:32.264 1494 1568 D FreeFormWindowHelper: refreshTipWindow windowDragBounds:Rect(1851, 188 - 2153, 726)
12-08 08:58:32.265 1494 1568 W WindowManager: updateScale0.4617737
12-08 08:58:32.280 1494 1568 D FreeFormWindowHelper: refreshTipWindow windowDragBounds:Rect(1915, 199 - 2217, 737)
12-08 08:58:32.282 1494 1568 W WindowManager: updateScale0.4617737
12-08 08:58:32.297 1494 1568 D FreeFormWindowHelper: refreshTipWindow windowDragBounds:Rect(1998, 212 - 2300, 750)
12-08 08:58:32.298 1494 1568 W WindowManager: updateScale0.4617737
12-08 08:58:32.314 1494 1568 D FreeFormWindowHelper: refreshTipWindow windowDragBounds:Rect(2083, 218 - 2385, 756)
12-08 08:58:32.316 1494 1568 W WindowManager: updateScale0.4617737
12-08 08:58:32.330 1494 1568 D FreeFormWindowHelper: refreshTipWindow windowDragBounds:Rect(2142, 222 - 2444, 760)
12-08 08:58:32.331 1494 1568 W WindowManager: updateScale0.4617737
12-08 08:58:32.351 1494 1568 D WindowManager: updateWindowDragBounds: mIsSwipeYtrue
12-08 08:58:32.351 1494 1568 D WindowManager: updateWindowDragBounds: mIsTopfalse
12-08 08:58:32.351 1494 1568 D WindowManager: updateWindowDragBounds: mIsSwipeXfalse
12-08 08:58:32.354 1494 1568 W WindowManager: updateScale0.4617737
12-08 08:58:33.403 1494 2823 W WindowManager: updateScale0.4617737
12-08 08:58:33.414 1494 1568 W WindowManager: updateScale0.4617737
12-08 08:58:34.023 1494 7705 I ActivityTaskManager: FOREGROUND_APPLICATION_CHANGED to com.android.launcher3.uioverrides.QuickstepLauncher
12-08 08:58:34.047 1494 2006 W ActivityManager: Receiver with filter android.content.IntentFilter@a2912d0 already registered for pid 14889, callerPackage is com.android.music
12-08 08:58:34.052 10409 10425 W ContextImpl: Calling a method in the system process without a qualified user: android.app.ContextImpl.startService:1816 android.content.ContextWrapper.startService:774 com.thundercomm.gamemode.ingame.services.GameModeActionUtils.startGameModeService:93 com.thundercomm.gamemode.ingame.services.GameModeActionUtils.startGameModeEntry:21 com.thundercomm.gamemode.ingame.services.ActivityMonitoringService$1.onActivityLaunch:127
12-08 08:58:34.060 1494 1494 I GameModeConfig: Current uri is uri = content://com.thundercomm.gamemode.api/gamemode_settings/gamemode_isgaming
12-08 08:58:34.064 1494 1494 I GameModeConfig: isGameModeOn = false
12-08 08:58:34.064 1494 1494 I GameModeConfig: isGameModeOn = false
12-08 08:58:34.064 1494 1494 I GameModeConfig: isDisableVoice = true
12-08 08:58:34.132 10409 10425 W ContextImpl: Calling a method in the system process without a qualified user: android.app.ContextImpl.startService:1816 android.content.ContextWrapper.startService:774 com.thundercomm.gamemode.ingame.services.GameModeActionUtils.startGameModeService:93 com.thundercomm.gamemode.ingame.services.GameModeActionUtils.startGameModeEntry:21 com.thundercomm.gamemode.ingame.services.ActivityMonitoringService$1.onActivityLaunch:127
12-08 08:58:34.140 1494 1494 I GameModeConfig: Current uri is uri = content://com.thundercomm.gamemode.api/gamemode_settings/gamemode_isgaming
12-08 08:58:34.144 1494 1494 I GameModeConfig: isGameModeOn = false
12-08 08:58:34.144 1494 1494 I GameModeConfig: isGameModeOn = false
12-08 08:58:34.144 1494 1494 I GameModeConfig: isDisableVoice = true
12-08 08:58:34.317 1494 1568 D FreeFormWindowHelper: Remove freefrom task=Task{dbf118b #206 type=standard A=10090:android.task.music U=0 visible=false mode=freeform translucent=true sz=0}
12-08 08:58:37.328 1494 2743 E TaskPersister: File error accessing recents directory (directory doesn't exist?).
12-08 08:58:44.010 1494 1566 W ActivityTaskManager: Launch timeout has expired, giving up wake lock!
12-08 08:58:55.948 1494 7705 I ActivityTaskManager: START u0 {flg=0x10008000 cmp=com.android.soundrecorder/.SoundRecorder} from uid 10080
12-08 08:58:55.953 1494 7705 W ActivityTaskManager: Can't find TaskDisplayArea to determine support for multi window. Task id=207 attached=false
12-08 08:58:55.954 1494 7705 D FreeFormWindowHelper: Add freeform task=Task{4f667e #207 type=standard ?? U=0 visible=false mode=freeform translucent=true sz=0}
12-08 08:58:55.958 1494 7705 I ActivityTaskManager: FOREGROUND_APPLICATION_CHANGED to com.android.soundrecorder.SoundRecorder
12-08 08:58:55.958 1494 7705 I ActivityTaskManager: The Process com.android.soundrecorder Already Exists in BG. So sending its PID: 17431
12-08 08:58:55.959 1494 7705 W ActivityTaskManager: Tried to set launchTime (0) < mLastActivityLaunchTime (16837632)
12-08 08:58:55.985 10409 10425 W ContextImpl: Calling a method in the system process without a qualified user: android.app.ContextImpl.startService:1816 android.content.ContextWrapper.startService:774 com.thundercomm.gamemode.ingame.services.GameModeActionUtils.startGameModeService:93 com.thundercomm.gamemode.ingame.services.GameModeActionUtils.startGameModeEntry:21 com.thundercomm.gamemode.ingame.services.ActivityMonitoringService$1.onActivityLaunch:127
12-08 08:58:55.994 1494 1494 I GameModeConfig: Current uri is uri = content://com.thundercomm.gamemode.api/gamemode_settings/gamemode_isgaming
12-08 08:58:55.997 1494 1494 I GameModeConfig: isGameModeOn = false
12-08 08:58:55.997 1494 1494 I GameModeConfig: isGameModeOn = false
12-08 08:58:55.997 1494 1494 I GameModeConfig: isDisableVoice = true
12-08 08:58:56.024 1494 7705 W WindowManager: updateScale0.7996942
12-08 08:58:56.041 1494 1568 W WindowManager: updateScale0.7996942
12-08 08:58:56.045 1494 1568 W WindowManager: updateScale0.7996942
12-08 08:58:56.046 1494 1568 W WindowManager: updateScale0.7996942
12-08 08:58:56.323 1494 1568 W WindowManager: updateScale0.7996942
12-08 08:58:58.067 1494 2073 W WindowManager: updateScale0.7996942
12-08 08:58:58.078 1494 1568 W WindowManager: updateScale0.7996942
12-08 08:58:58.345 1494 2823 I ActivityTaskManager: moveTaskToBack: Task{4f667e #207 type=standard A=10061:com.android.soundrecorder U=0 visible=true mode=freeform translucent=false sz=1}
12-08 08:58:58.347 1494 2823 W WindowManager: updateScale0.7996942
12-08 08:58:58.354 1494 1568 W WindowManager: updateScale0.7996942
12-08 08:58:58.442 1494 7705 W WindowManager: updateScale0.7996942
12-08 08:58:58.968 1494 2743 E TaskPersister: File error accessing recents directory (directory doesn't exist?).
12-08 08:58:59.421 1494 1566 W WindowManager: updateScale0.7996942
12-08 08:58:59.741 1494 2073 I ActivityTaskManager: FOREGROUND_APPLICATION_CHANGED to com.android.launcher3.uioverrides.QuickstepLauncher
12-08 08:58:59.776 10409 10425 W ContextImpl: Calling a method in the system process without a qualified user: android.app.ContextImpl.startService:1816 android.content.ContextWrapper.startService:774 com.thundercomm.gamemode.ingame.services.GameModeActionUtils.startGameModeService:93 com.thundercomm.gamemode.ingame.services.GameModeActionUtils.startGameModeEntry:21 com.thundercomm.gamemode.ingame.services.ActivityMonitoringService$1.onActivityLaunch:127
12-08 08:58:59.778 1494 2006 W AS.AudioService: Updated cached param hdr_record_on from false to false
12-08 08:58:59.780 1494 2006 W AS.AudioService: Updated cached param hdr_audio_channel_count from 0 to 0
12-08 08:58:59.781 1494 7705 W AS.AudioService: Updated cached param hdr_audio_sampling_rate from 0 to 0
12-08 08:58:59.784 1494 1494 I GameModeConfig: Current uri is uri = content://com.thundercomm.gamemode.api/gamemode_settings/gamemode_isgaming
12-08 08:58:59.786 1494 1494 I GameModeConfig: isGameModeOn = false
12-08 08:58:59.786 1494 1494 I GameModeConfig: isGameModeOn = false
12-08 08:58:59.786 1494 1494 I GameModeConfig: isDisableVoice = true
12-08 08:58:59.857 10409 10425 W ContextImpl: Calling a method in the system process without a qualified user: android.app.ContextImpl.startService:1816 android.content.ContextWrapper.startService:774 com.thundercomm.gamemode.ingame.services.GameModeActionUtils.startGameModeService:93 com.thundercomm.gamemode.ingame.services.GameModeActionUtils.startGameModeEntry:21 com.thundercomm.gamemode.ingame.services.ActivityMonitoringService$1.onActivityLaunch:127
12-08 08:58:59.865 1494 1494 I GameModeConfig: Current uri is uri = content://com.thundercomm.gamemode.api/gamemode_settings/gamemode_isgaming
12-08 08:58:59.867 1494 1494 I GameModeConfig: isGameModeOn = false
12-08 08:58:59.867 1494 1494 I GameModeConfig: isGameModeOn = false
12-08 08:58:59.867 1494 1494 I GameModeConfig: isDisableVoice = true
12-08 08:59:00.045 1494 1568 D FreeFormWindowHelper: Remove freefrom task=Task{4f667e #207 type=standard A=10061:com.android.soundrecorder U=0 visible=false mode=freeform translucent=true sz=0}
12-08 08:59:03.053 1494 2743 E TaskPersister: File error accessing recents directory (directory doesn't exist?).
12-08 08:59:09.740 1494 1566 W ActivityTaskManager: Launch timeout has expired, giving up wake lock!
12-08 08:59:28.306 1494 1701 D ActivityManager: freezing 12325 com.android.permissioncontroller
12-08 08:59:28.306 1494 1701 E ActivityManager: Unable to freeze binder for 12325 com.android.permissioncontroller
12-08 08:59:28.308 1494 1701 D ActivityManager: froze 12325 com.android.permissioncontroller
12-08 08:59:28.309 1494 1701 E ActivityManager: Unable to freeze binder for 12325 com.android.permissioncontroller
12-08 08:59:28.311 1494 1701 I ActivityManager: Killing 12325:com.android.permissioncontroller/u0a94 (adj 955): Unable to freeze binder interface
12-08 08:59:28.366 1494 1566 W ActivityManager: setHasOverlayUi called on unknown pid: 12325
12-08 08:59:28.464 1494 8468 I ActivityTaskManager: START u0 {flg=0x10008000 cmp=com.android.deskclock/.DeskClock} from uid 10080
12-08 08:59:28.477 1494 8468 W ActivityTaskManager: Can't find TaskDisplayArea to determine support for multi window. Task id=208 attached=false
12-08 08:59:28.479 1494 8468 D FreeFormWindowHelper: Add freeform task=Task{b31b34a #208 type=standard ?? U=0 visible=false mode=freeform translucent=true sz=0}
12-08 08:59:28.482 1494 8468 D CompatibilityChangeReporter: Compat change id reported: 174042980; UID 10066; state: DISABLED
12-08 08:59:28.483 1494 8468 D CompatibilityChangeReporter: Compat change id reported: 184838306; UID 10066; state: DISABLED
12-08 08:59:28.484 1494 8468 D CompatibilityChangeReporter: Compat change id reported: 185004937; UID 10066; state: DISABLED
12-08 08:59:28.485 1494 8468 D CompatibilityChangeReporter: Compat change id reported: 181136395; UID 10066; state: DISABLED
12-08 08:59:28.486 1494 8468 D CompatibilityChangeReporter: Compat change id reported: 174042936; UID 10066; state: DISABLED
12-08 08:59:28.488 1494 8468 D CompatibilityChangeReporter: Compat change id reported: 168419799; UID 10066; state: DISABLED
12-08 08:59:28.489 1494 8468 I ActivityTaskManager: FOREGROUND_APPLICATION_CHANGED to com.android.deskclock.DeskClock
12-08 08:59:28.489 1494 8468 I ActivityTaskManager: The Process com.android.deskclock Already Exists in BG. So sending its PID: 17941
12-08 08:59:28.492 1494 8468 W ActivityTaskManager: Tried to set launchTime (0) < mLastActivityLaunchTime (16354267)
12-08 08:59:28.519 10409 10425 W ContextImpl: Calling a method in the system process without a qualified user: android.app.ContextImpl.startService:1816 android.content.ContextWrapper.startService:774 com.thundercomm.gamemode.ingame.services.GameModeActionUtils.startGameModeService:93 com.thundercomm.gamemode.ingame.services.GameModeActionUtils.startGameModeEntry:21 com.thundercomm.gamemode.ingame.services.ActivityMonitoringService$1.onActivityLaunch:127
12-08 08:59:28.528 1494 1494 I GameModeConfig: Current uri is uri = content://com.thundercomm.gamemode.api/gamemode_settings/gamemode_isgaming
12-08 08:59:28.536 1494 1494 I GameModeConfig: isGameModeOn = false
12-08 08:59:28.537 1494 1494 I GameModeConfig: isGameModeOn = false
12-08 08:59:28.537 1494 1494 I GameModeConfig: isDisableVoice = true
12-08 08:59:28.538 1494 7705 I ActivityTaskManager: START u0 {act=android.content.pm.action.REQUEST_PERMISSIONS pkg=com.android.permissioncontroller cmp=com.android.permissioncontroller/.permission.ui.GrantPermissionsActivity (has extras)} from uid 10066
12-08 08:59:28.550 1494 1566 D CompatibilityChangeReporter: Compat change id reported: 135634846; UID 10094; state: DISABLED
12-08 08:59:28.550 1494 1566 D CompatibilityChangeReporter: Compat change id reported: 177438394; UID 10094; state: DISABLED
12-08 08:59:28.550 1494 1566 D CompatibilityChangeReporter: Compat change id reported: 135772972; UID 10094; state: DISABLED
12-08 08:59:28.550 1494 1566 D CompatibilityChangeReporter: Compat change id reported: 135754954; UID 10094; state: DISABLED
12-08 08:59:28.550 1494 1582 D CompatibilityChangeReporter: Compat change id reported: 143937733; UID 10094; state: DISABLED
12-08 08:59:28.559 1494 1582 I ActivityManager: Start proc 18540:com.android.permissioncontroller/u0a94 for pre-top-activity {com.android.permissioncontroller/com.android.permissioncontroller.permission.ui.GrantPermissionsActivity}
12-08 08:59:28.559 1494 18541 W ContextImpl: Calling a method in the system process without a qualified user: android.app.ContextImpl.sendBroadcast:1173 com.qualcomm.qti.Performance$SendGameLaunchBroadcast.run:217 java.lang.Thread.run:920
12-08 08:59:28.570 1494 2124 I ActivityTaskManager: FOREGROUND_APPLICATION_CHANGED to com.android.permissioncontroller.permission.ui.GrantPermissionsActivity
12-08 08:59:28.590 10409 10425 W ContextImpl: Calling a method in the system process without a qualified user: android.app.ContextImpl.startService:1816 android.content.ContextWrapper.startService:774 com.thundercomm.gamemode.ingame.services.GameModeActionUtils.startGameModeService:93 com.thundercomm.gamemode.ingame.services.GameModeActionUtils.startGameModeEntry:21 com.thundercomm.gamemode.ingame.services.ActivityMonitoringService$1.onActivityLaunch:127
12-08 08:59:28.595 1494 1494 I GameModeConfig: Current uri is uri = content://com.thundercomm.gamemode.api/gamemode_settings/gamemode_isgaming
12-08 08:59:28.597 1494 1494 I GameModeConfig: isGameModeOn = false
12-08 08:59:28.598 1494 1494 I GameModeConfig: isGameModeOn = false
12-08 08:59:28.598 1494 1494 I GameModeConfig: isDisableVoice = true
12-08 08:59:28.609 1494 2124 W WindowManager: updateScale0.7996942
12-08 08:59:28.633 1494 2124 W WindowManager: updateScale0.7996942
12-08 08:59:28.633 1494 2124 W WindowManager: updateScale0.7996942
12-08 08:59:28.639 1494 1568 W WindowManager: updateScale0.7996942
12-08 08:59:28.639 1494 1568 W WindowManager: updateScale0.7996942
12-08 08:59:28.640 1494 1568 W WindowManager: updateScale0.7996942
12-08 08:59:28.640 1494 1568 W WindowManager: updateScale0.7996942
12-08 08:59:28.642 1494 1568 W WindowManager: updateScale0.7996942
12-08 08:59:28.642 1494 1568 W WindowManager: updateScale0.7996942
12-08 08:59:28.644 1494 1568 W WindowManager: updateScale0.7996942
12-08 08:59:28.644 1494 1568 W WindowManager: updateScale0.7996942
12-08 08:59:28.644 1494 1568 W WindowManager: updateScale0.7996942
12-08 08:59:28.644 1494 1568 W WindowManager: updateScale0.7996942
12-08 08:59:28.667 1494 8468 I ActivityTaskManager: FOREGROUND_APPLICATION_CHANGED to com.android.deskclock.DeskClock
12-08 08:59:28.677 1494 8468 W WindowManager: updateScale0.7996942
12-08 08:59:28.698 1494 7705 W WindowManager: updateScale0.7996942
12-08 08:59:28.778 10409 10425 W ContextImpl: Calling a method in the system process without a qualified user: android.app.ContextImpl.startService:1816 android.content.ContextWrapper.startService:774 com.thundercomm.gamemode.ingame.services.GameModeActionUtils.startGameModeService:93 com.thundercomm.gamemode.ingame.services.GameModeActionUtils.startGameModeEntry:21 com.thundercomm.gamemode.ingame.services.ActivityMonitoringService$1.onActivityLaunch:127
12-08 08:59:28.782 1494 1494 I GameModeConfig: Current uri is uri = content://com.thundercomm.gamemode.api/gamemode_settings/gamemode_isgaming
12-08 08:59:28.784 1494 1494 I GameModeConfig: isGameModeOn = false
12-08 08:59:28.784 1494 1494 I GameModeConfig: isGameModeOn = false
12-08 08:59:28.784 1494 1494 I GameModeConfig: isDisableVoice = true
12-08 08:59:28.921 1494 1568 W WindowManager: updateScale0.7996942
12-08 08:59:28.928 10409 10425 W ContextImpl: Calling a method in the system process without a qualified user: android.app.ContextImpl.startService:1816 android.content.ContextWrapper.startService:774 com.thundercomm.gamemode.ingame.services.GameModeActionUtils.startGameModeService:93 com.thundercomm.gamemode.ingame.services.GameModeActionUtils.startGameModeEntry:21 com.thundercomm.gamemode.ingame.services.ActivityMonitoringService$1.onActivityLaunch:127
12-08 08:59:28.933 1494 2124 W WindowManager: updateScale0.7996942
12-08 08:59:28.936 1494 1494 I GameModeConfig: Current uri is uri = content://com.thundercomm.gamemode.api/gamemode_settings/gamemode_isgaming
12-08 08:59:28.939 1494 1494 I GameModeConfig: isGameModeOn = false
12-08 08:59:28.940 1494 1494 I GameModeConfig: isGameModeOn = false
12-08 08:59:28.940 1494 1494 I GameModeConfig: isDisableVoice = true
12-08 08:59:28.950 1494 2124 W WindowManager: updateScale0.7996942
12-08 08:59:30.150 1494 7705 W WindowManager: updateScale0.7996942
12-08 08:59:30.163 1494 1568 W WindowManager: updateScale0.7996942
12-08 08:59:30.235 1494 7705 W WindowManager: updateScale0.7996942
12-08 08:59:30.753 1494 2124 W WindowManager: updateScale0.7996942
12-08 08:59:31.502 1494 2743 E TaskPersister: File error accessing recents directory (directory doesn't exist?).
12-08 08:59:32.340 1494 2124 W WindowManager: updateScale0.7996942
12-08 08:59:32.358 1494 1568 W WindowManager: updateScale0.7996942
12-08 08:59:32.945 1494 2124 I ActivityTaskManager: moveTaskToBack: Task{b31b34a #208 type=standard A=10066:com.android.deskclock U=0 visible=true mode=freeform translucent=false sz=1}
12-08 08:59:32.948 1494 2124 W WindowManager: updateScale0.7996942
12-08 08:59:32.958 1494 1568 W WindowManager: updateScale0.7996942
12-08 08:59:33.024 1494 2124 W WindowManager: updateScale0.7996942
12-08 08:59:34.134 1494 2124 W BroadcastQueue: Background execution not allowed: receiving Intent { act=com.android.music.updatewidget flg=0x10 } to com.android.music/.MediaAppWidgetProvider
12-08 08:59:34.134 1494 8468 W NotificationHistory: Attempted to remove channel for locked/gone/disabled user 0
12-08 08:59:34.134 1494 1581 W BroadcastQueue: Background execution not allowed: receiving Intent { act=com.android.music.updatewidget flg=0x10 } to com.android.music/.MediaAppWidgetProviderLarge
12-08 08:59:34.145 1494 1905 I GameModeConfig: isGameModeOn = false
12-08 08:59:34.146 1494 1905 I GameModeConfig: isGameModeOn = false
12-08 08:59:34.146 1494 1905 I GameModeConfig: isGameModeOn = false
12-08 08:59:34.350 1494 1494 I GameModeConfig: isGameModeOn = false
12-08 08:59:34.356 1494 1494 W NotificationHistory: Attempted to add notif for locked/gone/disabled user 0
12-08 08:59:44.394 1494 1905 I GameModeConfig: isGameModeOn = false
12-08 08:59:50.772 1494 1566 W WindowManager: updateScale0.7996942
