12-08 09:11:51.069 12174 12174 I sysui_multi_action: [757,491,758,1,759,491,927,4,928,0,1311,-1,1593,0]
12-08 09:11:51.069 12174 12174 I sysui_multi_action: [757,0,758,1,759,0,927,5,928,0,1593,0]
12-08 09:11:51.070 12174 12174 I sysui_multi_action: [757,111,758,1]
12-08 09:11:51.070 12174 12174 I sysui_multi_action: [757,126,758,1,759,126,927,0,928,1,1593,0]
12-08 09:11:51.070 12174 12174 I sysui_multi_action: [757,113,758,1,759,113,927,1,928,1,1593,0]
12-08 09:11:51.070 12174 12174 I sysui_multi_action: [757,0,758,1,759,0,927,2,928,0,1593,0]
12-08 09:11:51.070 12174 12174 I sysui_multi_action: [757,0,758,1,759,0,927,3,928,0,1593,0]
12-08 09:11:51.079 1494 1905 I GameModeConfig: isGameModeOn = false
12-08 09:11:51.079 1494 1905 I GameModeConfig: isGameModeOn = false
12-08 09:11:51.079 1494 1905 I GameModeConfig: isGameModeOn = false
12-08 09:11:51.079 1494 1905 I GameModeConfig: isGameModeOn = false
12-08 09:11:51.081 12174 12174 I sysui_multi_action: [757,111,758,2]
12-08 09:11:51.081 12174 12174 I sysui_multi_action: [757,111,758,2]
12-08 09:11:51.083 1494 1494 I notification_enqueue: [10082,12174,com.android.systemui,2048,NULL,0,Notification(channel=updateNotification shortcut=null contentView=null vibrate=null sound=null defaults=0x0 flags=0x0 color=0x00000000 vis=PRIVATE),1]
12-08 09:11:51.084 1494 1568 W WindowManager: updateScale0.4617737
12-08 09:11:51.085 12174 12174 I sysui_multi_action: [757,111,758,1]
12-08 09:11:51.085 12174 12174 I sysui_multi_action: [757,126,758,1,759,126,927,0,928,1,1593,0]
12-08 09:11:51.085 12174 12174 I sysui_multi_action: [757,113,758,1,759,113,927,1,928,1,1593,0]
12-08 09:11:51.085 12174 12174 I sysui_multi_action: [757,0,758,1,759,0,927,2,928,0,1593,0]
12-08 09:11:51.085 12174 12174 I sysui_multi_action: [757,0,758,1,759,0,927,3,928,0,1593,0]
12-08 09:11:51.086 12174 12174 I sysui_multi_action: [757,491,758,1,759,491,927,4,928,0,1311,-1,1593,0]
12-08 09:11:51.086 12174 12174 I sysui_multi_action: [757,0,758,1,759,0,927,5,928,0,1593,0]
12-08 09:11:51.086 12174 12174 I sysui_multi_action: [757,111,758,1]
12-08 09:11:51.086 12174 12174 I sysui_multi_action: [757,126,758,1,759,126,927,0,928,1,1593,0]
12-08 09:11:51.086 12174 12174 I sysui_multi_action: [757,113,758,1,759,113,927,1,928,1,1593,0]
12-08 09:11:51.086 12174 12174 I sysui_multi_action: [757,0,758,1,759,0,927,2,928,0,1593,0]
12-08 09:11:51.086 12174 12174 I sysui_multi_action: [757,0,758,1,759,0,927,3,928,0,1593,0]
12-08 09:11:51.097 1494 1905 I GameModeConfig: isGameModeOn = false
12-08 09:11:51.097 1494 1905 I GameModeConfig: isGameModeOn = false
12-08 09:11:51.098 1494 1726 I input_focus: [Focus leaving f2e5f5e com.android.settings/com.android.settings.Settings (server),reason=setFocusedWindow]
12-08 09:11:51.098 1494 1726 I input_focus: [Focus entering e4dc0ca NotificationShade (server),reason=setFocusedWindow]
12-08 09:11:51.101 1494 1905 I GameModeConfig: isGameModeOn = false
12-08 09:11:51.101 1494 1905 I GameModeConfig: isGameModeOn = false
12-08 09:11:51.101 12174 12174 I sysui_multi_action: [757,111,758,2]
12-08 09:11:51.102 12174 12174 I sysui_multi_action: [757,111,758,2]
12-08 09:11:51.102 1494 1494 I notification_enqueue: [10082,12174,com.android.systemui,2048,NULL,0,Notification(channel=updateNotification shortcut=null contentView=null vibrate=null sound=null defaults=0x0 flags=0x0 color=0x00000000 vis=PRIVATE),1]
12-08 09:11:51.105 12174 12174 I sysui_multi_action: [757,111,758,1]
12-08 09:11:51.105 12174 12174 I sysui_multi_action: [757,126,758,1,759,126,927,0,928,1,1593,0]
12-08 09:11:51.105 12174 12174 I sysui_multi_action: [757,113,758,1,759,113,927,1,928,1,1593,0]
12-08 09:11:51.105 12174 12174 I sysui_multi_action: [757,0,758,1,759,0,927,2,928,0,1593,0]
12-08 09:11:51.105 12174 12174 I sysui_multi_action: [757,0,758,1,759,0,927,3,928,0,1593,0]
12-08 09:11:51.105 12174 12174 I sysui_multi_action: [757,491,758,1,759,491,927,4,928,0,1311,-1,1593,0]
12-08 09:11:51.106 12174 12174 I sysui_multi_action: [757,0,758,1,759,0,927,5,928,0,1593,0]
12-08 09:11:51.106 12174 12174 I sysui_multi_action: [757,111,758,1]
12-08 09:11:51.106 12174 12174 I sysui_multi_action: [757,126,758,1,759,126,927,0,928,1,1593,0]
12-08 09:11:51.106 12174 12174 I sysui_multi_action: [757,113,758,1,759,113,927,1,928,1,1593,0]
12-08 09:11:51.106 12174 12174 I sysui_multi_action: [757,0,758,1,759,0,927,2,928,0,1593,0]
12-08 09:11:51.106 12174 12174 I sysui_multi_action: [757,0,758,1,759,0,927,3,928,0,1593,0]
12-08 09:11:51.115 12174 12174 I sysui_multi_action: [757,111,758,2]
12-08 09:11:51.115 12174 12174 I sysui_multi_action: [757,111,758,2]
12-08 09:11:51.116 1494 1494 I notification_enqueue: [10082,12174,com.android.systemui,2048,NULL,0,Notification(channel=updateNotification shortcut=null contentView=null vibrate=null sound=null defaults=0x0 flags=0x0 color=0x00000000 vis=PRIVATE),1]
12-08 09:11:51.118 12174 12174 I sysui_multi_action: [757,111,758,1]
12-08 09:11:51.118 12174 12174 I sysui_multi_action: [757,126,758,1,759,126,927,0,928,1,1593,0]
12-08 09:11:51.118 12174 12174 I sysui_multi_action: [757,113,758,1,759,113,927,1,928,1,1593,0]
12-08 09:11:51.118 12174 12174 I sysui_multi_action: [757,0,758,1,759,0,927,2,928,0,1593,0]
12-08 09:11:51.118 12174 12174 I sysui_multi_action: [757,0,758,1,759,0,927,3,928,0,1593,0]
12-08 09:11:51.119 12174 12174 I sysui_multi_action: [757,491,758,1,759,491,927,4,928,0,1311,-1,1593,0]
12-08 09:11:51.119 12174 12174 I sysui_multi_action: [757,0,758,1,759,0,927,5,928,0,1593,0]
12-08 09:11:51.119 12174 12174 I sysui_multi_action: [757,111,758,1]
12-08 09:11:51.119 12174 12174 I sysui_multi_action: [757,126,758,1,759,126,927,0,928,1,1593,0]
12-08 09:11:51.119 12174 12174 I sysui_multi_action: [757,113,758,1,759,113,927,1,928,1,1593,0]
12-08 09:11:51.119 12174 12174 I sysui_multi_action: [757,0,758,1,759,0,927,2,928,0,1593,0]
12-08 09:11:51.119 12174 12174 I sysui_multi_action: [757,0,758,1,759,0,927,3,928,0,1593,0]
12-08 09:11:51.120 1494 1905 I GameModeConfig: isGameModeOn = false
12-08 09:11:51.120 1494 1905 I GameModeConfig: isGameModeOn = false
12-08 09:11:51.120 1494 1905 I GameModeConfig: isGameModeOn = false
12-08 09:11:51.121 1494 1905 I GameModeConfig: isGameModeOn = false
12-08 09:11:51.128 1494 1905 I GameModeConfig: isGameModeOn = false
12-08 09:11:51.128 1494 1905 I GameModeConfig: isGameModeOn = false
12-08 09:11:51.129 1494 1905 I GameModeConfig: isGameModeOn = false
12-08 09:11:51.129 1494 1905 I GameModeConfig: isGameModeOn = false
12-08 09:11:51.130 12174 12174 I sysui_multi_action: [757,111,758,2]
12-08 09:11:51.130 12174 12174 I sysui_multi_action: [757,111,758,2]
12-08 09:11:51.133 12174 12174 I sysui_multi_action: [757,111,758,1]
12-08 09:11:51.133 12174 12174 I sysui_multi_action: [757,126,758,1,759,126,927,0,928,1,1593,0]
12-08 09:11:51.134 12174 12174 I sysui_multi_action: [757,113,758,1,759,113,927,1,928,1,1593,0]
12-08 09:11:51.134 12174 12174 I sysui_multi_action: [757,0,758,1,759,0,927,2,928,0,1593,0]
12-08 09:11:51.134 12174 12174 I sysui_multi_action: [757,0,758,1,759,0,927,3,928,0,1593,0]
12-08 09:11:51.134 12174 12174 I sysui_multi_action: [757,491,758,1,759,491,927,4,928,0,1311,-1,1593,0]
12-08 09:11:51.134 12174 12174 I sysui_multi_action: [757,0,758,1,759,0,927,5,928,0,1593,0]
12-08 09:11:51.134 12174 12174 I sysui_multi_action: [757,111,758,1]
12-08 09:11:51.134 12174 12174 I sysui_multi_action: [757,126,758,1,759,126,927,0,928,1,1593,0]
12-08 09:11:51.134 12174 12174 I sysui_multi_action: [757,113,758,1,759,113,927,1,928,1,1593,0]
12-08 09:11:51.134 12174 12174 I sysui_multi_action: [757,0,758,1,759,0,927,2,928,0,1593,0]
12-08 09:11:51.134 12174 12174 I sysui_multi_action: [757,0,758,1,759,0,927,3,928,0,1593,0]
12-08 09:11:51.135 1494 1494 I notification_enqueue: [10082,12174,com.android.systemui,2048,NULL,0,Notification(channel=updateNotification shortcut=null contentView=null vibrate=null sound=null defaults=0x0 flags=0x0 color=0x00000000 vis=PRIVATE),1]
12-08 09:11:51.150 1494 1905 I GameModeConfig: isGameModeOn = false
12-08 09:11:51.150 1494 1905 I GameModeConfig: isGameModeOn = false
12-08 09:11:51.150 1494 1905 I GameModeConfig: isGameModeOn = false
12-08 09:11:51.150 1494 1905 I GameModeConfig: isGameModeOn = false
12-08 09:11:51.152 1494 1494 I notification_enqueue: [10082,12174,com.android.systemui,2048,NULL,0,Notification(channel=updateNotification shortcut=null contentView=null vibrate=null sound=null defaults=0x0 flags=0x0 color=0x00000000 vis=PRIVATE),1]
12-08 09:11:51.155 12174 12174 I sysui_multi_action: [757,111,758,2]
12-08 09:11:51.155 12174 12174 I sysui_multi_action: [757,111,758,2]
12-08 09:11:51.159 12174 12174 I sysui_multi_action: [757,111,758,1]
12-08 09:11:51.159 12174 12174 I sysui_multi_action: [757,126,758,1,759,126,927,0,928,1,1593,0]
12-08 09:11:51.159 12174 12174 I sysui_multi_action: [757,113,758,1,759,113,927,1,928,1,1593,0]
12-08 09:11:51.159 12174 12174 I sysui_multi_action: [757,0,758,1,759,0,927,2,928,0,1593,0]
12-08 09:11:51.160 12174 12174 I sysui_multi_action: [757,0,758,1,759,0,927,3,928,0,1593,0]
12-08 09:11:51.160 12174 12174 I sysui_multi_action: [757,491,758,1,759,491,927,4,928,0,1311,-1,1593,0]
12-08 09:11:51.160 12174 12174 I sysui_multi_action: [757,0,758,1,759,0,927,5,928,0,1593,0]
12-08 09:11:51.160 12174 12174 I sysui_multi_action: [757,111,758,1]
12-08 09:11:51.160 12174 12174 I sysui_multi_action: [757,126,758,1,759,126,927,0,928,1,1593,0]
12-08 09:11:51.160 12174 12174 I sysui_multi_action: [757,113,758,1,759,113,927,1,928,1,1593,0]
12-08 09:11:51.160 12174 12174 I sysui_multi_action: [757,0,758,1,759,0,927,2,928,0,1593,0]
12-08 09:11:51.160 12174 12174 I sysui_multi_action: [757,0,758,1,759,0,927,3,928,0,1593,0]
12-08 09:11:51.174 1494 1905 I GameModeConfig: isGameModeOn = false
12-08 09:11:51.174 1494 1905 I GameModeConfig: isGameModeOn = false
12-08 09:11:51.175 1494 1905 I GameModeConfig: isGameModeOn = false
12-08 09:11:51.175 1494 1905 I GameModeConfig: isGameModeOn = false
12-08 09:11:51.175 12174 12174 I sysui_multi_action: [757,111,758,2]
12-08 09:11:51.175 12174 12174 I sysui_multi_action: [757,111,758,2]
12-08 09:11:51.176 1494 1494 I notification_enqueue: [10082,12174,com.android.systemui,2048,NULL,0,Notification(channel=updateNotification shortcut=null contentView=null vibrate=null sound=null defaults=0x0 flags=0x0 color=0x00000000 vis=PRIVATE),1]
12-08 09:11:51.178 12174 12174 I sysui_multi_action: [757,111,758,1]
12-08 09:11:51.178 12174 12174 I sysui_multi_action: [757,126,758,1,759,126,927,0,928,1,1593,0]
12-08 09:11:51.178 12174 12174 I sysui_multi_action: [757,113,758,1,759,113,927,1,928,1,1593,0]
12-08 09:11:51.178 12174 12174 I sysui_multi_action: [757,0,758,1,759,0,927,2,928,0,1593,0]
12-08 09:11:51.178 12174 12174 I sysui_multi_action: [757,0,758,1,759,0,927,3,928,0,1593,0]
12-08 09:11:51.179 12174 12174 I sysui_multi_action: [757,491,758,1,759,491,927,4,928,0,1311,-1,1593,0]
12-08 09:11:51.179 12174 12174 I sysui_multi_action: [757,0,758,1,759,0,927,5,928,0,1593,0]
12-08 09:11:51.179 12174 12174 I sysui_multi_action: [757,111,758,1]
12-08 09:11:51.179 12174 12174 I sysui_multi_action: [757,126,758,1,759,126,927,0,928,1,1593,0]
12-08 09:11:51.179 12174 12174 I sysui_multi_action: [757,113,758,1,759,113,927,1,928,1,1593,0]
12-08 09:11:51.179 12174 12174 I sysui_multi_action: [757,0,758,1,759,0,927,2,928,0,1593,0]
12-08 09:11:51.179 12174 12174 I sysui_multi_action: [757,0,758,1,759,0,927,3,928,0,1593,0]
12-08 09:11:51.252 1494 1494 I GameModeConfig: isGameModeOn = false
12-08 09:11:51.252 1494 1494 I sysui_multi_action: [757,1501,758,1,793,1733981,794,0,795,204,796,2048,806,com.android.systemui,857,updateNotification,858,3,947,0,1500,0,1688,1]
12-08 09:11:51.253 1494 1494 I sysui_multi_action: [757,804,799,note_interruptive,801,0,802,1]
12-08 09:11:51.253 1494 1494 I sysui_multi_action: [757,199,758,1,759,2,793,1733982,794,0,795,205,796,2048,806,com.android.systemui,857,updateNotification,858,3,947,0,1500,1,1688,1]
12-08 09:11:51.253 1494 1494 I notification_alert: [0|com.android.systemui|2048|null|10082,0,1,0]
12-08 09:11:51.254 1494 1494 W NotificationHistory: Attempted to add notif for locked/gone/disabled user 0
12-08 09:11:51.285 1494 1494 I GameModeConfig: isGameModeOn = false
12-08 09:11:51.286 1494 1494 E NotificationService: Muting recently noisy 0|com.android.systemui|2048|null|10082
12-08 09:11:51.301 1494 7390 W WindowManager: updateScale0.4617737
12-08 09:11:51.304 1494 6909 W WindowManager: updateScale0.4617737
12-08 09:11:51.304 1494 1494 I GameModeConfig: isGameModeOn = false
12-08 09:11:51.305 1494 1494 E NotificationService: Muting recently noisy 0|com.android.systemui|2048|null|10082
12-08 09:11:51.318 1494 1494 I GameModeConfig: isGameModeOn = false
12-08 09:11:51.319 1494 1494 E NotificationService: Muting recently noisy 0|com.android.systemui|2048|null|10082
12-08 09:11:51.337 1494 1494 I GameModeConfig: isGameModeOn = false
12-08 09:11:51.337 1494 1494 E NotificationService: Muting recently noisy 0|com.android.systemui|2048|null|10082
12-08 09:11:51.353 1494 1494 I GameModeConfig: isGameModeOn = false
12-08 09:11:51.354 1494 1494 E NotificationService: Muting recently noisy 0|com.android.systemui|2048|null|10082
12-08 09:11:51.379 1494 1494 I GameModeConfig: isGameModeOn = false
12-08 09:11:51.380 1494 1494 E NotificationService: Muting recently noisy 0|com.android.systemui|2048|null|10082
12-08 09:11:51.593 1494 7512 I sysui_multi_action: [757,128,758,1,793,17695387,794,0,795,17695387,796,26,798,0,806,android,857,DEVELOPER_IMPORTANT,858,4,947,0,1395,2,1500,17694933,1688,1]
12-08 09:11:51.594 1494 7512 I sysui_multi_action: [757,804,799,note_freshness,801,17695387,802,1]
12-08 09:11:51.594 1494 7512 I notification_visibility: [-1|android|26|null|1000,1,17695387,17695387,0,0]
12-08 09:11:51.594 1494 7512 I sysui_multi_action: [757,128,758,1,793,17696242,794,0,795,17696242,796,32,798,1,806,android,857,USB,858,1,947,0,1395,2,1500,17696182,1688,1]
12-08 09:11:51.594 1494 7512 I sysui_multi_action: [757,804,799,note_freshness,801,17696242,802,1]
12-08 09:11:51.594 1494 7512 I notification_visibility: [-1|android|32|null|1000,1,17696242,17696242,0,1]
12-08 09:11:52.164 1494 1726 I input_interaction: Interaction with: e4dc0ca NotificationShade (server), edge-swipe (server), swipe-up (server), PointerEventDispatcher0 (server),
12-08 09:11:52.174 1494 7390 I wm_task_moved: [36,0,0]
12-08 09:11:52.175 1494 7390 I wm_task_moved: [36,0,8]
12-08 09:11:52.179 1494 7390 W WindowManager: updateScale0.4617737
12-08 09:11:52.183 2523 2523 I wm_on_restart_called: [103271708,com.android.launcher3.uioverrides.QuickstepLauncher,performRestartActivity]
12-08 09:11:52.197 10409 10425 W ContextImpl: Calling a method in the system process without a qualified user: android.app.ContextImpl.startService:1816 android.content.ContextWrapper.startService:774 com.thundercomm.gamemode.ingame.services.GameModeActionUtils.startGameModeService:93 com.thundercomm.gamemode.ingame.services.GameModeActionUtils.startGameModeEntry:21 com.thundercomm.gamemode.ingame.services.ActivityMonitoringService$1.onActivityLaunch:127
12-08 09:11:52.207 1494 1494 I GameModeConfig: Current uri is uri = content://com.thundercomm.gamemode.api/gamemode_settings/gamemode_isgaming
12-08 09:11:52.209 1494 1494 I GameModeConfig: isGameModeOn = false
12-08 09:11:52.211 1494 1494 I GameModeConfig: isGameModeOn = false
12-08 09:11:52.211 1494 1494 I GameModeConfig: isDisableVoice = true
12-08 09:11:52.214 2523 2523 I wm_on_start_called: [103271708,com.android.launcher3.uioverrides.QuickstepLauncher,handleStartActivity]
12-08 09:11:52.218 1494 6229 W WindowManager: updateScale0.4617737
12-08 09:11:52.224 1494 2124 W ActivityTaskManager: getTaskSnapshot: taskId=3222 not found
12-08 09:11:52.224 1494 2124 W ActivityTaskManager: getTaskSnapshot: taskId=2222 not found
12-08 09:11:52.224 1494 2124 W ActivityTaskManager: getTaskSnapshot: taskId=1222 not found
12-08 09:11:52.227 1494 1568 W WindowManager: updateScale0.4617737
12-08 09:11:52.228 1494 1568 W WindowManager: updateScale0.4617737
12-08 09:11:52.229 1494 1568 W WindowManager: updateScale0.4617737
12-08 09:11:52.238 1494 1563 I sysui_multi_action: [319,9,322,54,325,17707,757,761,758,9,759,5,806,com.android.launcher3,871,com.android.launcher3.uioverrides.QuickstepLauncher,904,com.android.launcher3,905,0,1320,8,1321,5]
12-08 09:11:52.250 1494 1905 I GameModeConfig: isGameModeOn = false
12-08 09:11:52.272 12174 12174 I view_enqueue_input_event: [Motion - Cancel,NotificationShade]
12-08 09:11:52.275 1494 1726 I input_interaction: Interaction with: edge-swipe (server), swipe-up (server), PointerEventDispatcher0 (server),
12-08 09:11:52.278 1494 1905 I GameModeConfig: isGameModeOn = false
12-08 09:11:52.296 1494 1905 I GameModeConfig: isGameModeOn = false
12-08 09:11:52.296 2523 2523 I sysui_latency: [1,61]
12-08 09:11:52.300 1494 6229 W WindowManager: updateScale0.4617737
12-08 09:11:52.302 1494 1568 I input_focus: [Focus request f2e5f5e com.android.settings/com.android.settings.Settings,reason=UpdateInputWindows]
12-08 09:11:52.308 1494 1905 I GameModeConfig: isGameModeOn = false
12-08 09:11:52.313 1494 1568 W WindowManager: updateScale0.4617737
12-08 09:11:52.314 1494 1568 I input_focus: [Focus request recents_animation_input_consumer,reason=UpdateInputWindows]
12-08 09:11:52.316 1494 1568 W WindowManager: updateScale0.4617737
12-08 09:11:52.333 1494 1726 I input_focus: [Focus leaving e4dc0ca NotificationShade (server),reason=NOT_FOCUSABLE]
12-08 09:11:52.333 1494 1726 I input_focus: [Focus entering recents_animation_input_consumer (server),reason=setFocusedWindow]
12-08 09:11:52.346 1494 1905 I GameModeConfig: isGameModeOn = false
12-08 09:11:52.370 1494 1905 I GameModeConfig: isGameModeOn = false
12-08 09:11:52.419 1494 1700 I commit_sys_config_file: [settings-1-0,7]
12-08 09:11:52.452 1494 1905 I GameModeConfig: isGameModeOn = false
12-08 09:11:52.464 1494 1905 I GameModeConfig: isGameModeOn = false
12-08 09:11:52.465 1494 1905 I GameModeConfig: isGameModeOn = false
12-08 09:11:52.465 1494 1905 I GameModeConfig: isGameModeOn = false
12-08 09:11:52.465 1494 1905 I GameModeConfig: isGameModeOn = false
12-08 09:11:52.465 12174 12174 I sysui_multi_action: [757,111,758,2]
12-08 09:11:52.466 12174 12174 I sysui_multi_action: [757,111,758,2]
12-08 09:11:52.467 1494 1494 I notification_enqueue: [10082,12174,com.android.systemui,2048,NULL,0,Notification(channel=updateNotification shortcut=null contentView=null vibrate=null sound=null defaults=0x0 flags=0x0 color=0x00000000 vis=PRIVATE),1]
12-08 09:11:52.470 1494 6229 W WindowManager: updateScale0.4617737
12-08 09:11:52.475 12174 12174 I sysui_multi_action: [757,111,758,1]
12-08 09:11:52.475 12174 12174 I sysui_multi_action: [757,126,758,1,759,126,927,0,928,1,1593,1]
12-08 09:11:52.475 12174 12174 I sysui_multi_action: [757,113,758,1,759,113,927,1,928,1,1593,1]
12-08 09:11:52.475 12174 12174 I sysui_multi_action: [757,0,758,1,759,0,927,2,928,0,1593,1]
12-08 09:11:52.475 12174 12174 I sysui_multi_action: [757,0,758,1,759,0,927,3,928,0,1593,1]
12-08 09:11:52.476 12174 12174 I sysui_multi_action: [757,491,758,1,759,491,927,4,928,0,1311,-1,1593,0]
12-08 09:11:52.476 12174 12174 I sysui_multi_action: [757,0,758,1,759,0,927,5,928,0,1593,0]
12-08 09:11:52.476 12174 12174 I sysui_multi_action: [757,111,758,1]
12-08 09:11:52.476 12174 12174 I sysui_multi_action: [757,126,758,1,759,126,927,0,928,1,1593,1]
12-08 09:11:52.476 12174 12174 I sysui_multi_action: [757,113,758,1,759,113,927,1,928,1,1593,1]
12-08 09:11:52.476 12174 12174 I sysui_multi_action: [757,0,758,1,759,0,927,2,928,0,1593,1]
12-08 09:11:52.477 12174 12174 I sysui_multi_action: [757,0,758,1,759,0,927,3,928,0,1593,1]
12-08 09:11:52.483 1494 1905 I GameModeConfig: isGameModeOn = false
12-08 09:11:52.490 1494 7512 W WindowManager: updateScale0.4617737
12-08 09:11:52.493 1494 6229 W WindowManager: updateScale0.4617737
12-08 09:11:52.494 1494 1905 I GameModeConfig: isGameModeOn = false
12-08 09:11:52.495 1494 1905 I GameModeConfig: isGameModeOn = false
12-08 09:11:52.495 1494 1905 I GameModeConfig: isGameModeOn = false
12-08 09:11:52.495 1494 1905 I GameModeConfig: isGameModeOn = false
12-08 09:11:52.496 1494 1494 I notification_enqueue: [10082,12174,com.android.systemui,2048,NULL,0,Notification(channel=updateNotification shortcut=null contentView=null vibrate=null sound=null defaults=0x0 flags=0x0 color=0x00000000 vis=PRIVATE),1]
12-08 09:11:52.496 12174 12174 I sysui_multi_action: [757,111,758,2]
12-08 09:11:52.496 12174 12174 I sysui_multi_action: [757,111,758,2]
12-08 09:11:52.500 12174 12174 I sysui_multi_action: [757,111,758,1]
12-08 09:11:52.500 12174 12174 I sysui_multi_action: [757,126,758,1,759,126,927,0,928,1,1593,1]
12-08 09:11:52.500 12174 12174 I sysui_multi_action: [757,113,758,1,759,113,927,1,928,1,1593,1]
12-08 09:11:52.500 12174 12174 I sysui_multi_action: [757,0,758,1,759,0,927,2,928,0,1593,1]
12-08 09:11:52.501 12174 12174 I sysui_multi_action: [757,0,758,1,759,0,927,3,928,0,1593,1]
12-08 09:11:52.501 12174 12174 I sysui_multi_action: [757,491,758,1,759,491,927,4,928,0,1311,-1,1593,0]
12-08 09:11:52.501 12174 12174 I sysui_multi_action: [757,0,758,1,759,0,927,5,928,0,1593,0]
12-08 09:11:52.501 12174 12174 I sysui_multi_action: [757,111,758,1]
12-08 09:11:52.501 1494 1905 I GameModeConfig: isGameModeOn = false
12-08 09:11:52.502 12174 12174 I sysui_multi_action: [757,126,758,1,759,126,927,0,928,1,1593,1]
12-08 09:11:52.502 12174 12174 I sysui_multi_action: [757,113,758,1,759,113,927,1,928,1,1593,1]
12-08 09:11:52.502 12174 12174 I sysui_multi_action: [757,0,758,1,759,0,927,2,928,0,1593,1]
12-08 09:11:52.503 12174 12174 I sysui_multi_action: [757,0,758,1,759,0,927,3,928,0,1593,1]
12-08 09:11:52.508 1494 1905 I GameModeConfig: isGameModeOn = false
12-08 09:11:52.508 1494 1905 I GameModeConfig: isGameModeOn = false
12-08 09:11:52.508 1494 1905 I GameModeConfig: isGameModeOn = false
12-08 09:11:52.508 1494 1905 I GameModeConfig: isGameModeOn = false
12-08 09:11:52.510 12174 12174 I sysui_multi_action: [757,111,758,2]
12-08 09:11:52.510 12174 12174 I sysui_multi_action: [757,111,758,2]
12-08 09:11:52.511 1494 1494 I notification_enqueue: [10082,12174,com.android.systemui,2048,NULL,0,Notification(channel=updateNotification shortcut=null contentView=null vibrate=null sound=null defaults=0x0 flags=0x0 color=0x00000000 vis=PRIVATE),1]
12-08 09:11:52.512 1494 1905 I GameModeConfig: isGameModeOn = false
12-08 09:11:52.513 12174 12174 I sysui_multi_action: [757,111,758,1]
12-08 09:11:52.513 12174 12174 I sysui_multi_action: [757,126,758,1,759,126,927,0,928,1,1593,0]
12-08 09:11:52.514 12174 12174 I sysui_multi_action: [757,113,758,1,759,113,927,1,928,1,1593,0]
12-08 09:11:52.514 12174 12174 I sysui_multi_action: [757,0,758,1,759,0,927,2,928,0,1593,0]
12-08 09:11:52.514 12174 12174 I sysui_multi_action: [757,0,758,1,759,0,927,3,928,0,1593,0]
12-08 09:11:52.514 12174 12174 I sysui_multi_action: [757,491,758,1,759,491,927,4,928,0,1311,-1,1593,0]
12-08 09:11:52.514 12174 12174 I sysui_multi_action: [757,0,758,1,759,0,927,5,928,0,1593,0]
12-08 09:11:52.514 12174 12174 I sysui_multi_action: [757,111,758,1]
12-08 09:11:52.514 12174 12174 I sysui_multi_action: [757,126,758,1,759,126,927,0,928,1,1593,0]
12-08 09:11:52.514 12174 12174 I sysui_multi_action: [757,113,758,1,759,113,927,1,928,1,1593,0]
12-08 09:11:52.514 12174 12174 I sysui_multi_action: [757,0,758,1,759,0,927,2,928,0,1593,0]
12-08 09:11:52.514 12174 12174 I sysui_multi_action: [757,0,758,1,759,0,927,3,928,0,1593,0]
12-08 09:11:52.520 12174 12174 I sysui_multi_action: [757,111,758,2]
12-08 09:11:52.520 12174 12174 I sysui_multi_action: [757,111,758,2]
12-08 09:11:52.521 1494 1494 I notification_enqueue: [10082,12174,com.android.systemui,2048,NULL,0,Notification(channel=updateNotification shortcut=null contentView=null vibrate=null sound=null defaults=0x0 flags=0x0 color=0x00000000 vis=PRIVATE),1]
12-08 09:11:52.522 1494 1905 I GameModeConfig: isGameModeOn = false
12-08 09:11:52.522 1494 1905 I GameModeConfig: isGameModeOn = false
12-08 09:11:52.522 1494 1905 I GameModeConfig: isGameModeOn = false
12-08 09:11:52.522 1494 1905 I GameModeConfig: isGameModeOn = false
12-08 09:11:52.523 12174 12174 I sysui_multi_action: [757,111,758,1]
12-08 09:11:52.523 12174 12174 I sysui_multi_action: [757,126,758,1,759,126,927,0,928,1,1593,1]
12-08 09:11:52.523 12174 12174 I sysui_multi_action: [757,113,758,1,759,113,927,1,928,1,1593,1]
12-08 09:11:52.523 12174 12174 I sysui_multi_action: [757,0,758,1,759,0,927,2,928,0,1593,1]
12-08 09:11:52.523 12174 12174 I sysui_multi_action: [757,0,758,1,759,0,927,3,928,0,1593,1]
12-08 09:11:52.523 12174 12174 I sysui_multi_action: [757,491,758,1,759,491,927,4,928,0,1311,-1,1593,0]
12-08 09:11:52.523 12174 12174 I sysui_multi_action: [757,0,758,1,759,0,927,5,928,0,1593,0]
12-08 09:11:52.524 12174 12174 I sysui_multi_action: [757,111,758,1]
12-08 09:11:52.524 12174 12174 I sysui_multi_action: [757,126,758,1,759,126,927,0,928,1,1593,1]
12-08 09:11:52.524 12174 12174 I sysui_multi_action: [757,113,758,1,759,113,927,1,928,1,1593,1]
12-08 09:11:52.524 12174 12174 I sysui_multi_action: [757,0,758,1,759,0,927,2,928,0,1593,1]
12-08 09:11:52.524 12174 12174 I sysui_multi_action: [757,0,758,1,759,0,927,3,928,0,1593,1]
12-08 09:11:52.529 1494 1579 I sysui_latency: [8,60]
12-08 09:11:52.531 12174 12174 I sysui_multi_action: [757,111,758,2]
12-08 09:11:52.531 12174 12174 I sysui_multi_action: [757,111,758,2]
12-08 09:11:52.533 12174 12174 I sysui_multi_action: [757,111,758,1]
12-08 09:11:52.533 12174 12174 I sysui_multi_action: [757,126,758,1,759,126,927,0,928,1,1593,1]
12-08 09:11:52.533 12174 12174 I sysui_multi_action: [757,113,758,1,759,113,927,1,928,1,1593,1]
12-08 09:11:52.533 12174 12174 I sysui_multi_action: [757,0,758,1,759,0,927,2,928,0,1593,1]
12-08 09:11:52.534 12174 12174 I sysui_multi_action: [757,0,758,1,759,0,927,3,928,0,1593,1]
12-08 09:11:52.534 12174 12174 I sysui_multi_action: [757,491,758,1,759,491,927,4,928,0,1311,-1,1593,0]
12-08 09:11:52.534 12174 12174 I sysui_multi_action: [757,0,758,1,759,0,927,5,928,0,1593,0]
12-08 09:11:52.534 12174 12174 I sysui_multi_action: [757,111,758,1]
12-08 09:11:52.534 12174 12174 I sysui_multi_action: [757,126,758,1,759,126,927,0,928,1,1593,1]
12-08 09:11:52.534 12174 12174 I sysui_multi_action: [757,113,758,1,759,113,927,1,928,1,1593,1]
12-08 09:11:52.534 12174 12174 I sysui_multi_action: [757,0,758,1,759,0,927,2,928,0,1593,1]
12-08 09:11:52.534 12174 12174 I sysui_multi_action: [757,0,758,1,759,0,927,3,928,0,1593,1]
12-08 09:11:52.535 1494 1494 I notification_enqueue: [10082,12174,com.android.systemui,2048,NULL,0,Notification(channel=updateNotification shortcut=null contentView=null vibrate=null sound=null defaults=0x0 flags=0x0 color=0x00000000 vis=PRIVATE),1]
12-08 09:11:52.537 1494 1905 I GameModeConfig: isGameModeOn = false
12-08 09:11:52.537 1494 1905 I GameModeConfig: isGameModeOn = false
12-08 09:11:52.539 1494 1905 I GameModeConfig: isGameModeOn = false
12-08 09:11:52.539 1494 1905 I GameModeConfig: isGameModeOn = false
12-08 09:11:52.548 1494 1905 I GameModeConfig: isGameModeOn = false
12-08 09:11:52.550 1359 16598 I liblog : 51
12-08 09:11:52.552 1494 1905 I GameModeConfig: isGameModeOn = false
12-08 09:11:52.553 1494 1905 I GameModeConfig: isGameModeOn = false
12-08 09:11:52.553 1494 1905 I GameModeConfig: isGameModeOn = false
12-08 09:11:52.553 1494 1905 I GameModeConfig: isGameModeOn = false
12-08 09:11:52.553 12174 12174 I sysui_multi_action: [757,111,758,2]
12-08 09:11:52.553 1494 1494 I notification_enqueue: [10082,12174,com.android.systemui,2048,NULL,0,Notification(channel=updateNotification shortcut=null contentView=null vibrate=null sound=null defaults=0x0 flags=0x0 color=0x00000000 vis=PRIVATE),1]
12-08 09:11:52.554 12174 12174 I sysui_multi_action: [757,111,758,2]
12-08 09:11:52.556 12174 12174 I sysui_multi_action: [757,111,758,1]
12-08 09:11:52.556 12174 12174 I sysui_multi_action: [757,126,758,1,759,126,927,0,928,1,1593,1]
12-08 09:11:52.556 12174 12174 I sysui_multi_action: [757,113,758,1,759,113,927,1,928,1,1593,1]
12-08 09:11:52.557 12174 12174 I sysui_multi_action: [757,0,758,1,759,0,927,2,928,0,1593,1]
12-08 09:11:52.557 12174 12174 I sysui_multi_action: [757,0,758,1,759,0,927,3,928,0,1593,1]
12-08 09:11:52.557 12174 12174 I sysui_multi_action: [757,491,758,1,759,491,927,4,928,0,1311,-1,1593,0]
12-08 09:11:52.557 12174 12174 I sysui_multi_action: [757,0,758,1,759,0,927,5,928,0,1593,0]
12-08 09:11:52.557 12174 12174 I sysui_multi_action: [757,111,758,1]
12-08 09:11:52.557 12174 12174 I sysui_multi_action: [757,126,758,1,759,126,927,0,928,1,1593,1]
12-08 09:11:52.557 12174 12174 I sysui_multi_action: [757,113,758,1,759,113,927,1,928,1,1593,1]
12-08 09:11:52.557 12174 12174 I sysui_multi_action: [757,0,758,1,759,0,927,2,928,0,1593,1]
12-08 09:11:52.557 12174 12174 I sysui_multi_action: [757,0,758,1,759,0,927,3,928,0,1593,1]
12-08 09:11:52.571 1494 1905 I GameModeConfig: isGameModeOn = false
12-08 09:11:52.575 1494 1905 I GameModeConfig: isGameModeOn = false
12-08 09:11:52.578 1494 1905 I GameModeConfig: isGameModeOn = false
12-08 09:11:52.578 1494 1905 I GameModeConfig: isGameModeOn = false
12-08 09:11:52.579 1494 1905 I GameModeConfig: isGameModeOn = false
12-08 09:11:52.579 12174 12174 I sysui_multi_action: [757,111,758,2]
12-08 09:11:52.579 12174 12174 I sysui_multi_action: [757,111,758,2]
12-08 09:11:52.579 1494 1494 I notification_enqueue: [10082,12174,com.android.systemui,2048,NULL,0,Notification(channel=updateNotification shortcut=null contentView=null vibrate=null sound=null defaults=0x0 flags=0x0 color=0x00000000 vis=PRIVATE),1]
12-08 09:11:52.581 12174 12174 I sysui_multi_action: [757,111,758,1]
12-08 09:11:52.581 12174 12174 I sysui_multi_action: [757,126,758,1,759,126,927,0,928,1,1593,1]
12-08 09:11:52.581 12174 12174 I sysui_multi_action: [757,113,758,1,759,113,927,1,928,1,1593,1]
12-08 09:11:52.581 12174 12174 I sysui_multi_action: [757,0,758,1,759,0,927,2,928,0,1593,1]
12-08 09:11:52.582 12174 12174 I sysui_multi_action: [757,0,758,1,759,0,927,3,928,0,1593,1]
12-08 09:11:52.582 12174 12174 I sysui_multi_action: [757,491,758,1,759,491,927,4,928,0,1311,-1,1593,0]
12-08 09:11:52.582 12174 12174 I sysui_multi_action: [757,0,758,1,759,0,927,5,928,0,1593,0]
12-08 09:11:52.582 12174 12174 I sysui_multi_action: [757,111,758,1]
12-08 09:11:52.582 12174 12174 I sysui_multi_action: [757,126,758,1,759,126,927,0,928,1,1593,1]
12-08 09:11:52.582 12174 12174 I sysui_multi_action: [757,113,758,1,759,113,927,1,928,1,1593,1]
12-08 09:11:52.582 12174 12174 I sysui_multi_action: [757,0,758,1,759,0,927,2,928,0,1593,1]
12-08 09:11:52.582 12174 12174 I sysui_multi_action: [757,0,758,1,759,0,927,3,928,0,1593,1]
12-08 09:11:52.586 1494 1905 I GameModeConfig: isGameModeOn = false
12-08 09:11:52.586 1494 1905 I GameModeConfig: isGameModeOn = false
12-08 09:11:52.587 1494 1905 I GameModeConfig: isGameModeOn = false
12-08 09:11:52.587 1494 1905 I GameModeConfig: isGameModeOn = false
12-08 09:11:52.587 12174 12174 I sysui_multi_action: [757,111,758,2]
12-08 09:11:52.587 1494 1494 I notification_enqueue: [10082,12174,com.android.systemui,2048,NULL,0,Notification(channel=updateNotification shortcut=null contentView=null vibrate=null sound=null defaults=0x0 flags=0x0 color=0x00000000 vis=PRIVATE),1]
12-08 09:11:52.587 12174 12174 I sysui_multi_action: [757,111,758,2]
12-08 09:11:52.590 12174 12174 I sysui_multi_action: [757,111,758,1]
12-08 09:11:52.590 12174 12174 I sysui_multi_action: [757,126,758,1,759,126,927,0,928,1,1593,1]
12-08 09:11:52.590 12174 12174 I sysui_multi_action: [757,113,758,1,759,113,927,1,928,1,1593,1]
12-08 09:11:52.590 12174 12174 I sysui_multi_action: [757,0,758,1,759,0,927,2,928,0,1593,1]
12-08 09:11:52.590 12174 12174 I sysui_multi_action: [757,0,758,1,759,0,927,3,928,0,1593,1]
12-08 09:11:52.590 12174 12174 I sysui_multi_action: [757,491,758,1,759,491,927,4,928,0,1311,-1,1593,0]
12-08 09:11:52.590 12174 12174 I sysui_multi_action: [757,0,758,1,759,0,927,5,928,0,1593,0]
12-08 09:11:52.590 12174 12174 I sysui_multi_action: [757,111,758,1]
12-08 09:11:52.590 12174 12174 I sysui_multi_action: [757,126,758,1,759,126,927,0,928,1,1593,1]
12-08 09:11:52.590 12174 12174 I sysui_multi_action: [757,113,758,1,759,113,927,1,928,1,1593,1]
12-08 09:11:52.590 12174 12174 I sysui_multi_action: [757,0,758,1,759,0,927,2,928,0,1593,1]
12-08 09:11:52.590 12174 12174 I sysui_multi_action: [757,0,758,1,759,0,927,3,928,0,1593,1]
12-08 09:11:52.616 1494 1905 I GameModeConfig: isGameModeOn = false
12-08 09:11:52.616 1494 1905 I GameModeConfig: isGameModeOn = false
12-08 09:11:52.617 1494 1905 I GameModeConfig: isGameModeOn = false
12-08 09:11:52.617 1494 1905 I GameModeConfig: isGameModeOn = false
12-08 09:11:52.618 12174 12174 I sysui_multi_action: [757,111,758,2]
12-08 09:11:52.618 12174 12174 I sysui_multi_action: [757,111,758,2]
12-08 09:11:52.618 1494 1494 I notification_enqueue: [10082,12174,com.android.systemui,2048,NULL,0,Notification(channel=updateNotification shortcut=null contentView=null vibrate=null sound=null defaults=0x0 flags=0x0 color=0x00000000 vis=PRIVATE),1]
12-08 09:11:52.621 12174 12174 I sysui_multi_action: [757,111,758,1]
12-08 09:11:52.621 12174 12174 I sysui_multi_action: [757,126,758,1,759,126,927,0,928,1,1593,1]
12-08 09:11:52.621 12174 12174 I sysui_multi_action: [757,113,758,1,759,113,927,1,928,1,1593,1]
12-08 09:11:52.621 12174 12174 I sysui_multi_action: [757,0,758,1,759,0,927,2,928,0,1593,1]
12-08 09:11:52.621 12174 12174 I sysui_multi_action: [757,0,758,1,759,0,927,3,928,0,1593,1]
12-08 09:11:52.621 12174 12174 I sysui_multi_action: [757,491,758,1,759,491,927,4,928,0,1311,-1,1593,1]
12-08 09:11:52.621 12174 12174 I sysui_multi_action: [757,0,758,1,759,0,927,5,928,0,1593,1]
12-08 09:11:52.621 12174 12174 I sysui_multi_action: [757,111,758,1]
12-08 09:11:52.621 12174 12174 I sysui_multi_action: [757,126,758,1,759,126,927,0,928,1,1593,1]
12-08 09:11:52.621 12174 12174 I sysui_multi_action: [757,113,758,1,759,113,927,1,928,1,1593,1]
12-08 09:11:52.621 12174 12174 I sysui_multi_action: [757,0,758,1,759,0,927,2,928,0,1593,1]
12-08 09:11:52.621 12174 12174 I sysui_multi_action: [757,0,758,1,759,0,927,3,928,0,1593,1]
12-08 09:11:52.637 1494 7671 I sysui_multi_action: [757,128,758,2,793,17696430,794,1043,795,17696430,796,26,798,0,806,android,857,DEVELOPER_IMPORTANT,858,4,947,0,1395,2,1500,17695976,1688,1]
12-08 09:11:52.637 1494 7671 I notification_visibility: [-1|android|26|null|1000,0,17696430,17696430,0,0]
12-08 09:11:52.637 1494 7671 I sysui_multi_action: [757,128,758,2,793,17697285,794,1043,795,17697285,796,32,798,1,806,android,857,USB,858,1,947,0,1395,2,1500,17697225,1688,1]
12-08 09:11:52.637 1494 7671 I notification_visibility: [-1|android|32|null|1000,0,17697285,17697285,0,1]
12-08 09:11:52.639 12174 12174 I sysui_multi_action: [757,111,758,2]
12-08 09:11:52.639 12174 12174 I sysui_multi_action: [757,111,758,2]
12-08 09:11:52.639 1494 1905 I GameModeConfig: isGameModeOn = false
12-08 09:11:52.640 1494 1905 I GameModeConfig: isGameModeOn = false
12-08 09:11:52.640 1494 1905 I GameModeConfig: isGameModeOn = false
12-08 09:11:52.640 1494 1905 I GameModeConfig: isGameModeOn = false
12-08 09:11:52.640 1494 1494 I notification_enqueue: [10082,12174,com.android.systemui,2048,NULL,0,Notification(channel=updateNotification shortcut=null contentView=null vibrate=null sound=null defaults=0x0 flags=0x0 color=0x00000000 vis=PRIVATE),1]
12-08 09:11:52.641 12174 12174 I sysui_multi_action: [757,111,758,1]
12-08 09:11:52.641 12174 12174 I sysui_multi_action: [757,126,758,1,759,126,927,0,928,1,1593,1]
12-08 09:11:52.642 12174 12174 I sysui_multi_action: [757,113,758,1,759,113,927,1,928,1,1593,1]
12-08 09:11:52.642 12174 12174 I sysui_multi_action: [757,0,758,1,759,0,927,2,928,0,1593,1]
12-08 09:11:52.642 12174 12174 I sysui_multi_action: [757,0,758,1,759,0,927,3,928,0,1593,1]
12-08 09:11:52.642 12174 12174 I sysui_multi_action: [757,491,758,1,759,491,927,4,928,0,1311,-1,1593,1]
12-08 09:11:52.642 12174 12174 I sysui_multi_action: [757,0,758,1,759,0,927,5,928,0,1593,1]
12-08 09:11:52.642 12174 12174 I sysui_multi_action: [757,111,758,1]
12-08 09:11:52.642 12174 12174 I sysui_multi_action: [757,126,758,1,759,126,927,0,928,1,1593,1]
12-08 09:11:52.642 12174 12174 I sysui_multi_action: [757,113,758,1,759,113,927,1,928,1,1593,1]
12-08 09:11:52.642 12174 12174 I sysui_multi_action: [757,0,758,1,759,0,927,2,928,0,1593,1]
12-08 09:11:52.642 12174 12174 I sysui_multi_action: [757,0,758,1,759,0,927,3,928,0,1593,1]
12-08 09:11:52.653 12174 12174 I sysui_multi_action: [757,111,758,2]
12-08 09:11:52.653 12174 12174 I sysui_multi_action: [757,111,758,2]
12-08 09:11:52.654 1494 1494 I notification_enqueue: [10082,12174,com.android.systemui,2048,NULL,0,Notification(channel=updateNotification shortcut=null contentView=null vibrate=null sound=null defaults=0x0 flags=0x0 color=0x00000000 vis=PRIVATE),1]
12-08 09:11:52.655 12174 12174 I sysui_multi_action: [757,111,758,1]
12-08 09:11:52.655 12174 12174 I sysui_multi_action: [757,126,758,1,759,126,927,0,928,1,1593,1]
12-08 09:11:52.655 12174 12174 I sysui_multi_action: [757,113,758,1,759,113,927,1,928,1,1593,1]
12-08 09:11:52.655 12174 12174 I sysui_multi_action: [757,0,758,1,759,0,927,2,928,0,1593,1]
12-08 09:11:52.655 12174 12174 I sysui_multi_action: [757,0,758,1,759,0,927,3,928,0,1593,1]
12-08 09:11:52.656 12174 12174 I sysui_multi_action: [757,491,758,1,759,491,927,4,928,0,1311,-1,1593,1]
12-08 09:11:52.656 12174 12174 I sysui_multi_action: [757,0,758,1,759,0,927,5,928,0,1593,1]
12-08 09:11:52.656 12174 12174 I sysui_multi_action: [757,111,758,1]
12-08 09:11:52.656 12174 12174 I sysui_multi_action: [757,126,758,1,759,126,927,0,928,1,1593,1]
12-08 09:11:52.656 12174 12174 I sysui_multi_action: [757,113,758,1,759,113,927,1,928,1,1593,1]
12-08 09:11:52.656 12174 12174 I sysui_multi_action: [757,0,758,1,759,0,927,2,928,0,1593,1]
12-08 09:11:52.656 12174 12174 I sysui_multi_action: [757,0,758,1,759,0,927,3,928,0,1593,1]
12-08 09:11:52.660 1494 1905 I GameModeConfig: isGameModeOn = false
12-08 09:11:52.660 1494 1905 I GameModeConfig: isGameModeOn = false
12-08 09:11:52.661 1494 1905 I GameModeConfig: isGameModeOn = false
12-08 09:11:52.661 1494 1905 I GameModeConfig: isGameModeOn = false
12-08 09:11:52.668 1494 1905 I GameModeConfig: isGameModeOn = false
12-08 09:11:52.668 1494 1905 I GameModeConfig: isGameModeOn = false
12-08 09:11:52.668 1494 1905 I GameModeConfig: isGameModeOn = false
12-08 09:11:52.668 1494 1905 I GameModeConfig: isGameModeOn = false
12-08 09:11:52.669 1494 1494 I GameModeConfig: isGameModeOn = false
12-08 09:11:52.669 1494 1494 I sysui_multi_action: [757,1501,758,1,793,1735398,794,0,795,204,796,2048,806,com.android.systemui,857,updateNotification,858,3,947,0,1500,0,1688,1]
12-08 09:11:52.670 1494 1494 I sysui_multi_action: [757,804,799,note_interruptive,801,0,802,1]
12-08 09:11:52.670 1494 1494 I sysui_multi_action: [757,199,758,1,759,2,793,1735399,794,0,795,205,796,2048,806,com.android.systemui,857,updateNotification,858,3,947,0,1500,1,1688,1]
12-08 09:11:52.671 1494 1494 I notification_alert: [0|com.android.systemui|2048|null|10082,0,1,0]
12-08 09:11:52.672 1494 1494 W NotificationHistory: Attempted to add notif for locked/gone/disabled user 0
12-08 09:11:52.672 12174 12174 I sysui_multi_action: [757,111,758,2]
12-08 09:11:52.672 12174 12174 I sysui_multi_action: [757,111,758,2]
12-08 09:11:52.673 1494 1494 I notification_enqueue: [10082,12174,com.android.systemui,2048,NULL,0,Notification(channel=updateNotification shortcut=null contentView=null vibrate=null sound=null defaults=0x0 flags=0x0 color=0x00000000 vis=PRIVATE),1]
12-08 09:11:52.674 12174 12174 I sysui_multi_action: [757,111,758,1]
12-08 09:11:52.674 12174 12174 I sysui_multi_action: [757,126,758,1,759,126,927,0,928,1,1593,0]
12-08 09:11:52.674 12174 12174 I sysui_multi_action: [757,113,758,1,759,113,927,1,928,1,1593,0]
12-08 09:11:52.674 12174 12174 I sysui_multi_action: [757,0,758,1,759,0,927,2,928,0,1593,0]
12-08 09:11:52.674 12174 12174 I sysui_multi_action: [757,0,758,1,759,0,927,3,928,0,1593,0]
12-08 09:11:52.674 12174 12174 I sysui_multi_action: [757,491,758,1,759,491,927,4,928,0,1311,-1,1593,0]
12-08 09:11:52.674 12174 12174 I sysui_multi_action: [757,0,758,1,759,0,927,5,928,0,1593,0]
12-08 09:11:52.674 12174 12174 I sysui_multi_action: [757,111,758,1]
12-08 09:11:52.674 12174 12174 I sysui_multi_action: [757,126,758,1,759,126,927,0,928,1,1593,1]
12-08 09:11:52.674 12174 12174 I sysui_multi_action: [757,113,758,1,759,113,927,1,928,1,1593,1]
12-08 09:11:52.675 12174 12174 I sysui_multi_action: [757,0,758,1,759,0,927,2,928,0,1593,1]
12-08 09:11:52.675 12174 12174 I sysui_multi_action: [757,0,758,1,759,0,927,3,928,0,1593,1]
12-08 09:11:52.680 1494 1905 I GameModeConfig: isGameModeOn = false
12-08 09:11:52.680 1494 1905 I GameModeConfig: isGameModeOn = false
12-08 09:11:52.680 1494 1905 I GameModeConfig: isGameModeOn = false
12-08 09:11:52.680 1494 1905 I GameModeConfig: isGameModeOn = false
12-08 09:11:52.681 12174 12174 I sysui_multi_action: [757,111,758,2]
12-08 09:11:52.681 12174 12174 I sysui_multi_action: [757,111,758,2]
12-08 09:11:52.683 12174 12174 I sysui_multi_action: [757,111,758,1]
12-08 09:11:52.683 12174 12174 I sysui_multi_action: [757,126,758,1,759,126,927,0,928,1,1593,0]
12-08 09:11:52.683 12174 12174 I sysui_multi_action: [757,113,758,1,759,113,927,1,928,1,1593,0]
12-08 09:11:52.683 12174 12174 I sysui_multi_action: [757,0,758,1,759,0,927,2,928,0,1593,0]
12-08 09:11:52.683 12174 12174 I sysui_multi_action: [757,0,758,1,759,0,927,3,928,0,1593,0]
12-08 09:11:52.683 12174 12174 I sysui_multi_action: [757,491,758,1,759,491,927,4,928,0,1311,-1,1593,0]
12-08 09:11:52.683 12174 12174 I sysui_multi_action: [757,0,758,1,759,0,927,5,928,0,1593,0]
12-08 09:11:52.683 12174 12174 I sysui_multi_action: [757,111,758,1]
12-08 09:11:52.683 12174 12174 I sysui_multi_action: [757,126,758,1,759,126,927,0,928,1,1593,0]
12-08 09:11:52.683 12174 12174 I sysui_multi_action: [757,113,758,1,759,113,927,1,928,1,1593,0]
12-08 09:11:52.683 12174 12174 I sysui_multi_action: [757,0,758,1,759,0,927,2,928,0,1593,0]
12-08 09:11:52.683 12174 12174 I sysui_multi_action: [757,0,758,1,759,0,927,3,928,0,1593,0]
12-08 09:11:52.685 1494 1494 I notification_enqueue: [10082,12174,com.android.systemui,2048,NULL,0,Notification(channel=updateNotification shortcut=null contentView=null vibrate=null sound=null defaults=0x0 flags=0x0 color=0x00000000 vis=PRIVATE),1]
12-08 09:11:52.697 1494 1905 I GameModeConfig: isGameModeOn = false
12-08 09:11:52.698 1494 1905 I GameModeConfig: isGameModeOn = false
12-08 09:11:52.698 1494 1905 I GameModeConfig: isGameModeOn = false
12-08 09:11:52.698 1494 1905 I GameModeConfig: isGameModeOn = false
12-08 09:11:52.699 1494 1494 I GameModeConfig: isGameModeOn = false
12-08 09:11:52.699 1494 1494 E NotificationService: Muting recently noisy 0|com.android.systemui|2048|null|10082
12-08 09:11:52.699 12174 12174 I sysui_multi_action: [757,111,758,2]
12-08 09:11:52.699 12174 12174 I sysui_multi_action: [757,111,758,2]
12-08 09:11:52.699 1494 1494 I notification_enqueue: [10082,12174,com.android.systemui,2048,NULL,0,Notification(channel=updateNotification shortcut=null contentView=null vibrate=null sound=null defaults=0x0 flags=0x0 color=0x00000000 vis=PRIVATE),1]
12-08 09:11:52.701 12174 12174 I sysui_multi_action: [757,111,758,1]
12-08 09:11:52.701 12174 12174 I sysui_multi_action: [757,126,758,1,759,126,927,0,928,1,1593,1]
12-08 09:11:52.701 12174 12174 I sysui_multi_action: [757,113,758,1,759,113,927,1,928,1,1593,1]
12-08 09:11:52.701 12174 12174 I sysui_multi_action: [757,0,758,1,759,0,927,2,928,0,1593,1]
12-08 09:11:52.701 12174 12174 I sysui_multi_action: [757,0,758,1,759,0,927,3,928,0,1593,1]
12-08 09:11:52.701 12174 12174 I sysui_multi_action: [757,491,758,1,759,491,927,4,928,0,1311,-1,1593,0]
12-08 09:11:52.701 12174 12174 I sysui_multi_action: [757,0,758,1,759,0,927,5,928,0,1593,0]
12-08 09:11:52.701 12174 12174 I sysui_multi_action: [757,111,758,1]
12-08 09:11:52.701 12174 12174 I sysui_multi_action: [757,126,758,1,759,126,927,0,928,1,1593,1]
12-08 09:11:52.702 12174 12174 I sysui_multi_action: [757,113,758,1,759,113,927,1,928,1,1593,1]
12-08 09:11:52.702 12174 12174 I sysui_multi_action: [757,0,758,1,759,0,927,2,928,0,1593,1]
12-08 09:11:52.702 12174 12174 I sysui_multi_action: [757,0,758,1,759,0,927,3,928,0,1593,1]
12-08 09:11:52.712 1494 1494 I GameModeConfig: isGameModeOn = false
12-08 09:11:52.712 1494 1494 E NotificationService: Muting recently noisy 0|com.android.systemui|2048|null|10082
12-08 09:11:52.715 1494 1905 I GameModeConfig: isGameModeOn = false
12-08 09:11:52.715 1494 1905 I GameModeConfig: isGameModeOn = false
12-08 09:11:52.715 1494 1905 I GameModeConfig: isGameModeOn = false
12-08 09:11:52.715 1494 1905 I GameModeConfig: isGameModeOn = false
12-08 09:11:52.716 12174 12174 I sysui_multi_action: [757,111,758,2]
12-08 09:11:52.716 12174 12174 I sysui_multi_action: [757,111,758,2]
12-08 09:11:52.716 1494 1494 I notification_enqueue: [10082,12174,com.android.systemui,2048,NULL,0,Notification(channel=updateNotification shortcut=null contentView=null vibrate=null sound=null defaults=0x0 flags=0x0 color=0x00000000 vis=PRIVATE),1]
12-08 09:11:52.718 12174 12174 I sysui_multi_action: [757,111,758,1]
12-08 09:11:52.718 12174 12174 I sysui_multi_action: [757,126,758,1,759,126,927,0,928,1,1593,1]
12-08 09:11:52.718 12174 12174 I sysui_multi_action: [757,113,758,1,759,113,927,1,928,1,1593,1]
12-08 09:11:52.718 12174 12174 I sysui_multi_action: [757,0,758,1,759,0,927,2,928,0,1593,1]
12-08 09:11:52.718 12174 12174 I sysui_multi_action: [757,0,758,1,759,0,927,3,928,0,1593,1]
12-08 09:11:52.718 12174 12174 I sysui_multi_action: [757,491,758,1,759,491,927,4,928,0,1311,-1,1593,0]
12-08 09:11:52.718 12174 12174 I sysui_multi_action: [757,0,758,1,759,0,927,5,928,0,1593,0]
12-08 09:11:52.718 12174 12174 I sysui_multi_action: [757,111,758,1]
12-08 09:11:52.719 12174 12174 I sysui_multi_action: [757,126,758,1,759,126,927,0,928,1,1593,1]
12-08 09:11:52.719 12174 12174 I sysui_multi_action: [757,113,758,1,759,113,927,1,928,1,1593,1]
12-08 09:11:52.719 12174 12174 I sysui_multi_action: [757,0,758,1,759,0,927,2,928,0,1593,1]
12-08 09:11:52.719 12174 12174 I sysui_multi_action: [757,0,758,1,759,0,927,3,928,0,1593,1]
12-08 09:11:52.722 1494 1494 I GameModeConfig: isGameModeOn = false
12-08 09:11:52.723 1494 1494 E NotificationService: Muting recently noisy 0|com.android.systemui|2048|null|10082
12-08 09:11:52.730 1494 1905 I GameModeConfig: isGameModeOn = false
12-08 09:11:52.730 1494 1905 I GameModeConfig: isGameModeOn = false
12-08 09:11:52.731 1494 1905 I GameModeConfig: isGameModeOn = false
12-08 09:11:52.731 1494 1905 I GameModeConfig: isGameModeOn = false
12-08 09:11:52.732 12174 12174 I sysui_multi_action: [757,111,758,2]
12-08 09:11:52.732 12174 12174 I sysui_multi_action: [757,111,758,2]
12-08 09:11:52.732 1494 1494 I notification_enqueue: [10082,12174,com.android.systemui,2048,NULL,0,Notification(channel=updateNotification shortcut=null contentView=null vibrate=null sound=null defaults=0x0 flags=0x0 color=0x00000000 vis=PRIVATE),1]
12-08 09:11:52.734 12174 12174 I sysui_multi_action: [757,111,758,1]
12-08 09:11:52.734 12174 12174 I sysui_multi_action: [757,126,758,1,759,126,927,0,928,1,1593,1]
12-08 09:11:52.734 12174 12174 I sysui_multi_action: [757,113,758,1,759,113,927,1,928,1,1593,1]
12-08 09:11:52.734 12174 12174 I sysui_multi_action: [757,0,758,1,759,0,927,2,928,0,1593,1]
12-08 09:11:52.734 12174 12174 I sysui_multi_action: [757,0,758,1,759,0,927,3,928,0,1593,1]
12-08 09:11:52.734 12174 12174 I sysui_multi_action: [757,491,758,1,759,491,927,4,928,0,1311,-1,1593,0]
12-08 09:11:52.734 12174 12174 I sysui_multi_action: [757,0,758,1,759,0,927,5,928,0,1593,0]
12-08 09:11:52.734 12174 12174 I sysui_multi_action: [757,111,758,1]
12-08 09:11:52.734 12174 12174 I sysui_multi_action: [757,126,758,1,759,126,927,0,928,1,1593,1]
12-08 09:11:52.734 12174 12174 I sysui_multi_action: [757,113,758,1,759,113,927,1,928,1,1593,1]
12-08 09:11:52.734 12174 12174 I sysui_multi_action: [757,0,758,1,759,0,927,2,928,0,1593,1]
12-08 09:11:52.734 12174 12174 I sysui_multi_action: [757,0,758,1,759,0,927,3,928,0,1593,1]
12-08 09:11:52.736 1494 1494 I GameModeConfig: isGameModeOn = false
12-08 09:11:52.737 1494 1494 E NotificationService: Muting recently noisy 0|com.android.systemui|2048|null|10082
12-08 09:11:52.747 1494 1905 I GameModeConfig: isGameModeOn = false
12-08 09:11:52.748 1494 1905 I GameModeConfig: isGameModeOn = false
12-08 09:11:52.748 1494 1905 I GameModeConfig: isGameModeOn = false
12-08 09:11:52.748 1494 1905 I GameModeConfig: isGameModeOn = false
12-08 09:11:52.749 12174 12174 I sysui_multi_action: [757,111,758,2]
12-08 09:11:52.749 12174 12174 I sysui_multi_action: [757,111,758,2]
12-08 09:11:52.749 1494 1494 I notification_enqueue: [10082,12174,com.android.systemui,2048,NULL,0,Notification(channel=updateNotification shortcut=null contentView=null vibrate=null sound=null defaults=0x0 flags=0x0 color=0x00000000 vis=PRIVATE),1]
12-08 09:11:52.751 12174 12174 I sysui_multi_action: [757,111,758,1]
12-08 09:11:52.751 12174 12174 I sysui_multi_action: [757,126,758,1,759,126,927,0,928,1,1593,1]
12-08 09:11:52.752 12174 12174 I sysui_multi_action: [757,113,758,1,759,113,927,1,928,1,1593,1]
12-08 09:11:52.752 12174 12174 I sysui_multi_action: [757,0,758,1,759,0,927,2,928,0,1593,1]
12-08 09:11:52.752 12174 12174 I sysui_multi_action: [757,0,758,1,759,0,927,3,928,0,1593,1]
12-08 09:11:52.752 12174 12174 I sysui_multi_action: [757,491,758,1,759,491,927,4,928,0,1311,-1,1593,0]
12-08 09:11:52.752 12174 12174 I sysui_multi_action: [757,0,758,1,759,0,927,5,928,0,1593,0]
12-08 09:11:52.752 12174 12174 I sysui_multi_action: [757,111,758,1]
12-08 09:11:52.752 12174 12174 I sysui_multi_action: [757,126,758,1,759,126,927,0,928,1,1593,1]
