12-08 09:12:07.663 1494 1494 I notification_enqueue: [10082,12174,com.android.systemui,2048,NULL,0,Notification(channel=updateNotification shortcut=null contentView=null vibrate=null sound=null defaults=0x0 flags=0x0 color=0x00000000 vis=PRIVATE),1]
12-08 09:12:07.665 1494 1905 I GameModeConfig: isGameModeOn = false
12-08 09:12:07.666 1494 8468 I sysui_multi_action: [757,128,758,2,793,17711460,794,831,795,17711460,796,26,798,0,806,android,857,DEVELOPER_IMPORTANT,858,4,947,0,1395,2,1500,17711006,1688,1]
12-08 09:12:07.667 1494 8468 I notification_visibility: [-1|android|26|null|1000,0,17711460,17711460,0,0]
12-08 09:12:07.668 1494 8468 I sysui_multi_action: [757,128,758,2,793,17712315,794,831,795,17712315,796,32,798,1,806,android,857,USB,858,1,947,0,1395,2,1500,17712255,1688,1]
12-08 09:12:07.668 1494 8468 I notification_visibility: [-1|android|32|null|1000,0,17712315,17712315,0,1]
12-08 09:12:07.669 1494 8468 I sysui_multi_action: [757,127,758,2]
12-08 09:12:07.669 1494 8468 I notification_panel_hidden:
12-08 09:12:07.677 12174 12174 I sysui_multi_action: [757,111,758,1]
12-08 09:12:07.677 12174 12174 I sysui_multi_action: [757,126,758,1,759,126,927,0,928,1,1593,1]
12-08 09:12:07.677 12174 12174 I sysui_multi_action: [757,113,758,1,759,113,927,1,928,1,1593,1]
12-08 09:12:07.677 12174 12174 I sysui_multi_action: [757,0,758,1,759,0,927,2,928,0,1593,1]
12-08 09:12:07.677 12174 12174 I sysui_multi_action: [757,0,758,1,759,0,927,3,928,0,1593,1]
12-08 09:12:07.678 12174 12174 I sysui_multi_action: [757,491,758,1,759,491,927,4,928,0,1311,-1,1593,0]
12-08 09:12:07.678 12174 12174 I sysui_multi_action: [757,0,758,1,759,0,927,5,928,0,1593,0]
12-08 09:12:07.678 12174 12174 I sysui_multi_action: [757,111,758,1]
12-08 09:12:07.678 12174 12174 I sysui_multi_action: [757,126,758,1,759,126,927,0,928,1,1593,1]
12-08 09:12:07.678 12174 12174 I sysui_multi_action: [757,113,758,1,759,113,927,1,928,1,1593,1]
12-08 09:12:07.678 12174 12174 I sysui_multi_action: [757,0,758,1,759,0,927,2,928,0,1593,1]
12-08 09:12:07.678 12174 12174 I sysui_multi_action: [757,0,758,1,759,0,927,3,928,0,1593,1]
12-08 09:12:07.685 1494 1905 I GameModeConfig: isGameModeOn = false
12-08 09:12:07.686 1494 1726 I input_focus: [Focus leaving e4dc0ca NotificationShade (server),reason=NO_WINDOW]
12-08 09:12:07.686 1494 1726 I input_focus: [Focus entering bdb372 com.android.music/com.android.music.MusicBrowserActivity (server),reason=setFocusedWindow]
12-08 09:12:07.703 1494 1905 I GameModeConfig: isGameModeOn = false
12-08 09:12:07.720 1494 1905 I GameModeConfig: isGameModeOn = false
12-08 09:12:07.731 1494 1905 I GameModeConfig: isGameModeOn = false
12-08 09:12:07.734 1494 1494 I GameModeConfig: isGameModeOn = false
12-08 09:12:07.735 1494 1494 I sysui_multi_action: [757,1501,758,1,793,1750464,794,0,795,204,796,2048,806,com.android.systemui,857,updateNotification,858,3,947,0,1500,0,1688,1]
12-08 09:12:07.735 1494 1494 I sysui_multi_action: [757,804,799,note_interruptive,801,0,802,1]
12-08 09:12:07.735 1494 1494 I sysui_multi_action: [757,199,758,1,759,2,793,1750464,794,0,795,204,796,2048,806,com.android.systemui,857,updateNotification,858,3,947,0,1500,0,1688,1]
12-08 09:12:07.735 1494 1494 I notification_alert: [0|com.android.systemui|2048|null|10082,0,1,0]
12-08 09:12:07.736 1494 1494 W NotificationHistory: Attempted to add notif for locked/gone/disabled user 0
12-08 09:12:07.748 1494 1905 I GameModeConfig: isGameModeOn = false
12-08 09:12:07.759 1494 1905 I GameModeConfig: isGameModeOn = false
12-08 09:12:07.763 1494 1494 I GameModeConfig: isGameModeOn = false
12-08 09:12:07.764 1494 1494 E NotificationService: Muting recently noisy 0|com.android.systemui|2048|null|10082
12-08 09:12:07.765 1494 1905 I GameModeConfig: isGameModeOn = false
12-08 09:12:07.776 1494 1905 I GameModeConfig: isGameModeOn = false
12-08 09:12:07.776 1494 1905 I GameModeConfig: isGameModeOn = false
12-08 09:12:07.780 1494 1494 I GameModeConfig: isGameModeOn = false
12-08 09:12:07.781 1494 1494 E NotificationService: Muting recently noisy 0|com.android.systemui|2048|null|10082
12-08 09:12:07.790 1494 1905 I GameModeConfig: isGameModeOn = false
12-08 09:12:07.793 1494 1905 I GameModeConfig: isGameModeOn = false
12-08 09:12:07.798 1494 1905 I GameModeConfig: isGameModeOn = false
12-08 09:12:07.803 1494 1494 I GameModeConfig: isGameModeOn = false
12-08 09:12:07.803 1494 1494 E NotificationService: Muting recently noisy 0|com.android.systemui|2048|null|10082
12-08 09:12:07.811 1494 1905 I GameModeConfig: isGameModeOn = false
12-08 09:12:07.813 1494 1905 I GameModeConfig: isGameModeOn = false
12-08 09:12:07.820 1494 1494 I GameModeConfig: isGameModeOn = false
12-08 09:12:07.821 1494 1494 E NotificationService: Muting recently noisy 0|com.android.systemui|2048|null|10082
12-08 09:12:07.827 1494 1905 I GameModeConfig: isGameModeOn = false
12-08 09:12:07.833 1494 1494 I GameModeConfig: isGameModeOn = false
12-08 09:12:07.833 1494 1494 E NotificationService: Muting recently noisy 0|com.android.systemui|2048|null|10082
12-08 09:12:07.834 1494 1905 I GameModeConfig: isGameModeOn = false
12-08 09:12:07.847 1494 1905 I GameModeConfig: isGameModeOn = false
12-08 09:12:07.852 1494 1494 I GameModeConfig: isGameModeOn = false
12-08 09:12:07.852 1494 1494 E NotificationService: Muting recently noisy 0|com.android.systemui|2048|null|10082
12-08 09:12:07.857 1494 1905 I GameModeConfig: isGameModeOn = false
12-08 09:12:07.865 1494 1494 I GameModeConfig: isGameModeOn = false
12-08 09:12:07.865 1494 1494 E NotificationService: Muting recently noisy 0|com.android.systemui|2048|null|10082
12-08 09:12:07.868 1494 1905 I GameModeConfig: isGameModeOn = false
12-08 09:12:07.870 1494 1905 I GameModeConfig: isGameModeOn = false
12-08 09:12:07.888 1494 1905 I GameModeConfig: isGameModeOn = false
12-08 09:12:07.906 1494 1905 I GameModeConfig: isGameModeOn = false
12-08 09:12:07.938 1494 1905 I GameModeConfig: isGameModeOn = false
12-08 09:12:07.950 1494 1905 I GameModeConfig: isGameModeOn = false
12-08 09:12:07.968 1494 1905 I GameModeConfig: isGameModeOn = false
12-08 09:12:07.985 1494 1905 I GameModeConfig: isGameModeOn = false
12-08 09:12:07.995 1494 1905 I GameModeConfig: isGameModeOn = false
12-08 09:12:08.019 1494 1905 I GameModeConfig: isGameModeOn = false
12-08 09:12:08.031 1494 1905 I GameModeConfig: isGameModeOn = false
12-08 09:12:08.050 1494 1905 I GameModeConfig: isGameModeOn = false
12-08 09:12:08.071 1494 1905 I GameModeConfig: isGameModeOn = false
12-08 09:12:08.195 1494 1726 I input_interaction: Interaction with: 1745717 StatusBar (server), edge-swipe (server), swipe-up (server), PointerEventDispatcher0 (server),
12-08 09:12:08.199 12174 12174 I sysui_multi_action: [757,803,799,panel_open,802,1]
12-08 09:12:08.199 12174 12174 I sysui_multi_action: [757,1328,758,4,1326,63,1327,0,1329,0]
12-08 09:12:08.222 1494 8468 I sysui_multi_action: [757,127,758,1]
12-08 09:12:08.222 1494 8468 I sysui_multi_action: [757,804,799,note_load,801,2,802,1]
12-08 09:12:08.223 1494 8468 I notification_panel_revealed: 2
12-08 09:12:08.225 1494 1905 I GameModeConfig: isGameModeOn = false
12-08 09:12:08.225 1494 1905 I GameModeConfig: isGameModeOn = false
12-08 09:12:08.225 1494 1905 I GameModeConfig: isGameModeOn = false
12-08 09:12:08.225 1494 1905 I GameModeConfig: isGameModeOn = false
12-08 09:12:08.227 12174 12174 I sysui_multi_action: [757,111,758,2]
12-08 09:12:08.227 12174 12174 I sysui_multi_action: [757,111,758,2]
12-08 09:12:08.228 1494 1494 I notification_enqueue: [10082,12174,com.android.systemui,2048,NULL,0,Notification(channel=updateNotification shortcut=null contentView=null vibrate=null sound=null defaults=0x0 flags=0x0 color=0x00000000 vis=PRIVATE),1]
12-08 09:12:08.241 1494 1568 I input_focus: [Focus request e4dc0ca NotificationShade,reason=UpdateInputWindows]
12-08 09:12:08.245 12174 12174 I sysui_multi_action: [757,111,758,1]
12-08 09:12:08.246 12174 12174 I sysui_multi_action: [757,126,758,1,759,126,927,0,928,1,1593,0]
12-08 09:12:08.246 12174 12174 I sysui_multi_action: [757,113,758,1,759,113,927,1,928,1,1593,0]
12-08 09:12:08.246 12174 12174 I sysui_multi_action: [757,0,758,1,759,0,927,2,928,0,1593,0]
12-08 09:12:08.246 12174 12174 I sysui_multi_action: [757,0,758,1,759,0,927,3,928,0,1593,0]
12-08 09:12:08.246 12174 12174 I sysui_multi_action: [757,491,758,1,759,491,927,4,928,0,1311,-1,1593,0]
12-08 09:12:08.246 12174 12174 I sysui_multi_action: [757,0,758,1,759,0,927,5,928,0,1593,0]
12-08 09:12:08.247 12174 12174 I sysui_multi_action: [757,111,758,1]
12-08 09:12:08.247 12174 12174 I sysui_multi_action: [757,126,758,1,759,126,927,0,928,1,1593,0]
12-08 09:12:08.247 12174 12174 I sysui_multi_action: [757,113,758,1,759,113,927,1,928,1,1593,0]
12-08 09:12:08.247 12174 12174 I sysui_multi_action: [757,0,758,1,759,0,927,2,928,0,1593,0]
12-08 09:12:08.247 12174 12174 I sysui_multi_action: [757,0,758,1,759,0,927,3,928,0,1593,0]
12-08 09:12:08.259 1494 1905 I GameModeConfig: isGameModeOn = false
12-08 09:12:08.259 1494 1905 I GameModeConfig: isGameModeOn = false
12-08 09:12:08.259 1494 1905 I GameModeConfig: isGameModeOn = false
12-08 09:12:08.259 1494 1905 I GameModeConfig: isGameModeOn = false
12-08 09:12:08.260 12174 12174 I sysui_multi_action: [757,111,758,2]
12-08 09:12:08.260 1494 1494 I notification_enqueue: [10082,12174,com.android.systemui,2048,NULL,0,Notification(channel=updateNotification shortcut=null contentView=null vibrate=null sound=null defaults=0x0 flags=0x0 color=0x00000000 vis=PRIVATE),1]
12-08 09:12:08.260 12174 12174 I sysui_multi_action: [757,111,758,2]
12-08 09:12:08.265 12174 12174 I sysui_multi_action: [757,111,758,1]
12-08 09:12:08.266 12174 12174 I sysui_multi_action: [757,126,758,1,759,126,927,0,928,1,1593,0]
12-08 09:12:08.266 12174 12174 I sysui_multi_action: [757,113,758,1,759,113,927,1,928,1,1593,0]
12-08 09:12:08.266 12174 12174 I sysui_multi_action: [757,0,758,1,759,0,927,2,928,0,1593,0]
12-08 09:12:08.266 12174 12174 I sysui_multi_action: [757,0,758,1,759,0,927,3,928,0,1593,0]
12-08 09:12:08.266 12174 12174 I sysui_multi_action: [757,491,758,1,759,491,927,4,928,0,1311,-1,1593,0]
12-08 09:12:08.266 12174 12174 I sysui_multi_action: [757,0,758,1,759,0,927,5,928,0,1593,0]
12-08 09:12:08.266 12174 12174 I sysui_multi_action: [757,111,758,1]
12-08 09:12:08.267 12174 12174 I sysui_multi_action: [757,126,758,1,759,126,927,0,928,1,1593,0]
12-08 09:12:08.267 12174 12174 I sysui_multi_action: [757,113,758,1,759,113,927,1,928,1,1593,0]
12-08 09:12:08.267 12174 12174 I sysui_multi_action: [757,0,758,1,759,0,927,2,928,0,1593,0]
12-08 09:12:08.267 12174 12174 I sysui_multi_action: [757,0,758,1,759,0,927,3,928,0,1593,0]
12-08 09:12:08.272 1494 1726 I input_focus: [Focus leaving bdb372 com.android.music/com.android.music.MusicBrowserActivity (server),reason=setFocusedWindow]
12-08 09:12:08.273 1494 1726 I input_focus: [Focus entering e4dc0ca NotificationShade (server),reason=setFocusedWindow]
12-08 09:12:08.278 1494 1905 I GameModeConfig: isGameModeOn = false
12-08 09:12:08.278 1494 1905 I GameModeConfig: isGameModeOn = false
12-08 09:12:08.278 1494 1905 I GameModeConfig: isGameModeOn = false
12-08 09:12:08.278 1494 1905 I GameModeConfig: isGameModeOn = false
12-08 09:12:08.279 12174 12174 I sysui_multi_action: [757,111,758,2]
12-08 09:12:08.279 1494 1494 I notification_enqueue: [10082,12174,com.android.systemui,2048,NULL,0,Notification(channel=updateNotification shortcut=null contentView=null vibrate=null sound=null defaults=0x0 flags=0x0 color=0x00000000 vis=PRIVATE),1]
12-08 09:12:08.279 12174 12174 I sysui_multi_action: [757,111,758,2]
12-08 09:12:08.285 12174 12174 I sysui_multi_action: [757,111,758,1]
12-08 09:12:08.285 12174 12174 I sysui_multi_action: [757,126,758,1,759,126,927,0,928,1,1593,0]
12-08 09:12:08.285 12174 12174 I sysui_multi_action: [757,113,758,1,759,113,927,1,928,1,1593,0]
12-08 09:12:08.285 12174 12174 I sysui_multi_action: [757,0,758,1,759,0,927,2,928,0,1593,0]
12-08 09:12:08.285 12174 12174 I sysui_multi_action: [757,0,758,1,759,0,927,3,928,0,1593,0]
12-08 09:12:08.286 12174 12174 I sysui_multi_action: [757,491,758,1,759,491,927,4,928,0,1311,-1,1593,0]
12-08 09:12:08.286 12174 12174 I sysui_multi_action: [757,0,758,1,759,0,927,5,928,0,1593,0]
12-08 09:12:08.286 12174 12174 I sysui_multi_action: [757,111,758,1]
12-08 09:12:08.286 12174 12174 I sysui_multi_action: [757,126,758,1,759,126,927,0,928,1,1593,0]
12-08 09:12:08.286 12174 12174 I sysui_multi_action: [757,113,758,1,759,113,927,1,928,1,1593,0]
12-08 09:12:08.286 12174 12174 I sysui_multi_action: [757,0,758,1,759,0,927,2,928,0,1593,0]
12-08 09:12:08.286 12174 12174 I sysui_multi_action: [757,0,758,1,759,0,927,3,928,0,1593,0]
12-08 09:12:08.296 12174 12174 I sysui_multi_action: [757,111,758,2]
12-08 09:12:08.296 12174 12174 I sysui_multi_action: [757,111,758,2]
12-08 09:12:08.296 1494 1494 I notification_enqueue: [10082,12174,com.android.systemui,2048,NULL,0,Notification(channel=updateNotification shortcut=null contentView=null vibrate=null sound=null defaults=0x0 flags=0x0 color=0x00000000 vis=PRIVATE),1]
12-08 09:12:08.299 1494 1905 I GameModeConfig: isGameModeOn = false
12-08 09:12:08.300 1494 1905 I GameModeConfig: isGameModeOn = false
12-08 09:12:08.300 12174 12174 I sysui_multi_action: [757,111,758,1]
12-08 09:12:08.300 12174 12174 I sysui_multi_action: [757,126,758,1,759,126,927,0,928,1,1593,0]
12-08 09:12:08.300 12174 12174 I sysui_multi_action: [757,113,758,1,759,113,927,1,928,1,1593,0]
12-08 09:12:08.300 12174 12174 I sysui_multi_action: [757,0,758,1,759,0,927,2,928,0,1593,0]
12-08 09:12:08.300 12174 12174 I sysui_multi_action: [757,0,758,1,759,0,927,3,928,0,1593,0]
12-08 09:12:08.300 12174 12174 I sysui_multi_action: [757,491,758,1,759,491,927,4,928,0,1311,-1,1593,0]
12-08 09:12:08.301 12174 12174 I sysui_multi_action: [757,0,758,1,759,0,927,5,928,0,1593,0]
12-08 09:12:08.301 1494 1905 I GameModeConfig: isGameModeOn = false
12-08 09:12:08.301 12174 12174 I sysui_multi_action: [757,111,758,1]
12-08 09:12:08.301 12174 12174 I sysui_multi_action: [757,126,758,1,759,126,927,0,928,1,1593,0]
12-08 09:12:08.301 1494 1905 I GameModeConfig: isGameModeOn = false
12-08 09:12:08.301 12174 12174 I sysui_multi_action: [757,113,758,1,759,113,927,1,928,1,1593,0]
12-08 09:12:08.301 12174 12174 I sysui_multi_action: [757,0,758,1,759,0,927,2,928,0,1593,0]
12-08 09:12:08.301 12174 12174 I sysui_multi_action: [757,0,758,1,759,0,927,3,928,0,1593,0]
12-08 09:12:08.311 12174 12174 I sysui_multi_action: [757,111,758,2]
12-08 09:12:08.311 1494 1905 I GameModeConfig: isGameModeOn = false
12-08 09:12:08.311 12174 12174 I sysui_multi_action: [757,111,758,2]
12-08 09:12:08.311 1494 1905 I GameModeConfig: isGameModeOn = false
12-08 09:12:08.311 1494 1905 I GameModeConfig: isGameModeOn = false
12-08 09:12:08.311 1494 1905 I GameModeConfig: isGameModeOn = false
12-08 09:12:08.312 1494 1494 I notification_enqueue: [10082,12174,com.android.systemui,2048,NULL,0,Notification(channel=updateNotification shortcut=null contentView=null vibrate=null sound=null defaults=0x0 flags=0x0 color=0x00000000 vis=PRIVATE),1]
12-08 09:12:08.314 12174 12174 I sysui_multi_action: [757,111,758,1]
12-08 09:12:08.314 12174 12174 I sysui_multi_action: [757,126,758,1,759,126,927,0,928,1,1593,0]
12-08 09:12:08.314 12174 12174 I sysui_multi_action: [757,113,758,1,759,113,927,1,928,1,1593,0]
12-08 09:12:08.314 12174 12174 I sysui_multi_action: [757,0,758,1,759,0,927,2,928,0,1593,0]
12-08 09:12:08.314 12174 12174 I sysui_multi_action: [757,0,758,1,759,0,927,3,928,0,1593,0]
12-08 09:12:08.315 12174 12174 I sysui_multi_action: [757,491,758,1,759,491,927,4,928,0,1311,-1,1593,0]
12-08 09:12:08.315 12174 12174 I sysui_multi_action: [757,0,758,1,759,0,927,5,928,0,1593,0]
12-08 09:12:08.315 12174 12174 I sysui_multi_action: [757,111,758,1]
12-08 09:12:08.315 12174 12174 I sysui_multi_action: [757,126,758,1,759,126,927,0,928,1,1593,0]
12-08 09:12:08.315 12174 12174 I sysui_multi_action: [757,113,758,1,759,113,927,1,928,1,1593,0]
12-08 09:12:08.315 12174 12174 I sysui_multi_action: [757,0,758,1,759,0,927,2,928,0,1593,0]
12-08 09:12:08.315 12174 12174 I sysui_multi_action: [757,0,758,1,759,0,927,3,928,0,1593,0]
12-08 09:12:08.324 12174 12174 I sysui_multi_action: [757,111,758,2]
12-08 09:12:08.324 12174 12174 I sysui_multi_action: [757,111,758,2]
12-08 09:12:08.325 1494 1494 I notification_enqueue: [10082,12174,com.android.systemui,2048,NULL,0,Notification(channel=updateNotification shortcut=null contentView=null vibrate=null sound=null defaults=0x0 flags=0x0 color=0x00000000 vis=PRIVATE),1]
12-08 09:12:08.327 12174 12174 I sysui_multi_action: [757,111,758,1]
12-08 09:12:08.327 12174 12174 I sysui_multi_action: [757,126,758,1,759,126,927,0,928,1,1593,0]
12-08 09:12:08.327 1494 1905 I GameModeConfig: isGameModeOn = false
12-08 09:12:08.327 12174 12174 I sysui_multi_action: [757,113,758,1,759,113,927,1,928,1,1593,0]
12-08 09:12:08.327 12174 12174 I sysui_multi_action: [757,0,758,1,759,0,927,2,928,0,1593,0]
12-08 09:12:08.327 12174 12174 I sysui_multi_action: [757,0,758,1,759,0,927,3,928,0,1593,0]
12-08 09:12:08.327 1494 1905 I GameModeConfig: isGameModeOn = false
12-08 09:12:08.327 1494 1905 I GameModeConfig: isGameModeOn = false
12-08 09:12:08.327 1494 1905 I GameModeConfig: isGameModeOn = false
12-08 09:12:08.327 12174 12174 I sysui_multi_action: [757,491,758,1,759,491,927,4,928,0,1311,-1,1593,0]
12-08 09:12:08.327 12174 12174 I sysui_multi_action: [757,0,758,1,759,0,927,5,928,0,1593,0]
12-08 09:12:08.327 12174 12174 I sysui_multi_action: [757,111,758,1]
12-08 09:12:08.327 12174 12174 I sysui_multi_action: [757,126,758,1,759,126,927,0,928,1,1593,0]
12-08 09:12:08.328 12174 12174 I sysui_multi_action: [757,113,758,1,759,113,927,1,928,1,1593,0]
12-08 09:12:08.328 12174 12174 I sysui_multi_action: [757,0,758,1,759,0,927,2,928,0,1593,0]
12-08 09:12:08.328 12174 12174 I sysui_multi_action: [757,0,758,1,759,0,927,3,928,0,1593,0]
12-08 09:12:08.339 12174 12174 I sysui_multi_action: [757,111,758,2]
12-08 09:12:08.339 1494 1905 I GameModeConfig: isGameModeOn = false
12-08 09:12:08.339 12174 12174 I sysui_multi_action: [757,111,758,2]
12-08 09:12:08.339 1494 1905 I GameModeConfig: isGameModeOn = false
12-08 09:12:08.339 1494 1905 I GameModeConfig: isGameModeOn = false
12-08 09:12:08.339 1494 1905 I GameModeConfig: isGameModeOn = false
12-08 09:12:08.340 1494 1494 I notification_enqueue: [10082,12174,com.android.systemui,2048,NULL,0,Notification(channel=updateNotification shortcut=null contentView=null vibrate=null sound=null defaults=0x0 flags=0x0 color=0x00000000 vis=PRIVATE),1]
12-08 09:12:08.341 12174 12174 I sysui_multi_action: [757,111,758,1]
12-08 09:12:08.341 12174 12174 I sysui_multi_action: [757,126,758,1,759,126,927,0,928,1,1593,0]
12-08 09:12:08.341 12174 12174 I sysui_multi_action: [757,113,758,1,759,113,927,1,928,1,1593,0]
12-08 09:12:08.341 12174 12174 I sysui_multi_action: [757,0,758,1,759,0,927,2,928,0,1593,0]
12-08 09:12:08.341 12174 12174 I sysui_multi_action: [757,0,758,1,759,0,927,3,928,0,1593,0]
12-08 09:12:08.341 12174 12174 I sysui_multi_action: [757,491,758,1,759,491,927,4,928,0,1311,-1,1593,0]
12-08 09:12:08.341 12174 12174 I sysui_multi_action: [757,0,758,1,759,0,927,5,928,0,1593,0]
12-08 09:12:08.341 12174 12174 I sysui_multi_action: [757,111,758,1]
12-08 09:12:08.341 12174 12174 I sysui_multi_action: [757,126,758,1,759,126,927,0,928,1,1593,0]
12-08 09:12:08.342 12174 12174 I sysui_multi_action: [757,113,758,1,759,113,927,1,928,1,1593,0]
12-08 09:12:08.342 12174 12174 I sysui_multi_action: [757,0,758,1,759,0,927,2,928,0,1593,0]
12-08 09:12:08.342 12174 12174 I sysui_multi_action: [757,0,758,1,759,0,927,3,928,0,1593,0]
12-08 09:12:08.429 1494 1494 I GameModeConfig: isGameModeOn = false
12-08 09:12:08.429 1494 1494 E NotificationService: Muting recently noisy 0|com.android.systemui|2048|null|10082
12-08 09:12:08.462 1494 1494 I GameModeConfig: isGameModeOn = false
12-08 09:12:08.463 1494 1494 E NotificationService: Muting recently noisy 0|com.android.systemui|2048|null|10082
12-08 09:12:08.482 1494 1494 I GameModeConfig: isGameModeOn = false
12-08 09:12:08.483 1494 1494 E NotificationService: Muting recently noisy 0|com.android.systemui|2048|null|10082
12-08 09:12:08.498 1494 1494 I GameModeConfig: isGameModeOn = false
12-08 09:12:08.499 1494 1494 E NotificationService: Muting recently noisy 0|com.android.systemui|2048|null|10082
12-08 09:12:08.514 1494 1494 I GameModeConfig: isGameModeOn = false
12-08 09:12:08.514 1494 1494 E NotificationService: Muting recently noisy 0|com.android.systemui|2048|null|10082
12-08 09:12:08.527 1494 1494 I GameModeConfig: isGameModeOn = false
12-08 09:12:08.528 1494 1494 E NotificationService: Muting recently noisy 0|com.android.systemui|2048|null|10082
12-08 09:12:08.541 1494 1494 I GameModeConfig: isGameModeOn = false
12-08 09:12:08.542 1494 1494 E NotificationService: Muting recently noisy 0|com.android.systemui|2048|null|10082
12-08 09:12:08.773 1494 2823 I sysui_multi_action: [757,128,758,1,793,17712566,794,0,795,17712566,796,26,798,0,806,android,857,DEVELOPER_IMPORTANT,858,4,947,0,1395,2,1500,17712112,1688,1]
12-08 09:12:08.774 1494 2823 I sysui_multi_action: [757,804,799,note_freshness,801,17712566,802,1]
12-08 09:12:08.774 1494 2823 I notification_visibility: [-1|android|26|null|1000,1,17712566,17712566,0,0]
12-08 09:12:08.774 1494 2823 I sysui_multi_action: [757,128,758,1,793,17713422,794,0,795,17713422,796,32,798,1,806,android,857,USB,858,1,947,0,1395,2,1500,17713362,1688,1]
12-08 09:12:08.774 1494 2823 I sysui_multi_action: [757,804,799,note_freshness,801,17713422,802,1]
12-08 09:12:08.775 1494 2823 I notification_visibility: [-1|android|32|null|1000,1,17713422,17713422,0,1]
12-08 09:12:08.842 1494 1726 I input_interaction: Interaction with: e4dc0ca NotificationShade (server), edge-swipe (server), swipe-up (server), PointerEventDispatcher0 (server),
12-08 09:12:09.034 1494 1905 I GameModeConfig: isGameModeOn = false
12-08 09:12:09.034 1494 1905 I GameModeConfig: isGameModeOn = false
12-08 09:12:09.035 1494 1905 I GameModeConfig: isGameModeOn = false
12-08 09:12:09.035 1494 1905 I GameModeConfig: isGameModeOn = false
12-08 09:12:09.036 12174 12174 I sysui_multi_action: [757,111,758,2]
12-08 09:12:09.036 12174 12174 I sysui_multi_action: [757,111,758,2]
12-08 09:12:09.036 1494 1494 I notification_enqueue: [10082,12174,com.android.systemui,2048,NULL,0,Notification(channel=updateNotification shortcut=null contentView=null vibrate=null sound=null defaults=0x0 flags=0x0 color=0x00000000 vis=PRIVATE),1]
12-08 09:12:09.041 12174 12174 I sysui_multi_action: [757,111,758,1]
12-08 09:12:09.041 12174 12174 I sysui_multi_action: [757,126,758,1,759,126,927,0,928,1,1593,0]
12-08 09:12:09.041 12174 12174 I sysui_multi_action: [757,113,758,1,759,113,927,1,928,1,1593,0]
12-08 09:12:09.041 12174 12174 I sysui_multi_action: [757,0,758,1,759,0,927,2,928,0,1593,0]
12-08 09:12:09.042 12174 12174 I sysui_multi_action: [757,0,758,1,759,0,927,3,928,0,1593,0]
12-08 09:12:09.042 12174 12174 I sysui_multi_action: [757,491,758,1,759,491,927,4,928,0,1311,-1,1593,0]
12-08 09:12:09.042 12174 12174 I sysui_multi_action: [757,0,758,1,759,0,927,5,928,0,1593,0]
12-08 09:12:09.042 12174 12174 I sysui_multi_action: [757,111,758,1]
12-08 09:12:09.042 12174 12174 I sysui_multi_action: [757,126,758,1,759,126,927,0,928,1,1593,0]
12-08 09:12:09.042 12174 12174 I sysui_multi_action: [757,113,758,1,759,113,927,1,928,1,1593,0]
12-08 09:12:09.043 12174 12174 I sysui_multi_action: [757,0,758,1,759,0,927,2,928,0,1593,0]
12-08 09:12:09.043 12174 12174 I sysui_multi_action: [757,0,758,1,759,0,927,3,928,0,1593,0]
12-08 09:12:09.063 12174 12174 I sysui_multi_action: [757,111,758,2]
12-08 09:12:09.063 12174 12174 I sysui_multi_action: [757,111,758,2]
12-08 09:12:09.064 1494 1494 I notification_enqueue: [10082,12174,com.android.systemui,2048,NULL,0,Notification(channel=updateNotification shortcut=null contentView=null vibrate=null sound=null defaults=0x0 flags=0x0 color=0x00000000 vis=PRIVATE),1]
12-08 09:12:09.064 1494 1905 I GameModeConfig: isGameModeOn = false
12-08 09:12:09.065 1494 1905 I GameModeConfig: isGameModeOn = false
12-08 09:12:09.065 1494 1905 I GameModeConfig: isGameModeOn = false
12-08 09:12:09.065 1494 1905 I GameModeConfig: isGameModeOn = false
12-08 09:12:09.068 12174 12174 I sysui_multi_action: [757,111,758,1]
12-08 09:12:09.068 12174 12174 I sysui_multi_action: [757,126,758,1,759,126,927,0,928,1,1593,0]
12-08 09:12:09.068 12174 12174 I sysui_multi_action: [757,113,758,1,759,113,927,1,928,1,1593,0]
12-08 09:12:09.068 12174 12174 I sysui_multi_action: [757,0,758,1,759,0,927,2,928,0,1593,0]
12-08 09:12:09.069 12174 12174 I sysui_multi_action: [757,0,758,1,759,0,927,3,928,0,1593,0]
12-08 09:12:09.069 12174 12174 I sysui_multi_action: [757,491,758,1,759,491,927,4,928,0,1311,-1,1593,0]
12-08 09:12:09.069 12174 12174 I sysui_multi_action: [757,0,758,1,759,0,927,5,928,0,1593,0]
12-08 09:12:09.069 12174 12174 I sysui_multi_action: [757,111,758,1]
12-08 09:12:09.069 12174 12174 I sysui_multi_action: [757,126,758,1,759,126,927,0,928,1,1593,0]
12-08 09:12:09.069 12174 12174 I sysui_multi_action: [757,113,758,1,759,113,927,1,928,1,1593,0]
12-08 09:12:09.069 12174 12174 I sysui_multi_action: [757,0,758,1,759,0,927,2,928,0,1593,0]
12-08 09:12:09.070 12174 12174 I sysui_multi_action: [757,0,758,1,759,0,927,3,928,0,1593,0]
12-08 09:12:09.080 1494 1905 I GameModeConfig: isGameModeOn = false
12-08 09:12:09.081 1494 1905 I GameModeConfig: isGameModeOn = false
12-08 09:12:09.081 1494 1905 I GameModeConfig: isGameModeOn = false
12-08 09:12:09.082 1494 1905 I GameModeConfig: isGameModeOn = false
12-08 09:12:09.083 12174 12174 I sysui_multi_action: [757,111,758,2]
12-08 09:12:09.083 1494 1494 I notification_enqueue: [10082,12174,com.android.systemui,2048,NULL,0,Notification(channel=updateNotification shortcut=null contentView=null vibrate=null sound=null defaults=0x0 flags=0x0 color=0x00000000 vis=PRIVATE),1]
12-08 09:12:09.083 12174 12174 I sysui_multi_action: [757,111,758,2]
12-08 09:12:09.094 12174 12174 I sysui_multi_action: [757,111,758,1]
12-08 09:12:09.094 12174 12174 I sysui_multi_action: [757,126,758,1,759,126,927,0,928,1,1593,0]
12-08 09:12:09.095 12174 12174 I sysui_multi_action: [757,113,758,1,759,113,927,1,928,1,1593,0]
12-08 09:12:09.095 12174 12174 I sysui_multi_action: [757,0,758,1,759,0,927,2,928,0,1593,0]
12-08 09:12:09.095 12174 12174 I sysui_multi_action: [757,0,758,1,759,0,927,3,928,0,1593,0]
12-08 09:12:09.095 12174 12174 I sysui_multi_action: [757,491,758,1,759,491,927,4,928,0,1311,-1,1593,0]
12-08 09:12:09.095 12174 12174 I sysui_multi_action: [757,0,758,1,759,0,927,5,928,0,1593,0]
12-08 09:12:09.095 12174 12174 I sysui_multi_action: [757,111,758,1]
12-08 09:12:09.096 12174 12174 I sysui_multi_action: [757,126,758,1,759,126,927,0,928,1,1593,0]
12-08 09:12:09.096 12174 12174 I sysui_multi_action: [757,113,758,1,759,113,927,1,928,1,1593,0]
12-08 09:12:09.096 12174 12174 I sysui_multi_action: [757,0,758,1,759,0,927,2,928,0,1593,0]
12-08 09:12:09.096 12174 12174 I sysui_multi_action: [757,0,758,1,759,0,927,3,928,0,1593,0]
12-08 09:12:09.108 1494 1905 I GameModeConfig: isGameModeOn = false
12-08 09:12:09.108 1494 1905 I GameModeConfig: isGameModeOn = false
12-08 09:12:09.108 1494 1905 I GameModeConfig: isGameModeOn = false
12-08 09:12:09.108 1494 1905 I GameModeConfig: isGameModeOn = false
12-08 09:12:09.109 1494 1494 I notification_enqueue: [10082,12174,com.android.systemui,2048,NULL,0,Notification(channel=updateNotification shortcut=null contentView=null vibrate=null sound=null defaults=0x0 flags=0x0 color=0x00000000 vis=PRIVATE),1]
12-08 09:12:09.111 12174 12174 I sysui_multi_action: [757,111,758,2]
12-08 09:12:09.111 12174 12174 I sysui_multi_action: [757,111,758,2]
12-08 09:12:09.119 12174 12174 I sysui_multi_action: [757,111,758,1]
12-08 09:12:09.119 12174 12174 I sysui_multi_action: [757,126,758,1,759,126,927,0,928,1,1593,0]
12-08 09:12:09.119 12174 12174 I sysui_multi_action: [757,113,758,1,759,113,927,1,928,1,1593,0]
12-08 09:12:09.119 12174 12174 I sysui_multi_action: [757,0,758,1,759,0,927,2,928,0,1593,0]
12-08 09:12:09.119 12174 12174 I sysui_multi_action: [757,0,758,1,759,0,927,3,928,0,1593,0]
12-08 09:12:09.120 12174 12174 I sysui_multi_action: [757,491,758,1,759,491,927,4,928,0,1311,-1,1593,0]
12-08 09:12:09.120 12174 12174 I sysui_multi_action: [757,0,758,1,759,0,927,5,928,0,1593,0]
12-08 09:12:09.120 12174 12174 I sysui_multi_action: [757,111,758,1]
12-08 09:12:09.120 12174 12174 I sysui_multi_action: [757,126,758,1,759,126,927,0,928,1,1593,0]
12-08 09:12:09.120 12174 12174 I sysui_multi_action: [757,113,758,1,759,113,927,1,928,1,1593,0]
12-08 09:12:09.120 12174 12174 I sysui_multi_action: [757,0,758,1,759,0,927,2,928,0,1593,0]
12-08 09:12:09.120 12174 12174 I sysui_multi_action: [757,0,758,1,759,0,927,3,928,0,1593,0]
12-08 09:12:09.126 12174 12174 I sysui_multi_action: [757,111,758,2]
12-08 09:12:09.127 12174 12174 I sysui_multi_action: [757,111,758,2]
12-08 09:12:09.127 1494 1494 I notification_enqueue: [10082,12174,com.android.systemui,2048,NULL,0,Notification(channel=updateNotification shortcut=null contentView=null vibrate=null sound=null defaults=0x0 flags=0x0 color=0x00000000 vis=PRIVATE),1]
12-08 09:12:09.129 1494 1905 I GameModeConfig: isGameModeOn = false
12-08 09:12:09.130 12174 12174 I sysui_multi_action: [757,111,758,1]
12-08 09:12:09.130 1494 1905 I GameModeConfig: isGameModeOn = false
12-08 09:12:09.130 12174 12174 I sysui_multi_action: [757,126,758,1,759,126,927,0,928,1,1593,0]
12-08 09:12:09.130 1494 1905 I GameModeConfig: isGameModeOn = false
12-08 09:12:09.130 12174 12174 I sysui_multi_action: [757,113,758,1,759,113,927,1,928,1,1593,0]
12-08 09:12:09.130 12174 12174 I sysui_multi_action: [757,0,758,1,759,0,927,2,928,0,1593,0]
12-08 09:12:09.130 12174 12174 I sysui_multi_action: [757,0,758,1,759,0,927,3,928,0,1593,0]
12-08 09:12:09.130 1494 1905 I GameModeConfig: isGameModeOn = false
12-08 09:12:09.130 12174 12174 I sysui_multi_action: [757,491,758,1,759,491,927,4,928,0,1311,-1,1593,0]
12-08 09:12:09.130 12174 12174 I sysui_multi_action: [757,0,758,1,759,0,927,5,928,0,1593,0]
12-08 09:12:09.130 12174 12174 I sysui_multi_action: [757,111,758,1]
12-08 09:12:09.130 12174 12174 I sysui_multi_action: [757,126,758,1,759,126,927,0,928,1,1593,0]
12-08 09:12:09.130 12174 12174 I sysui_multi_action: [757,113,758,1,759,113,927,1,928,1,1593,0]
12-08 09:12:09.130 12174 12174 I sysui_multi_action: [757,0,758,1,759,0,927,2,928,0,1593,0]
12-08 09:12:09.130 12174 12174 I sysui_multi_action: [757,0,758,1,759,0,927,3,928,0,1593,0]
12-08 09:12:09.138 1494 1905 I GameModeConfig: isGameModeOn = false
12-08 09:12:09.139 1494 1905 I GameModeConfig: isGameModeOn = false
12-08 09:12:09.139 1494 1905 I GameModeConfig: isGameModeOn = false
12-08 09:12:09.139 1494 1905 I GameModeConfig: isGameModeOn = false
12-08 09:12:09.140 12174 12174 I sysui_multi_action: [757,111,758,2]
12-08 09:12:09.140 12174 12174 I sysui_multi_action: [757,111,758,2]
12-08 09:12:09.140 1494 1494 I notification_enqueue: [10082,12174,com.android.systemui,2048,NULL,0,Notification(channel=updateNotification shortcut=null contentView=null vibrate=null sound=null defaults=0x0 flags=0x0 color=0x00000000 vis=PRIVATE),1]
12-08 09:12:09.143 12174 12174 I sysui_multi_action: [757,111,758,1]
12-08 09:12:09.143 12174 12174 I sysui_multi_action: [757,126,758,1,759,126,927,0,928,1,1593,0]
12-08 09:12:09.143 12174 12174 I sysui_multi_action: [757,113,758,1,759,113,927,1,928,1,1593,0]
12-08 09:12:09.143 12174 12174 I sysui_multi_action: [757,0,758,1,759,0,927,2,928,0,1593,0]
12-08 09:12:09.143 12174 12174 I sysui_multi_action: [757,0,758,1,759,0,927,3,928,0,1593,0]
12-08 09:12:09.143 12174 12174 I sysui_multi_action: [757,491,758,1,759,491,927,4,928,0,1311,-1,1593,0]
12-08 09:12:09.143 12174 12174 I sysui_multi_action: [757,0,758,1,759,0,927,5,928,0,1593,0]
12-08 09:12:09.143 12174 12174 I sysui_multi_action: [757,111,758,1]
12-08 09:12:09.143 12174 12174 I sysui_multi_action: [757,126,758,1,759,126,927,0,928,1,1593,0]
12-08 09:12:09.143 12174 12174 I sysui_multi_action: [757,113,758,1,759,113,927,1,928,1,1593,0]
12-08 09:12:09.143 12174 12174 I sysui_multi_action: [757,0,758,1,759,0,927,2,928,0,1593,0]
12-08 09:12:09.143 12174 12174 I sysui_multi_action: [757,0,758,1,759,0,927,3,928,0,1593,0]
12-08 09:12:09.151 12174 12174 I sysui_multi_action: [757,111,758,2]
12-08 09:12:09.151 12174 12174 I sysui_multi_action: [757,111,758,2]
12-08 09:12:09.152 1494 1494 I notification_enqueue: [10082,12174,com.android.systemui,2048,NULL,0,Notification(channel=updateNotification shortcut=null contentView=null vibrate=null sound=null defaults=0x0 flags=0x0 color=0x00000000 vis=PRIVATE),1]
12-08 09:12:09.153 1494 1905 I GameModeConfig: isGameModeOn = false
12-08 09:12:09.153 1494 1905 I GameModeConfig: isGameModeOn = false
12-08 09:12:09.153 1494 1905 I GameModeConfig: isGameModeOn = false
12-08 09:12:09.154 1494 1905 I GameModeConfig: isGameModeOn = false
12-08 09:12:09.158 1494 1568 I input_focus: [Focus request bdb372 com.android.music/com.android.music.MusicBrowserActivity,reason=UpdateInputWindows]
12-08 09:12:09.159 12174 12174 I sysui_multi_action: [757,111,758,1]
12-08 09:12:09.159 12174 12174 I sysui_multi_action: [757,126,758,1,759,126,927,0,928,1,1593,0]
12-08 09:12:09.159 12174 12174 I sysui_multi_action: [757,113,758,1,759,113,927,1,928,1,1593,0]
12-08 09:12:09.159 12174 12174 I sysui_multi_action: [757,0,758,1,759,0,927,2,928,0,1593,0]
12-08 09:12:09.159 12174 12174 I sysui_multi_action: [757,0,758,1,759,0,927,3,928,0,1593,0]
12-08 09:12:09.159 12174 12174 I sysui_multi_action: [757,491,758,1,759,491,927,4,928,0,1311,-1,1593,0]
12-08 09:12:09.160 12174 12174 I sysui_multi_action: [757,0,758,1,759,0,927,5,928,0,1593,0]
12-08 09:12:09.160 12174 12174 I sysui_multi_action: [757,111,758,1]
12-08 09:12:09.160 12174 12174 I sysui_multi_action: [757,126,758,1,759,126,927,0,928,1,1593,0]
12-08 09:12:09.160 12174 12174 I sysui_multi_action: [757,113,758,1,759,113,927,1,928,1,1593,0]
12-08 09:12:09.160 12174 12174 I sysui_multi_action: [757,0,758,1,759,0,927,2,928,0,1593,0]
12-08 09:12:09.160 12174 12174 I sysui_multi_action: [757,0,758,1,759,0,927,3,928,0,1593,0]
12-08 09:12:09.164 1494 1905 I GameModeConfig: isGameModeOn = false
12-08 09:12:09.164 1494 1905 I GameModeConfig: isGameModeOn = false
12-08 09:12:09.164 1494 1905 I GameModeConfig: isGameModeOn = false
12-08 09:12:09.165 1494 1905 I GameModeConfig: isGameModeOn = false
12-08 09:12:09.165 12174 12174 I sysui_multi_action: [757,111,758,2]
12-08 09:12:09.165 12174 12174 I sysui_multi_action: [757,111,758,2]
12-08 09:12:09.166 1494 1494 I notification_enqueue: [10082,12174,com.android.systemui,2048,NULL,0,Notification(channel=updateNotification shortcut=null contentView=null vibrate=null sound=null defaults=0x0 flags=0x0 color=0x00000000 vis=PRIVATE),1]
12-08 09:12:09.167 1494 8468 I sysui_multi_action: [757,128,758,2,793,17712961,794,395,795,17712961,796,26,798,0,806,android,857,DEVELOPER_IMPORTANT,858,4,947,0,1395,2,1500,17712507,1688,1]
12-08 09:12:09.168 1494 8468 I notification_visibility: [-1|android|26|null|1000,0,17712961,17712961,0,0]
12-08 09:12:09.168 1494 8468 I sysui_multi_action: [757,128,758,2,793,17713816,794,394,795,17713816,796,32,798,1,806,android,857,USB,858,1,947,0,1395,2,1500,17713756,1688,1]
12-08 09:12:09.168 1494 8468 I notification_visibility: [-1|android|32|null|1000,0,17713816,17713816,0,1]
12-08 09:12:09.170 1494 7671 I sysui_multi_action: [757,127,758,2]
12-08 09:12:09.170 1494 7671 I notification_panel_hidden:
12-08 09:12:09.178 12174 12174 I sysui_multi_action: [757,111,758,1]
12-08 09:12:09.178 12174 12174 I sysui_multi_action: [757,126,758,1,759,126,927,0,928,1,1593,0]
12-08 09:12:09.178 12174 12174 I sysui_multi_action: [757,113,758,1,759,113,927,1,928,1,1593,0]
12-08 09:12:09.178 12174 12174 I sysui_multi_action: [757,0,758,1,759,0,927,2,928,0,1593,0]
12-08 09:12:09.178 12174 12174 I sysui_multi_action: [757,0,758,1,759,0,927,3,928,0,1593,0]
12-08 09:12:09.178 12174 12174 I sysui_multi_action: [757,491,758,1,759,491,927,4,928,0,1311,-1,1593,0]
12-08 09:12:09.178 12174 12174 I sysui_multi_action: [757,0,758,1,759,0,927,5,928,0,1593,0]
12-08 09:12:09.178 12174 12174 I sysui_multi_action: [757,111,758,1]
12-08 09:12:09.179 12174 12174 I sysui_multi_action: [757,126,758,1,759,126,927,0,928,1,1593,0]
12-08 09:12:09.179 12174 12174 I sysui_multi_action: [757,113,758,1,759,113,927,1,928,1,1593,0]
12-08 09:12:09.179 12174 12174 I sysui_multi_action: [757,0,758,1,759,0,927,2,928,0,1593,0]
12-08 09:12:09.179 12174 12174 I sysui_multi_action: [757,0,758,1,759,0,927,3,928,0,1593,0]
12-08 09:12:09.190 1494 1726 I input_focus: [Focus leaving e4dc0ca NotificationShade (server),reason=NO_WINDOW]
12-08 09:12:09.190 1494 1726 I input_focus: [Focus entering bdb372 com.android.music/com.android.music.MusicBrowserActivity (server),reason=setFocusedWindow]
12-08 09:12:09.238 1494 1494 I GameModeConfig: isGameModeOn = false
12-08 09:12:09.240 1494 1494 I sysui_multi_action: [757,1501,758,1,793,1751968,794,0,795,205,796,2048,806,com.android.systemui,857,updateNotification,858,3,947,0,1500,0,1688,1]
12-08 09:12:09.240 1494 1494 I sysui_multi_action: [757,804,799,note_interruptive,801,0,802,1]
12-08 09:12:09.240 1494 1494 I sysui_multi_action: [757,199,758,1,759,2,793,1751969,794,0,795,206,796,2048,806,com.android.systemui,857,updateNotification,858,3,947,0,1500,1,1688,1]
12-08 09:12:09.240 1494 1494 I notification_alert: [0|com.android.systemui|2048|null|10082,0,1,0]
12-08 09:12:09.241 1494 1494 W NotificationHistory: Attempted to add notif for locked/gone/disabled user 0
12-08 09:12:09.265 1494 1494 I GameModeConfig: isGameModeOn = false
12-08 09:12:09.266 1494 1494 E NotificationService: Muting recently noisy 0|com.android.systemui|2048|null|10082
12-08 09:12:09.283 1494 1494 I GameModeConfig: isGameModeOn = false
12-08 09:12:09.284 1494 1494 E NotificationService: Muting recently noisy 0|com.android.systemui|2048|null|10082
12-08 09:12:09.311 1494 1494 I GameModeConfig: isGameModeOn = false
12-08 09:12:09.311 1494 1494 E NotificationService: Muting recently noisy 0|com.android.systemui|2048|null|10082
12-08 09:12:09.329 1494 1494 I GameModeConfig: isGameModeOn = false
12-08 09:12:09.330 1494 1494 E NotificationService: Muting recently noisy 0|com.android.systemui|2048|null|10082
12-08 09:12:09.343 1494 1494 I GameModeConfig: isGameModeOn = false
12-08 09:12:09.343 1494 1494 E NotificationService: Muting recently noisy 0|com.android.systemui|2048|null|10082
12-08 09:12:09.353 1494 1494 I GameModeConfig: isGameModeOn = false
12-08 09:12:09.353 1494 1494 E NotificationService: Muting recently noisy 0|com.android.systemui|2048|null|10082
12-08 09:12:09.368 1494 1494 I GameModeConfig: isGameModeOn = false
12-08 09:12:09.368 1494 1494 E NotificationService: Muting recently noisy 0|com.android.systemui|2048|null|10082
12-08 09:12:10.055 0 0 I auditd : type=1400 audit(0.0:18918): avc: denied { kill } for comm="swapper/2" capability=5 scontext=u:r:kernel:s0 tcontext=u:r:kernel:s0 tclass=capability permissive=0
12-08 09:12:10.280 1494 1726 I input_interaction: Interaction with: bdb372 com.android.music/com.android.music.MusicBrowserActivity (server), edge-swipe (server), swipe-up (server), PointerEventDispatcher0 (server),
12-08 09:12:10.298 1494 6531 I wm_task_moved: [36,0,0]
12-08 09:12:10.299 1494 6531 I wm_task_moved: [36,0,5]
12-08 09:12:10.306 2523 2523 I wm_on_restart_called: [103271708,com.android.launcher3.uioverrides.QuickstepLauncher,performRestartActivity]
12-08 09:12:10.320 2523 2523 I wm_on_start_called: [103271708,com.android.launcher3.uioverrides.QuickstepLauncher,handleStartActivity]
12-08 09:12:10.321 10409 10425 W ContextImpl: Calling a method in the system process without a qualified user: android.app.ContextImpl.startService:1816 android.content.ContextWrapper.startService:774 com.thundercomm.gamemode.ingame.services.GameModeActionUtils.startGameModeService:93 com.thundercomm.gamemode.ingame.services.GameModeActionUtils.startGameModeEntry:21 com.thundercomm.gamemode.ingame.services.ActivityMonitoringService$1.onActivityLaunch:127
12-08 09:12:10.331 1494 5966 W ActivityTaskManager: getTaskSnapshot: taskId=5231 not found
12-08 09:12:10.331 1494 1494 I GameModeConfig: Current uri is uri = content://com.thundercomm.gamemode.api/gamemode_settings/gamemode_isgaming
12-08 09:12:10.338 1494 1494 I GameModeConfig: isGameModeOn = false
12-08 09:12:10.339 1494 1494 I GameModeConfig: isGameModeOn = false
12-08 09:12:10.339 1494 1494 I GameModeConfig: isDisableVoice = true
12-08 09:12:10.345 1494 1563 I sysui_multi_action: [319,9,322,40,325,17726,757,761,758,9,759,5,806,com.android.launcher3,871,com.android.launcher3.uioverrides.QuickstepLauncher,904,com.android.launcher3,905,0,1320,8,1321,5]
12-08 09:12:10.350 1494 2823 W ActivityTaskManager: getTaskSnapshot: taskId=5231 not found
12-08 09:12:10.351 1494 2823 W ActivityTaskManager: getTaskSnapshot: taskId=4231 not found
12-08 09:12:10.354 1494 5966 W ActivityTaskManager: getTaskSnapshot: taskId=3231 not found
12-08 09:12:10.357 1494 2823 W ActivityTaskManager: getTaskSnapshot: taskId=2231 not found
12-08 09:12:10.360 1494 2823 W ActivityTaskManager: getTaskSnapshot: taskId=1231 not found
12-08 09:12:10.440 14889 14889 I view_enqueue_input_event: [Motion - Cancel,com.android.music/com.android.music.MusicBrowserActivity]
12-08 09:12:10.447 1494 1726 I input_interaction: Interaction with: edge-swipe (server), swipe-up (server), PointerEventDispatcher0 (server),
12-08 09:12:10.471 2523 2523 I sysui_latency: [1,54]
12-08 09:12:10.492 1494 1568 I input_focus: [Focus request recents_animation_input_consumer,reason=UpdateInputWindows]
12-08 09:12:10.494 1494 5966 W ActivityTaskManager: getTaskSnapshot: taskId=5231 not found
12-08 09:12:10.495 1494 5966 W ActivityTaskManager: getTaskSnapshot: taskId=4231 not found
12-08 09:12:10.524 1494 1700 I commit_sys_config_file: [settings-1-0,4]
12-08 09:12:10.525 1494 1726 I input_focus: [Focus leaving bdb372 com.android.music/com.android.music.MusicBrowserActivity (server),reason=NOT_FOCUSABLE]
12-08 09:12:10.525 1494 1726 I input_focus: [Focus entering recents_animation_input_consumer (server),reason=setFocusedWindow]
12-08 09:12:10.640 1494 1579 I sysui_latency: [8,53]
12-08 09:12:11.280 1494 6531 I wm_task_moved: [36,1,6]
12-08 09:12:11.283 1494 6531 I wm_focused_root_task: [0,0,36,231,RecentsAnimation.onAnimationFinished()]
12-08 09:12:11.284 14889 14889 I wm_on_top_resumed_lost_called: [121558406,com.android.music.MusicBrowserActivity,topStateChangedWhenResumed]
12-08 09:12:11.285 1494 6531 I wm_pause_activity: [0,121558406,com.android.music/.MusicBrowserActivity,userLeaving=false,pauseBackTasks]
12-08 09:12:11.286 1494 6531 I ActivityTaskManager: FOREGROUND_APPLICATION_CHANGED to com.android.launcher3.uioverrides.QuickstepLauncher
12-08 09:12:11.287 1494 6531 I wm_set_resumed_activity: [0,com.android.launcher3/.uioverrides.QuickstepLauncher,resumeTopActivityInnerLocked]
12-08 09:12:11.288 1494 6531 I wm_resume_activity: [0,103271708,37,com.android.launcher3/.uioverrides.QuickstepLauncher]
12-08 09:12:11.289 1494 6531 I wm_add_to_stopping: [0,121558406,com.android.music/.MusicBrowserActivity,makeInvisible]
12-08 09:12:11.289 2523 2523 I wm_on_resume_called: [103271708,com.android.launcher3.uioverrides.QuickstepLauncher,RESUME_ACTIVITY]
12-08 09:12:11.296 1494 1568 I input_focus: [Focus request fda1c2b com.android.launcher3/com.android.launcher3.uioverrides.QuickstepLauncher,reason=UpdateInputWindows]
12-08 09:12:11.297 14889 14889 I wm_on_paused_called: [121558406,com.android.music.MusicBrowserActivity,performPause]
12-08 09:12:11.298 1494 1566 I sysui_multi_action: [757,803,799,window_time_0,802,9]
12-08 09:12:11.301 1494 7671 I wm_stop_activity: [0,121558406,com.android.music/.MusicBrowserActivity]
12-08 09:12:11.302 1494 1566 I sysui_multi_action: [757,803,799,window_time_0,802,0]
12-08 09:12:11.311 1494 1726 I input_focus: [Focus leaving recents_animation_input_consumer (server),reason=NOT_VISIBLE]
12-08 09:12:11.316 1494 1726 I input_focus: [Focus entering fda1c2b com.android.launcher3/com.android.launcher3.uioverrides.QuickstepLauncher (server),reason=setFocusedWindow]
12-08 09:12:11.323 14889 14889 I wm_on_stop_called: [121558406,com.android.music.MusicBrowserActivity,STOP_ACTIVITY_ITEM]
12-08 09:12:11.330 1494 1579 I am_pss : [19737,10064,com.android.calendar,6140928,4018176,0,91582464,0,19,5]
12-08 09:12:11.355 10409 10425 W ContextImpl: Calling a method in the system process without a qualified user: android.app.ContextImpl.startService:1816 android.content.ContextWrapper.startService:774 com.thundercomm.gamemode.ingame.services.GameModeActionUtils.startGameModeService:93 com.thundercomm.gamemode.ingame.services.GameModeActionUtils.startGameModeEntry:21 com.thundercomm.gamemode.ingame.services.ActivityMonitoringService$1.onActivityLaunch:127
12-08 09:12:11.357 1494 1494 I GameModeConfig: Current uri is uri = content://com.thundercomm.gamemode.api/gamemode_settings/gamemode_isgaming
12-08 09:12:11.362 1494 1494 I GameModeConfig: isGameModeOn = false
12-08 09:12:11.362 1494 1494 I GameModeConfig: isGameModeOn = false
12-08 09:12:11.362 1494 1494 I GameModeConfig: isDisableVoice = true
12-08 09:12:11.363 2523 2523 I wm_on_top_resumed_gained_called: [103271708,com.android.launcher3.uioverrides.QuickstepLauncher,topStateChangedWhenResumed]
12-08 09:12:11.402 10409 10425 W ContextImpl: Calling a method in the system process without a qualified user: android.app.ContextImpl.startService:1816 android.content.ContextWrapper.startService:774 com.thundercomm.gamemode.ingame.services.GameModeActionUtils.startGameModeService:93 com.thundercomm.gamemode.ingame.services.GameModeActionUtils.startGameModeEntry:21 com.thundercomm.gamemode.ingame.services.ActivityMonitoringService$1.onActivityLaunch:127
12-08 09:12:11.405 1494 1494 I GameModeConfig: Current uri is uri = content://com.thundercomm.gamemode.api/gamemode_settings/gamemode_isgaming
12-08 09:12:11.407 1494 1494 I GameModeConfig: isGameModeOn = false
12-08 09:12:11.408 1494 1494 I GameModeConfig: isGameModeOn = false
12-08 09:12:11.408 1494 1494 I GameModeConfig: isDisableVoice = true
12-08 09:12:11.529 1494 1700 I commit_sys_config_file: [settings-1-0,7]
12-08 09:12:12.055 0 0 I auditd : type=1400 audit(0.0:18919): avc: denied { kill } for comm="swapper/2" capability=5 scontext=u:r:kernel:s0 tcontext=u:r:kernel:s0 tclass=capability permissive=0
12-08 09:12:12.850 1494 1726 I input_interaction: Interaction with: fda1c2b com.android.launcher3/com.android.launcher3.uioverrides.QuickstepLauncher (server), dc2a546 com.android.systemui.ImageWallpaper (server), edge-swipe (server), swipe-up (server), PointerEventDispatcher0 (server),
12-08 09:12:12.970 1494 7671 I ActivityTaskManager: START u0 {flg=0x10008000 cmp=com.android.deskclock/.DeskClock} from uid 10080
12-08 09:12:12.978 1494 7671 I wm_task_created: [232,-1]
12-08 09:12:12.978 1494 7671 W ActivityTaskManager: Can't find TaskDisplayArea to determine support for multi window. Task id=232 attached=false
12-08 09:12:12.980 1494 7671 D FreeFormWindowHelper: Add freeform task=Task{fe5006f #232 type=standard ?? U=0 visible=false mode=freeform translucent=true sz=0}
12-08 09:12:12.986 1494 7671 I wm_task_moved: [232,1,7]
12-08 09:12:12.986 1494 7671 I wm_task_to_front: [0,232]
12-08 09:12:12.986 1494 7671 I wm_create_task: [0,232]
12-08 09:12:12.986 1494 7671 I wm_create_activity: [0,259862908,232,com.android.deskclock/.DeskClock,NULL,NULL,NULL,268468224]
12-08 09:12:12.986 1494 7671 I wm_task_moved: [232,1,7]
12-08 09:12:12.988 1494 7671 I ActivityTaskManager: FOREGROUND_APPLICATION_CHANGED to com.android.deskclock.DeskClock
12-08 09:12:12.996 2523 2523 I wm_on_top_resumed_lost_called: [103271708,com.android.launcher3.uioverrides.QuickstepLauncher,topStateChangedWhenResumed]
12-08 09:12:12.996 1494 1566 I am_uid_running: 10066
12-08 09:12:12.997 1494 1566 D CompatibilityChangeReporter: Compat change id reported: 135634846; UID 10066; state: DISABLED
12-08 09:12:12.997 1494 1566 D CompatibilityChangeReporter: Compat change id reported: 177438394; UID 10066; state: DISABLED
12-08 09:12:12.997 1494 1566 D CompatibilityChangeReporter: Compat change id reported: 135772972; UID 10066; state: DISABLED
12-08 09:12:12.997 1494 1566 D CompatibilityChangeReporter: Compat change id reported: 135754954; UID 10066; state: DISABLED
12-08 09:12:12.997 1494 1582 D CompatibilityChangeReporter: Compat change id reported: 143937733; UID 10066; state: DISABLED
12-08 09:12:13.016 1494 1582 I am_proc_start: [0,19945,10066,com.android.deskclock,top-activity,{com.android.deskclock/com.android.deskclock.DeskClock}]
12-08 09:12:13.016 1494 1582 I ActivityManager: Start proc 19945:com.android.deskclock/u0a66 for top-activity {com.android.deskclock/com.android.deskclock.DeskClock}
12-08 09:12:13.030 1494 1905 I GameModeConfig: isGameModeOn = false
12-08 09:12:13.035 1494 1905 I GameModeConfig: isGameModeOn = false
12-08 09:12:13.044 1494 2823 W FreeFormWindowHelper: exitRecentTasks type=1
12-08 09:12:13.046 1494 6909 I am_proc_bound: [0,19945,com.android.deskclock]
12-08 09:12:13.049 1494 6909 I ActivityTaskManager: The Process com.android.deskclock Already Exists in BG. So sending its PID: 19945
12-08 09:12:13.054 1494 1905 I GameModeConfig: isGameModeOn = false
12-08 09:12:13.055 1494 6909 I wm_restart_activity: [0,259862908,232,com.android.deskclock/.DeskClock]
12-08 09:12:13.060 1494 6909 I wm_set_resumed_activity: [0,com.android.deskclock/.DeskClock,minimalResumeActivityLocked]
12-08 09:12:13.062 1494 6909 I am_uid_active: 10066
