12-08 09:11:08.300 12174 12174 I sysui_multi_action: [757,0,758,1,759,0,927,5,928,0,1593,0]
12-08 09:11:08.300 12174 12174 I sysui_multi_action: [757,111,758,1]
12-08 09:11:08.300 12174 12174 I sysui_multi_action: [757,126,758,1,759,126,927,0,928,1,1593,0]
12-08 09:11:08.300 12174 12174 I sysui_multi_action: [757,113,758,1,759,113,927,1,928,1,1593,0]
12-08 09:11:08.300 12174 12174 I sysui_multi_action: [757,0,758,1,759,0,927,2,928,0,1593,0]
12-08 09:11:08.300 12174 12174 I sysui_multi_action: [757,0,758,1,759,0,927,3,928,0,1593,0]
12-08 09:11:08.314 1494 1905 I GameModeConfig: isGameModeOn = false
12-08 09:11:08.314 1494 1905 I GameModeConfig: isGameModeOn = false
12-08 09:11:08.315 1494 1905 I GameModeConfig: isGameModeOn = false
12-08 09:11:08.315 1494 1905 I GameModeConfig: isGameModeOn = false
12-08 09:11:08.316 12174 12174 I sysui_multi_action: [757,111,758,2]
12-08 09:11:08.316 12174 12174 I sysui_multi_action: [757,111,758,2]
12-08 09:11:08.316 1494 1494 I notification_enqueue: [10082,12174,com.android.systemui,2048,NULL,0,Notification(channel=updateNotification shortcut=null contentView=null vibrate=null sound=null defaults=0x0 flags=0x0 color=0x00000000 vis=PRIVATE),1]
12-08 09:11:08.318 12174 12174 I sysui_multi_action: [757,111,758,1]
12-08 09:11:08.319 12174 12174 I sysui_multi_action: [757,126,758,1,759,126,927,0,928,1,1593,0]
12-08 09:11:08.319 12174 12174 I sysui_multi_action: [757,113,758,1,759,113,927,1,928,1,1593,0]
12-08 09:11:08.319 12174 12174 I sysui_multi_action: [757,0,758,1,759,0,927,2,928,0,1593,0]
12-08 09:11:08.319 12174 12174 I sysui_multi_action: [757,0,758,1,759,0,927,3,928,0,1593,0]
12-08 09:11:08.319 12174 12174 I sysui_multi_action: [757,491,758,1,759,491,927,4,928,0,1311,-1,1593,0]
12-08 09:11:08.319 12174 12174 I sysui_multi_action: [757,0,758,1,759,0,927,5,928,0,1593,0]
12-08 09:11:08.319 12174 12174 I sysui_multi_action: [757,111,758,1]
12-08 09:11:08.319 12174 12174 I sysui_multi_action: [757,126,758,1,759,126,927,0,928,1,1593,0]
12-08 09:11:08.319 12174 12174 I sysui_multi_action: [757,113,758,1,759,113,927,1,928,1,1593,0]
12-08 09:11:08.319 12174 12174 I sysui_multi_action: [757,0,758,1,759,0,927,2,928,0,1593,0]
12-08 09:11:08.319 12174 12174 I sysui_multi_action: [757,0,758,1,759,0,927,3,928,0,1593,0]
12-08 09:11:08.329 1494 1905 I GameModeConfig: isGameModeOn = false
12-08 09:11:08.330 1494 1905 I GameModeConfig: isGameModeOn = false
12-08 09:11:08.330 1494 1905 I GameModeConfig: isGameModeOn = false
12-08 09:11:08.330 1494 1905 I GameModeConfig: isGameModeOn = false
12-08 09:11:08.331 12174 12174 I sysui_multi_action: [757,111,758,2]
12-08 09:11:08.332 12174 12174 I sysui_multi_action: [757,111,758,2]
12-08 09:11:08.332 1494 1494 I notification_enqueue: [10082,12174,com.android.systemui,2048,NULL,0,Notification(channel=updateNotification shortcut=null contentView=null vibrate=null sound=null defaults=0x0 flags=0x0 color=0x00000000 vis=PRIVATE),1]
12-08 09:11:08.334 12174 12174 I sysui_multi_action: [757,111,758,1]
12-08 09:11:08.335 12174 12174 I sysui_multi_action: [757,126,758,1,759,126,927,0,928,1,1593,0]
12-08 09:11:08.335 12174 12174 I sysui_multi_action: [757,113,758,1,759,113,927,1,928,1,1593,0]
12-08 09:11:08.335 12174 12174 I sysui_multi_action: [757,0,758,1,759,0,927,2,928,0,1593,0]
12-08 09:11:08.335 12174 12174 I sysui_multi_action: [757,0,758,1,759,0,927,3,928,0,1593,0]
12-08 09:11:08.335 12174 12174 I sysui_multi_action: [757,491,758,1,759,491,927,4,928,0,1311,-1,1593,0]
12-08 09:11:08.335 12174 12174 I sysui_multi_action: [757,0,758,1,759,0,927,5,928,0,1593,0]
12-08 09:11:08.335 12174 12174 I sysui_multi_action: [757,111,758,1]
12-08 09:11:08.335 12174 12174 I sysui_multi_action: [757,126,758,1,759,126,927,0,928,1,1593,0]
12-08 09:11:08.335 12174 12174 I sysui_multi_action: [757,113,758,1,759,113,927,1,928,1,1593,0]
12-08 09:11:08.335 12174 12174 I sysui_multi_action: [757,0,758,1,759,0,927,2,928,0,1593,0]
12-08 09:11:08.335 12174 12174 I sysui_multi_action: [757,0,758,1,759,0,927,3,928,0,1593,0]
12-08 09:11:08.345 1494 1905 I GameModeConfig: isGameModeOn = false
12-08 09:11:08.345 1494 1905 I GameModeConfig: isGameModeOn = false
12-08 09:11:08.345 1494 1905 I GameModeConfig: isGameModeOn = false
12-08 09:11:08.346 1494 1905 I GameModeConfig: isGameModeOn = false
12-08 09:11:08.347 12174 12174 I sysui_multi_action: [757,111,758,2]
12-08 09:11:08.347 12174 12174 I sysui_multi_action: [757,111,758,2]
12-08 09:11:08.348 1494 1494 I notification_enqueue: [10082,12174,com.android.systemui,2048,NULL,0,Notification(channel=updateNotification shortcut=null contentView=null vibrate=null sound=null defaults=0x0 flags=0x0 color=0x00000000 vis=PRIVATE),1]
12-08 09:11:08.350 12174 12174 I sysui_multi_action: [757,111,758,1]
12-08 09:11:08.350 12174 12174 I sysui_multi_action: [757,126,758,1,759,126,927,0,928,1,1593,0]
12-08 09:11:08.350 12174 12174 I sysui_multi_action: [757,113,758,1,759,113,927,1,928,1,1593,0]
12-08 09:11:08.350 12174 12174 I sysui_multi_action: [757,0,758,1,759,0,927,2,928,0,1593,0]
12-08 09:11:08.350 12174 12174 I sysui_multi_action: [757,0,758,1,759,0,927,3,928,0,1593,0]
12-08 09:11:08.350 12174 12174 I sysui_multi_action: [757,491,758,1,759,491,927,4,928,0,1311,-1,1593,0]
12-08 09:11:08.350 12174 12174 I sysui_multi_action: [757,0,758,1,759,0,927,5,928,0,1593,0]
12-08 09:11:08.351 12174 12174 I sysui_multi_action: [757,111,758,1]
12-08 09:11:08.351 12174 12174 I sysui_multi_action: [757,126,758,1,759,126,927,0,928,1,1593,0]
12-08 09:11:08.351 12174 12174 I sysui_multi_action: [757,113,758,1,759,113,927,1,928,1,1593,0]
12-08 09:11:08.351 12174 12174 I sysui_multi_action: [757,0,758,1,759,0,927,2,928,0,1593,0]
12-08 09:11:08.351 12174 12174 I sysui_multi_action: [757,0,758,1,759,0,927,3,928,0,1593,0]
12-08 09:11:08.363 1494 1905 I GameModeConfig: isGameModeOn = false
12-08 09:11:08.363 1494 1905 I GameModeConfig: isGameModeOn = false
12-08 09:11:08.363 1494 1905 I GameModeConfig: isGameModeOn = false
12-08 09:11:08.363 1494 1905 I GameModeConfig: isGameModeOn = false
12-08 09:11:08.364 12174 12174 I sysui_multi_action: [757,111,758,2]
12-08 09:11:08.364 12174 12174 I sysui_multi_action: [757,111,758,2]
12-08 09:11:08.364 1494 1494 I notification_enqueue: [10082,12174,com.android.systemui,2048,NULL,0,Notification(channel=updateNotification shortcut=null contentView=null vibrate=null sound=null defaults=0x0 flags=0x0 color=0x00000000 vis=PRIVATE),1]
12-08 09:11:08.367 12174 12174 I sysui_multi_action: [757,111,758,1]
12-08 09:11:08.367 12174 12174 I sysui_multi_action: [757,126,758,1,759,126,927,0,928,1,1593,0]
12-08 09:11:08.367 12174 12174 I sysui_multi_action: [757,113,758,1,759,113,927,1,928,1,1593,0]
12-08 09:11:08.367 12174 12174 I sysui_multi_action: [757,0,758,1,759,0,927,2,928,0,1593,0]
12-08 09:11:08.367 12174 12174 I sysui_multi_action: [757,0,758,1,759,0,927,3,928,0,1593,0]
12-08 09:11:08.367 12174 12174 I sysui_multi_action: [757,491,758,1,759,491,927,4,928,0,1311,-1,1593,0]
12-08 09:11:08.368 12174 12174 I sysui_multi_action: [757,0,758,1,759,0,927,5,928,0,1593,0]
12-08 09:11:08.368 12174 12174 I sysui_multi_action: [757,111,758,1]
12-08 09:11:08.368 12174 12174 I sysui_multi_action: [757,126,758,1,759,126,927,0,928,1,1593,0]
12-08 09:11:08.368 12174 12174 I sysui_multi_action: [757,113,758,1,759,113,927,1,928,1,1593,0]
12-08 09:11:08.368 12174 12174 I sysui_multi_action: [757,0,758,1,759,0,927,2,928,0,1593,0]
12-08 09:11:08.368 12174 12174 I sysui_multi_action: [757,0,758,1,759,0,927,3,928,0,1593,0]
12-08 09:11:08.376 1494 1905 I GameModeConfig: isGameModeOn = false
12-08 09:11:08.377 1494 1905 I GameModeConfig: isGameModeOn = false
12-08 09:11:08.377 1494 1905 I GameModeConfig: isGameModeOn = false
12-08 09:11:08.377 1494 1905 I GameModeConfig: isGameModeOn = false
12-08 09:11:08.378 12174 12174 I sysui_multi_action: [757,111,758,2]
12-08 09:11:08.378 12174 12174 I sysui_multi_action: [757,111,758,2]
12-08 09:11:08.378 1494 1494 I notification_enqueue: [10082,12174,com.android.systemui,2048,NULL,0,Notification(channel=updateNotification shortcut=null contentView=null vibrate=null sound=null defaults=0x0 flags=0x0 color=0x00000000 vis=PRIVATE),1]
12-08 09:11:08.382 12174 12174 I sysui_multi_action: [757,111,758,1]
12-08 09:11:08.382 12174 12174 I sysui_multi_action: [757,126,758,1,759,126,927,0,928,1,1593,0]
12-08 09:11:08.382 12174 12174 I sysui_multi_action: [757,113,758,1,759,113,927,1,928,1,1593,0]
12-08 09:11:08.382 12174 12174 I sysui_multi_action: [757,0,758,1,759,0,927,2,928,0,1593,0]
12-08 09:11:08.382 12174 12174 I sysui_multi_action: [757,0,758,1,759,0,927,3,928,0,1593,0]
12-08 09:11:08.382 1494 1494 I GameModeConfig: isGameModeOn = false
12-08 09:11:08.382 12174 12174 I sysui_multi_action: [757,491,758,1,759,491,927,4,928,0,1311,-1,1593,0]
12-08 09:11:08.382 12174 12174 I sysui_multi_action: [757,0,758,1,759,0,927,5,928,0,1593,0]
12-08 09:11:08.382 12174 12174 I sysui_multi_action: [757,111,758,1]
12-08 09:11:08.382 12174 12174 I sysui_multi_action: [757,126,758,1,759,126,927,0,928,1,1593,0]
12-08 09:11:08.382 12174 12174 I sysui_multi_action: [757,113,758,1,759,113,927,1,928,1,1593,0]
12-08 09:11:08.382 12174 12174 I sysui_multi_action: [757,0,758,1,759,0,927,2,928,0,1593,0]
12-08 09:11:08.382 12174 12174 I sysui_multi_action: [757,0,758,1,759,0,927,3,928,0,1593,0]
12-08 09:11:08.383 1494 1494 I sysui_multi_action: [757,1501,758,1,793,1691112,794,0,795,204,796,2048,806,com.android.systemui,857,updateNotification,858,3,947,0,1500,0,1688,1]
12-08 09:11:08.383 1494 1494 I sysui_multi_action: [757,804,799,note_interruptive,801,0,802,1]
12-08 09:11:08.383 1494 1494 I sysui_multi_action: [757,199,758,1,759,2,793,1691112,794,0,795,204,796,2048,806,com.android.systemui,857,updateNotification,858,3,947,0,1500,0,1688,1]
12-08 09:11:08.383 1494 1494 I notification_alert: [0|com.android.systemui|2048|null|10082,0,1,0]
12-08 09:11:08.384 1494 1494 W NotificationHistory: Attempted to add notif for locked/gone/disabled user 0
12-08 09:11:08.396 12174 12174 I sysui_multi_action: [757,111,758,2]
12-08 09:11:08.396 12174 12174 I sysui_multi_action: [757,111,758,2]
12-08 09:11:08.397 1494 1494 I notification_enqueue: [10082,12174,com.android.systemui,2048,NULL,0,Notification(channel=updateNotification shortcut=null contentView=null vibrate=null sound=null defaults=0x0 flags=0x0 color=0x00000000 vis=PRIVATE),1]
12-08 09:11:08.398 1494 1905 I GameModeConfig: isGameModeOn = false
12-08 09:11:08.399 1494 1905 I GameModeConfig: isGameModeOn = false
12-08 09:11:08.399 12174 12174 I sysui_multi_action: [757,111,758,1]
12-08 09:11:08.399 1494 1905 I GameModeConfig: isGameModeOn = false
12-08 09:11:08.399 1494 1905 I GameModeConfig: isGameModeOn = false
12-08 09:11:08.399 12174 12174 I sysui_multi_action: [757,126,758,1,759,126,927,0,928,1,1593,0]
12-08 09:11:08.399 12174 12174 I sysui_multi_action: [757,113,758,1,759,113,927,1,928,1,1593,0]
12-08 09:11:08.399 12174 12174 I sysui_multi_action: [757,0,758,1,759,0,927,2,928,0,1593,0]
12-08 09:11:08.399 12174 12174 I sysui_multi_action: [757,0,758,1,759,0,927,3,928,0,1593,0]
12-08 09:11:08.399 12174 12174 I sysui_multi_action: [757,491,758,1,759,491,927,4,928,0,1311,-1,1593,0]
12-08 09:11:08.399 12174 12174 I sysui_multi_action: [757,0,758,1,759,0,927,5,928,0,1593,0]
12-08 09:11:08.399 12174 12174 I sysui_multi_action: [757,111,758,1]
12-08 09:11:08.399 12174 12174 I sysui_multi_action: [757,126,758,1,759,126,927,0,928,1,1593,0]
12-08 09:11:08.399 12174 12174 I sysui_multi_action: [757,113,758,1,759,113,927,1,928,1,1593,0]
12-08 09:11:08.400 12174 12174 I sysui_multi_action: [757,0,758,1,759,0,927,2,928,0,1593,0]
12-08 09:11:08.400 12174 12174 I sysui_multi_action: [757,0,758,1,759,0,927,3,928,0,1593,0]
12-08 09:11:08.405 12174 12174 I sysui_multi_action: [757,111,758,2]
12-08 09:11:08.405 12174 12174 I sysui_multi_action: [757,111,758,2]
12-08 09:11:08.406 1494 1494 I notification_enqueue: [10082,12174,com.android.systemui,2048,NULL,0,Notification(channel=updateNotification shortcut=null contentView=null vibrate=null sound=null defaults=0x0 flags=0x0 color=0x00000000 vis=PRIVATE),1]
12-08 09:11:08.407 1494 1905 I GameModeConfig: isGameModeOn = false
12-08 09:11:08.407 1494 1905 I GameModeConfig: isGameModeOn = false
12-08 09:11:08.408 1494 1905 I GameModeConfig: isGameModeOn = false
12-08 09:11:08.408 1494 1905 I GameModeConfig: isGameModeOn = false
12-08 09:11:08.408 12174 12174 I sysui_multi_action: [757,111,758,1]
12-08 09:11:08.408 12174 12174 I sysui_multi_action: [757,126,758,1,759,126,927,0,928,1,1593,0]
12-08 09:11:08.408 12174 12174 I sysui_multi_action: [757,113,758,1,759,113,927,1,928,1,1593,0]
12-08 09:11:08.408 12174 12174 I sysui_multi_action: [757,0,758,1,759,0,927,2,928,0,1593,0]
12-08 09:11:08.408 12174 12174 I sysui_multi_action: [757,0,758,1,759,0,927,3,928,0,1593,0]
12-08 09:11:08.409 12174 12174 I sysui_multi_action: [757,491,758,1,759,491,927,4,928,0,1311,-1,1593,0]
12-08 09:11:08.409 12174 12174 I sysui_multi_action: [757,0,758,1,759,0,927,5,928,0,1593,0]
12-08 09:11:08.409 12174 12174 I sysui_multi_action: [757,111,758,1]
12-08 09:11:08.409 12174 12174 I sysui_multi_action: [757,126,758,1,759,126,927,0,928,1,1593,0]
12-08 09:11:08.409 12174 12174 I sysui_multi_action: [757,113,758,1,759,113,927,1,928,1,1593,0]
12-08 09:11:08.409 12174 12174 I sysui_multi_action: [757,0,758,1,759,0,927,2,928,0,1593,0]
12-08 09:11:08.409 12174 12174 I sysui_multi_action: [757,0,758,1,759,0,927,3,928,0,1593,0]
12-08 09:11:08.418 1494 1494 I GameModeConfig: isGameModeOn = false
12-08 09:11:08.418 1494 1494 E NotificationService: Muting recently noisy 0|com.android.systemui|2048|null|10082
12-08 09:11:08.422 1494 1905 I GameModeConfig: isGameModeOn = false
12-08 09:11:08.422 12174 12174 I sysui_multi_action: [757,111,758,2]
12-08 09:11:08.422 1494 1905 I GameModeConfig: isGameModeOn = false
12-08 09:11:08.422 12174 12174 I sysui_multi_action: [757,111,758,2]
12-08 09:11:08.422 1494 1905 I GameModeConfig: isGameModeOn = false
12-08 09:11:08.422 1494 1905 I GameModeConfig: isGameModeOn = false
12-08 09:11:08.423 1494 1494 I notification_enqueue: [10082,12174,com.android.systemui,2048,NULL,0,Notification(channel=updateNotification shortcut=null contentView=null vibrate=null sound=null defaults=0x0 flags=0x0 color=0x00000000 vis=PRIVATE),1]
12-08 09:11:08.425 12174 12174 I sysui_multi_action: [757,111,758,1]
12-08 09:11:08.425 12174 12174 I sysui_multi_action: [757,126,758,1,759,126,927,0,928,1,1593,0]
12-08 09:11:08.425 12174 12174 I sysui_multi_action: [757,113,758,1,759,113,927,1,928,1,1593,0]
12-08 09:11:08.425 12174 12174 I sysui_multi_action: [757,0,758,1,759,0,927,2,928,0,1593,0]
12-08 09:11:08.425 12174 12174 I sysui_multi_action: [757,0,758,1,759,0,927,3,928,0,1593,0]
12-08 09:11:08.425 12174 12174 I sysui_multi_action: [757,491,758,1,759,491,927,4,928,0,1311,-1,1593,0]
12-08 09:11:08.425 12174 12174 I sysui_multi_action: [757,0,758,1,759,0,927,5,928,0,1593,0]
12-08 09:11:08.425 12174 12174 I sysui_multi_action: [757,111,758,1]
12-08 09:11:08.425 12174 12174 I sysui_multi_action: [757,126,758,1,759,126,927,0,928,1,1593,0]
12-08 09:11:08.426 12174 12174 I sysui_multi_action: [757,113,758,1,759,113,927,1,928,1,1593,0]
12-08 09:11:08.426 12174 12174 I sysui_multi_action: [757,0,758,1,759,0,927,2,928,0,1593,0]
12-08 09:11:08.426 12174 12174 I sysui_multi_action: [757,0,758,1,759,0,927,3,928,0,1593,0]
12-08 09:11:08.430 1494 1494 I GameModeConfig: isGameModeOn = false
12-08 09:11:08.431 1494 1494 E NotificationService: Muting recently noisy 0|com.android.systemui|2048|null|10082
12-08 09:11:08.438 1494 1905 I GameModeConfig: isGameModeOn = false
12-08 09:11:08.439 1494 1905 I GameModeConfig: isGameModeOn = false
12-08 09:11:08.439 1494 1905 I GameModeConfig: isGameModeOn = false
12-08 09:11:08.439 1494 1905 I GameModeConfig: isGameModeOn = false
12-08 09:11:08.441 12174 12174 I sysui_multi_action: [757,111,758,2]
12-08 09:11:08.441 12174 12174 I sysui_multi_action: [757,111,758,2]
12-08 09:11:08.441 1494 1494 I notification_enqueue: [10082,12174,com.android.systemui,2048,NULL,0,Notification(channel=updateNotification shortcut=null contentView=null vibrate=null sound=null defaults=0x0 flags=0x0 color=0x00000000 vis=PRIVATE),1]
12-08 09:11:08.444 12174 12174 I sysui_multi_action: [757,111,758,1]
12-08 09:11:08.444 12174 12174 I sysui_multi_action: [757,126,758,1,759,126,927,0,928,1,1593,0]
12-08 09:11:08.444 12174 12174 I sysui_multi_action: [757,113,758,1,759,113,927,1,928,1,1593,0]
12-08 09:11:08.444 12174 12174 I sysui_multi_action: [757,0,758,1,759,0,927,2,928,0,1593,0]
12-08 09:11:08.444 12174 12174 I sysui_multi_action: [757,0,758,1,759,0,927,3,928,0,1593,0]
12-08 09:11:08.444 12174 12174 I sysui_multi_action: [757,491,758,1,759,491,927,4,928,0,1311,-1,1593,0]
12-08 09:11:08.444 12174 12174 I sysui_multi_action: [757,0,758,1,759,0,927,5,928,0,1593,0]
12-08 09:11:08.444 12174 12174 I sysui_multi_action: [757,111,758,1]
12-08 09:11:08.445 12174 12174 I sysui_multi_action: [757,126,758,1,759,126,927,0,928,1,1593,0]
12-08 09:11:08.445 12174 12174 I sysui_multi_action: [757,113,758,1,759,113,927,1,928,1,1593,0]
12-08 09:11:08.445 12174 12174 I sysui_multi_action: [757,0,758,1,759,0,927,2,928,0,1593,0]
12-08 09:11:08.445 12174 12174 I sysui_multi_action: [757,0,758,1,759,0,927,3,928,0,1593,0]
12-08 09:11:08.447 1494 1494 I GameModeConfig: isGameModeOn = false
12-08 09:11:08.448 1494 1494 E NotificationService: Muting recently noisy 0|com.android.systemui|2048|null|10082
12-08 09:11:08.455 1494 1905 I GameModeConfig: isGameModeOn = false
12-08 09:11:08.455 1494 1905 I GameModeConfig: isGameModeOn = false
12-08 09:11:08.455 1494 1905 I GameModeConfig: isGameModeOn = false
12-08 09:11:08.455 1494 1905 I GameModeConfig: isGameModeOn = false
12-08 09:11:08.456 12174 12174 I sysui_multi_action: [757,111,758,2]
12-08 09:11:08.456 12174 12174 I sysui_multi_action: [757,111,758,2]
12-08 09:11:08.456 1494 1494 I notification_enqueue: [10082,12174,com.android.systemui,2048,NULL,0,Notification(channel=updateNotification shortcut=null contentView=null vibrate=null sound=null defaults=0x0 flags=0x0 color=0x00000000 vis=PRIVATE),1]
12-08 09:11:08.459 12174 12174 I sysui_multi_action: [757,111,758,1]
12-08 09:11:08.459 12174 12174 I sysui_multi_action: [757,126,758,1,759,126,927,0,928,1,1593,0]
12-08 09:11:08.460 12174 12174 I sysui_multi_action: [757,113,758,1,759,113,927,1,928,1,1593,0]
12-08 09:11:08.460 12174 12174 I sysui_multi_action: [757,0,758,1,759,0,927,2,928,0,1593,0]
12-08 09:11:08.460 12174 12174 I sysui_multi_action: [757,0,758,1,759,0,927,3,928,0,1593,0]
12-08 09:11:08.460 12174 12174 I sysui_multi_action: [757,491,758,1,759,491,927,4,928,0,1311,-1,1593,0]
12-08 09:11:08.460 12174 12174 I sysui_multi_action: [757,0,758,1,759,0,927,5,928,0,1593,0]
12-08 09:11:08.460 12174 12174 I sysui_multi_action: [757,111,758,1]
12-08 09:11:08.460 12174 12174 I sysui_multi_action: [757,126,758,1,759,126,927,0,928,1,1593,0]
12-08 09:11:08.460 12174 12174 I sysui_multi_action: [757,113,758,1,759,113,927,1,928,1,1593,0]
12-08 09:11:08.460 12174 12174 I sysui_multi_action: [757,0,758,1,759,0,927,2,928,0,1593,0]
12-08 09:11:08.460 12174 12174 I sysui_multi_action: [757,0,758,1,759,0,927,3,928,0,1593,0]
12-08 09:11:08.467 1494 1494 I GameModeConfig: isGameModeOn = false
12-08 09:11:08.467 1494 1494 E NotificationService: Muting recently noisy 0|com.android.systemui|2048|null|10082
12-08 09:11:08.471 1494 1905 I GameModeConfig: isGameModeOn = false
12-08 09:11:08.472 1494 1905 I GameModeConfig: isGameModeOn = false
12-08 09:11:08.472 1494 1905 I GameModeConfig: isGameModeOn = false
12-08 09:11:08.472 1494 1905 I GameModeConfig: isGameModeOn = false
12-08 09:11:08.472 12174 12174 I sysui_multi_action: [757,111,758,2]
12-08 09:11:08.473 12174 12174 I sysui_multi_action: [757,111,758,2]
12-08 09:11:08.473 1494 1494 I notification_enqueue: [10082,12174,com.android.systemui,2048,NULL,0,Notification(channel=updateNotification shortcut=null contentView=null vibrate=null sound=null defaults=0x0 flags=0x0 color=0x00000000 vis=PRIVATE),1]
12-08 09:11:08.476 12174 12174 I sysui_multi_action: [757,111,758,1]
12-08 09:11:08.476 12174 12174 I sysui_multi_action: [757,126,758,1,759,126,927,0,928,1,1593,0]
12-08 09:11:08.476 12174 12174 I sysui_multi_action: [757,113,758,1,759,113,927,1,928,1,1593,0]
12-08 09:11:08.476 12174 12174 I sysui_multi_action: [757,0,758,1,759,0,927,2,928,0,1593,0]
12-08 09:11:08.476 12174 12174 I sysui_multi_action: [757,0,758,1,759,0,927,3,928,0,1593,0]
12-08 09:11:08.477 12174 12174 I sysui_multi_action: [757,491,758,1,759,491,927,4,928,0,1311,-1,1593,0]
12-08 09:11:08.477 12174 12174 I sysui_multi_action: [757,0,758,1,759,0,927,5,928,0,1593,0]
12-08 09:11:08.477 12174 12174 I sysui_multi_action: [757,111,758,1]
12-08 09:11:08.477 12174 12174 I sysui_multi_action: [757,126,758,1,759,126,927,0,928,1,1593,0]
12-08 09:11:08.477 12174 12174 I sysui_multi_action: [757,113,758,1,759,113,927,1,928,1,1593,0]
12-08 09:11:08.477 12174 12174 I sysui_multi_action: [757,0,758,1,759,0,927,2,928,0,1593,0]
12-08 09:11:08.477 12174 12174 I sysui_multi_action: [757,0,758,1,759,0,927,3,928,0,1593,0]
12-08 09:11:08.482 1494 1494 I GameModeConfig: isGameModeOn = false
12-08 09:11:08.482 1494 1494 E NotificationService: Muting recently noisy 0|com.android.systemui|2048|null|10082
12-08 09:11:08.494 1494 1905 I GameModeConfig: isGameModeOn = false
12-08 09:11:08.494 1494 1905 I GameModeConfig: isGameModeOn = false
12-08 09:11:08.495 1494 1905 I GameModeConfig: isGameModeOn = false
12-08 09:11:08.495 1494 1905 I GameModeConfig: isGameModeOn = false
12-08 09:11:08.496 12174 12174 I sysui_multi_action: [757,111,758,2]
12-08 09:11:08.496 12174 12174 I sysui_multi_action: [757,111,758,2]
12-08 09:11:08.496 1494 1494 I notification_enqueue: [10082,12174,com.android.systemui,2048,NULL,0,Notification(channel=updateNotification shortcut=null contentView=null vibrate=null sound=null defaults=0x0 flags=0x0 color=0x00000000 vis=PRIVATE),1]
12-08 09:11:08.499 1494 1494 I GameModeConfig: isGameModeOn = false
12-08 09:11:08.499 1494 1494 E NotificationService: Muting recently noisy 0|com.android.systemui|2048|null|10082
12-08 09:11:08.506 12174 12174 I sysui_multi_action: [757,111,758,1]
12-08 09:11:08.506 12174 12174 I sysui_multi_action: [757,126,758,1,759,126,927,0,928,1,1593,0]
12-08 09:11:08.506 12174 12174 I sysui_multi_action: [757,113,758,1,759,113,927,1,928,1,1593,0]
12-08 09:11:08.506 12174 12174 I sysui_multi_action: [757,0,758,1,759,0,927,2,928,0,1593,0]
12-08 09:11:08.506 12174 12174 I sysui_multi_action: [757,0,758,1,759,0,927,3,928,0,1593,0]
12-08 09:11:08.507 12174 12174 I sysui_multi_action: [757,491,758,1,759,491,927,4,928,0,1311,-1,1593,0]
12-08 09:11:08.507 12174 12174 I sysui_multi_action: [757,0,758,1,759,0,927,5,928,0,1593,0]
12-08 09:11:08.507 12174 12174 I sysui_multi_action: [757,111,758,1]
12-08 09:11:08.507 12174 12174 I sysui_multi_action: [757,126,758,1,759,126,927,0,928,1,1593,0]
12-08 09:11:08.507 12174 12174 I sysui_multi_action: [757,113,758,1,759,113,927,1,928,1,1593,0]
12-08 09:11:08.507 12174 12174 I sysui_multi_action: [757,0,758,1,759,0,927,2,928,0,1593,0]
12-08 09:11:08.507 12174 12174 I sysui_multi_action: [757,0,758,1,759,0,927,3,928,0,1593,0]
12-08 09:11:08.517 1494 1494 I GameModeConfig: isGameModeOn = false
12-08 09:11:08.517 1494 1494 E NotificationService: Muting recently noisy 0|com.android.systemui|2048|null|10082
12-08 09:11:08.533 1494 1494 I GameModeConfig: isGameModeOn = false
12-08 09:11:08.534 1494 1494 E NotificationService: Muting recently noisy 0|com.android.systemui|2048|null|10082
12-08 09:11:08.548 1494 1494 I GameModeConfig: isGameModeOn = false
12-08 09:11:08.549 1494 1494 E NotificationService: Muting recently noisy 0|com.android.systemui|2048|null|10082
12-08 09:11:08.566 1494 1494 I GameModeConfig: isGameModeOn = false
12-08 09:11:08.566 1494 1494 E NotificationService: Muting recently noisy 0|com.android.systemui|2048|null|10082
12-08 09:11:08.580 1494 1494 I GameModeConfig: isGameModeOn = false
12-08 09:11:08.581 1494 1494 E NotificationService: Muting recently noisy 0|com.android.systemui|2048|null|10082
12-08 09:11:08.598 1494 1494 I GameModeConfig: isGameModeOn = false
12-08 09:11:08.599 1494 1494 E NotificationService: Muting recently noisy 0|com.android.systemui|2048|null|10082
12-08 09:11:08.607 1494 1494 I GameModeConfig: isGameModeOn = false
12-08 09:11:08.607 1494 1494 E NotificationService: Muting recently noisy 0|com.android.systemui|2048|null|10082
12-08 09:11:08.626 1494 1494 I GameModeConfig: isGameModeOn = false
12-08 09:11:08.627 1494 1494 E NotificationService: Muting recently noisy 0|com.android.systemui|2048|null|10082
12-08 09:11:08.643 1494 1494 I GameModeConfig: isGameModeOn = false
12-08 09:11:08.643 1494 1494 E NotificationService: Muting recently noisy 0|com.android.systemui|2048|null|10082
12-08 09:11:08.658 1494 1494 I GameModeConfig: isGameModeOn = false
12-08 09:11:08.659 1494 1494 E NotificationService: Muting recently noisy 0|com.android.systemui|2048|null|10082
12-08 09:11:08.674 1494 1494 I GameModeConfig: isGameModeOn = false
12-08 09:11:08.675 1494 1494 E NotificationService: Muting recently noisy 0|com.android.systemui|2048|null|10082
12-08 09:11:08.698 1494 1494 I GameModeConfig: isGameModeOn = false
12-08 09:11:08.699 1494 6229 W WindowManager: updateScale0.4617737
12-08 09:11:08.699 1494 1494 E NotificationService: Muting recently noisy 0|com.android.systemui|2048|null|10082
12-08 09:11:08.703 1494 5787 W WindowManager: updateScale0.4617737
12-08 09:11:08.724 1494 5787 I sysui_multi_action: [757,128,758,1,793,17652518,794,0,795,17652518,796,26,798,0,806,android,857,DEVELOPER_IMPORTANT,858,4,947,0,1395,2,1500,17652064,1688,1]
12-08 09:11:08.724 1494 5787 I sysui_multi_action: [757,804,799,note_freshness,801,17652518,802,1]
12-08 09:11:08.725 1494 5787 I notification_visibility: [-1|android|26|null|1000,1,17652518,17652518,0,0]
12-08 09:11:08.725 1494 5787 I sysui_multi_action: [757,128,758,1,793,17653373,794,0,795,17653373,796,32,798,1,806,android,857,USB,858,1,947,0,1395,2,1500,17653313,1688,1]
12-08 09:11:08.725 1494 5787 I sysui_multi_action: [757,804,799,note_freshness,801,17653373,802,1]
12-08 09:11:08.726 1494 5787 I notification_visibility: [-1|android|32|null|1000,1,17653373,17653373,0,1]
12-08 09:11:09.055 0 0 I auditd : type=1400 audit(0.0:18795): avc: denied { kill } for comm="swapper/1" capability=5 scontext=u:r:kernel:s0 tcontext=u:r:kernel:s0 tclass=capability permissive=0
12-08 09:11:12.099 1494 1726 I input_interaction: Interaction with: e4dc0ca NotificationShade (server), edge-swipe (server), swipe-up (server), PointerEventDispatcher0 (server),
12-08 09:11:12.119 1494 1523 I wm_task_moved: [36,0,0]
12-08 09:11:12.123 1494 1523 I wm_task_moved: [36,0,8]
12-08 09:11:12.130 1494 1523 W WindowManager: updateScale0.4617737
12-08 09:11:12.130 2523 2523 I wm_on_restart_called: [103271708,com.android.launcher3.uioverrides.QuickstepLauncher,performRestartActivity]
12-08 09:11:12.154 2523 2523 I wm_on_start_called: [103271708,com.android.launcher3.uioverrides.QuickstepLauncher,handleStartActivity]
12-08 09:11:12.156 10409 10425 W ContextImpl: Calling a method in the system process without a qualified user: android.app.ContextImpl.startService:1816 android.content.ContextWrapper.startService:774 com.thundercomm.gamemode.ingame.services.GameModeActionUtils.startGameModeService:93 com.thundercomm.gamemode.ingame.services.GameModeActionUtils.startGameModeEntry:21 com.thundercomm.gamemode.ingame.services.ActivityMonitoringService$1.onActivityLaunch:127
12-08 09:11:12.160 1494 1566 W WindowManager: updateScale0.4617737
12-08 09:11:12.162 1494 1566 W WindowManager: updateScale0.4617737
12-08 09:11:12.169 1494 1494 I GameModeConfig: Current uri is uri = content://com.thundercomm.gamemode.api/gamemode_settings/gamemode_isgaming
12-08 09:11:12.169 1494 5787 W WindowManager: updateScale0.4617737
12-08 09:11:12.171 1494 2073 W ActivityTaskManager: getTaskSnapshot: taskId=3222 not found
12-08 09:11:12.173 1494 5787 W ActivityTaskManager: getTaskSnapshot: taskId=2222 not found
12-08 09:11:12.173 1494 1494 I GameModeConfig: isGameModeOn = false
12-08 09:11:12.174 1494 1494 I GameModeConfig: isGameModeOn = false
12-08 09:11:12.174 1494 1494 I GameModeConfig: isDisableVoice = true
12-08 09:11:12.174 1494 5787 W ActivityTaskManager: getTaskSnapshot: taskId=1222 not found
12-08 09:11:12.179 1494 1568 W WindowManager: updateScale0.4617737
12-08 09:11:12.180 1494 1568 W WindowManager: updateScale0.4617737
12-08 09:11:12.181 1494 1568 W WindowManager: updateScale0.4617737
12-08 09:11:12.188 1494 1563 I sysui_multi_action: [319,21,322,61,325,17667,757,761,758,9,759,5,806,com.android.launcher3,871,com.android.launcher3.uioverrides.QuickstepLauncher,904,com.android.launcher3,905,0,1320,8,1321,5]
12-08 09:11:12.188 1494 6229 W WindowManager: updateScale0.4617737
12-08 09:11:12.229 1494 1726 I input_interaction: Interaction with: edge-swipe (server), swipe-up (server), PointerEventDispatcher0 (server),
12-08 09:11:12.235 12174 12174 I view_enqueue_input_event: [Motion - Cancel,NotificationShade]
12-08 09:11:12.246 2523 2523 I sysui_latency: [1,76]
12-08 09:11:12.271 1494 7337 W WindowManager: updateScale0.4617737
12-08 09:11:12.284 1494 1568 W WindowManager: updateScale0.4617737
12-08 09:11:12.285 1494 1568 W WindowManager: updateScale0.4617737
12-08 09:11:12.290 1494 1726 I input_focus: [Focus leaving e4dc0ca NotificationShade (server),reason=NOT_FOCUSABLE]
12-08 09:11:12.360 1494 1700 I commit_sys_config_file: [settings-1-0,8]
12-08 09:11:12.430 1494 1905 I GameModeConfig: isGameModeOn = false
12-08 09:11:12.430 1494 1905 I GameModeConfig: isGameModeOn = false
12-08 09:11:12.431 1494 1905 I GameModeConfig: isGameModeOn = false
12-08 09:11:12.431 1494 1905 I GameModeConfig: isGameModeOn = false
12-08 09:11:12.432 12174 12174 I sysui_multi_action: [757,111,758,2]
12-08 09:11:12.433 12174 12174 I sysui_multi_action: [757,111,758,2]
12-08 09:11:12.433 1494 1494 I notification_enqueue: [10082,12174,com.android.systemui,2048,NULL,0,Notification(channel=updateNotification shortcut=null contentView=null vibrate=null sound=null defaults=0x0 flags=0x0 color=0x00000000 vis=PRIVATE),1]
12-08 09:11:12.459 1494 6229 W WindowManager: updateScale0.4617737
12-08 09:11:12.465 12174 12174 I sysui_multi_action: [757,111,758,1]
12-08 09:11:12.465 12174 12174 I sysui_multi_action: [757,126,758,1,759,126,927,0,928,1,1593,1]
12-08 09:11:12.465 12174 12174 I sysui_multi_action: [757,113,758,1,759,113,927,1,928,1,1593,1]
12-08 09:11:12.466 12174 12174 I sysui_multi_action: [757,0,758,1,759,0,927,2,928,0,1593,1]
12-08 09:11:12.466 12174 12174 I sysui_multi_action: [757,0,758,1,759,0,927,3,928,0,1593,1]
12-08 09:11:12.467 12174 12174 I sysui_multi_action: [757,491,758,1,759,491,927,4,928,0,1311,-1,1593,0]
12-08 09:11:12.468 12174 12174 I sysui_multi_action: [757,0,758,1,759,0,927,5,928,0,1593,1]
12-08 09:11:12.468 12174 12174 I sysui_multi_action: [757,111,758,1]
12-08 09:11:12.468 12174 12174 I sysui_multi_action: [757,126,758,1,759,126,927,0,928,1,1593,1]
12-08 09:11:12.468 12174 12174 I sysui_multi_action: [757,113,758,1,759,113,927,1,928,1,1593,1]
12-08 09:11:12.469 12174 12174 I sysui_multi_action: [757,0,758,1,759,0,927,2,928,0,1593,1]
12-08 09:11:12.469 12174 12174 I sysui_multi_action: [757,0,758,1,759,0,927,3,928,0,1593,1]
12-08 09:11:12.481 1494 1579 I sysui_latency: [8,76]
12-08 09:11:12.481 1494 6229 W WindowManager: updateScale0.4617737
12-08 09:11:12.489 1494 5787 W WindowManager: updateScale0.4617737
12-08 09:11:12.490 1494 1905 I GameModeConfig: isGameModeOn = false
12-08 09:11:12.490 1494 1905 I GameModeConfig: isGameModeOn = false
12-08 09:11:12.490 1494 1905 I GameModeConfig: isGameModeOn = false
12-08 09:11:12.491 1494 1905 I GameModeConfig: isGameModeOn = false
12-08 09:11:12.492 12174 12174 I sysui_multi_action: [757,111,758,2]
12-08 09:11:12.492 12174 12174 I sysui_multi_action: [757,111,758,2]
12-08 09:11:12.493 1494 1494 I notification_enqueue: [10082,12174,com.android.systemui,2048,NULL,0,Notification(channel=updateNotification shortcut=null contentView=null vibrate=null sound=null defaults=0x0 flags=0x0 color=0x00000000 vis=PRIVATE),1]
12-08 09:11:12.497 12174 12174 I sysui_multi_action: [757,111,758,1]
12-08 09:11:12.497 12174 12174 I sysui_multi_action: [757,126,758,1,759,126,927,0,928,1,1593,1]
12-08 09:11:12.497 12174 12174 I sysui_multi_action: [757,113,758,1,759,113,927,1,928,1,1593,1]
12-08 09:11:12.497 12174 12174 I sysui_multi_action: [757,0,758,1,759,0,927,2,928,0,1593,1]
12-08 09:11:12.497 12174 12174 I sysui_multi_action: [757,0,758,1,759,0,927,3,928,0,1593,1]
12-08 09:11:12.498 12174 12174 I sysui_multi_action: [757,491,758,1,759,491,927,4,928,0,1311,-1,1593,0]
12-08 09:11:12.498 12174 12174 I sysui_multi_action: [757,0,758,1,759,0,927,5,928,0,1593,0]
12-08 09:11:12.498 12174 12174 I sysui_multi_action: [757,111,758,1]
12-08 09:11:12.498 12174 12174 I sysui_multi_action: [757,126,758,1,759,126,927,0,928,1,1593,1]
12-08 09:11:12.498 12174 12174 I sysui_multi_action: [757,113,758,1,759,113,927,1,928,1,1593,1]
12-08 09:11:12.498 12174 12174 I sysui_multi_action: [757,0,758,1,759,0,927,2,928,0,1593,1]
12-08 09:11:12.499 12174 12174 I sysui_multi_action: [757,0,758,1,759,0,927,3,928,0,1593,1]
12-08 09:11:12.511 1494 1905 I GameModeConfig: isGameModeOn = false
12-08 09:11:12.512 1494 1905 I GameModeConfig: isGameModeOn = false
12-08 09:11:12.512 1494 1905 I GameModeConfig: isGameModeOn = false
12-08 09:11:12.512 1494 1905 I GameModeConfig: isGameModeOn = false
12-08 09:11:12.513 12174 12174 I sysui_multi_action: [757,111,758,2]
12-08 09:11:12.513 12174 12174 I sysui_multi_action: [757,111,758,2]
12-08 09:11:12.514 1494 1494 I notification_enqueue: [10082,12174,com.android.systemui,2048,NULL,0,Notification(channel=updateNotification shortcut=null contentView=null vibrate=null sound=null defaults=0x0 flags=0x0 color=0x00000000 vis=PRIVATE),1]
12-08 09:11:12.517 12174 12174 I sysui_multi_action: [757,111,758,1]
12-08 09:11:12.517 12174 12174 I sysui_multi_action: [757,126,758,1,759,126,927,0,928,1,1593,1]
12-08 09:11:12.517 12174 12174 I sysui_multi_action: [757,113,758,1,759,113,927,1,928,1,1593,1]
12-08 09:11:12.517 12174 12174 I sysui_multi_action: [757,0,758,1,759,0,927,2,928,0,1593,1]
12-08 09:11:12.517 12174 12174 I sysui_multi_action: [757,0,758,1,759,0,927,3,928,0,1593,1]
12-08 09:11:12.518 12174 12174 I sysui_multi_action: [757,491,758,1,759,491,927,4,928,0,1311,-1,1593,0]
12-08 09:11:12.518 12174 12174 I sysui_multi_action: [757,0,758,1,759,0,927,5,928,0,1593,0]
12-08 09:11:12.518 12174 12174 I sysui_multi_action: [757,111,758,1]
12-08 09:11:12.518 12174 12174 I sysui_multi_action: [757,126,758,1,759,126,927,0,928,1,1593,1]
12-08 09:11:12.518 12174 12174 I sysui_multi_action: [757,113,758,1,759,113,927,1,928,1,1593,1]
12-08 09:11:12.518 12174 12174 I sysui_multi_action: [757,0,758,1,759,0,927,2,928,0,1593,1]
12-08 09:11:12.518 12174 12174 I sysui_multi_action: [757,0,758,1,759,0,927,3,928,0,1593,1]
12-08 09:11:12.525 12174 12174 I sysui_multi_action: [757,111,758,2]
12-08 09:11:12.525 12174 12174 I sysui_multi_action: [757,111,758,2]
12-08 09:11:12.525 1494 1494 I notification_enqueue: [10082,12174,com.android.systemui,2048,NULL,0,Notification(channel=updateNotification shortcut=null contentView=null vibrate=null sound=null defaults=0x0 flags=0x0 color=0x00000000 vis=PRIVATE),1]
12-08 09:11:12.526 1494 1905 I GameModeConfig: isGameModeOn = false
12-08 09:11:12.526 1494 1905 I GameModeConfig: isGameModeOn = false
12-08 09:11:12.527 1494 1905 I GameModeConfig: isGameModeOn = false
12-08 09:11:12.527 1494 1905 I GameModeConfig: isGameModeOn = false
12-08 09:11:12.528 12174 12174 I sysui_multi_action: [757,111,758,1]
12-08 09:11:12.528 12174 12174 I sysui_multi_action: [757,126,758,1,759,126,927,0,928,1,1593,1]
12-08 09:11:12.528 12174 12174 I sysui_multi_action: [757,113,758,1,759,113,927,1,928,1,1593,1]
12-08 09:11:12.528 12174 12174 I sysui_multi_action: [757,0,758,1,759,0,927,2,928,0,1593,1]
12-08 09:11:12.528 12174 12174 I sysui_multi_action: [757,0,758,1,759,0,927,3,928,0,1593,1]
12-08 09:11:12.528 12174 12174 I sysui_multi_action: [757,491,758,1,759,491,927,4,928,0,1311,-1,1593,1]
12-08 09:11:12.528 12174 12174 I sysui_multi_action: [757,0,758,1,759,0,927,5,928,0,1593,1]
12-08 09:11:12.528 12174 12174 I sysui_multi_action: [757,111,758,1]
12-08 09:11:12.528 12174 12174 I sysui_multi_action: [757,126,758,1,759,126,927,0,928,1,1593,0]
12-08 09:11:12.528 12174 12174 I sysui_multi_action: [757,113,758,1,759,113,927,1,928,1,1593,0]
12-08 09:11:12.529 12174 12174 I sysui_multi_action: [757,0,758,1,759,0,927,2,928,0,1593,0]
12-08 09:11:12.529 12174 12174 I sysui_multi_action: [757,0,758,1,759,0,927,3,928,0,1593,0]
12-08 09:11:12.535 1494 1905 I GameModeConfig: isGameModeOn = false
12-08 09:11:12.535 1494 1905 I GameModeConfig: isGameModeOn = false
12-08 09:11:12.535 1494 1905 I GameModeConfig: isGameModeOn = false
12-08 09:11:12.535 1494 1905 I GameModeConfig: isGameModeOn = false
12-08 09:11:12.536 12174 12174 I sysui_multi_action: [757,111,758,2]
12-08 09:11:12.536 12174 12174 I sysui_multi_action: [757,111,758,2]
12-08 09:11:12.536 1494 1494 I notification_enqueue: [10082,12174,com.android.systemui,2048,NULL,0,Notification(channel=updateNotification shortcut=null contentView=null vibrate=null sound=null defaults=0x0 flags=0x0 color=0x00000000 vis=PRIVATE),1]
12-08 09:11:12.539 12174 12174 I sysui_multi_action: [757,111,758,1]
12-08 09:11:12.539 12174 12174 I sysui_multi_action: [757,126,758,1,759,126,927,0,928,1,1593,1]
12-08 09:11:12.539 12174 12174 I sysui_multi_action: [757,113,758,1,759,113,927,1,928,1,1593,1]
12-08 09:11:12.539 12174 12174 I sysui_multi_action: [757,0,758,1,759,0,927,2,928,0,1593,1]
12-08 09:11:12.539 12174 12174 I sysui_multi_action: [757,0,758,1,759,0,927,3,928,0,1593,1]
12-08 09:11:12.539 12174 12174 I sysui_multi_action: [757,491,758,1,759,491,927,4,928,0,1311,-1,1593,0]
12-08 09:11:12.539 12174 12174 I sysui_multi_action: [757,0,758,1,759,0,927,5,928,0,1593,0]
12-08 09:11:12.539 12174 12174 I sysui_multi_action: [757,111,758,1]
12-08 09:11:12.539 12174 12174 I sysui_multi_action: [757,126,758,1,759,126,927,0,928,1,1593,1]
12-08 09:11:12.540 12174 12174 I sysui_multi_action: [757,113,758,1,759,113,927,1,928,1,1593,1]
12-08 09:11:12.540 12174 12174 I sysui_multi_action: [757,0,758,1,759,0,927,2,928,0,1593,1]
12-08 09:11:12.540 12174 12174 I sysui_multi_action: [757,0,758,1,759,0,927,3,928,0,1593,1]
12-08 09:11:12.557 1494 1905 I GameModeConfig: isGameModeOn = false
12-08 09:11:12.558 1494 1905 I GameModeConfig: isGameModeOn = false
12-08 09:11:12.558 1494 1905 I GameModeConfig: isGameModeOn = false
12-08 09:11:12.558 1494 1905 I GameModeConfig: isGameModeOn = false
12-08 09:11:12.559 12174 12174 I sysui_multi_action: [757,111,758,2]
12-08 09:11:12.559 12174 12174 I sysui_multi_action: [757,111,758,2]
12-08 09:11:12.559 1494 1494 I notification_enqueue: [10082,12174,com.android.systemui,2048,NULL,0,Notification(channel=updateNotification shortcut=null contentView=null vibrate=null sound=null defaults=0x0 flags=0x0 color=0x00000000 vis=PRIVATE),1]
12-08 09:11:12.561 12174 12174 I sysui_multi_action: [757,111,758,1]
12-08 09:11:12.562 12174 12174 I sysui_multi_action: [757,126,758,1,759,126,927,0,928,1,1593,1]
12-08 09:11:12.562 12174 12174 I sysui_multi_action: [757,113,758,1,759,113,927,1,928,1,1593,1]
12-08 09:11:12.562 12174 12174 I sysui_multi_action: [757,0,758,1,759,0,927,2,928,0,1593,1]
12-08 09:11:12.562 12174 12174 I sysui_multi_action: [757,0,758,1,759,0,927,3,928,0,1593,1]
12-08 09:11:12.562 12174 12174 I sysui_multi_action: [757,491,758,1,759,491,927,4,928,0,1311,-1,1593,0]
12-08 09:11:12.562 12174 12174 I sysui_multi_action: [757,0,758,1,759,0,927,5,928,0,1593,0]
12-08 09:11:12.562 12174 12174 I sysui_multi_action: [757,111,758,1]
12-08 09:11:12.562 12174 12174 I sysui_multi_action: [757,126,758,1,759,126,927,0,928,1,1593,1]
12-08 09:11:12.562 12174 12174 I sysui_multi_action: [757,113,758,1,759,113,927,1,928,1,1593,1]
12-08 09:11:12.562 12174 12174 I sysui_multi_action: [757,0,758,1,759,0,927,2,928,0,1593,1]
12-08 09:11:12.562 12174 12174 I sysui_multi_action: [757,0,758,1,759,0,927,3,928,0,1593,1]
12-08 09:11:12.575 12174 12174 I sysui_multi_action: [757,111,758,2]
12-08 09:11:12.576 12174 12174 I sysui_multi_action: [757,111,758,2]
12-08 09:11:12.576 1494 1494 I notification_enqueue: [10082,12174,com.android.systemui,2048,NULL,0,Notification(channel=updateNotification shortcut=null contentView=null vibrate=null sound=null defaults=0x0 flags=0x0 color=0x00000000 vis=PRIVATE),1]
12-08 09:11:12.578 12174 12174 I sysui_multi_action: [757,111,758,1]
12-08 09:11:12.579 12174 12174 I sysui_multi_action: [757,126,758,1,759,126,927,0,928,1,1593,1]
12-08 09:11:12.579 12174 12174 I sysui_multi_action: [757,113,758,1,759,113,927,1,928,1,1593,1]
12-08 09:11:12.579 12174 12174 I sysui_multi_action: [757,0,758,1,759,0,927,2,928,0,1593,1]
12-08 09:11:12.579 12174 12174 I sysui_multi_action: [757,0,758,1,759,0,927,3,928,0,1593,1]
12-08 09:11:12.579 12174 12174 I sysui_multi_action: [757,491,758,1,759,491,927,4,928,0,1311,-1,1593,0]
12-08 09:11:12.579 12174 12174 I sysui_multi_action: [757,0,758,1,759,0,927,5,928,0,1593,0]
12-08 09:11:12.579 12174 12174 I sysui_multi_action: [757,111,758,1]
12-08 09:11:12.579 12174 12174 I sysui_multi_action: [757,126,758,1,759,126,927,0,928,1,1593,1]
12-08 09:11:12.579 12174 12174 I sysui_multi_action: [757,113,758,1,759,113,927,1,928,1,1593,1]
12-08 09:11:12.579 12174 12174 I sysui_multi_action: [757,0,758,1,759,0,927,2,928,0,1593,1]
12-08 09:11:12.579 12174 12174 I sysui_multi_action: [757,0,758,1,759,0,927,3,928,0,1593,1]
12-08 09:11:12.582 1494 1905 I GameModeConfig: isGameModeOn = false
12-08 09:11:12.583 1494 1905 I GameModeConfig: isGameModeOn = false
12-08 09:11:12.583 1494 1905 I GameModeConfig: isGameModeOn = false
12-08 09:11:12.583 1494 1905 I GameModeConfig: isGameModeOn = false
12-08 09:11:12.583 1494 1700 I commit_sys_config_file: [settings-1-0,8]
12-08 09:11:12.593 1494 1905 I GameModeConfig: isGameModeOn = false
12-08 09:11:12.593 1494 1905 I GameModeConfig: isGameModeOn = false
12-08 09:11:12.593 1494 1905 I GameModeConfig: isGameModeOn = false
12-08 09:11:12.593 1494 1905 I GameModeConfig: isGameModeOn = false
12-08 09:11:12.594 12174 12174 I sysui_multi_action: [757,111,758,2]
12-08 09:11:12.594 1494 1494 I notification_enqueue: [10082,12174,com.android.systemui,2048,NULL,0,Notification(channel=updateNotification shortcut=null contentView=null vibrate=null sound=null defaults=0x0 flags=0x0 color=0x00000000 vis=PRIVATE),1]
12-08 09:11:12.594 12174 12174 I sysui_multi_action: [757,111,758,2]
12-08 09:11:12.597 12174 12174 I sysui_multi_action: [757,111,758,1]
12-08 09:11:12.597 12174 12174 I sysui_multi_action: [757,126,758,1,759,126,927,0,928,1,1593,1]
12-08 09:11:12.597 12174 12174 I sysui_multi_action: [757,113,758,1,759,113,927,1,928,1,1593,1]
12-08 09:11:12.597 12174 12174 I sysui_multi_action: [757,0,758,1,759,0,927,2,928,0,1593,1]
12-08 09:11:12.597 12174 12174 I sysui_multi_action: [757,0,758,1,759,0,927,3,928,0,1593,1]
12-08 09:11:12.597 12174 12174 I sysui_multi_action: [757,491,758,1,759,491,927,4,928,0,1311,-1,1593,0]
12-08 09:11:12.598 12174 12174 I sysui_multi_action: [757,0,758,1,759,0,927,5,928,0,1593,0]
12-08 09:11:12.598 12174 12174 I sysui_multi_action: [757,111,758,1]
12-08 09:11:12.598 12174 12174 I sysui_multi_action: [757,126,758,1,759,126,927,0,928,1,1593,1]
12-08 09:11:12.598 12174 12174 I sysui_multi_action: [757,113,758,1,759,113,927,1,928,1,1593,1]
12-08 09:11:12.598 12174 12174 I sysui_multi_action: [757,0,758,1,759,0,927,2,928,0,1593,1]
12-08 09:11:12.598 12174 12174 I sysui_multi_action: [757,0,758,1,759,0,927,3,928,0,1593,1]
12-08 09:11:12.620 1494 1905 I GameModeConfig: isGameModeOn = false
12-08 09:11:12.621 1494 1905 I GameModeConfig: isGameModeOn = false
12-08 09:11:12.621 1494 1905 I GameModeConfig: isGameModeOn = false
12-08 09:11:12.621 1494 1905 I GameModeConfig: isGameModeOn = false
12-08 09:11:12.622 12174 12174 I sysui_multi_action: [757,111,758,2]
12-08 09:11:12.623 12174 12174 I sysui_multi_action: [757,111,758,2]
12-08 09:11:12.623 1494 1494 I notification_enqueue: [10082,12174,com.android.systemui,2048,NULL,0,Notification(channel=updateNotification shortcut=null contentView=null vibrate=null sound=null defaults=0x0 flags=0x0 color=0x00000000 vis=PRIVATE),1]
12-08 09:11:12.625 12174 12174 I sysui_multi_action: [757,111,758,1]
12-08 09:11:12.625 12174 12174 I sysui_multi_action: [757,126,758,1,759,126,927,0,928,1,1593,1]
12-08 09:11:12.625 12174 12174 I sysui_multi_action: [757,113,758,1,759,113,927,1,928,1,1593,1]
12-08 09:11:12.625 12174 12174 I sysui_multi_action: [757,0,758,1,759,0,927,2,928,0,1593,1]
12-08 09:11:12.625 12174 12174 I sysui_multi_action: [757,0,758,1,759,0,927,3,928,0,1593,1]
12-08 09:11:12.626 12174 12174 I sysui_multi_action: [757,491,758,1,759,491,927,4,928,0,1311,-1,1593,0]
12-08 09:11:12.626 12174 12174 I sysui_multi_action: [757,0,758,1,759,0,927,5,928,0,1593,0]
12-08 09:11:12.626 12174 12174 I sysui_multi_action: [757,111,758,1]
12-08 09:11:12.626 12174 12174 I sysui_multi_action: [757,126,758,1,759,126,927,0,928,1,1593,1]
12-08 09:11:12.627 12174 12174 I sysui_multi_action: [757,113,758,1,759,113,927,1,928,1,1593,1]
12-08 09:11:12.627 12174 12174 I sysui_multi_action: [757,0,758,1,759,0,927,2,928,0,1593,1]
12-08 09:11:12.627 12174 12174 I sysui_multi_action: [757,0,758,1,759,0,927,3,928,0,1593,1]
12-08 09:11:12.635 1494 1494 I GameModeConfig: isGameModeOn = false
12-08 09:11:12.636 1494 1494 I sysui_multi_action: [757,1501,758,1,793,1695365,794,0,795,206,796,2048,806,com.android.systemui,857,updateNotification,858,3,947,0,1500,0,1688,1]
12-08 09:11:12.636 1494 1494 I sysui_multi_action: [757,804,799,note_interruptive,801,0,802,1]
12-08 09:11:12.636 1494 1494 I sysui_multi_action: [757,199,758,1,759,2,793,1695365,794,0,795,206,796,2048,806,com.android.systemui,857,updateNotification,858,3,947,0,1500,0,1688,1]
12-08 09:11:12.636 1494 1494 I notification_alert: [0|com.android.systemui|2048|null|10082,0,1,0]
12-08 09:11:12.637 1494 1494 W NotificationHistory: Attempted to add notif for locked/gone/disabled user 0
12-08 09:11:12.642 1494 1905 I GameModeConfig: isGameModeOn = false
12-08 09:11:12.642 1494 1905 I GameModeConfig: isGameModeOn = false
12-08 09:11:12.642 1494 1905 I GameModeConfig: isGameModeOn = false
12-08 09:11:12.642 1494 1905 I GameModeConfig: isGameModeOn = false
12-08 09:11:12.643 12174 12174 I sysui_multi_action: [757,111,758,2]
12-08 09:11:12.643 1494 1494 I notification_enqueue: [10082,12174,com.android.systemui,2048,NULL,0,Notification(channel=updateNotification shortcut=null contentView=null vibrate=null sound=null defaults=0x0 flags=0x0 color=0x00000000 vis=PRIVATE),1]
12-08 09:11:12.643 12174 12174 I sysui_multi_action: [757,111,758,2]
12-08 09:11:12.646 12174 12174 I sysui_multi_action: [757,111,758,1]
12-08 09:11:12.647 12174 12174 I sysui_multi_action: [757,126,758,1,759,126,927,0,928,1,1593,1]
12-08 09:11:12.647 12174 12174 I sysui_multi_action: [757,113,758,1,759,113,927,1,928,1,1593,1]
12-08 09:11:12.647 12174 12174 I sysui_multi_action: [757,0,758,1,759,0,927,2,928,0,1593,1]
12-08 09:11:12.647 12174 12174 I sysui_multi_action: [757,0,758,1,759,0,927,3,928,0,1593,1]
12-08 09:11:12.647 12174 12174 I sysui_multi_action: [757,491,758,1,759,491,927,4,928,0,1311,-1,1593,0]
12-08 09:11:12.647 12174 12174 I sysui_multi_action: [757,0,758,1,759,0,927,5,928,0,1593,0]
12-08 09:11:12.647 12174 12174 I sysui_multi_action: [757,111,758,1]
12-08 09:11:12.647 12174 12174 I sysui_multi_action: [757,126,758,1,759,126,927,0,928,1,1593,1]
12-08 09:11:12.647 12174 12174 I sysui_multi_action: [757,113,758,1,759,113,927,1,928,1,1593,1]
12-08 09:11:12.647 12174 12174 I sysui_multi_action: [757,0,758,1,759,0,927,2,928,0,1593,1]
12-08 09:11:12.647 12174 12174 I sysui_multi_action: [757,0,758,1,759,0,927,3,928,0,1593,1]
12-08 09:11:12.656 1494 1905 I GameModeConfig: isGameModeOn = false
12-08 09:11:12.656 1494 1905 I GameModeConfig: isGameModeOn = false
12-08 09:11:12.656 1494 1905 I GameModeConfig: isGameModeOn = false
12-08 09:11:12.656 1494 1905 I GameModeConfig: isGameModeOn = false
12-08 09:11:12.657 12174 12174 I sysui_multi_action: [757,111,758,2]
12-08 09:11:12.657 1494 1494 I notification_enqueue: [10082,12174,com.android.systemui,2048,NULL,0,Notification(channel=updateNotification shortcut=null contentView=null vibrate=null sound=null defaults=0x0 flags=0x0 color=0x00000000 vis=PRIVATE),1]
12-08 09:11:12.657 12174 12174 I sysui_multi_action: [757,111,758,2]
12-08 09:11:12.659 12174 12174 I sysui_multi_action: [757,111,758,1]
12-08 09:11:12.660 12174 12174 I sysui_multi_action: [757,126,758,1,759,126,927,0,928,1,1593,1]
12-08 09:11:12.660 12174 12174 I sysui_multi_action: [757,113,758,1,759,113,927,1,928,1,1593,1]
12-08 09:11:12.660 12174 12174 I sysui_multi_action: [757,0,758,1,759,0,927,2,928,0,1593,1]
12-08 09:11:12.660 12174 12174 I sysui_multi_action: [757,0,758,1,759,0,927,3,928,0,1593,1]
12-08 09:11:12.660 12174 12174 I sysui_multi_action: [757,491,758,1,759,491,927,4,928,0,1311,-1,1593,0]
12-08 09:11:12.660 12174 12174 I sysui_multi_action: [757,0,758,1,759,0,927,5,928,0,1593,0]
12-08 09:11:12.660 12174 12174 I sysui_multi_action: [757,111,758,1]
12-08 09:11:12.660 12174 12174 I sysui_multi_action: [757,126,758,1,759,126,927,0,928,1,1593,1]
12-08 09:11:12.660 12174 12174 I sysui_multi_action: [757,113,758,1,759,113,927,1,928,1,1593,1]
12-08 09:11:12.660 12174 12174 I sysui_multi_action: [757,0,758,1,759,0,927,2,928,0,1593,1]
12-08 09:11:12.660 12174 12174 I sysui_multi_action: [757,0,758,1,759,0,927,3,928,0,1593,1]
12-08 09:11:12.674 12174 12174 I sysui_multi_action: [757,111,758,2]
