12-08 08:59:51.334 1494 7705 W WindowManager: updateScale0.7996942
12-08 08:59:51.356 1494 1568 W WindowManager: updateScale0.7996942
12-08 08:59:51.492 1494 7705 I ActivityTaskManager: moveTaskToBack: Task{b31b34a #208 type=standard A=10066:com.android.deskclock U=0 visible=true mode=freeform translucent=true sz=1}
12-08 08:59:51.495 1494 7705 W WindowManager: updateScale0.7996942
12-08 08:59:51.502 1494 1568 W WindowManager: updateScale0.7996942
12-08 08:59:51.620 1494 8468 W WindowManager: updateScale0.7996942
12-08 08:59:52.656 1494 1566 W WindowManager: updateScale0.7996942
12-08 08:59:53.829 1494 8468 W WindowManager: updateScale0.7996942
12-08 08:59:53.839 1494 1568 W WindowManager: updateScale0.7996942
12-08 08:59:54.375 1494 8468 I ActivityTaskManager: moveTaskToBack: Task{b31b34a #208 type=standard A=10066:com.android.deskclock U=0 visible=true mode=freeform translucent=true sz=1}
12-08 08:59:54.377 1494 8468 W WindowManager: updateScale0.7996942
12-08 08:59:54.388 1494 1568 W WindowManager: updateScale0.7996942
12-08 08:59:54.459 1494 2124 W WindowManager: updateScale0.7996942
12-08 08:59:55.232 1494 1701 D ActivityManager: freezing 15185 com.android.gallery3d
12-08 08:59:55.232 1494 1701 E ActivityManager: Unable to freeze binder for 15185 com.android.gallery3d
12-08 08:59:55.234 1494 1701 D ActivityManager: froze 15185 com.android.gallery3d
12-08 08:59:55.235 1494 1701 E ActivityManager: Unable to freeze binder for 15185 com.android.gallery3d
12-08 08:59:55.236 1494 1701 I ActivityManager: Killing 15185:com.android.gallery3d/u0a65 (adj 915): Unable to freeze binder interface
12-08 08:59:55.283 1494 1566 W ActivityManager: setHasOverlayUi called on unknown pid: 15185
12-08 08:59:55.288 1494 1566 D CompatibilityChangeReporter: Compat change id reported: 135634846; UID 10065; state: DISABLED
12-08 08:59:55.288 1494 1566 D CompatibilityChangeReporter: Compat change id reported: 177438394; UID 10065; state: DISABLED
12-08 08:59:55.288 1494 1566 D CompatibilityChangeReporter: Compat change id reported: 135772972; UID 10065; state: DISABLED
12-08 08:59:55.288 1494 1566 D CompatibilityChangeReporter: Compat change id reported: 135754954; UID 10065; state: DISABLED
12-08 08:59:55.289 1494 1582 D CompatibilityChangeReporter: Compat change id reported: 143937733; UID 10065; state: DISABLED
12-08 08:59:55.302 1494 1582 I ActivityManager: Start proc 18600:com.android.gallery3d/u0a65 for null
12-08 08:59:55.791 1494 1566 W WindowManager: updateScale0.7996942
12-08 08:59:56.755 1494 8468 W WindowManager: updateScale0.7996942
12-08 08:59:56.769 1494 1568 W WindowManager: updateScale0.7996942
12-08 08:59:57.112 1494 8468 I ActivityTaskManager: moveTaskToBack: Task{b31b34a #208 type=standard A=10066:com.android.deskclock U=0 visible=true mode=freeform translucent=true sz=1}
12-08 08:59:57.114 1494 8468 W WindowManager: updateScale0.7996942
12-08 08:59:57.122 1494 1568 W WindowManager: updateScale0.7996942
12-08 08:59:57.200 1494 2035 W WindowManager: updateScale0.7996942
12-08 09:00:00.762 1494 1566 W WindowManager: updateScale0.7996942
12-08 09:00:00.922 1494 2743 E TaskPersister: File error accessing recents directory (directory doesn't exist?).
12-08 09:00:00.932 1494 8468 I ActivityTaskManager: FOREGROUND_APPLICATION_CHANGED to com.android.launcher3.uioverrides.QuickstepLauncher
12-08 09:00:00.963 10409 10425 W ContextImpl: Calling a method in the system process without a qualified user: android.app.ContextImpl.startService:1816 android.content.ContextWrapper.startService:774 com.thundercomm.gamemode.ingame.services.GameModeActionUtils.startGameModeService:93 com.thundercomm.gamemode.ingame.services.GameModeActionUtils.startGameModeEntry:21 com.thundercomm.gamemode.ingame.services.ActivityMonitoringService$1.onActivityLaunch:127
12-08 09:00:00.973 1494 1494 I GameModeConfig: Current uri is uri = content://com.thundercomm.gamemode.api/gamemode_settings/gamemode_isgaming
12-08 09:00:00.978 1494 1494 I GameModeConfig: isGameModeOn = false
12-08 09:00:00.978 1494 1494 I GameModeConfig: isGameModeOn = false
12-08 09:00:00.978 1494 1494 I GameModeConfig: isDisableVoice = true
12-08 09:00:01.040 10409 10425 W ContextImpl: Calling a method in the system process without a qualified user: android.app.ContextImpl.startService:1816 android.content.ContextWrapper.startService:774 com.thundercomm.gamemode.ingame.services.GameModeActionUtils.startGameModeService:93 com.thundercomm.gamemode.ingame.services.GameModeActionUtils.startGameModeEntry:21 com.thundercomm.gamemode.ingame.services.ActivityMonitoringService$1.onActivityLaunch:127
12-08 09:00:01.049 1494 1494 I GameModeConfig: Current uri is uri = content://com.thundercomm.gamemode.api/gamemode_settings/gamemode_isgaming
12-08 09:00:01.051 1494 1494 I GameModeConfig: isGameModeOn = false
12-08 09:00:01.051 1494 1494 I GameModeConfig: isGameModeOn = false
12-08 09:00:01.051 1494 1494 I GameModeConfig: isDisableVoice = true
12-08 09:00:01.226 1494 1568 D FreeFormWindowHelper: Remove freefrom task=Task{b31b34a #208 type=standard A=10066:com.android.deskclock U=0 visible=false mode=freeform translucent=true sz=0}
12-08 09:00:04.235 1494 2743 E TaskPersister: File error accessing recents directory (directory doesn't exist?).
12-08 09:00:04.557 1494 6531 I ActivityTaskManager: START u0 {flg=0x10008000 cmp=com.android.deskclock/.DeskClock} from uid 10080
12-08 09:00:04.563 1494 6531 W ActivityTaskManager: Can't find TaskDisplayArea to determine support for multi window. Task id=209 attached=false
12-08 09:00:04.565 1494 6531 D FreeFormWindowHelper: Add freeform task=Task{da1517e #209 type=standard ?? U=0 visible=false mode=freeform translucent=true sz=0}
12-08 09:00:04.569 1494 6531 I ActivityTaskManager: FOREGROUND_APPLICATION_CHANGED to com.android.deskclock.DeskClock
12-08 09:00:04.569 1494 6531 I ActivityTaskManager: The Process com.android.deskclock Already Exists in BG. So sending its PID: 17941
12-08 09:00:04.569 1494 6531 W ActivityTaskManager: Tried to set launchTime (0) < mLastActivityLaunchTime (16964227)
12-08 09:00:04.597 10409 10425 W ContextImpl: Calling a method in the system process without a qualified user: android.app.ContextImpl.startService:1816 android.content.ContextWrapper.startService:774 com.thundercomm.gamemode.ingame.services.GameModeActionUtils.startGameModeService:93 com.thundercomm.gamemode.ingame.services.GameModeActionUtils.startGameModeEntry:21 com.thundercomm.gamemode.ingame.services.ActivityMonitoringService$1.onActivityLaunch:127
12-08 09:00:04.605 1494 1494 I GameModeConfig: Current uri is uri = content://com.thundercomm.gamemode.api/gamemode_settings/gamemode_isgaming
12-08 09:00:04.608 1494 1494 I GameModeConfig: isGameModeOn = false
12-08 09:00:04.608 1494 1494 I GameModeConfig: isGameModeOn = false
12-08 09:00:04.608 1494 1494 I GameModeConfig: isDisableVoice = true
12-08 09:00:04.611 1494 2035 I ActivityTaskManager: START u0 {act=android.content.pm.action.REQUEST_PERMISSIONS pkg=com.android.permissioncontroller cmp=com.android.permissioncontroller/.permission.ui.GrantPermissionsActivity (has extras)} from uid 10066
12-08 09:00:04.631 1494 2125 I ActivityTaskManager: FOREGROUND_APPLICATION_CHANGED to com.android.permissioncontroller.permission.ui.GrantPermissionsActivity
12-08 09:00:04.632 1494 2125 I ActivityTaskManager: The Process com.android.permissioncontroller Already Exists in BG. So sending its PID: 18540
12-08 09:00:04.632 1494 2125 W ActivityTaskManager: Tried to set launchTime (0) < mLastActivityLaunchTime (16964311)
12-08 09:00:04.663 1494 2125 W WindowManager: updateScale0.7996942
12-08 09:00:04.663 1494 2125 W WindowManager: updateScale0.7996942
12-08 09:00:04.668 1494 2035 W WindowManager: updateScale0.7996942
12-08 09:00:04.668 1494 2035 W WindowManager: updateScale0.7996942
12-08 09:00:04.672 1494 1568 W WindowManager: updateScale0.7996942
12-08 09:00:04.675 1494 6531 I ActivityTaskManager: FOREGROUND_APPLICATION_CHANGED to com.android.deskclock.DeskClock
12-08 09:00:04.690 1494 1568 W WindowManager: updateScale0.7996942
12-08 09:00:04.692 1494 1568 W WindowManager: updateScale0.7996942
12-08 09:00:04.693 1494 1568 W WindowManager: updateScale0.7996942
12-08 09:00:04.790 10409 10425 W ContextImpl: Calling a method in the system process without a qualified user: android.app.ContextImpl.startService:1816 android.content.ContextWrapper.startService:774 com.thundercomm.gamemode.ingame.services.GameModeActionUtils.startGameModeService:93 com.thundercomm.gamemode.ingame.services.GameModeActionUtils.startGameModeEntry:21 com.thundercomm.gamemode.ingame.services.ActivityMonitoringService$1.onActivityLaunch:127
12-08 09:00:04.796 1494 1494 I GameModeConfig: Current uri is uri = content://com.thundercomm.gamemode.api/gamemode_settings/gamemode_isgaming
12-08 09:00:04.801 1494 1494 I GameModeConfig: isGameModeOn = false
12-08 09:00:04.801 1494 1494 I GameModeConfig: isGameModeOn = false
12-08 09:00:04.802 1494 1494 I GameModeConfig: isDisableVoice = true
12-08 09:00:04.972 1494 1568 W WindowManager: updateScale0.7996942
12-08 09:00:04.981 1494 2035 W WindowManager: updateScale0.7996942
12-08 09:00:04.992 10409 10425 W ContextImpl: Calling a method in the system process without a qualified user: android.app.ContextImpl.startService:1816 android.content.ContextWrapper.startService:774 com.thundercomm.gamemode.ingame.services.GameModeActionUtils.startGameModeService:93 com.thundercomm.gamemode.ingame.services.GameModeActionUtils.startGameModeEntry:21 com.thundercomm.gamemode.ingame.services.ActivityMonitoringService$1.onActivityLaunch:127
12-08 09:00:04.999 1494 1494 I GameModeConfig: Current uri is uri = content://com.thundercomm.gamemode.api/gamemode_settings/gamemode_isgaming
12-08 09:00:05.001 1494 1494 I GameModeConfig: isGameModeOn = false
12-08 09:00:05.002 1494 1494 I GameModeConfig: isGameModeOn = false
12-08 09:00:05.002 1494 1494 I GameModeConfig: isDisableVoice = true
12-08 09:00:05.670 1494 6531 W WindowManager: updateScale0.7996942
12-08 09:00:05.681 1494 1568 W WindowManager: updateScale0.7996942
12-08 09:00:05.995 1494 2125 I ActivityTaskManager: moveTaskToBack: Task{da1517e #209 type=standard A=10066:com.android.deskclock U=0 visible=true mode=freeform translucent=false sz=1}
12-08 09:00:06.000 1494 2125 W WindowManager: updateScale0.7996942
12-08 09:00:06.009 1494 1568 W WindowManager: updateScale0.7996942
12-08 09:00:06.087 1494 2035 W WindowManager: updateScale0.7996942
12-08 09:00:07.877 1494 1566 W WindowManager: updateScale0.7996942
12-08 09:00:08.591 1494 2743 E TaskPersister: File error accessing recents directory (directory doesn't exist?).
12-08 09:00:08.986 1494 2125 W WindowManager: updateScale0.7996942
12-08 09:00:08.996 1494 1568 W WindowManager: updateScale0.7996942
12-08 09:00:09.295 1494 2035 I ActivityTaskManager: moveTaskToBack: Task{da1517e #209 type=standard A=10066:com.android.deskclock U=0 visible=true mode=freeform translucent=true sz=1}
12-08 09:00:09.298 1494 2035 W WindowManager: updateScale0.7996942
12-08 09:00:09.306 1494 1568 W WindowManager: updateScale0.7996942
12-08 09:00:09.379 1494 2035 W WindowManager: updateScale0.7996942
12-08 09:00:20.885 1494 1701 D ActivityManager: freezing 18098 com.sohu.inputmethod.sogou.car
12-08 09:00:20.885 1494 1701 E ActivityManager: Unable to freeze binder for 18098 com.sohu.inputmethod.sogou.car
12-08 09:00:20.886 1494 1701 D ActivityManager: froze 18098 com.sohu.inputmethod.sogou.car
12-08 09:00:20.887 1494 1701 E ActivityManager: Unable to freeze binder for 18098 com.sohu.inputmethod.sogou.car
12-08 09:00:20.888 1494 1701 I ActivityManager: Killing 18098:com.sohu.inputmethod.sogou.car/u0a32 (adj 945): Unable to freeze binder interface
12-08 09:00:20.933 1494 1566 W ActivityManager: setHasOverlayUi called on unknown pid: 18098
12-08 09:00:21.753 1494 1566 W WindowManager: updateScale0.7996942
12-08 09:00:22.362 1494 7671 W WindowManager: updateScale0.7996942
12-08 09:00:22.378 1494 1568 W WindowManager: updateScale0.7996942
12-08 09:00:22.622 1494 8468 I ActivityTaskManager: moveTaskToBack: Task{da1517e #209 type=standard A=10066:com.android.deskclock U=0 visible=true mode=freeform translucent=true sz=1}
12-08 09:00:22.626 1494 8468 W WindowManager: updateScale0.7996942
12-08 09:00:22.638 1494 1568 W WindowManager: updateScale0.7996942
12-08 09:00:22.729 1494 2035 W WindowManager: updateScale0.7996942
12-08 09:00:23.163 1494 1566 W WindowManager: updateScale0.7996942
12-08 09:00:25.044 1494 2743 E TaskPersister: File error accessing recents directory (directory doesn't exist?).
12-08 09:00:25.047 1494 2035 I ActivityTaskManager: FOREGROUND_APPLICATION_CHANGED to com.android.launcher3.uioverrides.QuickstepLauncher
12-08 09:00:25.077 10409 10425 W ContextImpl: Calling a method in the system process without a qualified user: android.app.ContextImpl.startService:1816 android.content.ContextWrapper.startService:774 com.thundercomm.gamemode.ingame.services.GameModeActionUtils.startGameModeService:93 com.thundercomm.gamemode.ingame.services.GameModeActionUtils.startGameModeEntry:21 com.thundercomm.gamemode.ingame.services.ActivityMonitoringService$1.onActivityLaunch:127
12-08 09:00:25.083 1494 1494 I GameModeConfig: Current uri is uri = content://com.thundercomm.gamemode.api/gamemode_settings/gamemode_isgaming
12-08 09:00:25.086 1494 1494 I GameModeConfig: isGameModeOn = false
12-08 09:00:25.087 1494 1494 I GameModeConfig: isGameModeOn = false
12-08 09:00:25.087 1494 1494 I GameModeConfig: isDisableVoice = true
12-08 09:00:25.157 10409 10425 W ContextImpl: Calling a method in the system process without a qualified user: android.app.ContextImpl.startService:1816 android.content.ContextWrapper.startService:774 com.thundercomm.gamemode.ingame.services.GameModeActionUtils.startGameModeService:93 com.thundercomm.gamemode.ingame.services.GameModeActionUtils.startGameModeEntry:21 com.thundercomm.gamemode.ingame.services.ActivityMonitoringService$1.onActivityLaunch:127
12-08 09:00:25.163 1494 1494 I GameModeConfig: Current uri is uri = content://com.thundercomm.gamemode.api/gamemode_settings/gamemode_isgaming
12-08 09:00:25.167 1494 1494 I GameModeConfig: isGameModeOn = false
12-08 09:00:25.167 1494 1494 I GameModeConfig: isGameModeOn = false
12-08 09:00:25.167 1494 1494 I GameModeConfig: isDisableVoice = true
12-08 09:00:25.351 1494 1568 D FreeFormWindowHelper: Remove freefrom task=Task{da1517e #209 type=standard A=10066:com.android.deskclock U=0 visible=false mode=freeform translucent=true sz=0}
12-08 09:00:27.558 1494 7671 I ActivityTaskManager: START u0 {flg=0x10008000 cmp=com.android.music/.VideoBrowserActivity} from uid 10080
12-08 09:00:27.564 1494 7671 W ActivityTaskManager: Can't find TaskDisplayArea to determine support for multi window. Task id=210 attached=false
12-08 09:00:27.565 1494 7671 D FreeFormWindowHelper: Add freeform task=Task{bb02d05 #210 type=standard ?? U=0 visible=false mode=freeform translucent=true sz=0}
12-08 09:00:27.572 1494 7671 I ActivityTaskManager: FOREGROUND_APPLICATION_CHANGED to com.android.music.VideoBrowserActivity
12-08 09:00:27.572 1494 7671 I ActivityTaskManager: The Process com.android.music Already Exists in BG. So sending its PID: 14889
12-08 09:00:27.572 1494 7671 W ActivityTaskManager: Tried to set launchTime (0) < mLastActivityLaunchTime (16903012)
12-08 09:00:27.595 10409 10425 W ContextImpl: Calling a method in the system process without a qualified user: android.app.ContextImpl.startService:1816 android.content.ContextWrapper.startService:774 com.thundercomm.gamemode.ingame.services.GameModeActionUtils.startGameModeService:93 com.thundercomm.gamemode.ingame.services.GameModeActionUtils.startGameModeEntry:21 com.thundercomm.gamemode.ingame.services.ActivityMonitoringService$1.onActivityLaunch:127
12-08 09:00:27.603 1494 1494 I GameModeConfig: Current uri is uri = content://com.thundercomm.gamemode.api/gamemode_settings/gamemode_isgaming
12-08 09:00:27.605 1494 1494 I GameModeConfig: isGameModeOn = false
12-08 09:00:27.606 1494 1494 I GameModeConfig: isGameModeOn = false
12-08 09:00:27.606 1494 1494 I GameModeConfig: isDisableVoice = true
12-08 09:00:27.624 1494 8468 W WindowManager: updateScale0.7996942
12-08 09:00:27.635 1494 1568 W WindowManager: updateScale0.7996942
12-08 09:00:27.640 1494 1568 W WindowManager: updateScale0.7996942
12-08 09:00:27.640 1494 1568 W WindowManager: updateScale0.7996942
12-08 09:00:27.926 1494 1568 W WindowManager: updateScale0.7996942
12-08 09:00:28.474 1494 2035 W WindowManager: updateScale0.7996942
12-08 09:00:28.492 1494 1568 W WindowManager: updateScale0.7996942
12-08 09:00:28.865 1494 2743 E TaskPersister: File error accessing recents directory (directory doesn't exist?).
12-08 09:00:28.964 1494 7671 I ActivityTaskManager: FOREGROUND_APPLICATION_CHANGED to com.android.launcher3.uioverrides.QuickstepLauncher
12-08 09:00:29.004 10409 10425 W ContextImpl: Calling a method in the system process without a qualified user: android.app.ContextImpl.startService:1816 android.content.ContextWrapper.startService:774 com.thundercomm.gamemode.ingame.services.GameModeActionUtils.startGameModeService:93 com.thundercomm.gamemode.ingame.services.GameModeActionUtils.startGameModeEntry:21 com.thundercomm.gamemode.ingame.services.ActivityMonitoringService$1.onActivityLaunch:127
12-08 09:00:29.013 1494 1494 I GameModeConfig: Current uri is uri = content://com.thundercomm.gamemode.api/gamemode_settings/gamemode_isgaming
12-08 09:00:29.016 1494 1494 I GameModeConfig: isGameModeOn = false
12-08 09:00:29.016 1494 1494 I GameModeConfig: isGameModeOn = false
12-08 09:00:29.016 1494 1494 I GameModeConfig: isDisableVoice = true
12-08 09:00:29.079 10409 10425 W ContextImpl: Calling a method in the system process without a qualified user: android.app.ContextImpl.startService:1816 android.content.ContextWrapper.startService:774 com.thundercomm.gamemode.ingame.services.GameModeActionUtils.startGameModeService:93 com.thundercomm.gamemode.ingame.services.GameModeActionUtils.startGameModeEntry:21 com.thundercomm.gamemode.ingame.services.ActivityMonitoringService$1.onActivityLaunch:127
12-08 09:00:29.087 1494 1494 I GameModeConfig: Current uri is uri = content://com.thundercomm.gamemode.api/gamemode_settings/gamemode_isgaming
12-08 09:00:29.089 1494 1494 I GameModeConfig: isGameModeOn = false
12-08 09:00:29.089 1494 1494 I GameModeConfig: isGameModeOn = false
12-08 09:00:29.089 1494 1494 I GameModeConfig: isDisableVoice = true
12-08 09:00:29.259 1494 1568 D FreeFormWindowHelper: Remove freefrom task=Task{bb02d05 #210 type=standard A=10090:android.task.video U=0 visible=false mode=freeform translucent=true sz=0}
12-08 09:00:32.268 1494 2743 E TaskPersister: File error accessing recents directory (directory doesn't exist?).
12-08 09:00:32.320 1494 7671 I ActivityTaskManager: START u0 {flg=0x10008000 cmp=com.android.deskclock/.DeskClock} from uid 10080
12-08 09:00:32.324 1494 7671 W ActivityTaskManager: Can't find TaskDisplayArea to determine support for multi window. Task id=211 attached=false
12-08 09:00:32.325 1494 7671 D FreeFormWindowHelper: Add freeform task=Task{991495b #211 type=standard ?? U=0 visible=false mode=freeform translucent=true sz=0}
12-08 09:00:32.329 1494 7671 I ActivityTaskManager: FOREGROUND_APPLICATION_CHANGED to com.android.deskclock.DeskClock
12-08 09:00:32.330 1494 7671 I ActivityTaskManager: The Process com.android.deskclock Already Exists in BG. So sending its PID: 17941
12-08 09:00:32.330 1494 7671 W ActivityTaskManager: Tried to set launchTime (0) < mLastActivityLaunchTime (17000305)
12-08 09:00:32.356 10409 10425 W ContextImpl: Calling a method in the system process without a qualified user: android.app.ContextImpl.startService:1816 android.content.ContextWrapper.startService:774 com.thundercomm.gamemode.ingame.services.GameModeActionUtils.startGameModeService:93 com.thundercomm.gamemode.ingame.services.GameModeActionUtils.startGameModeEntry:21 com.thundercomm.gamemode.ingame.services.ActivityMonitoringService$1.onActivityLaunch:127
12-08 09:00:32.364 1494 1494 I GameModeConfig: Current uri is uri = content://com.thundercomm.gamemode.api/gamemode_settings/gamemode_isgaming
12-08 09:00:32.368 1494 1494 I GameModeConfig: isGameModeOn = false
12-08 09:00:32.368 1494 1494 I GameModeConfig: isGameModeOn = false
12-08 09:00:32.368 1494 1494 I GameModeConfig: isDisableVoice = true
12-08 09:00:32.379 1494 2073 I ActivityTaskManager: START u0 {act=android.content.pm.action.REQUEST_PERMISSIONS pkg=com.android.permissioncontroller cmp=com.android.permissioncontroller/.permission.ui.GrantPermissionsActivity (has extras)} from uid 10066
12-08 09:00:32.402 1494 2073 I ActivityTaskManager: FOREGROUND_APPLICATION_CHANGED to com.android.permissioncontroller.permission.ui.GrantPermissionsActivity
12-08 09:00:32.402 1494 2073 I ActivityTaskManager: The Process com.android.permissioncontroller Already Exists in BG. So sending its PID: 18540
12-08 09:00:32.403 1494 2073 W ActivityTaskManager: Tried to set launchTime (0) < mLastActivityLaunchTime (17000367)
12-08 09:00:32.415 10409 10425 W ContextImpl: Calling a method in the system process without a qualified user: android.app.ContextImpl.startService:1816 android.content.ContextWrapper.startService:774 com.thundercomm.gamemode.ingame.services.GameModeActionUtils.startGameModeService:93 com.thundercomm.gamemode.ingame.services.GameModeActionUtils.startGameModeEntry:21 com.thundercomm.gamemode.ingame.services.ActivityMonitoringService$1.onActivityLaunch:127
12-08 09:00:32.422 1494 1494 I GameModeConfig: Current uri is uri = content://com.thundercomm.gamemode.api/gamemode_settings/gamemode_isgaming
12-08 09:00:32.426 1494 1494 I GameModeConfig: isGameModeOn = false
12-08 09:00:32.426 1494 1494 I GameModeConfig: isGameModeOn = false
12-08 09:00:32.426 1494 1494 I GameModeConfig: isDisableVoice = true
12-08 09:00:32.435 1494 8468 W WindowManager: updateScale0.7996942
12-08 09:00:32.435 1494 8468 W WindowManager: updateScale0.7996942
12-08 09:00:32.443 1494 2073 I ActivityTaskManager: FOREGROUND_APPLICATION_CHANGED to com.android.deskclock.DeskClock
12-08 09:00:32.449 1494 7671 W WindowManager: updateScale0.7996942
12-08 09:00:32.473 1494 1568 W WindowManager: updateScale0.7996942
12-08 09:00:32.475 1494 1568 W WindowManager: updateScale0.7996942
12-08 09:00:32.475 1494 1568 W WindowManager: updateScale0.7996942
12-08 09:00:32.559 10409 10425 W ContextImpl: Calling a method in the system process without a qualified user: android.app.ContextImpl.startService:1816 android.content.ContextWrapper.startService:774 com.thundercomm.gamemode.ingame.services.GameModeActionUtils.startGameModeService:93 com.thundercomm.gamemode.ingame.services.GameModeActionUtils.startGameModeEntry:21 com.thundercomm.gamemode.ingame.services.ActivityMonitoringService$1.onActivityLaunch:127
12-08 09:00:32.564 1494 1494 I GameModeConfig: Current uri is uri = content://com.thundercomm.gamemode.api/gamemode_settings/gamemode_isgaming
12-08 09:00:32.565 1494 1494 I GameModeConfig: isGameModeOn = false
12-08 09:00:32.566 1494 1494 I GameModeConfig: isGameModeOn = false
12-08 09:00:32.566 1494 1494 I GameModeConfig: isDisableVoice = true
12-08 09:00:32.755 1494 1568 W WindowManager: updateScale0.7996942
12-08 09:00:32.764 1494 7671 W WindowManager: updateScale0.7996942
12-08 09:00:32.776 10409 10425 W ContextImpl: Calling a method in the system process without a qualified user: android.app.ContextImpl.startService:1816 android.content.ContextWrapper.startService:774 com.thundercomm.gamemode.ingame.services.GameModeActionUtils.startGameModeService:93 com.thundercomm.gamemode.ingame.services.GameModeActionUtils.startGameModeEntry:21 com.thundercomm.gamemode.ingame.services.ActivityMonitoringService$1.onActivityLaunch:127
12-08 09:00:32.781 1494 1494 I GameModeConfig: Current uri is uri = content://com.thundercomm.gamemode.api/gamemode_settings/gamemode_isgaming
12-08 09:00:32.783 1494 1494 I GameModeConfig: isGameModeOn = false
12-08 09:00:32.784 1494 1494 I GameModeConfig: isGameModeOn = false
12-08 09:00:32.784 1494 1494 I GameModeConfig: isDisableVoice = true
12-08 09:00:33.319 1494 2073 W WindowManager: updateScale0.7996942
12-08 09:00:33.335 1494 1568 W WindowManager: updateScale0.7996942
12-08 09:00:33.856 1494 2073 I ActivityTaskManager: moveTaskToBack: Task{991495b #211 type=standard A=10066:com.android.deskclock U=0 visible=true mode=freeform translucent=false sz=1}
12-08 09:00:33.858 1494 2073 W WindowManager: updateScale0.7996942
12-08 09:00:33.865 1494 1568 W WindowManager: updateScale0.7996942
12-08 09:00:33.937 1494 2073 W WindowManager: updateScale0.7996942
12-08 09:00:36.347 1494 2743 E TaskPersister: File error accessing recents directory (directory doesn't exist?).
12-08 09:00:37.244 1494 1701 D ActivityManager: freezing 14818 com.android.calendar
12-08 09:00:37.244 1494 1701 E ActivityManager: Unable to freeze binder for 14818 com.android.calendar
12-08 09:00:37.246 1494 1701 D ActivityManager: froze 14818 com.android.calendar
12-08 09:00:37.246 1494 1701 E ActivityManager: Unable to freeze binder for 14818 com.android.calendar
12-08 09:00:37.248 1494 1701 I ActivityManager: Killing 14818:com.android.calendar/u0a64 (adj 905): Unable to freeze binder interface
12-08 09:00:37.316 1494 1566 W ActivityManager: setHasOverlayUi called on unknown pid: 14818
12-08 09:00:48.482 1494 1566 W WindowManager: updateScale0.7996942
12-08 09:00:49.045 1494 6531 W WindowManager: updateScale0.7996942
12-08 09:00:49.056 1494 1568 W WindowManager: updateScale0.7996942
12-08 09:00:49.322 1494 6531 I ActivityTaskManager: moveTaskToBack: Task{991495b #211 type=standard A=10066:com.android.deskclock U=0 visible=true mode=freeform translucent=true sz=1}
12-08 09:00:49.325 1494 6531 W WindowManager: updateScale0.7996942
12-08 09:00:49.335 1494 1568 W WindowManager: updateScale0.7996942
12-08 09:00:49.443 1494 4850 W WindowManager: updateScale0.7996942
12-08 09:00:50.324 1494 1566 W WindowManager: updateScale0.7996942
12-08 09:00:51.450 1494 3208 W WindowManager: updateScale0.7996942
12-08 09:00:51.460 1494 1568 W WindowManager: updateScale0.7996942
12-08 09:00:51.935 1494 3208 I ActivityTaskManager: moveTaskToBack: Task{991495b #211 type=standard A=10066:com.android.deskclock U=0 visible=true mode=freeform translucent=true sz=1}
12-08 09:00:51.938 1494 3208 W WindowManager: updateScale0.7996942
12-08 09:00:51.946 1494 1568 W WindowManager: updateScale0.7996942
12-08 09:00:52.033 1494 4850 W WindowManager: updateScale0.7996942
12-08 09:00:54.353 1494 1566 W WindowManager: updateScale0.7996942
12-08 09:00:55.224 1494 1568 D FreeFormWindowHelper: refreshTipWindow windowDragBounds:Rect(6, 72 - 529, 1000)
12-08 09:00:55.226 1494 1568 W WindowManager: updateScale0.7996942
12-08 09:00:55.240 1494 1568 D FreeFormWindowHelper: refreshTipWindow windowDragBounds:Rect(13, 72 - 536, 1000)
12-08 09:00:55.243 1494 1568 W WindowManager: updateScale0.7996942
12-08 09:00:55.257 1494 1568 D FreeFormWindowHelper: refreshTipWindow windowDragBounds:Rect(20, 72 - 543, 1000)
12-08 09:00:55.258 1494 1568 W WindowManager: updateScale0.7996942
12-08 09:00:55.274 1494 1568 D FreeFormWindowHelper: refreshTipWindow windowDragBounds:Rect(27, 72 - 550, 1000)
12-08 09:00:55.276 1494 1568 W WindowManager: updateScale0.7996942
12-08 09:00:55.291 1494 1568 D FreeFormWindowHelper: refreshTipWindow windowDragBounds:Rect(35, 72 - 558, 1000)
12-08 09:00:55.292 1494 1568 W WindowManager: updateScale0.7996942
12-08 09:00:55.309 1494 1568 D FreeFormWindowHelper: refreshTipWindow windowDragBounds:Rect(44, 72 - 567, 1000)
12-08 09:00:55.312 1494 1568 W WindowManager: updateScale0.7996942
12-08 09:00:55.325 1494 1568 D FreeFormWindowHelper: refreshTipWindow windowDragBounds:Rect(53, 72 - 576, 1000)
12-08 09:00:55.327 1494 1568 W WindowManager: updateScale0.7996942
12-08 09:00:55.341 1494 1568 D FreeFormWindowHelper: refreshTipWindow windowDragBounds:Rect(61, 72 - 584, 1000)
12-08 09:00:55.343 1494 1568 W WindowManager: updateScale0.7996942
12-08 09:00:55.357 1494 1568 D FreeFormWindowHelper: refreshTipWindow windowDragBounds:Rect(69, 72 - 592, 1000)
12-08 09:00:55.359 1494 1568 W WindowManager: updateScale0.7996942
12-08 09:00:55.374 1494 1568 D FreeFormWindowHelper: refreshTipWindow windowDragBounds:Rect(77, 72 - 600, 1000)
12-08 09:00:55.375 1494 1568 W WindowManager: updateScale0.7996942
12-08 09:00:55.391 1494 1568 D FreeFormWindowHelper: refreshTipWindow windowDragBounds:Rect(86, 72 - 609, 1000)
12-08 09:00:55.393 1494 1568 W WindowManager: updateScale0.7996942
12-08 09:00:55.408 1494 1568 D FreeFormWindowHelper: refreshTipWindow windowDragBounds:Rect(94, 72 - 617, 1000)
12-08 09:00:55.409 1494 1568 W WindowManager: updateScale0.7996942
12-08 09:00:55.424 1494 1568 D FreeFormWindowHelper: refreshTipWindow windowDragBounds:Rect(101, 72 - 624, 1000)
12-08 09:00:55.427 1494 1568 W WindowManager: updateScale0.7996942
12-08 09:00:55.441 1494 1568 D FreeFormWindowHelper: refreshTipWindow windowDragBounds:Rect(110, 72 - 633, 1000)
12-08 09:00:55.443 1494 1568 W WindowManager: updateScale0.7996942
12-08 09:00:55.458 1494 1568 D FreeFormWindowHelper: refreshTipWindow windowDragBounds:Rect(117, 72 - 640, 1000)
12-08 09:00:55.459 1494 1568 W WindowManager: updateScale0.7996942
12-08 09:00:55.474 1494 1568 D FreeFormWindowHelper: refreshTipWindow windowDragBounds:Rect(124, 72 - 647, 1000)
12-08 09:00:55.477 1494 1568 W WindowManager: updateScale0.7996942
12-08 09:00:55.491 1494 1568 D FreeFormWindowHelper: refreshTipWindow windowDragBounds:Rect(133, 72 - 656, 1000)
12-08 09:00:55.493 1494 1568 W WindowManager: updateScale0.7996942
12-08 09:00:55.508 1494 1568 D FreeFormWindowHelper: refreshTipWindow windowDragBounds:Rect(142, 72 - 665, 1000)
12-08 09:00:55.511 1494 1568 W WindowManager: updateScale0.7996942
12-08 09:00:55.524 1494 1568 D FreeFormWindowHelper: refreshTipWindow windowDragBounds:Rect(154, 72 - 677, 1000)
12-08 09:00:55.526 1494 1568 W WindowManager: updateScale0.7996942
12-08 09:00:55.533 1494 4850 W WindowManager: updateScale0.7996942
12-08 09:00:55.541 1494 1568 D FreeFormWindowHelper: refreshTipWindow windowDragBounds:Rect(167, 72 - 690, 1000)
12-08 09:00:55.544 1494 1568 W WindowManager: updateScale0.7996942
12-08 09:00:55.558 1494 1568 D FreeFormWindowHelper: refreshTipWindow windowDragBounds:Rect(183, 72 - 706, 1000)
12-08 09:00:55.561 1494 1568 W WindowManager: updateScale0.7996942
12-08 09:00:55.579 1494 1568 D FreeFormWindowHelper: refreshTipWindow windowDragBounds:Rect(206, 72 - 729, 1000)
12-08 09:00:55.581 1494 1568 W WindowManager: updateScale0.7996942
12-08 09:00:55.591 1494 1568 D FreeFormWindowHelper: refreshTipWindow windowDragBounds:Rect(233, 72 - 756, 1000)
12-08 09:00:55.593 1494 1568 W WindowManager: updateScale0.7996942
12-08 09:00:55.608 1494 1568 D FreeFormWindowHelper: refreshTipWindow windowDragBounds:Rect(267, 72 - 790, 1000)
12-08 09:00:55.609 1494 1568 W WindowManager: updateScale0.7996942
12-08 09:00:55.625 1494 1568 D FreeFormWindowHelper: refreshTipWindow windowDragBounds:Rect(306, 72 - 829, 1000)
12-08 09:00:55.627 1494 1568 W WindowManager: updateScale0.7996942
12-08 09:00:55.642 1494 1568 D FreeFormWindowHelper: refreshTipWindow windowDragBounds:Rect(358, 72 - 881, 1000)
12-08 09:00:55.645 1494 1568 W WindowManager: updateScale0.7996942
12-08 09:00:55.658 1494 1568 D FreeFormWindowHelper: refreshTipWindow windowDragBounds:Rect(415, 72 - 938, 1000)
12-08 09:00:55.660 1494 1568 W WindowManager: updateScale0.7996942
12-08 09:00:55.675 1494 1568 D FreeFormWindowHelper: refreshTipWindow windowDragBounds:Rect(474, 72 - 997, 1000)
12-08 09:00:55.676 1494 1568 W WindowManager: updateScale0.7996942
12-08 09:00:55.692 1494 1568 D FreeFormWindowHelper: refreshTipWindow windowDragBounds:Rect(537, 72 - 1060, 1000)
12-08 09:00:55.693 1494 1568 W WindowManager: updateScale0.7996942
12-08 09:00:55.708 1494 1568 D FreeFormWindowHelper: refreshTipWindow windowDragBounds:Rect(610, 72 - 1133, 1000)
12-08 09:00:55.710 1494 1568 W WindowManager: updateScale0.7996942
12-08 09:00:55.725 1494 1568 D FreeFormWindowHelper: refreshTipWindow windowDragBounds:Rect(685, 72 - 1208, 1000)
12-08 09:00:55.728 1494 1568 W WindowManager: updateScale0.7996942
12-08 09:00:55.742 1494 1568 D FreeFormWindowHelper: refreshTipWindow windowDragBounds:Rect(762, 77 - 1285, 1005)
12-08 09:00:55.743 1494 1568 W WindowManager: updateScale0.7996942
12-08 09:00:55.752 1494 4850 W WindowManager: updateScale0.7996942
12-08 09:00:55.758 1494 1568 D FreeFormWindowHelper: refreshTipWindow windowDragBounds:Rect(838, 81 - 1361, 1009)
12-08 09:00:55.759 1494 1568 W WindowManager: updateScale0.7996942
12-08 09:00:55.760 1494 1568 W WindowManager: updateScale0.7996942
12-08 09:00:55.775 1494 1568 D FreeFormWindowHelper: refreshTipWindow windowDragBounds:Rect(909, 82 - 1432, 1010)
12-08 09:00:55.777 1494 1568 W WindowManager: updateScale0.7996942
12-08 09:00:55.792 1494 1568 D FreeFormWindowHelper: refreshTipWindow windowDragBounds:Rect(977, 84 - 1500, 1012)
12-08 09:00:55.793 1494 1568 W WindowManager: updateScale0.7996942
12-08 09:00:55.808 1494 1568 D FreeFormWindowHelper: refreshTipWindow windowDragBounds:Rect(1039, 85 - 1562, 1013)
12-08 09:00:55.811 1494 1568 W WindowManager: updateScale0.7996942
12-08 09:00:55.823 1494 6531 W WindowManager: updateScale0.7996942
12-08 09:00:55.825 1494 1568 D FreeFormWindowHelper: refreshTipWindow windowDragBounds:Rect(1103, 86 - 1626, 1014)
12-08 09:00:55.827 1494 1568 W WindowManager: updateScale0.7996942
12-08 09:00:55.842 1494 1568 D FreeFormWindowHelper: refreshTipWindow windowDragBounds:Rect(1161, 86 - 1684, 1014)
12-08 09:00:55.844 1494 1568 W WindowManager: updateScale0.7996942
12-08 09:00:55.847 1494 6531 W WindowManager: updateScale0.7996942
12-08 09:00:55.858 1494 1568 D FreeFormWindowHelper: refreshTipWindow windowDragBounds:Rect(1221, 86 - 1744, 1014)
12-08 09:00:55.860 1494 1568 W WindowManager: updateScale0.7996942
12-08 09:00:55.875 1494 1568 D FreeFormWindowHelper: refreshTipWindow windowDragBounds:Rect(1275, 86 - 1798, 1014)
12-08 09:00:55.877 1494 1568 W WindowManager: updateScale0.7996942
12-08 09:00:55.892 1494 1568 D FreeFormWindowHelper: refreshTipWindow windowDragBounds:Rect(1319, 75 - 1842, 1003)
12-08 09:00:55.894 1494 1568 W WindowManager: updateScale0.7996942
12-08 09:00:55.895 1494 1568 W WindowManager: updateScale0.7996942
12-08 09:00:55.909 1494 1568 D FreeFormWindowHelper: refreshTipWindow windowDragBounds:Rect(1363, 73 - 1886, 1001)
12-08 09:00:55.911 1494 1568 W WindowManager: updateScale0.7996942
12-08 09:00:55.920 1494 6531 W WindowManager: updateScale0.7996942
12-08 09:00:55.925 1494 1568 D FreeFormWindowHelper: refreshTipWindow windowDragBounds:Rect(1417, 72 - 1940, 1000)
12-08 09:00:55.927 1494 1568 W WindowManager: updateScale0.7996942
12-08 09:00:55.942 1494 1568 D FreeFormWindowHelper: refreshTipWindow windowDragBounds:Rect(1456, 69 - 1979, 997)
12-08 09:00:55.943 1494 1568 W WindowManager: updateScale0.7996942
12-08 09:00:55.959 1494 1568 D FreeFormWindowHelper: refreshTipWindow windowDragBounds:Rect(1497, 68 - 2020, 996)
12-08 09:00:55.961 1494 1568 W WindowManager: updateScale0.7996942
12-08 09:00:55.976 1494 1568 D FreeFormWindowHelper: refreshTipWindow windowDragBounds:Rect(1533, 65 - 2056, 993)
12-08 09:00:55.977 1494 1568 W WindowManager: updateScale0.7996942
12-08 09:00:55.986 1494 6531 W WindowManager: updateScale0.7996942
12-08 09:00:55.992 1494 1568 D FreeFormWindowHelper: refreshTipWindow windowDragBounds:Rect(1579, 65 - 2102, 993)
12-08 09:00:55.993 1494 1568 W WindowManager: updateScale0.7996942
12-08 09:00:56.009 1494 1568 D FreeFormWindowHelper: refreshTipWindow windowDragBounds:Rect(1618, 65 - 2141, 993)
12-08 09:00:56.010 1494 1568 W WindowManager: updateScale0.7996942
12-08 09:00:56.021 1494 6531 W WindowManager: updateScale0.7996942
12-08 09:00:56.026 1494 1568 D FreeFormWindowHelper: refreshTipWindow windowDragBounds:Rect(1655, 65 - 2178, 993)
12-08 09:00:56.027 1494 1568 W WindowManager: updateScale0.7996942
12-08 09:00:56.042 1494 1568 D FreeFormWindowHelper: refreshTipWindow windowDragBounds:Rect(1690, 65 - 2213, 993)
12-08 09:00:56.044 1494 1568 W WindowManager: updateScale0.7996942
12-08 09:00:56.059 1494 1568 D FreeFormWindowHelper: refreshTipWindow windowDragBounds:Rect(1730, 65 - 2253, 993)
12-08 09:00:56.063 1494 1568 W WindowManager: updateScale0.7996942
12-08 09:00:56.076 1494 1568 D FreeFormWindowHelper: refreshTipWindow windowDragBounds:Rect(1768, 69 - 2291, 997)
12-08 09:00:56.077 1494 1568 W WindowManager: updateScale0.7996942
12-08 09:00:56.092 1494 1568 D FreeFormWindowHelper: refreshTipWindow windowDragBounds:Rect(1802, 74 - 2325, 1002)
12-08 09:00:56.094 1494 1568 W WindowManager: updateScale0.7996942
12-08 09:00:56.109 1494 1568 D FreeFormWindowHelper: refreshTipWindow windowDragBounds:Rect(1832, 76 - 2355, 1004)
12-08 09:00:56.111 1494 1568 W WindowManager: updateScale0.7996942
12-08 09:00:56.126 1494 1568 D FreeFormWindowHelper: refreshTipWindow windowDragBounds:Rect(1856, 77 - 2379, 1005)
12-08 09:00:56.128 1494 1568 W WindowManager: updateScale0.7996942
12-08 09:00:56.130 1494 4850 W WindowManager: updateScale0.7996942
12-08 09:00:56.142 1494 1568 D FreeFormWindowHelper: refreshTipWindow windowDragBounds:Rect(1880, 79 - 2403, 1007)
12-08 09:00:56.144 1494 1568 W WindowManager: updateScale0.7996942
12-08 09:00:56.159 1494 1568 D FreeFormWindowHelper: refreshTipWindow windowDragBounds:Rect(1900, 79 - 2423, 1007)
12-08 09:00:56.161 1494 1568 W WindowManager: updateScale0.7996942
12-08 09:00:56.176 1494 1568 D FreeFormWindowHelper: refreshTipWindow windowDragBounds:Rect(1917, 80 - 2440, 1008)
12-08 09:00:56.177 1494 1568 W WindowManager: updateScale0.7996942
12-08 09:00:56.193 1494 1568 D FreeFormWindowHelper: refreshTipWindow windowDragBounds:Rect(1928, 80 - 2451, 1008)
12-08 09:00:56.195 1494 1568 W WindowManager: updateScale0.7996942
12-08 09:00:56.199 1494 4850 W WindowManager: updateScale0.7996942
12-08 09:00:56.209 1494 1568 D FreeFormWindowHelper: refreshTipWindow windowDragBounds:Rect(1938, 80 - 2461, 1008)
12-08 09:00:56.211 1494 1568 W WindowManager: updateScale0.7996942
12-08 09:00:56.226 1494 1568 D FreeFormWindowHelper: refreshTipWindow windowDragBounds:Rect(1950, 80 - 2473, 1008)
12-08 09:00:56.227 1494 1568 W WindowManager: updateScale0.7996942
12-08 09:00:56.244 1494 1568 D FreeFormWindowHelper: refreshTipWindow windowDragBounds:Rect(1969, 82 - 2492, 1010)
12-08 09:00:56.246 1494 1568 W WindowManager: updateScale0.7996942
12-08 09:00:56.247 1494 1568 W WindowManager: updateScale0.7996942
12-08 09:00:56.260 1494 1568 D FreeFormWindowHelper: refreshTipWindow windowDragBounds:Rect(1982, 87 - 2505, 1015)
12-08 09:00:56.262 1494 1568 W WindowManager: updateScale0.7996942
12-08 09:00:56.282 1494 1568 D WindowManager: updateWindowDragBounds: mIsSwipeYfalse
12-08 09:00:56.282 1494 1568 D WindowManager: updateWindowDragBounds: mIsTopfalse
12-08 09:00:56.282 1494 1568 D WindowManager: updateWindowDragBounds: mIsSwipeXfalse
12-08 09:00:56.282 1494 1568 W WindowManager: updateScale0.4617737
12-08 09:00:56.286 1494 1568 W WindowManager: updateScale0.4617737
12-08 09:00:56.287 1494 1568 W WindowManager: updateScale0.4617737
12-08 09:00:56.324 1494 6531 I ActivityTaskManager: START u0 {act=android.content.pm.action.REQUEST_PERMISSIONS pkg=com.android.permissioncontroller cmp=com.android.permissioncontroller/.permission.ui.GrantPermissionsActivity (has extras)} from uid 10066
12-08 09:00:56.326 1494 6531 W WindowManager: updateScale0.4617737
12-08 09:00:56.378 1494 6531 W WindowManager: updateScale0.4617737
12-08 09:00:56.380 1494 6531 W WindowManager: updateScale0.4617737
12-08 09:00:56.421 1494 6531 I ActivityTaskManager: FOREGROUND_APPLICATION_CHANGED to com.android.permissioncontroller.permission.ui.GrantPermissionsActivity
12-08 09:00:56.421 1494 6531 I ActivityTaskManager: The Process com.android.permissioncontroller Already Exists in BG. So sending its PID: 18540
12-08 09:00:56.422 1494 6531 W ActivityTaskManager: Tried to set launchTime (0) < mLastActivityLaunchTime (17028138)
12-08 09:00:56.443 10409 10425 W ContextImpl: Calling a method in the system process without a qualified user: android.app.ContextImpl.startService:1816 android.content.ContextWrapper.startService:774 com.thundercomm.gamemode.ingame.services.GameModeActionUtils.startGameModeService:93 com.thundercomm.gamemode.ingame.services.GameModeActionUtils.startGameModeEntry:21 com.thundercomm.gamemode.ingame.services.ActivityMonitoringService$1.onActivityLaunch:127
12-08 09:00:56.452 1494 1494 I GameModeConfig: Current uri is uri = content://com.thundercomm.gamemode.api/gamemode_settings/gamemode_isgaming
12-08 09:00:56.456 1494 1494 I GameModeConfig: isGameModeOn = false
12-08 09:00:56.457 1494 1494 I GameModeConfig: isGameModeOn = false
12-08 09:00:56.457 1494 1494 I GameModeConfig: isDisableVoice = true
12-08 09:00:56.459 1494 6909 W WindowManager: updateScale0.4617737
12-08 09:00:56.459 1494 6909 W WindowManager: updateScale0.4617737
12-08 09:00:56.464 1494 1568 W WindowManager: updateScale0.4617737
12-08 09:00:56.466 1494 6531 I ActivityTaskManager: FOREGROUND_APPLICATION_CHANGED to com.android.deskclock.DeskClock
12-08 09:00:56.473 1494 6531 W WindowManager: updateScale0.4617737
12-08 09:00:56.477 1494 6531 W WindowManager: updateScale0.4617737
12-08 09:00:56.495 1494 6909 W WindowManager: updateScale0.4617737
12-08 09:00:56.504 10409 10425 W ContextImpl: Calling a method in the system process without a qualified user: android.app.ContextImpl.startService:1816 android.content.ContextWrapper.startService:774 com.thundercomm.gamemode.ingame.services.GameModeActionUtils.startGameModeService:93 com.thundercomm.gamemode.ingame.services.GameModeActionUtils.startGameModeEntry:21 com.thundercomm.gamemode.ingame.services.ActivityMonitoringService$1.onActivityLaunch:127
12-08 09:00:56.508 1494 1494 I GameModeConfig: Current uri is uri = content://com.thundercomm.gamemode.api/gamemode_settings/gamemode_isgaming
12-08 09:00:56.513 1494 1494 I GameModeConfig: isGameModeOn = false
12-08 09:00:56.513 1494 1494 I GameModeConfig: isGameModeOn = false
12-08 09:00:56.513 1494 1494 I GameModeConfig: isDisableVoice = true
12-08 09:00:56.579 10409 10425 W ContextImpl: Calling a method in the system process without a qualified user: android.app.ContextImpl.startService:1816 android.content.ContextWrapper.startService:774 com.thundercomm.gamemode.ingame.services.GameModeActionUtils.startGameModeService:93 com.thundercomm.gamemode.ingame.services.GameModeActionUtils.startGameModeEntry:21 com.thundercomm.gamemode.ingame.services.ActivityMonitoringService$1.onActivityLaunch:127
12-08 09:00:56.587 1494 1494 I GameModeConfig: Current uri is uri = content://com.thundercomm.gamemode.api/gamemode_settings/gamemode_isgaming
12-08 09:00:56.590 1494 1494 I GameModeConfig: isGameModeOn = false
12-08 09:00:56.591 1494 1494 I GameModeConfig: isGameModeOn = false
12-08 09:00:56.591 1494 1494 I GameModeConfig: isDisableVoice = true
12-08 09:00:57.386 1494 6531 W WindowManager: updateScale0.7996942
12-08 09:00:57.390 1494 6531 W WindowManager: updateScale0.7996942
12-08 09:00:57.450 1494 2035 I ActivityTaskManager: START u0 {act=android.content.pm.action.REQUEST_PERMISSIONS pkg=com.android.permissioncontroller cmp=com.android.permissioncontroller/.permission.ui.GrantPermissionsActivity (has extras)} from uid 10066
12-08 09:00:57.454 1494 2035 W WindowManager: updateScale0.7996942
12-08 09:00:57.504 1494 2035 W WindowManager: updateScale0.7996942
12-08 09:00:57.506 1494 2035 W WindowManager: updateScale0.7996942
12-08 09:00:57.533 1494 2035 I ActivityTaskManager: FOREGROUND_APPLICATION_CHANGED to com.android.permissioncontroller.permission.ui.GrantPermissionsActivity
12-08 09:00:57.533 1494 2035 I ActivityTaskManager: The Process com.android.permissioncontroller Already Exists in BG. So sending its PID: 18540
12-08 09:00:57.533 1494 2035 W ActivityTaskManager: Tried to set launchTime (0) < mLastActivityLaunchTime (17052156)
12-08 09:00:57.549 10409 10425 W ContextImpl: Calling a method in the system process without a qualified user: android.app.ContextImpl.startService:1816 android.content.ContextWrapper.startService:774 com.thundercomm.gamemode.ingame.services.GameModeActionUtils.startGameModeService:93 com.thundercomm.gamemode.ingame.services.GameModeActionUtils.startGameModeEntry:21 com.thundercomm.gamemode.ingame.services.ActivityMonitoringService$1.onActivityLaunch:127
12-08 09:00:57.554 1494 1494 I GameModeConfig: Current uri is uri = content://com.thundercomm.gamemode.api/gamemode_settings/gamemode_isgaming
12-08 09:00:57.556 1494 1494 I GameModeConfig: isGameModeOn = false
12-08 09:00:57.556 1494 1494 I GameModeConfig: isGameModeOn = false
12-08 09:00:57.556 1494 1494 I GameModeConfig: isDisableVoice = true
12-08 09:00:57.603 1494 6531 W WindowManager: updateScale0.7996942
12-08 09:00:57.603 1494 6531 W WindowManager: updateScale0.7996942
12-08 09:00:57.609 1494 1568 W WindowManager: updateScale0.7996942
12-08 09:00:57.613 1494 2035 I ActivityTaskManager: FOREGROUND_APPLICATION_CHANGED to com.android.deskclock.DeskClock
12-08 09:00:57.628 1494 2035 W WindowManager: updateScale0.7996942
12-08 09:00:57.644 1494 6909 W WindowManager: updateScale0.7996942
12-08 09:00:57.657 1494 6531 W WindowManager: updateScale0.7996942
12-08 09:00:57.686 10409 10425 W ContextImpl: Calling a method in the system process without a qualified user: android.app.ContextImpl.startService:1816 android.content.ContextWrapper.startService:774 com.thundercomm.gamemode.ingame.services.GameModeActionUtils.startGameModeService:93 com.thundercomm.gamemode.ingame.services.GameModeActionUtils.startGameModeEntry:21 com.thundercomm.gamemode.ingame.services.ActivityMonitoringService$1.onActivityLaunch:127
12-08 09:00:57.691 1494 1494 I GameModeConfig: Current uri is uri = content://com.thundercomm.gamemode.api/gamemode_settings/gamemode_isgaming
12-08 09:00:57.694 1494 1494 I GameModeConfig: isGameModeOn = false
12-08 09:00:57.695 1494 1494 I GameModeConfig: isGameModeOn = false
12-08 09:00:57.695 1494 1494 I GameModeConfig: isDisableVoice = true
12-08 09:00:57.732 10409 10425 W ContextImpl: Calling a method in the system process without a qualified user: android.app.ContextImpl.startService:1816 android.content.ContextWrapper.startService:774 com.thundercomm.gamemode.ingame.services.GameModeActionUtils.startGameModeService:93 com.thundercomm.gamemode.ingame.services.GameModeActionUtils.startGameModeEntry:21 com.thundercomm.gamemode.ingame.services.ActivityMonitoringService$1.onActivityLaunch:127
12-08 09:00:57.736 1494 1494 I GameModeConfig: Current uri is uri = content://com.thundercomm.gamemode.api/gamemode_settings/gamemode_isgaming
12-08 09:00:57.737 1494 1494 I GameModeConfig: isGameModeOn = false
12-08 09:00:57.738 1494 1494 I GameModeConfig: isGameModeOn = false
12-08 09:00:57.738 1494 1494 I GameModeConfig: isDisableVoice = true
12-08 09:00:58.286 1494 4850 W WindowManager: updateScale0.7996942
12-08 09:00:58.300 1494 1568 W WindowManager: updateScale0.7996942
12-08 09:00:58.922 1494 4850 I ActivityTaskManager: moveTaskToBack: Task{991495b #211 type=standard A=10066:com.android.deskclock U=0 visible=true mode=freeform translucent=false sz=1}
12-08 09:00:58.925 1494 4850 W WindowManager: updateScale0.7996942
12-08 09:00:58.935 1494 1568 W WindowManager: updateScale0.7996942
12-08 09:00:59.015 1494 6531 W WindowManager: updateScale0.7996942
12-08 09:01:01.234 1494 1566 W WindowManager: updateScale0.7996942
12-08 09:01:01.885 1494 6531 W WindowManager: updateScale0.7996942
12-08 09:01:01.897 1494 1568 W WindowManager: updateScale0.7996942
12-08 09:01:02.009 1494 6531 I ActivityTaskManager: moveTaskToBack: Task{991495b #211 type=standard A=10066:com.android.deskclock U=0 visible=true mode=freeform translucent=true sz=1}
12-08 09:01:02.016 1494 6531 W WindowManager: updateScale0.7996942
12-08 09:01:02.024 1494 1568 W WindowManager: updateScale0.7996942
12-08 09:01:02.223 1494 6531 W WindowManager: updateScale0.7996942
12-08 09:01:08.271 1494 2035 W WindowManager: updateScale0.7996942
12-08 09:01:08.293 1494 2035 W WindowManager: updateScale0.7996942
12-08 09:01:08.305 1494 1568 W WindowManager: updateScale0.7996942
12-08 09:01:08.342 1494 2035 W WindowManager: updateScale0.7996942
12-08 09:01:08.351 1494 1905 I GameModeConfig: isGameModeOn = false
12-08 09:01:08.352 1494 1905 I GameModeConfig: isGameModeOn = false
12-08 09:01:08.352 1494 1905 I GameModeConfig: isGameModeOn = false
12-08 09:01:08.352 1494 1905 I GameModeConfig: isGameModeOn = false
12-08 09:01:08.372 1494 1905 I GameModeConfig: isGameModeOn = false
12-08 09:01:08.372 1494 1905 I GameModeConfig: isGameModeOn = false
12-08 09:01:08.372 1494 1905 I GameModeConfig: isGameModeOn = false
12-08 09:01:08.372 1494 1905 I GameModeConfig: isGameModeOn = false
12-08 09:01:08.392 1494 1905 I GameModeConfig: isGameModeOn = false
12-08 09:01:08.392 1494 1905 I GameModeConfig: isGameModeOn = false
12-08 09:01:08.392 1494 1905 I GameModeConfig: isGameModeOn = false
12-08 09:01:08.392 1494 1905 I GameModeConfig: isGameModeOn = false
12-08 09:01:08.404 1494 1905 I GameModeConfig: isGameModeOn = false
12-08 09:01:08.404 1494 1905 I GameModeConfig: isGameModeOn = false
12-08 09:01:08.404 1494 1905 I GameModeConfig: isGameModeOn = false
12-08 09:01:08.404 1494 1905 I GameModeConfig: isGameModeOn = false
12-08 09:01:08.418 1494 1905 I GameModeConfig: isGameModeOn = false
12-08 09:01:08.418 1494 1905 I GameModeConfig: isGameModeOn = false
12-08 09:01:08.418 1494 1905 I GameModeConfig: isGameModeOn = false
12-08 09:01:08.418 1494 1905 I GameModeConfig: isGameModeOn = false
12-08 09:01:08.435 1494 1905 I GameModeConfig: isGameModeOn = false
12-08 09:01:08.435 1494 1905 I GameModeConfig: isGameModeOn = false
12-08 09:01:08.435 1494 1905 I GameModeConfig: isGameModeOn = false
