12-08 09:12:32.377 12174 12174 I sysui_multi_action: [757,0,758,1,759,0,927,2,928,0,1593,0]
12-08 09:12:32.377 12174 12174 I sysui_multi_action: [757,0,758,1,759,0,927,3,928,0,1593,0]
12-08 09:12:32.405 1494 1905 I GameModeConfig: isGameModeOn = false
12-08 09:12:32.428 1494 1905 I GameModeConfig: isGameModeOn = false
12-08 09:12:32.437 1494 1905 I GameModeConfig: isGameModeOn = false
12-08 09:12:32.453 1494 1905 I GameModeConfig: isGameModeOn = false
12-08 09:12:32.457 1494 1494 I GameModeConfig: isGameModeOn = false
12-08 09:12:32.457 1494 1494 E NotificationService: Muting recently noisy 0|com.android.systemui|2048|null|10082
12-08 09:12:32.468 1494 7390 W WindowManager: updateScale0.4617737
12-08 09:12:32.469 1494 1905 I GameModeConfig: isGameModeOn = false
12-08 09:12:32.471 1494 2742 W WindowManager: updateScale0.4617737
12-08 09:12:32.484 1494 1905 I GameModeConfig: isGameModeOn = false
12-08 09:12:32.486 1494 1494 I GameModeConfig: isGameModeOn = false
12-08 09:12:32.487 1494 1494 E NotificationService: Muting recently noisy 0|com.android.systemui|2048|null|10082
12-08 09:12:32.502 1494 1905 I GameModeConfig: isGameModeOn = false
12-08 09:12:32.503 1494 1494 I GameModeConfig: isGameModeOn = false
12-08 09:12:32.504 1494 1494 E NotificationService: Muting recently noisy 0|com.android.systemui|2048|null|10082
12-08 09:12:32.518 1494 1494 I GameModeConfig: isGameModeOn = false
12-08 09:12:32.518 1494 1494 E NotificationService: Muting recently noisy 0|com.android.systemui|2048|null|10082
12-08 09:12:32.531 1494 1494 I GameModeConfig: isGameModeOn = false
12-08 09:12:32.531 1494 1494 E NotificationService: Muting recently noisy 0|com.android.systemui|2048|null|10082
12-08 09:12:32.555 1494 1494 I GameModeConfig: isGameModeOn = false
12-08 09:12:32.556 1494 1494 E NotificationService: Muting recently noisy 0|com.android.systemui|2048|null|10082
12-08 09:12:32.576 1494 1494 I GameModeConfig: isGameModeOn = false
12-08 09:12:32.577 1494 1494 E NotificationService: Muting recently noisy 0|com.android.systemui|2048|null|10082
12-08 09:12:32.793 1494 2742 I sysui_multi_action: [757,128,758,1,793,17736586,794,0,795,17736586,796,26,798,0,806,android,857,DEVELOPER_IMPORTANT,858,4,947,0,1395,2,1500,17736132,1688,1]
12-08 09:12:32.793 1494 2742 I sysui_multi_action: [757,804,799,note_freshness,801,17736586,802,1]
12-08 09:12:32.793 1494 2742 I notification_visibility: [-1|android|26|null|1000,1,17736586,17736586,0,0]
12-08 09:12:32.793 1494 2742 I sysui_multi_action: [757,128,758,1,793,17737441,794,0,795,17737441,796,32,798,1,806,android,857,USB,858,1,947,0,1395,2,1500,17737381,1688,1]
12-08 09:12:32.794 1494 2742 I sysui_multi_action: [757,804,799,note_freshness,801,17737441,802,1]
12-08 09:12:32.794 1494 2742 I notification_visibility: [-1|android|32|null|1000,1,17737441,17737441,0,1]
12-08 09:12:33.055 0 0 I auditd : type=1400 audit(0.0:18932): avc: denied { kill } for comm="swapper/1" capability=5 scontext=u:r:kernel:s0 tcontext=u:r:kernel:s0 tclass=capability permissive=0
12-08 09:12:33.378 1494 1905 I GameModeConfig: isGameModeOn = false
12-08 09:12:33.414 1494 1905 I GameModeConfig: isGameModeOn = false
12-08 09:12:33.438 1494 1905 I GameModeConfig: isGameModeOn = false
12-08 09:12:33.460 1494 1905 I GameModeConfig: isGameModeOn = false
12-08 09:12:33.470 1494 1905 I GameModeConfig: isGameModeOn = false
12-08 09:12:33.485 1494 1905 I GameModeConfig: isGameModeOn = false
12-08 09:12:33.502 1494 1905 I GameModeConfig: isGameModeOn = false
12-08 09:12:33.521 1494 1905 I GameModeConfig: isGameModeOn = false
12-08 09:12:33.543 1494 1905 I GameModeConfig: isGameModeOn = false
12-08 09:12:33.560 1494 1905 I GameModeConfig: isGameModeOn = false
12-08 09:12:33.583 1494 1905 I GameModeConfig: isGameModeOn = false
12-08 09:12:33.623 1494 1905 I GameModeConfig: isGameModeOn = false
12-08 09:12:33.643 1494 1905 I GameModeConfig: isGameModeOn = false
12-08 09:12:33.659 1494 1905 I GameModeConfig: isGameModeOn = false
12-08 09:12:33.673 1494 1905 I GameModeConfig: isGameModeOn = false
12-08 09:12:33.688 1494 1905 I GameModeConfig: isGameModeOn = false
12-08 09:12:33.710 1494 1905 I GameModeConfig: isGameModeOn = false
12-08 09:12:33.726 1494 1905 I GameModeConfig: isGameModeOn = false
12-08 09:12:33.748 1494 1905 I GameModeConfig: isGameModeOn = false
12-08 09:12:33.764 1494 1905 I GameModeConfig: isGameModeOn = false
12-08 09:12:34.055 0 0 I auditd : type=1400 audit(0.0:18933): avc: denied { kill } for comm="swapper/1" capability=5 scontext=u:r:kernel:s0 tcontext=u:r:kernel:s0 tclass=capability permissive=0
12-08 09:12:35.055 0 0 I auditd : type=1400 audit(0.0:18934): avc: denied { kill } for comm="swapper/1" capability=5 scontext=u:r:kernel:s0 tcontext=u:r:kernel:s0 tclass=capability permissive=0
12-08 09:12:35.137 1494 1726 I input_interaction: Interaction with: e4dc0ca NotificationShade (server), edge-swipe (server), swipe-up (server), PointerEventDispatcher0 (server),
12-08 09:12:35.230 1494 1905 I GameModeConfig: isGameModeOn = false
12-08 09:12:35.258 1494 1905 I GameModeConfig: isGameModeOn = false
12-08 09:12:35.276 1494 1905 I GameModeConfig: isGameModeOn = false
12-08 09:12:35.282 12174 12174 I sysui_multi_action: [757,111,758,2]
12-08 09:12:35.282 1494 1494 I notification_enqueue: [10082,12174,com.android.systemui,2048,NULL,0,Notification(channel=updateNotification shortcut=null contentView=null vibrate=null sound=null defaults=0x0 flags=0x0 color=0x00000000 vis=PRIVATE),1]
12-08 09:12:35.282 12174 12174 I sysui_multi_action: [757,111,758,2]
12-08 09:12:35.283 1494 1905 I GameModeConfig: isGameModeOn = false
12-08 09:12:35.283 1494 1905 I GameModeConfig: isGameModeOn = false
12-08 09:12:35.283 1494 1905 I GameModeConfig: isGameModeOn = false
12-08 09:12:35.283 1494 1905 I GameModeConfig: isGameModeOn = false
12-08 09:12:35.288 12174 12174 I sysui_multi_action: [757,111,758,1]
12-08 09:12:35.288 12174 12174 I sysui_multi_action: [757,126,758,1,759,126,927,0,928,1,1593,1]
12-08 09:12:35.288 12174 12174 I sysui_multi_action: [757,113,758,1,759,113,927,1,928,1,1593,1]
12-08 09:12:35.288 12174 12174 I sysui_multi_action: [757,0,758,1,759,0,927,2,928,0,1593,1]
12-08 09:12:35.288 12174 12174 I sysui_multi_action: [757,0,758,1,759,0,927,3,928,0,1593,1]
12-08 09:12:35.289 12174 12174 I sysui_multi_action: [757,491,758,1,759,491,927,4,928,0,1311,-1,1593,0]
12-08 09:12:35.289 12174 12174 I sysui_multi_action: [757,0,758,1,759,0,927,5,928,0,1593,0]
12-08 09:12:35.289 12174 12174 I sysui_multi_action: [757,111,758,1]
12-08 09:12:35.289 12174 12174 I sysui_multi_action: [757,126,758,1,759,126,927,0,928,1,1593,1]
12-08 09:12:35.289 12174 12174 I sysui_multi_action: [757,113,758,1,759,113,927,1,928,1,1593,1]
12-08 09:12:35.289 12174 12174 I sysui_multi_action: [757,0,758,1,759,0,927,2,928,0,1593,1]
12-08 09:12:35.289 12174 12174 I sysui_multi_action: [757,0,758,1,759,0,927,3,928,0,1593,1]
12-08 09:12:35.292 1494 1905 I GameModeConfig: isGameModeOn = false
12-08 09:12:35.300 1494 2742 W WindowManager: updateScale0.4617737
12-08 09:12:35.303 1494 2035 W WindowManager: updateScale0.4617737
12-08 09:12:35.305 1494 1905 I GameModeConfig: isGameModeOn = false
12-08 09:12:35.306 1494 1905 I GameModeConfig: isGameModeOn = false
12-08 09:12:35.306 1494 1905 I GameModeConfig: isGameModeOn = false
12-08 09:12:35.306 1494 1905 I GameModeConfig: isGameModeOn = false
12-08 09:12:35.307 1494 1905 I GameModeConfig: isGameModeOn = false
12-08 09:12:35.307 12174 12174 I sysui_multi_action: [757,111,758,2]
12-08 09:12:35.307 1494 1494 I notification_enqueue: [10082,12174,com.android.systemui,2048,NULL,0,Notification(channel=updateNotification shortcut=null contentView=null vibrate=null sound=null defaults=0x0 flags=0x0 color=0x00000000 vis=PRIVATE),1]
12-08 09:12:35.307 12174 12174 I sysui_multi_action: [757,111,758,2]
12-08 09:12:35.311 12174 12174 I sysui_multi_action: [757,111,758,1]
12-08 09:12:35.311 12174 12174 I sysui_multi_action: [757,126,758,1,759,126,927,0,928,1,1593,1]
12-08 09:12:35.311 12174 12174 I sysui_multi_action: [757,113,758,1,759,113,927,1,928,1,1593,1]
12-08 09:12:35.311 12174 12174 I sysui_multi_action: [757,0,758,1,759,0,927,2,928,0,1593,1]
12-08 09:12:35.311 12174 12174 I sysui_multi_action: [757,0,758,1,759,0,927,3,928,0,1593,1]
12-08 09:12:35.311 12174 12174 I sysui_multi_action: [757,491,758,1,759,491,927,4,928,0,1311,-1,1593,0]
12-08 09:12:35.311 12174 12174 I sysui_multi_action: [757,0,758,1,759,0,927,5,928,0,1593,0]
12-08 09:12:35.311 12174 12174 I sysui_multi_action: [757,111,758,1]
12-08 09:12:35.311 12174 12174 I sysui_multi_action: [757,126,758,1,759,126,927,0,928,1,1593,1]
12-08 09:12:35.311 12174 12174 I sysui_multi_action: [757,113,758,1,759,113,927,1,928,1,1593,1]
12-08 09:12:35.311 12174 12174 I sysui_multi_action: [757,0,758,1,759,0,927,2,928,0,1593,1]
12-08 09:12:35.312 12174 12174 I sysui_multi_action: [757,0,758,1,759,0,927,3,928,0,1593,1]
12-08 09:12:35.319 1494 1905 I GameModeConfig: isGameModeOn = false
12-08 09:12:35.319 1494 1905 I GameModeConfig: isGameModeOn = false
12-08 09:12:35.319 1494 1905 I GameModeConfig: isGameModeOn = false
12-08 09:12:35.319 1494 1905 I GameModeConfig: isGameModeOn = false
12-08 09:12:35.320 12174 12174 I sysui_multi_action: [757,111,758,2]
12-08 09:12:35.320 1494 1494 I notification_enqueue: [10082,12174,com.android.systemui,2048,NULL,0,Notification(channel=updateNotification shortcut=null contentView=null vibrate=null sound=null defaults=0x0 flags=0x0 color=0x00000000 vis=PRIVATE),1]
12-08 09:12:35.320 12174 12174 I sysui_multi_action: [757,111,758,2]
12-08 09:12:35.324 1494 2035 W WindowManager: updateScale0.4617737
12-08 09:12:35.324 1494 1905 I GameModeConfig: isGameModeOn = false
12-08 09:12:35.327 12174 12174 I sysui_multi_action: [757,111,758,1]
12-08 09:12:35.327 12174 12174 I sysui_multi_action: [757,126,758,1,759,126,927,0,928,1,1593,1]
12-08 09:12:35.327 12174 12174 I sysui_multi_action: [757,113,758,1,759,113,927,1,928,1,1593,1]
12-08 09:12:35.327 12174 12174 I sysui_multi_action: [757,0,758,1,759,0,927,2,928,0,1593,1]
12-08 09:12:35.327 12174 12174 I sysui_multi_action: [757,0,758,1,759,0,927,3,928,0,1593,1]
12-08 09:12:35.328 12174 12174 I sysui_multi_action: [757,491,758,1,759,491,927,4,928,0,1311,-1,1593,0]
12-08 09:12:35.328 12174 12174 I sysui_multi_action: [757,0,758,1,759,0,927,5,928,0,1593,0]
12-08 09:12:35.328 12174 12174 I sysui_multi_action: [757,111,758,1]
12-08 09:12:35.328 12174 12174 I sysui_multi_action: [757,126,758,1,759,126,927,0,928,1,1593,1]
12-08 09:12:35.328 12174 12174 I sysui_multi_action: [757,113,758,1,759,113,927,1,928,1,1593,1]
12-08 09:12:35.328 12174 12174 I sysui_multi_action: [757,0,758,1,759,0,927,2,928,0,1593,1]
12-08 09:12:35.328 12174 12174 I sysui_multi_action: [757,0,758,1,759,0,927,3,928,0,1593,1]
12-08 09:12:35.333 1494 1905 I GameModeConfig: isGameModeOn = false
12-08 09:12:35.333 1494 1905 I GameModeConfig: isGameModeOn = false
12-08 09:12:35.333 1494 1905 I GameModeConfig: isGameModeOn = false
12-08 09:12:35.333 1494 1905 I GameModeConfig: isGameModeOn = false
12-08 09:12:35.334 12174 12174 I sysui_multi_action: [757,111,758,2]
12-08 09:12:35.334 12174 12174 I sysui_multi_action: [757,111,758,2]
12-08 09:12:35.334 1494 1494 I notification_enqueue: [10082,12174,com.android.systemui,2048,NULL,0,Notification(channel=updateNotification shortcut=null contentView=null vibrate=null sound=null defaults=0x0 flags=0x0 color=0x00000000 vis=PRIVATE),1]
12-08 09:12:35.338 12174 12174 I sysui_multi_action: [757,111,758,1]
12-08 09:12:35.338 12174 12174 I sysui_multi_action: [757,126,758,1,759,126,927,0,928,1,1593,1]
12-08 09:12:35.338 12174 12174 I sysui_multi_action: [757,113,758,1,759,113,927,1,928,1,1593,1]
12-08 09:12:35.338 12174 12174 I sysui_multi_action: [757,0,758,1,759,0,927,2,928,0,1593,1]
12-08 09:12:35.338 12174 12174 I sysui_multi_action: [757,0,758,1,759,0,927,3,928,0,1593,1]
12-08 09:12:35.338 12174 12174 I sysui_multi_action: [757,491,758,1,759,491,927,4,928,0,1311,-1,1593,0]
12-08 09:12:35.338 12174 12174 I sysui_multi_action: [757,0,758,1,759,0,927,5,928,0,1593,0]
12-08 09:12:35.338 12174 12174 I sysui_multi_action: [757,111,758,1]
12-08 09:12:35.338 12174 12174 I sysui_multi_action: [757,126,758,1,759,126,927,0,928,1,1593,1]
12-08 09:12:35.338 12174 12174 I sysui_multi_action: [757,113,758,1,759,113,927,1,928,1,1593,1]
12-08 09:12:35.338 12174 12174 I sysui_multi_action: [757,0,758,1,759,0,927,2,928,0,1593,1]
12-08 09:12:35.338 12174 12174 I sysui_multi_action: [757,0,758,1,759,0,927,3,928,0,1593,1]
12-08 09:12:35.340 1494 1905 I GameModeConfig: isGameModeOn = false
12-08 09:12:35.347 1494 1905 I GameModeConfig: isGameModeOn = false
12-08 09:12:35.347 1494 1905 I GameModeConfig: isGameModeOn = false
12-08 09:12:35.347 1494 1905 I GameModeConfig: isGameModeOn = false
12-08 09:12:35.347 1494 1905 I GameModeConfig: isGameModeOn = false
12-08 09:12:35.348 12174 12174 I sysui_multi_action: [757,111,758,2]
12-08 09:12:35.348 12174 12174 I sysui_multi_action: [757,111,758,2]
12-08 09:12:35.348 1494 1494 I notification_enqueue: [10082,12174,com.android.systemui,2048,NULL,0,Notification(channel=updateNotification shortcut=null contentView=null vibrate=null sound=null defaults=0x0 flags=0x0 color=0x00000000 vis=PRIVATE),1]
12-08 09:12:35.350 12174 12174 I sysui_multi_action: [757,111,758,1]
12-08 09:12:35.350 12174 12174 I sysui_multi_action: [757,126,758,1,759,126,927,0,928,1,1593,1]
12-08 09:12:35.350 12174 12174 I sysui_multi_action: [757,113,758,1,759,113,927,1,928,1,1593,1]
12-08 09:12:35.350 12174 12174 I sysui_multi_action: [757,0,758,1,759,0,927,2,928,0,1593,1]
12-08 09:12:35.350 12174 12174 I sysui_multi_action: [757,0,758,1,759,0,927,3,928,0,1593,1]
12-08 09:12:35.350 12174 12174 I sysui_multi_action: [757,491,758,1,759,491,927,4,928,0,1311,-1,1593,0]
12-08 09:12:35.351 12174 12174 I sysui_multi_action: [757,0,758,1,759,0,927,5,928,0,1593,0]
12-08 09:12:35.351 12174 12174 I sysui_multi_action: [757,111,758,1]
12-08 09:12:35.351 12174 12174 I sysui_multi_action: [757,126,758,1,759,126,927,0,928,1,1593,1]
12-08 09:12:35.351 12174 12174 I sysui_multi_action: [757,113,758,1,759,113,927,1,928,1,1593,1]
12-08 09:12:35.351 12174 12174 I sysui_multi_action: [757,0,758,1,759,0,927,2,928,0,1593,1]
12-08 09:12:35.351 12174 12174 I sysui_multi_action: [757,0,758,1,759,0,927,3,928,0,1593,1]
12-08 09:12:35.357 1494 1905 I GameModeConfig: isGameModeOn = false
12-08 09:12:35.364 12174 12174 I sysui_multi_action: [757,111,758,2]
12-08 09:12:35.364 12174 12174 I sysui_multi_action: [757,111,758,2]
12-08 09:12:35.364 1494 1494 I notification_enqueue: [10082,12174,com.android.systemui,2048,NULL,0,Notification(channel=updateNotification shortcut=null contentView=null vibrate=null sound=null defaults=0x0 flags=0x0 color=0x00000000 vis=PRIVATE),1]
12-08 09:12:35.366 12174 12174 I sysui_multi_action: [757,111,758,1]
12-08 09:12:35.366 12174 12174 I sysui_multi_action: [757,126,758,1,759,126,927,0,928,1,1593,1]
12-08 09:12:35.366 12174 12174 I sysui_multi_action: [757,113,758,1,759,113,927,1,928,1,1593,1]
12-08 09:12:35.366 12174 12174 I sysui_multi_action: [757,0,758,1,759,0,927,2,928,0,1593,1]
12-08 09:12:35.366 12174 12174 I sysui_multi_action: [757,0,758,1,759,0,927,3,928,0,1593,1]
12-08 09:12:35.366 1494 1905 I GameModeConfig: isGameModeOn = false
12-08 09:12:35.367 12174 12174 I sysui_multi_action: [757,491,758,1,759,491,927,4,928,0,1311,-1,1593,0]
12-08 09:12:35.367 1494 1905 I GameModeConfig: isGameModeOn = false
12-08 09:12:35.367 12174 12174 I sysui_multi_action: [757,0,758,1,759,0,927,5,928,0,1593,0]
12-08 09:12:35.367 1494 1905 I GameModeConfig: isGameModeOn = false
12-08 09:12:35.367 12174 12174 I sysui_multi_action: [757,111,758,1]
12-08 09:12:35.367 12174 12174 I sysui_multi_action: [757,126,758,1,759,126,927,0,928,1,1593,1]
12-08 09:12:35.367 12174 12174 I sysui_multi_action: [757,113,758,1,759,113,927,1,928,1,1593,1]
12-08 09:12:35.367 1494 1905 I GameModeConfig: isGameModeOn = false
12-08 09:12:35.367 12174 12174 I sysui_multi_action: [757,0,758,1,759,0,927,2,928,0,1593,1]
12-08 09:12:35.367 12174 12174 I sysui_multi_action: [757,0,758,1,759,0,927,3,928,0,1593,1]
12-08 09:12:35.373 1494 1905 I GameModeConfig: isGameModeOn = false
12-08 09:12:35.380 1494 1905 I GameModeConfig: isGameModeOn = false
12-08 09:12:35.381 1494 1905 I GameModeConfig: isGameModeOn = false
12-08 09:12:35.381 1494 1905 I GameModeConfig: isGameModeOn = false
12-08 09:12:35.381 1494 1905 I GameModeConfig: isGameModeOn = false
12-08 09:12:35.382 12174 12174 I sysui_multi_action: [757,111,758,2]
12-08 09:12:35.382 12174 12174 I sysui_multi_action: [757,111,758,2]
12-08 09:12:35.383 1494 1494 I notification_enqueue: [10082,12174,com.android.systemui,2048,NULL,0,Notification(channel=updateNotification shortcut=null contentView=null vibrate=null sound=null defaults=0x0 flags=0x0 color=0x00000000 vis=PRIVATE),1]
12-08 09:12:35.386 1494 2035 W WindowManager: updateScale0.4617737
12-08 09:12:35.388 1494 1568 I input_focus: [Focus request 2ec6e99 com.android.deskclock/com.android.deskclock.DeskClock,reason=UpdateInputWindows]
12-08 09:12:35.388 1494 1568 W WindowManager: updateScale0.4617737
12-08 09:12:35.389 1494 1905 I GameModeConfig: isGameModeOn = false
12-08 09:12:35.389 12174 12174 I sysui_multi_action: [757,111,758,1]
12-08 09:12:35.390 12174 12174 I sysui_multi_action: [757,126,758,1,759,126,927,0,928,1,1593,1]
12-08 09:12:35.390 12174 12174 I sysui_multi_action: [757,113,758,1,759,113,927,1,928,1,1593,1]
12-08 09:12:35.390 12174 12174 I sysui_multi_action: [757,0,758,1,759,0,927,2,928,0,1593,1]
12-08 09:12:35.390 12174 12174 I sysui_multi_action: [757,0,758,1,759,0,927,3,928,0,1593,1]
12-08 09:12:35.390 12174 12174 I sysui_multi_action: [757,491,758,1,759,491,927,4,928,0,1311,-1,1593,0]
12-08 09:12:35.390 12174 12174 I sysui_multi_action: [757,0,758,1,759,0,927,5,928,0,1593,0]
12-08 09:12:35.390 12174 12174 I sysui_multi_action: [757,111,758,1]
12-08 09:12:35.390 12174 12174 I sysui_multi_action: [757,126,758,1,759,126,927,0,928,1,1593,1]
12-08 09:12:35.390 12174 12174 I sysui_multi_action: [757,113,758,1,759,113,927,1,928,1,1593,1]
12-08 09:12:35.390 12174 12174 I sysui_multi_action: [757,0,758,1,759,0,927,2,928,0,1593,1]
12-08 09:12:35.390 12174 12174 I sysui_multi_action: [757,0,758,1,759,0,927,3,928,0,1593,1]
12-08 09:12:35.394 1494 1905 I GameModeConfig: isGameModeOn = false
12-08 09:12:35.394 1494 1905 I GameModeConfig: isGameModeOn = false
12-08 09:12:35.394 1494 1905 I GameModeConfig: isGameModeOn = false
12-08 09:12:35.394 1494 1905 I GameModeConfig: isGameModeOn = false
12-08 09:12:35.394 12174 12174 I sysui_multi_action: [757,111,758,2]
12-08 09:12:35.395 1494 1494 I notification_enqueue: [10082,12174,com.android.systemui,2048,NULL,0,Notification(channel=updateNotification shortcut=null contentView=null vibrate=null sound=null defaults=0x0 flags=0x0 color=0x00000000 vis=PRIVATE),1]
12-08 09:12:35.395 12174 12174 I sysui_multi_action: [757,111,758,2]
12-08 09:12:35.397 1494 6909 I sysui_multi_action: [757,128,758,2,793,17739191,794,2605,795,17739191,796,26,798,0,806,android,857,DEVELOPER_IMPORTANT,858,4,947,0,1395,2,1500,17738737,1688,1]
12-08 09:12:35.397 1494 6909 I notification_visibility: [-1|android|26|null|1000,0,17739191,17739191,0,0]
12-08 09:12:35.398 1494 6909 I sysui_multi_action: [757,128,758,2,793,17740045,794,2604,795,17740045,796,32,798,1,806,android,857,USB,858,1,947,0,1395,2,1500,17739985,1688,1]
12-08 09:12:35.398 1494 6909 I notification_visibility: [-1|android|32|null|1000,0,17740045,17740045,0,1]
12-08 09:12:35.398 1494 6909 I sysui_multi_action: [757,127,758,2]
12-08 09:12:35.398 1494 6909 I notification_panel_hidden:
12-08 09:12:35.403 1494 6909 W WindowManager: updateScale0.4617737
12-08 09:12:35.404 1494 1726 I input_focus: [Focus leaving e4dc0ca NotificationShade (server),reason=NOT_FOCUSABLE]
12-08 09:12:35.405 1494 1726 I input_focus: [Focus entering 2ec6e99 com.android.deskclock/com.android.deskclock.DeskClock (server),reason=setFocusedWindow]
12-08 09:12:35.407 12174 12174 I sysui_multi_action: [757,111,758,1]
12-08 09:12:35.407 12174 12174 I sysui_multi_action: [757,126,758,1,759,126,927,0,928,1,1593,1]
12-08 09:12:35.407 12174 12174 I sysui_multi_action: [757,113,758,1,759,113,927,1,928,1,1593,1]
12-08 09:12:35.407 12174 12174 I sysui_multi_action: [757,0,758,1,759,0,927,2,928,0,1593,1]
12-08 09:12:35.407 12174 12174 I sysui_multi_action: [757,0,758,1,759,0,927,3,928,0,1593,1]
12-08 09:12:35.407 12174 12174 I sysui_multi_action: [757,491,758,1,759,491,927,4,928,0,1311,-1,1593,0]
12-08 09:12:35.407 12174 12174 I sysui_multi_action: [757,0,758,1,759,0,927,5,928,0,1593,0]
12-08 09:12:35.407 12174 12174 I sysui_multi_action: [757,111,758,1]
12-08 09:12:35.407 12174 12174 I sysui_multi_action: [757,126,758,1,759,126,927,0,928,1,1593,1]
12-08 09:12:35.407 12174 12174 I sysui_multi_action: [757,113,758,1,759,113,927,1,928,1,1593,1]
12-08 09:12:35.407 12174 12174 I sysui_multi_action: [757,0,758,1,759,0,927,2,928,0,1593,1]
12-08 09:12:35.407 12174 12174 I sysui_multi_action: [757,0,758,1,759,0,927,3,928,0,1593,1]
12-08 09:12:35.428 1494 1905 I GameModeConfig: isGameModeOn = false
12-08 09:12:35.464 1494 1905 I GameModeConfig: isGameModeOn = false
12-08 09:12:35.481 1494 1905 I GameModeConfig: isGameModeOn = false
12-08 09:12:35.484 1494 1494 I GameModeConfig: isGameModeOn = false
12-08 09:12:35.485 1494 1494 I sysui_multi_action: [757,1501,758,1,793,1778214,794,0,795,204,796,2048,806,com.android.systemui,857,updateNotification,858,3,947,0,1500,0,1688,1]
12-08 09:12:35.485 1494 1494 I sysui_multi_action: [757,804,799,note_interruptive,801,0,802,1]
12-08 09:12:35.486 1494 1494 I sysui_multi_action: [757,199,758,1,759,2,793,1778214,794,0,795,204,796,2048,806,com.android.systemui,857,updateNotification,858,3,947,0,1500,0,1688,1]
12-08 09:12:35.486 1494 1494 I notification_alert: [0|com.android.systemui|2048|null|10082,0,1,0]
12-08 09:12:35.487 1494 1494 W NotificationHistory: Attempted to add notif for locked/gone/disabled user 0
12-08 09:12:35.495 1494 1905 I GameModeConfig: isGameModeOn = false
12-08 09:12:35.509 1494 1494 I GameModeConfig: isGameModeOn = false
12-08 09:12:35.509 1494 1494 E NotificationService: Muting recently noisy 0|com.android.systemui|2048|null|10082
12-08 09:12:35.512 1494 1905 I GameModeConfig: isGameModeOn = false
12-08 09:12:35.523 1494 1494 I GameModeConfig: isGameModeOn = false
12-08 09:12:35.523 1494 1494 E NotificationService: Muting recently noisy 0|com.android.systemui|2048|null|10082
12-08 09:12:35.528 1494 1905 I GameModeConfig: isGameModeOn = false
12-08 09:12:35.536 1494 1494 I GameModeConfig: isGameModeOn = false
12-08 09:12:35.536 1494 1494 E NotificationService: Muting recently noisy 0|com.android.systemui|2048|null|10082
12-08 09:12:35.542 1494 1905 I GameModeConfig: isGameModeOn = false
12-08 09:12:35.549 1494 1494 I GameModeConfig: isGameModeOn = false
12-08 09:12:35.549 1494 1494 E NotificationService: Muting recently noisy 0|com.android.systemui|2048|null|10082
12-08 09:12:35.559 1494 1905 I GameModeConfig: isGameModeOn = false
12-08 09:12:35.567 1494 1494 I GameModeConfig: isGameModeOn = false
12-08 09:12:35.567 1494 1494 E NotificationService: Muting recently noisy 0|com.android.systemui|2048|null|10082
12-08 09:12:35.576 1494 1905 I GameModeConfig: isGameModeOn = false
12-08 09:12:35.584 1494 1494 I GameModeConfig: isGameModeOn = false
12-08 09:12:35.585 1494 1494 E NotificationService: Muting recently noisy 0|com.android.systemui|2048|null|10082
12-08 09:12:35.594 1494 1905 I GameModeConfig: isGameModeOn = false
12-08 09:12:35.596 1494 1494 I GameModeConfig: isGameModeOn = false
12-08 09:12:35.597 1494 1494 E NotificationService: Muting recently noisy 0|com.android.systemui|2048|null|10082
12-08 09:12:36.186 1494 1905 I GameModeConfig: isGameModeOn = false
12-08 09:12:36.223 1494 1905 I GameModeConfig: isGameModeOn = false
12-08 09:12:36.244 1494 1905 I GameModeConfig: isGameModeOn = false
12-08 09:12:36.259 1494 1905 I GameModeConfig: isGameModeOn = false
12-08 09:12:36.276 1494 1905 I GameModeConfig: isGameModeOn = false
12-08 09:12:36.292 1494 1905 I GameModeConfig: isGameModeOn = false
12-08 09:12:36.308 1494 1905 I GameModeConfig: isGameModeOn = false
12-08 09:12:36.333 1494 1905 I GameModeConfig: isGameModeOn = false
12-08 09:12:36.350 1494 1905 I GameModeConfig: isGameModeOn = false
12-08 09:12:36.388 1494 1905 I GameModeConfig: isGameModeOn = false
12-08 09:12:36.398 1494 1726 I input_interaction: Interaction with: bdb372 com.android.music/com.android.music.MusicBrowserActivity (server), edge-swipe (server), swipe-up (server), PointerEventDispatcher0 (server),
12-08 09:12:36.402 1494 1566 I wm_task_moved: [231,1,7]
12-08 09:12:36.402 1494 1566 I wm_task_to_front: [0,231]
12-08 09:12:36.405 1494 1566 W WindowManager: updateScale0.4617737
12-08 09:12:36.410 1494 1566 I wm_set_resumed_activity: [0,com.android.music/.MusicBrowserActivity,positionChildAt]
12-08 09:12:36.410 1494 1566 I wm_focused_root_task: [0,0,231,232,setFocusedTask]
12-08 09:12:36.411 1494 1566 I wm_set_resumed_activity: [0,com.android.music/.MusicBrowserActivity,setFocusedTask]
12-08 09:12:36.411 1494 1566 I ActivityTaskManager: FOREGROUND_APPLICATION_CHANGED to com.android.music.MusicBrowserActivity
12-08 09:12:36.411 19945 19945 I wm_on_top_resumed_lost_called: [259862908,com.android.deskclock.DeskClock,topStateChangedWhenResumed]
12-08 09:12:36.412 1494 1568 I input_focus: [Focus request bdb372 com.android.music/com.android.music.MusicBrowserActivity,reason=UpdateInputWindows]
12-08 09:12:36.413 14889 14889 I wm_on_top_resumed_gained_called: [121558406,com.android.music.MusicBrowserActivity,topStateChangedWhenResumed]
12-08 09:12:36.423 1494 6909 I wm_task_moved: [36,0,0]
12-08 09:12:36.423 1494 6909 I wm_task_moved: [36,0,6]
12-08 09:12:36.428 1494 6909 W WindowManager: updateScale0.4617737
12-08 09:12:36.430 1494 1905 I GameModeConfig: isGameModeOn = false
12-08 09:12:36.433 2523 2523 I wm_on_restart_called: [103271708,com.android.launcher3.uioverrides.QuickstepLauncher,performRestartActivity]
12-08 09:12:36.439 1494 1726 I input_focus: [Focus leaving 2ec6e99 com.android.deskclock/com.android.deskclock.DeskClock (server),reason=setFocusedWindow]
12-08 09:12:36.439 1494 1726 I input_focus: [Focus entering bdb372 com.android.music/com.android.music.MusicBrowserActivity (server),reason=setFocusedWindow]
12-08 09:12:36.445 1494 1905 I GameModeConfig: isGameModeOn = false
12-08 09:12:36.446 2523 2523 I wm_on_start_called: [103271708,com.android.launcher3.uioverrides.QuickstepLauncher,handleStartActivity]
12-08 09:12:36.455 1494 1566 W WindowManager: updateScale0.4617737
12-08 09:12:36.456 1494 1566 W WindowManager: updateScale0.4617737
12-08 09:12:36.462 1494 7390 W WindowManager: updateScale0.4617737
12-08 09:12:36.463 1494 1905 I GameModeConfig: isGameModeOn = false
12-08 09:12:36.475 1494 1568 W WindowManager: updateScale0.4617737
12-08 09:12:36.476 1494 1568 W WindowManager: updateScale0.4617737
12-08 09:12:36.478 1494 1568 W WindowManager: updateScale0.4617737
12-08 09:12:36.479 1494 6909 W ActivityTaskManager: getTaskSnapshot: taskId=5231 not found
12-08 09:12:36.481 1494 1905 I GameModeConfig: isGameModeOn = false
12-08 09:12:36.484 1494 1563 I sysui_multi_action: [319,12,322,53,325,17752,757,761,758,9,759,5,806,com.android.launcher3,871,com.android.launcher3.uioverrides.QuickstepLauncher,904,com.android.launcher3,905,0,1320,8,1321,5]
12-08 09:12:36.492 1494 2035 W ActivityTaskManager: getTaskSnapshot: taskId=4231 not found
12-08 09:12:36.496 1494 2035 W ActivityTaskManager: getTaskSnapshot: taskId=3231 not found
12-08 09:12:36.496 1494 1905 I GameModeConfig: isGameModeOn = false
12-08 09:12:36.500 1494 6909 W ActivityTaskManager: getTaskSnapshot: taskId=2231 not found
12-08 09:12:36.505 1494 2035 W ActivityTaskManager: getTaskSnapshot: taskId=4231 not found
12-08 09:12:36.505 1494 2035 W ActivityTaskManager: getTaskSnapshot: taskId=3231 not found
12-08 09:12:36.506 1494 6909 W ActivityTaskManager: getTaskSnapshot: taskId=2231 not found
12-08 09:12:36.506 1494 6909 W ActivityTaskManager: getTaskSnapshot: taskId=1231 not found
12-08 09:12:36.508 1494 2035 W ActivityTaskManager: getTaskSnapshot: taskId=4231 not found
12-08 09:12:36.508 1494 2035 W ActivityTaskManager: getTaskSnapshot: taskId=3231 not found
12-08 09:12:36.509 1494 2035 W ActivityTaskManager: getTaskSnapshot: taskId=2231 not found
12-08 09:12:36.509 1494 2035 W ActivityTaskManager: getTaskSnapshot: taskId=1231 not found
12-08 09:12:36.516 1494 1905 I GameModeConfig: isGameModeOn = false
12-08 09:12:36.537 1494 1905 I GameModeConfig: isGameModeOn = false
12-08 09:12:36.554 1494 1905 I GameModeConfig: isGameModeOn = false
12-08 09:12:36.611 1494 2035 I wm_task_moved: [36,0,5]
12-08 09:12:36.612 1494 2035 I wm_add_to_stopping: [0,103271708,com.android.launcher3/.uioverrides.QuickstepLauncher,makeInvisible]
12-08 09:12:36.613 1494 2035 W WindowManager: updateScale0.4617737
12-08 09:12:36.616 1494 2035 W WindowManager: updateScale0.4617737
12-08 09:12:36.620 1494 1566 I wm_stop_activity: [0,103271708,com.android.launcher3/.uioverrides.QuickstepLauncher]
12-08 09:12:36.629 1494 2742 W WindowManager: updateScale0.4617737
12-08 09:12:36.637 2523 2523 I wm_on_stop_called: [103271708,com.android.launcher3.uioverrides.QuickstepLauncher,STOP_ACTIVITY_ITEM]
12-08 09:12:36.648 10409 10425 W ContextImpl: Calling a method in the system process without a qualified user: android.app.ContextImpl.startService:1816 android.content.ContextWrapper.startService:774 com.thundercomm.gamemode.ingame.services.GameModeActionUtils.startGameModeService:93 com.thundercomm.gamemode.ingame.services.GameModeActionUtils.startGameModeEntry:21 com.thundercomm.gamemode.ingame.services.ActivityMonitoringService$1.onActivityLaunch:127
12-08 09:12:36.648 1494 1579 I am_pss : [19945,10066,com.android.deskclock,71371776,64720896,0,201277440,0,2,11]
12-08 09:12:36.651 1494 1700 I commit_sys_config_file: [settings-1-0,7]
12-08 09:12:36.656 1494 1579 I am_pss : [19827,10061,com.android.soundrecorder,5587968,3940352,0,88776704,0,19,5]
12-08 09:12:36.657 1494 1494 I GameModeConfig: Current uri is uri = content://com.thundercomm.gamemode.api/gamemode_settings/gamemode_isgaming
12-08 09:12:36.660 1494 1494 I GameModeConfig: isGameModeOn = false
12-08 09:12:36.661 1494 1494 I GameModeConfig: isGameModeOn = false
12-08 09:12:36.661 1494 1494 I GameModeConfig: isDisableVoice = true
12-08 09:12:36.667 1494 1579 I am_pss : [19826,1000,com.android.settings,19474432,11956224,0,109834240,0,19,6]
12-08 09:12:36.674 1494 1579 I am_pss : [19737,10064,com.android.calendar,6107136,4018176,0,91582464,0,19,5]
12-08 09:12:36.675 1494 1579 W UsageStatsService: Unexpected activity event reported! (com.android.launcher3/com.android.launcher3.uioverrides.QuickstepLauncher event : 23 instanceId : 86809965)
12-08 09:12:37.481 1494 1905 I GameModeConfig: isGameModeOn = false
12-08 09:12:37.514 1494 1905 I GameModeConfig: isGameModeOn = false
12-08 09:12:37.521 1494 1905 I GameModeConfig: isGameModeOn = false
12-08 09:12:37.536 1494 1905 I GameModeConfig: isGameModeOn = false
12-08 09:12:37.555 1494 1905 I GameModeConfig: isGameModeOn = false
12-08 09:12:37.564 1494 1905 I GameModeConfig: isGameModeOn = false
12-08 09:12:37.579 1494 1905 I GameModeConfig: isGameModeOn = false
12-08 09:12:37.596 1494 1905 I GameModeConfig: isGameModeOn = false
12-08 09:12:37.612 1494 1905 I GameModeConfig: isGameModeOn = false
12-08 09:12:37.629 1494 1905 I GameModeConfig: isGameModeOn = false
12-08 09:12:37.645 1494 1905 I GameModeConfig: isGameModeOn = false
12-08 09:12:37.665 1494 1905 I GameModeConfig: isGameModeOn = false
12-08 09:12:37.682 1494 1905 I GameModeConfig: isGameModeOn = false
12-08 09:12:37.687 1494 1905 I GameModeConfig: isGameModeOn = false
12-08 09:12:37.696 1494 1905 I GameModeConfig: isGameModeOn = false
12-08 09:12:37.714 1494 1905 I GameModeConfig: isGameModeOn = false
12-08 09:12:37.725 1494 1905 I GameModeConfig: isGameModeOn = false
12-08 09:12:37.740 1494 1905 I GameModeConfig: isGameModeOn = false
12-08 09:12:37.757 1494 1905 I GameModeConfig: isGameModeOn = false
12-08 09:12:37.768 1494 1905 I GameModeConfig: isGameModeOn = false
12-08 09:12:37.783 1494 1905 I GameModeConfig: isGameModeOn = false
12-08 09:12:37.802 1494 1905 I GameModeConfig: isGameModeOn = false
12-08 09:12:37.816 1494 1905 I GameModeConfig: isGameModeOn = false
12-08 09:12:37.832 1494 1905 I GameModeConfig: isGameModeOn = false
12-08 09:12:37.849 1494 1905 I GameModeConfig: isGameModeOn = false
12-08 09:12:37.868 1494 1905 I GameModeConfig: isGameModeOn = false
12-08 09:12:37.885 1494 1905 I GameModeConfig: isGameModeOn = false
12-08 09:12:37.899 1494 1905 I GameModeConfig: isGameModeOn = false
12-08 09:12:38.055 0 0 I auditd : type=1400 audit(0.0:18935): avc: denied { kill } for comm="swapper/2" capability=5 scontext=u:r:kernel:s0 tcontext=u:r:kernel:s0 tclass=capability permissive=0
12-08 09:12:38.172 1494 1905 I GameModeConfig: isGameModeOn = false
12-08 09:12:38.202 1494 1905 I GameModeConfig: isGameModeOn = false
12-08 09:12:38.224 1494 1905 I GameModeConfig: isGameModeOn = false
12-08 09:12:38.236 1494 1905 I GameModeConfig: isGameModeOn = false
12-08 09:12:38.257 1494 1905 I GameModeConfig: isGameModeOn = false
12-08 09:12:38.269 1494 1905 I GameModeConfig: isGameModeOn = false
12-08 09:12:38.286 1494 1905 I GameModeConfig: isGameModeOn = false
12-08 09:12:38.315 1494 1905 I GameModeConfig: isGameModeOn = false
12-08 09:12:38.321 1494 1905 I GameModeConfig: isGameModeOn = false
12-08 09:12:38.337 1494 1905 I GameModeConfig: isGameModeOn = false
12-08 09:12:38.357 1494 1905 I GameModeConfig: isGameModeOn = false
12-08 09:12:38.373 1494 1905 I GameModeConfig: isGameModeOn = false
12-08 09:12:38.375 1494 1905 I GameModeConfig: isGameModeOn = false
12-08 09:12:38.407 1494 1905 I GameModeConfig: isGameModeOn = false
12-08 09:12:38.423 1494 1905 I GameModeConfig: isGameModeOn = false
12-08 09:12:38.445 1494 1905 I GameModeConfig: isGameModeOn = false
12-08 09:12:38.461 1494 1905 I GameModeConfig: isGameModeOn = false
12-08 09:12:38.473 1494 1905 I GameModeConfig: isGameModeOn = false
12-08 09:12:38.494 1494 1905 I GameModeConfig: isGameModeOn = false
12-08 09:12:38.505 1494 1905 I GameModeConfig: isGameModeOn = false
12-08 09:12:38.523 1494 1905 I GameModeConfig: isGameModeOn = false
12-08 09:12:38.541 1494 1905 I GameModeConfig: isGameModeOn = false
12-08 09:12:38.560 1494 1905 I GameModeConfig: isGameModeOn = false
12-08 09:12:38.578 1494 1905 I GameModeConfig: isGameModeOn = false
12-08 09:12:39.622 1494 1905 I GameModeConfig: isGameModeOn = false
12-08 09:12:39.650 1494 1905 I GameModeConfig: isGameModeOn = false
12-08 09:12:39.661 1494 1905 I GameModeConfig: isGameModeOn = false
12-08 09:12:39.676 1494 1905 I GameModeConfig: isGameModeOn = false
12-08 09:12:39.688 1494 1905 I GameModeConfig: isGameModeOn = false
12-08 09:12:39.701 1494 1905 I GameModeConfig: isGameModeOn = false
12-08 09:12:39.717 1494 1905 I GameModeConfig: isGameModeOn = false
12-08 09:12:39.733 1494 1905 I GameModeConfig: isGameModeOn = false
12-08 09:12:39.750 1494 1905 I GameModeConfig: isGameModeOn = false
12-08 09:12:39.767 1494 1905 I GameModeConfig: isGameModeOn = false
12-08 09:12:39.783 1494 1905 I GameModeConfig: isGameModeOn = false
12-08 09:12:39.801 1494 1905 I GameModeConfig: isGameModeOn = false
12-08 09:12:39.818 1494 1905 I GameModeConfig: isGameModeOn = false
12-08 09:12:39.823 1494 1905 I GameModeConfig: isGameModeOn = false
12-08 09:12:39.834 1494 1905 I GameModeConfig: isGameModeOn = false
12-08 09:12:39.852 1494 1905 I GameModeConfig: isGameModeOn = false
12-08 09:12:39.852 1494 1905 I GameModeConfig: isGameModeOn = false
12-08 09:12:39.865 1494 1905 I GameModeConfig: isGameModeOn = false
12-08 09:12:39.870 1494 1905 I GameModeConfig: isGameModeOn = false
12-08 09:12:39.883 1494 1905 I GameModeConfig: isGameModeOn = false
12-08 09:12:39.884 1494 1905 I GameModeConfig: isGameModeOn = false
12-08 09:12:39.888 1494 1905 I GameModeConfig: isGameModeOn = false
12-08 09:12:39.900 1494 1905 I GameModeConfig: isGameModeOn = false
12-08 09:12:39.903 1494 1905 I GameModeConfig: isGameModeOn = false
12-08 09:12:39.917 1494 1905 I GameModeConfig: isGameModeOn = false
12-08 09:12:39.921 1494 1905 I GameModeConfig: isGameModeOn = false
12-08 09:12:39.934 1494 1905 I GameModeConfig: isGameModeOn = false
12-08 09:12:39.938 1494 1905 I GameModeConfig: isGameModeOn = false
12-08 09:12:39.951 1494 1905 I GameModeConfig: isGameModeOn = false
12-08 09:12:39.953 1494 1905 I GameModeConfig: isGameModeOn = false
12-08 09:12:39.970 1494 1905 I GameModeConfig: isGameModeOn = false
12-08 09:12:39.970 1494 1905 I GameModeConfig: isGameModeOn = false
12-08 09:12:39.986 1494 1905 I GameModeConfig: isGameModeOn = false
12-08 09:12:40.004 1494 1905 I GameModeConfig: isGameModeOn = false
12-08 09:12:40.031 1494 1905 I GameModeConfig: isGameModeOn = false
12-08 09:12:40.038 1494 1905 I GameModeConfig: isGameModeOn = false
12-08 09:12:40.055 1494 1905 I GameModeConfig: isGameModeOn = false
12-08 09:12:40.070 1494 1905 I GameModeConfig: isGameModeOn = false
12-08 09:12:40.089 1494 1905 I GameModeConfig: isGameModeOn = false
12-08 09:12:40.103 1494 1905 I GameModeConfig: isGameModeOn = false
12-08 09:12:40.120 1494 1905 I GameModeConfig: isGameModeOn = false
12-08 09:12:40.137 1494 1905 I GameModeConfig: isGameModeOn = false
12-08 09:12:40.153 1494 1905 I GameModeConfig: isGameModeOn = false
12-08 09:12:40.175 1494 1905 I GameModeConfig: isGameModeOn = false
12-08 09:12:40.462 1494 1905 I GameModeConfig: isGameModeOn = false
12-08 09:12:40.491 1494 1905 I GameModeConfig: isGameModeOn = false
12-08 09:12:40.513 1494 1905 I GameModeConfig: isGameModeOn = false
12-08 09:12:40.521 1494 1905 I GameModeConfig: isGameModeOn = false
12-08 09:12:40.538 1494 1905 I GameModeConfig: isGameModeOn = false
12-08 09:12:40.557 1494 1905 I GameModeConfig: isGameModeOn = false
12-08 09:12:40.577 1494 1905 I GameModeConfig: isGameModeOn = false
12-08 09:12:40.601 1494 1905 I GameModeConfig: isGameModeOn = false
12-08 09:12:40.664 1494 1905 I GameModeConfig: isGameModeOn = false
12-08 09:12:40.695 1494 1905 I GameModeConfig: isGameModeOn = false
12-08 09:12:40.719 1494 1905 I GameModeConfig: isGameModeOn = false
12-08 09:12:40.725 1494 1905 I GameModeConfig: isGameModeOn = false
12-08 09:12:40.744 1494 1905 I GameModeConfig: isGameModeOn = false
12-08 09:12:40.762 1494 1905 I GameModeConfig: isGameModeOn = false
12-08 09:12:40.782 1494 1905 I GameModeConfig: isGameModeOn = false
12-08 09:12:40.800 1494 1905 I GameModeConfig: isGameModeOn = false
12-08 09:12:41.055 0 0 I auditd : type=1400 audit(0.0:18936): avc: denied { kill } for comm="swapper/2" capability=5 scontext=u:r:kernel:s0 tcontext=u:r:kernel:s0 tclass=capability permissive=0
12-08 09:12:41.475 1494 1905 I GameModeConfig: isGameModeOn = false
12-08 09:12:41.500 1494 1905 I GameModeConfig: isGameModeOn = false
12-08 09:12:41.513 1494 1905 I GameModeConfig: isGameModeOn = false
12-08 09:12:41.535 1494 1905 I GameModeConfig: isGameModeOn = false
12-08 09:12:41.547 1494 1905 I GameModeConfig: isGameModeOn = false
12-08 09:12:41.571 1494 1905 I GameModeConfig: isGameModeOn = false
12-08 09:12:41.588 1494 1905 I GameModeConfig: isGameModeOn = false
12-08 09:12:41.606 1494 1905 I GameModeConfig: isGameModeOn = false
12-08 09:12:41.622 1494 1905 I GameModeConfig: isGameModeOn = false
12-08 09:12:41.637 1494 1905 I GameModeConfig: isGameModeOn = false
12-08 09:12:41.676 1494 1905 I GameModeConfig: isGameModeOn = false
12-08 09:12:41.703 1494 1905 I GameModeConfig: isGameModeOn = false
12-08 09:12:41.720 1494 1905 I GameModeConfig: isGameModeOn = false
12-08 09:12:41.733 1494 1905 I GameModeConfig: isGameModeOn = false
12-08 09:12:41.750 1494 1905 I GameModeConfig: isGameModeOn = false
12-08 09:12:41.773 1494 1905 I GameModeConfig: isGameModeOn = false
12-08 09:12:41.791 1494 1905 I GameModeConfig: isGameModeOn = false
12-08 09:12:41.807 1494 1905 I GameModeConfig: isGameModeOn = false
12-08 09:12:41.826 1494 1905 I GameModeConfig: isGameModeOn = false
12-08 09:12:41.841 1494 1905 I GameModeConfig: isGameModeOn = false
12-08 09:12:42.255 1494 1905 I GameModeConfig: isGameModeOn = false
12-08 09:12:42.289 1494 1905 I GameModeConfig: isGameModeOn = false
12-08 09:12:42.300 1494 1905 I GameModeConfig: isGameModeOn = false
12-08 09:12:42.316 1494 1905 I GameModeConfig: isGameModeOn = false
12-08 09:12:42.328 1494 1905 I GameModeConfig: isGameModeOn = false
12-08 09:12:42.348 1494 1905 I GameModeConfig: isGameModeOn = false
12-08 09:12:42.369 1494 1905 I GameModeConfig: isGameModeOn = false
12-08 09:12:42.458 1494 1905 I GameModeConfig: isGameModeOn = false
12-08 09:12:42.487 1494 1905 I GameModeConfig: isGameModeOn = false
12-08 09:12:42.504 1494 1905 I GameModeConfig: isGameModeOn = false
12-08 09:12:42.518 1494 1905 I GameModeConfig: isGameModeOn = false
12-08 09:12:42.531 1494 1905 I GameModeConfig: isGameModeOn = false
12-08 09:12:42.555 1494 1905 I GameModeConfig: isGameModeOn = false
12-08 09:12:42.576 1494 1905 I GameModeConfig: isGameModeOn = false
12-08 09:12:43.055 18426 18426 I auditd : type=1400 audit(0.0:18937): avc: denied { kill } for comm="kworker/u17:5" capability=5 scontext=u:r:kernel:s0 tcontext=u:r:kernel:s0 tclass=capability permissive=0
12-08 09:12:43.101 1494 1726 I input_interaction: Interaction with: 2ec6e99 com.android.deskclock/com.android.deskclock.DeskClock (server), edge-swipe (server), swipe-up (server), PointerEventDispatcher0 (server),
12-08 09:12:43.104 1494 1566 I wm_task_moved: [232,1,7]
12-08 09:12:43.104 1494 1566 I wm_task_to_front: [0,232]
12-08 09:12:43.106 1494 1566 W WindowManager: updateScale0.4617737
12-08 09:12:43.110 1494 1566 I wm_set_resumed_activity: [0,com.android.deskclock/.DeskClock,positionChildAt]
12-08 09:12:43.110 1494 1566 I wm_focused_root_task: [0,0,232,231,setFocusedTask]
12-08 09:12:43.110 14889 14889 I wm_on_top_resumed_lost_called: [121558406,com.android.music.MusicBrowserActivity,topStateChangedWhenResumed]
12-08 09:12:43.111 1494 1566 I wm_set_resumed_activity: [0,com.android.deskclock/.DeskClock,setFocusedTask]
12-08 09:12:43.111 1494 1566 I ActivityTaskManager: FOREGROUND_APPLICATION_CHANGED to com.android.deskclock.DeskClock
12-08 09:12:43.112 19945 19945 I wm_on_top_resumed_gained_called: [259862908,com.android.deskclock.DeskClock,topStateChangedWhenResumed]
12-08 09:12:43.112 1494 1568 I input_focus: [Focus request 2ec6e99 com.android.deskclock/com.android.deskclock.DeskClock,reason=UpdateInputWindows]
12-08 09:12:43.137 1494 1726 I input_focus: [Focus leaving bdb372 com.android.music/com.android.music.MusicBrowserActivity (server),reason=setFocusedWindow]
12-08 09:12:43.137 1494 1726 I input_focus: [Focus entering 2ec6e99 com.android.deskclock/com.android.deskclock.DeskClock (server),reason=setFocusedWindow]
12-08 09:12:43.173 19945 19945 I view_enqueue_input_event: [Motion - Cancel,com.android.deskclock/com.android.deskclock.DeskClock]
12-08 09:12:43.176 1494 1726 I input_interaction: Interaction with: WindowManager (server), edge-swipe (server), swipe-up (server), PointerEventDispatcher0 (server),
12-08 09:12:43.187 1494 1568 D FreeFormWindowHelper: refreshTipWindow windowDragBounds:Rect(35, 79 - 337, 617)
12-08 09:12:43.189 1494 1568 W WindowManager: updateScale0.4617737
12-08 09:12:43.203 1494 1568 D FreeFormWindowHelper: refreshTipWindow windowDragBounds:Rect(79, 84 - 381, 622)
12-08 09:12:43.204 1494 1568 W WindowManager: updateScale0.4617737
12-08 09:12:43.220 1494 1568 D FreeFormWindowHelper: refreshTipWindow windowDragBounds:Rect(130, 87 - 432, 625)
12-08 09:12:43.221 1494 1568 W WindowManager: updateScale0.4617737
12-08 09:12:43.237 1494 1568 D FreeFormWindowHelper: refreshTipWindow windowDragBounds:Rect(185, 92 - 487, 630)
12-08 09:12:43.237 1494 1568 W WindowManager: updateScale0.4617737
12-08 09:12:43.253 1494 1568 D FreeFormWindowHelper: refreshTipWindow windowDragBounds:Rect(244, 100 - 546, 638)
12-08 09:12:43.254 1494 1568 W WindowManager: updateScale0.4617737
12-08 09:12:43.270 1494 1568 D FreeFormWindowHelper: refreshTipWindow windowDragBounds:Rect(309, 106 - 611, 644)
12-08 09:12:43.271 1494 1568 W WindowManager: updateScale0.4617737
12-08 09:12:43.287 1494 1568 D FreeFormWindowHelper: refreshTipWindow windowDragBounds:Rect(376, 113 - 678, 651)
12-08 09:12:43.287 1494 1568 W WindowManager: updateScale0.4617737
12-08 09:12:43.303 1494 1568 D FreeFormWindowHelper: refreshTipWindow windowDragBounds:Rect(452, 121 - 754, 659)
12-08 09:12:43.304 1494 1568 W WindowManager: updateScale0.4617737
12-08 09:12:43.320 1494 1568 D FreeFormWindowHelper: refreshTipWindow windowDragBounds:Rect(529, 129 - 831, 667)
12-08 09:12:43.321 1494 1568 W WindowManager: updateScale0.4617737
12-08 09:12:43.337 1494 1568 D FreeFormWindowHelper: refreshTipWindow windowDragBounds:Rect(609, 141 - 911, 679)
12-08 09:12:43.338 1494 1568 W WindowManager: updateScale0.4617737
12-08 09:12:43.353 1494 1568 D FreeFormWindowHelper: refreshTipWindow windowDragBounds:Rect(687, 151 - 989, 689)
12-08 09:12:43.354 1494 1568 W WindowManager: updateScale0.4617737
12-08 09:12:43.370 1494 1568 D FreeFormWindowHelper: refreshTipWindow windowDragBounds:Rect(769, 161 - 1071, 699)
12-08 09:12:43.371 1494 1568 W WindowManager: updateScale0.4617737
12-08 09:12:43.387 1494 1568 D FreeFormWindowHelper: refreshTipWindow windowDragBounds:Rect(860, 169 - 1162, 707)
12-08 09:12:43.388 1494 1568 W WindowManager: updateScale0.4617737
12-08 09:12:43.404 1494 1568 D FreeFormWindowHelper: refreshTipWindow windowDragBounds:Rect(954, 177 - 1256, 715)
12-08 09:12:43.404 1494 1568 W WindowManager: updateScale0.4617737
12-08 09:12:43.420 1494 1568 D FreeFormWindowHelper: refreshTipWindow windowDragBounds:Rect(1053, 187 - 1355, 725)
12-08 09:12:43.421 1494 1568 W WindowManager: updateScale0.4617737
12-08 09:12:43.437 1494 1568 D FreeFormWindowHelper: refreshTipWindow windowDragBounds:Rect(1153, 196 - 1455, 734)
12-08 09:12:43.438 1494 1568 W WindowManager: updateScale0.4617737
12-08 09:12:43.454 1494 1568 D FreeFormWindowHelper: refreshTipWindow windowDragBounds:Rect(1255, 206 - 1557, 744)
12-08 09:12:43.454 1494 1568 W WindowManager: updateScale0.4617737
12-08 09:12:43.456 1494 6909 W WindowManager: updateScale0.4617737
12-08 09:12:43.470 1494 1568 D FreeFormWindowHelper: refreshTipWindow windowDragBounds:Rect(1358, 219 - 1660, 757)
12-08 09:12:43.471 1494 1568 W WindowManager: updateScale0.4617737
12-08 09:12:43.472 1494 7390 W WindowManager: updateScale0.4617737
12-08 09:12:43.487 1494 1568 D FreeFormWindowHelper: refreshTipWindow windowDragBounds:Rect(1469, 236 - 1771, 774)
12-08 09:12:43.488 1494 1568 W WindowManager: updateScale0.4617737
12-08 09:12:43.490 1494 7390 W WindowManager: updateScale0.4617737
12-08 09:12:43.504 1494 1568 D FreeFormWindowHelper: refreshTipWindow windowDragBounds:Rect(1577, 254 - 1879, 792)
12-08 09:12:43.504 1494 1568 W WindowManager: updateScale0.4617737
12-08 09:12:43.508 1494 7390 W WindowManager: updateScale0.4617737
12-08 09:12:43.520 1494 1568 D FreeFormWindowHelper: refreshTipWindow windowDragBounds:Rect(1681, 277 - 1983, 815)
12-08 09:12:43.521 1494 1568 W WindowManager: updateScale0.4617737
12-08 09:12:43.528 1494 7390 W WindowManager: updateScale0.4617737
12-08 09:12:43.537 1494 1568 D FreeFormWindowHelper: refreshTipWindow windowDragBounds:Rect(1776, 295 - 2078, 833)
12-08 09:12:43.538 1494 1568 W WindowManager: updateScale0.4617737
12-08 09:12:43.551 1494 7390 W WindowManager: updateScale0.4617737
12-08 09:12:43.554 1494 1568 D FreeFormWindowHelper: refreshTipWindow windowDragBounds:Rect(1892, 324 - 2194, 862)
12-08 09:12:43.555 1494 1568 W WindowManager: updateScale0.4617737
12-08 09:12:43.571 1494 1568 D FreeFormWindowHelper: refreshTipWindow windowDragBounds:Rect(1987, 351 - 2289, 889)
12-08 09:12:43.572 1494 1568 W WindowManager: updateScale0.4617737
12-08 09:12:43.574 1494 7390 W WindowManager: updateScale0.4617737
12-08 09:12:43.587 1494 1568 D FreeFormWindowHelper: refreshTipWindow windowDragBounds:Rect(2089, 384 - 2391, 922)
12-08 09:12:43.588 1494 1568 W WindowManager: updateScale0.4617737
12-08 09:12:43.604 1494 1568 D FreeFormWindowHelper: refreshTipWindow windowDragBounds:Rect(2185, 417 - 2487, 955)
12-08 09:12:43.606 1494 1568 W WindowManager: updateScale0.4617737
12-08 09:12:43.621 1494 1568 D FreeFormWindowHelper: refreshTipWindow windowDragBounds:Rect(2283, 462 - 2585, 1000)
12-08 09:12:43.622 1494 1568 W WindowManager: updateScale0.4617737
12-08 09:12:43.649 1494 1568 D WindowManager: updateWindowDragBounds: mIsSwipeYtrue
12-08 09:12:43.649 1494 1568 D WindowManager: updateWindowDragBounds: mIsTopfalse
12-08 09:12:43.649 1494 1568 D WindowManager: updateWindowDragBounds: mIsSwipeXfalse
12-08 09:12:43.651 1494 1568 W WindowManager: updateScale0.4617737
12-08 09:12:43.651 1494 1568 W WindowManager: updateScale0.4617737
12-08 09:12:43.670 1494 7390 W WindowManager: updateScale0.4617737
12-08 09:12:43.698 1494 6909 W WindowManager: updateScale0.4617737
12-08 09:12:44.373 1494 1726 I input_interaction: Interaction with: bdb372 com.android.music/com.android.music.MusicBrowserActivity (server), edge-swipe (server), swipe-up (server), PointerEventDispatcher0 (server),
12-08 09:12:44.374 1494 1566 I wm_task_moved: [231,1,7]
12-08 09:12:44.374 1494 1566 I wm_task_to_front: [0,231]
12-08 09:12:44.377 1494 1566 W WindowManager: updateScale0.4617737
12-08 09:12:44.381 1494 1566 I wm_set_resumed_activity: [0,com.android.music/.MusicBrowserActivity,positionChildAt]
12-08 09:12:44.381 19945 19945 I wm_on_top_resumed_lost_called: [259862908,com.android.deskclock.DeskClock,topStateChangedWhenResumed]
12-08 09:12:44.381 1494 1566 I wm_focused_root_task: [0,0,231,232,setFocusedTask]
