12-08 09:12:44.381 1494 1566 I wm_set_resumed_activity: [0,com.android.music/.MusicBrowserActivity,setFocusedTask]
12-08 09:12:44.382 1494 1566 I ActivityTaskManager: FOREGROUND_APPLICATION_CHANGED to com.android.music.MusicBrowserActivity
12-08 09:12:44.382 1494 1568 I input_focus: [Focus request bdb372 com.android.music/com.android.music.MusicBrowserActivity,reason=UpdateInputWindows]
12-08 09:12:44.383 14889 14889 I wm_on_top_resumed_gained_called: [121558406,com.android.music.MusicBrowserActivity,topStateChangedWhenResumed]
12-08 09:12:44.391 1494 7390 I wm_task_moved: [36,0,0]
12-08 09:12:44.391 1494 7390 I wm_task_moved: [36,0,6]
12-08 09:12:44.395 1494 7390 W WindowManager: updateScale0.4617737
12-08 09:12:44.406 2523 2523 I wm_on_restart_called: [103271708,com.android.launcher3.uioverrides.QuickstepLauncher,performRestartActivity]
12-08 09:12:44.412 10409 10425 W ContextImpl: Calling a method in the system process without a qualified user: android.app.ContextImpl.startService:1816 android.content.ContextWrapper.startService:774 com.thundercomm.gamemode.ingame.services.GameModeActionUtils.startGameModeService:93 com.thundercomm.gamemode.ingame.services.GameModeActionUtils.startGameModeEntry:21 com.thundercomm.gamemode.ingame.services.ActivityMonitoringService$1.onActivityLaunch:127
12-08 09:12:44.414 1494 1726 I input_focus: [Focus leaving 2ec6e99 com.android.deskclock/com.android.deskclock.DeskClock (server),reason=setFocusedWindow]
12-08 09:12:44.414 1494 1726 I input_focus: [Focus entering bdb372 com.android.music/com.android.music.MusicBrowserActivity (server),reason=setFocusedWindow]
12-08 09:12:44.422 1494 1494 I GameModeConfig: Current uri is uri = content://com.thundercomm.gamemode.api/gamemode_settings/gamemode_isgaming
12-08 09:12:44.426 1494 1494 I GameModeConfig: isGameModeOn = false
12-08 09:12:44.427 1494 1494 I GameModeConfig: isGameModeOn = false
12-08 09:12:44.427 1494 1494 I GameModeConfig: isDisableVoice = true
12-08 09:12:44.427 2523 2523 I wm_on_start_called: [103271708,com.android.launcher3.uioverrides.QuickstepLauncher,handleStartActivity]
12-08 09:12:44.428 1494 1566 W WindowManager: updateScale0.4617737
12-08 09:12:44.431 1494 1566 W WindowManager: updateScale0.4617737
12-08 09:12:44.434 1494 2035 W WindowManager: updateScale0.4617737
12-08 09:12:44.444 1494 1568 W WindowManager: updateScale0.4617737
12-08 09:12:44.445 1494 1568 W WindowManager: updateScale0.4617737
12-08 09:12:44.447 1494 1568 W WindowManager: updateScale0.4617737
12-08 09:12:44.450 1494 1563 I sysui_multi_action: [319,7,322,55,325,17760,757,761,758,9,759,5,806,com.android.launcher3,871,com.android.launcher3.uioverrides.QuickstepLauncher,904,com.android.launcher3,905,0,1320,8,1321,5]
12-08 09:12:44.457 1494 6909 W ActivityTaskManager: getTaskSnapshot: taskId=5231 not found
12-08 09:12:44.459 1494 6909 W WindowManager: updateScale0.4617737
12-08 09:12:44.461 1494 7390 W ActivityTaskManager: getTaskSnapshot: taskId=4231 not found
12-08 09:12:44.633 1494 1700 I commit_sys_config_file: [settings-1-0,7]
12-08 09:12:44.659 1494 2742 I wm_task_moved: [36,0,5]
12-08 09:12:44.660 1494 2742 I wm_add_to_stopping: [0,103271708,com.android.launcher3/.uioverrides.QuickstepLauncher,makeInvisible]
12-08 09:12:44.661 1494 2742 W WindowManager: updateScale0.4617737
12-08 09:12:44.663 1494 2742 W WindowManager: updateScale0.4617737
12-08 09:12:44.667 1494 1566 I wm_stop_activity: [0,103271708,com.android.launcher3/.uioverrides.QuickstepLauncher]
12-08 09:12:44.675 1494 7390 W WindowManager: updateScale0.4617737
12-08 09:12:44.679 2523 2523 I wm_on_stop_called: [103271708,com.android.launcher3.uioverrides.QuickstepLauncher,STOP_ACTIVITY_ITEM]
12-08 09:12:44.690 1494 1579 W UsageStatsService: Unexpected activity event reported! (com.android.launcher3/com.android.launcher3.uioverrides.QuickstepLauncher event : 23 instanceId : 86809965)
12-08 09:12:44.699 10409 10425 W ContextImpl: Calling a method in the system process without a qualified user: android.app.ContextImpl.startService:1816 android.content.ContextWrapper.startService:774 com.thundercomm.gamemode.ingame.services.GameModeActionUtils.startGameModeService:93 com.thundercomm.gamemode.ingame.services.GameModeActionUtils.startGameModeEntry:21 com.thundercomm.gamemode.ingame.services.ActivityMonitoringService$1.onActivityLaunch:127
12-08 09:12:44.703 1494 1494 I GameModeConfig: Current uri is uri = content://com.thundercomm.gamemode.api/gamemode_settings/gamemode_isgaming
12-08 09:12:44.704 1494 1494 I GameModeConfig: isGameModeOn = false
12-08 09:12:44.705 1494 1494 I GameModeConfig: isGameModeOn = false
12-08 09:12:44.705 1494 1494 I GameModeConfig: isDisableVoice = true
12-08 09:12:45.055 0 0 I auditd : type=1400 audit(0.0:18938): avc: denied { kill } for comm="swapper/2" capability=5 scontext=u:r:kernel:s0 tcontext=u:r:kernel:s0 tclass=capability permissive=0
12-08 09:12:45.291 1494 1905 I GameModeConfig: isGameModeOn = false
12-08 09:12:45.305 1494 1905 I GameModeConfig: isGameModeOn = false
12-08 09:12:45.319 1494 1905 I GameModeConfig: isGameModeOn = false
12-08 09:12:45.334 1494 1905 I GameModeConfig: isGameModeOn = false
12-08 09:12:45.347 1494 1905 I GameModeConfig: isGameModeOn = false
12-08 09:12:45.367 1494 1905 I GameModeConfig: isGameModeOn = false
12-08 09:12:45.380 1494 1905 I GameModeConfig: isGameModeOn = false
12-08 09:12:45.396 1494 1905 I GameModeConfig: isGameModeOn = false
12-08 09:12:45.484 1494 1905 I GameModeConfig: isGameModeOn = false
12-08 09:12:45.509 1494 1905 I GameModeConfig: isGameModeOn = false
12-08 09:12:45.523 1494 1905 I GameModeConfig: isGameModeOn = false
12-08 09:12:45.537 1494 1905 I GameModeConfig: isGameModeOn = false
12-08 09:12:45.549 1494 1905 I GameModeConfig: isGameModeOn = false
12-08 09:12:45.567 1494 1905 I GameModeConfig: isGameModeOn = false
12-08 09:12:45.584 1494 1905 I GameModeConfig: isGameModeOn = false
12-08 09:12:45.596 1494 1905 I GameModeConfig: isGameModeOn = false
12-08 09:12:46.055 0 0 I auditd : type=1400 audit(0.0:18939): avc: denied { kill } for comm="swapper/2" capability=5 scontext=u:r:kernel:s0 tcontext=u:r:kernel:s0 tclass=capability permissive=0
12-08 09:12:48.055 0 0 I auditd : type=1400 audit(0.0:18940): avc: denied { kill } for comm="swapper/2" capability=5 scontext=u:r:kernel:s0 tcontext=u:r:kernel:s0 tclass=capability permissive=0
12-08 09:12:49.055 18398 18398 I auditd : type=1400 audit(0.0:18941): avc: denied { kill } for comm="kworker/u17:1" capability=5 scontext=u:r:kernel:s0 tcontext=u:r:kernel:s0 tclass=capability permissive=0
12-08 09:12:50.055 0 0 I auditd : type=1400 audit(0.0:18942): avc: denied { kill } for comm="swapper/2" capability=5 scontext=u:r:kernel:s0 tcontext=u:r:kernel:s0 tclass=capability permissive=0
12-08 09:12:52.107 1494 1726 I input_interaction: Interaction with: 2ec6e99 com.android.deskclock/com.android.deskclock.DeskClock (server), edge-swipe (server), swipe-up (server), PointerEventDispatcher0 (server),
12-08 09:12:52.110 1494 1566 I wm_task_moved: [232,1,7]
12-08 09:12:52.110 1494 1566 I wm_task_to_front: [0,232]
12-08 09:12:52.112 1494 1566 W WindowManager: updateScale0.4617737
12-08 09:12:52.116 1494 1566 I wm_set_resumed_activity: [0,com.android.deskclock/.DeskClock,positionChildAt]
12-08 09:12:52.116 1494 1566 I wm_focused_root_task: [0,0,232,231,setFocusedTask]
12-08 09:12:52.116 1494 1566 I wm_set_resumed_activity: [0,com.android.deskclock/.DeskClock,setFocusedTask]
12-08 09:12:52.116 14889 14889 I wm_on_top_resumed_lost_called: [121558406,com.android.music.MusicBrowserActivity,topStateChangedWhenResumed]
12-08 09:12:52.116 1494 1566 I ActivityTaskManager: FOREGROUND_APPLICATION_CHANGED to com.android.deskclock.DeskClock
12-08 09:12:52.117 19945 19945 I wm_on_top_resumed_gained_called: [259862908,com.android.deskclock.DeskClock,topStateChangedWhenResumed]
12-08 09:12:52.117 1494 1568 I input_focus: [Focus request 2ec6e99 com.android.deskclock/com.android.deskclock.DeskClock,reason=UpdateInputWindows]
12-08 09:12:52.142 1494 1726 I input_focus: [Focus leaving bdb372 com.android.music/com.android.music.MusicBrowserActivity (server),reason=setFocusedWindow]
12-08 09:12:52.142 1494 1726 I input_focus: [Focus entering 2ec6e99 com.android.deskclock/com.android.deskclock.DeskClock (server),reason=setFocusedWindow]
12-08 09:12:52.177 1494 1726 I input_interaction: Interaction with: WindowManager (server), edge-swipe (server), swipe-up (server), PointerEventDispatcher0 (server),
12-08 09:12:52.179 19945 19945 I view_enqueue_input_event: [Motion - Cancel,com.android.deskclock/com.android.deskclock.DeskClock]
12-08 09:12:52.191 1494 1568 D FreeFormWindowHelper: refreshTipWindow windowDragBounds:Rect(25, 87 - 327, 625)
12-08 09:12:52.194 1494 1568 W WindowManager: updateScale0.4617737
12-08 09:12:52.208 1494 1568 D FreeFormWindowHelper: refreshTipWindow windowDragBounds:Rect(73, 100 - 375, 638)
12-08 09:12:52.210 1494 1568 W WindowManager: updateScale0.4617737
12-08 09:12:52.226 1494 1568 D FreeFormWindowHelper: refreshTipWindow windowDragBounds:Rect(128, 111 - 430, 649)
12-08 09:12:52.227 1494 1568 W WindowManager: updateScale0.4617737
12-08 09:12:52.244 1494 1568 D FreeFormWindowHelper: refreshTipWindow windowDragBounds:Rect(192, 118 - 494, 656)
12-08 09:12:52.246 1494 1568 W WindowManager: updateScale0.4617737
12-08 09:12:52.258 1494 1568 D FreeFormWindowHelper: refreshTipWindow windowDragBounds:Rect(259, 123 - 561, 661)
12-08 09:12:52.260 1494 1568 W WindowManager: updateScale0.4617737
12-08 09:12:52.275 1494 1568 D FreeFormWindowHelper: refreshTipWindow windowDragBounds:Rect(337, 131 - 639, 669)
12-08 09:12:52.276 1494 1568 W WindowManager: updateScale0.4617737
12-08 09:12:52.292 1494 1568 D FreeFormWindowHelper: refreshTipWindow windowDragBounds:Rect(419, 139 - 721, 677)
12-08 09:12:52.293 1494 1568 W WindowManager: updateScale0.4617737
12-08 09:12:52.309 1494 1568 D FreeFormWindowHelper: refreshTipWindow windowDragBounds:Rect(504, 148 - 806, 686)
12-08 09:12:52.311 1494 1568 W WindowManager: updateScale0.4617737
12-08 09:12:52.325 1494 1568 D FreeFormWindowHelper: refreshTipWindow windowDragBounds:Rect(600, 159 - 902, 697)
12-08 09:12:52.326 1494 1568 W WindowManager: updateScale0.4617737
12-08 09:12:52.342 1494 1568 D FreeFormWindowHelper: refreshTipWindow windowDragBounds:Rect(707, 175 - 1009, 713)
12-08 09:12:52.344 1494 1568 W WindowManager: updateScale0.4617737
12-08 09:12:52.347 1494 7390 W WindowManager: updateScale0.4617737
12-08 09:12:52.359 1494 1568 D FreeFormWindowHelper: refreshTipWindow windowDragBounds:Rect(811, 192 - 1113, 730)
12-08 09:12:52.360 1494 1568 W WindowManager: updateScale0.4617737
12-08 09:12:52.375 1494 1568 D FreeFormWindowHelper: refreshTipWindow windowDragBounds:Rect(917, 211 - 1219, 749)
12-08 09:12:52.377 1494 1568 W WindowManager: updateScale0.4617737
12-08 09:12:52.392 1494 1568 D FreeFormWindowHelper: refreshTipWindow windowDragBounds:Rect(1024, 234 - 1326, 772)
12-08 09:12:52.394 1494 1568 W WindowManager: updateScale0.4617737
12-08 09:12:52.408 1494 1568 D FreeFormWindowHelper: refreshTipWindow windowDragBounds:Rect(1137, 257 - 1439, 795)
12-08 09:12:52.410 1494 1568 W WindowManager: updateScale0.4617737
12-08 09:12:52.425 1494 1568 D FreeFormWindowHelper: refreshTipWindow windowDragBounds:Rect(1245, 279 - 1547, 817)
12-08 09:12:52.427 1494 1568 W WindowManager: updateScale0.4617737
12-08 09:12:52.442 1494 1568 D FreeFormWindowHelper: refreshTipWindow windowDragBounds:Rect(1353, 302 - 1655, 840)
12-08 09:12:52.444 1494 1568 W WindowManager: updateScale0.4617737
12-08 09:12:52.457 1494 7390 W WindowManager: updateScale0.4617737
12-08 09:12:52.459 1494 1568 D FreeFormWindowHelper: refreshTipWindow windowDragBounds:Rect(1452, 324 - 1754, 862)
12-08 09:12:52.460 1494 1568 W WindowManager: updateScale0.4617737
12-08 09:12:52.475 1494 1568 D FreeFormWindowHelper: refreshTipWindow windowDragBounds:Rect(1561, 350 - 1863, 888)
12-08 09:12:52.477 1494 1568 W WindowManager: updateScale0.4617737
12-08 09:12:52.492 1494 1568 D FreeFormWindowHelper: refreshTipWindow windowDragBounds:Rect(1657, 368 - 1959, 906)
12-08 09:12:52.494 1494 1568 W WindowManager: updateScale0.4617737
12-08 09:12:52.509 1494 1568 D FreeFormWindowHelper: refreshTipWindow windowDragBounds:Rect(1754, 390 - 2056, 928)
12-08 09:12:52.510 1494 1568 W WindowManager: updateScale0.4617737
12-08 09:12:52.526 1494 1568 D FreeFormWindowHelper: refreshTipWindow windowDragBounds:Rect(1841, 410 - 2143, 948)
12-08 09:12:52.528 1494 1568 W WindowManager: updateScale0.4617737
12-08 09:12:52.542 1494 1568 D FreeFormWindowHelper: refreshTipWindow windowDragBounds:Rect(1936, 440 - 2238, 978)
12-08 09:12:52.544 1494 1568 W WindowManager: updateScale0.4617737
12-08 09:12:52.547 1494 6909 W WindowManager: updateScale0.4617737
12-08 09:12:52.559 1494 1568 D FreeFormWindowHelper: refreshTipWindow windowDragBounds:Rect(2035, 469 - 2337, 1007)
12-08 09:12:52.560 1494 1568 W WindowManager: updateScale0.4617737
12-08 09:12:52.576 1494 1568 D FreeFormWindowHelper: refreshTipWindow windowDragBounds:Rect(2137, 501 - 2439, 1039)
12-08 09:12:52.577 1494 1568 W WindowManager: updateScale0.4617737
12-08 09:12:52.578 1494 1568 W WindowManager: updateScale0.4617737
12-08 09:12:52.592 1494 1568 D FreeFormWindowHelper: refreshTipWindow windowDragBounds:Rect(2243, 534 - 2545, 1072)
12-08 09:12:52.593 1494 1568 W WindowManager: updateScale0.4617737
12-08 09:12:52.609 1494 1568 D FreeFormWindowHelper: refreshTipWindow windowDragBounds:Rect(2345, 567 - 2647, 1105)
12-08 09:12:52.611 1494 1568 W WindowManager: updateScale0.4617737
12-08 09:12:52.635 1494 1568 D WindowManager: updateWindowDragBounds: mIsSwipeYtrue
12-08 09:12:52.635 1494 1568 D WindowManager: updateWindowDragBounds: mIsTopfalse
12-08 09:12:52.635 1494 1568 D WindowManager: updateWindowDragBounds: mIsSwipeXfalse
12-08 09:12:52.638 1494 1568 W WindowManager: updateScale0.4617737
12-08 09:12:53.055 0 0 I auditd : type=1400 audit(0.0:18943): avc: denied { kill } for comm="swapper/1" capability=5 scontext=u:r:kernel:s0 tcontext=u:r:kernel:s0 tclass=capability permissive=0
12-08 09:12:53.723 1494 1726 I input_interaction: Interaction with: bdb372 com.android.music/com.android.music.MusicBrowserActivity (server), edge-swipe (server), swipe-up (server), PointerEventDispatcher0 (server),
12-08 09:12:53.726 1494 1566 I wm_task_moved: [231,1,7]
12-08 09:12:53.726 1494 1566 I wm_task_to_front: [0,231]
12-08 09:12:53.728 1494 1566 W WindowManager: updateScale0.4617737
12-08 09:12:53.731 1494 1566 I wm_set_resumed_activity: [0,com.android.music/.MusicBrowserActivity,positionChildAt]
12-08 09:12:53.731 1494 1566 I wm_focused_root_task: [0,0,231,232,setFocusedTask]
12-08 09:12:53.732 1494 1566 I wm_set_resumed_activity: [0,com.android.music/.MusicBrowserActivity,setFocusedTask]
12-08 09:12:53.732 1494 1566 I ActivityTaskManager: FOREGROUND_APPLICATION_CHANGED to com.android.music.MusicBrowserActivity
12-08 09:12:53.732 19945 19945 I wm_on_top_resumed_lost_called: [259862908,com.android.deskclock.DeskClock,topStateChangedWhenResumed]
12-08 09:12:53.733 1494 1568 I input_focus: [Focus request bdb372 com.android.music/com.android.music.MusicBrowserActivity,reason=UpdateInputWindows]
12-08 09:12:53.737 14889 14889 I wm_on_top_resumed_gained_called: [121558406,com.android.music.MusicBrowserActivity,topStateChangedWhenResumed]
12-08 09:12:53.763 1494 1726 I input_focus: [Focus leaving 2ec6e99 com.android.deskclock/com.android.deskclock.DeskClock (server),reason=setFocusedWindow]
12-08 09:12:53.763 1494 1726 I input_focus: [Focus entering bdb372 com.android.music/com.android.music.MusicBrowserActivity (server),reason=setFocusedWindow]
12-08 09:12:54.601 1494 6909 I wm_task_moved: [36,0,0]
12-08 09:12:54.602 1494 6909 I wm_task_moved: [36,0,6]
12-08 09:12:54.606 1494 6909 W WindowManager: updateScale0.4617737
12-08 09:12:54.610 2523 2523 I wm_on_restart_called: [103271708,com.android.launcher3.uioverrides.QuickstepLauncher,performRestartActivity]
12-08 09:12:54.622 10409 10425 W ContextImpl: Calling a method in the system process without a qualified user: android.app.ContextImpl.startService:1816 android.content.ContextWrapper.startService:774 com.thundercomm.gamemode.ingame.services.GameModeActionUtils.startGameModeService:93 com.thundercomm.gamemode.ingame.services.GameModeActionUtils.startGameModeEntry:21 com.thundercomm.gamemode.ingame.services.ActivityMonitoringService$1.onActivityLaunch:127
12-08 09:12:54.633 1494 1494 I GameModeConfig: Current uri is uri = content://com.thundercomm.gamemode.api/gamemode_settings/gamemode_isgaming
12-08 09:12:54.637 1494 1494 I GameModeConfig: isGameModeOn = false
12-08 09:12:54.638 1494 1494 I GameModeConfig: isGameModeOn = false
12-08 09:12:54.638 1494 1494 I GameModeConfig: isDisableVoice = true
12-08 09:12:54.642 2523 2523 I wm_on_start_called: [103271708,com.android.launcher3.uioverrides.QuickstepLauncher,handleStartActivity]
12-08 09:12:54.645 1494 1566 W WindowManager: updateScale0.4617737
12-08 09:12:54.646 1494 1566 W WindowManager: updateScale0.4617737
12-08 09:12:54.648 1494 7390 W WindowManager: updateScale0.4617737
12-08 09:12:54.650 1494 2742 W ActivityTaskManager: getTaskSnapshot: taskId=3231 not found
12-08 09:12:54.650 1494 6909 W ActivityTaskManager: getTaskSnapshot: taskId=2231 not found
12-08 09:12:54.653 1494 6909 W ActivityTaskManager: getTaskSnapshot: taskId=1231 not found
12-08 09:12:54.657 1494 1568 W WindowManager: updateScale0.4617737
12-08 09:12:54.659 1494 1568 W WindowManager: updateScale0.4617737
12-08 09:12:54.660 1494 1568 W WindowManager: updateScale0.4617737
12-08 09:12:54.669 1494 1563 I sysui_multi_action: [319,8,322,57,325,17770,757,761,758,9,759,5,806,com.android.launcher3,871,com.android.launcher3.uioverrides.QuickstepLauncher,904,com.android.launcher3,905,0,1320,8,1321,5]
12-08 09:12:54.835 1494 6909 I wm_task_moved: [36,0,5]
12-08 09:12:54.836 1494 6909 I wm_add_to_stopping: [0,103271708,com.android.launcher3/.uioverrides.QuickstepLauncher,makeInvisible]
12-08 09:12:54.837 1494 6909 W WindowManager: updateScale0.4617737
12-08 09:12:54.839 1494 6909 W WindowManager: updateScale0.4617737
12-08 09:12:54.842 1494 1566 I wm_stop_activity: [0,103271708,com.android.launcher3/.uioverrides.QuickstepLauncher]
12-08 09:12:54.855 1494 1700 I commit_sys_config_file: [settings-1-0,15]
12-08 09:12:54.858 1494 6909 W WindowManager: updateScale0.4617737
12-08 09:12:54.868 1494 1579 I am_pss : [19945,10066,com.android.deskclock,94385152,87617536,0,225955840,0,2,12]
12-08 09:12:54.868 2523 2523 I wm_on_stop_called: [103271708,com.android.launcher3.uioverrides.QuickstepLauncher,STOP_ACTIVITY_ITEM]
12-08 09:12:54.871 1494 1579 W UsageStatsService: Unexpected activity event reported! (com.android.launcher3/com.android.launcher3.uioverrides.QuickstepLauncher event : 23 instanceId : 86809965)
12-08 09:12:54.879 10409 10425 W ContextImpl: Calling a method in the system process without a qualified user: android.app.ContextImpl.startService:1816 android.content.ContextWrapper.startService:774 com.thundercomm.gamemode.ingame.services.GameModeActionUtils.startGameModeService:93 com.thundercomm.gamemode.ingame.services.GameModeActionUtils.startGameModeEntry:21 com.thundercomm.gamemode.ingame.services.ActivityMonitoringService$1.onActivityLaunch:127
12-08 09:12:54.883 1494 1494 I GameModeConfig: Current uri is uri = content://com.thundercomm.gamemode.api/gamemode_settings/gamemode_isgaming
12-08 09:12:54.886 1494 1494 I GameModeConfig: isGameModeOn = false
12-08 09:12:54.887 1494 1494 I GameModeConfig: isGameModeOn = false
12-08 09:12:54.887 1494 1494 I GameModeConfig: isDisableVoice = true
12-08 09:12:55.055 0 0 I auditd : type=1400 audit(0.0:18944): avc: denied { kill } for comm="swapper/3" capability=5 scontext=u:r:kernel:s0 tcontext=u:r:kernel:s0 tclass=capability permissive=0
12-08 09:12:56.522 1494 1701 D ActivityManager: freezing 18600 com.android.gallery3d
12-08 09:12:56.523 1494 1701 E ActivityManager: Unable to freeze binder for 18600 com.android.gallery3d
12-08 09:12:56.533 1494 1701 D ActivityManager: froze 18600 com.android.gallery3d
12-08 09:12:56.533 1494 1701 I am_freeze: [18600,com.android.gallery3d]
12-08 09:12:56.536 1494 1701 E ActivityManager: Unable to freeze binder for 18600 com.android.gallery3d
12-08 09:12:56.538 1494 1701 I ActivityManager: Killing 18600:com.android.gallery3d/u0a65 (adj 905): Unable to freeze binder interface
12-08 09:12:56.538 1494 1701 I am_kill : [0,18600,com.android.gallery3d,905,Unable to freeze binder interface]
12-08 09:12:56.606 1494 1523 I am_proc_died: [0,18600,com.android.gallery3d,905,19]
12-08 09:12:56.609 1494 1523 I am_uid_stopped: 10065
12-08 09:12:56.616 1494 1566 W ActivityManager: setHasOverlayUi called on unknown pid: 18600
12-08 09:12:56.619 1494 1566 I am_uid_running: 10065
12-08 09:12:56.619 1494 1566 D CompatibilityChangeReporter: Compat change id reported: 135634846; UID 10065; state: DISABLED
12-08 09:12:56.619 1494 1566 D CompatibilityChangeReporter: Compat change id reported: 177438394; UID 10065; state: DISABLED
12-08 09:12:56.619 1494 1566 D CompatibilityChangeReporter: Compat change id reported: 135772972; UID 10065; state: DISABLED
12-08 09:12:56.619 1494 1566 D CompatibilityChangeReporter: Compat change id reported: 135754954; UID 10065; state: DISABLED
12-08 09:12:56.620 1494 1582 D CompatibilityChangeReporter: Compat change id reported: 143937733; UID 10065; state: DISABLED
12-08 09:12:56.636 1494 1582 I am_proc_start: [0,20130,10065,com.android.gallery3d,NULL,]
12-08 09:12:56.636 1494 1582 I ActivityManager: Start proc 20130:com.android.gallery3d/u0a65 for null
12-08 09:12:56.672 1494 1523 I am_proc_bound: [0,20130,com.android.gallery3d]
12-08 09:12:58.055 7921 7921 I auditd : type=1400 audit(0.0:18945): avc: denied { kill } for comm="dp_rx_thread_0" capability=5 scontext=u:r:kernel:s0 tcontext=u:r:kernel:s0 tclass=capability permissive=0
12-08 09:13:00.055 0 0 I auditd : type=1400 audit(0.0:18946): avc: denied { kill } for comm="swapper/2" capability=5 scontext=u:r:kernel:s0 tcontext=u:r:kernel:s0 tclass=capability permissive=0
12-08 09:13:01.055 0 0 I auditd : type=1400 audit(0.0:18947): avc: denied { kill } for comm="swapper/2" capability=5 scontext=u:r:kernel:s0 tcontext=u:r:kernel:s0 tclass=capability permissive=0
12-08 09:13:02.055 0 0 I auditd : type=1400 audit(0.0:18948): avc: denied { kill } for comm="swapper/2" capability=5 scontext=u:r:kernel:s0 tcontext=u:r:kernel:s0 tclass=capability permissive=0
12-08 09:13:04.055 0 0 I auditd : type=1400 audit(0.0:18949): avc: denied { kill } for comm="swapper/2" capability=5 scontext=u:r:kernel:s0 tcontext=u:r:kernel:s0 tclass=capability permissive=0
12-08 09:13:05.055 0 0 I auditd : type=1400 audit(0.0:18950): avc: denied { kill } for comm="swapper/2" capability=5 scontext=u:r:kernel:s0 tcontext=u:r:kernel:s0 tclass=capability permissive=0
12-08 09:13:06.055 0 0 I auditd : type=1400 audit(0.0:18951): avc: denied { kill } for comm="swapper/2" capability=5 scontext=u:r:kernel:s0 tcontext=u:r:kernel:s0 tclass=capability permissive=0
12-08 09:13:08.055 0 0 I auditd : type=1400 audit(0.0:18952): avc: denied { kill } for comm="swapper/2" capability=5 scontext=u:r:kernel:s0 tcontext=u:r:kernel:s0 tclass=capability permissive=0
12-08 09:13:10.055 1234 1234 I auditd : type=1400 audit(0.0:18953): avc: denied { kill } for comm="wlan_logging_th" capability=5 scontext=u:r:kernel:s0 tcontext=u:r:kernel:s0 tclass=capability permissive=0
12-08 09:13:12.055 287 287 I auditd : type=1400 audit(0.0:18954): avc: denied { kill } for comm="kgsl_worker_thr" capability=5 scontext=u:r:kernel:s0 tcontext=u:r:kernel:s0 tclass=capability permissive=0
12-08 09:13:13.055 0 0 I auditd : type=1400 audit(0.0:18955): avc: denied { kill } for comm="swapper/2" capability=5 scontext=u:r:kernel:s0 tcontext=u:r:kernel:s0 tclass=capability permissive=0
12-08 09:13:14.055 0 0 I auditd : type=1400 audit(0.0:18956): avc: denied { kill } for comm="swapper/2" capability=5 scontext=u:r:kernel:s0 tcontext=u:r:kernel:s0 tclass=capability permissive=0
12-08 09:13:15.055 0 0 I auditd : type=1400 audit(0.0:18957): avc: denied { kill } for comm="swapper/2" capability=5 scontext=u:r:kernel:s0 tcontext=u:r:kernel:s0 tclass=capability permissive=0
12-08 09:13:16.055 0 0 I auditd : type=1400 audit(0.0:18958): avc: denied { kill } for comm="swapper/2" capability=5 scontext=u:r:kernel:s0 tcontext=u:r:kernel:s0 tclass=capability permissive=0
12-08 09:13:17.055 0 0 I auditd : type=1400 audit(0.0:18959): avc: denied { kill } for comm="swapper/2" capability=5 scontext=u:r:kernel:s0 tcontext=u:r:kernel:s0 tclass=capability permissive=0
12-08 09:13:18.055 0 0 I auditd : type=1400 audit(0.0:18960): avc: denied { kill } for comm="swapper/2" capability=5 scontext=u:r:kernel:s0 tcontext=u:r:kernel:s0 tclass=capability permissive=0
12-08 09:13:19.055 0 0 I auditd : type=1400 audit(0.0:18961): avc: denied { kill } for comm="swapper/2" capability=5 scontext=u:r:kernel:s0 tcontext=u:r:kernel:s0 tclass=capability permissive=0
12-08 09:13:19.658 1494 1581 I am_uid_idle: 10094
12-08 09:13:20.055 0 0 I auditd : type=1400 audit(0.0:18962): avc: denied { kill } for comm="swapper/2" capability=5 scontext=u:r:kernel:s0 tcontext=u:r:kernel:s0 tclass=capability permissive=0
12-08 09:13:21.039 1494 1801 I netstats_mobile_sample: [0,0,0,0,0,0,0,0,0,0,0,0,1670462001038]
12-08 09:13:21.039 1494 1801 I netstats_wifi_sample: [30139058,56380,31826416,79614,30139058,56380,31826416,79614,36227946,94902,16234463,43957,1670462001038]
12-08 09:13:21.055 0 0 I auditd : type=1400 audit(0.0:18963): avc: denied { kill } for comm="swapper/2" capability=5 scontext=u:r:kernel:s0 tcontext=u:r:kernel:s0 tclass=capability permissive=0
12-08 09:13:23.055 0 0 I auditd : type=1400 audit(0.0:18964): avc: denied { kill } for comm="swapper/2" capability=5 scontext=u:r:kernel:s0 tcontext=u:r:kernel:s0 tclass=capability permissive=0
12-08 09:13:24.055 0 0 I auditd : type=1400 audit(0.0:18965): avc: denied { kill } for comm="swapper/2" capability=5 scontext=u:r:kernel:s0 tcontext=u:r:kernel:s0 tclass=capability permissive=0
12-08 09:13:25.055 0 0 I auditd : type=1400 audit(0.0:18966): avc: denied { kill } for comm="swapper/2" capability=5 scontext=u:r:kernel:s0 tcontext=u:r:kernel:s0 tclass=capability permissive=0
12-08 09:13:26.055 0 0 I auditd : type=1400 audit(0.0:18967): avc: denied { kill } for comm="swapper/2" capability=5 scontext=u:r:kernel:s0 tcontext=u:r:kernel:s0 tclass=capability permissive=0
12-08 09:13:29.055 0 0 I auditd : type=1400 audit(0.0:18968): avc: denied { kill } for comm="swapper/1" capability=5 scontext=u:r:kernel:s0 tcontext=u:r:kernel:s0 tclass=capability permissive=0
12-08 09:13:31.055 0 0 I auditd : type=1400 audit(0.0:18969): avc: denied { kill } for comm="swapper/1" capability=5 scontext=u:r:kernel:s0 tcontext=u:r:kernel:s0 tclass=capability permissive=0
12-08 09:13:32.055 0 0 I auditd : type=1400 audit(0.0:18970): avc: denied { kill } for comm="swapper/1" capability=5 scontext=u:r:kernel:s0 tcontext=u:r:kernel:s0 tclass=capability permissive=0
12-08 09:13:33.055 0 0 I auditd : type=1400 audit(0.0:18971): avc: denied { kill } for comm="swapper/1" capability=5 scontext=u:r:kernel:s0 tcontext=u:r:kernel:s0 tclass=capability permissive=0
12-08 09:13:35.055 0 0 I auditd : type=1400 audit(0.0:18972): avc: denied { kill } for comm="swapper/2" capability=5 scontext=u:r:kernel:s0 tcontext=u:r:kernel:s0 tclass=capability permissive=0
12-08 09:13:36.055 0 0 I auditd : type=1400 audit(0.0:18973): avc: denied { kill } for comm="swapper/2" capability=5 scontext=u:r:kernel:s0 tcontext=u:r:kernel:s0 tclass=capability permissive=0
12-08 09:13:37.055 18426 18426 I auditd : type=1400 audit(0.0:18974): avc: denied { kill } for comm="kworker/u17:5" capability=5 scontext=u:r:kernel:s0 tcontext=u:r:kernel:s0 tclass=capability permissive=0
12-08 09:13:39.055 0 0 I auditd : type=1400 audit(0.0:18975): avc: denied { kill } for comm="swapper/2" capability=5 scontext=u:r:kernel:s0 tcontext=u:r:kernel:s0 tclass=capability permissive=0
12-08 09:13:40.055 0 0 I auditd : type=1400 audit(0.0:18976): avc: denied { kill } for comm="swapper/2" capability=5 scontext=u:r:kernel:s0 tcontext=u:r:kernel:s0 tclass=capability permissive=0
12-08 09:13:41.055 0 0 I auditd : type=1400 audit(0.0:18977): avc: denied { kill } for comm="swapper/2" capability=5 scontext=u:r:kernel:s0 tcontext=u:r:kernel:s0 tclass=capability permissive=0
12-08 09:13:43.303 1494 1701 D ActivityManager: freezing 18185 com.android.documentsui
12-08 09:13:43.304 1494 1701 E ActivityManager: Unable to freeze binder for 18185 com.android.documentsui
12-08 09:13:43.305 1494 1701 D ActivityManager: froze 18185 com.android.documentsui
12-08 09:13:43.305 1494 1701 I am_freeze: [18185,com.android.documentsui]
12-08 09:13:43.305 1494 1701 E ActivityManager: Unable to freeze binder for 18185 com.android.documentsui
12-08 09:13:43.308 1494 1701 D ActivityManager: freezing 19009 android.process.media
12-08 09:13:43.308 1494 1701 E ActivityManager: Unable to freeze binder for 19009 android.process.media
12-08 09:13:43.310 1494 1701 D ActivityManager: froze 19009 android.process.media
12-08 09:13:43.310 1494 1701 I am_freeze: [19009,android.process.media]
12-08 09:13:43.310 1494 1701 E ActivityManager: Unable to freeze binder for 19009 android.process.media
12-08 09:13:43.313 1494 1701 D ActivityManager: freezing 18996 com.android.externalstorage
12-08 09:13:43.313 1494 1701 E ActivityManager: Unable to freeze binder for 18996 com.android.externalstorage
12-08 09:13:43.314 1494 1701 D ActivityManager: froze 18996 com.android.externalstorage
12-08 09:13:43.314 1494 1701 I am_freeze: [18996,com.android.externalstorage]
12-08 09:13:43.314 1494 1701 E ActivityManager: Unable to freeze binder for 18996 com.android.externalstorage
12-08 09:13:43.316 1494 1701 I ActivityManager: Killing 18185:com.android.documentsui/u0a20 (adj 905): Unable to freeze binder interface
12-08 09:13:43.316 1494 1701 I am_kill : [0,18185,com.android.documentsui,905,Unable to freeze binder interface]
12-08 09:13:43.319 1494 1701 I ActivityManager: Killing 19009:android.process.media/u0a23 (adj 945): Unable to freeze binder interface
12-08 09:13:43.319 1494 1701 I am_kill : [0,19009,android.process.media,945,Unable to freeze binder interface]
12-08 09:13:43.321 1494 1701 I ActivityManager: Killing 18996:com.android.externalstorage/u0a28 (adj 945): Unable to freeze binder interface
12-08 09:13:43.321 1494 1701 I am_kill : [0,18996,com.android.externalstorage,945,Unable to freeze binder interface]
12-08 09:13:43.353 1494 1523 I am_proc_died: [0,19009,android.process.media,945,19]
12-08 09:13:43.354 1494 1523 I am_uid_stopped: 10023
12-08 09:13:43.366 1494 5966 I am_proc_died: [0,18996,com.android.externalstorage,945,19]
12-08 09:13:43.367 1494 5966 I am_uid_stopped: 10028
12-08 09:13:43.372 1494 1579 I am_pss : [14889,10090,com.android.music,91882496,85815296,0,214720512,0,2,9]
12-08 09:13:43.379 1494 1579 I am_pss : [20130,10065,com.android.gallery3d,7689216,5292032,0,92868608,0,19,5]
12-08 09:13:43.386 1494 5966 I am_proc_died: [0,18185,com.android.documentsui,905,19]
12-08 09:13:43.386 1494 1579 I am_pss : [19827,10061,com.android.soundrecorder,5688320,3940352,0,88776704,0,19,5]
12-08 09:13:43.387 1494 5966 I am_uid_stopped: 10020
12-08 09:13:43.389 1494 1566 W ActivityManager: setHasOverlayUi called on unknown pid: 18185
12-08 09:13:43.393 1494 1579 I am_pss : [19826,1000,com.android.settings,19578880,11956224,0,109834240,0,19,6]
12-08 09:13:44.055 0 0 I auditd : type=1400 audit(0.0:18978): avc: denied { kill } for comm="swapper/3" capability=5 scontext=u:r:kernel:s0 tcontext=u:r:kernel:s0 tclass=capability permissive=0
12-08 09:13:45.055 0 0 I auditd : type=1400 audit(0.0:18979): avc: denied { kill } for comm="swapper/3" capability=5 scontext=u:r:kernel:s0 tcontext=u:r:kernel:s0 tclass=capability permissive=0
12-08 09:13:46.055 0 0 I auditd : type=1400 audit(0.0:18980): avc: denied { kill } for comm="swapper/3" capability=5 scontext=u:r:kernel:s0 tcontext=u:r:kernel:s0 tclass=capability permissive=0
12-08 09:13:47.055 0 0 I auditd : type=1400 audit(0.0:18981): avc: denied { kill } for comm="swapper/3" capability=5 scontext=u:r:kernel:s0 tcontext=u:r:kernel:s0 tclass=capability permissive=0
12-08 09:13:47.713 1494 1618 V DisplayPowerController[0]: Brightness [0.05] reason changing to: 'manual [ dim ]', previous reason: 'manual'.
12-08 09:13:47.714 1494 1618 I sysui_multi_action: [757,1696,758,6,759,2]
12-08 09:13:47.714 1494 1618 W PowerManagerService: Screen on took 222675 ms
12-08 09:13:47.721 1494 1971 E DisplayDeviceConfig: requesting nits when no mapping exists.
12-08 09:13:47.722 1494 1971 E DisplayDeviceConfig: requesting nits when no mapping exists.
12-08 09:13:47.722 1494 1581 I am_wtf : [0,1494,system_server,-1,DisplayDeviceConfig,requesting nits when no mapping exists.]
12-08 09:13:47.723 1494 1581 I DropBoxManagerService: add tag=system_server_wtf isTagEnabled=true flags=0x2
12-08 09:13:47.725 1494 1581 I am_wtf : [0,1494,system_server,-1,DisplayDeviceConfig,requesting nits when no mapping exists.]
12-08 09:13:47.725 1494 1581 I DropBoxManagerService: add tag=system_server_wtf isTagEnabled=true flags=0x2
12-08 09:13:47.738 1494 1971 E DisplayDeviceConfig: requesting nits when no mapping exists.
12-08 09:13:47.739 1494 1971 E DisplayDeviceConfig: requesting nits when no mapping exists.
12-08 09:13:47.739 1494 1581 I am_wtf : [0,1494,system_server,-1,DisplayDeviceConfig,requesting nits when no mapping exists.]
12-08 09:13:47.739 1494 1581 I DropBoxManagerService: add tag=system_server_wtf isTagEnabled=true flags=0x2
12-08 09:13:47.740 1494 1581 I am_wtf : [0,1494,system_server,-1,DisplayDeviceConfig,requesting nits when no mapping exists.]
12-08 09:13:47.741 1494 1581 I DropBoxManagerService: add tag=system_server_wtf isTagEnabled=true flags=0x2
12-08 09:13:47.754 1494 1971 E DisplayDeviceConfig: requesting nits when no mapping exists.
12-08 09:13:47.755 1494 1971 E DisplayDeviceConfig: requesting nits when no mapping exists.
12-08 09:13:47.755 1494 1581 I am_wtf : [0,1494,system_server,-1,DisplayDeviceConfig,requesting nits when no mapping exists.]
12-08 09:13:47.756 1494 1581 I service_manager_stats: [100,86,94630]
12-08 09:13:47.756 1494 1581 I DropBoxManagerService: add tag=system_server_wtf isTagEnabled=true flags=0x2
12-08 09:13:47.757 1494 1581 I am_wtf : [0,1494,system_server,-1,DisplayDeviceConfig,requesting nits when no mapping exists.]
12-08 09:13:47.771 1494 1971 E DisplayDeviceConfig: requesting nits when no mapping exists.
12-08 09:13:47.771 1494 1581 I am_wtf : [0,1494,system_server,-1,DisplayDeviceConfig,requesting nits when no mapping exists.]
12-08 09:13:47.771 1494 1971 E DisplayDeviceConfig: requesting nits when no mapping exists.
12-08 09:13:47.772 1494 1581 I am_wtf : [0,1494,system_server,-1,DisplayDeviceConfig,requesting nits when no mapping exists.]
12-08 09:13:47.788 1494 1971 E DisplayDeviceConfig: requesting nits when no mapping exists.
12-08 09:13:47.788 1494 1971 E DisplayDeviceConfig: requesting nits when no mapping exists.
12-08 09:13:47.788 1494 1581 I am_wtf : [0,1494,system_server,-1,DisplayDeviceConfig,requesting nits when no mapping exists.]
12-08 09:13:47.789 1494 1581 I am_wtf : [0,1494,system_server,-1,DisplayDeviceConfig,requesting nits when no mapping exists.]
12-08 09:13:47.804 1494 1971 E DisplayDeviceConfig: requesting nits when no mapping exists.
12-08 09:13:47.805 1494 1581 I am_wtf : [0,1494,system_server,-1,DisplayDeviceConfig,requesting nits when no mapping exists.]
12-08 09:13:47.805 1494 1971 E DisplayDeviceConfig: requesting nits when no mapping exists.
12-08 09:13:47.806 1494 1581 I am_wtf : [0,1494,system_server,-1,DisplayDeviceConfig,requesting nits when no mapping exists.]
12-08 09:13:47.821 1494 1971 E DisplayDeviceConfig: requesting nits when no mapping exists.
12-08 09:13:47.822 1494 1971 E DisplayDeviceConfig: requesting nits when no mapping exists.
12-08 09:13:47.822 1494 1581 I am_wtf : [0,1494,system_server,-1,DisplayDeviceConfig,requesting nits when no mapping exists.]
12-08 09:13:47.823 1494 1581 I am_wtf : [0,1494,system_server,-1,DisplayDeviceConfig,requesting nits when no mapping exists.]
12-08 09:13:47.838 1494 1971 E DisplayDeviceConfig: requesting nits when no mapping exists.
12-08 09:13:47.838 1494 1971 E DisplayDeviceConfig: requesting nits when no mapping exists.
12-08 09:13:47.838 1494 1581 I am_wtf : [0,1494,system_server,-1,DisplayDeviceConfig,requesting nits when no mapping exists.]
12-08 09:13:47.839 1494 1581 I am_wtf : [0,1494,system_server,-1,DisplayDeviceConfig,requesting nits when no mapping exists.]
12-08 09:13:47.855 1494 1971 E DisplayDeviceConfig: requesting nits when no mapping exists.
12-08 09:13:47.855 1494 1581 I am_wtf : [0,1494,system_server,-1,DisplayDeviceConfig,requesting nits when no mapping exists.]
12-08 09:13:47.855 1494 1971 E DisplayDeviceConfig: requesting nits when no mapping exists.
12-08 09:13:47.856 1494 1581 I am_wtf : [0,1494,system_server,-1,DisplayDeviceConfig,requesting nits when no mapping exists.]
12-08 09:13:47.871 1494 1971 E DisplayDeviceConfig: requesting nits when no mapping exists.
12-08 09:13:47.872 1494 1971 E DisplayDeviceConfig: requesting nits when no mapping exists.
12-08 09:13:47.872 1494 1581 I am_wtf : [0,1494,system_server,-1,DisplayDeviceConfig,requesting nits when no mapping exists.]
12-08 09:13:47.873 1494 1581 I am_wtf : [0,1494,system_server,-1,DisplayDeviceConfig,requesting nits when no mapping exists.]
12-08 09:13:47.888 1494 1971 E DisplayDeviceConfig: requesting nits when no mapping exists.
12-08 09:13:47.888 1494 1581 I am_wtf : [0,1494,system_server,-1,DisplayDeviceConfig,requesting nits when no mapping exists.]
12-08 09:13:47.889 1494 1971 E DisplayDeviceConfig: requesting nits when no mapping exists.
12-08 09:13:47.890 1494 1581 I am_wtf : [0,1494,system_server,-1,DisplayDeviceConfig,requesting nits when no mapping exists.]
12-08 09:13:47.904 1494 1971 E DisplayDeviceConfig: requesting nits when no mapping exists.
12-08 09:13:47.905 1494 1971 E DisplayDeviceConfig: requesting nits when no mapping exists.
12-08 09:13:47.905 1494 1581 I am_wtf : [0,1494,system_server,-1,DisplayDeviceConfig,requesting nits when no mapping exists.]
12-08 09:13:47.906 1494 1581 I am_wtf : [0,1494,system_server,-1,DisplayDeviceConfig,requesting nits when no mapping exists.]
12-08 09:13:47.921 1494 1971 E DisplayDeviceConfig: requesting nits when no mapping exists.
12-08 09:13:47.921 1494 1971 E DisplayDeviceConfig: requesting nits when no mapping exists.
12-08 09:13:47.921 1494 1581 I am_wtf : [0,1494,system_server,-1,DisplayDeviceConfig,requesting nits when no mapping exists.]
12-08 09:13:47.922 1494 1581 I am_wtf : [0,1494,system_server,-1,DisplayDeviceConfig,requesting nits when no mapping exists.]
12-08 09:13:47.938 1494 1971 E DisplayDeviceConfig: requesting nits when no mapping exists.
12-08 09:13:47.938 1494 1971 E DisplayDeviceConfig: requesting nits when no mapping exists.
12-08 09:13:47.938 1494 1581 I am_wtf : [0,1494,system_server,-1,DisplayDeviceConfig,requesting nits when no mapping exists.]
12-08 09:13:47.939 1494 1581 I am_wtf : [0,1494,system_server,-1,DisplayDeviceConfig,requesting nits when no mapping exists.]
12-08 09:13:47.955 1494 1971 E DisplayDeviceConfig: requesting nits when no mapping exists.
12-08 09:13:47.955 1494 1581 I am_wtf : [0,1494,system_server,-1,DisplayDeviceConfig,requesting nits when no mapping exists.]
12-08 09:13:47.955 1494 1971 E DisplayDeviceConfig: requesting nits when no mapping exists.
12-08 09:13:47.956 1494 1581 I am_wtf : [0,1494,system_server,-1,DisplayDeviceConfig,requesting nits when no mapping exists.]
12-08 09:13:47.972 1494 1971 E DisplayDeviceConfig: requesting nits when no mapping exists.
12-08 09:13:47.972 1494 1581 I am_wtf : [0,1494,system_server,-1,DisplayDeviceConfig,requesting nits when no mapping exists.]
12-08 09:13:47.972 1494 1971 E DisplayDeviceConfig: requesting nits when no mapping exists.
12-08 09:13:47.973 1494 1581 I am_wtf : [0,1494,system_server,-1,DisplayDeviceConfig,requesting nits when no mapping exists.]
12-08 09:13:47.988 1494 1971 E DisplayDeviceConfig: requesting nits when no mapping exists.
12-08 09:13:47.989 1494 1581 I am_wtf : [0,1494,system_server,-1,DisplayDeviceConfig,requesting nits when no mapping exists.]
12-08 09:13:47.989 1494 1971 E DisplayDeviceConfig: requesting nits when no mapping exists.
12-08 09:13:47.990 1494 1581 I am_wtf : [0,1494,system_server,-1,DisplayDeviceConfig,requesting nits when no mapping exists.]
12-08 09:13:48.006 1494 1971 E DisplayDeviceConfig: requesting nits when no mapping exists.
12-08 09:13:48.007 1494 1971 E DisplayDeviceConfig: requesting nits when no mapping exists.
12-08 09:13:48.007 1494 1581 I am_wtf : [0,1494,system_server,-1,DisplayDeviceConfig,requesting nits when no mapping exists.]
12-08 09:13:48.008 1494 1581 I am_wtf : [0,1494,system_server,-1,DisplayDeviceConfig,requesting nits when no mapping exists.]
12-08 09:13:48.021 1494 1971 E DisplayDeviceConfig: requesting nits when no mapping exists.
12-08 09:13:48.022 1494 1971 E DisplayDeviceConfig: requesting nits when no mapping exists.
12-08 09:13:48.022 1494 1581 I am_wtf : [0,1494,system_server,-1,DisplayDeviceConfig,requesting nits when no mapping exists.]
12-08 09:13:48.023 1494 1581 I am_wtf : [0,1494,system_server,-1,DisplayDeviceConfig,requesting nits when no mapping exists.]
12-08 09:13:48.038 1494 1971 E DisplayDeviceConfig: requesting nits when no mapping exists.
12-08 09:13:48.039 1494 1971 E DisplayDeviceConfig: requesting nits when no mapping exists.
12-08 09:13:48.039 1494 1581 I am_wtf : [0,1494,system_server,-1,DisplayDeviceConfig,requesting nits when no mapping exists.]
12-08 09:13:48.040 1494 1581 I am_wtf : [0,1494,system_server,-1,DisplayDeviceConfig,requesting nits when no mapping exists.]
12-08 09:13:48.055 1494 1971 E DisplayDeviceConfig: requesting nits when no mapping exists.
12-08 09:13:48.056 1494 1971 E DisplayDeviceConfig: requesting nits when no mapping exists.
12-08 09:13:48.057 1494 1581 I am_wtf : [0,1494,system_server,-1,DisplayDeviceConfig,requesting nits when no mapping exists.]
12-08 09:13:48.058 1494 1581 I am_wtf : [0,1494,system_server,-1,DisplayDeviceConfig,requesting nits when no mapping exists.]
12-08 09:13:48.055 0 0 I auditd : type=1400 audit(0.0:18982): avc: denied { kill } for comm="swapper/3" capability=5 scontext=u:r:kernel:s0 tcontext=u:r:kernel:s0 tclass=capability permissive=0
12-08 09:13:48.072 1494 1971 E DisplayDeviceConfig: requesting nits when no mapping exists.
12-08 09:13:48.073 1494 1581 I am_wtf : [0,1494,system_server,-1,DisplayDeviceConfig,requesting nits when no mapping exists.]
12-08 09:13:48.073 1494 1971 E DisplayDeviceConfig: requesting nits when no mapping exists.
12-08 09:13:48.073 1494 1581 I am_wtf : [0,1494,system_server,-1,DisplayDeviceConfig,requesting nits when no mapping exists.]
12-08 09:13:48.090 1494 1971 E DisplayDeviceConfig: requesting nits when no mapping exists.
12-08 09:13:48.090 1494 1581 I am_wtf : [0,1494,system_server,-1,DisplayDeviceConfig,requesting nits when no mapping exists.]
12-08 09:13:48.090 1494 1971 E DisplayDeviceConfig: requesting nits when no mapping exists.
12-08 09:13:48.091 1494 1581 I am_wtf : [0,1494,system_server,-1,DisplayDeviceConfig,requesting nits when no mapping exists.]
12-08 09:13:48.105 1494 1971 E DisplayDeviceConfig: requesting nits when no mapping exists.
12-08 09:13:48.106 1494 1971 E DisplayDeviceConfig: requesting nits when no mapping exists.
12-08 09:13:48.106 1494 1581 I am_wtf : [0,1494,system_server,-1,DisplayDeviceConfig,requesting nits when no mapping exists.]
12-08 09:13:48.107 1494 1581 I am_wtf : [0,1494,system_server,-1,DisplayDeviceConfig,requesting nits when no mapping exists.]
12-08 09:13:48.123 1494 1971 E DisplayDeviceConfig: requesting nits when no mapping exists.
12-08 09:13:48.124 1494 1971 E DisplayDeviceConfig: requesting nits when no mapping exists.
12-08 09:13:48.125 1494 1581 I am_wtf : [0,1494,system_server,-1,DisplayDeviceConfig,requesting nits when no mapping exists.]
12-08 09:13:48.127 1494 1581 I am_wtf : [0,1494,system_server,-1,DisplayDeviceConfig,requesting nits when no mapping exists.]
12-08 09:13:48.139 1494 1971 E DisplayDeviceConfig: requesting nits when no mapping exists.
12-08 09:13:48.140 1494 1581 I am_wtf : [0,1494,system_server,-1,DisplayDeviceConfig,requesting nits when no mapping exists.]
12-08 09:13:48.140 1494 1971 E DisplayDeviceConfig: requesting nits when no mapping exists.
12-08 09:13:48.141 1494 1581 I am_wtf : [0,1494,system_server,-1,DisplayDeviceConfig,requesting nits when no mapping exists.]
12-08 09:13:48.155 1494 1971 E DisplayDeviceConfig: requesting nits when no mapping exists.
12-08 09:13:48.156 1494 1971 E DisplayDeviceConfig: requesting nits when no mapping exists.
12-08 09:13:48.156 1494 1581 I am_wtf : [0,1494,system_server,-1,DisplayDeviceConfig,requesting nits when no mapping exists.]
12-08 09:13:48.158 1494 1581 I am_wtf : [0,1494,system_server,-1,DisplayDeviceConfig,requesting nits when no mapping exists.]
12-08 09:13:48.171 1494 1971 E DisplayDeviceConfig: requesting nits when no mapping exists.
12-08 09:13:48.172 1494 1581 I am_wtf : [0,1494,system_server,-1,DisplayDeviceConfig,requesting nits when no mapping exists.]
12-08 09:13:48.173 1494 1971 E DisplayDeviceConfig: requesting nits when no mapping exists.
12-08 09:13:48.173 1494 1581 I am_wtf : [0,1494,system_server,-1,DisplayDeviceConfig,requesting nits when no mapping exists.]
12-08 09:13:48.188 1494 1971 E DisplayDeviceConfig: requesting nits when no mapping exists.
12-08 09:13:48.189 1494 1971 E DisplayDeviceConfig: requesting nits when no mapping exists.
12-08 09:13:48.189 1494 1581 I am_wtf : [0,1494,system_server,-1,DisplayDeviceConfig,requesting nits when no mapping exists.]
12-08 09:13:48.189 1494 1581 I am_wtf : [0,1494,system_server,-1,DisplayDeviceConfig,requesting nits when no mapping exists.]
12-08 09:13:48.205 1494 1971 E DisplayDeviceConfig: requesting nits when no mapping exists.
12-08 09:13:48.205 1494 1581 I am_wtf : [0,1494,system_server,-1,DisplayDeviceConfig,requesting nits when no mapping exists.]
12-08 09:13:48.205 1494 1971 E DisplayDeviceConfig: requesting nits when no mapping exists.
12-08 09:13:48.206 1494 1581 I am_wtf : [0,1494,system_server,-1,DisplayDeviceConfig,requesting nits when no mapping exists.]
12-08 09:13:48.222 1494 1971 E DisplayDeviceConfig: requesting nits when no mapping exists.
12-08 09:13:48.223 1494 1971 E DisplayDeviceConfig: requesting nits when no mapping exists.
12-08 09:13:48.223 1494 1581 I am_wtf : [0,1494,system_server,-1,DisplayDeviceConfig,requesting nits when no mapping exists.]
12-08 09:13:48.224 1494 1581 I am_wtf : [0,1494,system_server,-1,DisplayDeviceConfig,requesting nits when no mapping exists.]
12-08 09:13:48.239 1494 1971 E DisplayDeviceConfig: requesting nits when no mapping exists.
12-08 09:13:48.239 1494 1971 E DisplayDeviceConfig: requesting nits when no mapping exists.
12-08 09:13:48.239 1494 1581 I am_wtf : [0,1494,system_server,-1,DisplayDeviceConfig,requesting nits when no mapping exists.]
12-08 09:13:48.241 1494 1581 I am_wtf : [0,1494,system_server,-1,DisplayDeviceConfig,requesting nits when no mapping exists.]
12-08 09:13:48.255 1494 1971 E DisplayDeviceConfig: requesting nits when no mapping exists.
12-08 09:13:48.256 1494 1971 E DisplayDeviceConfig: requesting nits when no mapping exists.
12-08 09:13:48.256 1494 1581 I am_wtf : [0,1494,system_server,-1,DisplayDeviceConfig,requesting nits when no mapping exists.]
12-08 09:13:48.256 1494 1581 I am_wtf : [0,1494,system_server,-1,DisplayDeviceConfig,requesting nits when no mapping exists.]
12-08 09:13:48.272 1494 1971 E DisplayDeviceConfig: requesting nits when no mapping exists.
12-08 09:13:48.273 1494 1581 I am_wtf : [0,1494,system_server,-1,DisplayDeviceConfig,requesting nits when no mapping exists.]
12-08 09:13:48.273 1494 1971 E DisplayDeviceConfig: requesting nits when no mapping exists.
12-08 09:13:48.273 1494 1581 I am_wtf : [0,1494,system_server,-1,DisplayDeviceConfig,requesting nits when no mapping exists.]
12-08 09:13:48.289 1494 1971 E DisplayDeviceConfig: requesting nits when no mapping exists.
12-08 09:13:48.289 1494 1581 I am_wtf : [0,1494,system_server,-1,DisplayDeviceConfig,requesting nits when no mapping exists.]
12-08 09:13:48.290 1494 1971 E DisplayDeviceConfig: requesting nits when no mapping exists.
12-08 09:13:48.290 1494 1581 I am_wtf : [0,1494,system_server,-1,DisplayDeviceConfig,requesting nits when no mapping exists.]
12-08 09:13:48.305 1494 1971 E DisplayDeviceConfig: requesting nits when no mapping exists.
12-08 09:13:48.306 1494 1581 I am_wtf : [0,1494,system_server,-1,DisplayDeviceConfig,requesting nits when no mapping exists.]
12-08 09:13:48.307 1494 1971 E DisplayDeviceConfig: requesting nits when no mapping exists.
12-08 09:13:48.307 1494 1581 I am_wtf : [0,1494,system_server,-1,DisplayDeviceConfig,requesting nits when no mapping exists.]
12-08 09:13:48.322 1494 1971 E DisplayDeviceConfig: requesting nits when no mapping exists.
12-08 09:13:48.323 1494 1581 I am_wtf : [0,1494,system_server,-1,DisplayDeviceConfig,requesting nits when no mapping exists.]
12-08 09:13:48.324 1494 1971 E DisplayDeviceConfig: requesting nits when no mapping exists.
12-08 09:13:48.325 1494 1581 I am_wtf : [0,1494,system_server,-1,DisplayDeviceConfig,requesting nits when no mapping exists.]
12-08 09:13:48.339 1494 1971 E DisplayDeviceConfig: requesting nits when no mapping exists.
12-08 09:13:48.340 1494 1581 I am_wtf : [0,1494,system_server,-1,DisplayDeviceConfig,requesting nits when no mapping exists.]
12-08 09:13:48.340 1494 1971 E DisplayDeviceConfig: requesting nits when no mapping exists.
