12-08 09:11:37.842 19176 19176 I wm_on_top_resumed_lost_called: [33760129,com.android.settings.Settings,topStateChangedWhenResumed]
12-08 09:11:37.842 1494 1566 I wm_set_resumed_activity: [0,com.android.music/.VideoBrowserActivity,positionChildAt]
12-08 09:11:37.842 1494 1566 I wm_focused_root_task: [0,0,230,226,setFocusedTask]
12-08 09:11:37.842 1494 1566 I wm_set_resumed_activity: [0,com.android.music/.VideoBrowserActivity,setFocusedTask]
12-08 09:11:37.842 1494 1566 I ActivityTaskManager: FOREGROUND_APPLICATION_CHANGED to com.android.music.VideoBrowserActivity
12-08 09:11:37.845 14889 14889 I wm_on_top_resumed_gained_called: [240726784,com.android.music.VideoBrowserActivity,topStateChangedWhenResumed]
12-08 09:11:37.845 1494 1568 I input_focus: [Focus request 243bdf5 com.android.music/com.android.music.VideoBrowserActivity,reason=UpdateInputWindows]
12-08 09:11:37.863 1494 1726 I input_focus: [Focus leaving f2e5f5e com.android.settings/com.android.settings.Settings (server),reason=setFocusedWindow]
12-08 09:11:37.863 1494 1726 I input_focus: [Focus entering 243bdf5 com.android.music/com.android.music.VideoBrowserActivity (server),reason=setFocusedWindow]
12-08 09:11:37.902 14889 14889 I view_enqueue_input_event: [Motion - Cancel,com.android.music/com.android.music.VideoBrowserActivity]
12-08 09:11:37.904 1494 1726 I input_interaction: Interaction with: WindowManager (server), edge-swipe (server), swipe-up (server), PointerEventDispatcher0 (server),
12-08 09:11:37.913 1494 1568 D FreeFormWindowHelper: refreshTipWindow windowDragBounds:Rect(85, 72 - 387, 610)
12-08 09:11:37.919 1494 1568 W WindowManager: updateScale0.4617737
12-08 09:11:37.930 1494 1568 D FreeFormWindowHelper: refreshTipWindow windowDragBounds:Rect(149, 72 - 451, 610)
12-08 09:11:37.932 1494 1568 W WindowManager: updateScale0.4617737
12-08 09:11:37.949 1494 1568 D FreeFormWindowHelper: refreshTipWindow windowDragBounds:Rect(218, 72 - 520, 610)
12-08 09:11:37.950 1494 1568 W WindowManager: updateScale0.4617737
12-08 09:11:37.962 1494 2035 W WindowManager: updateScale0.4617737
12-08 09:11:37.964 1494 1568 D FreeFormWindowHelper: refreshTipWindow windowDragBounds:Rect(293, 64 - 595, 602)
12-08 09:11:37.967 1494 1568 W WindowManager: updateScale0.4617737
12-08 09:11:37.980 1494 1568 D FreeFormWindowHelper: refreshTipWindow windowDragBounds:Rect(380, 54 - 682, 592)
12-08 09:11:37.982 1494 1568 W WindowManager: updateScale0.4617737
12-08 09:11:37.996 1494 1568 D FreeFormWindowHelper: refreshTipWindow windowDragBounds:Rect(471, 41 - 773, 579)
12-08 09:11:37.998 1494 1568 W WindowManager: updateScale0.4617737
12-08 09:11:38.012 1494 2035 W WindowManager: updateScale0.4617737
12-08 09:11:38.014 1494 1568 D FreeFormWindowHelper: refreshTipWindow windowDragBounds:Rect(564, 25 - 866, 563)
12-08 09:11:38.016 1494 1568 W WindowManager: updateScale0.4617737
12-08 09:11:38.027 1494 2035 W WindowManager: updateScale0.4617737
12-08 09:11:38.030 1494 1568 D FreeFormWindowHelper: refreshTipWindow windowDragBounds:Rect(663, 13 - 965, 551)
12-08 09:11:38.031 1494 1568 W WindowManager: updateScale0.4617737
12-08 09:11:38.046 1494 1568 D FreeFormWindowHelper: refreshTipWindow windowDragBounds:Rect(772, 3 - 1074, 541)
12-08 09:11:38.048 1494 1568 W WindowManager: updateScale0.4617737
12-08 09:11:38.063 1494 1568 D FreeFormWindowHelper: refreshTipWindow windowDragBounds:Rect(882, -7 - 1184, 531)
12-08 09:11:38.064 1494 1568 W WindowManager: updateScale0.4617737
12-08 09:11:38.079 1494 1523 W WindowManager: updateScale0.4617737
12-08 09:11:38.081 1494 1568 D FreeFormWindowHelper: refreshTipWindow windowDragBounds:Rect(1001, -14 - 1303, 524)
12-08 09:11:38.082 1494 1568 W WindowManager: updateScale0.4617737
12-08 09:11:38.097 1494 1568 D FreeFormWindowHelper: refreshTipWindow windowDragBounds:Rect(1116, -17 - 1418, 521)
12-08 09:11:38.098 1494 1568 W WindowManager: updateScale0.4617737
12-08 09:11:38.113 1494 1568 D FreeFormWindowHelper: refreshTipWindow windowDragBounds:Rect(1237, -18 - 1539, 520)
12-08 09:11:38.115 1494 1568 W WindowManager: updateScale0.4617737
12-08 09:11:38.130 1494 1568 D FreeFormWindowHelper: refreshTipWindow windowDragBounds:Rect(1355, -18 - 1657, 520)
12-08 09:11:38.131 1494 1568 W WindowManager: updateScale0.4617737
12-08 09:11:38.147 1494 1568 D FreeFormWindowHelper: refreshTipWindow windowDragBounds:Rect(1491, -8 - 1793, 530)
12-08 09:11:38.148 1494 1568 W WindowManager: updateScale0.4617737
12-08 09:11:38.163 1494 1568 D FreeFormWindowHelper: refreshTipWindow windowDragBounds:Rect(1619, 1 - 1921, 539)
12-08 09:11:38.165 1494 1568 W WindowManager: updateScale0.4617737
12-08 09:11:38.179 1494 2035 W WindowManager: updateScale0.4617737
12-08 09:11:38.181 1494 1568 D FreeFormWindowHelper: refreshTipWindow windowDragBounds:Rect(1745, 11 - 2047, 549)
12-08 09:11:38.183 1494 1568 W WindowManager: updateScale0.4617737
12-08 09:11:38.197 1494 1568 D FreeFormWindowHelper: refreshTipWindow windowDragBounds:Rect(1854, 31 - 2156, 569)
12-08 09:11:38.198 1494 1568 W WindowManager: updateScale0.4617737
12-08 09:11:38.214 1494 1568 D FreeFormWindowHelper: refreshTipWindow windowDragBounds:Rect(1964, 59 - 2266, 597)
12-08 09:11:38.215 1494 1568 W WindowManager: updateScale0.4617737
12-08 09:11:38.228 1494 2035 W WindowManager: updateScale0.4617737
12-08 09:11:38.230 1494 1568 D FreeFormWindowHelper: refreshTipWindow windowDragBounds:Rect(1989, 68 - 2291, 606)
12-08 09:11:38.232 1494 1568 W WindowManager: updateScale0.4617737
12-08 09:11:38.247 1494 1568 D WindowManager: updateWindowDragBounds: mIsSwipeYtrue
12-08 09:11:38.247 1494 1568 D WindowManager: updateWindowDragBounds: mIsTopfalse
12-08 09:11:38.247 1494 1568 D WindowManager: updateWindowDragBounds: mIsSwipeXtrue
12-08 09:11:38.249 1494 1568 W WindowManager: updateScale0.4617737
12-08 09:11:38.942 1494 1726 I input_interaction: Interaction with: 1745717 StatusBar (server), edge-swipe (server), swipe-up (server), PointerEventDispatcher0 (server),
12-08 09:11:38.944 12174 12174 I sysui_multi_action: [757,803,799,panel_open,802,1]
12-08 09:11:38.946 12174 12174 I sysui_multi_action: [757,1328,758,4,1326,35,1327,0,1329,0]
12-08 09:11:38.984 1494 2035 I sysui_multi_action: [757,127,758,1]
12-08 09:11:38.984 1494 2035 I sysui_multi_action: [757,804,799,note_load,801,2,802,1]
12-08 09:11:38.985 1494 2035 I notification_panel_revealed: 2
12-08 09:11:38.985 1494 1905 I GameModeConfig: isGameModeOn = false
12-08 09:11:38.986 1494 1905 I GameModeConfig: isGameModeOn = false
12-08 09:11:38.986 1494 1905 I GameModeConfig: isGameModeOn = false
12-08 09:11:38.987 1494 1905 I GameModeConfig: isGameModeOn = false
12-08 09:11:38.987 12174 12174 I sysui_multi_action: [757,111,758,2]
12-08 09:11:38.987 1494 1494 I notification_enqueue: [10082,12174,com.android.systemui,2048,NULL,0,Notification(channel=updateNotification shortcut=null contentView=null vibrate=null sound=null defaults=0x0 flags=0x0 color=0x00000000 vis=PRIVATE),1]
12-08 09:11:38.988 12174 12174 I sysui_multi_action: [757,111,758,2]
12-08 09:11:38.996 1494 2035 W WindowManager: updateScale0.4617737
12-08 09:11:39.001 1494 1568 I input_focus: [Focus request e4dc0ca NotificationShade,reason=UpdateInputWindows]
12-08 09:11:39.005 12174 12174 I sysui_multi_action: [757,111,758,1]
12-08 09:11:39.005 12174 12174 I sysui_multi_action: [757,126,758,1,759,126,927,0,928,1,1593,0]
12-08 09:11:39.005 12174 12174 I sysui_multi_action: [757,113,758,1,759,113,927,1,928,1,1593,0]
12-08 09:11:39.005 12174 12174 I sysui_multi_action: [757,0,758,1,759,0,927,2,928,0,1593,0]
12-08 09:11:39.005 12174 12174 I sysui_multi_action: [757,0,758,1,759,0,927,3,928,0,1593,0]
12-08 09:11:39.006 12174 12174 I sysui_multi_action: [757,491,758,1,759,491,927,4,928,0,1311,-1,1593,0]
12-08 09:11:39.006 12174 12174 I sysui_multi_action: [757,0,758,1,759,0,927,5,928,0,1593,0]
12-08 09:11:39.006 12174 12174 I sysui_multi_action: [757,111,758,1]
12-08 09:11:39.006 12174 12174 I sysui_multi_action: [757,126,758,1,759,126,927,0,928,1,1593,0]
12-08 09:11:39.006 12174 12174 I sysui_multi_action: [757,113,758,1,759,113,927,1,928,1,1593,0]
12-08 09:11:39.006 12174 12174 I sysui_multi_action: [757,0,758,1,759,0,927,2,928,0,1593,0]
12-08 09:11:39.006 12174 12174 I sysui_multi_action: [757,0,758,1,759,0,927,3,928,0,1593,0]
12-08 09:11:39.017 1494 1905 I GameModeConfig: isGameModeOn = false
12-08 09:11:39.017 1494 1905 I GameModeConfig: isGameModeOn = false
12-08 09:11:39.017 1494 1905 I GameModeConfig: isGameModeOn = false
12-08 09:11:39.017 1494 1905 I GameModeConfig: isGameModeOn = false
12-08 09:11:39.017 1494 1568 W WindowManager: updateScale0.4617737
12-08 09:11:39.019 1494 1494 I notification_enqueue: [10082,12174,com.android.systemui,2048,NULL,0,Notification(channel=updateNotification shortcut=null contentView=null vibrate=null sound=null defaults=0x0 flags=0x0 color=0x00000000 vis=PRIVATE),1]
12-08 09:11:39.020 12174 12174 I sysui_multi_action: [757,111,758,2]
12-08 09:11:39.020 12174 12174 I sysui_multi_action: [757,111,758,2]
12-08 09:11:39.024 12174 12174 I sysui_multi_action: [757,111,758,1]
12-08 09:11:39.024 12174 12174 I sysui_multi_action: [757,126,758,1,759,126,927,0,928,1,1593,0]
12-08 09:11:39.024 12174 12174 I sysui_multi_action: [757,113,758,1,759,113,927,1,928,1,1593,0]
12-08 09:11:39.024 12174 12174 I sysui_multi_action: [757,0,758,1,759,0,927,2,928,0,1593,0]
12-08 09:11:39.024 12174 12174 I sysui_multi_action: [757,0,758,1,759,0,927,3,928,0,1593,0]
12-08 09:11:39.025 12174 12174 I sysui_multi_action: [757,491,758,1,759,491,927,4,928,0,1311,-1,1593,0]
12-08 09:11:39.025 12174 12174 I sysui_multi_action: [757,0,758,1,759,0,927,5,928,0,1593,0]
12-08 09:11:39.025 12174 12174 I sysui_multi_action: [757,111,758,1]
12-08 09:11:39.025 12174 12174 I sysui_multi_action: [757,126,758,1,759,126,927,0,928,1,1593,0]
12-08 09:11:39.025 12174 12174 I sysui_multi_action: [757,113,758,1,759,113,927,1,928,1,1593,0]
12-08 09:11:39.025 12174 12174 I sysui_multi_action: [757,0,758,1,759,0,927,2,928,0,1593,0]
12-08 09:11:39.025 12174 12174 I sysui_multi_action: [757,0,758,1,759,0,927,3,928,0,1593,0]
12-08 09:11:39.035 1494 1905 I GameModeConfig: isGameModeOn = false
12-08 09:11:39.035 1494 1905 I GameModeConfig: isGameModeOn = false
12-08 09:11:39.035 1494 1905 I GameModeConfig: isGameModeOn = false
12-08 09:11:39.035 1494 1905 I GameModeConfig: isGameModeOn = false
12-08 09:11:39.036 12174 12174 I sysui_multi_action: [757,111,758,2]
12-08 09:11:39.036 12174 12174 I sysui_multi_action: [757,111,758,2]
12-08 09:11:39.036 1494 1494 I notification_enqueue: [10082,12174,com.android.systemui,2048,NULL,0,Notification(channel=updateNotification shortcut=null contentView=null vibrate=null sound=null defaults=0x0 flags=0x0 color=0x00000000 vis=PRIVATE),1]
12-08 09:11:39.036 1494 1726 I input_focus: [Focus leaving 243bdf5 com.android.music/com.android.music.VideoBrowserActivity (server),reason=setFocusedWindow]
12-08 09:11:39.036 1494 1726 I input_focus: [Focus entering e4dc0ca NotificationShade (server),reason=setFocusedWindow]
12-08 09:11:39.039 12174 12174 I sysui_multi_action: [757,111,758,1]
12-08 09:11:39.039 12174 12174 I sysui_multi_action: [757,126,758,1,759,126,927,0,928,1,1593,0]
12-08 09:11:39.039 12174 12174 I sysui_multi_action: [757,113,758,1,759,113,927,1,928,1,1593,0]
12-08 09:11:39.039 12174 12174 I sysui_multi_action: [757,0,758,1,759,0,927,2,928,0,1593,0]
12-08 09:11:39.039 12174 12174 I sysui_multi_action: [757,0,758,1,759,0,927,3,928,0,1593,0]
12-08 09:11:39.040 12174 12174 I sysui_multi_action: [757,491,758,1,759,491,927,4,928,0,1311,-1,1593,0]
12-08 09:11:39.040 12174 12174 I sysui_multi_action: [757,0,758,1,759,0,927,5,928,0,1593,0]
12-08 09:11:39.040 12174 12174 I sysui_multi_action: [757,111,758,1]
12-08 09:11:39.040 12174 12174 I sysui_multi_action: [757,126,758,1,759,126,927,0,928,1,1593,0]
12-08 09:11:39.040 12174 12174 I sysui_multi_action: [757,113,758,1,759,113,927,1,928,1,1593,0]
12-08 09:11:39.040 12174 12174 I sysui_multi_action: [757,0,758,1,759,0,927,2,928,0,1593,0]
12-08 09:11:39.040 12174 12174 I sysui_multi_action: [757,0,758,1,759,0,927,3,928,0,1593,0]
12-08 09:11:39.047 1494 1905 I GameModeConfig: isGameModeOn = false
12-08 09:11:39.048 1494 1905 I GameModeConfig: isGameModeOn = false
12-08 09:11:39.048 1494 1905 I GameModeConfig: isGameModeOn = false
12-08 09:11:39.048 1494 1905 I GameModeConfig: isGameModeOn = false
12-08 09:11:39.048 12174 12174 I sysui_multi_action: [757,111,758,2]
12-08 09:11:39.049 12174 12174 I sysui_multi_action: [757,111,758,2]
12-08 09:11:39.050 1494 1494 I notification_enqueue: [10082,12174,com.android.systemui,2048,NULL,0,Notification(channel=updateNotification shortcut=null contentView=null vibrate=null sound=null defaults=0x0 flags=0x0 color=0x00000000 vis=PRIVATE),1]
12-08 09:11:39.051 12174 12174 I sysui_multi_action: [757,111,758,1]
12-08 09:11:39.052 12174 12174 I sysui_multi_action: [757,126,758,1,759,126,927,0,928,1,1593,0]
12-08 09:11:39.052 12174 12174 I sysui_multi_action: [757,113,758,1,759,113,927,1,928,1,1593,0]
12-08 09:11:39.052 12174 12174 I sysui_multi_action: [757,0,758,1,759,0,927,2,928,0,1593,0]
12-08 09:11:39.052 12174 12174 I sysui_multi_action: [757,0,758,1,759,0,927,3,928,0,1593,0]
12-08 09:11:39.052 12174 12174 I sysui_multi_action: [757,491,758,1,759,491,927,4,928,0,1311,-1,1593,0]
12-08 09:11:39.052 12174 12174 I sysui_multi_action: [757,0,758,1,759,0,927,5,928,0,1593,0]
12-08 09:11:39.052 12174 12174 I sysui_multi_action: [757,111,758,1]
12-08 09:11:39.052 12174 12174 I sysui_multi_action: [757,126,758,1,759,126,927,0,928,1,1593,0]
12-08 09:11:39.052 12174 12174 I sysui_multi_action: [757,113,758,1,759,113,927,1,928,1,1593,0]
12-08 09:11:39.052 12174 12174 I sysui_multi_action: [757,0,758,1,759,0,927,2,928,0,1593,0]
12-08 09:11:39.052 12174 12174 I sysui_multi_action: [757,0,758,1,759,0,927,3,928,0,1593,0]
12-08 09:11:39.055 0 0 I auditd : type=1400 audit(0.0:18806): avc: denied { kill } for comm="swapper/3" capability=5 scontext=u:r:kernel:s0 tcontext=u:r:kernel:s0 tclass=capability permissive=0
12-08 09:11:39.062 1494 1905 I GameModeConfig: isGameModeOn = false
12-08 09:11:39.062 1494 1905 I GameModeConfig: isGameModeOn = false
12-08 09:11:39.062 1494 1905 I GameModeConfig: isGameModeOn = false
12-08 09:11:39.062 1494 1905 I GameModeConfig: isGameModeOn = false
12-08 09:11:39.063 12174 12174 I sysui_multi_action: [757,111,758,2]
12-08 09:11:39.063 12174 12174 I sysui_multi_action: [757,111,758,2]
12-08 09:11:39.063 1494 1494 I notification_enqueue: [10082,12174,com.android.systemui,2048,NULL,0,Notification(channel=updateNotification shortcut=null contentView=null vibrate=null sound=null defaults=0x0 flags=0x0 color=0x00000000 vis=PRIVATE),1]
12-08 09:11:39.065 12174 12174 I sysui_multi_action: [757,111,758,1]
12-08 09:11:39.066 12174 12174 I sysui_multi_action: [757,126,758,1,759,126,927,0,928,1,1593,0]
12-08 09:11:39.066 12174 12174 I sysui_multi_action: [757,113,758,1,759,113,927,1,928,1,1593,0]
12-08 09:11:39.066 12174 12174 I sysui_multi_action: [757,0,758,1,759,0,927,2,928,0,1593,0]
12-08 09:11:39.066 12174 12174 I sysui_multi_action: [757,0,758,1,759,0,927,3,928,0,1593,0]
12-08 09:11:39.066 12174 12174 I sysui_multi_action: [757,491,758,1,759,491,927,4,928,0,1311,-1,1593,0]
12-08 09:11:39.066 12174 12174 I sysui_multi_action: [757,0,758,1,759,0,927,5,928,0,1593,0]
12-08 09:11:39.066 12174 12174 I sysui_multi_action: [757,111,758,1]
12-08 09:11:39.066 12174 12174 I sysui_multi_action: [757,126,758,1,759,126,927,0,928,1,1593,0]
12-08 09:11:39.066 12174 12174 I sysui_multi_action: [757,113,758,1,759,113,927,1,928,1,1593,0]
12-08 09:11:39.066 12174 12174 I sysui_multi_action: [757,0,758,1,759,0,927,2,928,0,1593,0]
12-08 09:11:39.066 12174 12174 I sysui_multi_action: [757,0,758,1,759,0,927,3,928,0,1593,0]
12-08 09:11:39.089 1494 1905 I GameModeConfig: isGameModeOn = false
12-08 09:11:39.089 1494 1905 I GameModeConfig: isGameModeOn = false
12-08 09:11:39.089 1494 1905 I GameModeConfig: isGameModeOn = false
12-08 09:11:39.089 1494 1905 I GameModeConfig: isGameModeOn = false
12-08 09:11:39.090 12174 12174 I sysui_multi_action: [757,111,758,2]
12-08 09:11:39.090 1494 1494 I notification_enqueue: [10082,12174,com.android.systemui,2048,NULL,0,Notification(channel=updateNotification shortcut=null contentView=null vibrate=null sound=null defaults=0x0 flags=0x0 color=0x00000000 vis=PRIVATE),1]
12-08 09:11:39.090 12174 12174 I sysui_multi_action: [757,111,758,2]
12-08 09:11:39.096 12174 12174 I sysui_multi_action: [757,111,758,1]
12-08 09:11:39.096 12174 12174 I sysui_multi_action: [757,126,758,1,759,126,927,0,928,1,1593,0]
12-08 09:11:39.096 12174 12174 I sysui_multi_action: [757,113,758,1,759,113,927,1,928,1,1593,0]
12-08 09:11:39.096 12174 12174 I sysui_multi_action: [757,0,758,1,759,0,927,2,928,0,1593,0]
12-08 09:11:39.096 12174 12174 I sysui_multi_action: [757,0,758,1,759,0,927,3,928,0,1593,0]
12-08 09:11:39.096 12174 12174 I sysui_multi_action: [757,491,758,1,759,491,927,4,928,0,1311,-1,1593,0]
12-08 09:11:39.097 12174 12174 I sysui_multi_action: [757,0,758,1,759,0,927,5,928,0,1593,0]
12-08 09:11:39.097 12174 12174 I sysui_multi_action: [757,111,758,1]
12-08 09:11:39.097 12174 12174 I sysui_multi_action: [757,126,758,1,759,126,927,0,928,1,1593,0]
12-08 09:11:39.097 12174 12174 I sysui_multi_action: [757,113,758,1,759,113,927,1,928,1,1593,0]
12-08 09:11:39.097 12174 12174 I sysui_multi_action: [757,0,758,1,759,0,927,2,928,0,1593,0]
12-08 09:11:39.097 12174 12174 I sysui_multi_action: [757,0,758,1,759,0,927,3,928,0,1593,0]
12-08 09:11:39.112 1494 1905 I GameModeConfig: isGameModeOn = false
12-08 09:11:39.113 1494 1905 I GameModeConfig: isGameModeOn = false
12-08 09:11:39.113 1494 1905 I GameModeConfig: isGameModeOn = false
12-08 09:11:39.113 1494 1905 I GameModeConfig: isGameModeOn = false
12-08 09:11:39.113 12174 12174 I sysui_multi_action: [757,111,758,2]
12-08 09:11:39.114 12174 12174 I sysui_multi_action: [757,111,758,2]
12-08 09:11:39.114 1494 1494 I notification_enqueue: [10082,12174,com.android.systemui,2048,NULL,0,Notification(channel=updateNotification shortcut=null contentView=null vibrate=null sound=null defaults=0x0 flags=0x0 color=0x00000000 vis=PRIVATE),1]
12-08 09:11:39.117 12174 12174 I sysui_multi_action: [757,111,758,1]
12-08 09:11:39.117 12174 12174 I sysui_multi_action: [757,126,758,1,759,126,927,0,928,1,1593,0]
12-08 09:11:39.117 12174 12174 I sysui_multi_action: [757,113,758,1,759,113,927,1,928,1,1593,0]
12-08 09:11:39.117 12174 12174 I sysui_multi_action: [757,0,758,1,759,0,927,2,928,0,1593,0]
12-08 09:11:39.117 12174 12174 I sysui_multi_action: [757,0,758,1,759,0,927,3,928,0,1593,0]
12-08 09:11:39.118 12174 12174 I sysui_multi_action: [757,491,758,1,759,491,927,4,928,0,1311,-1,1593,0]
12-08 09:11:39.118 12174 12174 I sysui_multi_action: [757,0,758,1,759,0,927,5,928,0,1593,0]
12-08 09:11:39.118 12174 12174 I sysui_multi_action: [757,111,758,1]
12-08 09:11:39.118 12174 12174 I sysui_multi_action: [757,126,758,1,759,126,927,0,928,1,1593,0]
12-08 09:11:39.118 12174 12174 I sysui_multi_action: [757,113,758,1,759,113,927,1,928,1,1593,0]
12-08 09:11:39.118 12174 12174 I sysui_multi_action: [757,0,758,1,759,0,927,2,928,0,1593,0]
12-08 09:11:39.118 12174 12174 I sysui_multi_action: [757,0,758,1,759,0,927,3,928,0,1593,0]
12-08 09:11:39.130 1494 1905 I GameModeConfig: isGameModeOn = false
12-08 09:11:39.130 1494 1905 I GameModeConfig: isGameModeOn = false
12-08 09:11:39.130 1494 1905 I GameModeConfig: isGameModeOn = false
12-08 09:11:39.130 1494 1905 I GameModeConfig: isGameModeOn = false
12-08 09:11:39.132 12174 12174 I sysui_multi_action: [757,111,758,2]
12-08 09:11:39.132 1494 1494 I notification_enqueue: [10082,12174,com.android.systemui,2048,NULL,0,Notification(channel=updateNotification shortcut=null contentView=null vibrate=null sound=null defaults=0x0 flags=0x0 color=0x00000000 vis=PRIVATE),1]
12-08 09:11:39.132 12174 12174 I sysui_multi_action: [757,111,758,2]
12-08 09:11:39.136 12174 12174 I sysui_multi_action: [757,111,758,1]
12-08 09:11:39.136 12174 12174 I sysui_multi_action: [757,126,758,1,759,126,927,0,928,1,1593,0]
12-08 09:11:39.136 12174 12174 I sysui_multi_action: [757,113,758,1,759,113,927,1,928,1,1593,0]
12-08 09:11:39.136 12174 12174 I sysui_multi_action: [757,0,758,1,759,0,927,2,928,0,1593,0]
12-08 09:11:39.136 12174 12174 I sysui_multi_action: [757,0,758,1,759,0,927,3,928,0,1593,0]
12-08 09:11:39.137 12174 12174 I sysui_multi_action: [757,491,758,1,759,491,927,4,928,0,1311,-1,1593,0]
12-08 09:11:39.137 12174 12174 I sysui_multi_action: [757,0,758,1,759,0,927,5,928,0,1593,0]
12-08 09:11:39.137 12174 12174 I sysui_multi_action: [757,111,758,1]
12-08 09:11:39.137 12174 12174 I sysui_multi_action: [757,126,758,1,759,126,927,0,928,1,1593,0]
12-08 09:11:39.137 12174 12174 I sysui_multi_action: [757,113,758,1,759,113,927,1,928,1,1593,0]
12-08 09:11:39.137 12174 12174 I sysui_multi_action: [757,0,758,1,759,0,927,2,928,0,1593,0]
12-08 09:11:39.137 12174 12174 I sysui_multi_action: [757,0,758,1,759,0,927,3,928,0,1593,0]
12-08 09:11:39.190 1359 16598 I liblog : 182
12-08 09:11:39.190 1359 16598 I liblog : 1
12-08 09:11:39.190 1359 16598 I liblog : 2
12-08 09:11:39.196 1494 1494 I GameModeConfig: isGameModeOn = false
12-08 09:11:39.198 1494 1494 I sysui_multi_action: [757,1501,758,1,793,1721927,794,0,795,212,796,2048,806,com.android.systemui,857,updateNotification,858,3,947,0,1500,0,1688,1]
12-08 09:11:39.198 1494 1494 I sysui_multi_action: [757,804,799,note_interruptive,801,0,802,1]
12-08 09:11:39.198 1494 1494 I sysui_multi_action: [757,199,758,1,759,2,793,1721927,794,0,795,212,796,2048,806,com.android.systemui,857,updateNotification,858,3,947,0,1500,0,1688,1]
12-08 09:11:39.198 1494 1494 I notification_alert: [0|com.android.systemui|2048|null|10082,0,1,0]
12-08 09:11:39.203 1494 1494 W NotificationHistory: Attempted to add notif for locked/gone/disabled user 0
12-08 09:11:39.220 1494 1494 I GameModeConfig: isGameModeOn = false
12-08 09:11:39.220 1494 1494 E NotificationService: Muting recently noisy 0|com.android.systemui|2048|null|10082
12-08 09:11:39.238 1494 1494 I GameModeConfig: isGameModeOn = false
12-08 09:11:39.238 1494 1494 E NotificationService: Muting recently noisy 0|com.android.systemui|2048|null|10082
12-08 09:11:39.252 1494 1494 I GameModeConfig: isGameModeOn = false
12-08 09:11:39.253 1494 1494 E NotificationService: Muting recently noisy 0|com.android.systemui|2048|null|10082
12-08 09:11:39.265 1494 1494 I GameModeConfig: isGameModeOn = false
12-08 09:11:39.266 1494 1494 E NotificationService: Muting recently noisy 0|com.android.systemui|2048|null|10082
12-08 09:11:39.292 1494 1494 I GameModeConfig: isGameModeOn = false
12-08 09:11:39.293 1494 1494 E NotificationService: Muting recently noisy 0|com.android.systemui|2048|null|10082
12-08 09:11:39.315 1494 1494 I GameModeConfig: isGameModeOn = false
12-08 09:11:39.315 1494 1494 E NotificationService: Muting recently noisy 0|com.android.systemui|2048|null|10082
12-08 09:11:39.322 1494 5950 W WindowManager: updateScale0.4617737
12-08 09:11:39.325 1494 7671 W WindowManager: updateScale0.4617737
12-08 09:11:39.334 1494 1494 I GameModeConfig: isGameModeOn = false
12-08 09:11:39.335 1494 1494 E NotificationService: Muting recently noisy 0|com.android.systemui|2048|null|10082
12-08 09:11:39.533 1494 5950 I sysui_multi_action: [757,128,758,1,793,17683327,794,0,795,17683327,796,26,798,0,806,android,857,DEVELOPER_IMPORTANT,858,4,947,0,1395,2,1500,17682873,1688,1]
12-08 09:11:39.533 1494 5950 I sysui_multi_action: [757,804,799,note_freshness,801,17683327,802,1]
12-08 09:11:39.533 1494 5950 I notification_visibility: [-1|android|26|null|1000,1,17683327,17683327,0,0]
12-08 09:11:39.534 1494 5950 I sysui_multi_action: [757,128,758,1,793,17684182,794,0,795,17684182,796,32,798,1,806,android,857,USB,858,1,947,0,1395,2,1500,17684122,1688,1]
12-08 09:11:39.534 1494 5950 I sysui_multi_action: [757,804,799,note_freshness,801,17684182,802,1]
12-08 09:11:39.534 1494 5950 I notification_visibility: [-1|android|32|null|1000,1,17684182,17684182,0,1]
12-08 09:11:39.853 1494 1726 I input_interaction: Interaction with: e4dc0ca NotificationShade (server), edge-swipe (server), swipe-up (server), PointerEventDispatcher0 (server),
12-08 09:11:39.876 1494 2743 E TaskPersister: File error accessing recents directory (directory doesn't exist?).
12-08 09:11:39.878 1494 7671 I wm_task_moved: [36,0,0]
12-08 09:11:39.879 1494 7671 I wm_task_moved: [36,0,7]
12-08 09:11:39.886 12174 12174 I view_enqueue_input_event: [Motion - Cancel,NotificationShade]
12-08 09:11:39.887 1494 1726 I input_interaction: Interaction with: edge-swipe (server), swipe-up (server), PointerEventDispatcher0 (server),
12-08 09:11:39.888 1494 7671 W WindowManager: updateScale0.4617737
12-08 09:11:39.890 2523 2523 I wm_on_restart_called: [103271708,com.android.launcher3.uioverrides.QuickstepLauncher,performRestartActivity]
12-08 09:11:39.912 10409 10425 W ContextImpl: Calling a method in the system process without a qualified user: android.app.ContextImpl.startService:1816 android.content.ContextWrapper.startService:774 com.thundercomm.gamemode.ingame.services.GameModeActionUtils.startGameModeService:93 com.thundercomm.gamemode.ingame.services.GameModeActionUtils.startGameModeEntry:21 com.thundercomm.gamemode.ingame.services.ActivityMonitoringService$1.onActivityLaunch:127
12-08 09:11:39.913 1494 1566 W WindowManager: updateScale0.4617737
12-08 09:11:39.914 2523 2523 I wm_on_start_called: [103271708,com.android.launcher3.uioverrides.QuickstepLauncher,handleStartActivity]
12-08 09:11:39.916 1494 1523 W WindowManager: updateScale0.4617737
12-08 09:11:39.920 1494 1494 I GameModeConfig: Current uri is uri = content://com.thundercomm.gamemode.api/gamemode_settings/gamemode_isgaming
12-08 09:11:39.922 1494 1494 I GameModeConfig: isGameModeOn = false
12-08 09:11:39.923 1494 1494 I GameModeConfig: isGameModeOn = false
12-08 09:11:39.923 1494 1494 I GameModeConfig: isDisableVoice = true
12-08 09:11:39.925 1494 2035 W WindowManager: updateScale0.4617737
12-08 09:11:39.929 1494 1568 I input_focus: [Focus request 243bdf5 com.android.music/com.android.music.VideoBrowserActivity,reason=UpdateInputWindows]
12-08 09:11:39.933 2523 2523 I sysui_latency: [1,81]
12-08 09:11:39.937 1494 1568 W WindowManager: updateScale0.4617737
12-08 09:11:39.938 1494 1568 W WindowManager: updateScale0.4617737
12-08 09:11:39.942 1494 1568 W WindowManager: updateScale0.4617737
12-08 09:11:39.944 1494 1568 W WindowManager: updateScale0.4617737
12-08 09:11:39.944 1494 6909 W ActivityTaskManager: getTaskSnapshot: taskId=1222 not found
12-08 09:11:39.945 1494 2035 W ActivityTaskManager: getTaskSnapshot: taskId=2222 not found
12-08 09:11:39.945 1494 2035 W ActivityTaskManager: getTaskSnapshot: taskId=3222 not found
12-08 09:11:39.948 1494 1563 I sysui_multi_action: [319,14,322,62,325,17695,757,761,758,9,759,5,806,com.android.launcher3,871,com.android.launcher3.uioverrides.QuickstepLauncher,904,com.android.launcher3,905,0,1320,8,1321,5]
12-08 09:11:39.953 1494 1726 I input_focus: [Focus leaving e4dc0ca NotificationShade (server),reason=NOT_FOCUSABLE]
12-08 09:11:39.954 1494 1726 I input_focus: [Focus entering 243bdf5 com.android.music/com.android.music.VideoBrowserActivity (server),reason=setFocusedWindow]
12-08 09:11:40.087 1494 1905 I GameModeConfig: isGameModeOn = false
12-08 09:11:40.088 1494 1905 I GameModeConfig: isGameModeOn = false
12-08 09:11:40.088 1494 1905 I GameModeConfig: isGameModeOn = false
12-08 09:11:40.088 1494 1905 I GameModeConfig: isGameModeOn = false
12-08 09:11:40.089 12174 12174 I sysui_multi_action: [757,111,758,2]
12-08 09:11:40.089 12174 12174 I sysui_multi_action: [757,111,758,2]
12-08 09:11:40.089 1494 1494 I notification_enqueue: [10082,12174,com.android.systemui,2048,NULL,0,Notification(channel=updateNotification shortcut=null contentView=null vibrate=null sound=null defaults=0x0 flags=0x0 color=0x00000000 vis=PRIVATE),1]
12-08 09:11:40.093 1494 5950 W WindowManager: updateScale0.4617737
12-08 09:11:40.098 12174 12174 I sysui_multi_action: [757,111,758,1]
12-08 09:11:40.099 12174 12174 I sysui_multi_action: [757,126,758,1,759,126,927,0,928,1,1593,1]
12-08 09:11:40.099 12174 12174 I sysui_multi_action: [757,113,758,1,759,113,927,1,928,1,1593,1]
12-08 09:11:40.101 12174 12174 I sysui_multi_action: [757,0,758,1,759,0,927,2,928,0,1593,1]
12-08 09:11:40.101 12174 12174 I sysui_multi_action: [757,0,758,1,759,0,927,3,928,0,1593,1]
12-08 09:11:40.101 12174 12174 I sysui_multi_action: [757,491,758,1,759,491,927,4,928,0,1311,-1,1593,0]
12-08 09:11:40.102 12174 12174 I sysui_multi_action: [757,0,758,1,759,0,927,5,928,0,1593,0]
12-08 09:11:40.102 12174 12174 I sysui_multi_action: [757,111,758,1]
12-08 09:11:40.102 12174 12174 I sysui_multi_action: [757,126,758,1,759,126,927,0,928,1,1593,1]
12-08 09:11:40.102 12174 12174 I sysui_multi_action: [757,113,758,1,759,113,927,1,928,1,1593,1]
12-08 09:11:40.102 12174 12174 I sysui_multi_action: [757,0,758,1,759,0,927,2,928,0,1593,1]
12-08 09:11:40.102 12174 12174 I sysui_multi_action: [757,0,758,1,759,0,927,3,928,0,1593,1]
12-08 09:11:40.111 1494 5950 W WindowManager: updateScale0.4617737
12-08 09:11:40.114 1494 5950 W WindowManager: updateScale0.4617737
12-08 09:11:40.116 1494 1905 I GameModeConfig: isGameModeOn = false
12-08 09:11:40.120 1494 1905 I GameModeConfig: isGameModeOn = false
12-08 09:11:40.120 1494 1700 I commit_sys_config_file: [settings-1-0,7]
12-08 09:11:40.120 1494 1905 I GameModeConfig: isGameModeOn = false
12-08 09:11:40.120 1494 1905 I GameModeConfig: isGameModeOn = false
12-08 09:11:40.121 12174 12174 I sysui_multi_action: [757,111,758,2]
12-08 09:11:40.121 12174 12174 I sysui_multi_action: [757,111,758,2]
12-08 09:11:40.121 1494 1494 I notification_enqueue: [10082,12174,com.android.systemui,2048,NULL,0,Notification(channel=updateNotification shortcut=null contentView=null vibrate=null sound=null defaults=0x0 flags=0x0 color=0x00000000 vis=PRIVATE),1]
12-08 09:11:40.124 12174 12174 I sysui_multi_action: [757,111,758,1]
12-08 09:11:40.124 12174 12174 I sysui_multi_action: [757,126,758,1,759,126,927,0,928,1,1593,1]
12-08 09:11:40.124 12174 12174 I sysui_multi_action: [757,113,758,1,759,113,927,1,928,1,1593,1]
12-08 09:11:40.124 12174 12174 I sysui_multi_action: [757,0,758,1,759,0,927,2,928,0,1593,1]
12-08 09:11:40.124 12174 12174 I sysui_multi_action: [757,0,758,1,759,0,927,3,928,0,1593,1]
12-08 09:11:40.125 12174 12174 I sysui_multi_action: [757,491,758,1,759,491,927,4,928,0,1311,-1,1593,0]
12-08 09:11:40.125 12174 12174 I sysui_multi_action: [757,0,758,1,759,0,927,5,928,0,1593,0]
12-08 09:11:40.125 12174 12174 I sysui_multi_action: [757,111,758,1]
12-08 09:11:40.125 12174 12174 I sysui_multi_action: [757,126,758,1,759,126,927,0,928,1,1593,1]
12-08 09:11:40.125 12174 12174 I sysui_multi_action: [757,113,758,1,759,113,927,1,928,1,1593,1]
12-08 09:11:40.125 12174 12174 I sysui_multi_action: [757,0,758,1,759,0,927,2,928,0,1593,1]
12-08 09:11:40.125 12174 12174 I sysui_multi_action: [757,0,758,1,759,0,927,3,928,0,1593,1]
12-08 09:11:40.133 1494 1905 I GameModeConfig: isGameModeOn = false
12-08 09:11:40.133 1494 1905 I GameModeConfig: isGameModeOn = false
12-08 09:11:40.134 1494 1905 I GameModeConfig: isGameModeOn = false
12-08 09:11:40.134 1494 1905 I GameModeConfig: isGameModeOn = false
12-08 09:11:40.135 12174 12174 I sysui_multi_action: [757,111,758,2]
12-08 09:11:40.135 12174 12174 I sysui_multi_action: [757,111,758,2]
12-08 09:11:40.136 1494 1494 I notification_enqueue: [10082,12174,com.android.systemui,2048,NULL,0,Notification(channel=updateNotification shortcut=null contentView=null vibrate=null sound=null defaults=0x0 flags=0x0 color=0x00000000 vis=PRIVATE),1]
12-08 09:11:40.138 12174 12174 I sysui_multi_action: [757,111,758,1]
12-08 09:11:40.138 12174 12174 I sysui_multi_action: [757,126,758,1,759,126,927,0,928,1,1593,1]
12-08 09:11:40.138 12174 12174 I sysui_multi_action: [757,113,758,1,759,113,927,1,928,1,1593,1]
12-08 09:11:40.138 12174 12174 I sysui_multi_action: [757,0,758,1,759,0,927,2,928,0,1593,1]
12-08 09:11:40.138 12174 12174 I sysui_multi_action: [757,0,758,1,759,0,927,3,928,0,1593,1]
12-08 09:11:40.139 12174 12174 I sysui_multi_action: [757,491,758,1,759,491,927,4,928,0,1311,-1,1593,0]
12-08 09:11:40.139 12174 12174 I sysui_multi_action: [757,0,758,1,759,0,927,5,928,0,1593,0]
12-08 09:11:40.139 12174 12174 I sysui_multi_action: [757,111,758,1]
12-08 09:11:40.139 12174 12174 I sysui_multi_action: [757,126,758,1,759,126,927,0,928,1,1593,1]
12-08 09:11:40.139 12174 12174 I sysui_multi_action: [757,113,758,1,759,113,927,1,928,1,1593,1]
12-08 09:11:40.139 12174 12174 I sysui_multi_action: [757,0,758,1,759,0,927,2,928,0,1593,1]
12-08 09:11:40.139 12174 12174 I sysui_multi_action: [757,0,758,1,759,0,927,3,928,0,1593,1]
12-08 09:11:40.150 1494 1905 I GameModeConfig: isGameModeOn = false
12-08 09:11:40.150 1494 1905 I GameModeConfig: isGameModeOn = false
12-08 09:11:40.151 1494 1905 I GameModeConfig: isGameModeOn = false
12-08 09:11:40.151 1494 1905 I GameModeConfig: isGameModeOn = false
12-08 09:11:40.151 12174 12174 I sysui_multi_action: [757,111,758,2]
12-08 09:11:40.152 12174 12174 I sysui_multi_action: [757,111,758,2]
12-08 09:11:40.152 1494 1494 I notification_enqueue: [10082,12174,com.android.systemui,2048,NULL,0,Notification(channel=updateNotification shortcut=null contentView=null vibrate=null sound=null defaults=0x0 flags=0x0 color=0x00000000 vis=PRIVATE),1]
12-08 09:11:40.154 12174 12174 I sysui_multi_action: [757,111,758,1]
12-08 09:11:40.155 12174 12174 I sysui_multi_action: [757,126,758,1,759,126,927,0,928,1,1593,1]
12-08 09:11:40.155 12174 12174 I sysui_multi_action: [757,113,758,1,759,113,927,1,928,1,1593,1]
12-08 09:11:40.155 12174 12174 I sysui_multi_action: [757,0,758,1,759,0,927,2,928,0,1593,1]
12-08 09:11:40.155 12174 12174 I sysui_multi_action: [757,0,758,1,759,0,927,3,928,0,1593,1]
12-08 09:11:40.155 12174 12174 I sysui_multi_action: [757,491,758,1,759,491,927,4,928,0,1311,-1,1593,0]
12-08 09:11:40.155 12174 12174 I sysui_multi_action: [757,0,758,1,759,0,927,5,928,0,1593,0]
12-08 09:11:40.155 12174 12174 I sysui_multi_action: [757,111,758,1]
12-08 09:11:40.155 12174 12174 I sysui_multi_action: [757,126,758,1,759,126,927,0,928,1,1593,1]
12-08 09:11:40.155 12174 12174 I sysui_multi_action: [757,113,758,1,759,113,927,1,928,1,1593,1]
12-08 09:11:40.155 12174 12174 I sysui_multi_action: [757,0,758,1,759,0,927,2,928,0,1593,1]
12-08 09:11:40.155 12174 12174 I sysui_multi_action: [757,0,758,1,759,0,927,3,928,0,1593,1]
12-08 09:11:40.167 1494 1905 I GameModeConfig: isGameModeOn = false
12-08 09:11:40.167 1494 1905 I GameModeConfig: isGameModeOn = false
12-08 09:11:40.167 1494 1905 I GameModeConfig: isGameModeOn = false
12-08 09:11:40.167 1494 1905 I GameModeConfig: isGameModeOn = false
12-08 09:11:40.168 12174 12174 I sysui_multi_action: [757,111,758,2]
12-08 09:11:40.168 12174 12174 I sysui_multi_action: [757,111,758,2]
12-08 09:11:40.168 1494 1494 I notification_enqueue: [10082,12174,com.android.systemui,2048,NULL,0,Notification(channel=updateNotification shortcut=null contentView=null vibrate=null sound=null defaults=0x0 flags=0x0 color=0x00000000 vis=PRIVATE),1]
12-08 09:11:40.171 12174 12174 I sysui_multi_action: [757,111,758,1]
12-08 09:11:40.172 12174 12174 I sysui_multi_action: [757,126,758,1,759,126,927,0,928,1,1593,1]
12-08 09:11:40.172 12174 12174 I sysui_multi_action: [757,113,758,1,759,113,927,1,928,1,1593,1]
12-08 09:11:40.172 12174 12174 I sysui_multi_action: [757,0,758,1,759,0,927,2,928,0,1593,1]
12-08 09:11:40.172 12174 12174 I sysui_multi_action: [757,0,758,1,759,0,927,3,928,0,1593,1]
12-08 09:11:40.172 12174 12174 I sysui_multi_action: [757,491,758,1,759,491,927,4,928,0,1311,-1,1593,0]
12-08 09:11:40.172 12174 12174 I sysui_multi_action: [757,0,758,1,759,0,927,5,928,0,1593,0]
12-08 09:11:40.172 12174 12174 I sysui_multi_action: [757,111,758,1]
12-08 09:11:40.173 12174 12174 I sysui_multi_action: [757,126,758,1,759,126,927,0,928,1,1593,1]
12-08 09:11:40.173 12174 12174 I sysui_multi_action: [757,113,758,1,759,113,927,1,928,1,1593,1]
12-08 09:11:40.173 12174 12174 I sysui_multi_action: [757,0,758,1,759,0,927,2,928,0,1593,1]
12-08 09:11:40.173 12174 12174 I sysui_multi_action: [757,0,758,1,759,0,927,3,928,0,1593,1]
12-08 09:11:40.184 1494 1905 I GameModeConfig: isGameModeOn = false
12-08 09:11:40.184 1494 1905 I GameModeConfig: isGameModeOn = false
12-08 09:11:40.184 1494 1905 I GameModeConfig: isGameModeOn = false
12-08 09:11:40.184 1494 1905 I GameModeConfig: isGameModeOn = false
12-08 09:11:40.186 12174 12174 I sysui_multi_action: [757,111,758,2]
12-08 09:11:40.186 12174 12174 I sysui_multi_action: [757,111,758,2]
12-08 09:11:40.186 1494 1494 I notification_enqueue: [10082,12174,com.android.systemui,2048,NULL,0,Notification(channel=updateNotification shortcut=null contentView=null vibrate=null sound=null defaults=0x0 flags=0x0 color=0x00000000 vis=PRIVATE),1]
12-08 09:11:40.188 12174 12174 I sysui_multi_action: [757,111,758,1]
12-08 09:11:40.188 12174 12174 I sysui_multi_action: [757,126,758,1,759,126,927,0,928,1,1593,1]
12-08 09:11:40.188 12174 12174 I sysui_multi_action: [757,113,758,1,759,113,927,1,928,1,1593,1]
12-08 09:11:40.188 12174 12174 I sysui_multi_action: [757,0,758,1,759,0,927,2,928,0,1593,1]
12-08 09:11:40.188 12174 12174 I sysui_multi_action: [757,0,758,1,759,0,927,3,928,0,1593,1]
12-08 09:11:40.189 12174 12174 I sysui_multi_action: [757,491,758,1,759,491,927,4,928,0,1311,-1,1593,0]
12-08 09:11:40.189 12174 12174 I sysui_multi_action: [757,0,758,1,759,0,927,5,928,0,1593,0]
12-08 09:11:40.189 12174 12174 I sysui_multi_action: [757,111,758,1]
12-08 09:11:40.189 12174 12174 I sysui_multi_action: [757,126,758,1,759,126,927,0,928,1,1593,1]
12-08 09:11:40.189 12174 12174 I sysui_multi_action: [757,113,758,1,759,113,927,1,928,1,1593,1]
12-08 09:11:40.189 12174 12174 I sysui_multi_action: [757,0,758,1,759,0,927,2,928,0,1593,1]
12-08 09:11:40.189 12174 12174 I sysui_multi_action: [757,0,758,1,759,0,927,3,928,0,1593,1]
12-08 09:11:40.200 1494 1905 I GameModeConfig: isGameModeOn = false
12-08 09:11:40.202 1494 1905 I GameModeConfig: isGameModeOn = false
12-08 09:11:40.202 1494 1905 I GameModeConfig: isGameModeOn = false
12-08 09:11:40.202 1494 1905 I GameModeConfig: isGameModeOn = false
12-08 09:11:40.203 12174 12174 I sysui_multi_action: [757,111,758,2]
12-08 09:11:40.203 12174 12174 I sysui_multi_action: [757,111,758,2]
12-08 09:11:40.203 1494 1494 I notification_enqueue: [10082,12174,com.android.systemui,2048,NULL,0,Notification(channel=updateNotification shortcut=null contentView=null vibrate=null sound=null defaults=0x0 flags=0x0 color=0x00000000 vis=PRIVATE),1]
12-08 09:11:40.208 12174 12174 I sysui_multi_action: [757,111,758,1]
12-08 09:11:40.208 12174 12174 I sysui_multi_action: [757,126,758,1,759,126,927,0,928,1,1593,1]
12-08 09:11:40.208 12174 12174 I sysui_multi_action: [757,113,758,1,759,113,927,1,928,1,1593,1]
12-08 09:11:40.208 12174 12174 I sysui_multi_action: [757,0,758,1,759,0,927,2,928,0,1593,1]
12-08 09:11:40.209 12174 12174 I sysui_multi_action: [757,0,758,1,759,0,927,3,928,0,1593,1]
12-08 09:11:40.209 12174 12174 I sysui_multi_action: [757,491,758,1,759,491,927,4,928,0,1311,-1,1593,1]
12-08 09:11:40.209 12174 12174 I sysui_multi_action: [757,0,758,1,759,0,927,5,928,0,1593,1]
12-08 09:11:40.210 12174 12174 I sysui_multi_action: [757,111,758,1]
12-08 09:11:40.210 12174 12174 I sysui_multi_action: [757,126,758,1,759,126,927,0,928,1,1593,1]
12-08 09:11:40.210 12174 12174 I sysui_multi_action: [757,113,758,1,759,113,927,1,928,1,1593,1]
12-08 09:11:40.210 12174 12174 I sysui_multi_action: [757,0,758,1,759,0,927,2,928,0,1593,1]
12-08 09:11:40.210 12174 12174 I sysui_multi_action: [757,0,758,1,759,0,927,3,928,0,1593,1]
12-08 09:11:40.223 12174 12174 I sysui_multi_action: [757,111,758,2]
12-08 09:11:40.223 12174 12174 I sysui_multi_action: [757,111,758,2]
12-08 09:11:40.223 1494 1494 I notification_enqueue: [10082,12174,com.android.systemui,2048,NULL,0,Notification(channel=updateNotification shortcut=null contentView=null vibrate=null sound=null defaults=0x0 flags=0x0 color=0x00000000 vis=PRIVATE),1]
12-08 09:11:40.225 12174 12174 I sysui_multi_action: [757,111,758,1]
12-08 09:11:40.226 12174 12174 I sysui_multi_action: [757,126,758,1,759,126,927,0,928,1,1593,1]
12-08 09:11:40.226 12174 12174 I sysui_multi_action: [757,113,758,1,759,113,927,1,928,1,1593,1]
12-08 09:11:40.226 12174 12174 I sysui_multi_action: [757,0,758,1,759,0,927,2,928,0,1593,1]
12-08 09:11:40.226 12174 12174 I sysui_multi_action: [757,0,758,1,759,0,927,3,928,0,1593,1]
12-08 09:11:40.226 12174 12174 I sysui_multi_action: [757,491,758,1,759,491,927,4,928,0,1311,-1,1593,0]
12-08 09:11:40.226 12174 12174 I sysui_multi_action: [757,0,758,1,759,0,927,5,928,0,1593,0]
12-08 09:11:40.226 12174 12174 I sysui_multi_action: [757,111,758,1]
12-08 09:11:40.226 12174 12174 I sysui_multi_action: [757,126,758,1,759,126,927,0,928,1,1593,1]
12-08 09:11:40.226 12174 12174 I sysui_multi_action: [757,113,758,1,759,113,927,1,928,1,1593,1]
12-08 09:11:40.226 12174 12174 I sysui_multi_action: [757,0,758,1,759,0,927,2,928,0,1593,1]
12-08 09:11:40.226 12174 12174 I sysui_multi_action: [757,0,758,1,759,0,927,3,928,0,1593,1]
12-08 09:11:40.236 1494 1905 I GameModeConfig: isGameModeOn = false
12-08 09:11:40.236 1494 1905 I GameModeConfig: isGameModeOn = false
12-08 09:11:40.236 1494 1905 I GameModeConfig: isGameModeOn = false
12-08 09:11:40.236 1494 1905 I GameModeConfig: isGameModeOn = false
12-08 09:11:40.237 1494 1905 I GameModeConfig: isGameModeOn = false
12-08 09:11:40.237 1494 1905 I GameModeConfig: isGameModeOn = false
12-08 09:11:40.237 1494 1905 I GameModeConfig: isGameModeOn = false
12-08 09:11:40.237 1494 1905 I GameModeConfig: isGameModeOn = false
12-08 09:11:40.237 12174 12174 I sysui_multi_action: [757,111,758,2]
12-08 09:11:40.238 12174 12174 I sysui_multi_action: [757,111,758,2]
12-08 09:11:40.238 1494 1494 I notification_enqueue: [10082,12174,com.android.systemui,2048,NULL,0,Notification(channel=updateNotification shortcut=null contentView=null vibrate=null sound=null defaults=0x0 flags=0x0 color=0x00000000 vis=PRIVATE),1]
12-08 09:11:40.240 12174 12174 I sysui_multi_action: [757,111,758,1]
12-08 09:11:40.240 12174 12174 I sysui_multi_action: [757,126,758,1,759,126,927,0,928,1,1593,1]
12-08 09:11:40.240 12174 12174 I sysui_multi_action: [757,113,758,1,759,113,927,1,928,1,1593,1]
12-08 09:11:40.240 12174 12174 I sysui_multi_action: [757,0,758,1,759,0,927,2,928,0,1593,1]
12-08 09:11:40.240 12174 12174 I sysui_multi_action: [757,0,758,1,759,0,927,3,928,0,1593,1]
12-08 09:11:40.240 12174 12174 I sysui_multi_action: [757,491,758,1,759,491,927,4,928,0,1311,-1,1593,0]
12-08 09:11:40.240 12174 12174 I sysui_multi_action: [757,0,758,1,759,0,927,5,928,0,1593,0]
12-08 09:11:40.240 12174 12174 I sysui_multi_action: [757,111,758,1]
12-08 09:11:40.240 12174 12174 I sysui_multi_action: [757,126,758,1,759,126,927,0,928,1,1593,1]
12-08 09:11:40.240 12174 12174 I sysui_multi_action: [757,113,758,1,759,113,927,1,928,1,1593,1]
12-08 09:11:40.240 12174 12174 I sysui_multi_action: [757,0,758,1,759,0,927,2,928,0,1593,1]
12-08 09:11:40.241 12174 12174 I sysui_multi_action: [757,0,758,1,759,0,927,3,928,0,1593,1]
12-08 09:11:40.241 1494 1579 I sysui_latency: [8,84]
12-08 09:11:40.251 1494 1905 I GameModeConfig: isGameModeOn = false
12-08 09:11:40.251 1494 1905 I GameModeConfig: isGameModeOn = false
12-08 09:11:40.251 1494 1905 I GameModeConfig: isGameModeOn = false
12-08 09:11:40.251 1494 1905 I GameModeConfig: isGameModeOn = false
12-08 09:11:40.252 12174 12174 I sysui_multi_action: [757,111,758,2]
12-08 09:11:40.252 12174 12174 I sysui_multi_action: [757,111,758,2]
12-08 09:11:40.252 1494 1494 I notification_enqueue: [10082,12174,com.android.systemui,2048,NULL,0,Notification(channel=updateNotification shortcut=null contentView=null vibrate=null sound=null defaults=0x0 flags=0x0 color=0x00000000 vis=PRIVATE),1]
12-08 09:11:40.255 12174 12174 I sysui_multi_action: [757,111,758,1]
12-08 09:11:40.255 12174 12174 I sysui_multi_action: [757,126,758,1,759,126,927,0,928,1,1593,1]
12-08 09:11:40.255 12174 12174 I sysui_multi_action: [757,113,758,1,759,113,927,1,928,1,1593,1]
12-08 09:11:40.255 12174 12174 I sysui_multi_action: [757,0,758,1,759,0,927,2,928,0,1593,1]
12-08 09:11:40.255 12174 12174 I sysui_multi_action: [757,0,758,1,759,0,927,3,928,0,1593,1]
12-08 09:11:40.255 12174 12174 I sysui_multi_action: [757,491,758,1,759,491,927,4,928,0,1311,-1,1593,0]
12-08 09:11:40.255 12174 12174 I sysui_multi_action: [757,0,758,1,759,0,927,5,928,0,1593,0]
12-08 09:11:40.255 12174 12174 I sysui_multi_action: [757,111,758,1]
12-08 09:11:40.255 12174 12174 I sysui_multi_action: [757,126,758,1,759,126,927,0,928,1,1593,1]
12-08 09:11:40.255 12174 12174 I sysui_multi_action: [757,113,758,1,759,113,927,1,928,1,1593,1]
12-08 09:11:40.255 12174 12174 I sysui_multi_action: [757,0,758,1,759,0,927,2,928,0,1593,1]
12-08 09:11:40.255 12174 12174 I sysui_multi_action: [757,0,758,1,759,0,927,3,928,0,1593,1]
12-08 09:11:40.267 1494 1905 I GameModeConfig: isGameModeOn = false
12-08 09:11:40.267 1494 1905 I GameModeConfig: isGameModeOn = false
12-08 09:11:40.268 1494 1905 I GameModeConfig: isGameModeOn = false
12-08 09:11:40.268 1494 1905 I GameModeConfig: isGameModeOn = false
12-08 09:11:40.269 12174 12174 I sysui_multi_action: [757,111,758,2]
12-08 09:11:40.269 12174 12174 I sysui_multi_action: [757,111,758,2]
12-08 09:11:40.271 1494 1494 I notification_enqueue: [10082,12174,com.android.systemui,2048,NULL,0,Notification(channel=updateNotification shortcut=null contentView=null vibrate=null sound=null defaults=0x0 flags=0x0 color=0x00000000 vis=PRIVATE),1]
12-08 09:11:40.272 12174 12174 I sysui_multi_action: [757,111,758,1]
12-08 09:11:40.272 12174 12174 I sysui_multi_action: [757,126,758,1,759,126,927,0,928,1,1593,1]
12-08 09:11:40.272 12174 12174 I sysui_multi_action: [757,113,758,1,759,113,927,1,928,1,1593,1]
12-08 09:11:40.272 12174 12174 I sysui_multi_action: [757,0,758,1,759,0,927,2,928,0,1593,1]
12-08 09:11:40.272 12174 12174 I sysui_multi_action: [757,0,758,1,759,0,927,3,928,0,1593,1]
12-08 09:11:40.273 12174 12174 I sysui_multi_action: [757,491,758,1,759,491,927,4,928,0,1311,-1,1593,0]
12-08 09:11:40.273 12174 12174 I sysui_multi_action: [757,0,758,1,759,0,927,5,928,0,1593,0]
12-08 09:11:40.273 12174 12174 I sysui_multi_action: [757,111,758,1]
12-08 09:11:40.273 12174 12174 I sysui_multi_action: [757,126,758,1,759,126,927,0,928,1,1593,1]
12-08 09:11:40.273 12174 12174 I sysui_multi_action: [757,113,758,1,759,113,927,1,928,1,1593,1]
12-08 09:11:40.273 12174 12174 I sysui_multi_action: [757,0,758,1,759,0,927,2,928,0,1593,1]
12-08 09:11:40.273 12174 12174 I sysui_multi_action: [757,0,758,1,759,0,927,3,928,0,1593,1]
12-08 09:11:40.283 1494 1905 I GameModeConfig: isGameModeOn = false
12-08 09:11:40.284 1494 1905 I GameModeConfig: isGameModeOn = false
12-08 09:11:40.284 1494 1905 I GameModeConfig: isGameModeOn = false
12-08 09:11:40.284 1494 1905 I GameModeConfig: isGameModeOn = false
12-08 09:11:40.285 12174 12174 I sysui_multi_action: [757,111,758,2]
12-08 09:11:40.285 12174 12174 I sysui_multi_action: [757,111,758,2]
12-08 09:11:40.286 1494 1494 I notification_enqueue: [10082,12174,com.android.systemui,2048,NULL,0,Notification(channel=updateNotification shortcut=null contentView=null vibrate=null sound=null defaults=0x0 flags=0x0 color=0x00000000 vis=PRIVATE),1]
12-08 09:11:40.288 12174 12174 I sysui_multi_action: [757,111,758,1]
12-08 09:11:40.288 12174 12174 I sysui_multi_action: [757,126,758,1,759,126,927,0,928,1,1593,1]
12-08 09:11:40.288 12174 12174 I sysui_multi_action: [757,113,758,1,759,113,927,1,928,1,1593,1]
12-08 09:11:40.288 12174 12174 I sysui_multi_action: [757,0,758,1,759,0,927,2,928,0,1593,1]
12-08 09:11:40.288 12174 12174 I sysui_multi_action: [757,0,758,1,759,0,927,3,928,0,1593,1]
12-08 09:11:40.289 12174 12174 I sysui_multi_action: [757,491,758,1,759,491,927,4,928,0,1311,-1,1593,0]
12-08 09:11:40.289 12174 12174 I sysui_multi_action: [757,0,758,1,759,0,927,5,928,0,1593,0]
12-08 09:11:40.289 12174 12174 I sysui_multi_action: [757,111,758,1]
12-08 09:11:40.289 12174 12174 I sysui_multi_action: [757,126,758,1,759,126,927,0,928,1,1593,1]
12-08 09:11:40.289 12174 12174 I sysui_multi_action: [757,113,758,1,759,113,927,1,928,1,1593,1]
12-08 09:11:40.289 12174 12174 I sysui_multi_action: [757,0,758,1,759,0,927,2,928,0,1593,1]
12-08 09:11:40.289 12174 12174 I sysui_multi_action: [757,0,758,1,759,0,927,3,928,0,1593,1]
12-08 09:11:40.294 1494 1494 I GameModeConfig: isGameModeOn = false
12-08 09:11:40.295 1494 1494 I sysui_multi_action: [757,1501,758,1,793,1723024,794,0,795,207,796,2048,806,com.android.systemui,857,updateNotification,858,3,947,0,1500,0,1688,1]
12-08 09:11:40.295 1494 1494 I sysui_multi_action: [757,804,799,note_interruptive,801,0,802,1]
12-08 09:11:40.295 1494 1494 I sysui_multi_action: [757,199,758,1,759,2,793,1723024,794,0,795,207,796,2048,806,com.android.systemui,857,updateNotification,858,3,947,0,1500,0,1688,1]
12-08 09:11:40.295 1494 1494 I notification_alert: [0|com.android.systemui|2048|null|10082,0,1,0]
12-08 09:11:40.296 1494 1494 W NotificationHistory: Attempted to add notif for locked/gone/disabled user 0
12-08 09:11:40.301 1494 1905 I GameModeConfig: isGameModeOn = false
12-08 09:11:40.302 1494 1905 I GameModeConfig: isGameModeOn = false
12-08 09:11:40.303 1494 1905 I GameModeConfig: isGameModeOn = false
12-08 09:11:40.303 1494 1905 I GameModeConfig: isGameModeOn = false
12-08 09:11:40.303 12174 12174 I sysui_multi_action: [757,111,758,2]
12-08 09:11:40.303 12174 12174 I sysui_multi_action: [757,111,758,2]
12-08 09:11:40.304 1494 1494 I notification_enqueue: [10082,12174,com.android.systemui,2048,NULL,0,Notification(channel=updateNotification shortcut=null contentView=null vibrate=null sound=null defaults=0x0 flags=0x0 color=0x00000000 vis=PRIVATE),1]
