12-08 09:11:52.752 12174 12174 I sysui_multi_action: [757,113,758,1,759,113,927,1,928,1,1593,1]
12-08 09:11:52.752 12174 12174 I sysui_multi_action: [757,0,758,1,759,0,927,2,928,0,1593,1]
12-08 09:11:52.752 12174 12174 I sysui_multi_action: [757,0,758,1,759,0,927,3,928,0,1593,1]
12-08 09:11:52.756 1494 1494 I GameModeConfig: isGameModeOn = false
12-08 09:11:52.756 1494 1494 E NotificationService: Muting recently noisy 0|com.android.systemui|2048|null|10082
12-08 09:11:52.768 1494 1905 I GameModeConfig: isGameModeOn = false
12-08 09:11:52.769 1494 1905 I GameModeConfig: isGameModeOn = false
12-08 09:11:52.769 1494 1905 I GameModeConfig: isGameModeOn = false
12-08 09:11:52.769 1494 1905 I GameModeConfig: isGameModeOn = false
12-08 09:11:52.770 12174 12174 I sysui_multi_action: [757,111,758,2]
12-08 09:11:52.770 12174 12174 I sysui_multi_action: [757,111,758,2]
12-08 09:11:52.770 1494 1494 I notification_enqueue: [10082,12174,com.android.systemui,2048,NULL,0,Notification(channel=updateNotification shortcut=null contentView=null vibrate=null sound=null defaults=0x0 flags=0x0 color=0x00000000 vis=PRIVATE),1]
12-08 09:11:52.772 12174 12174 I sysui_multi_action: [757,111,758,1]
12-08 09:11:52.772 12174 12174 I sysui_multi_action: [757,126,758,1,759,126,927,0,928,1,1593,1]
12-08 09:11:52.772 12174 12174 I sysui_multi_action: [757,113,758,1,759,113,927,1,928,1,1593,1]
12-08 09:11:52.773 12174 12174 I sysui_multi_action: [757,0,758,1,759,0,927,2,928,0,1593,1]
12-08 09:11:52.773 12174 12174 I sysui_multi_action: [757,0,758,1,759,0,927,3,928,0,1593,1]
12-08 09:11:52.773 12174 12174 I sysui_multi_action: [757,491,758,1,759,491,927,4,928,0,1311,-1,1593,0]
12-08 09:11:52.773 12174 12174 I sysui_multi_action: [757,0,758,1,759,0,927,5,928,0,1593,0]
12-08 09:11:52.773 12174 12174 I sysui_multi_action: [757,111,758,1]
12-08 09:11:52.773 12174 12174 I sysui_multi_action: [757,126,758,1,759,126,927,0,928,1,1593,1]
12-08 09:11:52.773 12174 12174 I sysui_multi_action: [757,113,758,1,759,113,927,1,928,1,1593,1]
12-08 09:11:52.773 12174 12174 I sysui_multi_action: [757,0,758,1,759,0,927,2,928,0,1593,1]
12-08 09:11:52.773 12174 12174 I sysui_multi_action: [757,0,758,1,759,0,927,3,928,0,1593,1]
12-08 09:11:52.781 1494 1494 I GameModeConfig: isGameModeOn = false
12-08 09:11:52.781 1494 1494 E NotificationService: Muting recently noisy 0|com.android.systemui|2048|null|10082
12-08 09:11:52.783 1494 1905 I GameModeConfig: isGameModeOn = false
12-08 09:11:52.784 1494 1905 I GameModeConfig: isGameModeOn = false
12-08 09:11:52.784 1494 1905 I GameModeConfig: isGameModeOn = false
12-08 09:11:52.785 1494 1905 I GameModeConfig: isGameModeOn = false
12-08 09:11:52.785 12174 12174 I sysui_multi_action: [757,111,758,2]
12-08 09:11:52.785 12174 12174 I sysui_multi_action: [757,111,758,2]
12-08 09:11:52.785 1494 1494 I notification_enqueue: [10082,12174,com.android.systemui,2048,NULL,0,Notification(channel=updateNotification shortcut=null contentView=null vibrate=null sound=null defaults=0x0 flags=0x0 color=0x00000000 vis=PRIVATE),1]
12-08 09:11:52.788 12174 12174 I sysui_multi_action: [757,111,758,1]
12-08 09:11:52.788 12174 12174 I sysui_multi_action: [757,126,758,1,759,126,927,0,928,1,1593,1]
12-08 09:11:52.788 12174 12174 I sysui_multi_action: [757,113,758,1,759,113,927,1,928,1,1593,1]
12-08 09:11:52.788 12174 12174 I sysui_multi_action: [757,0,758,1,759,0,927,2,928,0,1593,1]
12-08 09:11:52.788 12174 12174 I sysui_multi_action: [757,0,758,1,759,0,927,3,928,0,1593,1]
12-08 09:11:52.788 12174 12174 I sysui_multi_action: [757,491,758,1,759,491,927,4,928,0,1311,-1,1593,0]
12-08 09:11:52.788 12174 12174 I sysui_multi_action: [757,0,758,1,759,0,927,5,928,0,1593,0]
12-08 09:11:52.788 12174 12174 I sysui_multi_action: [757,111,758,1]
12-08 09:11:52.788 12174 12174 I sysui_multi_action: [757,126,758,1,759,126,927,0,928,1,1593,1]
12-08 09:11:52.788 12174 12174 I sysui_multi_action: [757,113,758,1,759,113,927,1,928,1,1593,1]
12-08 09:11:52.789 12174 12174 I sysui_multi_action: [757,0,758,1,759,0,927,2,928,0,1593,1]
12-08 09:11:52.789 12174 12174 I sysui_multi_action: [757,0,758,1,759,0,927,3,928,0,1593,1]
12-08 09:11:52.789 1494 1494 I GameModeConfig: isGameModeOn = false
12-08 09:11:52.790 1494 1494 E NotificationService: Muting recently noisy 0|com.android.systemui|2048|null|10082
12-08 09:11:52.800 1494 1905 I GameModeConfig: isGameModeOn = false
12-08 09:11:52.800 1494 1905 I GameModeConfig: isGameModeOn = false
12-08 09:11:52.800 1494 1905 I GameModeConfig: isGameModeOn = false
12-08 09:11:52.800 1494 1905 I GameModeConfig: isGameModeOn = false
12-08 09:11:52.801 12174 12174 I sysui_multi_action: [757,111,758,2]
12-08 09:11:52.801 12174 12174 I sysui_multi_action: [757,111,758,2]
12-08 09:11:52.805 1494 1494 I notification_enqueue: [10082,12174,com.android.systemui,2048,NULL,0,Notification(channel=updateNotification shortcut=null contentView=null vibrate=null sound=null defaults=0x0 flags=0x0 color=0x00000000 vis=PRIVATE),1]
12-08 09:11:52.812 1494 6229 W WindowManager: updateScale0.4617737
12-08 09:11:52.815 12174 12174 I sysui_multi_action: [757,111,758,1]
12-08 09:11:52.815 12174 12174 I sysui_multi_action: [757,126,758,1,759,126,927,0,928,1,1593,1]
12-08 09:11:52.815 12174 12174 I sysui_multi_action: [757,113,758,1,759,113,927,1,928,1,1593,1]
12-08 09:11:52.815 12174 12174 I sysui_multi_action: [757,0,758,1,759,0,927,2,928,0,1593,1]
12-08 09:11:52.815 12174 12174 I sysui_multi_action: [757,0,758,1,759,0,927,3,928,0,1593,1]
12-08 09:11:52.815 12174 12174 I sysui_multi_action: [757,491,758,1,759,491,927,4,928,0,1311,-1,1593,0]
12-08 09:11:52.815 12174 12174 I sysui_multi_action: [757,0,758,1,759,0,927,5,928,0,1593,0]
12-08 09:11:52.815 12174 12174 I sysui_multi_action: [757,111,758,1]
12-08 09:11:52.816 12174 12174 I sysui_multi_action: [757,126,758,1,759,126,927,0,928,1,1593,1]
12-08 09:11:52.816 12174 12174 I sysui_multi_action: [757,113,758,1,759,113,927,1,928,1,1593,1]
12-08 09:11:52.816 12174 12174 I sysui_multi_action: [757,0,758,1,759,0,927,2,928,0,1593,1]
12-08 09:11:52.816 12174 12174 I sysui_multi_action: [757,0,758,1,759,0,927,3,928,0,1593,1]
12-08 09:11:52.820 1494 1494 I GameModeConfig: isGameModeOn = false
12-08 09:11:52.821 1494 1494 E NotificationService: Muting recently noisy 0|com.android.systemui|2048|null|10082
12-08 09:11:52.821 1494 1905 I GameModeConfig: isGameModeOn = false
12-08 09:11:52.821 1494 1905 I GameModeConfig: isGameModeOn = false
12-08 09:11:52.821 1494 1905 I GameModeConfig: isGameModeOn = false
12-08 09:11:52.821 1494 1905 I GameModeConfig: isGameModeOn = false
12-08 09:11:52.824 12174 12174 I sysui_multi_action: [757,111,758,2]
12-08 09:11:52.824 12174 12174 I sysui_multi_action: [757,111,758,2]
12-08 09:11:52.824 1494 1494 I notification_enqueue: [10082,12174,com.android.systemui,2048,NULL,0,Notification(channel=updateNotification shortcut=null contentView=null vibrate=null sound=null defaults=0x0 flags=0x0 color=0x00000000 vis=PRIVATE),1]
12-08 09:11:52.826 1494 2124 I sysui_multi_action: [757,127,758,2]
12-08 09:11:52.826 1494 2124 I notification_panel_hidden:
12-08 09:11:52.833 1494 7671 W WindowManager: updateScale0.4617737
12-08 09:11:52.836 12174 12174 I sysui_multi_action: [757,111,758,1]
12-08 09:11:52.836 12174 12174 I sysui_multi_action: [757,126,758,1,759,126,927,0,928,1,1593,1]
12-08 09:11:52.836 12174 12174 I sysui_multi_action: [757,113,758,1,759,113,927,1,928,1,1593,1]
12-08 09:11:52.836 12174 12174 I sysui_multi_action: [757,0,758,1,759,0,927,2,928,0,1593,1]
12-08 09:11:52.836 12174 12174 I sysui_multi_action: [757,0,758,1,759,0,927,3,928,0,1593,1]
12-08 09:11:52.836 12174 12174 I sysui_multi_action: [757,491,758,1,759,491,927,4,928,0,1311,-1,1593,0]
12-08 09:11:52.836 12174 12174 I sysui_multi_action: [757,0,758,1,759,0,927,5,928,0,1593,0]
12-08 09:11:52.836 12174 12174 I sysui_multi_action: [757,111,758,1]
12-08 09:11:52.837 12174 12174 I sysui_multi_action: [757,126,758,1,759,126,927,0,928,1,1593,1]
12-08 09:11:52.837 12174 12174 I sysui_multi_action: [757,113,758,1,759,113,927,1,928,1,1593,1]
12-08 09:11:52.837 12174 12174 I sysui_multi_action: [757,0,758,1,759,0,927,2,928,0,1593,1]
12-08 09:11:52.837 12174 12174 I sysui_multi_action: [757,0,758,1,759,0,927,3,928,0,1593,1]
12-08 09:11:52.841 1494 1494 I GameModeConfig: isGameModeOn = false
12-08 09:11:52.842 1494 1494 E NotificationService: Muting recently noisy 0|com.android.systemui|2048|null|10082
12-08 09:11:52.855 1494 1494 I GameModeConfig: isGameModeOn = false
12-08 09:11:52.856 1494 1494 E NotificationService: Muting recently noisy 0|com.android.systemui|2048|null|10082
12-08 09:11:52.875 1494 1494 I GameModeConfig: isGameModeOn = false
12-08 09:11:52.876 1494 1494 E NotificationService: Muting recently noisy 0|com.android.systemui|2048|null|10082
12-08 09:11:52.885 1494 1494 I GameModeConfig: isGameModeOn = false
12-08 09:11:52.888 1494 1494 E NotificationService: Muting recently noisy 0|com.android.systemui|2048|null|10082
12-08 09:11:52.900 1494 1494 I GameModeConfig: isGameModeOn = false
12-08 09:11:52.900 1494 1494 E NotificationService: Muting recently noisy 0|com.android.systemui|2048|null|10082
12-08 09:11:52.918 1494 1494 I GameModeConfig: isGameModeOn = false
12-08 09:11:52.918 1494 1494 E NotificationService: Muting recently noisy 0|com.android.systemui|2048|null|10082
12-08 09:11:52.932 1494 1494 I GameModeConfig: isGameModeOn = false
12-08 09:11:52.933 1494 1494 E NotificationService: Muting recently noisy 0|com.android.systemui|2048|null|10082
12-08 09:11:52.951 1494 1494 I GameModeConfig: isGameModeOn = false
12-08 09:11:52.951 1494 1494 E NotificationService: Muting recently noisy 0|com.android.systemui|2048|null|10082
12-08 09:11:52.973 1494 1494 I GameModeConfig: isGameModeOn = false
12-08 09:11:52.973 1494 1494 E NotificationService: Muting recently noisy 0|com.android.systemui|2048|null|10082
12-08 09:11:52.987 1494 1494 I GameModeConfig: isGameModeOn = false
12-08 09:11:52.987 1494 1494 E NotificationService: Muting recently noisy 0|com.android.systemui|2048|null|10082
12-08 09:11:53.007 1494 1494 I GameModeConfig: isGameModeOn = false
12-08 09:11:53.007 1494 1494 E NotificationService: Muting recently noisy 0|com.android.systemui|2048|null|10082
12-08 09:11:53.026 1494 1494 I GameModeConfig: isGameModeOn = false
12-08 09:11:53.026 1494 1494 E NotificationService: Muting recently noisy 0|com.android.systemui|2048|null|10082
12-08 09:11:53.097 1494 2742 I wm_task_moved: [36,1,9]
12-08 09:11:53.097 1494 2742 I wm_task_moved: [37,1,2147483647]
12-08 09:11:53.097 1494 2742 I wm_task_to_front: [0,37]
12-08 09:11:53.097 19176 19176 I wm_on_top_resumed_lost_called: [33760129,com.android.settings.Settings,topStateChangedWhenResumed]
12-08 09:11:53.097 1494 2742 I wm_focused_root_task: [0,0,36,226,RecentsAnimation.onAnimationFinished()]
12-08 09:11:53.098 1494 2742 I wm_set_resumed_activity: [0,com.android.launcher3/.uioverrides.QuickstepLauncher,RecentsAnimation.onAnimationFinished()]
12-08 09:11:53.099 1494 2742 I wm_pause_activity: [0,33760129,com.android.settings/.Settings,userLeaving=true,pauseBackTasks]
12-08 09:11:53.100 1494 2742 I wm_add_to_stopping: [0,33760129,com.android.settings/.Settings,makeInvisible]
12-08 09:11:53.100 1494 2742 I ActivityTaskManager: FOREGROUND_APPLICATION_CHANGED to com.android.launcher3.uioverrides.QuickstepLauncher
12-08 09:11:53.100 1494 2742 I wm_set_resumed_activity: [0,com.android.launcher3/.uioverrides.QuickstepLauncher,resumeTopActivityInnerLocked]
12-08 09:11:53.102 1494 2742 I wm_resume_activity: [0,103271708,37,com.android.launcher3/.uioverrides.QuickstepLauncher]
12-08 09:11:53.103 2523 2523 I wm_on_resume_called: [103271708,com.android.launcher3.uioverrides.QuickstepLauncher,RESUME_ACTIVITY]
12-08 09:11:53.104 1494 2742 W WindowManager: updateScale0.4617737
12-08 09:11:53.107 1494 2742 W WindowManager: updateScale0.4617737
12-08 09:11:53.110 1494 1568 I input_focus: [Focus request fda1c2b com.android.launcher3/com.android.launcher3.uioverrides.QuickstepLauncher,reason=UpdateInputWindows]
12-08 09:11:53.110 2523 2523 I wm_on_top_resumed_gained_called: [103271708,com.android.launcher3.uioverrides.QuickstepLauncher,topStateChangedWhenResumed]
12-08 09:11:53.111 19176 19176 I sysui_multi_action: [757,35,758,2,1089,2732]
12-08 09:11:53.114 19176 19176 I sysui_multi_action: [757,746,758,2,1089,2705]
12-08 09:11:53.115 1494 7337 I wm_stop_activity: [0,33760129,com.android.settings/.Settings]
12-08 09:11:53.117 1494 1726 I input_focus: [Focus leaving recents_animation_input_consumer (server),reason=NOT_VISIBLE]
12-08 09:11:53.119 19176 19176 I wm_on_paused_called: [33760129,com.android.settings.Settings,performPause]
12-08 09:11:53.125 19176 19176 I wm_on_stop_called: [33760129,com.android.settings.Settings,STOP_ACTIVITY_ITEM]
12-08 09:11:53.133 1494 1726 I input_focus: [Focus entering fda1c2b com.android.launcher3/com.android.launcher3.uioverrides.QuickstepLauncher (server),reason=setFocusedWindow]
12-08 09:11:53.135 1494 1566 I sysui_multi_action: [757,803,799,window_time_0,802,2]
12-08 09:11:53.135 1494 2742 W WindowManager: updateScale0.4617737
12-08 09:11:53.138 1494 1566 I sysui_multi_action: [757,803,799,window_time_0,802,0]
12-08 09:11:53.154 10409 10425 W ContextImpl: Calling a method in the system process without a qualified user: android.app.ContextImpl.startService:1816 android.content.ContextWrapper.startService:774 com.thundercomm.gamemode.ingame.services.GameModeActionUtils.startGameModeService:93 com.thundercomm.gamemode.ingame.services.GameModeActionUtils.startGameModeEntry:21 com.thundercomm.gamemode.ingame.services.ActivityMonitoringService$1.onActivityLaunch:127
12-08 09:11:53.158 1494 1494 I GameModeConfig: Current uri is uri = content://com.thundercomm.gamemode.api/gamemode_settings/gamemode_isgaming
12-08 09:11:53.161 1494 1494 I GameModeConfig: isGameModeOn = false
12-08 09:11:53.162 1494 1494 I GameModeConfig: isGameModeOn = false
12-08 09:11:53.162 1494 1494 I GameModeConfig: isDisableVoice = true
12-08 09:11:53.216 10409 10425 W ContextImpl: Calling a method in the system process without a qualified user: android.app.ContextImpl.startService:1816 android.content.ContextWrapper.startService:774 com.thundercomm.gamemode.ingame.services.GameModeActionUtils.startGameModeService:93 com.thundercomm.gamemode.ingame.services.GameModeActionUtils.startGameModeEntry:21 com.thundercomm.gamemode.ingame.services.ActivityMonitoringService$1.onActivityLaunch:127
12-08 09:11:53.221 1494 1494 I GameModeConfig: Current uri is uri = content://com.thundercomm.gamemode.api/gamemode_settings/gamemode_isgaming
12-08 09:11:53.223 1494 1494 I GameModeConfig: isGameModeOn = false
12-08 09:11:53.224 1494 1494 I GameModeConfig: isGameModeOn = false
12-08 09:11:53.224 1494 1494 I GameModeConfig: isDisableVoice = true
12-08 09:11:53.355 1494 2743 E TaskPersister: File error accessing recents directory (directory doesn't exist?).
12-08 09:11:53.358 1494 1905 I GameModeConfig: isGameModeOn = false
12-08 09:11:53.384 1494 1905 I GameModeConfig: isGameModeOn = false
12-08 09:11:53.398 1494 1905 I GameModeConfig: isGameModeOn = false
12-08 09:11:53.414 1494 1905 I GameModeConfig: isGameModeOn = false
12-08 09:11:53.426 1494 1905 I GameModeConfig: isGameModeOn = false
12-08 09:11:53.440 1494 1905 I GameModeConfig: isGameModeOn = false
12-08 09:11:53.456 1494 1905 I GameModeConfig: isGameModeOn = false
12-08 09:11:53.473 1494 1905 I GameModeConfig: isGameModeOn = false
12-08 09:11:53.489 1494 1905 I GameModeConfig: isGameModeOn = false
12-08 09:11:53.506 1494 1905 I GameModeConfig: isGameModeOn = false
12-08 09:11:53.523 1494 1905 I GameModeConfig: isGameModeOn = false
12-08 09:11:53.540 1494 1905 I GameModeConfig: isGameModeOn = false
12-08 09:11:53.556 1494 1905 I GameModeConfig: isGameModeOn = false
12-08 09:11:53.559 1494 1905 I GameModeConfig: isGameModeOn = false
12-08 09:11:53.574 1494 1905 I GameModeConfig: isGameModeOn = false
12-08 09:11:53.589 1494 1905 I GameModeConfig: isGameModeOn = false
12-08 09:11:53.592 1494 1905 I GameModeConfig: isGameModeOn = false
12-08 09:11:53.604 1494 1905 I GameModeConfig: isGameModeOn = false
12-08 09:11:53.607 1494 1905 I GameModeConfig: isGameModeOn = false
12-08 09:11:53.617 1494 1905 I GameModeConfig: isGameModeOn = false
12-08 09:11:53.623 1494 1905 I GameModeConfig: isGameModeOn = false
12-08 09:11:53.627 1494 1905 I GameModeConfig: isGameModeOn = false
12-08 09:11:53.640 1494 1905 I GameModeConfig: isGameModeOn = false
12-08 09:11:53.641 1494 1905 I GameModeConfig: isGameModeOn = false
12-08 09:11:53.656 1494 1905 I GameModeConfig: isGameModeOn = false
12-08 09:11:53.661 1494 1905 I GameModeConfig: isGameModeOn = false
12-08 09:11:53.673 1494 1905 I GameModeConfig: isGameModeOn = false
12-08 09:11:53.677 1494 1905 I GameModeConfig: isGameModeOn = false
12-08 09:11:53.690 1494 1905 I GameModeConfig: isGameModeOn = false
12-08 09:11:53.693 1494 1905 I GameModeConfig: isGameModeOn = false
12-08 09:11:53.709 1494 1905 I GameModeConfig: isGameModeOn = false
12-08 09:11:53.710 1494 1905 I GameModeConfig: isGameModeOn = false
12-08 09:11:53.727 1494 1905 I GameModeConfig: isGameModeOn = false
12-08 09:11:53.744 1494 1905 I GameModeConfig: isGameModeOn = false
12-08 09:11:53.759 1494 1905 I GameModeConfig: isGameModeOn = false
12-08 09:11:53.778 1494 1905 I GameModeConfig: isGameModeOn = false
12-08 09:11:53.794 1494 1905 I GameModeConfig: isGameModeOn = false
12-08 09:11:53.808 1494 1905 I GameModeConfig: isGameModeOn = false
12-08 09:11:53.825 1494 1905 I GameModeConfig: isGameModeOn = false
12-08 09:11:53.843 1494 1905 I GameModeConfig: isGameModeOn = false
12-08 09:11:53.859 1494 1905 I GameModeConfig: isGameModeOn = false
12-08 09:11:53.875 1494 1905 I GameModeConfig: isGameModeOn = false
12-08 09:11:53.896 1494 1905 I GameModeConfig: isGameModeOn = false
12-08 09:11:53.924 1494 1905 I GameModeConfig: isGameModeOn = false
12-08 09:11:54.055 7921 7921 I auditd : type=1400 audit(0.0:18909): avc: denied { kill } for comm="dp_rx_thread_0" capability=5 scontext=u:r:kernel:s0 tcontext=u:r:kernel:s0 tclass=capability permissive=0
12-08 09:11:54.981 1494 1726 I input_interaction: Interaction with: fda1c2b com.android.launcher3/com.android.launcher3.uioverrides.QuickstepLauncher (server), dc2a546 com.android.systemui.ImageWallpaper (server), edge-swipe (server), swipe-up (server), PointerEventDispatcher0 (server),
12-08 09:11:55.051 1494 7671 I ActivityTaskManager: START u0 {act=android.intent.action.MAIN cat=[android.intent.category.LAUNCHER] flg=0x10200000 cmp=com.android.settings/.Settings bnds=[2308,740][2494,940]} from uid 10080
12-08 09:11:55.054 1494 7671 I wm_task_moved: [226,1,9]
12-08 09:11:55.054 1494 7671 I wm_task_to_front: [0,226]
12-08 09:11:55.056 1494 7671 I wm_focused_root_task: [0,0,226,36,bringingFoundTaskToFront]
12-08 09:11:55.057 1494 7671 I wm_set_resumed_activity: [0,com.android.settings/.Settings,bringingFoundTaskToFront]
12-08 09:11:55.057 1494 7671 I wm_new_intent: [0,33760129,226,com.android.settings/.Settings,android.intent.action.MAIN,NULL,NULL,270532608]
12-08 09:11:55.061 1494 7671 I wm_pause_activity: [0,103271708,com.android.launcher3/.uioverrides.QuickstepLauncher,userLeaving=true,pauseBackTasks]
12-08 09:11:55.064 1494 7671 W WindowManager: updateScale0.4617737
12-08 09:11:55.055 0 0 I auditd : type=1400 audit(0.0:18910): avc: denied { kill } for comm="swapper/2" capability=5 scontext=u:r:kernel:s0 tcontext=u:r:kernel:s0 tclass=capability permissive=0
12-08 09:11:55.075 2523 2523 I wm_on_top_resumed_lost_called: [103271708,com.android.launcher3.uioverrides.QuickstepLauncher,topStateChangedWhenResumed]
12-08 09:11:55.076 2523 2523 I wm_on_paused_called: [103271708,com.android.launcher3.uioverrides.QuickstepLauncher,performPause]
12-08 09:11:55.079 1494 7086 I ActivityTaskManager: FOREGROUND_APPLICATION_CHANGED to com.android.settings.homepage.SettingsHomepageActivity
12-08 09:11:55.081 1494 7086 I wm_set_resumed_activity: [0,com.android.settings/.Settings,resumeTopActivityInnerLocked]
12-08 09:11:55.081 1494 7086 I wm_add_to_stopping: [0,103271708,com.android.launcher3/.uioverrides.QuickstepLauncher,makeInvisible]
12-08 09:11:55.087 1494 7086 I wm_resume_activity: [0,33760129,226,com.android.settings/.Settings]
12-08 09:11:55.099 1494 2742 W WindowManager: updateScale0.4617737
12-08 09:11:55.103 19176 19176 I wm_on_restart_called: [33760129,com.android.settings.Settings,performRestartActivity]
12-08 09:11:55.104 1494 1566 I sysui_multi_action: [757,803,799,window_time_0,802,2]
12-08 09:11:55.108 1494 7086 W WindowManager: updateScale0.4617737
12-08 09:11:55.114 1494 1568 W WindowManager: updateScale0.4617737
12-08 09:11:55.118 10409 10425 W ContextImpl: Calling a method in the system process without a qualified user: android.app.ContextImpl.startService:1816 android.content.ContextWrapper.startService:774 com.thundercomm.gamemode.ingame.services.GameModeActionUtils.startGameModeService:93 com.thundercomm.gamemode.ingame.services.GameModeActionUtils.startGameModeEntry:21 com.thundercomm.gamemode.ingame.services.ActivityMonitoringService$1.onActivityLaunch:127
12-08 09:11:55.118 1494 1568 W WindowManager: updateScale0.4617737
12-08 09:11:55.119 1494 1568 W WindowManager: updateScale0.4617737
12-08 09:11:55.120 1494 1726 I input_focus: [Focus leaving fda1c2b com.android.launcher3/com.android.launcher3.uioverrides.QuickstepLauncher (server),reason=NO_WINDOW]
12-08 09:11:55.126 19176 19176 I wm_on_start_called: [33760129,com.android.settings.Settings,handleStartActivity]
12-08 09:11:55.126 19176 19176 I snet_event_log: [120484087,-1,]
12-08 09:11:55.126 1494 1494 I GameModeConfig: Current uri is uri = content://com.thundercomm.gamemode.api/gamemode_settings/gamemode_isgaming
12-08 09:11:55.127 19176 19176 I wm_on_resume_called: [33760129,com.android.settings.Settings,RESUME_ACTIVITY]
12-08 09:11:55.127 19176 19176 I sysui_multi_action: [757,35,758,1,833,0,1089,0]
12-08 09:11:55.130 1494 1494 I GameModeConfig: isGameModeOn = false
12-08 09:11:55.130 1494 1494 I GameModeConfig: isGameModeOn = false
12-08 09:11:55.130 1494 1494 I GameModeConfig: isDisableVoice = true
12-08 09:11:55.139 19176 19176 I sysui_multi_action: [757,746,758,1,833,0,1089,0]
12-08 09:11:55.139 1494 7512 D TelephonyRegistry: listen oscl: mHasNotifySubscriptionInfoChangedOccurred==false no callback
12-08 09:11:55.144 1494 2125 D TelephonyRegistry: listen oscl: mHasNotifySubscriptionInfoChangedOccurred==false no callback
12-08 09:11:55.151 19176 19176 I wm_on_top_resumed_gained_called: [33760129,com.android.settings.Settings,topWhenResuming]
12-08 09:11:55.155 1494 4850 W WindowManager: updateScale0.4617737
12-08 09:11:55.158 1494 1568 I input_focus: [Focus request f2e5f5e com.android.settings/com.android.settings.Settings,reason=UpdateInputWindows]
12-08 09:11:55.165 1494 1568 W WindowManager: updateScale0.4617737
12-08 09:11:55.167 1494 1568 W WindowManager: updateScale0.4617737
12-08 09:11:55.172 1494 1726 I input_focus: [Focus entering f2e5f5e com.android.settings/com.android.settings.Settings (server),reason=setFocusedWindow]
12-08 09:11:55.174 1494 1563 I sysui_multi_action: [319,67,321,64,322,116,325,17710,757,761,758,9,759,4,806,com.android.settings,871,com.android.settings.Settings,904,com.android.launcher3,905,0,1320,8,1321,5]
12-08 09:11:55.197 10409 10425 W ContextImpl: Calling a method in the system process without a qualified user: android.app.ContextImpl.startService:1816 android.content.ContextWrapper.startService:774 com.thundercomm.gamemode.ingame.services.GameModeActionUtils.startGameModeService:93 com.thundercomm.gamemode.ingame.services.GameModeActionUtils.startGameModeEntry:21 com.thundercomm.gamemode.ingame.services.ActivityMonitoringService$1.onActivityLaunch:127
12-08 09:11:55.200 1494 1494 I GameModeConfig: Current uri is uri = content://com.thundercomm.gamemode.api/gamemode_settings/gamemode_isgaming
12-08 09:11:55.202 1494 1494 I GameModeConfig: isGameModeOn = false
12-08 09:11:55.202 1494 1494 I GameModeConfig: isGameModeOn = false
12-08 09:11:55.202 1494 1494 I GameModeConfig: isDisableVoice = true
12-08 09:11:55.271 1494 2125 W WindowManager: updateScale0.4617737
12-08 09:11:55.438 1494 1568 W WindowManager: updateScale0.4617737
12-08 09:11:55.455 1494 1568 W WindowManager: updateScale0.4617737
12-08 09:11:55.459 1494 1905 I GameModeConfig: isGameModeOn = false
12-08 09:11:55.482 1494 1905 I GameModeConfig: isGameModeOn = false
12-08 09:11:55.496 1494 1905 I GameModeConfig: isGameModeOn = false
12-08 09:11:55.511 1494 1905 I GameModeConfig: isGameModeOn = false
12-08 09:11:55.531 1494 1905 I GameModeConfig: isGameModeOn = false
12-08 09:11:55.562 1494 1905 I GameModeConfig: isGameModeOn = false
12-08 09:11:55.582 1494 1905 I GameModeConfig: isGameModeOn = false
12-08 09:11:55.655 1494 1905 I GameModeConfig: isGameModeOn = false
12-08 09:11:55.668 1494 1566 I wm_stop_activity: [0,103271708,com.android.launcher3/.uioverrides.QuickstepLauncher]
12-08 09:11:55.673 1494 1568 W WindowManager: updateScale0.4617737
12-08 09:11:55.682 1494 1905 I GameModeConfig: isGameModeOn = false
12-08 09:11:55.695 2523 2523 I wm_on_stop_called: [103271708,com.android.launcher3.uioverrides.QuickstepLauncher,STOP_ACTIVITY_ITEM]
12-08 09:11:55.698 1494 1905 I GameModeConfig: isGameModeOn = false
12-08 09:11:55.700 1494 2742 W WindowManager: updateScale0.4617737
12-08 09:11:55.715 1494 1905 I GameModeConfig: isGameModeOn = false
12-08 09:11:55.718 10409 10425 W ContextImpl: Calling a method in the system process without a qualified user: android.app.ContextImpl.startService:1816 android.content.ContextWrapper.startService:774 com.thundercomm.gamemode.ingame.services.GameModeActionUtils.startGameModeService:93 com.thundercomm.gamemode.ingame.services.GameModeActionUtils.startGameModeEntry:21 com.thundercomm.gamemode.ingame.services.ActivityMonitoringService$1.onActivityLaunch:127
12-08 09:11:55.721 1494 1494 I GameModeConfig: Current uri is uri = content://com.thundercomm.gamemode.api/gamemode_settings/gamemode_isgaming
12-08 09:11:55.726 1494 1494 I GameModeConfig: isGameModeOn = false
12-08 09:11:55.726 1494 1494 I GameModeConfig: isGameModeOn = false
12-08 09:11:55.726 1494 1494 I GameModeConfig: isDisableVoice = true
12-08 09:11:55.736 1494 1905 I GameModeConfig: isGameModeOn = false
12-08 09:11:55.764 1494 1905 I GameModeConfig: isGameModeOn = false
12-08 09:11:55.784 1494 1905 I GameModeConfig: isGameModeOn = false
12-08 09:11:56.055 0 0 I auditd : type=1400 audit(0.0:18911): avc: denied { kill } for comm="swapper/3" capability=5 scontext=u:r:kernel:s0 tcontext=u:r:kernel:s0 tclass=capability permissive=0
12-08 09:11:56.328 1494 1726 I input_interaction: Interaction with: 1745717 StatusBar (server), edge-swipe (server), swipe-up (server), PointerEventDispatcher0 (server),
12-08 09:11:56.331 12174 12174 I sysui_multi_action: [757,803,799,panel_open,802,1]
12-08 09:11:56.332 12174 12174 I sysui_multi_action: [757,1328,758,4,1326,25,1327,1,1329,0]
12-08 09:11:56.350 1494 1905 I GameModeConfig: isGameModeOn = false
12-08 09:11:56.359 1494 2742 I sysui_multi_action: [757,127,758,1]
12-08 09:11:56.359 1494 2742 I sysui_multi_action: [757,804,799,note_load,801,2,802,1]
12-08 09:11:56.360 1494 2742 I notification_panel_revealed: 2
12-08 09:11:56.362 1494 1905 I GameModeConfig: isGameModeOn = false
12-08 09:11:56.362 1494 1905 I GameModeConfig: isGameModeOn = false
12-08 09:11:56.362 1494 1905 I GameModeConfig: isGameModeOn = false
12-08 09:11:56.362 1494 1905 I GameModeConfig: isGameModeOn = false
12-08 09:11:56.363 1494 1494 I notification_enqueue: [10082,12174,com.android.systemui,2048,NULL,0,Notification(channel=updateNotification shortcut=null contentView=null vibrate=null sound=null defaults=0x0 flags=0x0 color=0x00000000 vis=PRIVATE),1]
12-08 09:11:56.364 12174 12174 I sysui_multi_action: [757,111,758,2]
12-08 09:11:56.364 12174 12174 I sysui_multi_action: [757,111,758,2]
12-08 09:11:56.379 1494 2742 W WindowManager: updateScale0.4617737
12-08 09:11:56.380 1494 1905 I GameModeConfig: isGameModeOn = false
12-08 09:11:56.382 1494 1568 I input_focus: [Focus request e4dc0ca NotificationShade,reason=UpdateInputWindows]
12-08 09:11:56.385 12174 12174 I sysui_multi_action: [757,111,758,1]
12-08 09:11:56.385 12174 12174 I sysui_multi_action: [757,126,758,1,759,126,927,0,928,1,1593,0]
12-08 09:11:56.385 12174 12174 I sysui_multi_action: [757,113,758,1,759,113,927,1,928,1,1593,0]
12-08 09:11:56.385 12174 12174 I sysui_multi_action: [757,0,758,1,759,0,927,2,928,0,1593,0]
12-08 09:11:56.385 12174 12174 I sysui_multi_action: [757,0,758,1,759,0,927,3,928,0,1593,0]
12-08 09:11:56.386 12174 12174 I sysui_multi_action: [757,491,758,1,759,491,927,4,928,0,1311,-1,1593,0]
12-08 09:11:56.386 12174 12174 I sysui_multi_action: [757,0,758,1,759,0,927,5,928,0,1593,0]
12-08 09:11:56.386 12174 12174 I sysui_multi_action: [757,111,758,1]
12-08 09:11:56.386 12174 12174 I sysui_multi_action: [757,126,758,1,759,126,927,0,928,1,1593,0]
12-08 09:11:56.386 12174 12174 I sysui_multi_action: [757,113,758,1,759,113,927,1,928,1,1593,0]
12-08 09:11:56.386 12174 12174 I sysui_multi_action: [757,0,758,1,759,0,927,2,928,0,1593,0]
12-08 09:11:56.386 12174 12174 I sysui_multi_action: [757,0,758,1,759,0,927,3,928,0,1593,0]
12-08 09:11:56.396 1494 1568 W WindowManager: updateScale0.4617737
12-08 09:11:56.396 1494 1905 I GameModeConfig: isGameModeOn = false
12-08 09:11:56.397 1494 1905 I GameModeConfig: isGameModeOn = false
12-08 09:11:56.397 1494 1905 I GameModeConfig: isGameModeOn = false
12-08 09:11:56.397 1494 1905 I GameModeConfig: isGameModeOn = false
12-08 09:11:56.397 1494 1905 I GameModeConfig: isGameModeOn = false
12-08 09:11:56.398 12174 12174 I sysui_multi_action: [757,111,758,2]
12-08 09:11:56.398 12174 12174 I sysui_multi_action: [757,111,758,2]
12-08 09:11:56.399 1494 1726 I input_interaction: Interaction with: 1745717 StatusBar (server), f2e5f5e com.android.settings/com.android.settings.Settings (server), edge-swipe (server), swipe-up (server), PointerEventDispatcher0 (server),
12-08 09:11:56.400 1494 1494 I notification_enqueue: [10082,12174,com.android.systemui,2048,NULL,0,Notification(channel=updateNotification shortcut=null contentView=null vibrate=null sound=null defaults=0x0 flags=0x0 color=0x00000000 vis=PRIVATE),1]
12-08 09:11:56.402 12174 12174 I sysui_multi_action: [757,111,758,1]
12-08 09:11:56.402 12174 12174 I sysui_multi_action: [757,126,758,1,759,126,927,0,928,1,1593,0]
12-08 09:11:56.402 12174 12174 I sysui_multi_action: [757,113,758,1,759,113,927,1,928,1,1593,0]
12-08 09:11:56.402 12174 12174 I sysui_multi_action: [757,0,758,1,759,0,927,2,928,0,1593,0]
12-08 09:11:56.402 12174 12174 I sysui_multi_action: [757,0,758,1,759,0,927,3,928,0,1593,0]
12-08 09:11:56.402 12174 12174 I sysui_multi_action: [757,491,758,1,759,491,927,4,928,0,1311,-1,1593,0]
12-08 09:11:56.402 12174 12174 I sysui_multi_action: [757,0,758,1,759,0,927,5,928,0,1593,0]
12-08 09:11:56.403 12174 12174 I sysui_multi_action: [757,111,758,1]
12-08 09:11:56.403 12174 12174 I sysui_multi_action: [757,126,758,1,759,126,927,0,928,1,1593,0]
12-08 09:11:56.403 12174 12174 I sysui_multi_action: [757,113,758,1,759,113,927,1,928,1,1593,0]
12-08 09:11:56.403 12174 12174 I sysui_multi_action: [757,0,758,1,759,0,927,2,928,0,1593,0]
12-08 09:11:56.403 12174 12174 I sysui_multi_action: [757,0,758,1,759,0,927,3,928,0,1593,0]
12-08 09:11:56.404 1494 1905 I GameModeConfig: isGameModeOn = false
12-08 09:11:56.410 1494 1726 I input_focus: [Focus leaving f2e5f5e com.android.settings/com.android.settings.Settings (server),reason=setFocusedWindow]
12-08 09:11:56.411 1494 1726 I input_focus: [Focus entering e4dc0ca NotificationShade (server),reason=setFocusedWindow]
12-08 09:11:56.413 1494 1905 I GameModeConfig: isGameModeOn = false
12-08 09:11:56.413 1494 1905 I GameModeConfig: isGameModeOn = false
12-08 09:11:56.414 1494 1905 I GameModeConfig: isGameModeOn = false
12-08 09:11:56.415 1494 1905 I GameModeConfig: isGameModeOn = false
12-08 09:11:56.416 12174 12174 I sysui_multi_action: [757,111,758,2]
12-08 09:11:56.416 1494 1494 I notification_enqueue: [10082,12174,com.android.systemui,2048,NULL,0,Notification(channel=updateNotification shortcut=null contentView=null vibrate=null sound=null defaults=0x0 flags=0x0 color=0x00000000 vis=PRIVATE),1]
12-08 09:11:56.416 12174 12174 I sysui_multi_action: [757,111,758,2]
12-08 09:11:56.416 1494 1905 I GameModeConfig: isGameModeOn = false
12-08 09:11:56.420 12174 12174 I sysui_multi_action: [757,111,758,1]
12-08 09:11:56.420 12174 12174 I sysui_multi_action: [757,126,758,1,759,126,927,0,928,1,1593,0]
12-08 09:11:56.420 12174 12174 I sysui_multi_action: [757,113,758,1,759,113,927,1,928,1,1593,0]
12-08 09:11:56.420 12174 12174 I sysui_multi_action: [757,0,758,1,759,0,927,2,928,0,1593,0]
12-08 09:11:56.420 12174 12174 I sysui_multi_action: [757,0,758,1,759,0,927,3,928,0,1593,0]
12-08 09:11:56.421 12174 12174 I sysui_multi_action: [757,491,758,1,759,491,927,4,928,0,1311,-1,1593,0]
12-08 09:11:56.421 12174 12174 I sysui_multi_action: [757,0,758,1,759,0,927,5,928,0,1593,0]
12-08 09:11:56.421 12174 12174 I sysui_multi_action: [757,111,758,1]
12-08 09:11:56.421 12174 12174 I sysui_multi_action: [757,126,758,1,759,126,927,0,928,1,1593,0]
12-08 09:11:56.421 12174 12174 I sysui_multi_action: [757,113,758,1,759,113,927,1,928,1,1593,0]
12-08 09:11:56.421 12174 12174 I sysui_multi_action: [757,0,758,1,759,0,927,2,928,0,1593,0]
12-08 09:11:56.421 12174 12174 I sysui_multi_action: [757,0,758,1,759,0,927,3,928,0,1593,0]
12-08 09:11:56.431 1494 1905 I GameModeConfig: isGameModeOn = false
12-08 09:11:56.432 1494 1905 I GameModeConfig: isGameModeOn = false
12-08 09:11:56.432 1494 1905 I GameModeConfig: isGameModeOn = false
12-08 09:11:56.432 1494 1905 I GameModeConfig: isGameModeOn = false
12-08 09:11:56.432 1494 1905 I GameModeConfig: isGameModeOn = false
12-08 09:11:56.433 12174 12174 I sysui_multi_action: [757,111,758,2]
12-08 09:11:56.433 12174 12174 I sysui_multi_action: [757,111,758,2]
12-08 09:11:56.436 12174 12174 I sysui_multi_action: [757,111,758,1]
12-08 09:11:56.436 12174 12174 I sysui_multi_action: [757,126,758,1,759,126,927,0,928,1,1593,0]
12-08 09:11:56.436 12174 12174 I sysui_multi_action: [757,113,758,1,759,113,927,1,928,1,1593,0]
12-08 09:11:56.436 12174 12174 I sysui_multi_action: [757,0,758,1,759,0,927,2,928,0,1593,0]
12-08 09:11:56.436 12174 12174 I sysui_multi_action: [757,0,758,1,759,0,927,3,928,0,1593,0]
12-08 09:11:56.436 1494 1494 I notification_enqueue: [10082,12174,com.android.systemui,2048,NULL,0,Notification(channel=updateNotification shortcut=null contentView=null vibrate=null sound=null defaults=0x0 flags=0x0 color=0x00000000 vis=PRIVATE),1]
12-08 09:11:56.436 12174 12174 I sysui_multi_action: [757,491,758,1,759,491,927,4,928,0,1311,-1,1593,0]
12-08 09:11:56.436 12174 12174 I sysui_multi_action: [757,0,758,1,759,0,927,5,928,0,1593,0]
12-08 09:11:56.436 12174 12174 I sysui_multi_action: [757,111,758,1]
12-08 09:11:56.436 12174 12174 I sysui_multi_action: [757,126,758,1,759,126,927,0,928,1,1593,0]
12-08 09:11:56.436 12174 12174 I sysui_multi_action: [757,113,758,1,759,113,927,1,928,1,1593,0]
12-08 09:11:56.436 12174 12174 I sysui_multi_action: [757,0,758,1,759,0,927,2,928,0,1593,0]
12-08 09:11:56.436 12174 12174 I sysui_multi_action: [757,0,758,1,759,0,927,3,928,0,1593,0]
12-08 09:11:56.449 1494 1905 I GameModeConfig: isGameModeOn = false
12-08 09:11:56.466 1494 1905 I GameModeConfig: isGameModeOn = false
12-08 09:11:56.476 1494 1905 I GameModeConfig: isGameModeOn = false
12-08 09:11:56.477 1494 1905 I GameModeConfig: isGameModeOn = false
12-08 09:11:56.477 1494 1905 I GameModeConfig: isGameModeOn = false
12-08 09:11:56.477 1494 1905 I GameModeConfig: isGameModeOn = false
12-08 09:11:56.478 12174 12174 I sysui_multi_action: [757,111,758,2]
12-08 09:11:56.479 12174 12174 I sysui_multi_action: [757,111,758,2]
12-08 09:11:56.479 1494 1494 I notification_enqueue: [10082,12174,com.android.systemui,2048,NULL,0,Notification(channel=updateNotification shortcut=null contentView=null vibrate=null sound=null defaults=0x0 flags=0x0 color=0x00000000 vis=PRIVATE),1]
12-08 09:11:56.482 1494 1905 I GameModeConfig: isGameModeOn = false
12-08 09:11:56.484 12174 12174 I sysui_multi_action: [757,111,758,1]
12-08 09:11:56.484 12174 12174 I sysui_multi_action: [757,126,758,1,759,126,927,0,928,1,1593,0]
12-08 09:11:56.484 12174 12174 I sysui_multi_action: [757,113,758,1,759,113,927,1,928,1,1593,0]
12-08 09:11:56.484 12174 12174 I sysui_multi_action: [757,0,758,1,759,0,927,2,928,0,1593,0]
12-08 09:11:56.484 12174 12174 I sysui_multi_action: [757,0,758,1,759,0,927,3,928,0,1593,0]
12-08 09:11:56.485 12174 12174 I sysui_multi_action: [757,491,758,1,759,491,927,4,928,0,1311,-1,1593,0]
12-08 09:11:56.485 12174 12174 I sysui_multi_action: [757,0,758,1,759,0,927,5,928,0,1593,0]
12-08 09:11:56.485 12174 12174 I sysui_multi_action: [757,111,758,1]
12-08 09:11:56.485 12174 12174 I sysui_multi_action: [757,126,758,1,759,126,927,0,928,1,1593,0]
12-08 09:11:56.485 12174 12174 I sysui_multi_action: [757,113,758,1,759,113,927,1,928,1,1593,0]
12-08 09:11:56.485 12174 12174 I sysui_multi_action: [757,0,758,1,759,0,927,2,928,0,1593,0]
12-08 09:11:56.486 12174 12174 I sysui_multi_action: [757,0,758,1,759,0,927,3,928,0,1593,0]
12-08 09:11:56.487 1494 1726 I input_interaction: Interaction with: f2e5f5e com.android.settings/com.android.settings.Settings (server), edge-swipe (server), swipe-up (server), PointerEventDispatcher0 (server),
12-08 09:11:56.496 1494 1905 I GameModeConfig: isGameModeOn = false
12-08 09:11:56.496 1494 1905 I GameModeConfig: isGameModeOn = false
12-08 09:11:56.497 1494 1905 I GameModeConfig: isGameModeOn = false
12-08 09:11:56.497 1494 1905 I GameModeConfig: isGameModeOn = false
12-08 09:11:56.498 12174 12174 I sysui_multi_action: [757,111,758,2]
12-08 09:11:56.498 1494 1494 I notification_enqueue: [10082,12174,com.android.systemui,2048,NULL,0,Notification(channel=updateNotification shortcut=null contentView=null vibrate=null sound=null defaults=0x0 flags=0x0 color=0x00000000 vis=PRIVATE),1]
12-08 09:11:56.498 12174 12174 I sysui_multi_action: [757,111,758,2]
12-08 09:11:56.501 1494 1905 I GameModeConfig: isGameModeOn = false
12-08 09:11:56.502 12174 12174 I sysui_multi_action: [757,111,758,1]
12-08 09:11:56.502 12174 12174 I sysui_multi_action: [757,126,758,1,759,126,927,0,928,1,1593,0]
12-08 09:11:56.502 12174 12174 I sysui_multi_action: [757,113,758,1,759,113,927,1,928,1,1593,0]
12-08 09:11:56.502 12174 12174 I sysui_multi_action: [757,0,758,1,759,0,927,2,928,0,1593,0]
12-08 09:11:56.503 12174 12174 I sysui_multi_action: [757,0,758,1,759,0,927,3,928,0,1593,0]
12-08 09:11:56.503 12174 12174 I sysui_multi_action: [757,491,758,1,759,491,927,4,928,0,1311,-1,1593,0]
12-08 09:11:56.503 12174 12174 I sysui_multi_action: [757,0,758,1,759,0,927,5,928,0,1593,0]
12-08 09:11:56.503 12174 12174 I sysui_multi_action: [757,111,758,1]
12-08 09:11:56.503 12174 12174 I sysui_multi_action: [757,126,758,1,759,126,927,0,928,1,1593,0]
12-08 09:11:56.503 12174 12174 I sysui_multi_action: [757,113,758,1,759,113,927,1,928,1,1593,0]
12-08 09:11:56.503 12174 12174 I sysui_multi_action: [757,0,758,1,759,0,927,2,928,0,1593,0]
12-08 09:11:56.504 12174 12174 I sysui_multi_action: [757,0,758,1,759,0,927,3,928,0,1593,0]
12-08 09:11:56.512 1494 1905 I GameModeConfig: isGameModeOn = false
12-08 09:11:56.513 1494 1905 I GameModeConfig: isGameModeOn = false
12-08 09:11:56.513 1494 1905 I GameModeConfig: isGameModeOn = false
12-08 09:11:56.513 1494 1905 I GameModeConfig: isGameModeOn = false
12-08 09:11:56.515 12174 12174 I sysui_multi_action: [757,111,758,2]
12-08 09:11:56.515 12174 12174 I sysui_multi_action: [757,111,758,2]
12-08 09:11:56.515 1494 1494 I notification_enqueue: [10082,12174,com.android.systemui,2048,NULL,0,Notification(channel=updateNotification shortcut=null contentView=null vibrate=null sound=null defaults=0x0 flags=0x0 color=0x00000000 vis=PRIVATE),1]
12-08 09:11:56.517 12174 12174 I sysui_multi_action: [757,111,758,1]
12-08 09:11:56.518 12174 12174 I sysui_multi_action: [757,126,758,1,759,126,927,0,928,1,1593,0]
12-08 09:11:56.518 12174 12174 I sysui_multi_action: [757,113,758,1,759,113,927,1,928,1,1593,0]
12-08 09:11:56.518 12174 12174 I sysui_multi_action: [757,0,758,1,759,0,927,2,928,0,1593,0]
12-08 09:11:56.518 12174 12174 I sysui_multi_action: [757,0,758,1,759,0,927,3,928,0,1593,0]
12-08 09:11:56.518 12174 12174 I sysui_multi_action: [757,491,758,1,759,491,927,4,928,0,1311,-1,1593,0]
12-08 09:11:56.518 12174 12174 I sysui_multi_action: [757,0,758,1,759,0,927,5,928,0,1593,0]
12-08 09:11:56.518 12174 12174 I sysui_multi_action: [757,111,758,1]
12-08 09:11:56.518 12174 12174 I sysui_multi_action: [757,126,758,1,759,126,927,0,928,1,1593,0]
12-08 09:11:56.518 12174 12174 I sysui_multi_action: [757,113,758,1,759,113,927,1,928,1,1593,0]
12-08 09:11:56.518 12174 12174 I sysui_multi_action: [757,0,758,1,759,0,927,2,928,0,1593,0]
12-08 09:11:56.518 12174 12174 I sysui_multi_action: [757,0,758,1,759,0,927,3,928,0,1593,0]
12-08 09:11:56.521 1494 1905 I GameModeConfig: isGameModeOn = false
12-08 09:11:56.531 1494 1905 I GameModeConfig: isGameModeOn = false
12-08 09:11:56.532 1494 1905 I GameModeConfig: isGameModeOn = false
12-08 09:11:56.532 1494 1905 I GameModeConfig: isGameModeOn = false
12-08 09:11:56.532 1494 1905 I GameModeConfig: isGameModeOn = false
12-08 09:11:56.532 1494 1905 I GameModeConfig: isGameModeOn = false
12-08 09:11:56.533 12174 12174 I sysui_multi_action: [757,111,758,2]
12-08 09:11:56.533 12174 12174 I sysui_multi_action: [757,111,758,2]
12-08 09:11:56.533 1494 1494 I notification_enqueue: [10082,12174,com.android.systemui,2048,NULL,0,Notification(channel=updateNotification shortcut=null contentView=null vibrate=null sound=null defaults=0x0 flags=0x0 color=0x00000000 vis=PRIVATE),1]
12-08 09:11:56.535 12174 12174 I sysui_multi_action: [757,111,758,1]
12-08 09:11:56.535 12174 12174 I sysui_multi_action: [757,126,758,1,759,126,927,0,928,1,1593,0]
12-08 09:11:56.535 12174 12174 I sysui_multi_action: [757,113,758,1,759,113,927,1,928,1,1593,0]
12-08 09:11:56.535 12174 12174 I sysui_multi_action: [757,0,758,1,759,0,927,2,928,0,1593,0]
12-08 09:11:56.536 12174 12174 I sysui_multi_action: [757,0,758,1,759,0,927,3,928,0,1593,0]
12-08 09:11:56.536 12174 12174 I sysui_multi_action: [757,491,758,1,759,491,927,4,928,0,1311,-1,1593,0]
12-08 09:11:56.536 12174 12174 I sysui_multi_action: [757,0,758,1,759,0,927,5,928,0,1593,0]
12-08 09:11:56.536 12174 12174 I sysui_multi_action: [757,111,758,1]
12-08 09:11:56.536 12174 12174 I sysui_multi_action: [757,126,758,1,759,126,927,0,928,1,1593,0]
12-08 09:11:56.536 12174 12174 I sysui_multi_action: [757,113,758,1,759,113,927,1,928,1,1593,0]
12-08 09:11:56.536 12174 12174 I sysui_multi_action: [757,0,758,1,759,0,927,2,928,0,1593,0]
12-08 09:11:56.536 12174 12174 I sysui_multi_action: [757,0,758,1,759,0,927,3,928,0,1593,0]
12-08 09:11:56.549 1494 1905 I GameModeConfig: isGameModeOn = false
12-08 09:11:56.556 1494 1905 I GameModeConfig: isGameModeOn = false
12-08 09:11:56.565 1494 1494 I GameModeConfig: isGameModeOn = false
12-08 09:11:56.566 1494 1494 I sysui_multi_action: [757,1501,758,1,793,1739295,794,0,795,204,796,2048,806,com.android.systemui,857,updateNotification,858,3,947,0,1500,0,1688,1]
12-08 09:11:56.566 1494 1494 I sysui_multi_action: [757,804,799,note_interruptive,801,0,802,1]
12-08 09:11:56.566 1494 1494 I sysui_multi_action: [757,199,758,1,759,2,793,1739295,794,0,795,204,796,2048,806,com.android.systemui,857,updateNotification,858,3,947,0,1500,0,1688,1]
12-08 09:11:56.566 1494 1494 I notification_alert: [0|com.android.systemui|2048|null|10082,0,1,0]
12-08 09:11:56.567 1494 1494 W NotificationHistory: Attempted to add notif for locked/gone/disabled user 0
12-08 09:11:56.569 1494 1905 I GameModeConfig: isGameModeOn = false
12-08 09:11:56.585 1494 1905 I GameModeConfig: isGameModeOn = false
12-08 09:11:56.593 1494 1905 I GameModeConfig: isGameModeOn = false
12-08 09:11:56.597 1494 1905 I GameModeConfig: isGameModeOn = false
12-08 09:11:56.603 1494 1494 I GameModeConfig: isGameModeOn = false
12-08 09:11:56.604 1494 1494 E NotificationService: Muting recently noisy 0|com.android.systemui|2048|null|10082
12-08 09:11:56.604 1494 1905 I GameModeConfig: isGameModeOn = false
12-08 09:11:56.608 1494 1905 I GameModeConfig: isGameModeOn = false
12-08 09:11:56.617 1494 1494 I GameModeConfig: isGameModeOn = false
12-08 09:11:56.617 1494 1494 E NotificationService: Muting recently noisy 0|com.android.systemui|2048|null|10082
12-08 09:11:56.618 1494 1905 I GameModeConfig: isGameModeOn = false
12-08 09:11:56.620 1494 1905 I GameModeConfig: isGameModeOn = false
12-08 09:11:56.634 1494 1905 I GameModeConfig: isGameModeOn = false
12-08 09:11:56.637 1494 1494 I GameModeConfig: isGameModeOn = false
12-08 09:11:56.638 1494 1494 E NotificationService: Muting recently noisy 0|com.android.systemui|2048|null|10082
12-08 09:11:56.639 1494 1905 I GameModeConfig: isGameModeOn = false
12-08 09:11:56.650 1494 1905 I GameModeConfig: isGameModeOn = false
12-08 09:11:56.655 1494 1905 I GameModeConfig: isGameModeOn = false
12-08 09:11:56.673 1494 1905 I GameModeConfig: isGameModeOn = false
12-08 09:11:56.675 1494 1905 I GameModeConfig: isGameModeOn = false
12-08 09:11:56.680 1494 1494 I GameModeConfig: isGameModeOn = false
12-08 09:11:56.681 1494 1494 E NotificationService: Muting recently noisy 0|com.android.systemui|2048|null|10082
12-08 09:11:56.683 1494 1905 I GameModeConfig: isGameModeOn = false
12-08 09:11:56.687 1494 1905 I GameModeConfig: isGameModeOn = false
12-08 09:11:56.699 1494 1494 I GameModeConfig: isGameModeOn = false
12-08 09:11:56.700 1494 1494 E NotificationService: Muting recently noisy 0|com.android.systemui|2048|null|10082
12-08 09:11:56.700 1494 1905 I GameModeConfig: isGameModeOn = false
12-08 09:11:56.705 1494 1905 I GameModeConfig: isGameModeOn = false
12-08 09:11:56.719 1494 1494 I GameModeConfig: isGameModeOn = false
12-08 09:11:56.719 1494 1494 E NotificationService: Muting recently noisy 0|com.android.systemui|2048|null|10082
12-08 09:11:56.725 1494 2125 W WindowManager: updateScale0.4617737
12-08 09:11:56.725 1494 1905 I GameModeConfig: isGameModeOn = false
12-08 09:11:56.728 1494 2742 W WindowManager: updateScale0.4617737
12-08 09:11:56.735 1494 1494 I GameModeConfig: isGameModeOn = false
12-08 09:11:56.735 1494 1494 E NotificationService: Muting recently noisy 0|com.android.systemui|2048|null|10082
12-08 09:11:56.739 1494 1905 I GameModeConfig: isGameModeOn = false
12-08 09:11:56.754 1494 1905 I GameModeConfig: isGameModeOn = false
12-08 09:11:56.770 1494 1905 I GameModeConfig: isGameModeOn = false
12-08 09:11:56.794 1494 1905 I GameModeConfig: isGameModeOn = false
12-08 09:11:56.810 1494 1905 I GameModeConfig: isGameModeOn = false
12-08 09:11:56.817 1494 1905 I GameModeConfig: isGameModeOn = false
12-08 09:11:56.837 1494 1905 I GameModeConfig: isGameModeOn = false
12-08 09:11:56.856 1494 1905 I GameModeConfig: isGameModeOn = false
12-08 09:11:56.872 1494 1905 I GameModeConfig: isGameModeOn = false
12-08 09:11:56.885 1494 1905 I GameModeConfig: isGameModeOn = false
12-08 09:11:56.903 1494 1905 I GameModeConfig: isGameModeOn = false
12-08 09:11:56.911 1494 6909 I sysui_multi_action: [757,128,758,1,793,17700704,794,0,795,17700704,796,26,798,0,806,android,857,DEVELOPER_IMPORTANT,858,4,947,0,1395,2,1500,17700250,1688,1]
12-08 09:11:56.911 1494 6909 I sysui_multi_action: [757,804,799,note_freshness,801,17700704,802,1]
12-08 09:11:56.911 1494 6909 I notification_visibility: [-1|android|26|null|1000,1,17700704,17700704,0,0]
12-08 09:11:56.911 1494 6909 I sysui_multi_action: [757,128,758,1,793,17701559,794,0,795,17701559,796,32,798,1,806,android,857,USB,858,1,947,0,1395,2,1500,17701499,1688,1]
12-08 09:11:56.911 1494 6909 I sysui_multi_action: [757,804,799,note_freshness,801,17701559,802,1]
12-08 09:11:56.911 1494 6909 I notification_visibility: [-1|android|32|null|1000,1,17701559,17701559,0,1]
12-08 09:11:57.055 0 0 I auditd : type=1400 audit(0.0:18912): avc: denied { kill } for comm="swapper/3" capability=5 scontext=u:r:kernel:s0 tcontext=u:r:kernel:s0 tclass=capability permissive=0
12-08 09:11:57.260 1494 1726 I input_interaction: Interaction with: e4dc0ca NotificationShade (server), edge-swipe (server), swipe-up (server), PointerEventDispatcher0 (server),
12-08 09:11:57.267 1359 16598 I liblog : 176
12-08 09:11:57.277 1494 2125 I wm_task_moved: [36,0,0]
12-08 09:11:57.277 1494 2125 I wm_task_moved: [36,0,8]
12-08 09:11:57.281 1494 2125 W WindowManager: updateScale0.4617737
12-08 09:11:57.289 2523 2523 I wm_on_restart_called: [103271708,com.android.launcher3.uioverrides.QuickstepLauncher,performRestartActivity]
12-08 09:11:57.304 10409 10425 W ContextImpl: Calling a method in the system process without a qualified user: android.app.ContextImpl.startService:1816 android.content.ContextWrapper.startService:774 com.thundercomm.gamemode.ingame.services.GameModeActionUtils.startGameModeService:93 com.thundercomm.gamemode.ingame.services.GameModeActionUtils.startGameModeEntry:21 com.thundercomm.gamemode.ingame.services.ActivityMonitoringService$1.onActivityLaunch:127
12-08 09:11:57.304 2523 2523 I wm_on_start_called: [103271708,com.android.launcher3.uioverrides.QuickstepLauncher,handleStartActivity]
12-08 09:11:57.310 1494 4850 W WindowManager: updateScale0.4617737
12-08 09:11:57.311 1494 1494 I GameModeConfig: Current uri is uri = content://com.thundercomm.gamemode.api/gamemode_settings/gamemode_isgaming
12-08 09:11:57.313 1494 5950 W ActivityTaskManager: getTaskSnapshot: taskId=3222 not found
12-08 09:11:57.317 1494 1494 I GameModeConfig: isGameModeOn = false
12-08 09:11:57.317 1494 1494 I GameModeConfig: isGameModeOn = false
12-08 09:11:57.318 1494 1494 I GameModeConfig: isDisableVoice = true
12-08 09:11:57.320 1494 1568 W WindowManager: updateScale0.4617737
