12-08 04:17:05.791 1518 1635 I wm_pause_activity: [0,198564447,com.android.settings/.CryptKeeper,userLeaving=false,finish]
12-08 04:17:05.793 2808 2808 I wm_on_create_called: [198564447,com.android.settings.CryptKeeper,performCreate]
12-08 04:17:05.793 1518 1645 I sysui_multi_action: [757,1144,758,7,806,com.android.settings,871,com.android.settings.CryptKeeper]
12-08 04:17:05.797 1518 1518 I commit_sys_config_file: [display-state,13204]
12-08 04:17:05.798 1518 1635 I ActivityTaskManager: START u0 {act=android.intent.action.MAIN cat=[android.intent.category.HOME] flg=0x10000100 cmp=com.android.settings/.FallbackHome (has extras)} from uid 0
12-08 04:17:05.799 1518 1635 I wm_task_created: [8,-1]
12-08 04:17:05.800 1518 1635 I wm_task_moved: [8,1,2147483647]
12-08 04:17:05.801 1518 1635 I wm_task_moved: [1,1,5]
12-08 04:17:05.801 1518 1635 I wm_create_task: [0,8]
12-08 04:17:05.801 1518 1635 I wm_create_activity: [0,41571227,8,com.android.settings/.FallbackHome,android.intent.action.MAIN,NULL,NULL,276824320]
12-08 04:17:05.801 1518 1635 I wm_task_moved: [1,1,5]
12-08 04:17:05.801 1518 1635 I wm_task_moved: [8,1,2147483647]
12-08 04:17:05.801 1518 1635 I wm_task_to_front: [0,8]
12-08 04:17:05.801 1518 2592 W ContextImpl: Calling a method in the system process without a qualified user: android.app.ContextImpl.bindService:1895 android.content.ContextWrapper.bindService:810 com.qualcomm.qti.activityextension.ActivityNotifier.bindToDynamicDDSService:103 com.qualcomm.qti.activityextension.ActivityNotifier.handleSendActivityInvokeNotification:184 com.qualcomm.qti.activityextension.ActivityNotifier.access$300:26
12-08 04:17:05.802 1518 1635 I ActivityTaskManager: FOREGROUND_APPLICATION_CHANGED to com.android.settings.FallbackHome
12-08 04:17:05.802 1210 1210 I wificond: createClientInterface: wiphy_index 0 iface_name wlan0
12-08 04:17:05.803 1210 1210 I wificond: create scanner for interface with index: 17
12-08 04:17:05.803 1210 1210 I wificond: subscribe scan result for interface with index: 17
12-08 04:17:05.803 1518 2592 W ContextImpl: Calling a method in the system process without a qualified user: android.app.ContextImpl.bindService:1895 android.content.ContextWrapper.bindService:810 com.qualcomm.qti.activityextension.ActivityNotifier.bindToDynamicDDSService:103 com.qualcomm.qti.activityextension.ActivityNotifier.handleSendActivityInvokeNotification:184 com.qualcomm.qti.activityextension.ActivityNotifier.access$300:26
12-08 04:17:05.803 1210 1210 I wificond: add channel type 0 support at wiphy index: 0
12-08 04:17:05.803 1210 1210 I wificond: add channel type 1 support at wiphy index: 0
12-08 04:17:05.807 1518 2592 W ContextImpl: Calling a method in the system process without a qualified user: android.app.ContextImpl.bindService:1895 android.content.ContextWrapper.bindService:810 com.qualcomm.qti.activityextension.ActivityNotifier.bindToDynamicDDSService:103 com.qualcomm.qti.activityextension.ActivityNotifier.handleSendActivityInvokeNotification:184 com.qualcomm.qti.activityextension.ActivityNotifier.access$300:26
12-08 04:17:05.808 1518 1645 D CompatibilityChangeReporter: Compat change id reported: 135634846; UID 1000; state: DISABLED
12-08 04:17:05.808 1518 1645 D CompatibilityChangeReporter: Compat change id reported: 177438394; UID 1000; state: DISABLED
12-08 04:17:05.808 1518 1645 D CompatibilityChangeReporter: Compat change id reported: 135772972; UID 1000; state: DISABLED
12-08 04:17:05.808 1518 1645 D CompatibilityChangeReporter: Compat change id reported: 135754954; UID 1000; state: ENABLED
12-08 04:17:05.809 1518 1655 W ActivityManager: com.android.keychain inode == 0 (b/152760674)
12-08 04:17:05.809 1518 1645 I sysui_multi_action: [757,803,799,window_time_0,802,13]
12-08 04:17:05.814 1518 1655 I am_proc_start: [0,2932,1000,com.android.settings,top-activity,{com.android.settings/com.android.settings.FallbackHome}]
12-08 04:17:05.814 1518 1655 I ActivityManager: Start proc 2932:com.android.settings/1000 for top-activity {com.android.settings/com.android.settings.FallbackHome}
12-08 04:17:05.829 1518 1634 I StatusBarManagerService: registerStatusBar bar=com.android.internal.statusbar.IStatusBar$Stub$Proxy@dc2f629
12-08 04:17:05.833 1518 1634 I am_uid_running: 10089
12-08 04:17:05.833 1518 1634 D CompatibilityChangeReporter: Compat change id reported: 135634846; UID 10089; state: DISABLED
12-08 04:17:05.833 1518 1634 D CompatibilityChangeReporter: Compat change id reported: 177438394; UID 10089; state: DISABLED
12-08 04:17:05.833 1518 1634 D CompatibilityChangeReporter: Compat change id reported: 135772972; UID 10089; state: DISABLED
12-08 04:17:05.833 1518 1634 D CompatibilityChangeReporter: Compat change id reported: 135754954; UID 10089; state: ENABLED
12-08 04:17:05.833 1518 1655 D CompatibilityChangeReporter: Compat change id reported: 143937733; UID 10089; state: ENABLED
12-08 04:17:05.833 1518 1655 W ActivityManager: com.qualcomm.qti.qccauthmgr inode == 0 (b/152760674)
12-08 04:17:05.837 1518 1518 I PackageWatchdog: Syncing health check requests for packages: {}
12-08 04:17:05.838 1518 1518 I ExplicitHealthCheckController: Service not ready to get health check supported packages. Binding...
12-08 04:17:05.838 1518 1518 I ExplicitHealthCheckController: Explicit health check service is bound
12-08 04:17:05.838 1518 1518 D BluetoothManagerService: Bluetooth Adapter name changed to QCOM-BTD by android
12-08 04:17:05.839 1518 1518 D BluetoothManagerService: Stored Bluetooth name: QCOM-BTD
12-08 04:17:05.839 1518 1655 I am_proc_start: [0,2950,10089,com.qualcomm.qti.qccauthmgr,content provider,{com.qualcomm.qti.qccauthmgr/com.qualcomm.qti.qccauthmgr.providers.SMQContentProvider}]
12-08 04:17:05.839 1518 1655 I ActivityManager: Start proc 2950:com.qualcomm.qti.qccauthmgr/u0a89 for content provider {com.qualcomm.qti.qccauthmgr/com.qualcomm.qti.qccauthmgr.providers.SMQContentProvider}
12-08 04:17:05.840 1518 1634 I am_proc_bound: [0,2932,com.android.settings]
12-08 04:17:05.842 1518 1634 I wm_restart_activity: [0,41571227,8,com.android.settings/.FallbackHome]
12-08 04:17:05.843 1518 1634 I wm_set_resumed_activity: [0,com.android.settings/.FallbackHome,minimalResumeActivityLocked]
12-08 04:17:05.863 1518 2376 I am_proc_bound: [0,2950,com.qualcomm.qti.qccauthmgr]
12-08 04:17:05.863 1518 2376 D CompatibilityChangeReporter: Compat change id reported: 168419799; UID 10089; state: DISABLED
12-08 04:17:05.864 1518 1518 D BluetoothManagerService: BluetoothServiceConnection: com.android.bluetooth.btservice.AdapterService
12-08 04:17:05.864 1518 1644 D BluetoothManagerService: MESSAGE_BLUETOOTH_SERVICE_CONNECTED: 1
12-08 04:17:05.864 1518 2376 I am_uid_active: 10089
12-08 04:17:05.867 1518 1644 D BluetoothManagerService: MESSAGE_GET_NAME_AND_ADDRESS
12-08 04:17:05.870 1518 1644 D BluetoothManagerService: Stored Bluetooth name: QCOM-BTD
12-08 04:17:05.870 1518 1644 D BluetoothManagerService: MESSAGE_INFORM_ADAPTER_SERVICE_UP
12-08 04:17:05.870 1518 1644 D BluetoothManagerService: Broadcasting onBluetoothServiceUp() to 3 receivers.
12-08 04:17:05.872 1518 1644 D BluetoothManagerService: MESSAGE_BLUETOOTH_STATE_CHANGE: OFF > BLE_TURNING_ON
12-08 04:17:05.872 1518 1644 D BluetoothManagerService: Sending BLE State Change: OFF > BLE_TURNING_ON
12-08 04:17:05.874 1518 1634 D CompatibilityChangeReporter: Compat change id reported: 168419799; UID 1002; state: DISABLED
12-08 04:17:05.888 1518 1518 I notification_enqueue: [10082,2377,com.android.systemui,1,empty_media,0,Notification(channel=empty_media_style_id shortcut=null contentView=null vibrate=null sound=null defaults=0x0 flags=0x20 color=0x00000000 category=transport actions=4 vis=PRIVATE),0]
12-08 04:17:05.895 2932 2932 I wm_on_create_called: [41571227,com.android.settings.FallbackHome,performCreate]
12-08 04:17:05.896 2932 2932 I wm_on_start_called: [41571227,com.android.settings.FallbackHome,handleStartActivity]
12-08 04:17:05.896 2932 2932 I wm_on_resume_called: [41571227,com.android.settings.FallbackHome,RESUME_ACTIVITY]
12-08 04:17:05.897 1518 1518 D BiometricScheduler/Fingerprint21: [Added] {[0] FingerprintUpdateActiveUserClient, proto=1, owner=android, cookie=0, requestId=-1, userId=0}, new queue size: 1
12-08 04:17:05.897 1518 1518 D BiometricScheduler/Fingerprint21: [Polled] {[0] FingerprintUpdateActiveUserClient, proto=1, owner=android, cookie=0, requestId=-1, userId=0}, State: 0
12-08 04:17:05.897 1518 1518 D BiometricScheduler/Fingerprint21: [Starting] {[0] FingerprintUpdateActiveUserClient, proto=1, owner=android, cookie=0, requestId=-1, userId=0}, State: 0
12-08 04:17:05.897 1518 1518 D BiometricScheduler/Fingerprint21: [Started] {[0] FingerprintUpdateActiveUserClient, proto=1, owner=android, cookie=0, requestId=-1, userId=0}
12-08 04:17:05.900 1518 1634 W WindowManager: Failed looking up window session=Session{ba0931b 2932:1000} callers=com.android.server.wm.WindowManagerService.windowForClientLocked:5628 com.android.server.wm.Session.insetsModified:629 android.view.IWindowSession$Stub.onTransact:1151
12-08 04:17:05.902 2932 2932 I wm_on_top_resumed_gained_called: [41571227,com.android.settings.FallbackHome,topStateChangedWhenResumed]
12-08 04:17:05.905 1518 2463 D CompatibilityChangeReporter: Compat change id reported: 171306433; UID 1000; state: ENABLED
12-08 04:17:05.907 1518 1646 I input_focus: [Focus request fc2fdf6 com.android.settings/com.android.settings.FallbackHome,reason=UpdateInputWindows]
12-08 04:17:05.931 1518 1645 I wm_destroy_activity: [0,198564447,7,com.android.settings/.CryptKeeper,finish-transit]
12-08 04:17:05.933 1518 1645 I ActivityManagerTiming: FinishBooting
12-08 04:17:05.933 1518 1645 I boot_progress_enable_screen: 25430
12-08 04:17:05.935 1518 1645 I screen_toggled: 1
12-08 04:17:05.935 1518 1645 W KeyguardServiceDelegate: onScreenTurningOn(): no keyguard service!
12-08 04:17:05.938 2808 2808 I wm_on_destroy_called: [198564447,com.android.settings.CryptKeeper,performDestroy]
12-08 04:17:05.939 1518 2463 I wm_task_removed: [7,cleanUpResourcesForDestroy]
12-08 04:17:05.940 1518 2463 I wm_task_removed: [7,removeChild:removeChild last r=ActivityRecord{bd5da5f u0 com.android.settings/.CryptKeeper t-1 f}} in t=Task{ce08ffa #7 type=home A=1000:com.android.settings.CryptKeeper U=0 visible=false mode=fullscreen translucent=true sz=0}]
12-08 04:17:05.940 1518 2463 I wm_task_removed: [7,removeChild]
12-08 04:17:05.981 1518 1752 I commit_sys_config_file: [settings-0-0,1]
12-08 04:17:05.992 1518 2463 D CompatibilityChangeReporter: Compat change id reported: 168419799; UID 10082; state: DISABLED
12-08 04:17:05.998 1518 1752 I commit_sys_config_file: [settings-1-0,1]
12-08 04:17:06.039 1518 1752 I commit_sys_config_file: [settings-2-0,1]
12-08 04:17:06.045 2377 2642 W ActivityThread: Failed to find provider info for com.android.contacts (user not unlocked)
12-08 04:17:06.125 1518 1518 W Looper : Slow dispatch took 229ms main h=android.os.Handler c=com.android.server.biometrics.sensors.fingerprint.hidl.Fingerprint21$$ExternalSyntheticLambda2@83628ae m=0
12-08 04:17:06.126 1518 1518 D BiometricScheduler/Fingerprint21: [Added] {[1] FingerprintUpdateActiveUserClient, proto=1, owner=android, cookie=0, requestId=-1, userId=0}, new queue size: 1
12-08 04:17:06.126 1518 1518 V BiometricScheduler/Fingerprint21: Not idle, current operation: {[0] FingerprintUpdateActiveUserClient, proto=1, owner=android, cookie=0, requestId=-1, userId=0}, State: 2
12-08 04:17:06.126 1518 1518 D BiometricScheduler/Fingerprint21: [Added] {[2] FingerprintInternalCleanupClient, proto=7, owner=android, cookie=0, requestId=-1, userId=0}, new queue size: 2
12-08 04:17:06.126 1518 1518 V BiometricScheduler/Fingerprint21: Not idle, current operation: {[0] FingerprintUpdateActiveUserClient, proto=1, owner=android, cookie=0, requestId=-1, userId=0}, State: 2
12-08 04:17:06.130 1518 1518 I ConnectivityModuleConnector: Networking module service connected
12-08 04:17:06.138 1518 1518 I SystemServerTiming: ManagedServices.unbindOtherUserServices_current0
12-08 04:17:06.138 1518 1518 I SystemServerTiming: ManagedServices.unbindOtherUserServices_current0
12-08 04:17:06.139 1518 1518 I SystemServerTiming: ManagedServices.unbindOtherUserServices_current0
12-08 04:17:06.139 1518 1518 V NotificationAssistants: enabling notification assistant for 0: ComponentInfo{android.ext.services/android.ext.services.notification.Assistant}
12-08 04:17:06.139 1518 1518 V NotificationAssistants: Not registering ComponentInfo{android.ext.services/android.ext.services.notification.Assistant} is already bound
12-08 04:17:06.184 1518 1518 I notification_cancel_all: [1000,1518,com.android.systemui,0,0,0,20,NULL]
12-08 04:17:06.184 1518 1518 I ConnectivityModuleConnector: Networking module service connected
12-08 04:17:06.185 2377 2521 W ActivityThread: Failed to find provider info for com.android.contacts (user not unlocked)
12-08 04:17:06.187 1518 1518 D ConditionProviders.SCP: onSubscribe condition://android/schedule?days=1.2.3.4.5.6.7&start=22.0&end=7.0&exitAtAlarm=true
12-08 04:17:06.188 1518 1518 D ConditionProviders.SCP: setRegistered true
12-08 04:17:06.188 1518 2320 W ActivityThread: Failed to find provider info for com.android.calendar (user not unlocked)
12-08 04:17:06.189 1518 2320 W ActivityThread: Failed to find provider info for com.android.calendar (user not unlocked)
12-08 04:17:06.191 1518 1518 D ConditionProviders.SCP: evaluateSubscriptionLocked cal=ScheduleCalendar[mDays={1, 2, 3, 4, 5, 6, 7}, mSchedule=ScheduleInfo{days=[1, 2, 3, 4, 5, 6, 7], startHour=22, startMinute=0, endHour=7, endMinute=0, exitAtAlarm=true, nextAlarm=Thu Jan 01 08:00:00 GMT+08:00 1970 (0)}], now=Thu Dec 08 04:17:06 GMT+08:00 2022 (1670444226188), nextUserAlarmTime=Thu Jan 01 08:00:00 GMT+08:00 1970 (0)
12-08 04:17:06.191 1518 1518 D ConditionProviders.SCP: notifyCondition condition://android/schedule?days=1.2.3.4.5.6.7&start=22.0&end=7.0&exitAtAlarm=true STATE_TRUE reason=meetsSchedule
12-08 04:17:06.191 1518 1518 D ConditionProviders.SCP: Scheduling evaluate for Thu Dec 08 07:00:00 GMT+08:00 2022 (1670454000000), in +2h42m53s812ms, now=Thu Dec 08 04:17:06 GMT+08:00 2022 (1670444226188)
12-08 04:17:06.194 1518 1518 I sysui_multi_action: [757,856,758,1,806,com.android.server.telecom,857,TelecomMissedCalls,858,3]
12-08 04:17:06.195 1518 1518 I sysui_multi_action: [757,856,758,1,806,com.android.server.telecom,857,TelecomIncomingCalls,858,5]
12-08 04:17:06.195 1518 1518 I sysui_multi_action: [757,856,758,1,806,com.android.server.telecom,857,TelecomCallBlocking,858,2]
12-08 04:17:06.195 1518 1518 I sysui_multi_action: [757,856,758,1,806,com.android.server.telecom,857,TelecomBackgroundAudioProcessing,858,2]
12-08 04:17:06.195 1518 1518 I sysui_multi_action: [757,856,758,1,806,com.android.server.telecom,857,TelecomDisconnectedCalls,858,3]
12-08 04:17:06.196 1518 1518 I sysui_multi_action: [757,856,758,1,806,com.android.server.telecom,857,TelecomInCallServiceCrash,858,3]
12-08 04:17:06.201 1518 1518 W BluetoothManagerService: bindBluetoothProfileService:Trying to bind to profile: 1, while Bluetooth is disabled
12-08 04:17:06.202 1518 3028 I Telecom : BluetoothRouteManager: getBluetoothAudioConnectedDevice: no service available.
12-08 04:17:06.203 1518 1518 I Telecom : SystemStateHelper: Registering broadcast receiver: android.content.IntentFilter@d5fa665: TS.init@AAA
12-08 04:17:06.203 1518 1518 I Telecom : SystemStateHelper: Registering broadcast receiver: android.content.IntentFilter@d8acf3a: TS.init@AAA
12-08 04:17:06.206 1518 3029 I Telecom : Logging.Events: Non-call EVENT: AUDIO_ROUTE, Entering state QuiescentEarpieceRoute
12-08 04:17:06.206 1518 3029 I Telecom : BluetoothRouteManager: getBluetoothAudioConnectedDevice: no service available.
12-08 04:17:06.208 1518 3030 I Telecom : CallAudioModeStateMachine: Message received: null.: TS.init->CAMSM.pM_1@AAA
12-08 04:17:06.210 1518 1518 I Telecom : MissedCallNotifierImpl: reloadFromDatabase: Boot not yet complete -- call log db may not be available. Deferring loading until boot complete for user 0: TS.init@AAA
12-08 04:17:06.212 2377 2521 W ActivityThread: Failed to find provider info for com.android.contacts (user not unlocked)
12-08 04:17:06.226 1518 1518 D TelephonyRegistry: listen oscl: mHasNotifySubscriptionInfoChangedOccurred==false no callback
12-08 04:17:06.226 1518 1518 I Telecom : MissedCallNotifierImpl: reloadFromDatabase: Boot not yet complete -- call log db may not be available. Deferring loading until boot complete for user 0: TS.init@AAA
12-08 04:17:06.228 1518 1518 I Telecom : Class: TelecomSystem.INSTANCE being set
12-08 04:17:06.229 1518 1518 W CarrierConfigManager: Error getting config for subId -1 ICarrierConfigLoader is null
12-08 04:17:06.229 1518 1518 I Telecom : PhoneAccountRegistrar: getSimCallManager: SimCallManager for subId -1 queried, returning: null: TSI.gSCM@AAE
12-08 04:17:06.230 1518 1518 D CompanionDeviceManagerService: Received BT state transition broadcast: OFF -> BLE_TURNING_ON
12-08 04:17:06.231 1518 1518 I sysui_multi_action: [757,1501,758,1,793,821,794,0,795,821,796,1,797,empty_media,806,com.android.systemui,857,empty_media_style_id,858,4,947,0,1500,0,1641,transport,1745,1043716538]
12-08 04:17:06.231 1518 1518 I sysui_multi_action: [757,804,799,note_interruptive,801,0,802,1]
12-08 04:17:06.231 1518 1518 I GameModeConfig: isGameModeOn = false
12-08 04:17:06.233 1518 1518 W NotificationHistory: Attempted to add notif for locked/gone/disabled user 0
12-08 04:17:06.282 1518 2463 I am_uid_running: 10067
12-08 04:17:06.282 1518 2463 D CompatibilityChangeReporter: Compat change id reported: 135634846; UID 10067; state: DISABLED
12-08 04:17:06.282 1518 2463 D CompatibilityChangeReporter: Compat change id reported: 177438394; UID 10067; state: DISABLED
12-08 04:17:06.282 1518 2463 D CompatibilityChangeReporter: Compat change id reported: 135772972; UID 10067; state: DISABLED
12-08 04:17:06.282 1518 2463 D CompatibilityChangeReporter: Compat change id reported: 135754954; UID 10067; state: ENABLED
12-08 04:17:06.283 1518 1655 D CompatibilityChangeReporter: Compat change id reported: 143937733; UID 10067; state: ENABLED
12-08 04:17:06.283 1518 1655 W ActivityManager: com.thundercomm.gamemode.provider inode == 0 (b/152760674)
12-08 04:17:06.288 1518 1655 I am_proc_start: [0,3047,10067,com.thundercomm.gamemode.provider,content provider,{com.thundercomm.gamemode.provider/com.thundercomm.gamemode.provider.SettingsProvider}]
12-08 04:17:06.288 1518 1655 I ActivityManager: Start proc 3047:com.thundercomm.gamemode.provider/u0a67 for content provider {com.thundercomm.gamemode.provider/com.thundercomm.gamemode.provider.SettingsProvider}
12-08 04:17:06.297 1518 2463 I am_proc_bound: [0,3047,com.thundercomm.gamemode.provider]
12-08 04:17:06.297 1518 2463 D CompatibilityChangeReporter: Compat change id reported: 168419799; UID 10067; state: DISABLED
12-08 04:17:06.298 1518 2463 I am_uid_active: 10067
12-08 04:17:06.327 1518 1752 I commit_sys_config_file: [settings-1-0,0]
12-08 04:17:06.339 1518 1752 I commit_sys_config_file: [settings-2-0,1]
12-08 04:17:06.385 1518 1518 W Looper : Slow dispatch took 151ms main h=android.app.ActivityThread$H c=android.app.LoadedApk$ReceiverDispatcher$Args$$ExternalSyntheticLambda0@81f911b m=0
12-08 04:17:06.385 1518 1518 D BiometricScheduler/Fingerprint21: [Finishing] {[0] FingerprintUpdateActiveUserClient, proto=1, owner=android, cookie=0, requestId=-1, userId=0}, success: true
12-08 04:17:06.385 1518 1518 D BiometricScheduler/Fingerprint21: [Polled] {[1] FingerprintUpdateActiveUserClient, proto=1, owner=android, cookie=0, requestId=-1, userId=0}, State: 0
12-08 04:17:06.385 1518 1518 D BiometricScheduler/Fingerprint21: [Starting] {[1] FingerprintUpdateActiveUserClient, proto=1, owner=android, cookie=0, requestId=-1, userId=0}, State: 0
12-08 04:17:06.385 1518 1518 D BiometricScheduler/Fingerprint21: [Started] {[1] FingerprintUpdateActiveUserClient, proto=1, owner=android, cookie=0, requestId=-1, userId=0}
12-08 04:17:06.401 1518 1645 I wm_boot_animation_done: 25898
12-08 04:17:06.402 1518 1645 I ActivityManagerTiming: FinishBooting
12-08 04:17:06.403 1518 1645 I ActivityManager: About to commit checkpoint
12-08 04:17:06.429 2377 2377 I sysui_multi_action: [757,111,758,1]
12-08 04:17:06.429 2377 2377 I sysui_multi_action: [757,126,758,1,759,126,927,0,928,0,1593,0]
12-08 04:17:06.429 2377 2377 I sysui_multi_action: [757,113,758,1,759,113,927,1,928,0,1593,0]
12-08 04:17:06.429 2377 2377 I sysui_multi_action: [757,0,758,1,759,0,927,2,928,0,1593,0]
12-08 04:17:06.429 2377 2377 I sysui_multi_action: [757,0,758,1,759,0,927,3,928,0,1593,0]
12-08 04:17:06.430 2377 2377 I sysui_multi_action: [757,491,758,1,759,491,927,4,928,0,1311,-1,1593,0]
12-08 04:17:06.430 2377 2377 I sysui_multi_action: [757,0,758,1,759,0,927,5,928,0,1593,0]
12-08 04:17:06.430 2377 2377 I sysui_multi_action: [757,111,758,1]
12-08 04:17:06.430 2377 2377 I sysui_multi_action: [757,126,758,1,759,126,927,0,928,0,1593,0]
12-08 04:17:06.430 2377 2377 I sysui_multi_action: [757,113,758,1,759,113,927,1,928,0,1593,0]
12-08 04:17:06.430 2377 2377 I sysui_multi_action: [757,0,758,1,759,0,927,2,928,0,1593,0]
12-08 04:17:06.430 2377 2377 I sysui_multi_action: [757,0,758,1,759,0,927,3,928,0,1593,0]
12-08 04:17:06.446 1518 1644 I commit_sys_config_file: [notification-policy,1338]
12-08 04:17:06.490 518 518 I Checkpoint: Marked slot as booted successfully.
12-08 04:17:06.494 518 518 I Checkpoint: Checkpoint has been committed.
12-08 04:17:06.494 1518 1645 W ActivityManager: FinishBooting sync begin
12-08 04:17:06.497 1518 1645 W ActivityManager: FinishBooting sync end
12-08 04:17:06.497 1518 1645 I SystemServiceManager: Starting phase 1000
12-08 04:17:06.497 1518 1645 I ActivityManagerTiming: OnBootPhase_1000
12-08 04:17:06.497 1518 1645 I ActivityManagerTiming: OnBootPhase_1000_com.android.server.security.FileIntegrityService
12-08 04:17:06.497 1518 1645 I ActivityManagerTiming: OnBootPhase_1000_com.android.server.pm.Installer
12-08 04:17:06.497 1518 1645 I ActivityManagerTiming: OnBootPhase_1000_com.android.server.os.DeviceIdentifiersPolicyService
12-08 04:17:06.497 1518 1645 I ActivityManagerTiming: OnBootPhase_1000_com.android.server.uri.UriGrantsManagerService$Lifecycle
12-08 04:17:06.497 1518 1645 I ActivityManagerTiming: OnBootPhase_1000_com.android.server.powerstats.PowerStatsService
12-08 04:17:06.497 1518 1645 E PowerStatsService: Failed to start PowerStatsService loggers
12-08 04:17:06.497 1518 1645 I ActivityManagerTiming: OnBootPhase_1000_com.android.server.wm.ActivityTaskManagerService$Lifecycle
12-08 04:17:06.497 1518 1645 I ActivityManagerTiming: OnBootPhase_1000_com.android.server.am.ActivityManagerService$Lifecycle
12-08 04:17:06.497 1518 1645 I ActivityManagerTiming: OnBootPhase_1000_com.android.server.pm.DataLoaderManagerService
12-08 04:17:06.497 1518 1645 I ActivityManagerTiming: OnBootPhase_1000_com.android.server.power.PowerManagerService
12-08 04:17:06.497 1518 1645 I ActivityManagerTiming: OnBootPhase_1000_com.android.server.power.ThermalManagerService
12-08 04:17:06.497 1518 1645 I ActivityManagerTiming: OnBootPhase_1000_com.android.server.power.hint.HintManagerService
12-08 04:17:06.497 1518 1645 I ActivityManagerTiming: OnBootPhase_1000_com.android.server.recoverysystem.RecoverySystemService$Lifecycle
12-08 04:17:06.497 1518 1645 I ActivityManagerTiming: OnBootPhase_1000_com.android.server.lights.LightsService
12-08 04:17:06.497 1518 1645 I ActivityManagerTiming: OnBootPhase_1000_com.android.server.display.DisplayManagerService
12-08 04:17:06.498 1518 1670 V DisplayPowerController[0]: Brightness [1.0] reason changing to: 'manual', previous reason: 'override'.
12-08 04:17:06.498 1518 1645 I ActivityManagerTiming: OnBootPhase_1000_com.android.server.pm.verify.domain.DomainVerificationService
12-08 04:17:06.498 1518 1645 I ActivityManagerTiming: OnBootPhase_1000_com.android.server.pm.PackageInstallerService$Lifecycle
12-08 04:17:06.498 1518 1645 I ActivityManagerTiming: OnBootPhase_1000_com.android.server.pm.UserManagerService$LifeCycle
12-08 04:17:06.498 1518 1645 I ActivityManagerTiming: OnBootPhase_1000_com.android.server.om.OverlayManagerService
12-08 04:17:06.498 1518 1645 I ActivityManagerTiming: OnBootPhase_1000_com.android.server.SensorPrivacyService
12-08 04:17:06.498 1518 1645 I ActivityManagerTiming: OnBootPhase_1000_com.android.server.sensors.SensorService
12-08 04:17:06.498 1518 1645 I ActivityManagerTiming: OnBootPhase_1000_com.android.server.SystemConfigService
12-08 04:17:06.498 1518 1645 I ActivityManagerTiming: OnBootPhase_1000_com.android.server.BatteryService
12-08 04:17:06.498 1518 1645 I ActivityManagerTiming: OnBootPhase_1000_com.android.server.usage.UsageStatsService
12-08 04:17:06.498 1518 1645 I ActivityManagerTiming: OnBootPhase_1000_com.android.server.webkit.WebViewUpdateService
12-08 04:17:06.498 1518 1645 I ActivityManagerTiming: OnBootPhase_1000_com.android.server.CachedDeviceStateService
12-08 04:17:06.498 1518 1645 I ActivityManagerTiming: OnBootPhase_1000_com.android.server.BinderCallsStatsService$LifeCycle
12-08 04:17:06.498 1518 1645 I ActivityManagerTiming: OnBootPhase_1000_com.android.server.LooperStatsService$Lifecycle
12-08 04:17:06.498 1518 1645 I ActivityManagerTiming: OnBootPhase_1000_com.android.server.rollback.RollbackManagerService
12-08 04:17:06.498 1518 1645 I ActivityManagerTiming: OnBootPhase_1000_com.android.server.os.NativeTombstoneManagerService
12-08 04:17:06.498 1518 1645 I ActivityManagerTiming: OnBootPhase_1000_com.android.server.os.BugreportManagerService
12-08 04:17:06.498 1518 1645 I ActivityManagerTiming: OnBootPhase_1000_com.android.server.gpu.GpuService
12-08 04:17:06.498 1518 1746 D RollbackManager: mRollbackLifetimeDurationInMillis=1209600000
12-08 04:17:06.501 1518 1645 I ActivityManagerTiming: OnBootPhase_1000_com.android.server.security.KeyChainSystemService
12-08 04:17:06.501 1518 1645 I ActivityManagerTiming: OnBootPhase_1000_com.android.server.telecom.TelecomLoaderService
12-08 04:17:06.501 1518 1645 I ActivityManagerTiming: OnBootPhase_1000_com.android.server.accounts.AccountManagerService$Lifecycle
12-08 04:17:06.501 1518 1645 I ActivityManagerTiming: OnBootPhase_1000_com.android.server.content.ContentService$Lifecycle
12-08 04:17:06.501 1518 1645 I ActivityManagerTiming: OnBootPhase_1000_com.android.server.DropBoxManagerService
12-08 04:17:06.501 1518 1645 I ActivityManagerTiming: OnBootPhase_1000_com.android.role.RoleService
12-08 04:17:06.501 1518 1645 I ActivityManagerTiming: OnBootPhase_1000_com.android.server.vibrator.VibratorManagerService$Lifecycle
12-08 04:17:06.501 1518 1645 I ActivityManagerTiming: OnBootPhase_1000_com.android.server.alarm.AlarmManagerService
12-08 04:17:06.501 1518 1645 I ActivityManagerTiming: OnBootPhase_1000_com.android.server.devicestate.DeviceStateManagerService
12-08 04:17:06.501 1518 1645 I ActivityManagerTiming: OnBootPhase_1000_com.android.server.camera.CameraServiceProxy
12-08 04:17:06.502 1518 1743 D AppStandbyController: Loading headless system app cache. appIdleEnabled=false
12-08 04:17:06.507 1518 1645 I ActivityManagerTiming: OnBootPhase_1000_com.android.server.BluetoothService
12-08 04:17:06.507 1518 1645 I ActivityManagerTiming: OnBootPhase_1000_com.android.server.connectivity.IpConnectivityMetrics
12-08 04:17:06.507 1518 1645 I ActivityManagerTiming: OnBootPhase_1000_com.android.server.net.watchlist.NetworkWatchlistService$Lifecycle
12-08 04:17:06.507 1518 1645 I ActivityManagerTiming: OnBootPhase_1000_com.android.server.PinnerService
12-08 04:17:06.507 1518 1645 I ActivityManagerTiming: OnBootPhase_1000_com.google.android.startop.iorap.IorapForwardingService
12-08 04:17:06.507 1518 1645 I ActivityManagerTiming: OnBootPhase_1000_com.android.server.ActivityTriggerService
12-08 04:17:06.507 1518 1645 I ActivityManagerTiming: OnBootPhase_1000_com.android.server.integrity.AppIntegrityManagerService
12-08 04:17:06.507 1518 1645 I ActivityManagerTiming: OnBootPhase_1000_com.android.server.inputmethod.InputMethodManagerService$Lifecycle
12-08 04:17:06.507 1518 1645 I ActivityManagerTiming: OnBootPhase_1000_com.android.server.accessibility.AccessibilityManagerService$Lifecycle
12-08 04:17:06.507 1518 1645 I ActivityManagerTiming: OnBootPhase_1000_com.android.server.StorageManagerService$Lifecycle
12-08 04:17:06.507 1518 1645 I ActivityManagerTiming: OnBootPhase_1000_com.android.server.usage.StorageStatsService$Lifecycle
12-08 04:17:06.507 1518 1645 I ActivityManagerTiming: OnBootPhase_1000_com.android.server.UiModeManagerService
12-08 04:17:06.507 1518 1645 I ActivityManagerTiming: OnBootPhase_1000_com.android.server.locksettings.LockSettingsService$Lifecycle
12-08 04:17:06.507 1518 1645 I ActivityManagerTiming: OnBootPhase_1000_com.android.server.PersistentDataBlockService
12-08 04:17:06.507 1518 1645 I ActivityManagerTiming: OnBootPhase_1000_com.android.server.testharness.TestHarnessModeService
12-08 04:17:06.507 1518 1645 D TestHarnessModeService: Completing Test Harness Mode setup.
12-08 04:17:06.507 1518 2015 D StorageManagerService: Thinking about init, mBootCompleted=true, mDaemonConnected=true
12-08 04:17:06.507 1518 2015 D StorageManagerService: Thinking about reset, mBootCompleted=true, mDaemonConnected=true
12-08 04:17:06.508 1518 2015 I StorageSessionController: Started resetting external storage service...
12-08 04:17:06.508 1518 2015 I StorageSessionController: Finished resetting external storage service
12-08 04:17:06.508 1518 2015 I StorageManagerService: Resetting vold...
12-08 04:17:06.509 1518 2015 I StorageManagerService: Reset vold
12-08 04:17:06.509 518 518 I vold : onUserAdded: 0
12-08 04:17:06.524 1518 1645 I ActivityManagerTiming: OnBootPhase_1000_com.android.server.oemlock.OemLockService
12-08 04:17:06.524 1518 1645 I ActivityManagerTiming: OnBootPhase_1000_com.android.server.DeviceIdleController
12-08 04:17:06.524 1518 1645 I ActivityManagerTiming: OnBootPhase_1000_com.android.server.devicepolicy.DevicePolicyManagerService$Lifecycle
12-08 04:17:06.525 1518 1645 I ActivityManagerTiming: OnBootPhase_1000_com.android.server.texttospeech.TextToSpeechManagerService
12-08 04:17:06.525 1518 1645 I ActivityManagerTiming: OnBootPhase_1000_com.android.server.speech.SpeechRecognitionManagerService
12-08 04:17:06.525 1518 1645 I ActivityManagerTiming: OnBootPhase_1000_com.android.server.searchui.SearchUiManagerService
12-08 04:17:06.525 1518 1645 I ActivityManagerTiming: OnBootPhase_1000_com.android.server.smartspace.SmartspaceManagerService
12-08 04:17:06.525 1518 1645 I ActivityManagerTiming: OnBootPhase_1000_com.android.server.graphics.fonts.FontManagerService$Lifecycle
12-08 04:17:06.525 1518 1645 I ActivityManagerTiming: OnBootPhase_1000_com.android.server.textservices.TextServicesManagerService$Lifecycle
12-08 04:17:06.525 1518 1645 I ActivityManagerTiming: OnBootPhase_1000_com.android.server.textclassifier.TextClassificationManagerService$Lifecycle
12-08 04:17:06.525 1518 1645 I ActivityManagerTiming: OnBootPhase_1000_com.android.server.NetworkScoreService$Lifecycle
12-08 04:17:06.525 1518 1645 I ActivityManagerTiming: OnBootPhase_1000_com.android.server.wifi.WifiService
12-08 04:17:06.525 1518 1645 I ActivityManagerTiming: OnBootPhase_1000_com.android.server.wifi.scanner.WifiScanningService
12-08 04:17:06.525 1518 1645 I ActivityManagerTiming: OnBootPhase_1000_com.android.server.wifi.rtt.RttService
12-08 04:17:06.525 1518 1645 I ActivityManagerTiming: OnBootPhase_1000_com.android.server.wifi.aware.WifiAwareService
12-08 04:17:06.525 1518 1645 I ActivityManagerTiming: OnBootPhase_1000_com.android.server.wifi.p2p.WifiP2pService
12-08 04:17:06.525 1518 1645 I ActivityManagerTiming: OnBootPhase_1000_com.android.server.ethernet.EthernetService
12-08 04:17:06.525 1518 1645 I ActivityManagerTiming: OnBootPhase_1000_com.android.server.ConnectivityServiceInitializer
12-08 04:17:06.525 1518 1645 I ActivityManagerTiming: OnBootPhase_1000_com.android.server.notification.NotificationManagerService
12-08 04:17:06.525 1518 1645 I ActivityManagerTiming: OnBootPhase_1000_com.android.server.storage.DeviceStorageMonitorService
12-08 04:17:06.525 1518 1645 I ActivityManagerTiming: OnBootPhase_1000_com.android.server.location.LocationManagerService$Lifecycle
12-08 04:17:06.525 1518 1645 I ActivityManagerTiming: OnBootPhase_1000_com.android.server.timedetector.TimeDetectorService$Lifecycle
12-08 04:17:06.525 1518 1645 I ActivityManagerTiming: OnBootPhase_1000_com.android.server.timezonedetector.TimeZoneDetectorService$Lifecycle
12-08 04:17:06.525 1518 1645 I ActivityManagerTiming: OnBootPhase_1000_com.android.server.timezonedetector.location.LocationTimeZoneManagerService$Lifecycle
12-08 04:17:06.525 1518 1645 I ActivityManagerTiming: OnBootPhase_1000_com.android.server.search.SearchManagerService$Lifecycle
12-08 04:17:06.525 1518 1645 I ActivityManagerTiming: OnBootPhase_1000_com.android.server.wallpaper.WallpaperManagerService$Lifecycle
12-08 04:17:06.525 1518 1645 I ActivityManagerTiming: OnBootPhase_1000_com.android.server.audio.AudioService$Lifecycle
12-08 04:17:06.525 1518 1645 I ActivityManagerTiming: OnBootPhase_1000_com.android.server.soundtrigger_middleware.SoundTriggerMiddlewareService$Lifecycle
12-08 04:17:06.525 1518 1645 I ActivityManagerTiming: OnBootPhase_1000_com.android.server.DockObserver
12-08 04:17:06.525 1518 1645 I ActivityManagerTiming: OnBootPhase_1000_com.android.server.midi.MidiService$Lifecycle
12-08 04:17:06.525 1518 1645 I ActivityManagerTiming: OnBootPhase_1000_com.android.server.adb.AdbService$Lifecycle
12-08 04:17:06.525 1518 1645 I ActivityManagerTiming: OnBootPhase_1000_com.android.server.usb.UsbService$Lifecycle
12-08 04:17:06.525 1518 1645 I ActivityManagerTiming: OnBootPhase_1000_com.android.server.twilight.TwilightService
12-08 04:17:06.525 1518 1642 I UsbDeviceManager: Setting USB config to mtp
12-08 04:17:06.532 1518 1645 I ActivityManagerTiming: OnBootPhase_1000_com.android.server.display.color.ColorDisplayService
12-08 04:17:06.532 1518 1645 I ActivityManagerTiming: OnBootPhase_1000_com.android.server.job.JobSchedulerService
12-08 04:17:06.532 1518 1645 I ActivityManagerTiming: OnBootPhase_1000_com.android.server.soundtrigger.SoundTriggerService
12-08 04:17:06.532 1518 1645 D SoundTriggerService: onBootPhase: 1000 : false
12-08 04:17:06.532 1518 1645 I ActivityManagerTiming: OnBootPhase_1000_com.android.server.trust.TrustManagerService
12-08 04:17:06.535 1518 1645 I ActivityManagerTiming: OnBootPhase_1000_com.android.server.backup.BackupManagerService$Lifecycle
12-08 04:17:06.535 1518 1645 I ActivityManagerTiming: OnBootPhase_1000_com.android.server.appwidget.AppWidgetService
12-08 04:17:06.535 1518 1645 I ActivityManagerTiming: OnBootPhase_1000_com.android.server.voiceinteraction.VoiceInteractionManagerService
12-08 04:17:06.535 1518 1645 I ActivityManagerTiming: OnBootPhase_1000_com.android.server.apphibernation.AppHibernationService
12-08 04:17:06.535 1518 1645 I ActivityManagerTiming: OnBootPhase_1000_com.android.server.GestureLauncherService
12-08 04:17:06.536 1518 1645 I ActivityManagerTiming: OnBootPhase_1000_com.android.server.SensorNotificationService
12-08 04:17:06.536 1518 1645 D CompatibilityChangeReporter: Compat change id reported: 168936375; UID 1000; state: ENABLED
12-08 04:17:06.537 1518 1645 D CompatibilityChangeReporter: Compat change id reported: 168936375; UID 1000; state: DISABLED
12-08 04:17:06.537 1518 3080 I HibernationStateDiskStore: No hibernation file on disk for file /data/system/hibernation/states
12-08 04:17:06.538 1518 1645 D CompatibilityChangeReporter: Compat change id reported: 73144566; UID 1000; state: ENABLED
12-08 04:17:06.538 1518 1645 D CompatibilityChangeReporter: Compat change id reported: 73144566; UID 1000; state: DISABLED
12-08 04:17:06.538 1518 1645 I ActivityManagerTiming: OnBootPhase_1000_com.android.server.emergency.EmergencyAffordanceService
12-08 04:17:06.538 1518 1645 I ActivityManagerTiming: OnBootPhase_1000_com.android.server.blob.BlobStoreManagerService
12-08 04:17:06.538 1518 1645 I ActivityManagerTiming: OnBootPhase_1000_com.android.server.dreams.DreamManagerService
12-08 04:17:06.538 1518 1645 I ActivityManagerTiming: OnBootPhase_1000_com.android.server.companion.CompanionDeviceManagerService
12-08 04:17:06.538 1518 1645 I ActivityManagerTiming: OnBootPhase_1000_com.android.server.restrictions.RestrictionsManagerService
12-08 04:17:06.538 1518 1645 I ActivityManagerTiming: OnBootPhase_1000_com.android.server.media.MediaSessionService
12-08 04:17:06.539 1518 1645 I ActivityManagerTiming: OnBootPhase_1000_com.android.server.media.MediaResourceMonitorService
12-08 04:17:06.539 1518 1645 I ActivityManagerTiming: OnBootPhase_1000_com.android.server.biometrics.sensors.fingerprint.FingerprintService
12-08 04:17:06.539 1518 1645 I ActivityManagerTiming: OnBootPhase_1000_com.android.server.biometrics.BiometricService
12-08 04:17:06.539 1518 1645 I ActivityManagerTiming: OnBootPhase_1000_com.android.server.biometrics.AuthService
12-08 04:17:06.539 1518 1645 I ActivityManagerTiming: OnBootPhase_1000_com.android.server.pm.ShortcutService$Lifecycle
12-08 04:17:06.539 1518 1645 I ActivityManagerTiming: OnBootPhase_1000_com.android.server.pm.LauncherAppsService
12-08 04:17:06.539 1518 1645 I ActivityManagerTiming: OnBootPhase_1000_com.android.server.pm.CrossProfileAppsService
12-08 04:17:06.539 1518 1645 I ActivityManagerTiming: OnBootPhase_1000_com.android.server.people.PeopleService
12-08 04:17:06.539 1518 1645 I ActivityManagerTiming: OnBootPhase_1000_com.android.server.media.metrics.MediaMetricsManagerService
12-08 04:17:06.539 1518 1645 I ActivityManagerTiming: OnBootPhase_1000_com.android.server.media.projection.MediaProjectionManagerService
12-08 04:17:06.539 1518 1645 I ActivityManagerTiming: OnBootPhase_1000_com.android.server.slice.SliceManagerService$Lifecycle
12-08 04:17:06.539 1518 1645 I ActivityManagerTiming: OnBootPhase_1000_com.android.server.stats.StatsCompanion$Lifecycle
12-08 04:17:06.539 1518 1645 I ActivityManagerTiming: OnBootPhase_1000_com.android.server.scheduling.RebootReadinessManagerService$Lifecycle
12-08 04:17:06.539 1518 1645 I ActivityManagerTiming: OnBootPhase_1000_com.android.server.stats.pull.StatsPullAtomService
12-08 04:17:06.539 1518 1645 I ActivityManagerTiming: OnBootPhase_1000_com.android.server.incident.IncidentCompanionService
12-08 04:17:06.539 1518 1645 I ActivityManagerTiming: OnBootPhase_1000_com.android.server.MmsServiceBroker
12-08 04:17:06.539 1518 1645 I ActivityManagerTiming: OnBootPhase_1000_com.android.server.autofill.AutofillManagerService
12-08 04:17:06.539 1518 1645 I ActivityManagerTiming: OnBootPhase_1000_com.android.server.clipboard.ClipboardService
12-08 04:17:06.539 1518 1645 I ActivityManagerTiming: OnBootPhase_1000_com.android.server.appbinding.AppBindingService$Lifecycle
12-08 04:17:06.539 1518 1645 I ActivityManagerTiming: OnBootPhase_1000_com.android.server.tracing.TracingServiceProxy
12-08 04:17:06.539 1518 1645 I ActivityManagerTiming: OnBootPhase_1000_com.android.server.policy.PermissionPolicyService
12-08 04:17:06.539 1518 1645 I ActivityManagerTiming: OnBootPhase_1000_com.android.server.pm.StagingManager$Lifecycle
12-08 04:17:06.539 1518 1645 I ActivityManagerTiming: OnBootPhase_1000_com.android.server.app.GameManagerService$Lifecycle
12-08 04:17:06.539 1518 1645 D GameManagerService: onBootCompleted
12-08 04:17:06.539 1518 1645 I ActivityManagerTiming: OnBootPhase_1000_com.android.server.appsearch.AppSearchManagerService
12-08 04:17:06.540 1518 1645 I ActivityManagerTiming: OnBootPhase_1000_com.android.server.media.MediaCommunicationService
12-08 04:17:06.540 1518 1645 D ActivityManagerTiming: TotalBootTime took to complete: 14339ms
12-08 04:17:06.540 1518 1645 D SystemServerInitThreadPool: Shutdown requested
12-08 04:17:06.540 1518 1645 I SystemServerTiming: WaitInitThreadPoolShutdown
12-08 04:17:06.541 1518 1645 D SystemServerInitThreadPool: Shutdown successful
12-08 04:17:06.542 1518 1645 D CompatibilityChangeReporter: Compat change id reported: 135634846; UID 10096; state: DISABLED
12-08 04:17:06.542 1518 1645 D CompatibilityChangeReporter: Compat change id reported: 177438394; UID 10096; state: DISABLED
12-08 04:17:06.542 1518 1645 D CompatibilityChangeReporter: Compat change id reported: 135772972; UID 10096; state: DISABLED
12-08 04:17:06.542 1518 1645 D CompatibilityChangeReporter: Compat change id reported: 135754954; UID 10096; state: ENABLED
12-08 04:17:06.542 1518 1655 D CompatibilityChangeReporter: Compat change id reported: 143937733; UID 10096; state: ENABLED
12-08 04:17:06.542 1518 1655 W ActivityManager: android.ext.services inode == 0 (b/152760674)
12-08 04:17:06.543 1518 1645 I uc_finish_user_boot: 0
12-08 04:17:06.543 1518 1645 I ActivityManager: User 0 state changed from BOOTING to RUNNING_LOCKED
12-08 04:17:06.543 1518 1645 I am_user_state_changed: [0,1]
12-08 04:17:06.543 1518 1645 W ActivityManager: UserLifecycleEvent 4 received without an active userJourneySession.
12-08 04:17:06.544 1518 1645 I uc_send_user_broadcast: [0,android.intent.action.LOCKED_BOOT_COMPLETED]
12-08 04:17:06.544 1518 1645 I uc_finish_user_unlocking: 0
12-08 04:17:06.544 1518 1645 W ActivityManager: UserLifecycleEvent 5 received without an active userJourneySession.
12-08 04:17:06.544 1518 1645 D ActivityManager: Started unlocking user 0
12-08 04:17:06.544 1518 1645 D ActivityManager: Unlocking user 0 progress 0
12-08 04:17:06.544 1518 1645 D ActivityManager: Unlocking user 0 progress 5
12-08 04:17:06.547 1518 1654 I am_uid_running: 10066
12-08 04:17:06.547 1518 1654 D CompatibilityChangeReporter: Compat change id reported: 135634846; UID 10066; state: DISABLED
12-08 04:17:06.547 1518 1654 D CompatibilityChangeReporter: Compat change id reported: 177438394; UID 10066; state: DISABLED
12-08 04:17:06.547 1518 1654 D CompatibilityChangeReporter: Compat change id reported: 135772972; UID 10066; state: DISABLED
12-08 04:17:06.548 1518 1654 D CompatibilityChangeReporter: Compat change id reported: 135754954; UID 10066; state: DISABLED
12-08 04:17:06.561 1518 1655 I am_proc_start: [0,3082,10096,android.ext.services,on-hold,]
12-08 04:17:06.561 1518 1655 I ActivityManager: Start proc 3082:android.ext.services/u0a96 for on-hold
12-08 04:17:06.561 1518 1655 D CompatibilityChangeReporter: Compat change id reported: 143937733; UID 10066; state: DISABLED
12-08 04:17:06.561 1518 1655 W ActivityManager: com.android.deskclock inode == 0 (b/152760674)
12-08 04:17:06.567 1518 1655 I am_proc_start: [0,3083,10066,com.android.deskclock,broadcast,{com.android.deskclock/com.android.deskclock.AlarmInitReceiver}]
12-08 04:17:06.568 1518 1655 I ActivityManager: Start proc 3083:com.android.deskclock/u0a66 for broadcast {com.android.deskclock/com.android.deskclock.AlarmInitReceiver}
12-08 04:17:06.578 518 518 D vold : fscrypt_prepare_user_storage for volume null, user 0, serial 0, flags 2
12-08 04:17:06.578 518 518 D vold : Preparing: /data/system_ce/0
12-08 04:17:06.579 518 518 D vold : Preparing: /data/misc_ce/0
12-08 04:17:06.579 518 518 D vold : Preparing: /data/vendor_ce/0
12-08 04:17:06.579 518 518 D vold : Preparing: /data/media/0
12-08 04:17:06.579 518 518 D vold : Preparing: /data/data
12-08 04:17:06.579 518 518 I vold : Encryption policy of /data/system_ce/0 set to 39baf530c1093b0f123b74b7da5cc36f v2 modes 1/4 flags 0xa
12-08 04:17:06.579 518 518 I vold : Encryption policy of /data/misc_ce/0 set to 39baf530c1093b0f123b74b7da5cc36f v2 modes 1/4 flags 0xa
12-08 04:17:06.579 518 518 I vold : Encryption policy of /data/vendor_ce/0 set to 39baf530c1093b0f123b74b7da5cc36f v2 modes 1/4 flags 0xa
12-08 04:17:06.579 518 518 I vold : Encryption policy of /data/media/0 set to 39baf530c1093b0f123b74b7da5cc36f v2 modes 1/4 flags 0xa
12-08 04:17:06.579 518 518 I vold : Encryption policy of /data/data set to 39baf530c1093b0f123b74b7da5cc36f v2 modes 1/4 flags 0xa
12-08 04:17:06.579 518 518 D vold : Starting restorecon of /data/system_ce/0
12-08 04:17:06.586 518 518 D vold : Finished restorecon of /data/system_ce/0
12-08 04:17:06.586 518 518 D vold : Starting restorecon of /data/vendor_ce/0
12-08 04:17:06.589 518 518 D vold : Finished restorecon of /data/vendor_ce/0
12-08 04:17:06.589 518 518 D vold : Starting restorecon of /data/misc_ce/0
12-08 04:17:06.589 1518 2775 I am_proc_bound: [0,3082,android.ext.services]
12-08 04:17:06.590 1518 2775 D CompatibilityChangeReporter: Compat change id reported: 168419799; UID 10096; state: DISABLED
12-08 04:17:06.590 1518 2775 I am_uid_active: 10096
12-08 04:17:06.594 518 518 D vold : Finished restorecon of /data/misc_ce/0
12-08 04:17:06.594 518 518 D vold : /system/bin/vold_prepare_subdirs
12-08 04:17:06.594 518 518 D vold : prepare
12-08 04:17:06.594 518 518 D vold :
12-08 04:17:06.594 518 518 D vold : 0
12-08 04:17:06.594 518 518 D vold : 2
12-08 04:17:06.596 1518 2775 I am_proc_bound: [0,3083,com.android.deskclock]
12-08 04:17:06.597 1518 2775 D CompatibilityChangeReporter: Compat change id reported: 168419799; UID 10066; state: DISABLED
12-08 04:17:06.598 1518 2775 I am_uid_active: 10066
12-08 04:17:06.625 1518 1642 V UserDataPreparer: Found /data/user/0 with serial number 0
12-08 04:17:06.625 1518 1642 V UserDataPreparer: Found /data/system_ce/0 with serial number -1
12-08 04:17:06.625 1518 1642 D UserDataPreparer: Serial number missing on /data/system_ce/0; assuming current is valid
12-08 04:17:06.625 1518 1642 D UserDataPreparer: Setting property: sys.user.0.ce_available=true
12-08 04:17:06.626 3121 3121 F libc : Fatal signal 6 (SIGABRT), code -1 (SI_QUEUE) in tid 3121 (init), pid 3121 (init)
12-08 04:17:06.626 1518 1642 V PackageManager: reconcileAppsData for null u0 0x2 migrateAppData=true
12-08 04:17:06.643 3133 3133 I auditd : type=1400 audit(0.0:316): avc: denied { ptrace } for comm="crash_dump64" scontext=u:r:crash_dump:s0 tcontext=u:r:init:s0 tclass=process permissive=0
12-08 04:17:06.654 3121 3121 F libc : crash_dump helper failed to exec, or was killed
12-08 04:17:06.661 1518 1518 W Looper : Slow dispatch took 276ms main h=android.os.Handler c=com.android.server.biometrics.sensors.BiometricScheduler$InternalCallback$$ExternalSyntheticLambda0@6aa360b m=0
12-08 04:17:06.662 1518 1518 I AutofillManagerService: Updating for user 0: disabled=false
12-08 04:17:06.663 1518 1518 D TelephonyRegistry: notifyCellLocationForSubscriber: subId=2147483647 cellIdentity=null
12-08 04:17:06.665 1518 1518 I Telecom : WiredHeadsetManager: ACTION_HEADSET_PLUG event, plugged in: false, : WHC.oADA@AAI
12-08 04:17:06.675 1518 1518 V NotificationAssistants: 0 notification assistant service connected: ComponentInfo{android.ext.services/android.ext.services.notification.Assistant}
12-08 04:17:06.675 1518 2469 W UsageStatsService: Failed to query usage stats for locked user 0
12-08 04:17:06.676 1518 1518 I ExplicitHealthCheckController: Explicit health check service is connected ComponentInfo{android.ext.services/android.ext.services.watchdog.ExplicitHealthCheckServiceImpl}
12-08 04:17:06.676 1518 1518 I ExplicitHealthCheckController: Service initialized, syncing requests
12-08 04:17:06.676 1518 1518 D BiometricScheduler/Fingerprint21: [Finishing] {[1] FingerprintUpdateActiveUserClient, proto=1, owner=android, cookie=0, requestId=-1, userId=0}, success: true
12-08 04:17:06.676 1518 1518 D BiometricScheduler/Fingerprint21: [Polled] {[2] FingerprintInternalCleanupClient, proto=7, owner=android, cookie=0, requestId=-1, userId=0}, State: 0
12-08 04:17:06.676 1518 1518 D BiometricScheduler/Fingerprint21: [Starting] {[2] FingerprintInternalCleanupClient, proto=7, owner=android, cookie=0, requestId=-1, userId=0}, State: 0
12-08 04:17:06.676 1518 1518 D BiometricScheduler/Fingerprint21: [Started] {[2] FingerprintInternalCleanupClient, proto=7, owner=android, cookie=0, requestId=-1, userId=0}
12-08 04:17:06.676 1518 1518 D Biometrics/InternalCleanupClient: Starting enumerate: {[3] FingerprintInternalEnumerateClient, proto=6, owner=android, cookie=0, requestId=-1, userId=0}
12-08 04:17:06.682 1518 2775 D CompatibilityChangeReporter: Compat change id reported: 168419799; UID 10088; state: DISABLED
12-08 04:17:06.684 1518 2775 I am_uid_running: 10073
12-08 04:17:06.684 1518 2775 D CompatibilityChangeReporter: Compat change id reported: 135634846; UID 10073; state: DISABLED
12-08 04:17:06.684 1518 2775 D CompatibilityChangeReporter: Compat change id reported: 177438394; UID 10073; state: DISABLED
12-08 04:17:06.684 1518 2775 D CompatibilityChangeReporter: Compat change id reported: 135772972; UID 10073; state: DISABLED
12-08 04:17:06.684 1518 2775 D CompatibilityChangeReporter: Compat change id reported: 135754954; UID 10073; state: ENABLED
12-08 04:17:06.684 1518 1655 D CompatibilityChangeReporter: Compat change id reported: 143937733; UID 10073; state: ENABLED
12-08 04:17:06.684 1518 1655 W ActivityManager: com.qualcomm.location inode == 0 (b/152760674)
12-08 04:17:06.688 1518 1518 I GameModeConfig: isGameModeOn = false
12-08 04:17:06.688 1518 1518 I GameModeConfig: isGameModeOn = false
12-08 04:17:06.689 1518 1518 I PackageWatchdog: Syncing health check requests for packages: {}
12-08 04:17:06.689 1518 1518 D ExplicitHealthCheckController: Getting health check supported packages
12-08 04:17:06.690 1518 1518 W Looper : Drained
12-08 04:17:06.694 1518 2775 I ExplicitHealthCheckController: Explicit health check supported packages [PackageConfig{com.android.networkstack, 86400000}]
12-08 04:17:06.694 1518 2775 D PackageWatchdog: Received supported packages [PackageConfig{com.android.networkstack, 86400000}]
12-08 04:17:06.695 1518 2775 D ExplicitHealthCheckController: Getting health check requested packages
12-08 04:17:06.696 1518 2775 I ExplicitHealthCheckController: Explicit health check requested packages []
12-08 04:17:06.696 1518 2775 I ExplicitHealthCheckController: No more health check requests, unbinding...
12-08 04:17:06.697 1518 2775 I ExplicitHealthCheckController: Explicit health check service is unbound
