12-08 04:17:04.869 1518 1518 I SystemServerTiming: StartAudioService
12-08 04:17:04.869 1518 1518 I SystemServiceManager: Starting com.android.server.audio.AudioService$Lifecycle
12-08 04:17:04.922 1518 1518 I SystemServerTiming: StartSoundTriggerMiddlewareService
12-08 04:17:04.922 1518 1518 I SystemServiceManager: Starting com.android.server.soundtrigger_middleware.SoundTriggerMiddlewareService$Lifecycle
12-08 04:17:04.924 1518 1518 I SystemServerTiming: StartDockObserver
12-08 04:17:04.924 1518 1518 I SystemServiceManager: Starting com.android.server.DockObserver
12-08 04:17:04.924 1518 1518 W DockObserver: This kernel does not have dock station support
12-08 04:17:04.925 1518 1518 I SystemServerTiming: StartWiredAccessoryManager
12-08 04:17:04.925 1518 1518 W WiredAccessoryManager: This kernel does not have usb audio support
12-08 04:17:04.925 1518 1518 W WiredAccessoryManager: This kernel does not have HDMI audio support
12-08 04:17:04.925 1518 1518 E WiredAccessoryManager: file /sys/devices/platform/soc/soc:qcom,msm-ext-disp/extcon/extcon3/name not found
12-08 04:17:04.925 1518 1518 W WiredAccessoryManager: Conn soc:qcom,msm-ext-disp/3/0 does not have DP audio support
12-08 04:17:04.925 1518 1518 E WiredAccessoryManager: file /sys/devices/platform/soc/soc:qcom,msm-ext-disp/extcon/extcon2/name not found
12-08 04:17:04.925 1518 1518 W WiredAccessoryManager: Conn soc:qcom,msm-ext-disp/2/0 does not have DP audio support
12-08 04:17:04.925 1518 1518 E WiredAccessoryManager: set dev_index 1
12-08 04:17:04.925 1518 1518 W WiredAccessoryManager: checkCableIndex set cable 0
12-08 04:17:04.925 1518 1518 E WiredAccessoryManager: set dev_index 0
12-08 04:17:04.926 1518 1518 W WiredAccessoryManager: checkCableIndex set cable 0
12-08 04:17:04.926 1518 1518 I SystemServerTiming: StartMidiManager
12-08 04:17:04.926 1518 1518 I SystemServiceManager: Starting com.android.server.midi.MidiService$Lifecycle
12-08 04:17:04.926 1518 1518 I SystemServerTiming: StartAdbService
12-08 04:17:04.926 1518 1518 I SystemServiceManager: Starting com.android.server.adb.AdbService$Lifecycle
12-08 04:17:04.926 1518 1518 I SystemServerTiming: StartUsbService
12-08 04:17:04.926 1518 1518 I SystemServiceManager: Starting com.android.server.usb.UsbService$Lifecycle
12-08 04:17:04.926 1518 1518 I SystemServerTiming: StartSerialService
12-08 04:17:04.926 1518 1649 I SystemServerTimingAsync: InitThreadPoolExec:UsbService$Lifecycle#onStart
12-08 04:17:04.927 1518 1518 I SystemServerTiming: StartHardwarePropertiesManagerService
12-08 04:17:04.927 1518 1649 E UsbDeviceManager: failed to write to /sys/class/android_usb/android0/f_rndis/ethaddr
12-08 04:17:04.927 1518 1649 I UsbDeviceManager: USB GADGET HAL not present in the device
12-08 04:17:04.927 1518 1649 I UsbDeviceManager: java.util.NoSuchElementException
12-08 04:17:04.927 1518 1649 I UsbDeviceManager: at android.os.HwBinder.getService(Native Method)
12-08 04:17:04.927 1518 1649 I UsbDeviceManager: at android.hardware.usb.gadget.V1_0.IUsbGadget.getService(IUsbGadget.java:57)
12-08 04:17:04.927 1518 1649 I UsbDeviceManager: at android.hardware.usb.gadget.V1_0.IUsbGadget.getService(IUsbGadget.java:64)
12-08 04:17:04.927 1518 1649 I UsbDeviceManager: at com.android.server.usb.UsbDeviceManager.(UsbDeviceManager.java:293)
12-08 04:17:04.927 1518 1649 I UsbDeviceManager: at com.android.server.usb.UsbService.(UsbService.java:178)
12-08 04:17:04.927 1518 1649 I UsbDeviceManager: at com.android.server.usb.UsbService$Lifecycle.lambda$onStart$0$UsbService$Lifecycle(UsbService.java:92)
12-08 04:17:04.927 1518 1649 I UsbDeviceManager: at com.android.server.usb.UsbService$Lifecycle$$ExternalSyntheticLambda1.run(Unknown Source:2)
12-08 04:17:04.927 1518 1649 I UsbDeviceManager: at com.android.server.SystemServerInitThreadPool.lambda$submitTask$0$SystemServerInitThreadPool(SystemServerInitThreadPool.java:105)
12-08 04:17:04.927 1518 1649 I UsbDeviceManager: at com.android.server.SystemServerInitThreadPool$$ExternalSyntheticLambda0.run(Unknown Source:6)
12-08 04:17:04.927 1518 1649 I UsbDeviceManager: at java.util.concurrent.Executors$RunnableAdapter.call(Executors.java:462)
12-08 04:17:04.927 1518 1649 I UsbDeviceManager: at java.util.concurrent.FutureTask.run(FutureTask.java:266)
12-08 04:17:04.927 1518 1649 I UsbDeviceManager: at java.util.concurrent.ThreadPoolExecutor.runWorker(ThreadPoolExecutor.java:1167)
12-08 04:17:04.927 1518 1649 I UsbDeviceManager: at java.util.concurrent.ThreadPoolExecutor$Worker.run(ThreadPoolExecutor.java:641)
12-08 04:17:04.927 1518 1649 I UsbDeviceManager: at com.android.internal.util.ConcurrentUtils$1$1.run(ConcurrentUtils.java:65)
12-08 04:17:04.927 1518 1649 E UsbDeviceManager: Failed to open control for mtp
12-08 04:17:04.927 1518 1649 E UsbDeviceManager: Failed to open control for ptp
12-08 04:17:04.928 1518 1649 W StorageManagerService: No primary storage defined yet; hacking together a stub
12-08 04:17:04.929 1518 1518 I SystemServerTiming: StartTwilightService
12-08 04:17:04.929 1518 1518 I SystemServiceManager: Starting com.android.server.twilight.TwilightService
12-08 04:17:04.929 1518 1518 I SystemServerTiming: StartColorDisplay
12-08 04:17:04.929 1518 1518 I SystemServiceManager: Starting com.android.server.display.color.ColorDisplayService
12-08 04:17:04.930 1518 1518 I SystemServerTiming: StartJobScheduler
12-08 04:17:04.930 1518 1518 I SystemServiceManager: Starting com.android.server.job.JobSchedulerService
12-08 04:17:04.930 1518 2010 I UsbPortManager: Usb hal service started android.hardware.usb@1.0::IUsb default
12-08 04:17:04.931 1518 1518 I JobStore: Read 0 jobs
12-08 04:17:04.931 1518 1649 I UsbPortManager: USB HAL version: 12
12-08 04:17:04.933 1518 1518 V HistoricalRegistry: Interaction before persistence initialized
12-08 04:17:04.933 1518 1518 V HistoricalRegistry: Interaction before persistence initialized
12-08 04:17:04.933 1518 1518 I SystemServerTiming: StartSoundTrigger
12-08 04:17:04.933 1518 1518 I SystemServiceManager: Starting com.android.server.soundtrigger.SoundTriggerService
12-08 04:17:04.933 1518 1518 I SystemServerTiming: StartTrustManager
12-08 04:17:04.933 1518 1518 I SystemServiceManager: Starting com.android.server.trust.TrustManagerService
12-08 04:17:04.934 1518 1518 I SystemServerTiming: StartBackupManager
12-08 04:17:04.934 1518 1518 I SystemServiceManager: Starting com.android.server.backup.BackupManagerService$Lifecycle
12-08 04:17:04.934 1518 1518 I SystemServerTiming: StartAppWidgetService
12-08 04:17:04.935 1518 1518 I SystemServiceManager: Starting com.android.server.appwidget.AppWidgetService
12-08 04:17:04.935 1518 1518 I SystemServerTiming: StartVoiceRecognitionManager
12-08 04:17:04.935 1518 1518 I SystemServiceManager: Starting com.android.server.voiceinteraction.VoiceInteractionManagerService
12-08 04:17:04.937 1518 1518 I RoleServicePlatformHelperImpl: Legacy roles.xml not found
12-08 04:17:04.937 1518 1518 I SystemServerTiming: StartAppHibernationService
12-08 04:17:04.938 1518 1518 I SystemServiceManager: Starting com.android.server.apphibernation.AppHibernationService
12-08 04:17:04.938 1518 1518 I SystemServerTiming: StartGestureLauncher
12-08 04:17:04.938 1518 1518 I SystemServiceManager: Starting com.android.server.GestureLauncherService
12-08 04:17:04.938 1518 1518 I SystemServerTiming: StartSensorNotification
12-08 04:17:04.938 1518 1518 I SystemServiceManager: Starting com.android.server.SensorNotificationService
12-08 04:17:04.938 1518 1518 I SystemServerTiming: StartDiskStatsService
12-08 04:17:04.939 1518 1518 I SystemServerTiming: RuntimeService
12-08 04:17:04.940 1518 1518 I SystemServerTiming: StartNetworkTimeUpdateService
12-08 04:17:04.940 1518 1518 I SystemServerTiming: CertBlacklister
12-08 04:17:04.940 1518 1518 I SystemServerTiming: StartEmergencyAffordanceService
12-08 04:17:04.940 1518 1518 I SystemServiceManager: Starting com.android.server.emergency.EmergencyAffordanceService
12-08 04:17:04.941 1518 1518 I SystemServerTiming: startBlobStoreManagerService
12-08 04:17:04.941 1518 1518 I SystemServiceManager: Starting com.android.server.blob.BlobStoreManagerService
12-08 04:17:04.941 1518 1518 I SystemServerTiming: StartDreamManager
12-08 04:17:04.941 1518 1518 I SystemServiceManager: Starting com.android.server.dreams.DreamManagerService
12-08 04:17:04.941 1518 1518 I SystemServerTiming: AddGraphicsStatsService
12-08 04:17:04.944 1518 1518 I SystemServerTiming: StartCompanionDeviceManager
12-08 04:17:04.944 1518 1518 I SystemServiceManager: Starting com.android.server.companion.CompanionDeviceManagerService
12-08 04:17:04.945 1518 1518 I SystemServerTiming: StartRestrictionManager
12-08 04:17:04.945 1518 1518 I SystemServiceManager: Starting com.android.server.restrictions.RestrictionsManagerService
12-08 04:17:04.945 1518 1518 I SystemServerTiming: StartMediaSessionService
12-08 04:17:04.945 1518 1518 I SystemServiceManager: Starting com.android.server.media.MediaSessionService
12-08 04:17:04.946 1518 1518 I SystemServerTiming: StartMediaResourceMonitor
12-08 04:17:04.946 1518 1518 I SystemServiceManager: Starting com.android.server.media.MediaResourceMonitorService
12-08 04:17:04.946 1518 1518 I SystemServerTiming: StartMediaRouterService
12-08 04:17:04.946 1518 1518 V HistoricalRegistry: Interaction before persistence initialized
12-08 04:17:04.946 1518 1518 I SystemServerTiming: StartFingerprintSensor
12-08 04:17:04.946 1518 1518 I SystemServiceManager: Starting com.android.server.biometrics.sensors.fingerprint.FingerprintService
12-08 04:17:04.947 1518 1518 I SystemServerTiming: StartBiometricService
12-08 04:17:04.947 1518 1518 I SystemServiceManager: Starting com.android.server.biometrics.BiometricService
12-08 04:17:04.947 1518 1518 I SystemServerTiming: StartAuthService
12-08 04:17:04.947 1518 1518 I SystemServiceManager: Starting com.android.server.biometrics.AuthService
12-08 04:17:04.948 1518 1518 D AuthService: Registering HIDL ID: 0 Modality: 2 Strength: 15
12-08 04:17:04.948 1518 1518 D AuthService: Registering HIDL ID: 1 Modality: 8 Strength: 15
12-08 04:17:04.948 1518 1518 E AuthService: HIDL face configuration exists, but FaceService is null.
12-08 04:17:04.948 1518 1518 I SystemServerTiming: StartBackgroundDexOptService
12-08 04:17:04.949 1518 2339 D BiometricService: Registering ID: 0 Modality: 2 Strength: 15
12-08 04:17:04.949 1518 1518 I SystemServerTiming: StartDynamicCodeLoggingService
12-08 04:17:04.949 1518 2339 D BiometricStrengthController: updateStrengths: revert sensorId=0 to oemStrength=15
12-08 04:17:04.949 1518 2339 D BiometricService/Sensor: updateStrength: Before(ID(0), oemStrength: 15, updatedStrength: 15, modality 2, state: 0, cookie: 0, props: ID: 0, Strength: 2, Type: 1) After(ID(0), oemStrength: 15, updatedStrength: 15, modality 2, state: 0, cookie: 0, props: ID: 0, Strength: 2, Type: 1)
12-08 04:17:04.949 1518 1518 I SystemServerTiming: StartPruneInstantAppsJobService
12-08 04:17:04.949 1518 1518 I SystemServerTiming: StartShortcutServiceLifecycle
12-08 04:17:04.949 1518 1518 I SystemServiceManager: Starting com.android.server.pm.ShortcutService$Lifecycle
12-08 04:17:04.950 1518 1518 V HistoricalRegistry: Interaction before persistence initialized
12-08 04:17:04.950 1518 1518 I SystemServerTiming: StartLauncherAppsService
12-08 04:17:04.950 1518 1518 I SystemServiceManager: Starting com.android.server.pm.LauncherAppsService
12-08 04:17:04.951 1518 1518 I SystemServerTiming: StartCrossProfileAppsService
12-08 04:17:04.951 1518 1518 I SystemServiceManager: Starting com.android.server.pm.CrossProfileAppsService
12-08 04:17:04.951 1518 1518 I SystemServerTiming: StartPeopleService
12-08 04:17:04.951 1518 1518 I SystemServiceManager: Starting com.android.server.people.PeopleService
12-08 04:17:04.951 1518 1518 I SystemServerTiming: StartMediaMetricsManager
12-08 04:17:04.951 1518 1518 I SystemServiceManager: Starting com.android.server.media.metrics.MediaMetricsManagerService
12-08 04:17:04.952 1518 1518 I SystemServerTiming: StartMediaProjectionManager
12-08 04:17:04.952 1518 1518 I SystemServiceManager: Starting com.android.server.media.projection.MediaProjectionManagerService
12-08 04:17:04.953 1518 1518 I SystemServerTiming: StartSliceManagerService
12-08 04:17:04.953 1518 1518 I SystemServiceManager: Starting com.android.server.slice.SliceManagerService$Lifecycle
12-08 04:17:04.953 1518 1518 I SystemServerTiming: StartStatsCompanion
12-08 04:17:04.957 1518 1518 I SystemServiceManager: Starting com.android.server.stats.StatsCompanion$Lifecycle
12-08 04:17:04.959 1518 1518 I SystemServerTiming: StartRebootReadinessManagerService
12-08 04:17:04.963 1518 1518 I SystemServiceManager: Starting com.android.server.scheduling.RebootReadinessManagerService$Lifecycle
12-08 04:17:04.965 1518 1518 I SystemServerTiming: StartStatsPullAtomService
12-08 04:17:04.965 1518 1518 I SystemServiceManager: Starting com.android.server.stats.pull.StatsPullAtomService
12-08 04:17:04.965 1518 1518 I SystemServerTiming: StartIncidentCompanionService
12-08 04:17:04.965 1518 1518 I SystemServiceManager: Starting com.android.server.incident.IncidentCompanionService
12-08 04:17:04.966 1518 1518 I SystemServerTiming: StartMmsService
12-08 04:17:04.966 1518 1518 I SystemServiceManager: Starting com.android.server.MmsServiceBroker
12-08 04:17:04.966 1518 1518 I SystemServerTiming: StartAutoFillService
12-08 04:17:04.966 1518 1518 I SystemServiceManager: Starting com.android.server.autofill.AutofillManagerService
12-08 04:17:04.967 1518 1518 D SystemServer: TranslationService not defined by OEM
12-08 04:17:04.967 1518 1518 I SystemServerTiming: StartClipboardService
12-08 04:17:04.967 1518 1518 I SystemServiceManager: Starting com.android.server.clipboard.ClipboardService
12-08 04:17:04.968 1518 1518 I SystemServerTiming: AppServiceManager
12-08 04:17:04.968 1518 1518 I SystemServiceManager: Starting com.android.server.appbinding.AppBindingService$Lifecycle
12-08 04:17:04.968 1518 1518 I SystemServerTiming: startTracingServiceProxy
12-08 04:17:04.968 1518 1518 I SystemServiceManager: Starting com.android.server.tracing.TracingServiceProxy
12-08 04:17:04.969 1518 1518 I SystemServerTiming: MakeLockSettingsServiceReady
12-08 04:17:04.972 1518 1518 I LockSettingsService: Migrated lock settings to new location
12-08 04:17:04.972 1518 1518 I LockSettingsService: Migrated per-user lock settings to new location
12-08 04:17:04.973 1518 1518 I LockSettingsService: Migrated biometric weak to use the fallback instead
12-08 04:17:04.973 1518 1518 I LockSettingsService: Migrated lockscreen disabled flag
12-08 04:17:04.973 1518 1518 I LockSettingsService: Migrated keys to LSS namespace
12-08 04:17:04.974 1518 1518 I SyntheticPasswordManager: Device does not support weaver
12-08 04:17:04.974 1518 1518 I LockSettingsService: Device doesn't implement AuthSecret HAL
12-08 04:17:04.975 1518 1518 I SystemServerTiming: StartBootPhaseLockSettingsReady
12-08 04:17:04.975 1518 1518 I SystemServiceManager: Starting phase 480
12-08 04:17:04.975 1518 1518 I SystemServerTiming: OnBootPhase_480
12-08 04:17:04.975 1518 1518 I SystemServerTiming: OnBootPhase_480_com.android.server.security.FileIntegrityService
12-08 04:17:04.975 1518 1518 I SystemServerTiming: OnBootPhase_480_com.android.server.pm.Installer
12-08 04:17:04.975 1518 1518 I SystemServerTiming: OnBootPhase_480_com.android.server.os.DeviceIdentifiersPolicyService
12-08 04:17:04.975 1518 1518 I SystemServerTiming: OnBootPhase_480_com.android.server.uri.UriGrantsManagerService$Lifecycle
12-08 04:17:04.975 1518 1518 I SystemServerTiming: OnBootPhase_480_com.android.server.powerstats.PowerStatsService
12-08 04:17:04.975 1518 1518 I SystemServerTiming: OnBootPhase_480_com.android.server.wm.ActivityTaskManagerService$Lifecycle
12-08 04:17:04.975 1518 1518 I SystemServerTiming: OnBootPhase_480_com.android.server.am.ActivityManagerService$Lifecycle
12-08 04:17:04.975 1518 1518 I SystemServerTiming: OnBootPhase_480_com.android.server.pm.DataLoaderManagerService
12-08 04:17:04.975 1518 1518 I SystemServerTiming: OnBootPhase_480_com.android.server.power.PowerManagerService
12-08 04:17:04.975 1518 1518 I SystemServerTiming: OnBootPhase_480_com.android.server.power.ThermalManagerService
12-08 04:17:04.975 1518 1518 I SystemServerTiming: OnBootPhase_480_com.android.server.power.hint.HintManagerService
12-08 04:17:04.975 1518 1518 I SystemServerTiming: OnBootPhase_480_com.android.server.recoverysystem.RecoverySystemService$Lifecycle
12-08 04:17:04.975 1518 1518 I SystemServerTiming: OnBootPhase_480_com.android.server.lights.LightsService
12-08 04:17:04.975 1518 1518 I SystemServerTiming: OnBootPhase_480_com.android.server.display.DisplayManagerService
12-08 04:17:04.975 1518 1518 I SystemServerTiming: OnBootPhase_480_com.android.server.pm.verify.domain.DomainVerificationService
12-08 04:17:04.975 1518 1518 I SystemServerTiming: OnBootPhase_480_com.android.server.pm.PackageInstallerService$Lifecycle
12-08 04:17:04.975 1518 1518 I SystemServerTiming: OnBootPhase_480_com.android.server.pm.UserManagerService$LifeCycle
12-08 04:17:04.975 1518 1518 I SystemServerTiming: OnBootPhase_480_com.android.server.om.OverlayManagerService
12-08 04:17:04.975 1518 1518 I SystemServerTiming: OnBootPhase_480_com.android.server.SensorPrivacyService
12-08 04:17:04.975 1518 1518 I SystemServerTiming: OnBootPhase_480_com.android.server.sensors.SensorService
12-08 04:17:04.975 1518 1518 I SystemServerTiming: OnBootPhase_480_com.android.server.SystemConfigService
12-08 04:17:04.975 1518 1518 I SystemServerTiming: OnBootPhase_480_com.android.server.BatteryService
12-08 04:17:04.975 1518 1518 I SystemServerTiming: OnBootPhase_480_com.android.server.usage.UsageStatsService
12-08 04:17:04.975 1518 1518 I SystemServerTiming: OnBootPhase_480_com.android.server.webkit.WebViewUpdateService
12-08 04:17:04.975 1518 1518 I SystemServerTiming: OnBootPhase_480_com.android.server.CachedDeviceStateService
12-08 04:17:04.975 1518 1518 I SystemServerTiming: OnBootPhase_480_com.android.server.BinderCallsStatsService$LifeCycle
12-08 04:17:04.975 1518 1518 I SystemServerTiming: OnBootPhase_480_com.android.server.LooperStatsService$Lifecycle
12-08 04:17:04.975 1518 1518 I SystemServerTiming: OnBootPhase_480_com.android.server.rollback.RollbackManagerService
12-08 04:17:04.975 1518 1518 I SystemServerTiming: OnBootPhase_480_com.android.server.os.NativeTombstoneManagerService
12-08 04:17:04.975 1518 1518 I SystemServerTiming: OnBootPhase_480_com.android.server.os.BugreportManagerService
12-08 04:17:04.975 1518 1518 I SystemServerTiming: OnBootPhase_480_com.android.server.gpu.GpuService
12-08 04:17:04.975 1518 1518 I SystemServerTiming: OnBootPhase_480_com.android.server.security.KeyChainSystemService
12-08 04:17:04.975 1518 1518 I SystemServerTiming: OnBootPhase_480_com.android.server.telecom.TelecomLoaderService
12-08 04:17:04.975 1518 1518 I SystemServerTiming: OnBootPhase_480_com.android.server.accounts.AccountManagerService$Lifecycle
12-08 04:17:04.975 1518 1518 I SystemServerTiming: OnBootPhase_480_com.android.server.content.ContentService$Lifecycle
12-08 04:17:04.975 1518 1518 I SystemServerTiming: OnBootPhase_480_com.android.server.DropBoxManagerService
12-08 04:17:04.975 1518 1518 I SystemServerTiming: OnBootPhase_480_com.android.role.RoleService
12-08 04:17:04.975 1518 1518 I SystemServerTiming: OnBootPhase_480_com.android.server.vibrator.VibratorManagerService$Lifecycle
12-08 04:17:04.975 1518 1518 I SystemServerTiming: OnBootPhase_480_com.android.server.alarm.AlarmManagerService
12-08 04:17:04.975 1518 1518 I SystemServerTiming: OnBootPhase_480_com.android.server.devicestate.DeviceStateManagerService
12-08 04:17:04.975 1518 1518 I SystemServerTiming: OnBootPhase_480_com.android.server.camera.CameraServiceProxy
12-08 04:17:04.975 1518 1518 I SystemServerTiming: OnBootPhase_480_com.android.server.BluetoothService
12-08 04:17:04.975 1518 1518 I SystemServerTiming: OnBootPhase_480_com.android.server.connectivity.IpConnectivityMetrics
12-08 04:17:04.975 1518 1518 I SystemServerTiming: OnBootPhase_480_com.android.server.net.watchlist.NetworkWatchlistService$Lifecycle
12-08 04:17:04.975 1518 1518 I SystemServerTiming: OnBootPhase_480_com.android.server.PinnerService
12-08 04:17:04.975 1518 1518 I SystemServerTiming: OnBootPhase_480_com.google.android.startop.iorap.IorapForwardingService
12-08 04:17:04.975 1518 1518 I SystemServerTiming: OnBootPhase_480_com.android.server.ActivityTriggerService
12-08 04:17:04.975 1518 1518 I SystemServerTiming: OnBootPhase_480_com.android.server.integrity.AppIntegrityManagerService
12-08 04:17:04.975 1518 1518 I SystemServerTiming: OnBootPhase_480_com.android.server.inputmethod.InputMethodManagerService$Lifecycle
12-08 04:17:04.975 1518 1518 I SystemServerTiming: OnBootPhase_480_com.android.server.accessibility.AccessibilityManagerService$Lifecycle
12-08 04:17:04.975 1518 1518 I SystemServerTiming: OnBootPhase_480_com.android.server.StorageManagerService$Lifecycle
12-08 04:17:04.975 1518 1518 I SystemServerTiming: OnBootPhase_480_com.android.server.usage.StorageStatsService$Lifecycle
12-08 04:17:04.975 1518 1518 I SystemServerTiming: OnBootPhase_480_com.android.server.UiModeManagerService
12-08 04:17:04.975 1518 1518 I SystemServerTiming: OnBootPhase_480_com.android.server.locksettings.LockSettingsService$Lifecycle
12-08 04:17:04.975 1518 1518 I SystemServerTiming: OnBootPhase_480_com.android.server.PersistentDataBlockService
12-08 04:17:04.975 1518 1518 I SystemServerTiming: OnBootPhase_480_com.android.server.testharness.TestHarnessModeService
12-08 04:17:04.975 1518 1518 I SystemServerTiming: OnBootPhase_480_com.android.server.oemlock.OemLockService
12-08 04:17:04.975 1518 1518 I SystemServerTiming: OnBootPhase_480_com.android.server.DeviceIdleController
12-08 04:17:04.975 1518 1518 I SystemServerTiming: OnBootPhase_480_com.android.server.devicepolicy.DevicePolicyManagerService$Lifecycle
12-08 04:17:04.976 1518 1518 E DevicePolicyManager: Error reading version
12-08 04:17:04.976 1518 1518 E DevicePolicyManager: java.nio.file.NoSuchFileException: /data/system/device_policies_version
12-08 04:17:04.976 1518 1518 E DevicePolicyManager: at sun.nio.fs.UnixFileSystemProvider.newByteChannel(UnixFileSystemProvider.java:214)
12-08 04:17:04.976 1518 1518 E DevicePolicyManager: at java.nio.file.Files.newByteChannel(Files.java:361)
12-08 04:17:04.976 1518 1518 E DevicePolicyManager: at java.nio.file.Files.newByteChannel(Files.java:407)
12-08 04:17:04.976 1518 1518 E DevicePolicyManager: at java.nio.file.spi.FileSystemProvider.newInputStream(FileSystemProvider.java:384)
12-08 04:17:04.976 1518 1518 E DevicePolicyManager: at java.nio.file.Files.newInputStream(Files.java:152)
12-08 04:17:04.976 1518 1518 E DevicePolicyManager: at java.nio.file.Files.newBufferedReader(Files.java:2784)
12-08 04:17:04.976 1518 1518 E DevicePolicyManager: at java.nio.file.Files.readAllLines(Files.java:3202)
12-08 04:17:04.976 1518 1518 E DevicePolicyManager: at com.android.server.devicepolicy.PolicyVersionUpgrader.readVersion(PolicyVersionUpgrader.java:165)
12-08 04:17:04.976 1518 1518 E DevicePolicyManager: at com.android.server.devicepolicy.PolicyVersionUpgrader.upgradePolicy(PolicyVersionUpgrader.java:66)
12-08 04:17:04.976 1518 1518 E DevicePolicyManager: at com.android.server.devicepolicy.DevicePolicyManagerService.performPolicyVersionUpgrade(DevicePolicyManagerService.java:3208)
12-08 04:17:04.976 1518 1518 E DevicePolicyManager: at com.android.server.devicepolicy.DevicePolicyManagerService.onLockSettingsReady(DevicePolicyManagerService.java:3123)
12-08 04:17:04.976 1518 1518 E DevicePolicyManager: at com.android.server.devicepolicy.DevicePolicyManagerService.systemReady(DevicePolicyManagerService.java:3088)
12-08 04:17:04.976 1518 1518 E DevicePolicyManager: at com.android.server.devicepolicy.DevicePolicyManagerService$Lifecycle.onBootPhase(DevicePolicyManagerService.java:802)
12-08 04:17:04.976 1518 1518 E DevicePolicyManager: at com.android.server.SystemServiceManager.startBootPhase(SystemServiceManager.java:235)
12-08 04:17:04.976 1518 1518 E DevicePolicyManager: at com.android.server.SystemServer.startOtherServices(SystemServer.java:2580)
12-08 04:17:04.976 1518 1518 E DevicePolicyManager: at com.android.server.SystemServer.run(SystemServer.java:884)
12-08 04:17:04.976 1518 1518 E DevicePolicyManager: at com.android.server.SystemServer.main(SystemServer.java:615)
12-08 04:17:04.976 1518 1518 E DevicePolicyManager: at java.lang.reflect.Method.invoke(Native Method)
12-08 04:17:04.976 1518 1518 E DevicePolicyManager: at com.android.internal.os.RuntimeInit$MethodAndArgsCaller.run(RuntimeInit.java:548)
12-08 04:17:04.976 1518 1518 E DevicePolicyManager: at com.android.internal.os.ZygoteInit.main(ZygoteInit.java:987)
12-08 04:17:04.976 1518 1518 I DevicePolicyManager: Upgrading from version 0
12-08 04:17:04.976 1518 1518 I DevicePolicyManager: Upgrading from version 1
12-08 04:17:04.978 1518 1749 I SystemServerTimingAsync: InitThreadPoolExec:DevicePolicyManager
12-08 04:17:04.978 1518 1518 I SystemServerTiming: OnBootPhase_480_com.android.server.texttospeech.TextToSpeechManagerService
12-08 04:17:04.978 1518 1518 I SystemServerTiming: OnBootPhase_480_com.android.server.speech.SpeechRecognitionManagerService
12-08 04:17:04.978 1518 1518 I SystemServerTiming: OnBootPhase_480_com.android.server.searchui.SearchUiManagerService
12-08 04:17:04.978 1518 1518 I SystemServerTiming: OnBootPhase_480_com.android.server.smartspace.SmartspaceManagerService
12-08 04:17:04.978 1518 1518 I SystemServerTiming: OnBootPhase_480_com.android.server.graphics.fonts.FontManagerService$Lifecycle
12-08 04:17:04.978 1518 1518 I SystemServerTiming: OnBootPhase_480_com.android.server.textservices.TextServicesManagerService$Lifecycle
12-08 04:17:04.978 1518 1518 I SystemServerTiming: OnBootPhase_480_com.android.server.textclassifier.TextClassificationManagerService$Lifecycle
12-08 04:17:04.978 1518 1518 I SystemServerTiming: OnBootPhase_480_com.android.server.NetworkScoreService$Lifecycle
12-08 04:17:04.978 1518 1518 I SystemServerTiming: OnBootPhase_480_com.android.server.wifi.WifiService
12-08 04:17:04.978 1518 1518 I SystemServerTiming: OnBootPhase_480_com.android.server.wifi.scanner.WifiScanningService
12-08 04:17:04.978 1518 1518 I SystemServerTiming: OnBootPhase_480_com.android.server.wifi.rtt.RttService
12-08 04:17:04.978 1518 1518 I SystemServerTiming: OnBootPhase_480_com.android.server.wifi.aware.WifiAwareService
12-08 04:17:04.978 1518 1518 I SystemServerTiming: OnBootPhase_480_com.android.server.wifi.p2p.WifiP2pService
12-08 04:17:04.978 1518 1518 I SystemServerTiming: OnBootPhase_480_com.android.server.ethernet.EthernetService
12-08 04:17:04.978 1518 1518 I SystemServerTiming: OnBootPhase_480_com.android.server.ConnectivityServiceInitializer
12-08 04:17:04.978 1518 1518 I SystemServerTiming: OnBootPhase_480_com.android.server.notification.NotificationManagerService
12-08 04:17:04.978 1518 1518 I SystemServerTiming: OnBootPhase_480_com.android.server.storage.DeviceStorageMonitorService
12-08 04:17:04.978 1518 1518 I SystemServerTiming: OnBootPhase_480_com.android.server.location.LocationManagerService$Lifecycle
12-08 04:17:04.978 1518 1518 I SystemServerTiming: OnBootPhase_480_com.android.server.timedetector.TimeDetectorService$Lifecycle
12-08 04:17:04.978 1518 1518 I SystemServerTiming: OnBootPhase_480_com.android.server.timezonedetector.TimeZoneDetectorService$Lifecycle
12-08 04:17:04.978 1518 1518 I SystemServerTiming: OnBootPhase_480_com.android.server.timezonedetector.location.LocationTimeZoneManagerService$Lifecycle
12-08 04:17:04.978 1518 1518 I SystemServerTiming: OnBootPhase_480_com.android.server.search.SearchManagerService$Lifecycle
12-08 04:17:04.978 1518 1518 I SystemServerTiming: OnBootPhase_480_com.android.server.wallpaper.WallpaperManagerService$Lifecycle
12-08 04:17:04.978 1518 1518 I SystemServerTiming: OnBootPhase_480_com.android.server.audio.AudioService$Lifecycle
12-08 04:17:04.978 1518 1518 I SystemServerTiming: OnBootPhase_480_com.android.server.soundtrigger_middleware.SoundTriggerMiddlewareService$Lifecycle
12-08 04:17:04.978 1518 1518 I SystemServerTiming: OnBootPhase_480_com.android.server.DockObserver
12-08 04:17:04.978 1518 1518 I SystemServerTiming: OnBootPhase_480_com.android.server.midi.MidiService$Lifecycle
12-08 04:17:04.978 1518 1518 I SystemServerTiming: OnBootPhase_480_com.android.server.adb.AdbService$Lifecycle
12-08 04:17:04.978 1518 1518 I SystemServerTiming: OnBootPhase_480_com.android.server.usb.UsbService$Lifecycle
12-08 04:17:04.978 1518 1518 I SystemServerTiming: OnBootPhase_480_com.android.server.twilight.TwilightService
12-08 04:17:04.978 1518 1518 I SystemServerTiming: OnBootPhase_480_com.android.server.display.color.ColorDisplayService
12-08 04:17:04.978 1518 1518 I SystemServerTiming: OnBootPhase_480_com.android.server.job.JobSchedulerService
12-08 04:17:04.978 1518 1518 I SystemServerTiming: OnBootPhase_480_com.android.server.soundtrigger.SoundTriggerService
12-08 04:17:04.978 1518 1518 D SoundTriggerService: onBootPhase: 480 : false
12-08 04:17:04.978 1518 1518 I SystemServerTiming: OnBootPhase_480_com.android.server.trust.TrustManagerService
12-08 04:17:04.978 1518 1518 I SystemServerTiming: OnBootPhase_480_com.android.server.backup.BackupManagerService$Lifecycle
12-08 04:17:04.978 1518 1518 I SystemServerTiming: OnBootPhase_480_com.android.server.appwidget.AppWidgetService
12-08 04:17:04.978 1518 1518 I SystemServerTiming: OnBootPhase_480_com.android.server.voiceinteraction.VoiceInteractionManagerService
12-08 04:17:04.978 1518 1518 I SystemServerTiming: OnBootPhase_480_com.android.server.apphibernation.AppHibernationService
12-08 04:17:04.978 1518 1518 I SystemServerTiming: OnBootPhase_480_com.android.server.GestureLauncherService
12-08 04:17:04.978 1518 1518 I SystemServerTiming: OnBootPhase_480_com.android.server.SensorNotificationService
12-08 04:17:04.978 1518 1518 I SystemServerTiming: OnBootPhase_480_com.android.server.emergency.EmergencyAffordanceService
12-08 04:17:04.978 1518 1518 I SystemServerTiming: OnBootPhase_480_com.android.server.blob.BlobStoreManagerService
12-08 04:17:04.978 1518 1518 I SystemServerTiming: OnBootPhase_480_com.android.server.dreams.DreamManagerService
12-08 04:17:04.978 1518 1518 I SystemServerTiming: OnBootPhase_480_com.android.server.companion.CompanionDeviceManagerService
12-08 04:17:04.978 1518 1518 I SystemServerTiming: OnBootPhase_480_com.android.server.restrictions.RestrictionsManagerService
12-08 04:17:04.978 1518 1518 I SystemServerTiming: OnBootPhase_480_com.android.server.media.MediaSessionService
12-08 04:17:04.978 1518 1518 I SystemServerTiming: OnBootPhase_480_com.android.server.media.MediaResourceMonitorService
12-08 04:17:04.978 1518 1518 I SystemServerTiming: OnBootPhase_480_com.android.server.biometrics.sensors.fingerprint.FingerprintService
12-08 04:17:04.978 1518 1518 I SystemServerTiming: OnBootPhase_480_com.android.server.biometrics.BiometricService
12-08 04:17:04.978 1518 1518 I SystemServerTiming: OnBootPhase_480_com.android.server.biometrics.AuthService
12-08 04:17:04.978 1518 1518 I SystemServerTiming: OnBootPhase_480_com.android.server.pm.ShortcutService$Lifecycle
12-08 04:17:04.979 1518 1518 I SystemServerTiming: OnBootPhase_480_com.android.server.pm.LauncherAppsService
12-08 04:17:04.979 1518 1518 I SystemServerTiming: OnBootPhase_480_com.android.server.pm.CrossProfileAppsService
12-08 04:17:04.979 1518 1518 I SystemServerTiming: OnBootPhase_480_com.android.server.people.PeopleService
12-08 04:17:04.979 1518 1518 I SystemServerTiming: OnBootPhase_480_com.android.server.media.metrics.MediaMetricsManagerService
12-08 04:17:04.979 1518 1518 I SystemServerTiming: OnBootPhase_480_com.android.server.media.projection.MediaProjectionManagerService
12-08 04:17:04.979 1518 1518 I SystemServerTiming: OnBootPhase_480_com.android.server.slice.SliceManagerService$Lifecycle
12-08 04:17:04.979 1518 1518 I SystemServerTiming: OnBootPhase_480_com.android.server.stats.StatsCompanion$Lifecycle
12-08 04:17:04.979 1518 1518 I SystemServerTiming: OnBootPhase_480_com.android.server.scheduling.RebootReadinessManagerService$Lifecycle
12-08 04:17:04.979 1518 1518 I SystemServerTiming: OnBootPhase_480_com.android.server.stats.pull.StatsPullAtomService
12-08 04:17:04.979 1518 1518 I SystemServerTiming: OnBootPhase_480_com.android.server.incident.IncidentCompanionService
12-08 04:17:04.979 1518 1518 I SystemServerTiming: OnBootPhase_480_com.android.server.MmsServiceBroker
12-08 04:17:04.979 1518 1518 I SystemServerTiming: OnBootPhase_480_com.android.server.autofill.AutofillManagerService
12-08 04:17:04.979 1518 1518 I SystemServerTiming: OnBootPhase_480_com.android.server.clipboard.ClipboardService
12-08 04:17:04.979 1518 1518 I SystemServerTiming: OnBootPhase_480_com.android.server.appbinding.AppBindingService$Lifecycle
12-08 04:17:04.979 1518 1518 I SystemServerTiming: OnBootPhase_480_com.android.server.tracing.TracingServiceProxy
12-08 04:17:04.979 1518 1518 I SystemServerTiming: StartBootPhaseSystemServicesReady
12-08 04:17:04.979 1518 1518 I SystemServiceManager: Starting phase 500
12-08 04:17:04.979 1518 1518 I SystemServerTiming: OnBootPhase_500
12-08 04:17:04.979 1518 1518 I SystemServerTiming: OnBootPhase_500_com.android.server.security.FileIntegrityService
12-08 04:17:04.979 1518 1518 I SystemServerTiming: OnBootPhase_500_com.android.server.pm.Installer
12-08 04:17:04.979 1518 1518 I SystemServerTiming: OnBootPhase_500_com.android.server.os.DeviceIdentifiersPolicyService
12-08 04:17:04.979 1518 1518 I SystemServerTiming: OnBootPhase_500_com.android.server.uri.UriGrantsManagerService$Lifecycle
12-08 04:17:04.979 1518 1518 I SystemServerTiming: OnBootPhase_500_com.android.server.powerstats.PowerStatsService
12-08 04:17:04.979 1518 1518 E StatsPullAtomCallbackImpl: Failed to start PowerStatsService statsd pullers
12-08 04:17:04.979 1518 1518 I SystemServerTiming: OnBootPhase_500_com.android.server.wm.ActivityTaskManagerService$Lifecycle
12-08 04:17:04.979 1518 1518 I SystemServerTiming: OnBootPhase_500_com.android.server.am.ActivityManagerService$Lifecycle
12-08 04:17:04.980 1518 1518 E BatteryStatsService: Could not register PowerStatsInternal
12-08 04:17:04.981 1518 1518 I SystemServerTiming: OnBootPhase_500_com.android.server.pm.DataLoaderManagerService
12-08 04:17:04.981 1518 1518 I SystemServerTiming: OnBootPhase_500_com.android.server.power.PowerManagerService
12-08 04:17:04.981 1518 1518 I SystemServerTiming: OnBootPhase_500_com.android.server.power.ThermalManagerService
12-08 04:17:04.981 1518 1518 I SystemServerTiming: OnBootPhase_500_com.android.server.power.hint.HintManagerService
12-08 04:17:04.981 1518 1518 V HintManagerService: Initializing HintManager service...
12-08 04:17:04.981 1518 1518 V HistoricalRegistry: Interaction before persistence initialized
12-08 04:17:04.981 1518 1518 I SystemServerTiming: OnBootPhase_500_com.android.server.recoverysystem.RecoverySystemService$Lifecycle
12-08 04:17:04.981 1518 1518 I SystemServerTiming: OnBootPhase_500_com.android.server.lights.LightsService
12-08 04:17:04.981 1518 1518 I SystemServerTiming: OnBootPhase_500_com.android.server.display.DisplayManagerService
12-08 04:17:04.981 1518 1518 I SystemServerTiming: OnBootPhase_500_com.android.server.pm.verify.domain.DomainVerificationService
12-08 04:17:04.981 1518 1518 I SystemServerTiming: OnBootPhase_500_com.android.server.pm.PackageInstallerService$Lifecycle
12-08 04:17:04.981 1518 1518 I SystemServerTiming: OnBootPhase_500_com.android.server.pm.UserManagerService$LifeCycle
12-08 04:17:04.981 1518 1518 I SystemServerTiming: OnBootPhase_500_com.android.server.om.OverlayManagerService
12-08 04:17:04.981 1518 1518 I SystemServerTiming: OnBootPhase_500_com.android.server.SensorPrivacyService
12-08 04:17:04.982 1518 1518 I SystemServerTiming: OnBootPhase_500_com.android.server.sensors.SensorService
12-08 04:17:04.982 1518 1518 I SystemServerTiming: OnBootPhase_500_com.android.server.SystemConfigService
12-08 04:17:04.982 1518 1518 I SystemServerTiming: OnBootPhase_500_com.android.server.BatteryService
12-08 04:17:04.982 1518 1518 I SystemServerTiming: OnBootPhase_500_com.android.server.usage.UsageStatsService
12-08 04:17:04.982 1518 1518 D AppStandbyController: Setting app idle enabled state
12-08 04:17:04.983 1518 1518 D AppStandbyController: Initializing defaults for system apps on user 0, appIdleEnabled=false
12-08 04:17:04.984 1518 1518 E AppIdleHistory: Unable to read app idle file for user 0
12-08 04:17:04.984 1518 1518 E AppIdleHistory: java.io.FileNotFoundException: /data/system/users/0/app_idle_stats.xml: open failed: ENOENT (No such file or directory)
12-08 04:17:04.984 1518 1518 E AppIdleHistory: at libcore.io.IoBridge.open(IoBridge.java:575)
12-08 04:17:04.984 1518 1518 E AppIdleHistory: at java.io.FileInputStream.(FileInputStream.java:160)
12-08 04:17:04.984 1518 1518 E AppIdleHistory: at android.util.AtomicFile.openRead(AtomicFile.java:260)
12-08 04:17:04.984 1518 1518 E AppIdleHistory: at com.android.server.usage.AppIdleHistory.readAppIdleTimes(AppIdleHistory.java:597)
12-08 04:17:04.984 1518 1518 E AppIdleHistory: at com.android.server.usage.AppIdleHistory.getUserHistory(AppIdleHistory.java:332)
12-08 04:17:04.984 1518 1518 E AppIdleHistory: at com.android.server.usage.AppIdleHistory.reportUsage(AppIdleHistory.java:321)
12-08 04:17:04.984 1518 1518 E AppIdleHistory: at com.android.server.usage.AppStandbyController.initializeDefaultsForSystemApps(AppStandbyController.java:1860)
12-08 04:17:04.984 1518 1518 E AppIdleHistory: at com.android.server.usage.AppStandbyController.onBootPhase(AppStandbyController.java:531)
12-08 04:17:04.984 1518 1518 E AppIdleHistory: at com.android.server.usage.UsageStatsService.onBootPhase(UsageStatsService.java:315)
12-08 04:17:04.984 1518 1518 E AppIdleHistory: at com.android.server.SystemServiceManager.startBootPhase(SystemServiceManager.java:235)
12-08 04:17:04.984 1518 1518 E AppIdleHistory: at com.android.server.SystemServer.startOtherServices(SystemServer.java:2584)
12-08 04:17:04.984 1518 1518 E AppIdleHistory: at com.android.server.SystemServer.run(SystemServer.java:884)
12-08 04:17:04.984 1518 1518 E AppIdleHistory: at com.android.server.SystemServer.main(SystemServer.java:615)
12-08 04:17:04.984 1518 1518 E AppIdleHistory: at java.lang.reflect.Method.invoke(Native Method)
12-08 04:17:04.984 1518 1518 E AppIdleHistory: at com.android.internal.os.RuntimeInit$MethodAndArgsCaller.run(RuntimeInit.java:548)
12-08 04:17:04.984 1518 1518 E AppIdleHistory: at com.android.internal.os.ZygoteInit.main(ZygoteInit.java:987)
12-08 04:17:04.984 1518 1518 E AppIdleHistory: Caused by: android.system.ErrnoException: open failed: ENOENT (No such file or directory)
12-08 04:17:04.984 1518 1518 E AppIdleHistory: at libcore.io.Linux.open(Native Method)
12-08 04:17:04.984 1518 1518 E AppIdleHistory: at libcore.io.ForwardingOs.open(ForwardingOs.java:567)
12-08 04:17:04.984 1518 1518 E AppIdleHistory: at libcore.io.BlockGuardOs.open(BlockGuardOs.java:273)
12-08 04:17:04.984 1518 1518 E AppIdleHistory: at libcore.io.IoBridge.open(IoBridge.java:561)
12-08 04:17:04.984 1518 1518 E AppIdleHistory: ... 15 more
12-08 04:17:04.991 1518 1518 V HistoricalRegistry: Interaction before persistence initialized
12-08 04:17:04.991 1518 1518 I SystemServerTiming: OnBootPhase_500_com.android.server.webkit.WebViewUpdateService
12-08 04:17:04.991 1518 1518 I SystemServerTiming: OnBootPhase_500_com.android.server.CachedDeviceStateService
12-08 04:17:04.992 1518 1518 I SystemServerTiming: OnBootPhase_500_com.android.server.BinderCallsStatsService$LifeCycle
12-08 04:17:04.993 1518 1518 I SystemServerTiming: OnBootPhase_500_com.android.server.LooperStatsService$Lifecycle
12-08 04:17:04.993 1518 1518 I SystemServerTiming: OnBootPhase_500_com.android.server.rollback.RollbackManagerService
12-08 04:17:04.993 1518 1518 I SystemServerTiming: OnBootPhase_500_com.android.server.os.NativeTombstoneManagerService
12-08 04:17:04.993 1518 1518 I SystemServerTiming: OnBootPhase_500_com.android.server.os.BugreportManagerService
12-08 04:17:04.993 1518 1518 I SystemServerTiming: OnBootPhase_500_com.android.server.gpu.GpuService
12-08 04:17:04.993 1518 1518 I SystemServerTiming: OnBootPhase_500_com.android.server.security.KeyChainSystemService
12-08 04:17:04.993 1518 1518 I SystemServerTiming: OnBootPhase_500_com.android.server.telecom.TelecomLoaderService
12-08 04:17:04.993 1518 1518 I SystemServerTiming: OnBootPhase_500_com.android.server.accounts.AccountManagerService$Lifecycle
12-08 04:17:04.993 1518 1518 I SystemServerTiming: OnBootPhase_500_com.android.server.content.ContentService$Lifecycle
12-08 04:17:04.993 1518 1518 I SystemServerTiming: OnBootPhase_500_com.android.server.DropBoxManagerService
12-08 04:17:04.993 1518 1518 I SystemServerTiming: OnBootPhase_500_com.android.role.RoleService
12-08 04:17:04.993 1518 1518 I SystemServerTiming: OnBootPhase_500_com.android.server.vibrator.VibratorManagerService$Lifecycle
12-08 04:17:04.993 1518 1518 V VibratorManagerService: Initializing VibratorManager service...
12-08 04:17:04.993 1518 1518 V HistoricalRegistry: Interaction before persistence initialized
12-08 04:17:04.994 1518 1518 V VibratorManagerService: VibratorManager service initialized
12-08 04:17:04.994 1518 1518 I SystemServerTiming: OnBootPhase_500_com.android.server.alarm.AlarmManagerService
12-08 04:17:04.994 1518 1518 E LazyAlarmStore: Removed TIME_TICK alarm
12-08 04:17:04.994 1518 1654 I DropBoxManagerService: add tag=system_server_wtf isTagEnabled=true flags=0x2
12-08 04:17:04.994 1518 1518 I SystemServerTiming: OnBootPhase_500_com.android.server.devicestate.DeviceStateManagerService
12-08 04:17:04.994 1518 1518 I SystemServerTiming: OnBootPhase_500_com.android.server.camera.CameraServiceProxy
12-08 04:17:04.994 1518 1518 I SystemServerTiming: OnBootPhase_500_com.android.server.BluetoothService
12-08 04:17:04.995 1518 1518 I SystemServerTiming: OnBootPhase_500_com.android.server.connectivity.IpConnectivityMetrics
12-08 04:17:04.996 1518 1518 I SystemServerTiming: OnBootPhase_500_com.android.server.net.watchlist.NetworkWatchlistService$Lifecycle
12-08 04:17:04.996 1518 1518 I SystemServerTiming: OnBootPhase_500_com.android.server.PinnerService
12-08 04:17:04.996 1518 1518 I SystemServerTiming: OnBootPhase_500_com.google.android.startop.iorap.IorapForwardingService
12-08 04:17:04.996 1518 1518 I SystemServerTiming: OnBootPhase_500_com.android.server.ActivityTriggerService
12-08 04:17:04.996 1518 1518 I SystemServerTiming: OnBootPhase_500_com.android.server.integrity.AppIntegrityManagerService
12-08 04:17:04.996 1518 1518 I SystemServerTiming: OnBootPhase_500_com.android.server.inputmethod.InputMethodManagerService$Lifecycle
12-08 04:17:04.996 1518 1518 I SystemServerTiming: OnBootPhase_500_com.android.server.accessibility.AccessibilityManagerService$Lifecycle
12-08 04:17:04.996 1518 1518 I SystemServerTiming: OnBootPhase_500_com.android.server.StorageManagerService$Lifecycle
12-08 04:17:04.996 1518 1518 I SystemServerTiming: OnBootPhase_500_com.android.server.usage.StorageStatsService$Lifecycle
12-08 04:17:04.996 1518 1518 I SystemServerTiming: OnBootPhase_500_com.android.server.UiModeManagerService
12-08 04:17:04.997 1518 1518 I ActivityTaskManager: Config changes=200 {1.0 ?mcc?mnc [zh_CN] ldltr sw720dp w1706dp h624dp 240dpi lrg long land finger -keyb/v/h -nav/h winConfig={ mBounds=Rect(0, 0 - 2560, 1080) mAppBounds=Rect(0, 0 - 2560, 1008) mMaxBounds=Rect(0, 0 - 2560, 1080) mWindowingMode=fullscreen mDisplayWindowingMode=fullscreen mActivityType=undefined mAlwaysOnTop=undefined mRotation=ROTATION_0} s.6 ?fontWeightAdjustment}
12-08 04:17:04.997 1518 1518 I WindowManager: Override config changes=200 {1.0 ?mcc?mnc [zh_CN] ldltr sw720dp w1706dp h624dp 240dpi lrg long land finger -keyb/v/h -nav/h winConfig={ mBounds=Rect(0, 0 - 2560, 1080) mAppBounds=Rect(0, 0 - 2560, 1008) mMaxBounds=Rect(0, 0 - 2560, 1080) mWindowingMode=fullscreen mDisplayWindowingMode=fullscreen mActivityType=undefined mAlwaysOnTop=undefined mRotation=ROTATION_0} s.6 ?fontWeightAdjustment} for displayId=0
12-08 04:17:04.998 1518 1518 I SystemServerTiming: OnBootPhase_500_com.android.server.locksettings.LockSettingsService$Lifecycle
12-08 04:17:04.998 1518 1518 I SystemServerTiming: OnBootPhase_500_com.android.server.PersistentDataBlockService
12-08 04:17:04.998 1518 1518 I SystemServerTiming: OnBootPhase_500_com.android.server.testharness.TestHarnessModeService
12-08 04:17:04.998 1518 1518 D TestHarnessModeService: Setting up test harness mode
12-08 04:17:04.998 1518 1518 D TestHarnessModeService: Getting PersistentDataBlockManagerInternal from LocalServices
12-08 04:17:05.000 1518 1518 I SystemServerTiming: OnBootPhase_500_com.android.server.oemlock.OemLockService
12-08 04:17:05.000 1518 1518 I SystemServerTiming: OnBootPhase_500_com.android.server.DeviceIdleController
12-08 04:17:05.000 1518 1518 V HistoricalRegistry: Interaction before persistence initialized
12-08 04:17:05.001 1518 1518 I SystemServerTiming: OnBootPhase_500_com.android.server.devicepolicy.DevicePolicyManagerService$Lifecycle
12-08 04:17:05.001 1518 1518 I SystemServerTiming: OnBootPhase_500_com.android.server.texttospeech.TextToSpeechManagerService
12-08 04:17:05.001 1518 1518 I SystemServerTiming: OnBootPhase_500_com.android.server.speech.SpeechRecognitionManagerService
12-08 04:17:05.001 1518 1518 I SystemServerTiming: OnBootPhase_500_com.android.server.searchui.SearchUiManagerService
12-08 04:17:05.001 1518 1518 I SystemServerTiming: OnBootPhase_500_com.android.server.smartspace.SmartspaceManagerService
12-08 04:17:05.001 1518 1518 I SystemServerTiming: OnBootPhase_500_com.android.server.graphics.fonts.FontManagerService$Lifecycle
12-08 04:17:05.001 1518 1518 I SystemServerTiming: OnBootPhase_500_com.android.server.textservices.TextServicesManagerService$Lifecycle
12-08 04:17:05.001 1518 1518 I SystemServerTiming: OnBootPhase_500_com.android.server.textclassifier.TextClassificationManagerService$Lifecycle
12-08 04:17:05.001 1518 1518 I SystemServerTiming: OnBootPhase_500_com.android.server.NetworkScoreService$Lifecycle
12-08 04:17:05.001 1518 1518 I SystemServerTiming: OnBootPhase_500_com.android.server.wifi.WifiService
12-08 04:17:05.001 1518 1518 I SystemServerTiming: OnBootPhase_500_com.android.server.wifi.scanner.WifiScanningService
12-08 04:17:05.001 1518 1518 I SystemServerTiming: OnBootPhase_500_com.android.server.wifi.rtt.RttService
12-08 04:17:05.001 1518 1518 I SystemServerTiming: OnBootPhase_500_com.android.server.wifi.aware.WifiAwareService
12-08 04:17:05.003 1518 1518 I SystemServerTiming: OnBootPhase_500_com.android.server.wifi.p2p.WifiP2pService
12-08 04:17:05.003 1518 1518 I SystemServerTiming: OnBootPhase_500_com.android.server.ethernet.EthernetService
12-08 04:17:05.005 1518 1518 I SystemServerTiming: OnBootPhase_500_com.android.server.ConnectivityServiceInitializer
12-08 04:17:05.005 1518 1518 I SystemServerTiming: OnBootPhase_500_com.android.server.notification.NotificationManagerService
12-08 04:17:05.009 1518 1518 I GameModeConfig: isGameModeOn = false
12-08 04:17:05.009 1518 1518 I SystemServerTiming: OnBootPhase_500_com.android.server.storage.DeviceStorageMonitorService
12-08 04:17:05.009 1518 1518 I SystemServerTiming: OnBootPhase_500_com.android.server.location.LocationManagerService$Lifecycle
12-08 04:17:05.010 1518 1518 V HistoricalRegistry: Interaction before persistence initialized
12-08 04:17:05.010 1518 1518 I SystemServerTiming: OnBootPhase_500_com.android.server.timedetector.TimeDetectorService$Lifecycle
12-08 04:17:05.010 1518 1518 I SystemServerTiming: OnBootPhase_500_com.android.server.timezonedetector.TimeZoneDetectorService$Lifecycle
12-08 04:17:05.010 1518 1518 I SystemServerTiming: OnBootPhase_500_com.android.server.timezonedetector.location.LocationTimeZoneManagerService$Lifecycle
12-08 04:17:05.010 1518 1518 I SystemServerTiming: OnBootPhase_500_com.android.server.search.SearchManagerService$Lifecycle
12-08 04:17:05.010 1518 1518 I SystemServerTiming: OnBootPhase_500_com.android.server.wallpaper.WallpaperManagerService$Lifecycle
12-08 04:17:05.010 1518 1518 I SystemServerTiming: OnBootPhase_500_com.android.server.audio.AudioService$Lifecycle
12-08 04:17:05.010 1518 1518 I SystemServerTiming: OnBootPhase_500_com.android.server.soundtrigger_middleware.SoundTriggerMiddlewareService$Lifecycle
12-08 04:17:05.010 1518 1518 I SystemServerTiming: OnBootPhase_500_com.android.server.DockObserver
12-08 04:17:05.010 1518 1518 I SystemServerTiming: OnBootPhase_500_com.android.server.midi.MidiService$Lifecycle
12-08 04:17:05.010 1518 1518 I SystemServerTiming: OnBootPhase_500_com.android.server.adb.AdbService$Lifecycle
12-08 04:17:05.010 1518 1518 I SystemServerTiming: OnBootPhase_500_com.android.server.usb.UsbService$Lifecycle
12-08 04:17:05.010 1518 1518 I SystemServerTiming: OnBootPhase_500_com.android.server.twilight.TwilightService
12-08 04:17:05.010 1518 1518 I SystemServerTiming: OnBootPhase_500_com.android.server.display.color.ColorDisplayService
12-08 04:17:05.010 1518 1518 I SystemServerTiming: OnBootPhase_500_com.android.server.job.JobSchedulerService
12-08 04:17:05.012 1518 1518 V HistoricalRegistry: Interaction before persistence initialized
12-08 04:17:05.012 1518 1518 I SystemServerTiming: OnBootPhase_500_com.android.server.soundtrigger.SoundTriggerService
12-08 04:17:05.012 1518 1518 D SoundTriggerService: onBootPhase: 500 : false
12-08 04:17:05.012 1518 1518 I SystemServerTiming: OnBootPhase_500_com.android.server.trust.TrustManagerService
12-08 04:17:05.012 1518 1518 I SystemServerTiming: OnBootPhase_500_com.android.server.backup.BackupManagerService$Lifecycle
12-08 04:17:05.012 1518 1518 I SystemServerTiming: OnBootPhase_500_com.android.server.appwidget.AppWidgetService
