12-08 04:36:49.912 2377 2377 I sysui_multi_action: [757,111,758,2]
12-08 04:36:49.912 1518 1518 I notification_enqueue: [10082,2377,com.android.systemui,2048,NULL,0,Notification(channel=updateNotification shortcut=null contentView=null vibrate=null sound=null defaults=0x0 flags=0x0 color=0x00000000 vis=PRIVATE),1]
12-08 04:36:49.915 2377 2377 I sysui_multi_action: [757,111,758,1]
12-08 04:36:49.915 2377 2377 I sysui_multi_action: [757,126,758,1,759,126,927,0,928,1,1593,1]
12-08 04:36:49.915 2377 2377 I sysui_multi_action: [757,113,758,1,759,113,927,1,928,1,1593,1]
12-08 04:36:49.915 2377 2377 I sysui_multi_action: [757,0,758,1,759,0,927,2,928,0,1593,1]
12-08 04:36:49.915 2377 2377 I sysui_multi_action: [757,0,758,1,759,0,927,3,928,0,1593,1]
12-08 04:36:49.915 2377 2377 I sysui_multi_action: [757,491,758,1,759,491,927,4,928,0,1311,-1,1593,0]
12-08 04:36:49.915 2377 2377 I sysui_multi_action: [757,0,758,1,759,0,927,5,928,0,1593,0]
12-08 04:36:49.915 2377 2377 I sysui_multi_action: [757,111,758,1]
12-08 04:36:49.915 2377 2377 I sysui_multi_action: [757,126,758,1,759,126,927,0,928,1,1593,1]
12-08 04:36:49.915 2377 2377 I sysui_multi_action: [757,113,758,1,759,113,927,1,928,1,1593,1]
12-08 04:36:49.915 2377 2377 I sysui_multi_action: [757,0,758,1,759,0,927,2,928,0,1593,1]
12-08 04:36:49.915 2377 2377 I sysui_multi_action: [757,0,758,1,759,0,927,3,928,0,1593,1]
12-08 04:36:49.927 1518 2319 I GameModeConfig: isGameModeOn = false
12-08 04:36:49.927 1518 2319 I GameModeConfig: isGameModeOn = false
12-08 04:36:49.927 1518 2319 I GameModeConfig: isGameModeOn = false
12-08 04:36:49.927 1518 2319 I GameModeConfig: isGameModeOn = false
12-08 04:36:49.927 1518 2319 I GameModeConfig: isGameModeOn = false
12-08 04:36:49.928 2377 2377 I sysui_multi_action: [757,111,758,2]
12-08 04:36:49.929 2377 2377 I sysui_multi_action: [757,111,758,2]
12-08 04:36:49.929 1518 1518 I notification_enqueue: [10082,2377,com.android.systemui,2048,NULL,0,Notification(channel=updateNotification shortcut=null contentView=null vibrate=null sound=null defaults=0x0 flags=0x0 color=0x00000000 vis=PRIVATE),1]
12-08 04:36:49.931 2377 2377 I sysui_multi_action: [757,111,758,1]
12-08 04:36:49.931 2377 2377 I sysui_multi_action: [757,126,758,1,759,126,927,0,928,1,1593,1]
12-08 04:36:49.931 2377 2377 I sysui_multi_action: [757,113,758,1,759,113,927,1,928,1,1593,1]
12-08 04:36:49.931 2377 2377 I sysui_multi_action: [757,0,758,1,759,0,927,2,928,0,1593,1]
12-08 04:36:49.931 2377 2377 I sysui_multi_action: [757,0,758,1,759,0,927,3,928,0,1593,1]
12-08 04:36:49.932 2377 2377 I sysui_multi_action: [757,491,758,1,759,491,927,4,928,0,1311,-1,1593,0]
12-08 04:36:49.932 2377 2377 I sysui_multi_action: [757,0,758,1,759,0,927,5,928,0,1593,0]
12-08 04:36:49.932 2377 2377 I sysui_multi_action: [757,111,758,1]
12-08 04:36:49.932 2377 2377 I sysui_multi_action: [757,126,758,1,759,126,927,0,928,1,1593,1]
12-08 04:36:49.932 2377 2377 I sysui_multi_action: [757,113,758,1,759,113,927,1,928,1,1593,1]
12-08 04:36:49.932 2377 2377 I sysui_multi_action: [757,0,758,1,759,0,927,2,928,0,1593,1]
12-08 04:36:49.932 2377 2377 I sysui_multi_action: [757,0,758,1,759,0,927,3,928,0,1593,1]
12-08 04:36:49.946 1518 2319 I GameModeConfig: isGameModeOn = false
12-08 04:36:49.946 1518 2319 I GameModeConfig: isGameModeOn = false
12-08 04:36:49.946 1518 2319 I GameModeConfig: isGameModeOn = false
12-08 04:36:49.946 1518 2319 I GameModeConfig: isGameModeOn = false
12-08 04:36:49.946 1518 2319 I GameModeConfig: isGameModeOn = false
12-08 04:36:49.947 2377 2377 I sysui_multi_action: [757,111,758,2]
12-08 04:36:49.947 2377 2377 I sysui_multi_action: [757,111,758,2]
12-08 04:36:49.947 1518 1518 I notification_enqueue: [10082,2377,com.android.systemui,2048,NULL,0,Notification(channel=updateNotification shortcut=null contentView=null vibrate=null sound=null defaults=0x0 flags=0x0 color=0x00000000 vis=PRIVATE),1]
12-08 04:36:49.950 2377 2377 I sysui_multi_action: [757,111,758,1]
12-08 04:36:49.950 2377 2377 I sysui_multi_action: [757,126,758,1,759,126,927,0,928,1,1593,1]
12-08 04:36:49.950 2377 2377 I sysui_multi_action: [757,113,758,1,759,113,927,1,928,1,1593,1]
12-08 04:36:49.950 2377 2377 I sysui_multi_action: [757,0,758,1,759,0,927,2,928,0,1593,1]
12-08 04:36:49.950 2377 2377 I sysui_multi_action: [757,0,758,1,759,0,927,3,928,0,1593,1]
12-08 04:36:49.951 2377 2377 I sysui_multi_action: [757,491,758,1,759,491,927,4,928,0,1311,-1,1593,0]
12-08 04:36:49.951 2377 2377 I sysui_multi_action: [757,0,758,1,759,0,927,5,928,0,1593,0]
12-08 04:36:49.951 2377 2377 I sysui_multi_action: [757,111,758,1]
12-08 04:36:49.951 2377 2377 I sysui_multi_action: [757,126,758,1,759,126,927,0,928,1,1593,1]
12-08 04:36:49.951 2377 2377 I sysui_multi_action: [757,113,758,1,759,113,927,1,928,1,1593,1]
12-08 04:36:49.951 2377 2377 I sysui_multi_action: [757,0,758,1,759,0,927,2,928,0,1593,1]
12-08 04:36:49.951 2377 2377 I sysui_multi_action: [757,0,758,1,759,0,927,3,928,0,1593,1]
12-08 04:36:49.960 1518 2319 I GameModeConfig: isGameModeOn = false
12-08 04:36:49.961 1518 2319 I GameModeConfig: isGameModeOn = false
12-08 04:36:49.961 1518 2319 I GameModeConfig: isGameModeOn = false
12-08 04:36:49.961 1518 2319 I GameModeConfig: isGameModeOn = false
12-08 04:36:49.961 1518 2319 I GameModeConfig: isGameModeOn = false
12-08 04:36:49.962 2377 2377 I sysui_multi_action: [757,111,758,2]
12-08 04:36:49.962 2377 2377 I sysui_multi_action: [757,111,758,2]
12-08 04:36:49.962 1518 1518 I notification_enqueue: [10082,2377,com.android.systemui,2048,NULL,0,Notification(channel=updateNotification shortcut=null contentView=null vibrate=null sound=null defaults=0x0 flags=0x0 color=0x00000000 vis=PRIVATE),1]
12-08 04:36:49.966 2377 2377 I sysui_multi_action: [757,111,758,1]
12-08 04:36:49.966 2377 2377 I sysui_multi_action: [757,126,758,1,759,126,927,0,928,1,1593,1]
12-08 04:36:49.966 2377 2377 I sysui_multi_action: [757,113,758,1,759,113,927,1,928,1,1593,1]
12-08 04:36:49.966 2377 2377 I sysui_multi_action: [757,0,758,1,759,0,927,2,928,0,1593,1]
12-08 04:36:49.966 2377 2377 I sysui_multi_action: [757,0,758,1,759,0,927,3,928,0,1593,1]
12-08 04:36:49.966 2377 2377 I sysui_multi_action: [757,491,758,1,759,491,927,4,928,0,1311,-1,1593,0]
12-08 04:36:49.966 2377 2377 I sysui_multi_action: [757,0,758,1,759,0,927,5,928,0,1593,0]
12-08 04:36:49.966 2377 2377 I sysui_multi_action: [757,111,758,1]
12-08 04:36:49.967 2377 2377 I sysui_multi_action: [757,126,758,1,759,126,927,0,928,1,1593,1]
12-08 04:36:49.967 2377 2377 I sysui_multi_action: [757,113,758,1,759,113,927,1,928,1,1593,1]
12-08 04:36:49.967 2377 2377 I sysui_multi_action: [757,0,758,1,759,0,927,2,928,0,1593,1]
12-08 04:36:49.967 2377 2377 I sysui_multi_action: [757,0,758,1,759,0,927,3,928,0,1593,1]
12-08 04:36:49.977 1518 2319 I GameModeConfig: isGameModeOn = false
12-08 04:36:49.977 1518 2319 I GameModeConfig: isGameModeOn = false
12-08 04:36:49.978 1518 2319 I GameModeConfig: isGameModeOn = false
12-08 04:36:49.978 1518 2319 I GameModeConfig: isGameModeOn = false
12-08 04:36:49.978 1518 2319 I GameModeConfig: isGameModeOn = false
12-08 04:36:49.978 2377 2377 I sysui_multi_action: [757,111,758,2]
12-08 04:36:49.978 2377 2377 I sysui_multi_action: [757,111,758,2]
12-08 04:36:49.978 1518 1518 I notification_enqueue: [10082,2377,com.android.systemui,2048,NULL,0,Notification(channel=updateNotification shortcut=null contentView=null vibrate=null sound=null defaults=0x0 flags=0x0 color=0x00000000 vis=PRIVATE),1]
12-08 04:36:49.981 2377 2377 I sysui_multi_action: [757,111,758,1]
12-08 04:36:49.982 2377 2377 I sysui_multi_action: [757,126,758,1,759,126,927,0,928,1,1593,1]
12-08 04:36:49.982 2377 2377 I sysui_multi_action: [757,113,758,1,759,113,927,1,928,1,1593,1]
12-08 04:36:49.982 2377 2377 I sysui_multi_action: [757,0,758,1,759,0,927,2,928,0,1593,1]
12-08 04:36:49.982 2377 2377 I sysui_multi_action: [757,0,758,1,759,0,927,3,928,0,1593,1]
12-08 04:36:49.982 2377 2377 I sysui_multi_action: [757,491,758,1,759,491,927,4,928,0,1311,-1,1593,0]
12-08 04:36:49.982 2377 2377 I sysui_multi_action: [757,0,758,1,759,0,927,5,928,0,1593,0]
12-08 04:36:49.982 2377 2377 I sysui_multi_action: [757,111,758,1]
12-08 04:36:49.982 2377 2377 I sysui_multi_action: [757,126,758,1,759,126,927,0,928,1,1593,1]
12-08 04:36:49.982 2377 2377 I sysui_multi_action: [757,113,758,1,759,113,927,1,928,1,1593,1]
12-08 04:36:49.982 2377 2377 I sysui_multi_action: [757,0,758,1,759,0,927,2,928,0,1593,1]
12-08 04:36:49.982 2377 2377 I sysui_multi_action: [757,0,758,1,759,0,927,3,928,0,1593,1]
12-08 04:36:49.994 1518 2319 I GameModeConfig: isGameModeOn = false
12-08 04:36:49.994 1518 2319 I GameModeConfig: isGameModeOn = false
12-08 04:36:49.994 1518 2319 I GameModeConfig: isGameModeOn = false
12-08 04:36:49.994 1518 2319 I GameModeConfig: isGameModeOn = false
12-08 04:36:49.994 1518 2319 I GameModeConfig: isGameModeOn = false
12-08 04:36:49.995 2377 2377 I sysui_multi_action: [757,111,758,2]
12-08 04:36:49.995 2377 2377 I sysui_multi_action: [757,111,758,2]
12-08 04:36:49.995 1518 1518 I notification_enqueue: [10082,2377,com.android.systemui,2048,NULL,0,Notification(channel=updateNotification shortcut=null contentView=null vibrate=null sound=null defaults=0x0 flags=0x0 color=0x00000000 vis=PRIVATE),1]
12-08 04:36:49.998 2377 2377 I sysui_multi_action: [757,111,758,1]
12-08 04:36:49.998 2377 2377 I sysui_multi_action: [757,126,758,1,759,126,927,0,928,1,1593,1]
12-08 04:36:49.998 2377 2377 I sysui_multi_action: [757,113,758,1,759,113,927,1,928,1,1593,1]
12-08 04:36:49.998 2377 2377 I sysui_multi_action: [757,0,758,1,759,0,927,2,928,0,1593,1]
12-08 04:36:49.998 2377 2377 I sysui_multi_action: [757,0,758,1,759,0,927,3,928,0,1593,1]
12-08 04:36:49.998 2377 2377 I sysui_multi_action: [757,491,758,1,759,491,927,4,928,0,1311,-1,1593,0]
12-08 04:36:49.998 2377 2377 I sysui_multi_action: [757,0,758,1,759,0,927,5,928,0,1593,0]
12-08 04:36:49.998 2377 2377 I sysui_multi_action: [757,111,758,1]
12-08 04:36:49.998 2377 2377 I sysui_multi_action: [757,126,758,1,759,126,927,0,928,1,1593,1]
12-08 04:36:49.998 2377 2377 I sysui_multi_action: [757,113,758,1,759,113,927,1,928,1,1593,1]
12-08 04:36:49.998 2377 2377 I sysui_multi_action: [757,0,758,1,759,0,927,2,928,0,1593,1]
12-08 04:36:49.998 2377 2377 I sysui_multi_action: [757,0,758,1,759,0,927,3,928,0,1593,1]
12-08 04:36:50.010 1518 2319 I GameModeConfig: isGameModeOn = false
12-08 04:36:50.011 1518 2319 I GameModeConfig: isGameModeOn = false
12-08 04:36:50.011 1518 2319 I GameModeConfig: isGameModeOn = false
12-08 04:36:50.011 1518 2319 I GameModeConfig: isGameModeOn = false
12-08 04:36:50.011 1518 2319 I GameModeConfig: isGameModeOn = false
12-08 04:36:50.012 1518 1518 I notification_enqueue: [10082,2377,com.android.systemui,2048,NULL,0,Notification(channel=updateNotification shortcut=null contentView=null vibrate=null sound=null defaults=0x0 flags=0x0 color=0x00000000 vis=PRIVATE),1]
12-08 04:36:50.012 2377 2377 I sysui_multi_action: [757,111,758,2]
12-08 04:36:50.013 2377 2377 I sysui_multi_action: [757,111,758,2]
12-08 04:36:50.015 2377 2377 I sysui_multi_action: [757,111,758,1]
12-08 04:36:50.016 2377 2377 I sysui_multi_action: [757,126,758,1,759,126,927,0,928,1,1593,0]
12-08 04:36:50.016 2377 2377 I sysui_multi_action: [757,113,758,1,759,113,927,1,928,1,1593,0]
12-08 04:36:50.016 2377 2377 I sysui_multi_action: [757,0,758,1,759,0,927,2,928,0,1593,0]
12-08 04:36:50.016 2377 2377 I sysui_multi_action: [757,0,758,1,759,0,927,3,928,0,1593,0]
12-08 04:36:50.016 2377 2377 I sysui_multi_action: [757,491,758,1,759,491,927,4,928,0,1311,-1,1593,0]
12-08 04:36:50.016 2377 2377 I sysui_multi_action: [757,0,758,1,759,0,927,5,928,0,1593,0]
12-08 04:36:50.016 2377 2377 I sysui_multi_action: [757,111,758,1]
12-08 04:36:50.016 2377 2377 I sysui_multi_action: [757,126,758,1,759,126,927,0,928,1,1593,0]
12-08 04:36:50.016 2377 2377 I sysui_multi_action: [757,113,758,1,759,113,927,1,928,1,1593,0]
12-08 04:36:50.016 2377 2377 I sysui_multi_action: [757,0,758,1,759,0,927,2,928,0,1593,0]
12-08 04:36:50.016 2377 2377 I sysui_multi_action: [757,0,758,1,759,0,927,3,928,0,1593,0]
12-08 04:36:50.019 1518 1518 I GameModeConfig: isGameModeOn = false
12-08 04:36:50.019 1518 1518 I sysui_multi_action: [757,1501,758,1,793,994916,794,0,795,205,796,2048,806,com.android.systemui,857,updateNotification,858,3,947,0,1500,0,1688,1]
12-08 04:36:50.020 1518 1518 I sysui_multi_action: [757,804,799,note_interruptive,801,0,802,1]
12-08 04:36:50.020 1518 1518 I sysui_multi_action: [757,199,758,1,759,2,793,994917,794,0,795,206,796,2048,806,com.android.systemui,857,updateNotification,858,3,947,0,1500,1,1688,1]
12-08 04:36:50.020 1518 1518 I notification_alert: [0|com.android.systemui|2048|null|10082,0,1,0]
12-08 04:36:50.021 1518 1518 W NotificationHistory: Attempted to add notif for locked/gone/disabled user 0
12-08 04:36:50.027 1518 2319 I GameModeConfig: isGameModeOn = false
12-08 04:36:50.028 1518 2319 I GameModeConfig: isGameModeOn = false
12-08 04:36:50.028 1518 2319 I GameModeConfig: isGameModeOn = false
12-08 04:36:50.028 1518 2319 I GameModeConfig: isGameModeOn = false
12-08 04:36:50.028 1518 2319 I GameModeConfig: isGameModeOn = false
12-08 04:36:50.029 2377 2377 I sysui_multi_action: [757,111,758,2]
12-08 04:36:50.029 2377 2377 I sysui_multi_action: [757,111,758,2]
12-08 04:36:50.029 1518 1518 I notification_enqueue: [10082,2377,com.android.systemui,2048,NULL,0,Notification(channel=updateNotification shortcut=null contentView=null vibrate=null sound=null defaults=0x0 flags=0x0 color=0x00000000 vis=PRIVATE),1]
12-08 04:36:50.031 1518 1518 I GameModeConfig: isGameModeOn = false
12-08 04:36:50.031 1518 1518 E NotificationService: Muting recently noisy 0|com.android.systemui|2048|null|10082
12-08 04:36:50.031 2377 2377 I sysui_multi_action: [757,111,758,1]
12-08 04:36:50.031 2377 2377 I sysui_multi_action: [757,126,758,1,759,126,927,0,928,1,1593,0]
12-08 04:36:50.032 2377 2377 I sysui_multi_action: [757,113,758,1,759,113,927,1,928,1,1593,0]
12-08 04:36:50.032 2377 2377 I sysui_multi_action: [757,0,758,1,759,0,927,2,928,0,1593,0]
12-08 04:36:50.032 2377 2377 I sysui_multi_action: [757,0,758,1,759,0,927,3,928,0,1593,1]
12-08 04:36:50.032 2377 2377 I sysui_multi_action: [757,491,758,1,759,491,927,4,928,0,1311,-1,1593,0]
12-08 04:36:50.032 2377 2377 I sysui_multi_action: [757,0,758,1,759,0,927,5,928,0,1593,0]
12-08 04:36:50.032 2377 2377 I sysui_multi_action: [757,111,758,1]
12-08 04:36:50.032 2377 2377 I sysui_multi_action: [757,126,758,1,759,126,927,0,928,1,1593,1]
12-08 04:36:50.032 2377 2377 I sysui_multi_action: [757,113,758,1,759,113,927,1,928,1,1593,1]
12-08 04:36:50.032 2377 2377 I sysui_multi_action: [757,0,758,1,759,0,927,2,928,0,1593,1]
12-08 04:36:50.032 2377 2377 I sysui_multi_action: [757,0,758,1,759,0,927,3,928,0,1593,1]
12-08 04:36:50.045 1518 2319 I GameModeConfig: isGameModeOn = false
12-08 04:36:50.045 1518 2319 I GameModeConfig: isGameModeOn = false
12-08 04:36:50.045 1518 2319 I GameModeConfig: isGameModeOn = false
12-08 04:36:50.045 2377 2377 I sysui_multi_action: [757,111,758,2]
12-08 04:36:50.045 1518 2319 I GameModeConfig: isGameModeOn = false
12-08 04:36:50.045 2377 2377 I sysui_multi_action: [757,111,758,2]
12-08 04:36:50.045 1518 2319 I GameModeConfig: isGameModeOn = false
12-08 04:36:50.046 1518 1518 I notification_enqueue: [10082,2377,com.android.systemui,2048,NULL,0,Notification(channel=updateNotification shortcut=null contentView=null vibrate=null sound=null defaults=0x0 flags=0x0 color=0x00000000 vis=PRIVATE),1]
12-08 04:36:50.048 1518 1518 I GameModeConfig: isGameModeOn = false
12-08 04:36:50.048 2377 2377 I sysui_multi_action: [757,111,758,1]
12-08 04:36:50.049 1518 1518 E NotificationService: Muting recently noisy 0|com.android.systemui|2048|null|10082
12-08 04:36:50.049 2377 2377 I sysui_multi_action: [757,126,758,1,759,126,927,0,928,1,1593,1]
12-08 04:36:50.049 2377 2377 I sysui_multi_action: [757,113,758,1,759,113,927,1,928,1,1593,1]
12-08 04:36:50.049 2377 2377 I sysui_multi_action: [757,0,758,1,759,0,927,2,928,0,1593,1]
12-08 04:36:50.049 2377 2377 I sysui_multi_action: [757,0,758,1,759,0,927,3,928,0,1593,1]
12-08 04:36:50.049 2377 2377 I sysui_multi_action: [757,491,758,1,759,491,927,4,928,0,1311,-1,1593,0]
12-08 04:36:50.049 2377 2377 I sysui_multi_action: [757,0,758,1,759,0,927,5,928,0,1593,0]
12-08 04:36:50.049 2377 2377 I sysui_multi_action: [757,111,758,1]
12-08 04:36:50.049 2377 2377 I sysui_multi_action: [757,126,758,1,759,126,927,0,928,1,1593,1]
12-08 04:36:50.049 2377 2377 I sysui_multi_action: [757,113,758,1,759,113,927,1,928,1,1593,1]
12-08 04:36:50.049 2377 2377 I sysui_multi_action: [757,0,758,1,759,0,927,2,928,0,1593,1]
12-08 04:36:50.049 2377 2377 I sysui_multi_action: [757,0,758,1,759,0,927,3,928,0,1593,1]
12-08 04:36:50.059 1518 6026 I sysui_multi_action: [757,128,758,2,793,1001458,794,2532,795,1001458,796,26,798,0,806,android,857,DEVELOPER_IMPORTANT,858,4,947,0,1395,3,1500,1001251,1688,1]
12-08 04:36:50.059 1518 6026 I notification_visibility: [-1|android|26|null|1000,0,1001458,1001458,0,0]
12-08 04:36:50.059 1518 6026 I sysui_multi_action: [757,128,758,2,793,322083,794,2531,795,322083,796,4273,798,1,806,com.android.systemui,857,screen_record,858,3,947,0,1395,3,1500,321881,1688,1,1745,680407814]
12-08 04:36:50.059 1518 6026 I notification_visibility: [0|com.android.systemui|4273|null|10082,0,322083,322083,0,1]
12-08 04:36:50.059 1518 6026 I sysui_multi_action: [757,128,758,2,793,1183166,794,2531,795,1183166,796,32,798,2,806,android,857,USB,858,1,947,0,1395,3,1500,1183004,1688,1]
12-08 04:36:50.059 1518 6026 I notification_visibility: [-1|android|32|null|1000,0,1183166,1183166,0,2]
12-08 04:36:50.062 1518 2319 I GameModeConfig: isGameModeOn = false
12-08 04:36:50.062 1518 2319 I GameModeConfig: isGameModeOn = false
12-08 04:36:50.062 1518 2319 I GameModeConfig: isGameModeOn = false
12-08 04:36:50.062 1518 2319 I GameModeConfig: isGameModeOn = false
12-08 04:36:50.062 1518 2319 I GameModeConfig: isGameModeOn = false
12-08 04:36:50.063 2377 2377 I sysui_multi_action: [757,111,758,2]
12-08 04:36:50.063 2377 2377 I sysui_multi_action: [757,111,758,2]
12-08 04:36:50.063 1518 1518 I notification_enqueue: [10082,2377,com.android.systemui,2048,NULL,0,Notification(channel=updateNotification shortcut=null contentView=null vibrate=null sound=null defaults=0x0 flags=0x0 color=0x00000000 vis=PRIVATE),1]
12-08 04:36:50.068 1518 1518 I GameModeConfig: isGameModeOn = false
12-08 04:36:50.069 1518 1518 E NotificationService: Muting recently noisy 0|com.android.systemui|2048|null|10082
12-08 04:36:50.074 2377 2377 I sysui_multi_action: [757,111,758,1]
12-08 04:36:50.074 2377 2377 I sysui_multi_action: [757,126,758,1,759,126,927,0,928,1,1593,1]
12-08 04:36:50.074 2377 2377 I sysui_multi_action: [757,113,758,1,759,113,927,1,928,1,1593,1]
12-08 04:36:50.074 2377 2377 I sysui_multi_action: [757,0,758,1,759,0,927,2,928,0,1593,1]
12-08 04:36:50.074 2377 2377 I sysui_multi_action: [757,0,758,1,759,0,927,3,928,0,1593,1]
12-08 04:36:50.074 2377 2377 I sysui_multi_action: [757,491,758,1,759,491,927,4,928,0,1311,-1,1593,0]
12-08 04:36:50.075 2377 2377 I sysui_multi_action: [757,0,758,1,759,0,927,5,928,0,1593,0]
12-08 04:36:50.075 2377 2377 I sysui_multi_action: [757,111,758,1]
12-08 04:36:50.075 2377 2377 I sysui_multi_action: [757,126,758,1,759,126,927,0,928,1,1593,1]
12-08 04:36:50.075 2377 2377 I sysui_multi_action: [757,113,758,1,759,113,927,1,928,1,1593,1]
12-08 04:36:50.075 2377 2377 I sysui_multi_action: [757,0,758,1,759,0,927,2,928,0,1593,1]
12-08 04:36:50.075 2377 2377 I sysui_multi_action: [757,0,758,1,759,0,927,3,928,0,1593,1]
12-08 04:36:50.082 1518 2319 I GameModeConfig: isGameModeOn = false
12-08 04:36:50.082 1518 2319 I GameModeConfig: isGameModeOn = false
12-08 04:36:50.083 1518 2319 I GameModeConfig: isGameModeOn = false
12-08 04:36:50.083 1518 2319 I GameModeConfig: isGameModeOn = false
12-08 04:36:50.083 1518 2319 I GameModeConfig: isGameModeOn = false
12-08 04:36:50.083 2377 2377 I sysui_multi_action: [757,111,758,2]
12-08 04:36:50.083 1518 1518 I notification_enqueue: [10082,2377,com.android.systemui,2048,NULL,0,Notification(channel=updateNotification shortcut=null contentView=null vibrate=null sound=null defaults=0x0 flags=0x0 color=0x00000000 vis=PRIVATE),1]
12-08 04:36:50.083 2377 2377 I sysui_multi_action: [757,111,758,2]
12-08 04:36:50.085 1518 3327 I sysui_multi_action: [757,127,758,2]
12-08 04:36:50.085 1518 3327 I notification_panel_hidden:
12-08 04:36:50.092 1518 1518 I GameModeConfig: isGameModeOn = false
12-08 04:36:50.092 1518 1518 E NotificationService: Muting recently noisy 0|com.android.systemui|2048|null|10082
12-08 04:36:50.093 2377 2377 I sysui_multi_action: [757,111,758,1]
12-08 04:36:50.093 2377 2377 I sysui_multi_action: [757,126,758,1,759,126,927,0,928,1,1593,1]
12-08 04:36:50.093 2377 2377 I sysui_multi_action: [757,113,758,1,759,113,927,1,928,1,1593,1]
12-08 04:36:50.093 2377 2377 I sysui_multi_action: [757,0,758,1,759,0,927,2,928,0,1593,1]
12-08 04:36:50.093 2377 2377 I sysui_multi_action: [757,0,758,1,759,0,927,3,928,0,1593,1]
12-08 04:36:50.093 2377 2377 I sysui_multi_action: [757,491,758,1,759,491,927,4,928,0,1311,-1,1593,0]
12-08 04:36:50.093 2377 2377 I sysui_multi_action: [757,0,758,1,759,0,927,5,928,0,1593,0]
12-08 04:36:50.093 2377 2377 I sysui_multi_action: [757,111,758,1]
12-08 04:36:50.093 2377 2377 I sysui_multi_action: [757,126,758,1,759,126,927,0,928,1,1593,1]
12-08 04:36:50.093 2377 2377 I sysui_multi_action: [757,113,758,1,759,113,927,1,928,1,1593,1]
12-08 04:36:50.093 2377 2377 I sysui_multi_action: [757,0,758,1,759,0,927,2,928,0,1593,1]
12-08 04:36:50.093 2377 2377 I sysui_multi_action: [757,0,758,1,759,0,927,3,928,0,1593,1]
12-08 04:36:50.101 1518 1518 I GameModeConfig: isGameModeOn = false
12-08 04:36:50.101 1518 1518 E NotificationService: Muting recently noisy 0|com.android.systemui|2048|null|10082
12-08 04:36:50.113 1518 1518 I GameModeConfig: isGameModeOn = false
12-08 04:36:50.114 1518 1518 E NotificationService: Muting recently noisy 0|com.android.systemui|2048|null|10082
12-08 04:36:50.131 1518 1518 I GameModeConfig: isGameModeOn = false
12-08 04:36:50.131 1518 1518 E NotificationService: Muting recently noisy 0|com.android.systemui|2048|null|10082
12-08 04:36:50.149 1518 1518 I GameModeConfig: isGameModeOn = false
12-08 04:36:50.150 1518 1518 E NotificationService: Muting recently noisy 0|com.android.systemui|2048|null|10082
12-08 04:36:50.164 1518 1518 I GameModeConfig: isGameModeOn = false
12-08 04:36:50.164 1518 1518 E NotificationService: Muting recently noisy 0|com.android.systemui|2048|null|10082
12-08 04:36:50.182 1518 1518 I GameModeConfig: isGameModeOn = false
12-08 04:36:50.182 1518 1518 E NotificationService: Muting recently noisy 0|com.android.systemui|2048|null|10082
12-08 04:36:50.199 1518 1518 I GameModeConfig: isGameModeOn = false
12-08 04:36:50.199 1518 1518 E NotificationService: Muting recently noisy 0|com.android.systemui|2048|null|10082
12-08 04:36:50.214 1518 1518 I GameModeConfig: isGameModeOn = false
12-08 04:36:50.215 1518 1518 E NotificationService: Muting recently noisy 0|com.android.systemui|2048|null|10082
12-08 04:36:50.224 1518 2319 I GameModeConfig: isGameModeOn = false
12-08 04:36:50.230 1518 1518 I GameModeConfig: isGameModeOn = false
12-08 04:36:50.230 1518 1518 E NotificationService: Muting recently noisy 0|com.android.systemui|2048|null|10082
12-08 04:36:50.247 1518 1518 I GameModeConfig: isGameModeOn = false
12-08 04:36:50.247 1518 1518 E NotificationService: Muting recently noisy 0|com.android.systemui|2048|null|10082
12-08 04:36:50.252 1518 2319 I GameModeConfig: isGameModeOn = false
12-08 04:36:50.270 1518 1518 I GameModeConfig: isGameModeOn = false
12-08 04:36:50.271 1518 1518 E NotificationService: Muting recently noisy 0|com.android.systemui|2048|null|10082
12-08 04:36:50.273 1518 2319 I GameModeConfig: isGameModeOn = false
12-08 04:36:50.285 1518 1518 I GameModeConfig: isGameModeOn = false
12-08 04:36:50.286 1518 1518 E NotificationService: Muting recently noisy 0|com.android.systemui|2048|null|10082
12-08 04:36:50.292 1518 2319 I GameModeConfig: isGameModeOn = false
12-08 04:36:50.301 1518 2319 I GameModeConfig: isGameModeOn = false
12-08 04:36:51.011 1518 2002 I input_interaction: Interaction with: e40fa91 com.android.gallery3d/com.android.gallery3d.filtershow.FilterShowActivity (server), edge-swipe (server), swipe-up (server), PointerEventDispatcher0 (server),
12-08 04:36:52.491 1518 3852 E TaskPersister: File error accessing recents directory (directory doesn't exist?).
12-08 04:36:52.785 1518 2002 I input_interaction: Interaction with: 68496b ScreenshotAnimation (server), edge-swipe (server), swipe-up (server), PointerEventDispatcher0 (server),
12-08 04:36:52.848 6644 6644 I view_enqueue_input_event: [Motion - Cancel,ScreenshotAnimation]
12-08 04:36:52.853 1518 2002 I input_interaction: Interaction with: edge-swipe (server), swipe-up (server), PointerEventDispatcher0 (server),
12-08 04:36:53.085 1518 1635 I sysui_multi_action: [757,803,799,key_back_press,802,1]
12-08 04:36:53.087 1518 2002 I input_interaction: Interaction with: e40fa91 com.android.gallery3d/com.android.gallery3d.filtershow.FilterShowActivity (server), PointerEventDispatcher0 (server),
12-08 04:36:53.136 1518 1646 I input_focus: [Focus request 6382d72 com.android.gallery3d/com.android.gallery3d.filtershow.FilterShowActivity,reason=UpdateInputWindows]
12-08 04:36:53.158 1518 2002 I input_focus: [Focus leaving e40fa91 com.android.gallery3d/com.android.gallery3d.filtershow.FilterShowActivity (server),reason=setFocusedWindow]
12-08 04:36:53.158 1518 2002 I input_focus: [Focus entering 6382d72 com.android.gallery3d/com.android.gallery3d.filtershow.FilterShowActivity (server),reason=setFocusedWindow]
12-08 04:36:54.508 1164 6700 I iorapd : Perfetto TraceBuffer saved to file: /data/misc/iorapd/com.android.gallery3d/40030/com.android.gallery3d.filtershow.FilterShowActivity/raw_traces/1670445414506261312.perfetto_trace.pb
12-08 04:36:55.073 1518 2319 I GameModeConfig: isGameModeOn = false
12-08 04:36:55.076 1518 2319 I GameModeConfig: isGameModeOn = false
12-08 04:36:55.093 1518 2319 I GameModeConfig: isGameModeOn = false
12-08 04:36:55.106 1518 2319 I GameModeConfig: isGameModeOn = false
12-08 04:36:55.118 1518 2319 I GameModeConfig: isGameModeOn = false
12-08 04:36:55.133 1518 2319 I GameModeConfig: isGameModeOn = false
12-08 04:36:55.150 1518 2319 I GameModeConfig: isGameModeOn = false
12-08 04:36:55.165 1518 2319 I GameModeConfig: isGameModeOn = false
12-08 04:36:55.182 1518 2319 I GameModeConfig: isGameModeOn = false
12-08 04:36:55.200 1518 2319 I GameModeConfig: isGameModeOn = false
12-08 04:36:55.217 1518 2319 I GameModeConfig: isGameModeOn = false
12-08 04:36:55.232 1518 2319 I GameModeConfig: isGameModeOn = false
12-08 04:36:55.249 1518 2319 I GameModeConfig: isGameModeOn = false
12-08 04:36:55.252 1518 2319 I GameModeConfig: isGameModeOn = false
12-08 04:36:55.266 1518 2319 I GameModeConfig: isGameModeOn = false
12-08 04:36:55.274 1518 2319 I GameModeConfig: isGameModeOn = false
12-08 04:36:55.282 1518 2319 I GameModeConfig: isGameModeOn = false
12-08 04:36:55.294 1518 2319 I GameModeConfig: isGameModeOn = false
12-08 04:36:55.299 1518 2319 I GameModeConfig: isGameModeOn = false
12-08 04:36:55.307 1518 2319 I GameModeConfig: isGameModeOn = false
12-08 04:36:55.319 1518 2319 I GameModeConfig: isGameModeOn = false
12-08 04:36:55.319 1518 2319 I GameModeConfig: isGameModeOn = false
12-08 04:36:55.337 1518 2319 I GameModeConfig: isGameModeOn = false
12-08 04:36:55.352 1518 2319 I GameModeConfig: isGameModeOn = false
12-08 04:36:55.370 1518 2319 I GameModeConfig: isGameModeOn = false
12-08 04:36:55.385 1518 2319 I GameModeConfig: isGameModeOn = false
12-08 04:36:55.403 1518 2319 I GameModeConfig: isGameModeOn = false
12-08 04:36:55.421 1518 2319 I GameModeConfig: isGameModeOn = false
12-08 04:36:55.436 1518 2319 I GameModeConfig: isGameModeOn = false
12-08 04:36:55.454 1518 2319 I GameModeConfig: isGameModeOn = false
12-08 04:36:55.469 1518 2319 I GameModeConfig: isGameModeOn = false
12-08 04:36:55.486 1518 2319 I GameModeConfig: isGameModeOn = false
12-08 04:36:55.501 1518 2319 I GameModeConfig: isGameModeOn = false
12-08 04:36:55.532 1518 2319 I GameModeConfig: isGameModeOn = false
12-08 04:36:55.689 1518 2002 I input_interaction: Interaction with: 6382d72 com.android.gallery3d/com.android.gallery3d.filtershow.FilterShowActivity (server), edge-swipe (server), swipe-up (server), PointerEventDispatcher0 (server),
12-08 04:36:55.870 1518 1646 I input_focus: [Focus request 3ed3ae9 com.android.gallery3d/com.android.gallery3d.filtershow.FilterShowActivity,reason=UpdateInputWindows]
12-08 04:36:55.878 1518 1518 I notification_cancel_all: [10065,6704,com.android.gallery3d,0,0,64,9,NULL]
12-08 04:36:55.878 1518 1635 I sysui_multi_action: [757,856,758,1,806,com.android.gallery3d,857,save_image,858,0]
12-08 04:36:55.882 1518 1635 I ActivityManager: Deferring FGS notification in legacy app com.android.gallery3d/u0a65 : Notification(channel=save_image shortcut=null contentView=null vibrate=null sound=null defaults=0x0 flags=0x40 color=0x00000000 vis=PRIVATE)
12-08 04:36:55.897 1518 2002 I input_focus: [Focus entering 3ed3ae9 com.android.gallery3d/com.android.gallery3d.filtershow.FilterShowActivity (server),reason=setFocusedWindow]
12-08 04:36:55.932 1518 2376 D CompatibilityChangeReporter: Compat change id reported: 172100307; UID 10065; state: DISABLED
12-08 04:36:55.932 1518 2376 D CompatibilityChangeReporter: Compat change id reported: 180326732; UID 10065; state: DISABLED
12-08 04:36:56.134 1518 2376 I wm_finish_activity: [0,93800115,23,com.android.gallery3d/.filtershow.FilterShowActivity,app-request]
12-08 04:36:56.134 1518 2376 I wm_task_moved: [1,1,6]
12-08 04:36:56.135 1518 2376 I wm_task_moved: [10,1,2147483647]
12-08 04:36:56.135 1518 2376 I wm_task_to_front: [0,10]
12-08 04:36:56.135 1518 2376 I wm_focused_root_task: [0,0,1,23,finish-top adjustFocusToNextFocusableTask]
12-08 04:36:56.136 1518 2376 I wm_set_resumed_activity: [0,com.android.launcher3/.uioverrides.QuickstepLauncher,finish-top adjustFocusToNextFocusableTask]
12-08 04:36:56.145 1518 1644 I commit_sys_config_file: [notification-policy,1191037]
12-08 04:36:56.150 1518 2376 I wm_pause_activity: [0,93800115,com.android.gallery3d/.filtershow.FilterShowActivity,userLeaving=false,finish]
12-08 04:36:56.154 6704 6704 I wm_on_top_resumed_lost_called: [93800115,com.android.gallery3d.filtershow.FilterShowActivity,topStateChangedWhenResumed]
12-08 04:36:56.156 6704 6704 I wm_on_paused_called: [93800115,com.android.gallery3d.filtershow.FilterShowActivity,performPause]
12-08 04:36:56.159 1518 2376 I wm_add_to_stopping: [0,93800115,com.android.gallery3d/.filtershow.FilterShowActivity,completeFinishing]
12-08 04:36:56.160 1518 2376 I ActivityTaskManager: FOREGROUND_APPLICATION_CHANGED to com.android.launcher3.uioverrides.QuickstepLauncher
12-08 04:36:56.161 1518 2376 I wm_set_resumed_activity: [0,com.android.launcher3/.uioverrides.QuickstepLauncher,resumeTopActivityInnerLocked]
12-08 04:36:56.163 1518 2376 I wm_resume_activity: [0,73204664,10,com.android.launcher3/.uioverrides.QuickstepLauncher]
12-08 04:36:56.174 1518 1645 I sysui_multi_action: [757,803,799,window_time_0,802,7]
12-08 04:36:56.181 2824 2824 I wm_on_restart_called: [73204664,com.android.launcher3.uioverrides.QuickstepLauncher,performRestartActivity]
12-08 04:36:56.182 2824 2824 I wm_on_start_called: [73204664,com.android.launcher3.uioverrides.QuickstepLauncher,handleStartActivity]
12-08 04:36:56.183 2824 2824 I wm_on_resume_called: [73204664,com.android.launcher3.uioverrides.QuickstepLauncher,RESUME_ACTIVITY]
12-08 04:36:56.183 2824 2824 I wm_on_top_resumed_gained_called: [73204664,com.android.launcher3.uioverrides.QuickstepLauncher,topWhenResuming]
12-08 04:36:56.197 4314 4334 W ContextImpl: Calling a method in the system process without a qualified user: android.app.ContextImpl.startService:1816 android.content.ContextWrapper.startService:774 com.thundercomm.gamemode.ingame.services.GameModeActionUtils.startGameModeService:93 com.thundercomm.gamemode.ingame.services.GameModeActionUtils.startGameModeEntry:21 com.thundercomm.gamemode.ingame.services.ActivityMonitoringService$1.onActivityLaunch:127
12-08 04:36:56.199 1518 1646 I input_focus: [Focus request 87852de com.android.launcher3/com.android.launcher3.uioverrides.QuickstepLauncher,reason=UpdateInputWindows]
12-08 04:36:56.207 1518 1518 I GameModeConfig: Current uri is uri = content://com.thundercomm.gamemode.api/gamemode_settings/gamemode_isgaming
12-08 04:36:56.212 1518 1518 I GameModeConfig: isGameModeOn = false
12-08 04:36:56.213 1518 1518 I GameModeConfig: isGameModeOn = false
12-08 04:36:56.213 1518 1518 I GameModeConfig: isDisableVoice = true
12-08 04:36:56.228 1518 2002 I input_focus: [Focus entering 87852de com.android.launcher3/com.android.launcher3.uioverrides.QuickstepLauncher (server),reason=Window became focusable. Previous reason: NOT_VISIBLE]
12-08 04:36:56.272 4314 4334 W ContextImpl: Calling a method in the system process without a qualified user: android.app.ContextImpl.startService:1816 android.content.ContextWrapper.startService:774 com.thundercomm.gamemode.ingame.services.GameModeActionUtils.startGameModeService:93 com.thundercomm.gamemode.ingame.services.GameModeActionUtils.startGameModeEntry:21 com.thundercomm.gamemode.ingame.services.ActivityMonitoringService$1.onActivityLaunch:127
12-08 04:36:56.276 1518 1518 I GameModeConfig: Current uri is uri = content://com.thundercomm.gamemode.api/gamemode_settings/gamemode_isgaming
12-08 04:36:56.278 1518 1518 I GameModeConfig: isGameModeOn = false
12-08 04:36:56.278 1518 1518 I GameModeConfig: isGameModeOn = false
12-08 04:36:56.278 1518 1518 I GameModeConfig: isDisableVoice = true
12-08 04:36:56.569 1518 1645 I wm_destroy_activity: [0,93800115,23,com.android.gallery3d/.filtershow.FilterShowActivity,finish-imm:idle]
12-08 04:36:56.585 4314 4334 W ContextImpl: Calling a method in the system process without a qualified user: android.app.ContextImpl.startService:1816 android.content.ContextWrapper.startService:774 com.thundercomm.gamemode.ingame.services.GameModeActionUtils.startGameModeService:93 com.thundercomm.gamemode.ingame.services.GameModeActionUtils.startGameModeEntry:21 com.thundercomm.gamemode.ingame.services.ActivityMonitoringService$1.onActivityLaunch:127
12-08 04:36:56.589 6704 6704 I wm_on_stop_called: [93800115,com.android.gallery3d.filtershow.FilterShowActivity,LIFECYCLER_STOP_ACTIVITY]
12-08 04:36:56.592 1518 1518 I GameModeConfig: Current uri is uri = content://com.thundercomm.gamemode.api/gamemode_settings/gamemode_isgaming
12-08 04:36:56.596 1518 1518 I GameModeConfig: isGameModeOn = false
12-08 04:36:56.599 6704 6704 I wm_on_destroy_called: [93800115,com.android.gallery3d.filtershow.FilterShowActivity,performDestroy]
12-08 04:36:56.600 1518 1518 I GameModeConfig: isGameModeOn = false
12-08 04:36:56.600 1518 1518 I GameModeConfig: isDisableVoice = true
12-08 04:36:56.609 1518 3327 I wm_task_removed: [23,removeChild:removeChild last r=ActivityRecord{59746b3 u0 com.android.gallery3d/.filtershow.FilterShowActivity t-1 f}} in t=Task{269aecd #23 type=standard A=10065:com.android.gallery3d U=0 visible=false mode=fullscreen translucent=true sz=0}]
12-08 04:36:56.609 1518 3327 I wm_task_removed: [23,removeChild]
12-08 04:36:56.612 1518 1646 W ActivityTaskManager: Can't find TaskDisplayArea to determine support for multi window. Task id=23 attached=false
12-08 04:36:56.612 1518 1646 W ActivityTaskManager: Can't find TaskDisplayArea to determine support for multi window. Task id=23 attached=false
12-08 04:36:57.003 1518 2319 I GameModeConfig: isGameModeOn = false
12-08 04:36:57.021 1518 2319 I GameModeConfig: isGameModeOn = false
12-08 04:36:57.042 1518 2319 I GameModeConfig: isGameModeOn = false
12-08 04:36:57.203 1518 2319 I GameModeConfig: isGameModeOn = false
12-08 04:36:57.226 1518 2319 I GameModeConfig: isGameModeOn = false
12-08 04:36:57.243 1518 2319 I GameModeConfig: isGameModeOn = false
12-08 04:36:57.608 1518 2002 I input_interaction: Interaction with: 545abb StatusBar (server), edge-swipe (server), swipe-up (server), PointerEventDispatcher0 (server),
12-08 04:36:57.616 2377 2377 I sysui_multi_action: [757,803,799,panel_open,802,1]
12-08 04:36:57.617 2377 2377 I sysui_multi_action: [757,1328,758,4,1326,70,1327,2,1329,0]
12-08 04:36:57.707 1518 3327 I sysui_multi_action: [757,127,758,1]
12-08 04:36:57.707 1518 3327 I sysui_multi_action: [757,804,799,note_load,801,3,802,1]
12-08 04:36:57.707 1518 3327 I notification_panel_revealed: 3
12-08 04:36:57.709 1518 2319 I GameModeConfig: isGameModeOn = false
12-08 04:36:57.710 1518 2319 I GameModeConfig: isGameModeOn = false
12-08 04:36:57.710 1518 2319 I GameModeConfig: isGameModeOn = false
12-08 04:36:57.710 1518 2319 I GameModeConfig: isGameModeOn = false
12-08 04:36:57.710 1518 2319 I GameModeConfig: isGameModeOn = false
12-08 04:36:57.714 1518 1518 I notification_enqueue: [10082,2377,com.android.systemui,2048,NULL,0,Notification(channel=updateNotification shortcut=null contentView=null vibrate=null sound=null defaults=0x0 flags=0x0 color=0x00000000 vis=PRIVATE),1]
12-08 04:36:57.714 2377 2377 I sysui_multi_action: [757,111,758,2]
12-08 04:36:57.715 2377 2377 I sysui_multi_action: [757,111,758,2]
12-08 04:36:57.739 1518 1646 I input_focus: [Focus request 89e55f9 NotificationShade,reason=UpdateInputWindows]
12-08 04:36:57.742 2377 2377 I sysui_multi_action: [757,111,758,1]
12-08 04:36:57.742 2377 2377 I sysui_multi_action: [757,126,758,1,759,126,927,0,928,1,1593,0]
12-08 04:36:57.742 2377 2377 I sysui_multi_action: [757,113,758,1,759,113,927,1,928,1,1593,0]
12-08 04:36:57.742 2377 2377 I sysui_multi_action: [757,0,758,1,759,0,927,2,928,0,1593,0]
12-08 04:36:57.742 2377 2377 I sysui_multi_action: [757,0,758,1,759,0,927,3,928,0,1593,0]
12-08 04:36:57.743 2377 2377 I sysui_multi_action: [757,491,758,1,759,491,927,4,928,0,1311,-1,1593,0]
12-08 04:36:57.743 2377 2377 I sysui_multi_action: [757,0,758,1,759,0,927,5,928,0,1593,0]
12-08 04:36:57.743 2377 2377 I sysui_multi_action: [757,111,758,1]
12-08 04:36:57.744 2377 2377 I sysui_multi_action: [757,126,758,1,759,126,927,0,928,1,1593,0]
12-08 04:36:57.744 2377 2377 I sysui_multi_action: [757,113,758,1,759,113,927,1,928,1,1593,0]
12-08 04:36:57.744 2377 2377 I sysui_multi_action: [757,0,758,1,759,0,927,2,928,0,1593,0]
12-08 04:36:57.744 2377 2377 I sysui_multi_action: [757,0,758,1,759,0,927,3,928,0,1593,0]
12-08 04:36:57.776 1518 2002 I input_focus: [Focus leaving 87852de com.android.launcher3/com.android.launcher3.uioverrides.QuickstepLauncher (server),reason=setFocusedWindow]
12-08 04:36:57.776 1518 2002 I input_focus: [Focus entering 89e55f9 NotificationShade (server),reason=setFocusedWindow]
12-08 04:36:57.918 1518 1518 I GameModeConfig: isGameModeOn = false
12-08 04:36:57.919 1518 1518 I sysui_multi_action: [757,1501,758,1,793,1002816,794,0,795,207,796,2048,806,com.android.systemui,857,updateNotification,858,3,947,0,1500,0,1688,1]
12-08 04:36:57.919 1518 1518 I sysui_multi_action: [757,804,799,note_interruptive,801,0,802,1]
12-08 04:36:57.920 1518 1518 I sysui_multi_action: [757,199,758,1,759,2,793,1002816,794,0,795,207,796,2048,806,com.android.systemui,857,updateNotification,858,3,947,0,1500,0,1688,1]
12-08 04:36:57.920 1518 1518 I notification_alert: [0|com.android.systemui|2048|null|10082,0,1,0]
12-08 04:36:57.921 1518 1518 W NotificationHistory: Attempted to add notif for locked/gone/disabled user 0
12-08 04:36:58.254 1518 5934 I sysui_multi_action: [757,128,758,1,793,1009653,794,0,795,1009653,796,26,798,0,806,android,857,DEVELOPER_IMPORTANT,858,4,947,0,1395,3,1500,1009446,1688,1]
12-08 04:36:58.254 1518 5934 I sysui_multi_action: [757,804,799,note_freshness,801,1009653,802,1]
12-08 04:36:58.254 1518 5934 I notification_visibility: [-1|android|26|null|1000,1,1009653,1009653,0,0]
12-08 04:36:58.255 1518 5934 I sysui_multi_action: [757,128,758,1,793,330278,794,0,795,330278,796,4273,798,1,806,com.android.systemui,857,screen_record,858,3,947,0,1395,3,1500,330076,1688,1,1745,680407814]
12-08 04:36:58.255 1518 5934 I sysui_multi_action: [757,804,799,note_freshness,801,330278,802,1]
12-08 04:36:58.255 1518 5934 I notification_visibility: [0|com.android.systemui|4273|null|10082,1,330278,330278,0,1]
12-08 04:36:58.255 1518 5934 I sysui_multi_action: [757,128,758,1,793,1191362,794,0,795,1191362,796,32,798,2,806,android,857,USB,858,1,947,0,1395,3,1500,1191200,1688,1]
12-08 04:36:58.255 1518 5934 I sysui_multi_action: [757,804,799,note_freshness,801,1191362,802,1]
12-08 04:36:58.255 1518 5934 I notification_visibility: [-1|android|32|null|1000,1,1191362,1191362,0,2]
12-08 04:36:58.859 1518 1653 I UsageStatsService: User[0] Flushing usage stats to disk
12-08 04:36:59.232 1518 2002 I input_interaction: Interaction with: 89e55f9 NotificationShade (server), edge-swipe (server), swipe-up (server), PointerEventDispatcher0 (server),
12-08 04:36:59.620 1518 3852 E TaskPersister: File error accessing recents directory (directory doesn't exist?).
12-08 04:36:59.760 1518 5934 I sysui_multi_action: [757,128,758,2,793,1011159,794,1506,795,1011159,796,26,798,0,806,android,857,DEVELOPER_IMPORTANT,858,4,947,0,1395,3,1500,1010952,1688,1]
12-08 04:36:59.761 1518 5934 I notification_visibility: [-1|android|26|null|1000,0,1011159,1011159,0,0]
12-08 04:36:59.761 1518 5934 I sysui_multi_action: [757,128,758,2,793,331785,794,1507,795,331785,796,4273,798,1,806,com.android.systemui,857,screen_record,858,3,947,0,1395,3,1500,331583,1688,1,1745,680407814]
12-08 04:36:59.761 1518 5934 I notification_visibility: [0|com.android.systemui|4273|null|10082,0,331785,331785,0,1]
12-08 04:36:59.761 1518 5934 I sysui_multi_action: [757,128,758,2,793,1192868,794,1506,795,1192868,796,32,798,2,806,android,857,USB,858,1,947,0,1395,3,1500,1192706,1688,1]
12-08 04:36:59.761 1518 5934 I notification_visibility: [-1|android|32|null|1000,0,1192868,1192868,0,2]
12-08 04:36:59.817 1518 2319 I GameModeConfig: isGameModeOn = false
12-08 04:36:59.828 1518 2319 I GameModeConfig: isGameModeOn = false
12-08 04:36:59.844 1518 2319 I GameModeConfig: isGameModeOn = false
12-08 04:36:59.871 1518 2319 I GameModeConfig: isGameModeOn = false
12-08 04:36:59.879 1518 2319 I GameModeConfig: isGameModeOn = false
12-08 04:36:59.899 1518 2319 I GameModeConfig: isGameModeOn = false
12-08 04:36:59.915 1518 2319 I GameModeConfig: isGameModeOn = false
12-08 04:36:59.927 1518 2319 I GameModeConfig: isGameModeOn = false
12-08 04:36:59.946 1518 2319 I GameModeConfig: isGameModeOn = false
12-08 04:36:59.960 1518 2319 I GameModeConfig: isGameModeOn = false
12-08 04:36:59.979 1518 2319 I GameModeConfig: isGameModeOn = false
12-08 04:36:59.995 1518 2319 I GameModeConfig: isGameModeOn = false
12-08 04:37:00.010 1518 2319 I GameModeConfig: isGameModeOn = false
12-08 04:37:00.018 1518 2319 I GameModeConfig: isGameModeOn = false
12-08 04:37:00.028 1518 2319 I GameModeConfig: isGameModeOn = false
12-08 04:37:00.030 1518 2319 I GameModeConfig: isGameModeOn = false
12-08 04:37:00.044 1518 2319 I GameModeConfig: isGameModeOn = false
12-08 04:37:00.049 1518 2319 I GameModeConfig: isGameModeOn = false
12-08 04:37:00.063 1518 2319 I GameModeConfig: isGameModeOn = false
12-08 04:37:00.069 1518 2319 I GameModeConfig: isGameModeOn = false
12-08 04:37:00.082 1518 2319 I GameModeConfig: isGameModeOn = false
12-08 04:37:00.093 1518 2319 I GameModeConfig: isGameModeOn = false
12-08 04:37:00.101 1518 2319 I GameModeConfig: isGameModeOn = false
12-08 04:37:00.113 1518 2319 I GameModeConfig: isGameModeOn = false
12-08 04:37:00.133 1518 2319 I GameModeConfig: isGameModeOn = false
12-08 04:37:00.150 1518 2319 I GameModeConfig: isGameModeOn = false
12-08 04:37:00.165 1518 2319 I GameModeConfig: isGameModeOn = false
12-08 04:37:00.181 1518 2319 I GameModeConfig: isGameModeOn = false
12-08 04:37:00.200 1518 2319 I GameModeConfig: isGameModeOn = false
12-08 04:37:00.214 1518 2319 I GameModeConfig: isGameModeOn = false
12-08 04:37:00.231 1518 2319 I GameModeConfig: isGameModeOn = false
12-08 04:37:00.247 1518 2319 I GameModeConfig: isGameModeOn = false
12-08 04:37:00.271 1518 2319 I GameModeConfig: isGameModeOn = false
12-08 04:37:00.285 1518 2319 I GameModeConfig: isGameModeOn = false
12-08 04:37:02.464 1518 1752 I commit_sys_config_file: [settings-2-0,5]
12-08 04:37:04.518 1518 1752 I commit_sys_config_file: [settings-2-0,5]
12-08 04:37:06.928 1518 3327 I sysui_multi_action: [757,128,758,1,793,1018326,794,0,795,1018326,796,26,798,0,806,android,857,DEVELOPER_IMPORTANT,858,4,947,0,1395,3,1500,1018119,1688,1]
12-08 04:37:06.928 1518 3327 I sysui_multi_action: [757,804,799,note_freshness,801,1018326,802,1]
12-08 04:37:06.928 1518 3327 I notification_visibility: [-1|android|26|null|1000,1,1018326,1018326,0,0]
12-08 04:37:06.928 1518 3327 I sysui_multi_action: [757,128,758,1,793,338952,794,0,795,338952,796,4273,798,1,806,com.android.systemui,857,screen_record,858,3,947,0,1395,3,1500,338750,1688,1,1745,680407814]
12-08 04:37:06.929 1518 3327 I sysui_multi_action: [757,804,799,note_freshness,801,338952,802,1]
12-08 04:37:06.929 1518 3327 I notification_visibility: [0|com.android.systemui|4273|null|10082,1,338952,338952,0,1]
12-08 04:37:06.929 1518 3327 I sysui_multi_action: [757,128,758,1,793,1200036,794,0,795,1200036,796,32,798,2,806,android,857,USB,858,1,947,0,1395,3,1500,1199874,1688,1]
12-08 04:37:06.929 1518 3327 I sysui_multi_action: [757,804,799,note_freshness,801,1200036,802,1]
12-08 04:37:06.929 1518 3327 I notification_visibility: [-1|android|32|null|1000,1,1200036,1200036,0,2]
12-08 04:37:07.736 1518 2319 I GameModeConfig: isGameModeOn = false
12-08 04:37:07.919 1518 2319 I GameModeConfig: isGameModeOn = false
12-08 04:37:09.865 2377 2377 I sysui_multi_action: [757,925,758,4,759,122,927,5,928,1,1592,0,1593,1]
12-08 04:37:09.884 1518 2346 D CompatibilityChangeReporter: Compat change id reported: 171306433; UID 1000; state: ENABLED
12-08 04:37:09.890 1518 1654 I am_wtf : [0,1518,system_server,-1,ActivityManager,Sending non-protected broadcast android.location.HIGH_POWER_REQUEST_CHANGE from system 3159:com.qualcomm.location/u0a73 pkg com.qualcomm.location]
12-08 04:37:09.892 1518 1654 I DropBoxManagerService: add tag=system_server_wtf isTagEnabled=true flags=0x2
12-08 04:37:09.896 1518 1654 I am_wtf : [0,1518,system_server,-1,ActivityManager,Sending non-protected broadcast android.location.HIGH_POWER_REQUEST_CHANGE from system 3159:com.qualcomm.location/u0a73 pkg com.qualcomm.location]
12-08 04:37:09.898 1518 1654 I DropBoxManagerService: add tag=system_server_wtf isTagEnabled=true flags=0x2
12-08 04:37:09.902 1518 1654 I am_wtf : [0,1518,system_server,-1,ActivityManager,Sending non-protected broadcast android.location.HIGH_POWER_REQUEST_CHANGE from system 3159:com.qualcomm.location/u0a73 pkg com.qualcomm.location]
12-08 04:37:09.903 1518 1654 I DropBoxManagerService: add tag=system_server_wtf isTagEnabled=true flags=0x2
12-08 04:37:10.104 836 836 I android.hardware.wifi@1.0-service: Adding interface handle for wlan0
12-08 04:37:10.104 836 836 I android.hardware.wifi@1.0-service: Adding interface handle for wifi-aware0
12-08 04:37:10.104 836 836 I android.hardware.wifi@1.0-service: Adding interface handle for p2p0
12-08 04:37:10.110 1518 2303 I netstats_mobile_sample: [0,0,0,0,0,0,0,0,0,0,0,0,1670445430110]
12-08 04:37:10.110 1518 2303 I netstats_wifi_sample: [0,0,0,0,0,0,0,0,0,0,0,0,1670445430110]
12-08 04:37:10.114 1518 1752 I commit_sys_config_file: [settings-2-0,46]
12-08 04:37:10.121 1210 1210 E wificond: Could not read interface state for wlan1 (No such device)
12-08 04:37:10.121 1210 1210 I wificond: tearDownApInterface: erasing wiphy_index for iface_name wlan1
12-08 04:37:10.121 1210 1210 I wificond: Band info for wiphy_index 0 retained
12-08 04:37:10.428 1518 2309 W ContextImpl: Calling a method in the system process without a qualified user: android.app.ContextImpl.sendBroadcastMultiplePermissions:1206 android.content.Context.sendBroadcastWithMultiplePermissions:2262 com.android.server.wifi.p2p.WifiP2pServiceImpl$P2pStateMachine.sendBroadcastMultiplePermissions:3315 com.android.server.wifi.p2p.WifiP2pServiceImpl$P2pStateMachine.sendP2pConnectionChangedBroadcast:3342 com.android.server.wifi.p2p.WifiP2pServiceImpl$P2pStateMachine.access$5000:818
12-08 04:37:10.430 1518 1654 W BroadcastQueue: Permission Denial: receiving Intent { act=android.net.wifi.p2p.CONNECTION_STATE_CHANGE flg=0x24000010 (has extras) } to ProcessRecord{4163205 2511:com.android.networkstack.process/1073} (pid=2511, uid=1073) requires android.permission.NETWORK_SETTINGS due to sender android (uid 1000)
12-08 04:37:10.438 1518 2309 W ContextImpl: Calling a method in the system process without a qualified user: android.app.ContextImpl.sendBroadcastMultiplePermissions:1206 android.content.Context.sendBroadcastWithMultiplePermissions:2262 com.android.server.wifi.p2p.WifiP2pServiceImpl$P2pStateMachine.sendBroadcastMultiplePermissions:3315 com.android.server.wifi.p2p.WifiP2pServiceImpl$P2pStateMachine.sendThisDeviceChangedBroadcast:3324 com.android.server.wifi.p2p.WifiP2pServiceImpl$P2pStateMachine.updateThisDevice:4102
12-08 04:37:11.225 2377 2377 I sysui_multi_action: [757,925,758,4,759,122,927,5,928,0,1592,0,1593,1]
12-08 04:37:11.237 1518 1642 D CompatibilityChangeReporter: Compat change id reported: 73144566; UID 1000; state: ENABLED
12-08 04:37:11.238 1518 1642 D CompatibilityChangeReporter: Compat change id reported: 73144566; UID 1000; state: DISABLED
12-08 04:37:11.248 1518 1654 I am_wtf : [0,1518,system_server,-1,ActivityManager,Sending non-protected broadcast android.location.HIGH_POWER_REQUEST_CHANGE from system 3159:com.qualcomm.location/u0a73 pkg com.qualcomm.location]
12-08 04:37:11.254 1518 1654 I DropBoxManagerService: add tag=system_server_wtf isTagEnabled=true flags=0x2
