--------- beginning of crash
01-01 08:02:43.459 507 507 F libc : Fatal signal 6 (SIGABRT), code -1 (SI_QUEUE) in tid 507 (init), pid 507 (init)
01-01 08:02:43.468 507 507 F libc : crash_dump helper failed to exec, or was killed --------- beginning of system
01-01 08:02:43.509 516 556 I QISL : QSEE Interrupt Service Listener Thread is started
01-01 08:02:43.509 518 518 I vold : Vold 3.0 (the awakening) firing up
01-01 08:02:43.509 516 556 I QISL : QSEE Interrupt Service Listener was activated successfully
01-01 08:02:43.510 518 518 D vold : Detected support for: ext4 f2fs vfat
01-01 08:02:43.510 516 516 D SPL : Call QSEECom_register_listener()
01-01 08:02:43.510 516 516 D SPL : Registered listener sucessfully!
01-01 08:02:43.510 516 516 D SPL : pipe read-fd [32] write-fd [33]
01-01 08:02:43.510 516 516 D SPL : Create thread
01-01 08:02:43.510 516 516 D SPL : Thread created sucessfully.
01-01 08:02:43.510 516 557 D SPL : spl_dispatch() started
01-01 08:02:43.510 516 557 D SPL : ==== Wait For Request ======
01-01 08:02:43.514 518 518 D vold : Found unmanaged dm device named system_ext_a
01-01 08:02:43.514 518 518 D vold : Found unmanaged dm device named odm_a
01-01 08:02:43.514 518 518 D vold : Found unmanaged dm device named system_a
01-01 08:02:43.514 518 518 D vold : Found unmanaged dm device named vendor-verity
01-01 08:02:43.514 518 518 D vold : Found unmanaged dm device named vendor_a
01-01 08:02:43.514 518 518 D vold : Found unmanaged dm device named system_ext-verity
01-01 08:02:43.514 518 518 D vold : Found unmanaged dm device named odm-verity
01-01 08:02:43.514 518 518 D vold : Found unmanaged dm device named product-verity
01-01 08:02:43.514 518 518 D vold : Found unmanaged dm device named system-verity
01-01 08:02:43.514 518 518 D vold : Found unmanaged dm device named product_a
01-01 08:02:43.515 518 518 I vold : [libfs_mgr]dt_fstab: Skip disabled entry for partition vendor
01-01 08:02:43.515 518 518 I vold : [libfs_mgr]GetFstabPath()fstab_path:/odm/etc/fstab.default
01-01 08:02:43.515 518 518 I vold : [libfs_mgr]GetFstabPath()fstab_path:/vendor/etc/fstab.default
01-01 08:02:43.515 518 518 I vold : [libfs_mgr]GetFstabPath()fstab_path:/system/etc/fstab.default
01-01 08:02:43.515 518 518 I vold : [libfs_mgr]GetFstabPath()fstab_path:/first_stage_ramdisk/system/etc/fstab.default
01-01 08:02:43.515 518 518 I vold : [libfs_mgr]GetFstabPath()fstab_path:/fstab.default
01-01 08:02:43.515 518 518 I vold : [libfs_mgr]GetFstabPath()fstab_path:/first_stage_ramdisk/fstab.default
01-01 08:02:43.515 518 518 I vold : [libfs_mgr]GetFstabPath()fstab_path:/odm/etc/fstab.qcom
01-01 08:02:43.515 518 518 I vold : [libfs_mgr]GetFstabPath()fstab_path:/vendor/etc/fstab.qcom
01-01 08:02:43.515 518 518 I vold : [libfs_mgr]GetFstabPath()fstab_path.c_str():/vendor/etc/fstab.qcom
01-01 08:02:43.516 518 518 D vold : VoldNativeService::start() completed OK
01-01 08:02:43.560 565 565 D spdaemon: Firmware Name [spss2p].
01-01 08:02:43.560 565 565 D spdaemon: Prod FW.
01-01 08:02:43.560 565 565 D spdaemon: firmware_type [p].
01-01 08:02:43.560 565 565 D spdaemon: open() file [/sys/devices/soc0/machine] Failed, ret =-1.
01-01 08:02:43.560 565 565 D spdaemon: soc_type 1048576
01-01 08:02:43.560 565 565 E iardb : [iar_db_get_iar_state] failed to open file /mnt/vendor/spunvm/iar_db/iar_state.bin [13] [Permission denied]
01-01 08:02:43.560 565 565 D iarlib : [iar_get_state] Can't get iar_state, return DISABLED
01-01 08:02:43.560 565 565 I spdaemon: IAR is not activated
01-01 08:02:43.560 565 565 D spdaemon: ------ going to start SP From kernel ------
01-01 08:02:43.560 565 565 I spcomlib: [spcom_restart_sp_subsystem] restart_sp starts
01-01 08:02:43.560 565 565 D spcomlib: [spcom_restart_sp_subsystem] restart_sp - Send PIL request [1]
01-01 08:02:43.562 565 565 D spcomlib: [spcom_restart_sp_subsystem] restart_sp - Restart SP command ok.
01-01 08:02:43.562 565 565 D spcomlib: [spcom_signal_event] event [0] [pil_called] EVENT_STATUS_SIGNALED
01-01 08:02:43.562 565 565 I spcomlib: [spcom_reset_all_app_loaded_prop] start reset all spcomlib apploaded props.
01-01 08:02:46.762 518 518 D vold : fscrypt_mount_metadata_encrypted: /data encrypt: 1 format: 0 with f2fs
01-01 08:02:46.762 518 518 D vold : metadata_key_dir/key: /metadata/vold/metadata_encryption/key
01-01 08:02:46.763 518 518 D vold : Created directory /metadata/vold/metadata_encryption
01-01 08:02:46.763 518 518 D vold : Metadata key does not exist but ro.crypto.metadata_init_delete_all_keys.enabled is false
01-01 08:02:46.763 518 518 I vold : Creating new key in /metadata/vold/metadata_encryption/key
01-01 08:02:46.763 518 518 D vold : Generating wrapped storage key
01-01 08:02:46.765 518 518 E vold : keystore2 Keystore generateKey returned service specific error: -67
01-01 08:02:46.765 518 518 W vold : Failed to generate rollback-resistant key. This is expected if keymaster doesn't support rollback resistance. Falling back to non-rollback-resistant key.
01-01 08:02:46.770 518 518 D vold : Generating "key storage" key
01-01 08:02:46.771 518 518 E vold : keystore2 Keystore generateKey returned service specific error: -67
01-01 08:02:46.771 518 518 W vold : Failed to generate rollback-resistant key. This is expected if keymaster doesn't support rollback resistance. Falling back to non-rollback-resistant key.
01-01 08:02:46.779 518 518 D vold : Created key: /metadata/vold/metadata_encryption/key
01-01 08:02:46.782 518 518 D vold : encrypt_inplace(/dev/block/dm-10, /dev/block/bootdevice/by-name/userdata, 231665304, false)
01-01 08:02:46.787 518 518 I vold : Encrypting f2fs filesystem on /dev/block/bootdevice/by-name/userdata in-place via /dev/block/dm-10
01-01 08:02:46.787 518 518 I vold : 120788 blocks (494 MB) of 28958163 blocks are in-use
01-01 08:02:46.816 518 518 D vold : Encrypted 10000 of 120788 blocks
01-01 08:02:46.843 518 518 D vold : Encrypted 20000 of 120788 blocks
01-01 08:02:46.871 518 518 D vold : Encrypted 30000 of 120788 blocks
01-01 08:02:46.898 518 518 D vold : Encrypted 40000 of 120788 blocks
01-01 08:02:46.925 518 518 D vold : Encrypted 50000 of 120788 blocks
01-01 08:02:46.952 518 518 D vold : Encrypted 60000 of 120788 blocks
01-01 08:02:46.978 518 518 D vold : Encrypted 70000 of 120788 blocks
01-01 08:02:47.004 518 518 D vold : Encrypted 80000 of 120788 blocks
01-01 08:02:47.030 518 518 D vold : Encrypted 90000 of 120788 blocks
01-01 08:02:47.056 518 518 D vold : Encrypted 100000 of 120788 blocks
01-01 08:02:47.082 518 518 D vold : Encrypted 110000 of 120788 blocks
01-01 08:02:47.109 518 518 D vold : Encrypted 120000 of 120788 blocks
01-01 08:02:47.729 518 518 D vold : Encrypted 120788 of 120788 blocks
01-01 08:02:47.729 518 518 I vold : Successfully encrypted f2fs filesystem on /dev/block/bootdevice/by-name/userdata
01-01 08:02:47.762 518 518 D vold : Mounting metadata-encrypted filesystem:/data
01-01 08:02:47.765 518 518 I vold : [libfs_mgr]Running /system/bin/fsck.f2fs -a -c 10000 --debug-cache /dev/block/dm-10
01-01 08:02:47.842 518 518 I vold : [libfs_mgr]__mount(source=/dev/block/dm-10,target=/data,type=f2fs)=0: Success
01-01 08:02:47.843 518 518 D vold : Mounted /data
01-01 08:02:47.843 518 562 D vold : Disk at 252:10 changed
01-01 08:02:47.850 518 518 I Checkpoint: cp_prepareCheckpoint called
01-01 08:02:47.858 518 518 I vold : fscrypt_initialize_systemwide_keys
01-01 08:02:47.858 518 518 I vold : Creating new key in /data/unencrypted/key
01-01 08:02:47.858 518 518 D vold : Generating wrapped storage key
01-01 08:02:47.859 518 518 E vold : keystore2 Keystore generateKey returned service specific error: -67
01-01 08:02:47.859 518 518 W vold : Failed to generate rollback-resistant key. This is expected if keymaster doesn't support rollback resistance. Falling back to non-rollback-resistant key.
01-01 08:02:47.862 518 518 D vold : Generating "key storage" key
01-01 08:02:47.862 518 518 E vold : keystore2 Keystore generateKey returned service specific error: -67
01-01 08:02:47.862 518 518 W vold : Failed to generate rollback-resistant key. This is expected if keymaster doesn't support rollback resistance. Falling back to non-rollback-resistant key.
01-01 08:02:47.867 518 518 D vold : Created key: /data/unencrypted/key
01-01 08:02:47.872 518 518 D vold : Installed fscrypt key with ref 978d930a4c5e17e364f0df1eb1d41637 to /data
01-01 08:02:47.872 518 518 D vold : Added fscrypt-provisioning key for 978d930a4c5e17e364f0df1eb1d41637 to session keyring
01-01 08:02:47.872 518 518 I vold : Wrote system DE key reference to:/data/unencrypted/ref
01-01 08:02:47.872 518 518 D vold : Generating wrapped storage key
01-01 08:02:47.873 518 518 E vold : keystore2 Keystore generateKey returned service specific error: -67
01-01 08:02:47.873 518 518 W vold : Failed to generate rollback-resistant key. This is expected if keymaster doesn't support rollback resistance. Falling back to non-rollback-resistant key.
01-01 08:02:47.875 622 625 D spcomlib: [spcom_register_service] spcom_register_service() name [sp_keymaster_ssr] pid [523533180080]
01-01 08:02:47.875 622 625 D spcomlib: [spcom_open] ch [sp_keymaster_ssr] doesn't exist, create it.
01-01 08:02:47.875 622 625 D spcomlib: [spcom_create_channel] Create Channel [sp_keymaster_ssr].
01-01 08:02:47.879 518 518 D vold : Installed fscrypt key with ref 0cacd959444f4258e26822ecfff61892 to /data
01-01 08:02:47.879 518 518 D vold : Added fscrypt-provisioning key for 0cacd959444f4258e26822ecfff61892 to session keyring
01-01 08:02:47.879 518 518 I vold : Wrote per boot key reference to:/data/unencrypted/per_boot_ref
01-01 08:02:47.888 518 518 I incfs : Initial API level of the device: 30
01-01 08:02:47.888 518 518 I incfs : ro.incremental.enable: 1
01-01 08:02:47.888 518 518 I incfs : isFsAvailable: true
01-01 08:02:47.888 518 518 I incfs : isFsAvailable: true
01-01 08:02:47.888 518 518 I incfs : IncFs_Features: v1
01-01 08:02:47.896 622 625 D spcomlib: [add_ssr_cb] ssr cb added!
01-01 08:02:47.896 622 625 D spcomlib: [start_ssr_thread] ch [spcom] ready!
01-01 08:02:47.896 622 625 D spcomlib: [start_ssr_thread] main pthread self_id [0xe5025cb0].
01-01 08:02:47.896 622 625 D spcomlib: [start_ssr_thread] pthread_create() ret [0] thread-id [0xe3f27cb0].
01-01 08:02:47.896 622 625 D spcomlib: [start_ssr_thread] Wait for SSR thread to run.
01-01 08:02:47.896 622 636 D spcomlib: [notify_ssr_thread] SSR pthread self_id [0xe3f27cb0].
01-01 08:02:47.896 622 625 D spcomlib: [start_ssr_thread] pthread_cond_wait() ret [0].
01-01 08:02:47.896 622 625 D spcomlib: [start_ssr_thread] done.
01-01 08:02:47.896 622 625 D spcomlib: [add_ch] add ch [sp_keymaster_ssr].
01-01 08:02:47.896 622 625 D spcomlib: [spcom_register_service] spcom_register_service() name [sp_keymaster_ssr] pid [523533180080] done
01-01 08:02:47.899 518 518 E vold : keystore2 Keystore earlyBootEnded returned service specific error: -68
01-01 08:02:47.946 518 518 D vold : fscrypt_init_user0
01-01 08:02:47.946 518 518 D vold : Preparing: /data/misc/vold/user_keys
01-01 08:02:47.946 518 518 D vold : Preparing: /data/misc/vold/user_keys/ce
01-01 08:02:47.946 518 518 D vold : Preparing: /data/misc/vold/user_keys/de
01-01 08:02:47.946 518 518 D vold : Generating wrapped storage key
01-01 08:02:47.947 518 518 E vold : keystore2 Keystore generateKey returned service specific error: -67
01-01 08:02:47.947 518 518 W vold : Failed to generate rollback-resistant key. This is expected if keymaster doesn't support rollback resistance. Falling back to non-rollback-resistant key.
01-01 08:02:47.950 518 518 D vold : Generating wrapped storage key
01-01 08:02:47.950 518 518 E vold : keystore2 Keystore generateKey returned service specific error: -67
01-01 08:02:47.950 518 518 W vold : Failed to generate rollback-resistant key. This is expected if keymaster doesn't support rollback resistance. Falling back to non-rollback-resistant key.
01-01 08:02:47.952 518 518 D vold : Preparing: /data/misc/vold/user_keys/ce/0
01-01 08:02:47.953 518 518 D vold : Generating "key storage" key
01-01 08:02:47.953 518 518 E vold : keystore2 Keystore generateKey returned service specific error: -67
01-01 08:02:47.953 518 518 W vold : Failed to generate rollback-resistant key. This is expected if keymaster doesn't support rollback resistance. Falling back to non-rollback-resistant key.
01-01 08:02:47.958 518 518 D vold : Created key: /data/misc/vold/user_keys/ce/0/current
01-01 08:02:47.958 518 518 D vold : Generating "key storage" key
01-01 08:02:47.959 518 518 E vold : keystore2 Keystore generateKey returned service specific error: -67
01-01 08:02:47.959 518 518 W vold : Failed to generate rollback-resistant key. This is expected if keymaster doesn't support rollback resistance. Falling back to non-rollback-resistant key.
01-01 08:02:47.964 518 518 D vold : Created key: /data/misc/vold/user_keys/de/0
01-01 08:02:47.968 518 518 D vold : Installed fscrypt key with ref 65019575bb47c3bb31cb1cabafe06a95 to /data
01-01 08:02:47.968 518 518 D vold : Added fscrypt-provisioning key for 65019575bb47c3bb31cb1cabafe06a95 to session keyring
01-01 08:02:47.972 518 518 D vold : Installed fscrypt key with ref 39baf530c1093b0f123b74b7da5cc36f to /data
01-01 08:02:47.972 518 518 D vold : Added fscrypt-provisioning key for 39baf530c1093b0f123b74b7da5cc36f to session keyring
01-01 08:02:47.972 518 518 D vold : Created keys for user 0
01-01 08:02:47.979 518 518 D vold : Installed fscrypt key with ref 65019575bb47c3bb31cb1cabafe06a95 to /data
01-01 08:02:47.979 518 518 D vold : Added fscrypt-provisioning key for 65019575bb47c3bb31cb1cabafe06a95 to session keyring
01-01 08:02:47.979 518 518 D vold : Installed de key for user 0
01-01 08:02:47.979 518 518 D vold : fscrypt_prepare_user_storage for volume null, user 0, serial 0, flags 1
01-01 08:02:47.979 518 518 D vold : Preparing: /data/system/users/0
01-01 08:02:47.979 518 518 D vold : Preparing: /data/misc/profiles/cur/0
01-01 08:02:47.979 518 518 D vold : Preparing: /data/system_de/0
01-01 08:02:47.979 518 518 D vold : Preparing: /data/misc_de/0
01-01 08:02:47.979 518 518 D vold : Preparing: /data/vendor_de/0
01-01 08:02:47.979 518 518 D vold : Preparing: /data/user_de/0
01-01 08:02:47.979 518 518 I vold : Encryption policy of /data/system_de/0 set to 65019575bb47c3bb31cb1cabafe06a95 v2 modes 1/4 flags 0xa
01-01 08:02:47.979 518 518 I vold : Encryption policy of /data/misc_de/0 set to 65019575bb47c3bb31cb1cabafe06a95 v2 modes 1/4 flags 0xa
01-01 08:02:47.979 518 518 I vold : Encryption policy of /data/vendor_de/0 set to 65019575bb47c3bb31cb1cabafe06a95 v2 modes 1/4 flags 0xa
01-01 08:02:47.979 518 518 I vold : Encryption policy of /data/user_de/0 set to 65019575bb47c3bb31cb1cabafe06a95 v2 modes 1/4 flags 0xa
01-01 08:02:47.979 518 518 D vold : /system/bin/vold_prepare_subdirs
01-01 08:02:47.979 518 518 D vold : prepare
01-01 08:02:47.979 518 518 D vold :
01-01 08:02:47.979 518 518 D vold : 0
01-01 08:02:47.979 518 518 D vold : 1
01-01 08:02:47.992 518 518 D vold : Detected support for FS_IOC_ADD_ENCRYPTION_KEY
01-01 08:02:47.992 518 518 D vold : Installing fscrypt-provisioning key for 39baf530c1093b0f123b74b7da5cc36f back into /data fs-keyring
01-01 08:02:47.576 897 897 I irsc_util: Starting irsc tool
01-01 08:02:47.578 897 897 I irsc_util: Num of entries:298
01-01 08:02:47.578 897 897 I irsc_util: Ending irsc tool
01-01 08:02:47.597 836 836 I android.hardware.wifi@1.0-service: Wifi Hal is booting up...
01-01 08:02:47.598 836 836 I HidlServiceManagement: Registered android.hardware.wifi@1.4::IWifi/default (start delay of 141ms)
01-01 08:02:48.132 1149 1149 I gsid : no DSU: No such file or directory
01-01 08:02:48.249 1164 1164 I iorapd : iorapd (the prefetchening) firing up
01-01 08:02:48.250 1164 1164 E iorapd : SQLite error (14): cannot open file at line 39583 of [bcd014c473]
01-01 08:02:48.250 1164 1164 E iorapd : SQLite error (14): os_unix.c:39583: (2) open(/data/misc/iorapd/sqlite.db) -
01-01 08:02:48.261 1164 1164 I iorapd : Reinitialized database at '/data/misc/iorapd/sqlite.db'
01-01 08:02:48.261 1164 1164 W iorapd : Reconnect to package manager service: 1 times
01-01 08:02:48.303 1192 1192 I installd: installd firing up
01-01 08:02:48.303 1192 1192 D installd: Assuming that device has multi-user storage layout; upgrade no longer supported
01-01 08:02:48.304 1192 1192 D installd: Upgrading to /data/misc/user directories
01-01 08:02:48.338 1210 1210 I wificond: wificond is starting up...
01-01 08:02:48.344 1210 1210 I HidlServiceManagement: Registered android.system.wifi.keystore@1.0::IKeystore/default
01-01 08:02:48.399 1234 1234 I imsrcsd : Uce Service HAL is starting up...
01-01 08:02:48.400 1234 1234 I imsrcsd : Uce Service HAL loading imsrcsbaseimpl
01-01 08:02:48.496 1208 1208 W storaged: health: invalid battery status
01-01 08:02:48.546 1277 1277 I TLOC : [main ]"TLOC DAEMON main thread"
01-01 08:02:48.546 1277 1277 D TLOC : [TLOCDaemon ]"---------- TLOC Daemon Starts ----------"
01-01 08:02:48.546 1277 1277 D TLOC : [TLOCChannel]"The channel was initialized successfully for TLOCD"
01-01 08:02:48.546 1277 1277 D TLOC : [TLOCChannel]"The channel was initialized successfully for TLOCL"
01-01 08:02:48.546 1277 1277 D TLOC : [TLOCChannel]"The channel was initialized successfully for MODEM"
01-01 08:02:48.546 1277 1277 D TLOC : [TLOCChannel]"TLOCChannel was initialized successfully"
01-01 08:02:48.546 1277 1277 D TLOC : [TLOCChannel] "TLOCChannel is already initialized"
01-01 08:02:48.575 1234 1234 I imsrcsd : Starting Service for First Time imsbaseimpl
01-01 08:02:48.587 1234 1234 I imsrcsd : Interface com.qualcomm.qti.uceservice@2.3::IUceService com.qualcomm.qti.uceservice is found in manifest
01-01 08:02:48.590 1234 1234 I HidlServiceManagement: Registered com.qualcomm.qti.uceservice@2.3::IUceService/com.qualcomm.qti.uceservice (start delay of 223ms)
01-01 08:02:48.596 1234 1234 I imsrcsd : Interface com.qualcomm.qti.imscmservice@2.2::IImsCmService qti.ims.connectionmanagerservice is found in manifest
01-01 08:02:48.597 1234 1234 I HidlServiceManagement: Registered com.qualcomm.qti.imscmservice@2.2::IImsCmService/qti.ims.connectionmanagerservice (start delay of 230ms)
01-01 08:02:48.597 1234 1234 I imsrcsd : Interface vendor.qti.ims.factory@1.1::IImsFactory default is not found in manifest
01-01 08:02:48.598 1234 1234 I imsrcsd : Interface vendor.qti.ims.factory@1.0::IImsFactory default is found in manifest
01-01 08:02:48.598 1234 1234 I HidlServiceManagement: Registered vendor.qti.ims.factory@1.0::IImsFactory/default (start delay of 231ms)
01-01 08:02:48.599 1234 1234 I imsrcsd : Interface vendor.qti.ims.callinfo@1.0::IService default is found in manifest
01-01 08:02:48.600 1234 1234 I HidlServiceManagement: Registered vendor.qti.ims.callinfo@1.0::IService/default (start delay of 233ms)
01-01 08:02:48.600 1234 1234 I imsrcsd : ImsRcsBaseImpl ImsCallInfo After Registering Service
01-01 08:02:49.285 1518 1518 I SystemServerTiming: InitBeforeStartServices
01-01 08:02:49.286 1518 1518 I SystemServer: Entered the Android system server!
01-01 08:02:49.370 1518 1518 I SystemServerInitThreadPool: Creating instance with 8 threads
01-01 08:02:49.541 1518 1518 I SystemServerTiming: StartServices
01-01 08:02:49.541 1518 1518 I SystemServerTiming: startBootstrapServices
01-01 08:02:49.541 1518 1518 I SystemServerTiming: StartWatchdog
01-01 08:02:49.545 1518 1518 I SystemServer: Reading configuration...
01-01 08:02:49.545 1518 1518 I SystemServerTiming: ReadingSystemConfig
01-01 08:02:49.545 1518 1518 I SystemServerTiming: PlatformCompat
01-01 08:02:49.546 1518 1649 I SystemServerTimingAsync: InitThreadPoolExec:ReadingSystemConfig
01-01 08:02:49.546 1518 1649 I SystemConfig: Reading permissions from /system/etc/sysconfig/preinstalled-packages-com.android.providers.media.module.xml
01-01 08:02:49.548 1518 1518 D CompatConfig: Found a config file: /system/etc/compatconfig/documents-ui-compat-config.xml
01-01 08:02:49.548 1518 1518 D CompatConfig: Adding: com.android.server.compat.config.Change@8cab53d
01-01 08:02:49.548 1518 1649 I SystemConfig: Reading permissions from /system/etc/sysconfig/framework-sysconfig.xml
01-01 08:02:49.549 1518 1649 I SystemConfig: Reading permissions from /system/etc/sysconfig/preinstalled-packages-platform.xml
01-01 08:02:49.549 1518 1518 D CompatConfig: Found a config file: /system/etc/compatconfig/framework-platform-compat-config.xml
01-01 08:02:49.549 1518 1649 I SystemConfig: Reading permissions from /system/etc/sysconfig/preinstalled-packages-platform-full-base.xml
01-01 08:02:49.549 1518 1649 I SystemConfig: Reading permissions from /system/etc/sysconfig/hiddenapi-package-whitelist.xml
01-01 08:02:49.549 1518 1518 D CompatConfig: Adding: com.android.server.compat.config.Change@34dee7e
01-01 08:02:49.550 1518 1649 I SystemConfig: Reading permissions from /system/etc/sysconfig/qti_whitelist.xml
01-01 08:02:49.550 1518 1518 D CompatConfig: Adding: com.android.server.compat.config.Change@806b42c
01-01 08:02:49.550 1518 1518 D CompatConfig: Adding: com.android.server.compat.config.Change@bc84ef5
01-01 08:02:49.550 1518 1518 D CompatConfig: Adding: com.android.server.compat.config.Change@2d6748a
01-01 08:02:49.550 1518 1518 D CompatConfig: Adding: com.android.server.compat.config.Change@98ddafb
01-01 08:02:49.551 1518 1649 I SystemConfig: Reading permissions from /system/etc/permissions/com.android.media.remotedisplay.xml
01-01 08:02:49.551 1518 1518 D CompatConfig: Adding: com.android.server.compat.config.Change@d9be571
01-01 08:02:49.551 1518 1518 D CompatConfig: Adding: com.android.server.compat.config.Change@1af4f56
01-01 08:02:49.551 1518 1649 I SystemConfig: Reading permissions from /system/etc/permissions/com.android.future.usb.accessory.xml
01-01 08:02:49.551 1518 1518 D CompatConfig: Adding: com.android.server.compat.config.Change@ae95cc4
01-01 08:02:49.551 1518 1518 D CompatConfig: Adding: com.android.server.compat.config.Change@33867ad
01-01 08:02:49.551 1518 1518 D CompatConfig: Adding: com.android.server.compat.config.Change@b690ae2
01-01 08:02:49.551 1518 1518 D CompatConfig: Adding: com.android.server.compat.config.Change@9d6ae73
01-01 08:02:49.551 1518 1518 D CompatConfig: Adding: com.android.server.compat.config.Change@ca0d1a9
01-01 08:02:49.552 1518 1649 I SystemConfig: Reading permissions from /system/etc/permissions/privapp-permissions-platform.xml
01-01 08:02:49.552 1518 1518 D CompatConfig: Adding: com.android.server.compat.config.Change@210f32e
01-01 08:02:49.552 1518 1518 D CompatConfig: Adding: com.android.server.compat.config.Change@ee3becf
01-01 08:02:49.552 1518 1518 D CompatConfig: Adding: com.android.server.compat.config.Change@e35805c
01-01 08:02:49.552 1518 1518 D CompatConfig: Adding: com.android.server.compat.config.Change@d0bdf65
01-01 08:02:49.553 1518 1518 D CompatConfig: Adding: com.android.server.compat.config.Change@93d143a
01-01 08:02:49.553 1518 1518 D CompatConfig: Adding: com.android.server.compat.config.Change@a0778eb
01-01 08:02:49.553 1518 1518 D CompatConfig: Adding: com.android.server.compat.config.Change@cc84648
01-01 08:02:49.553 1518 1518 D CompatConfig: Adding: com.android.server.compat.config.Change@a600ce1
01-01 08:02:49.553 1518 1518 D CompatConfig: Adding: com.android.server.compat.config.Change@5d83a06
01-01 08:02:49.553 1518 1518 D CompatConfig: Adding: com.android.server.compat.config.Change@562b8c7
01-01 08:02:49.553 1518 1518 D CompatConfig: Adding: com.android.server.compat.config.Change@3f7ef4
01-01 08:02:49.553 1518 1518 D CompatConfig: Adding: com.android.server.compat.config.Change@86f961d
01-01 08:02:49.554 1518 1518 D CompatConfig: Adding: com.android.server.compat.config.Change@eadf092
01-01 08:02:49.554 1518 1518 D CompatConfig: Adding: com.android.server.compat.config.Change@2481a63
01-01 08:02:49.554 1518 1518 D CompatConfig: Adding: com.android.server.compat.config.Change@c4f9660
01-01 08:02:49.554 1518 1649 I SystemConfig: Reading permissions from /system/etc/permissions/privapp-permissions-qti.xml
01-01 08:02:49.554 1518 1518 D CompatConfig: Adding: com.android.server.compat.config.Change@9b683de
01-01 08:02:49.554 1518 1518 D CompatConfig: Adding: com.android.server.compat.config.Change@a97f9bf
01-01 08:02:49.554 1518 1518 D CompatConfig: Adding: com.android.server.compat.config.Change@987b88c
01-01 08:02:49.555 1518 1518 D CompatConfig: Adding: com.android.server.compat.config.Change@14c6bd5
01-01 08:02:49.555 1518 1518 D CompatConfig: Adding: com.android.server.compat.config.Change@222ffea
01-01 08:02:49.555 1518 1518 D CompatConfig: Adding: com.android.server.compat.config.Change@bdc72db
01-01 08:02:49.555 1518 1649 I SystemConfig: Reading permissions from /system/etc/permissions/android.test.base.xml
01-01 08:02:49.555 1518 1518 D CompatConfig: Adding: com.android.server.compat.config.Change@2f4f051
01-01 08:02:49.556 1518 1518 D CompatConfig: Adding: com.android.server.compat.config.Change@32930b6
01-01 08:02:49.556 1518 1649 I SystemConfig: Reading permissions from /system/etc/permissions/com.android.networkstack.xml
01-01 08:02:49.556 1518 1518 D CompatConfig: Adding: com.android.server.compat.config.Change@63a8d24
01-01 08:02:49.556 1518 1518 D CompatConfig: Adding: com.android.server.compat.config.Change@bc7408d
01-01 08:02:49.556 1518 1649 I SystemConfig: Reading permissions from /system/etc/permissions/javax.obex.xml
01-01 08:02:49.556 1518 1518 D CompatConfig: Adding: com.android.server.compat.config.Change@8a46253
01-01 08:02:49.556 1518 1518 D CompatConfig: Adding: com.android.server.compat.config.Change@3255790
01-01 08:02:49.557 1518 1518 D CompatConfig: Adding: com.android.server.compat.config.Change@f45889
01-01 08:02:49.557 1518 1649 I SystemConfig: Reading permissions from /system/etc/permissions/android.test.runner.xml
01-01 08:02:49.557 1518 1518 D CompatConfig: Adding: com.android.server.compat.config.Change@e08d0af
01-01 08:02:49.557 1518 1518 D CompatConfig: Adding: com.android.server.compat.config.Change@fb05cbc
01-01 08:02:49.557 1518 1518 D CompatConfig: Adding: com.android.server.compat.config.Change@fc0f445
01-01 08:02:49.557 1518 1518 D CompatConfig: Adding: com.android.server.compat.config.Change@a9bc8cb
01-01 08:02:49.557 1518 1649 I SystemConfig: Reading permissions from /system/etc/permissions/com.android.location.provider.xml
01-01 08:02:49.557 1518 1518 D CompatConfig: Adding: com.android.server.compat.config.Change@38488a8
01-01 08:02:49.557 1518 1518 D CompatConfig: Adding: com.android.server.compat.config.Change@b018fc1
01-01 08:02:49.557 1518 1518 D CompatConfig: Adding: com.android.server.compat.config.Change@9bd3366
01-01 08:02:49.558 1518 1518 D CompatConfig: Adding: com.android.server.compat.config.Change@5ed8754
01-01 08:02:49.558 1518 1649 I SystemConfig: Reading permissions from /system/etc/permissions/com.thundercomm.mcuupgrade.xml
01-01 08:02:49.558 1518 1518 D CompatConfig: Adding: com.android.server.compat.config.Change@45666fd
01-01 08:02:49.558 1518 1518 D CompatConfig: Adding: com.android.server.compat.config.Change@d91ff2
01-01 08:02:49.558 1518 1518 D CompatConfig: Adding: com.android.server.compat.config.Change@b5a8643
01-01 08:02:49.558 1518 1518 D CompatConfig: Adding: com.android.server.compat.config.Change@545c4c0
01-01 08:02:49.558 1518 1649 I SystemConfig: Reading permissions from /system/etc/permissions/android.test.mock.xml
01-01 08:02:49.558 1518 1518 D CompatConfig: Adding: com.android.server.compat.config.Change@755493e
01-01 08:02:49.558 1518 1518 D CompatConfig: Adding: com.android.server.compat.config.Change@f95439f
01-01 08:02:49.558 1518 1518 D CompatConfig: Adding: com.android.server.compat.config.Change@9226cec
01-01 08:02:49.559 1518 1649 I SystemConfig: Reading permissions from /system/etc/permissions/org.apache.http.legacy.xml
01-01 08:02:49.559 1518 1518 D CompatConfig: Adding: com.android.server.compat.config.Change@dd8bb4a
01-01 08:02:49.559 1518 1518 D CompatConfig: Adding: com.android.server.compat.config.Change@3947abb
01-01 08:02:49.559 1518 1518 D CompatConfig: Adding: com.android.server.compat.config.Change@b3f6bd8
01-01 08:02:49.559 1518 1649 I SystemConfig: Reading permissions from /system/etc/permissions/com.baidu.input.xml
01-01 08:02:49.559 1518 1518 D CompatConfig: Found a config file: /system/etc/compatconfig/calendar-provider-compat-config.xml
01-01 08:02:49.559 1518 1649 I SystemConfig: Reading permissions from /system/etc/permissions/com.android.mediadrm.signer.xml
01-01 08:02:49.559 1518 1518 D CompatConfig: Adding: com.android.server.compat.config.Change@32b6d84
01-01 08:02:49.560 1518 1518 D CompatConfig: Found a config file: /system/etc/compatconfig/icu4j-platform-compat-config.xml
01-01 08:02:49.560 1518 1649 I SystemConfig: Reading permissions from /system/etc/permissions/com.android.nfc_extras.xml
01-01 08:02:49.560 1518 1518 D CompatConfig: Adding: com.android.server.compat.config.Change@2998633
01-01 08:02:49.560 1518 1518 D CompatConfig: Found a config file: /system/etc/compatconfig/services-platform-compat-config.xml
01-01 08:02:49.560 1518 1649 I SystemConfig: Reading permissions from /system/etc/permissions/android.software.live_wallpaper.xml
01-01 08:02:49.561 1518 1649 I SystemConfig: Reading permissions from /system/etc/permissions/android.software.webview.xml
01-01 08:02:49.561 1518 1518 D CompatConfig: Adding: com.android.server.compat.config.Change@b5c528f
01-01 08:02:49.561 1518 1518 D CompatConfig: Adding: com.android.server.compat.config.Change@110e91c
01-01 08:02:49.561 1518 1518 D CompatConfig: Adding: com.android.server.compat.config.Change@2e1f925
01-01 08:02:49.561 1518 1649 I SystemConfig: Reading permissions from /system/etc/permissions/com.android.documentsui.xml
01-01 08:02:49.561 1518 1518 D CompatConfig: Adding: com.android.server.compat.config.Change@5d588ab
01-01 08:02:49.561 1518 1518 D CompatConfig: Adding: com.android.server.compat.config.Change@ad17b08
01-01 08:02:49.561 1518 1518 D CompatConfig: Adding: com.android.server.compat.config.Change@ede02a1
01-01 08:02:49.562 1518 1518 D CompatConfig: Adding: com.android.server.compat.config.Change@2da5cc6
01-01 08:02:49.562 1518 1518 D CompatConfig: Adding: com.android.server.compat.config.Change@6620487
01-01 08:02:49.562 1518 1518 D CompatConfig: Adding: com.android.server.compat.config.Change@c873fb4
01-01 08:02:49.562 1518 1649 I SystemConfig: Reading permissions from /system/etc/permissions/android.software.freeform_window_management.xml
01-01 08:02:49.562 1518 1518 D CompatConfig: Adding: com.android.server.compat.config.Change@b8f7f52
01-01 08:02:49.562 1518 1518 D CompatConfig: Adding: com.android.server.compat.config.Change@506223
01-01 08:02:49.562 1518 1649 I SystemConfig: Reading permissions from /system/etc/permissions/com.android.networkstack.tethering.xml
01-01 08:02:49.562 1518 1518 D CompatConfig: Adding: com.android.server.compat.config.Change@364d9
01-01 08:02:49.563 1518 1518 D CompatConfig: Adding: com.android.server.compat.config.Change@3023e9e
01-01 08:02:49.563 1518 1649 I SystemConfig: Reading permissions from /system/etc/permissions/com.thundercomm.tcservice.xml
01-01 08:02:49.563 1518 1518 D CompatConfig: Adding: com.android.server.compat.config.Change@56ed14c
01-01 08:02:49.563 1518 1518 D CompatConfig: Adding: com.android.server.compat.config.Change@bc7595
01-01 08:02:49.563 1518 1649 I SystemConfig: Reading permissions from /system/etc/permissions/platform.xml
01-01 08:02:49.563 1518 1518 D CompatConfig: Adding: com.android.server.compat.config.Change@22df29b
01-01 08:02:49.563 1518 1518 D CompatConfig: Adding: com.android.server.compat.config.Change@c5db638
01-01 08:02:49.564 1518 1518 D CompatConfig: Adding: com.android.server.compat.config.Change@8bbd611
01-01 08:02:49.565 1518 1518 D CompatConfig: Adding: com.android.server.compat.config.Change@5598376
01-01 08:02:49.565 1518 1649 I SystemConfig: Reading permissions from /vendor/etc/permissions/android.hardware.sensor.hifi_sensors.xml
01-01 08:02:49.565 1518 1518 D CompatConfig: Adding: com.android.server.compat.config.Change@b53fde4
01-01 08:02:49.565 1518 1649 I SystemConfig: Reading permissions from /vendor/etc/permissions/android.hardware.sensor.gyroscope.xml
01-01 08:02:49.565 1518 1518 D CompatConfig: Adding: com.android.server.compat.config.Change@2526102
01-01 08:02:49.565 1518 1518 D CompatConfig: Adding: com.android.server.compat.config.Change@2e1a13
01-01 08:02:49.565 1518 1649 I SystemConfig: Reading permissions from /vendor/etc/permissions/android.hardware.opengles.aep.xml
01-01 08:02:49.565 1518 1518 D CompatConfig: Adding: com.android.server.compat.config.Change@87a3649
01-01 08:02:49.566 1518 1518 D CompatConfig: Adding: com.android.server.compat.config.Change@e098b4e
01-01 08:02:49.566 1518 1649 I SystemConfig: Reading permissions from /vendor/etc/permissions/android.software.midi.xml
01-01 08:02:49.566 1518 1518 D CompatConfig: Adding: com.android.server.compat.config.Change@6ef257c
01-01 08:02:49.566 1518 1518 D CompatConfig: Adding: com.android.server.compat.config.Change@b26ee05
01-01 08:02:49.566 1518 1649 I SystemConfig: Reading permissions from /vendor/etc/permissions/android.hardware.sensor.barometer.xml
01-01 08:02:49.566 1518 1518 D CompatConfig: Adding: com.android.server.compat.config.Change@b2cb88b
01-01 08:02:49.566 1518 1518 D CompatConfig: Adding: com.android.server.compat.config.Change@8c71d68
01-01 08:02:49.567 1518 1649 I SystemConfig: Reading permissions from /vendor/etc/permissions/android.hardware.wifi.rtt.xml
01-01 08:02:49.567 1518 1518 D CompatConfig: Adding: com.android.server.compat.config.Change@107b626
01-01 08:02:49.567 1518 1649 I SystemConfig: Reading permissions from /vendor/etc/permissions/vendor.qti.hardware.factory.xml
01-01 08:02:49.567 1518 1518 D CompatConfig: Adding: com.android.server.compat.config.Change@3a4a814
01-01 08:02:49.567 1518 1518 D CompatConfig: Adding: com.android.server.compat.config.Change@bc9d8bd
01-01 08:02:49.567 1518 1649 I SystemConfig: Reading permissions from /vendor/etc/permissions/android.hardware.usb.accessory.xml
01-01 08:02:49.567 1518 1518 D CompatConfig: Adding: com.android.server.compat.config.Change@7a1ae03
01-01 08:02:49.567 1518 1518 D CompatConfig: Adding: com.android.server.compat.config.Change@c2e3180
01-01 08:02:49.568 1518 1518 D CompatConfig: Adding: com.android.server.compat.config.Change@bc043b9
01-01 08:02:49.568 1518 1649 I SystemConfig: Reading permissions from /vendor/etc/permissions/android.hardware.audio.pro.xml
01-01 08:02:49.568 1518 1518 D CompatConfig: Adding: com.android.server.compat.config.Change@b87275f
01-01 08:02:49.568 1518 1518 D CompatConfig: Adding: com.android.server.compat.config.Change@904e5ac
01-01 08:02:49.568 1518 1649 I SystemConfig: Reading permissions from /vendor/etc/permissions/android.hardware.sensor.compass.xml
01-01 08:02:49.568 1518 1518 D CompatConfig: Adding: com.android.server.compat.config.Change@7dfc20a
01-01 08:02:49.568 1518 1518 D CompatConfig: Adding: com.android.server.compat.config.Change@520da7b
01-01 08:02:49.568 1518 1518 D CompatConfig: Adding: com.android.server.compat.config.Change@7b0b098
01-01 08:02:49.568 1518 1649 I SystemConfig: Reading permissions from /vendor/etc/permissions/android.hardware.se.omapi.uicc.xml
01-01 08:02:49.569 1518 1518 D CompatConfig: Adding: com.android.server.compat.config.Change@5bff4d6
01-01 08:02:49.569 1518 1518 D CompatConfig: Adding: com.android.server.compat.config.Change@2d8a357
01-01 08:02:49.569 1518 1518 D CompatConfig: Adding: com.android.server.compat.config.Change@44c3e44
01-01 08:02:49.569 1518 1649 I SystemConfig: Reading permissions from /vendor/etc/permissions/android.hardware.sensor.ambient_temperature.xml
01-01 08:02:49.569 1518 1518 D CompatConfig: Adding: com.android.server.compat.config.Change@39e8862
01-01 08:02:49.569 1518 1518 D CompatConfig: Adding: com.android.server.compat.config.Change@5da1df3
01-01 08:02:49.569 1518 1649 I SystemConfig: Reading permissions from /vendor/etc/permissions/android.hardware.vulkan.version-1_1.xml
01-01 08:02:49.569 1518 1518 D CompatConfig: Adding: com.android.server.compat.config.Change@a1c8d29
01-01 08:02:49.569 1518 1518 D CompatConfig: Adding: com.android.server.compat.config.Change@7e0c8ae
01-01 08:02:49.569 1518 1518 D CompatConfig: Adding: com.android.server.compat.config.Change@c6ea64f
01-01 08:02:49.569 1518 1649 I SystemConfig: Reading permissions from /vendor/etc/permissions/android.hardware.sensor.accelerometer.xml
01-01 08:02:49.570 1518 1518 D CompatConfig: Adding: com.android.server.compat.config.Change@947d2e5
01-01 08:02:49.570 1518 1518 D CompatConfig: Adding: com.android.server.compat.config.Change@7f4c1ba
01-01 08:02:49.570 1518 1649 I SystemConfig: Reading permissions from /vendor/etc/permissions/qti_fingerprint_interface.xml
01-01 08:02:49.570 1518 1518 D CompatConfig: Adding: com.android.server.compat.config.Change@f7d6fc8
01-01 08:02:49.570 1518 1518 D CompatConfig: Adding: com.android.server.compat.config.Change@d27b861
01-01 08:02:49.570 1518 1649 I SystemConfig: Reading permissions from /vendor/etc/permissions/android.hardware.wifi.direct.xml
01-01 08:02:49.570 1518 1518 D CompatConfig: Adding: com.android.server.compat.config.Change@d731047
01-01 08:02:49.570 1518 1649 I SystemConfig: Reading permissions from /vendor/etc/permissions/android.hardware.fingerprint.xml
01-01 08:02:49.571 1518 1518 D CompatConfig: Found a config file: /system/system_ext/etc/compatconfig/settings-platform-compat-config.xml
01-01 08:02:49.571 1518 1649 I SystemConfig: Reading permissions from /vendor/etc/permissions/android.software.vulkan.deqp.level.xml
01-01 08:02:49.571 1518 1518 D CompatConfig: Adding: com.android.server.compat.config.Change@3c669e3
01-01 08:02:49.571 1518 1649 I SystemConfig: Reading permissions from /vendor/etc/permissions/android.software.ipsec_tunnels.xml
01-01 08:02:49.571 1518 1649 I SystemConfig: Reading permissions from /vendor/etc/permissions/android.hardware.light.xml
01-01 08:02:49.571 1518 1518 D CompatConfig: No directory /apex/com.android.vndk.v30/etc/compatconfig, skipping
01-01 08:02:49.572 1518 1518 D CompatConfig: No directory /apex/com.android.wifi/etc/compatconfig, skipping
01-01 08:02:49.572 1518 1518 D CompatConfig: No directory /apex/com.android.vndk.v31/etc/compatconfig, skipping
01-01 08:02:49.572 1518 1518 D CompatConfig: No directory /apex/com.android.tzdata/etc/compatconfig, skipping
01-01 08:02:49.572 1518 1649 I SystemConfig: Reading permissions from /vendor/etc/permissions/handheld_core_hardware.xml
01-01 08:02:49.572 1518 1518 D CompatConfig: No directory /apex/com.android.tethering/etc/compatconfig, skipping
01-01 08:02:49.572 1518 1518 D CompatConfig: No directory /apex/com.android.sdkext/etc/compatconfig, skipping
01-01 08:02:49.572 1518 1518 D CompatConfig: No directory /apex/com.android.scheduling/etc/compatconfig, skipping
01-01 08:02:49.572 1518 1518 D CompatConfig: No directory /apex/com.android.runtime/etc/compatconfig, skipping
01-01 08:02:49.572 1518 1518 D CompatConfig: No directory /apex/com.android.resolv/etc/compatconfig, skipping
01-01 08:02:49.572 1518 1518 D CompatConfig: No directory /apex/com.android.permission/etc/compatconfig, skipping
01-01 08:02:49.572 1518 1518 D CompatConfig: No directory /apex/com.android.os.statsd/etc/compatconfig, skipping
01-01 08:02:49.572 1518 1518 D CompatConfig: No directory /apex/com.android.neuralnetworks/etc/compatconfig, skipping
01-01 08:02:49.572 1518 1649 I SystemConfig: Reading permissions from /vendor/etc/permissions/android.hardware.wifi.passpoint.xml
01-01 08:02:49.572 1518 1518 D CompatConfig: Found a config file: /apex/com.android.mediaprovider/etc/compatconfig/media-provider-platform-compat-config.xml
01-01 08:02:49.572 1518 1649 I SystemConfig: Reading permissions from /vendor/etc/permissions/android.hardware.wifi.aware.xml
01-01 08:02:49.572 1518 1518 D CompatConfig: Adding: com.android.server.compat.config.Change@2e10d6a
01-01 08:02:49.573 1518 1518 D CompatConfig: Adding: com.android.server.compat.config.Change@5e5325b
01-01 08:02:49.573 1518 1649 I SystemConfig: Reading permissions from /vendor/etc/permissions/android.hardware.usb.host.xml
01-01 08:02:49.573 1518 1518 D CompatConfig: Adding: com.android.server.compat.config.Change@2be7bd1
01-01 08:02:49.573 1518 1518 D CompatConfig: Adding: com.android.server.compat.config.Change@97a9636
01-01 08:02:49.573 1518 1518 D CompatConfig: Adding: com.android.server.compat.config.Change@fac2ea4
01-01 08:02:49.573 1518 1649 I SystemConfig: Reading permissions from /vendor/etc/permissions/android.hardware.bluetooth.xml
01-01 08:02:49.573 1518 1518 D CompatConfig: Adding: com.android.server.compat.config.Change@95e040d
01-01 08:02:49.573 1518 1518 D CompatConfig: Adding: com.android.server.compat.config.Change@151dfc2
01-01 08:02:49.573 1518 1518 D CompatConfig: No directory /apex/com.android.media.swcodec/etc/compatconfig, skipping
01-01 08:02:49.573 1518 1649 I SystemConfig: Reading permissions from /vendor/etc/permissions/android.hardware.vulkan.compute-0.xml
01-01 08:02:49.573 1518 1518 D CompatConfig: No directory /apex/com.android.media/etc/compatconfig, skipping
01-01 08:02:49.573 1518 1518 D CompatConfig: No directory /apex/com.android.ipsec/etc/compatconfig, skipping
01-01 08:02:49.574 1518 1518 D CompatConfig: No directory /apex/com.android.i18n/etc/compatconfig, skipping
01-01 08:02:49.574 1518 1518 D CompatConfig: No directory /apex/com.android.extservices/etc/compatconfig, skipping
01-01 08:02:49.574 1518 1518 D CompatConfig: No directory /apex/com.android.conscrypt/etc/compatconfig, skipping
01-01 08:02:49.574 1518 1649 I SystemConfig: Reading permissions from /vendor/etc/permissions/android.hardware.vulkan.level-1.xml
01-01 08:02:49.574 1518 1518 D CompatConfig: Found a config file: /apex/com.android.art/etc/compatconfig/libcore-platform-compat-config.xml
01-01 08:02:49.574 1518 1518 D CompatConfig: Adding: com.android.server.compat.config.Change@562360e
01-01 08:02:49.574 1518 1649 I SystemConfig: Reading permissions from /vendor/etc/permissions/android.hardware.audio.low_latency.xml
01-01 08:02:49.574 1518 1518 D CompatConfig: Adding: com.android.server.compat.config.Change@e84ae3c
01-01 08:02:49.574 1518 1518 D CompatConfig: Adding: com.android.server.compat.config.Change@9fca7c5
01-01 08:02:49.574 1518 1518 D CompatConfig: Adding: com.android.server.compat.config.Change@30fa51a
01-01 08:02:49.575 1518 1649 I SystemConfig: Reading permissions from /vendor/etc/permissions/android.hardware.se.omapi.ese.xml
01-01 08:02:49.575 1518 1518 D CompatConfig: Adding: com.android.server.compat.config.Change@d0c7228
01-01 08:02:49.575 1518 1518 D CompatConfig: No directory /apex/com.android.appsearch/etc/compatconfig, skipping
01-01 08:02:49.575 1518 1649 I SystemConfig: Reading permissions from /vendor/etc/permissions/android.software.device_id_attestation.xml
01-01 08:02:49.575 1518 1518 D CompatConfig: No directory /apex/com.android.adbd/etc/compatconfig, skipping
01-01 08:02:49.575 1518 1649 I SystemConfig: Reading permissions from /vendor/etc/permissions/android.software.verified_boot.xml
01-01 08:02:49.575 1518 1649 I SystemConfig: Reading permissions from /vendor/etc/permissions/android.hardware.sensor.relative_humidity.xml
01-01 08:02:49.576 1518 1518 I SystemServerTiming: StartFileIntegrityService
01-01 08:02:49.576 1518 1518 I SystemServiceManager: Starting com.android.server.security.FileIntegrityService
01-01 08:02:49.576 1518 1649 I SystemConfig: Reading permissions from /vendor/etc/permissions/android.hardware.location.gps.xml
01-01 08:02:49.576 1518 1649 I SystemConfig: Reading permissions from /vendor/etc/permissions/vendor-qti-hardware-sensorscalibrate.xml
01-01 08:02:49.577 1518 1649 I SystemConfig: Reading permissions from /vendor/etc/permissions/android.hardware.touchscreen.multitouch.jazzhand.xml
01-01 08:02:49.577 1518 1649 I SystemConfig: Reading permissions from /vendor/etc/permissions/android.hardware.bluetooth_le.xml
01-01 08:02:49.577 1518 1649 I SystemConfig: Reading permissions from /vendor/etc/permissions/android.hardware.wifi.xml
01-01 08:02:49.578 1518 1649 I SystemConfig: Reading permissions from /product/etc/sysconfig/preinstalled-packages-platform-overlays.xml
01-01 08:02:49.579 1518 1649 I SystemConfig: Reading permissions from /product/etc/sysconfig/preinstalled-packages-platform-handheld-product.xml
01-01 08:02:49.579 1518 1649 I SystemConfig: Reading permissions from /product/etc/permissions/ims_ext_common.xml
01-01 08:02:49.579 1518 1649 I SystemConfig: Reading permissions from /product/etc/permissions/UimService.xml
01-01 08:02:49.580 1518 1518 I SystemServerTiming: StartInstaller
01-01 08:02:49.580 1518 1518 I SystemServiceManager: Starting com.android.server.pm.Installer
01-01 08:02:49.580 1518 1649 I SystemConfig: Reading permissions from /product/etc/permissions/vendor.qti.hardware.data.connection-V1.0-java.xml
01-01 08:02:49.580 1518 1649 I SystemConfig: Reading permissions from /product/etc/permissions/privapp-permissions-soundrecorder.xml
01-01 08:02:49.580 1518 1649 I SystemConfig: Reading permissions from /product/etc/permissions/com.android.settings.intelligence.xml
01-01 08:02:49.581 1518 1649 I SystemConfig: Reading permissions from /product/etc/permissions/telephony_product_privapp-permissions-qti.xml
01-01 08:02:49.581 1518 1518 I SystemServerTiming: DeviceIdentifiersPolicyService
01-01 08:02:49.581 1518 1518 I SystemServiceManager: Starting com.android.server.os.DeviceIdentifiersPolicyService
01-01 08:02:49.581 1518 1649 I SystemConfig: Reading permissions from /product/etc/permissions/vendor.qti.hardware.data.connection-V1.1-java.xml
01-01 08:02:49.581 1518 1518 I SystemServerTiming: UriGrantsManagerService
01-01 08:02:49.581 1518 1518 I SystemServiceManager: Starting com.android.server.uri.UriGrantsManagerService$Lifecycle
01-01 08:02:49.581 1518 1649 I SystemConfig: Reading permissions from /product/etc/permissions/com.qti.snapdragon.sdk.display.xml
01-01 08:02:49.581 1518 1518 I SystemServerTiming: StartPowerStatsService
01-01 08:02:49.581 1518 1518 I SystemServiceManager: Starting com.android.server.powerstats.PowerStatsService
01-01 08:02:49.582 1518 1649 I SystemConfig: Reading permissions from /system_ext/etc/sysconfig/qti_telephony_system_packages_config.xml
01-01 08:02:49.582 1518 1649 I SystemConfig: Reading permissions from /system_ext/etc/sysconfig/qti_whitelist_system_ext.xml
01-01 08:02:49.582 1518 1649 I SystemConfig: Reading permissions from /system_ext/etc/permissions/wfd-system-ext-privapp-permissions-qti.xml
01-01 08:02:49.583 1518 1518 I SystemServerTiming: StartIStatsService
01-01 08:02:49.583 1518 1649 I SystemConfig: Reading permissions from /system_ext/etc/permissions/com.android.storagemanager.xml
01-01 08:02:49.583 1518 1649 I SystemConfig: Reading permissions from /system_ext/etc/permissions/android.software.verified_boot.xml
01-01 08:02:49.583 1518 1518 I SystemServerTiming: MemtrackProxyService
01-01 08:02:49.584 1518 1649 I SystemConfig: Reading permissions from /system_ext/etc/permissions/com.nxp.nfc.nq.xml
01-01 08:02:49.584 1518 1649 I SystemConfig: Reading permissions from /system_ext/etc/permissions/com.qti.location.sdk.xml
01-01 08:02:49.584 1518 1518 I SystemServerTiming: StartActivityManager
01-01 08:02:49.584 1518 1649 I SystemConfig: Reading permissions from /system_ext/etc/permissions/com.android.systemui.xml
01-01 08:02:49.584 1518 1518 I SystemServiceManager: Starting com.android.server.wm.ActivityTaskManagerService$Lifecycle
01-01 08:02:49.585 1518 1649 I SystemConfig: Reading permissions from /system_ext/etc/permissions/com.thundercomm.microsettings.xml
01-01 08:02:49.585 1518 1649 I SystemConfig: Reading permissions from /system_ext/etc/permissions/privapp-permissions-qti-system-ext.xml
01-01 08:02:49.585 1518 1649 I SystemConfig: Reading permissions from /system_ext/etc/permissions/embms-noship_product_privapp_permissions_qti.xml
01-01 08:02:49.586 1518 1649 I SystemConfig: Reading permissions from /system_ext/etc/permissions/privapp-permissions-com.qualcomm.location.xml
01-01 08:02:49.586 1518 1649 I SystemConfig: Reading permissions from /system_ext/etc/permissions/com.qualcomm.location.xml
01-01 08:02:49.587 1518 1649 I SystemConfig: Reading permissions from /system_ext/etc/permissions/embms.xml
01-01 08:02:49.588 1518 1649 I SystemConfig: Reading permissions from /system_ext/etc/permissions/com.android.launcher3.xml
01-01 08:02:49.588 1518 1649 I SystemConfig: Reading permissions from /system_ext/etc/permissions/com.qualcomm.qti.imscmservice-V2.0-java.xml
01-01 08:02:49.588 1518 1518 I SystemServiceManager: Starting com.android.server.am.ActivityManagerService$Lifecycle
01-01 08:02:49.588 1518 1649 I SystemConfig: Reading permissions from /system_ext/etc/permissions/qti_libpermissions.xml
01-01 08:02:49.588 1518 1649 I SystemConfig: Reading permissions from /system_ext/etc/permissions/privapp-permissions-aptxals.xml
01-01 08:02:49.589 1518 1649 I SystemConfig: Reading permissions from /system_ext/etc/permissions/audiosphere.xml
01-01 08:02:49.589 1518 1649 I SystemConfig: Reading permissions from /system_ext/etc/permissions/com.qti.media.secureprocessor.xml
01-01 08:02:49.590 1518 1649 I SystemConfig: Reading permissions from /system_ext/etc/permissions/com.hht.lebocast.xml
01-01 08:02:49.590 1518 1649 I SystemConfig: Reading permissions from /system_ext/etc/permissions/com.qualcomm.qti.izattools.xml
01-01 08:02:49.590 1518 1649 I SystemConfig: Reading permissions from /system_ext/etc/permissions/com.qualcomm.qti.imscmservice.xml
01-01 08:02:49.591 1518 1649 I SystemConfig: Reading permissions from /system_ext/etc/permissions/com.qualcomm.qti.imscmservice-V2.1-java.xml
01-01 08:02:49.591 1518 1649 I SystemConfig: Reading permissions from /system_ext/etc/permissions/telephony_system-ext_privapp-permissions-qti.xml
01-01 08:02:49.591 1518 1649 I SystemConfig: Reading permissions from /system_ext/etc/permissions/com.qualcomm.qmapbridge.xml
