12-08 04:31:10.739 2377 2377 I sysui_multi_action: [757,120,758,1,759,120,927,6,928,0,1593,0]
12-08 04:31:10.739 2377 2377 I sysui_multi_action: [757,122,758,1,759,122,927,7,928,1,1593,0]
12-08 04:31:10.739 2377 2377 I sysui_multi_action: [757,111,758,1]
12-08 04:31:10.739 2377 2377 I sysui_multi_action: [757,126,758,1,759,126,927,0,928,1,1593,1]
12-08 04:31:10.739 2377 2377 I sysui_multi_action: [757,113,758,1,759,113,927,1,928,1,1593,1]
12-08 04:31:10.739 2377 2377 I sysui_multi_action: [757,0,758,1,759,0,927,2,928,0,1593,1]
12-08 04:31:10.739 2377 2377 I sysui_multi_action: [757,0,758,1,759,0,927,3,928,0,1593,1]
12-08 04:31:10.752 1518 1518 I GameModeConfig: isGameModeOn = false
12-08 04:31:10.753 1518 1518 E NotificationService: Muting recently noisy 0|com.android.systemui|2048|null|10082
12-08 04:31:10.769 1518 1518 I GameModeConfig: isGameModeOn = false
12-08 04:31:10.770 1518 1518 E NotificationService: Muting recently noisy 0|com.android.systemui|2048|null|10082
12-08 04:31:10.784 1518 1518 I GameModeConfig: isGameModeOn = false
12-08 04:31:10.785 1518 1518 E NotificationService: Muting recently noisy 0|com.android.systemui|2048|null|10082
12-08 04:31:10.804 1518 1518 I GameModeConfig: isGameModeOn = false
12-08 04:31:10.804 1518 1518 E NotificationService: Muting recently noisy 0|com.android.systemui|2048|null|10082
12-08 04:31:10.821 1518 1518 I GameModeConfig: isGameModeOn = false
12-08 04:31:10.821 1518 1518 E NotificationService: Muting recently noisy 0|com.android.systemui|2048|null|10082
12-08 04:31:10.836 1518 1518 I GameModeConfig: isGameModeOn = false
12-08 04:31:10.836 1518 1518 E NotificationService: Muting recently noisy 0|com.android.systemui|2048|null|10082
12-08 04:31:10.850 1518 1518 I GameModeConfig: isGameModeOn = false
12-08 04:31:10.851 1518 1518 E NotificationService: Muting recently noisy 0|com.android.systemui|2048|null|10082
12-08 04:31:10.868 1518 1518 I GameModeConfig: isGameModeOn = false
12-08 04:31:10.869 1518 1518 E NotificationService: Muting recently noisy 0|com.android.systemui|2048|null|10082
12-08 04:31:10.884 1518 1518 I GameModeConfig: isGameModeOn = false
12-08 04:31:10.884 1518 1518 E NotificationService: Muting recently noisy 0|com.android.systemui|2048|null|10082
12-08 04:31:10.907 1518 1518 I GameModeConfig: isGameModeOn = false
12-08 04:31:10.907 1518 1518 E NotificationService: Muting recently noisy 0|com.android.systemui|2048|null|10082
12-08 04:31:10.928 1518 1518 I GameModeConfig: isGameModeOn = false
12-08 04:31:10.928 1518 1518 E NotificationService: Muting recently noisy 0|com.android.systemui|2048|null|10082
12-08 04:31:11.168 1518 1653 I am_pss : [6008,10090,com.android.music,56672256,49528832,0,181157888,0,2,11]
12-08 04:31:11.926 1518 2002 I input_interaction: Interaction with: e17f318 com.android.systemui/com.android.systemui.screenrecord.ScreenRecordDialog (server), edge-swipe (server), swipe-up (server), PointerEventDispatcher0 (server),
12-08 04:31:13.937 1518 5681 I wm_finish_activity: [0,7537721,21,com.android.systemui/.screenrecord.ScreenRecordDialog,app-request]
12-08 04:31:13.938 1518 5681 I wm_task_moved: [20,1,7]
12-08 04:31:13.938 1518 5681 I wm_task_to_front: [0,20]
12-08 04:31:13.943 1518 5681 I wm_focused_root_task: [0,0,20,21,finish-top adjustFocusToNextFocusableTask]
12-08 04:31:13.960 1518 5681 I wm_pause_activity: [0,7537721,com.android.systemui/.screenrecord.ScreenRecordDialog,userLeaving=false,finish]
12-08 04:31:13.969 1518 1646 I input_focus: [Focus request d93574c com.android.music/com.android.music.MusicBrowserActivity,reason=UpdateInputWindows]
12-08 04:31:13.980 2377 2377 I wm_on_top_resumed_lost_called: [7537721,com.android.systemui.screenrecord.ScreenRecordDialog,topStateChangedWhenResumed]
12-08 04:31:13.981 2377 2377 I wm_on_paused_called: [7537721,com.android.systemui.screenrecord.ScreenRecordDialog,performPause]
12-08 04:31:13.982 1518 2002 I input_focus: [Focus leaving e17f318 com.android.systemui/com.android.systemui.screenrecord.ScreenRecordDialog (server),reason=NO_WINDOW]
12-08 04:31:13.982 1518 2002 I input_focus: [Focus entering d93574c com.android.music/com.android.music.MusicBrowserActivity (server),reason=setFocusedWindow]
12-08 04:31:13.983 1518 1634 I ActivityTaskManager: FOREGROUND_APPLICATION_CHANGED to com.android.music.MusicBrowserActivity
12-08 04:31:13.984 1518 1634 I wm_set_resumed_activity: [0,com.android.music/.MusicBrowserActivity,resumeTopActivityInnerLocked]
12-08 04:31:13.986 1518 1634 D CompatibilityChangeReporter: Compat change id reported: 174042980; UID 10090; state: DISABLED
12-08 04:31:13.987 1518 1634 D CompatibilityChangeReporter: Compat change id reported: 184838306; UID 10090; state: DISABLED
12-08 04:31:13.988 1518 1634 D CompatibilityChangeReporter: Compat change id reported: 185004937; UID 10090; state: DISABLED
12-08 04:31:13.988 1518 1634 I wm_resume_activity: [0,263791007,20,com.android.music/.MusicBrowserActivity]
12-08 04:31:14.009 1518 1645 I sysui_multi_action: [757,803,799,window_time_0,802,4]
12-08 04:31:14.027 6008 6008 I wm_on_resume_called: [263791007,com.android.music.MusicBrowserActivity,RESUME_ACTIVITY]
12-08 04:31:14.027 6008 6008 I wm_on_top_resumed_gained_called: [263791007,com.android.music.MusicBrowserActivity,topWhenResuming]
12-08 04:31:14.034 1518 5679 I wm_destroy_activity: [0,7537721,21,com.android.systemui/.screenrecord.ScreenRecordDialog,finish-idle]
12-08 04:31:14.042 2377 2377 I wm_on_stop_called: [7537721,com.android.systemui.screenrecord.ScreenRecordDialog,LIFECYCLER_STOP_ACTIVITY]
12-08 04:31:14.042 2377 2377 I wm_on_destroy_called: [7537721,com.android.systemui.screenrecord.ScreenRecordDialog,performDestroy]
12-08 04:31:14.102 4314 4334 W ContextImpl: Calling a method in the system process without a qualified user: android.app.ContextImpl.startService:1816 android.content.ContextWrapper.startService:774 com.thundercomm.gamemode.ingame.services.GameModeActionUtils.startGameModeService:93 com.thundercomm.gamemode.ingame.services.GameModeActionUtils.startGameModeEntry:21 com.thundercomm.gamemode.ingame.services.ActivityMonitoringService$1.onActivityLaunch:127
12-08 04:31:14.111 1518 1518 I GameModeConfig: Current uri is uri = content://com.thundercomm.gamemode.api/gamemode_settings/gamemode_isgaming
12-08 04:31:14.114 1518 1518 I GameModeConfig: isGameModeOn = false
12-08 04:31:14.114 1518 1518 I GameModeConfig: isGameModeOn = false
12-08 04:31:14.114 1518 1518 I GameModeConfig: isDisableVoice = true
12-08 04:31:14.256 1518 1646 I wm_task_removed: [21,removeChild:removeChild last r=ActivityRecord{730439 u0 com.android.systemui/.screenrecord.ScreenRecordDialog t-1 f}} in t=Task{a2528c4 #21 type=standard A=10082:com.android.systemui U=0 visible=false mode=fullscreen translucent=true sz=0}]
12-08 04:31:14.256 1518 1646 I wm_task_removed: [21,removeChild]
12-08 04:31:14.259 1518 1646 W ActivityTaskManager: Can't find TaskDisplayArea to determine support for multi window. Task id=21 attached=false
12-08 04:31:14.259 1518 1646 W ActivityTaskManager: Can't find TaskDisplayArea to determine support for multi window. Task id=21 attached=false
12-08 04:31:15.909 1518 2002 I input_interaction: Interaction with: d93574c com.android.music/com.android.music.MusicBrowserActivity (server), edge-swipe (server), swipe-up (server), PointerEventDispatcher0 (server),
12-08 04:31:15.944 1518 5679 I wm_task_moved: [1,0,0]
12-08 04:31:15.944 1518 5679 I wm_task_moved: [1,0,5]
12-08 04:31:15.967 6008 6008 I view_enqueue_input_event: [Motion - Cancel,com.android.music/com.android.music.MusicBrowserActivity]
12-08 04:31:15.978 4314 4334 W ContextImpl: Calling a method in the system process without a qualified user: android.app.ContextImpl.startService:1816 android.content.ContextWrapper.startService:774 com.thundercomm.gamemode.ingame.services.GameModeActionUtils.startGameModeService:93 com.thundercomm.gamemode.ingame.services.GameModeActionUtils.startGameModeEntry:21 com.thundercomm.gamemode.ingame.services.ActivityMonitoringService$1.onActivityLaunch:127
12-08 04:31:15.981 1518 1646 I input_focus: [Focus request recents_animation_input_consumer,reason=UpdateInputWindows]
12-08 04:31:15.982 1518 2002 I input_interaction: Interaction with: edge-swipe (server), swipe-up (server), PointerEventDispatcher0 (server),
12-08 04:31:15.990 2824 2824 I wm_on_restart_called: [73204664,com.android.launcher3.uioverrides.QuickstepLauncher,performRestartActivity]
12-08 04:31:15.997 1518 2002 I input_focus: [Focus leaving d93574c com.android.music/com.android.music.MusicBrowserActivity (server),reason=NOT_FOCUSABLE]
12-08 04:31:15.997 1518 2002 I input_focus: [Focus entering recents_animation_input_consumer (server),reason=setFocusedWindow]
12-08 04:31:16.001 1518 1518 I GameModeConfig: Current uri is uri = content://com.thundercomm.gamemode.api/gamemode_settings/gamemode_isgaming
12-08 04:31:16.004 1518 1518 I GameModeConfig: isGameModeOn = false
12-08 04:31:16.004 1518 1518 I GameModeConfig: isGameModeOn = false
12-08 04:31:16.004 1518 1518 I GameModeConfig: isDisableVoice = true
12-08 04:31:16.015 1518 2376 W ActivityTaskManager: getTaskSnapshot: taskId=5020 not found
12-08 04:31:16.015 2824 2824 I wm_on_start_called: [73204664,com.android.launcher3.uioverrides.QuickstepLauncher,handleStartActivity]
12-08 04:31:16.017 1518 2376 W ActivityTaskManager: getTaskSnapshot: taskId=5020 not found
12-08 04:31:16.017 1518 2376 W ActivityTaskManager: getTaskSnapshot: taskId=4020 not found
12-08 04:31:16.023 1518 5679 W ActivityTaskManager: getTaskSnapshot: taskId=3020 not found
12-08 04:31:16.024 1518 2465 W ActivityTaskManager: getTaskSnapshot: taskId=2020 not found
12-08 04:31:16.025 1518 5679 W ActivityTaskManager: getTaskSnapshot: taskId=1020 not found
12-08 04:31:16.026 1518 5679 W ActivityTaskManager: getTaskSnapshot: taskId=5020 not found
12-08 04:31:16.026 1518 5679 W ActivityTaskManager: getTaskSnapshot: taskId=4020 not found
12-08 04:31:16.027 1518 5679 W ActivityTaskManager: getTaskSnapshot: taskId=3020 not found
12-08 04:31:16.027 1518 5679 W ActivityTaskManager: getTaskSnapshot: taskId=2020 not found
12-08 04:31:16.027 2824 2824 I sysui_latency: [1,119]
12-08 04:31:16.027 1518 5679 W ActivityTaskManager: getTaskSnapshot: taskId=1020 not found
12-08 04:31:16.036 1518 1642 I sysui_multi_action: [319,19,322,88,325,875,757,761,758,9,759,5,806,com.android.launcher3,871,com.android.launcher3.uioverrides.QuickstepLauncher,905,0,1320,4,1321,1]
12-08 04:31:16.054 1518 5679 W ActivityTaskManager: getTaskSnapshot: taskId=1020 not found
12-08 04:31:16.054 1518 5679 W ActivityTaskManager: getTaskSnapshot: taskId=2020 not found
12-08 04:31:16.054 1518 5679 W ActivityTaskManager: getTaskSnapshot: taskId=3020 not found
12-08 04:31:16.054 1518 5679 W ActivityTaskManager: getTaskSnapshot: taskId=4020 not found
12-08 04:31:16.054 1518 5679 W ActivityTaskManager: getTaskSnapshot: taskId=5020 not found
12-08 04:31:16.222 1518 1752 I commit_sys_config_file: [settings-1-0,9]
12-08 04:31:16.332 1518 1653 I sysui_latency: [8,115]
12-08 04:31:16.747 1518 2736 I wm_task_moved: [1,1,6]
12-08 04:31:16.748 1518 2736 I wm_task_moved: [10,1,2147483647]
12-08 04:31:16.748 1518 2736 I wm_task_to_front: [0,10]
12-08 04:31:16.749 1518 2736 I wm_focused_root_task: [0,0,1,20,RecentsAnimation.onAnimationFinished()]
12-08 04:31:16.749 1518 2736 I wm_set_resumed_activity: [0,com.android.launcher3/.uioverrides.QuickstepLauncher,RecentsAnimation.onAnimationFinished()]
12-08 04:31:16.750 6008 6008 I wm_on_top_resumed_lost_called: [263791007,com.android.music.MusicBrowserActivity,topStateChangedWhenResumed]
12-08 04:31:16.752 1518 2736 I wm_pause_activity: [0,263791007,com.android.music/.MusicBrowserActivity,userLeaving=true,pauseBackTasks]
12-08 04:31:16.752 1518 2736 I wm_add_to_stopping: [0,263791007,com.android.music/.MusicBrowserActivity,makeInvisible]
12-08 04:31:16.753 1518 2736 I ActivityTaskManager: FOREGROUND_APPLICATION_CHANGED to com.android.launcher3.uioverrides.QuickstepLauncher
12-08 04:31:16.753 1518 2736 I wm_set_resumed_activity: [0,com.android.launcher3/.uioverrides.QuickstepLauncher,resumeTopActivityInnerLocked]
12-08 04:31:16.755 1518 2736 I wm_resume_activity: [0,73204664,10,com.android.launcher3/.uioverrides.QuickstepLauncher]
12-08 04:31:16.757 2824 2824 I wm_on_resume_called: [73204664,com.android.launcher3.uioverrides.QuickstepLauncher,RESUME_ACTIVITY]
12-08 04:31:16.766 1518 1646 I input_focus: [Focus request 87852de com.android.launcher3/com.android.launcher3.uioverrides.QuickstepLauncher,reason=UpdateInputWindows]
12-08 04:31:16.771 1518 1645 I wm_stop_activity: [0,263791007,com.android.music/.MusicBrowserActivity]
12-08 04:31:16.772 1518 1645 I sysui_multi_action: [757,803,799,window_time_0,802,3]
12-08 04:31:16.772 1518 1645 I sysui_multi_action: [757,803,799,window_time_0,802,0]
12-08 04:31:16.773 6008 6008 I wm_on_paused_called: [263791007,com.android.music.MusicBrowserActivity,performPause]
12-08 04:31:16.778 2824 2824 I wm_on_top_resumed_gained_called: [73204664,com.android.launcher3.uioverrides.QuickstepLauncher,topStateChangedWhenResumed]
12-08 04:31:16.782 1518 2002 I input_focus: [Focus leaving recents_animation_input_consumer (server),reason=NOT_VISIBLE]
12-08 04:31:16.782 1518 2002 I input_focus: [Focus entering 87852de com.android.launcher3/com.android.launcher3.uioverrides.QuickstepLauncher (server),reason=setFocusedWindow]
12-08 04:31:16.784 6008 6008 I wm_on_stop_called: [263791007,com.android.music.MusicBrowserActivity,STOP_ACTIVITY_ITEM]
12-08 04:31:16.811 4314 4334 W ContextImpl: Calling a method in the system process without a qualified user: android.app.ContextImpl.startService:1816 android.content.ContextWrapper.startService:774 com.thundercomm.gamemode.ingame.services.GameModeActionUtils.startGameModeService:93 com.thundercomm.gamemode.ingame.services.GameModeActionUtils.startGameModeEntry:21 com.thundercomm.gamemode.ingame.services.ActivityMonitoringService$1.onActivityLaunch:127
12-08 04:31:16.814 1518 1518 I GameModeConfig: Current uri is uri = content://com.thundercomm.gamemode.api/gamemode_settings/gamemode_isgaming
12-08 04:31:16.815 1518 1518 I GameModeConfig: isGameModeOn = false
12-08 04:31:16.816 1518 1518 I GameModeConfig: isGameModeOn = false
12-08 04:31:16.816 1518 1518 I GameModeConfig: isDisableVoice = true
12-08 04:31:16.878 4314 4334 W ContextImpl: Calling a method in the system process without a qualified user: android.app.ContextImpl.startService:1816 android.content.ContextWrapper.startService:774 com.thundercomm.gamemode.ingame.services.GameModeActionUtils.startGameModeService:93 com.thundercomm.gamemode.ingame.services.GameModeActionUtils.startGameModeEntry:21 com.thundercomm.gamemode.ingame.services.ActivityMonitoringService$1.onActivityLaunch:127
12-08 04:31:16.882 1518 1518 I GameModeConfig: Current uri is uri = content://com.thundercomm.gamemode.api/gamemode_settings/gamemode_isgaming
12-08 04:31:16.884 1518 1518 I GameModeConfig: isGameModeOn = false
12-08 04:31:16.885 1518 1518 I GameModeConfig: isGameModeOn = false
12-08 04:31:16.885 1518 1518 I GameModeConfig: isDisableVoice = true
12-08 04:31:16.951 1518 2002 I input_interaction: Interaction with: 545abb StatusBar (server), edge-swipe (server), swipe-up (server), PointerEventDispatcher0 (server),
12-08 04:31:16.990 1518 3852 E TaskPersister: File error accessing recents directory (directory doesn't exist?).
12-08 04:31:17.023 504 504 I auditd : avc: denied { find } for pid=1205 uid=1013 name=package_native scontext=u:r:mediaserver:s0 tcontext=u:object_r:package_native_service:s0 tclass=service_manager permissive=0
12-08 04:31:17.024 504 504 I auditd : avc: denied { find } for pid=1205 uid=1013 name=package_native scontext=u:r:mediaserver:s0 tcontext=u:object_r:package_native_service:s0 tclass=service_manager permissive=0
12-08 04:31:17.071 1518 6026 I DisplayDeviceRepository: Display device added: DisplayDeviceInfo{"Recording Display": uniqueId="virtual:com.android.systemui,10082,Recording Display,0", 2560 x 1080, modeId 2, defaultModeId 2, supportedModes [{id=2, width=2560, height=1080, fps=60.0, alternativeRefreshRates=[]}], colorMode 0, supportedColorModes [0], hdrCapabilities null, allmSupported false, gameContentTypeSupported false, density 240, 240.0 x 240.0 dpi, appVsyncOff 0, presDeadline 16666666, touch NONE, rotation 0, type VIRTUAL, deviceProductInfo null, state ON, owner com.android.systemui (uid 10082), frameRateOverride , brightnessMinimum 0.0, brightnessMaximum 0.0, brightnessDefault 0.0, FLAG_PRIVATE, FLAG_PRESENTATION}
12-08 04:31:17.072 1518 6026 I LogicalDisplayMapper: Applying layout: [{addr: {port=129, model=0x40446d97fee5e6}, dispId: 0(ON)}], Previous layout: [{addr: {port=129, model=0x40446d97fee5e6}, dispId: 0(ON)}]
12-08 04:31:17.073 1518 6026 I LogicalDisplayMapper: Adding new display: 2: DisplayInfo{"Recording Display", displayId 2", displayGroupId -1, FLAG_PRIVATE, FLAG_PRESENTATION, real 2560 x 1080, largest app 2560 x 1080, smallest app 2560 x 1080, appVsyncOff 0, presDeadline 16666666, mode 2, defaultMode 2, modes [{id=2, width=2560, height=1080, fps=60.0, alternativeRefreshRates=[]}], hdrCapabilities null, userDisabledHdrTypes [], minimalPostProcessingSupported false, rotation 0, state ON, type VIRTUAL, uniqueId "virtual:com.android.systemui,10082,Recording Display,0", app 2560 x 1080, density 240 (240.0 x 240.0) dpi, layerStack 2, colorMode 0, supportedColorModes [0], deviceProductInfo null, owner com.android.systemui (uid 10082), removeMode 1, refreshRateOverride 0.0, brightnessMinimum 0.0, brightnessMaximum 0.0, brightnessDefault 0.0}
12-08 04:31:17.073 1518 6026 I LogicalDisplayMapper: Setting new display group 0 for display 2, from previous group: null
12-08 04:31:17.074 1518 6026 W DisplayPowerController[2]: Screen brightness nits configuration is unavailable; falling back
12-08 04:31:17.079 1518 1646 W DisplayManagerService: Display DisplayDeviceInfo{"Recording Display": uniqueId="virtual:com.android.systemui,10082,Recording Display,0", 2560 x 1080, modeId 2, defaultModeId 2, supportedModes [{id=2, width=2560, height=1080, fps=60.0, alternativeRefreshRates=[]}], colorMode 0, supportedColorModes [0], hdrCapabilities null, allmSupported false, gameContentTypeSupported false, density 240, 240.0 x 240.0 dpi, appVsyncOff 0, presDeadline 16666666, touch NONE, rotation 0, type VIRTUAL, deviceProductInfo null, state ON, owner com.android.systemui (uid 10082), frameRateOverride , brightnessMinimum 0.0, brightnessMaximum 0.0, brightnessDefault 0.0, FLAG_PRIVATE, FLAG_PRESENTATION} does not support input device matching.
12-08 04:31:17.080 1518 1670 V DisplayPowerController[2]: Brightness [0.0] reason changing to: 'manual', previous reason: '0'.
12-08 04:31:17.080 1518 1670 W PowerManagerService: Screen on took 224985 ms
12-08 04:31:17.093 1518 1643 W DisplayManagerService: Display DisplayDeviceInfo{"Recording Display": uniqueId="virtual:com.android.systemui,10082,Recording Display,0", 2560 x 1080, modeId 2, defaultModeId 2, supportedModes [{id=2, width=2560, height=1080, fps=60.0, alternativeRefreshRates=[]}], colorMode 0, supportedColorModes [0], hdrCapabilities null, allmSupported false, gameContentTypeSupported false, density 240, 240.0 x 240.0 dpi, appVsyncOff 0, presDeadline 16666666, touch NONE, rotation 0, type VIRTUAL, deviceProductInfo null, state ON, owner com.android.systemui (uid 10082), frameRateOverride , brightnessMinimum 0.0, brightnessMaximum 0.0, brightnessDefault 0.0, FLAG_PRIVATE, FLAG_PRESENTATION} does not support input device matching.
12-08 04:31:17.094 1518 1643 W DisplayManagerService: Display DisplayDeviceInfo{"Recording Display": uniqueId="virtual:com.android.systemui,10082,Recording Display,0", 2560 x 1080, modeId 2, defaultModeId 2, supportedModes [{id=2, width=2560, height=1080, fps=60.0, alternativeRefreshRates=[]}], colorMode 0, supportedColorModes [0], hdrCapabilities null, allmSupported false, gameContentTypeSupported false, density 240, 240.0 x 240.0 dpi, appVsyncOff 0, presDeadline 16666666, touch NONE, rotation 0, type VIRTUAL, deviceProductInfo null, state ON, owner com.android.systemui (uid 10082), frameRateOverride , brightnessMinimum 0.0, brightnessMaximum 0.0, brightnessDefault 0.0, FLAG_PRIVATE, FLAG_PRESENTATION} does not support input device matching.
12-08 04:31:17.103 2377 2377 V AudioPolicy: Null context, checking permission via ActivityManager
12-08 04:31:17.105 1518 1643 W WindowManager: Unable to take screenshot of display 2
12-08 04:31:17.105 1518 1643 I WindowManager: Override config changes=20005df8 {0.0 ?mcc?mnc ?localeList ?layoutDir sw720dp w1706dp h720dp 240dpi xlrg long land ?uimode ?night -touch -keyb/v/h -nav/h winConfig={ mBounds=Rect(0, 0 - 2560, 1080) mAppBounds=Rect(0, 0 - 2560, 1080) mMaxBounds=Rect(0, 0 - 2560, 1080) mWindowingMode=fullscreen mDisplayWindowingMode=fullscreen mActivityType=undefined mAlwaysOnTop=undefined mRotation=ROTATION_0} ?fontWeightAdjustment} for displayId=2
12-08 04:31:17.105 1518 1643 I sysui_multi_action: [757,1659,758,4,759,2,1660,2]
12-08 04:31:17.107 1518 1643 W DisplayManagerService: Display DisplayDeviceInfo{"Recording Display": uniqueId="virtual:com.android.systemui,10082,Recording Display,0", 2560 x 1080, modeId 2, defaultModeId 2, supportedModes [{id=2, width=2560, height=1080, fps=60.0, alternativeRefreshRates=[]}], colorMode 0, supportedColorModes [0], hdrCapabilities null, allmSupported false, gameContentTypeSupported false, density 240, 240.0 x 240.0 dpi, appVsyncOff 0, presDeadline 16666666, touch NONE, rotation 0, type VIRTUAL, deviceProductInfo null, state ON, owner com.android.systemui (uid 10082), frameRateOverride , brightnessMinimum 0.0, brightnessMaximum 0.0, brightnessDefault 0.0, FLAG_PRIVATE, FLAG_PRESENTATION} does not support input device matching.
12-08 04:31:17.108 1518 1643 I WindowManager: Screen frozen for +4ms due to new-config
12-08 04:31:17.109 1518 1518 I Telecom : WiredHeadsetManager: ACTION_HEADSET_PLUG event, plugged in: false, : WHC.oADA@ACU
12-08 04:31:17.161 1518 1752 I commit_sys_config_file: [settings-1-0,3]
12-08 04:31:17.312 1518 5679 I sysui_multi_action: [757,856,758,1,806,com.android.systemui,857,screen_record,858,3]
12-08 04:31:17.318 1518 1518 I notification_enqueue: [10082,2377,com.android.systemui,4274,NULL,0,Notification(channel=screen_record shortcut=null contentView=null vibrate=null sound=null defaults=0x0 flags=0x42 color=0xffc5221f actions=1 vis=PRIVATE),0]
12-08 04:31:17.330 2377 2377 I sysui_multi_action: [757,803,799,panel_open,802,1]
12-08 04:31:17.331 2377 2377 I sysui_multi_action: [757,1328,758,4,1326,55,1327,1,1329,0]
12-08 04:31:17.339 1518 5679 I sysui_multi_action: [757,127,758,1]
12-08 04:31:17.339 1518 5679 I sysui_multi_action: [757,804,799,note_load,801,2,802,1]
12-08 04:31:17.339 1518 5679 I notification_panel_revealed: 2
12-08 04:31:17.362 1518 1646 I input_focus: [Focus request 89e55f9 NotificationShade,reason=UpdateInputWindows]
12-08 04:31:17.383 2377 2377 W DisplayController: Skipping Display Configuration change on non-added display.
12-08 04:31:17.385 1518 2002 I input_focus: [Focus leaving 87852de com.android.launcher3/com.android.launcher3.uioverrides.QuickstepLauncher (server),reason=Waiting for window because NOT_VISIBLE]
12-08 04:31:17.388 1518 2736 W AppOps : Noting op not finished: uid 10082 pkg com.android.systemui code 24 startTime of in progress event=1670444225243
12-08 04:31:17.400 1518 2002 I input_focus: [Focus entering 89e55f9 NotificationShade (server),reason=Window became focusable. Previous reason: NOT_VISIBLE]
12-08 04:31:17.411 1518 1518 I Telecom : WiredHeadsetManager: ACTION_HEADSET_PLUG event, plugged in: false, : WHC.oADA@ACY
12-08 04:31:17.519 1518 1518 I sysui_multi_action: [757,1501,758,1,793,203,794,0,795,203,796,4274,806,com.android.systemui,857,screen_record,858,3,947,0,1500,0,1688,1]
12-08 04:31:17.520 1518 1518 I sysui_multi_action: [757,804,799,note_interruptive,801,0,802,1]
12-08 04:31:17.520 1518 1518 I GameModeConfig: isGameModeOn = false
12-08 04:31:17.524 1518 1518 I sysui_multi_action: [757,1501,758,1,793,207,794,0,795,207,796,4274,806,com.android.systemui,857,screen_record,858,3,947,0,1500,0,1688,1]
12-08 04:31:17.524 1518 1518 I sysui_multi_action: [757,804,799,note_interruptive,801,0,802,1]
12-08 04:31:17.524 1518 1518 I sysui_multi_action: [757,199,758,1,759,3,793,208,794,0,795,208,796,4274,806,com.android.systemui,857,screen_record,858,3,947,0,1500,1,1688,1]
12-08 04:31:17.525 1518 1518 I notification_alert: [0|com.android.systemui|4274|null|10082,1,1,0]
12-08 04:31:17.529 1518 1518 W NotificationHistory: Attempted to add notif for locked/gone/disabled user 0
12-08 04:31:17.572 1518 1644 I commit_sys_config_file: [notification-policy,852464]
12-08 04:31:17.587 1518 1752 I commit_sys_config_file: [settings-2-0,4]
12-08 04:31:17.865 1518 2736 I sysui_multi_action: [757,128,758,1,793,669264,794,0,795,669264,796,26,798,1,806,android,857,DEVELOPER_IMPORTANT,858,4,947,0,1395,3,1500,669057,1688,1]
12-08 04:31:17.866 1518 2736 I sysui_multi_action: [757,804,799,note_freshness,801,669264,802,1]
12-08 04:31:17.866 1518 2736 I notification_visibility: [-1|android|26|null|1000,1,669264,669264,0,1]
12-08 04:31:17.866 1518 2736 I sysui_multi_action: [757,128,758,1,793,550,794,0,795,550,796,4274,798,0,806,com.android.systemui,857,screen_record,858,3,947,0,1395,3,1500,343,1688,1]
12-08 04:31:17.866 1518 2736 I sysui_multi_action: [757,804,799,note_freshness,801,550,802,1]
12-08 04:31:17.866 1518 2736 I notification_visibility: [0|com.android.systemui|4274|null|10082,1,550,550,0,0]
12-08 04:31:17.866 1518 2736 I sysui_multi_action: [757,128,758,1,793,850973,794,0,795,850973,796,32,798,2,806,android,857,USB,858,1,947,0,1395,3,1500,850811,1688,1]
12-08 04:31:17.867 1518 2736 I sysui_multi_action: [757,804,799,note_freshness,801,850973,802,1]
12-08 04:31:17.867 1518 2736 I notification_visibility: [-1|android|32|null|1000,1,850973,850973,0,2]
12-08 04:31:20.699 1518 2319 I GameModeConfig: isGameModeOn = false
12-08 04:31:20.700 1518 2319 I GameModeConfig: isGameModeOn = false
12-08 04:31:20.700 1518 2319 I GameModeConfig: isGameModeOn = false
12-08 04:31:20.701 1518 2319 I GameModeConfig: isGameModeOn = false
12-08 04:31:20.701 1518 2319 I GameModeConfig: isGameModeOn = false
12-08 04:31:20.702 1518 2319 I GameModeConfig: isGameModeOn = false
12-08 04:31:20.708 1518 2319 I GameModeConfig: isGameModeOn = false
12-08 04:31:20.721 1518 2319 I GameModeConfig: isGameModeOn = false
12-08 04:31:20.723 1518 2319 I GameModeConfig: isGameModeOn = false
12-08 04:31:20.737 1518 2319 I GameModeConfig: isGameModeOn = false
12-08 04:31:20.752 1518 2319 I GameModeConfig: isGameModeOn = false
12-08 04:31:20.769 1518 2319 I GameModeConfig: isGameModeOn = false
12-08 04:31:20.784 1518 2319 I GameModeConfig: isGameModeOn = false
12-08 04:31:20.814 1518 2319 I GameModeConfig: isGameModeOn = false
12-08 04:31:20.821 1518 2319 I GameModeConfig: isGameModeOn = false
12-08 04:31:20.837 1518 2319 I GameModeConfig: isGameModeOn = false
12-08 04:31:20.850 1518 2319 I GameModeConfig: isGameModeOn = false
12-08 04:31:20.869 1518 2319 I GameModeConfig: isGameModeOn = false
12-08 04:31:20.884 1518 2319 I GameModeConfig: isGameModeOn = false
12-08 04:31:20.908 1518 2319 I GameModeConfig: isGameModeOn = false
12-08 04:31:20.928 1518 2319 I GameModeConfig: isGameModeOn = false
12-08 04:31:21.096 1518 2002 I input_interaction: Interaction with: 89e55f9 NotificationShade (server), edge-swipe (server), swipe-up (server), PointerEventDispatcher0 (server),
12-08 04:31:21.230 1518 2465 I sysui_multi_action: [757,129,758,4,759,0,793,3914,794,3364,795,3914,796,4274,798,0,806,com.android.systemui,857,screen_record,858,3,947,0,1395,3,1500,3707,1600,0,1601,0,1629,3,1688,1]
12-08 04:31:21.230 1518 2465 I notification_action_clicked: [0|com.android.systemui|4274|null|10082,0,3914,3914,3364,0,3]
12-08 04:31:21.249 1518 1653 I am_pss : [6008,10090,com.android.music,23415808,16273408,0,147865600,0,4,11]
12-08 04:31:21.316 1518 2465 I DisplayDeviceRepository: Display device removed: DisplayDeviceInfo{"Recording Display": uniqueId="virtual:com.android.systemui,10082,Recording Display,0", 2560 x 1080, modeId 2, defaultModeId 2, supportedModes [{id=2, width=2560, height=1080, fps=60.0, alternativeRefreshRates=[]}], colorMode 0, supportedColorModes [0], hdrCapabilities null, allmSupported false, gameContentTypeSupported false, density 240, 240.0 x 240.0 dpi, appVsyncOff 0, presDeadline 16666666, touch NONE, rotation 0, type VIRTUAL, deviceProductInfo null, state ON, owner com.android.systemui (uid 10082), frameRateOverride , brightnessMinimum 0.0, brightnessMaximum 0.0, brightnessDefault 0.0, FLAG_PRIVATE, FLAG_PRESENTATION}
12-08 04:31:21.317 1518 2465 I LogicalDisplayMapper: Removing display: 2
12-08 04:31:21.391 1518 1518 I Telecom : WiredHeadsetManager: ACTION_HEADSET_PLUG event, plugged in: false, : WHC.oADR@ACc
12-08 04:31:21.463 1518 1752 I commit_sys_config_file: [settings-1-0,5]
12-08 04:31:26.967 1518 2469 I commit_sys_config_file: [appops,851886]
12-08 04:31:27.536 1518 2319 I GameModeConfig: isGameModeOn = false
12-08 04:31:27.572 1518 6026 W AS.AudioService: Trying to unregister unknown audio policy for pid 0 / uid 10082
12-08 04:31:27.588 1518 1518 I notification_enqueue: [10082,2377,com.android.systemui,4275,NULL,0,Notification(channel=screen_record shortcut=null contentView=null vibrate=null sound=null defaults=0x0 flags=0x0 color=0x00000000 vis=PRIVATE),0]
12-08 04:31:27.590 1518 1518 I sysui_multi_action: [757,128,758,5,759,8,793,10274,794,9724,795,10274,796,4274,806,com.android.systemui,857,screen_record,858,3,947,0,1500,10067,1688,1]
12-08 04:31:27.590 1518 1518 I notification_canceled: [0|com.android.systemui|4274|null|10082,8,10274,10274,9724,-1,-1,NULL]
12-08 04:31:27.597 1518 6026 W WindowManager: Failed looking up window session=Session{441ef32 2377:u0a10082} callers=com.android.server.wm.WindowManagerService.windowForClientLocked:5628 com.android.server.wm.WindowManagerService.removeWindow:2033 com.android.server.wm.Session.remove:218
12-08 04:31:27.598 1518 1518 D CompatibilityChangeReporter: Compat change id reported: 175319604; UID 1000; state: ENABLED
12-08 04:31:27.600 1518 1518 D CompatibilityChangeReporter: Compat change id reported: 175319604; UID 1000; state: DISABLED
12-08 04:31:27.607 1518 5679 D CompatibilityChangeReporter: Compat change id reported: 149924527; UID 10082; state: ENABLED
12-08 04:31:27.607 1518 5679 D CompatibilityChangeReporter: Compat change id reported: 132649864; UID 10082; state: DISABLED
12-08 04:31:27.609 1518 5679 D CompatibilityChangeReporter: Compat change id reported: 182734110; UID 10082; state: ENABLED
12-08 04:31:27.612 1518 5679 D CompatibilityChangeReporter: Compat change id reported: 172100307; UID 10082; state: ENABLED
12-08 04:31:27.789 1518 1518 I sysui_multi_action: [757,1501,758,1,793,202,794,0,795,202,796,4275,806,com.android.systemui,857,screen_record,858,3,947,0,1500,0,1688,1]
12-08 04:31:27.789 1518 1518 I sysui_multi_action: [757,804,799,note_interruptive,801,0,802,1]
12-08 04:31:27.790 1518 1518 I GameModeConfig: isGameModeOn = false
12-08 04:31:27.792 1518 1518 I sysui_multi_action: [757,1501,758,1,793,205,794,0,795,205,796,4275,806,com.android.systemui,857,screen_record,858,3,947,0,1500,0,1688,1]
12-08 04:31:27.792 1518 1518 I sysui_multi_action: [757,804,799,note_interruptive,801,0,802,1]
12-08 04:31:27.792 1518 1518 I sysui_multi_action: [757,199,758,1,759,3,793,205,794,0,795,205,796,4275,806,com.android.systemui,857,screen_record,858,3,947,0,1500,0,1688,1]
12-08 04:31:27.792 1518 1518 I notification_alert: [0|com.android.systemui|4275|null|10082,1,1,0]
12-08 04:31:27.794 1518 1518 W NotificationHistory: Attempted to add notif for locked/gone/disabled user 0
12-08 04:31:27.977 1518 1518 I notification_enqueue: [10082,2377,com.android.systemui,4273,NULL,0,Notification(channel=screen_record shortcut=null contentView=null vibrate=null sound=null defaults=0x0 flags=0x10 color=0x00000000 actions=1 vis=PRIVATE),0]
12-08 04:31:27.978 1518 1518 I sysui_multi_action: [757,128,758,5,759,8,793,391,794,0,795,391,796,4275,806,com.android.systemui,857,screen_record,858,3,947,0,1500,186,1688,1]
12-08 04:31:27.978 1518 1518 I notification_canceled: [0|com.android.systemui|4275|null|10082,8,391,391,0,-1,-1,NULL]
12-08 04:31:28.179 1518 1518 I sysui_multi_action: [757,1501,758,1,793,202,794,0,795,202,796,4273,806,com.android.systemui,857,screen_record,858,3,947,0,1500,0,1688,1,1745,680407814]
12-08 04:31:28.180 1518 1518 I sysui_multi_action: [757,804,799,note_interruptive,801,0,802,1]
12-08 04:31:28.180 1518 1518 I GameModeConfig: isGameModeOn = false
12-08 04:31:28.181 1518 1518 E NotificationService: Muting recently noisy 0|com.android.systemui|4273|null|10082
12-08 04:31:28.183 1518 1518 W NotificationHistory: Attempted to add notif for locked/gone/disabled user 0
12-08 04:31:28.296 1518 6182 E NotificationService: No vibration for canceled notification : 0|com.android.systemui|4275|null|10082
12-08 04:31:28.802 1518 3327 I sysui_multi_action: [757,128,758,1,793,825,794,0,795,825,796,4273,798,1,806,com.android.systemui,857,screen_record,858,3,947,0,1395,3,1500,623,1688,1,1745,680407814]
12-08 04:31:28.802 1518 3327 I sysui_multi_action: [757,804,799,note_freshness,801,825,802,1]
12-08 04:31:28.802 1518 3327 I notification_visibility: [0|com.android.systemui|4273|null|10082,1,825,825,0,1]
12-08 04:31:37.900 1518 2002 I input_interaction: Interaction with: 89e55f9 NotificationShade (server), PointerEventDispatcher0 (server),
12-08 04:31:38.182 1518 2319 I GameModeConfig: isGameModeOn = false
12-08 04:31:45.571 1518 1654 I am_uid_idle: 10094
12-08 04:32:22.911 1518 1654 I am_uid_idle: 10067
12-08 04:32:30.922 1518 1670 V DisplayPowerController[0]: Brightness [0.05] reason changing to: 'manual [ dim ]', previous reason: 'manual'.
12-08 04:32:30.922 1518 1670 I sysui_multi_action: [757,1696,758,6,759,2]
12-08 04:32:30.931 1518 2355 E DisplayDeviceConfig: requesting nits when no mapping exists.
12-08 04:32:30.932 1518 1654 I am_wtf : [0,1518,system_server,-1,DisplayDeviceConfig,requesting nits when no mapping exists.]
12-08 04:32:30.932 1518 2355 E DisplayDeviceConfig: requesting nits when no mapping exists.
12-08 04:32:30.934 1518 1654 I DropBoxManagerService: add tag=system_server_wtf isTagEnabled=true flags=0x2
12-08 04:32:30.936 1518 1654 I am_wtf : [0,1518,system_server,-1,DisplayDeviceConfig,requesting nits when no mapping exists.]
12-08 04:32:30.937 1518 1654 I DropBoxManagerService: add tag=system_server_wtf isTagEnabled=true flags=0x2
12-08 04:32:30.948 1518 2355 E DisplayDeviceConfig: requesting nits when no mapping exists.
12-08 04:32:30.948 1518 2355 E DisplayDeviceConfig: requesting nits when no mapping exists.
12-08 04:32:30.948 1518 1654 I am_wtf : [0,1518,system_server,-1,DisplayDeviceConfig,requesting nits when no mapping exists.]
12-08 04:32:30.950 1518 1654 I DropBoxManagerService: add tag=system_server_wtf isTagEnabled=true flags=0x2
12-08 04:32:30.951 1518 1654 I am_wtf : [0,1518,system_server,-1,DisplayDeviceConfig,requesting nits when no mapping exists.]
12-08 04:32:30.952 1518 1654 I DropBoxManagerService: add tag=system_server_wtf isTagEnabled=true flags=0x2
12-08 04:32:30.955 1518 2355 E DisplayDeviceConfig: requesting nits when no mapping exists.
12-08 04:32:30.955 1518 1654 I am_wtf : [0,1518,system_server,-1,DisplayDeviceConfig,requesting nits when no mapping exists.]
12-08 04:32:30.955 1518 2355 E DisplayDeviceConfig: requesting nits when no mapping exists.
12-08 04:32:30.956 1518 1654 I DropBoxManagerService: add tag=system_server_wtf isTagEnabled=true flags=0x2
12-08 04:32:30.958 1518 1654 I am_wtf : [0,1518,system_server,-1,DisplayDeviceConfig,requesting nits when no mapping exists.]
12-08 04:32:30.971 1518 2355 E DisplayDeviceConfig: requesting nits when no mapping exists.
12-08 04:32:30.971 1518 2355 E DisplayDeviceConfig: requesting nits when no mapping exists.
12-08 04:32:30.972 1518 1654 I am_wtf : [0,1518,system_server,-1,DisplayDeviceConfig,requesting nits when no mapping exists.]
12-08 04:32:30.972 1518 1654 I am_wtf : [0,1518,system_server,-1,DisplayDeviceConfig,requesting nits when no mapping exists.]
12-08 04:32:30.988 1518 2355 E DisplayDeviceConfig: requesting nits when no mapping exists.
12-08 04:32:30.989 1518 2355 E DisplayDeviceConfig: requesting nits when no mapping exists.
12-08 04:32:30.989 1518 1654 I am_wtf : [0,1518,system_server,-1,DisplayDeviceConfig,requesting nits when no mapping exists.]
12-08 04:32:30.989 1518 1654 I am_wtf : [0,1518,system_server,-1,DisplayDeviceConfig,requesting nits when no mapping exists.]
12-08 04:32:31.005 1518 2355 E DisplayDeviceConfig: requesting nits when no mapping exists.
12-08 04:32:31.005 1518 1654 I am_wtf : [0,1518,system_server,-1,DisplayDeviceConfig,requesting nits when no mapping exists.]
12-08 04:32:31.005 1518 2355 E DisplayDeviceConfig: requesting nits when no mapping exists.
12-08 04:32:31.006 1518 1654 I am_wtf : [0,1518,system_server,-1,DisplayDeviceConfig,requesting nits when no mapping exists.]
12-08 04:32:31.022 1518 2355 E DisplayDeviceConfig: requesting nits when no mapping exists.
12-08 04:32:31.022 1518 2355 E DisplayDeviceConfig: requesting nits when no mapping exists.
12-08 04:32:31.022 1518 1654 I am_wtf : [0,1518,system_server,-1,DisplayDeviceConfig,requesting nits when no mapping exists.]
12-08 04:32:31.023 1518 1654 I am_wtf : [0,1518,system_server,-1,DisplayDeviceConfig,requesting nits when no mapping exists.]
12-08 04:32:31.038 1518 2355 E DisplayDeviceConfig: requesting nits when no mapping exists.
12-08 04:32:31.039 1518 2355 E DisplayDeviceConfig: requesting nits when no mapping exists.
12-08 04:32:31.039 1518 1654 I am_wtf : [0,1518,system_server,-1,DisplayDeviceConfig,requesting nits when no mapping exists.]
12-08 04:32:31.040 1518 1654 I am_wtf : [0,1518,system_server,-1,DisplayDeviceConfig,requesting nits when no mapping exists.]
12-08 04:32:31.055 1518 2355 E DisplayDeviceConfig: requesting nits when no mapping exists.
12-08 04:32:31.056 1518 1654 I am_wtf : [0,1518,system_server,-1,DisplayDeviceConfig,requesting nits when no mapping exists.]
12-08 04:32:31.056 1518 2355 E DisplayDeviceConfig: requesting nits when no mapping exists.
12-08 04:32:31.056 1518 1654 I service_manager_stats: [100,67,107095]
12-08 04:32:31.056 1518 1654 I am_wtf : [0,1518,system_server,-1,DisplayDeviceConfig,requesting nits when no mapping exists.]
12-08 04:32:31.072 1518 2355 E DisplayDeviceConfig: requesting nits when no mapping exists.
12-08 04:32:31.072 1518 1654 I am_wtf : [0,1518,system_server,-1,DisplayDeviceConfig,requesting nits when no mapping exists.]
12-08 04:32:31.072 1518 2355 E DisplayDeviceConfig: requesting nits when no mapping exists.
12-08 04:32:31.073 1518 1654 I am_wtf : [0,1518,system_server,-1,DisplayDeviceConfig,requesting nits when no mapping exists.]
12-08 04:32:31.089 1518 2355 E DisplayDeviceConfig: requesting nits when no mapping exists.
12-08 04:32:31.089 1518 1654 I am_wtf : [0,1518,system_server,-1,DisplayDeviceConfig,requesting nits when no mapping exists.]
12-08 04:32:31.090 1518 2355 E DisplayDeviceConfig: requesting nits when no mapping exists.
12-08 04:32:31.091 1518 1654 I am_wtf : [0,1518,system_server,-1,DisplayDeviceConfig,requesting nits when no mapping exists.]
12-08 04:32:31.105 1518 2355 E DisplayDeviceConfig: requesting nits when no mapping exists.
12-08 04:32:31.106 1518 2355 E DisplayDeviceConfig: requesting nits when no mapping exists.
12-08 04:32:31.106 1518 1654 I am_wtf : [0,1518,system_server,-1,DisplayDeviceConfig,requesting nits when no mapping exists.]
12-08 04:32:31.107 1518 1654 I am_wtf : [0,1518,system_server,-1,DisplayDeviceConfig,requesting nits when no mapping exists.]
12-08 04:32:31.122 1518 2355 E DisplayDeviceConfig: requesting nits when no mapping exists.
12-08 04:32:31.122 1518 1654 I am_wtf : [0,1518,system_server,-1,DisplayDeviceConfig,requesting nits when no mapping exists.]
12-08 04:32:31.122 1518 2355 E DisplayDeviceConfig: requesting nits when no mapping exists.
12-08 04:32:31.124 1518 1654 I am_wtf : [0,1518,system_server,-1,DisplayDeviceConfig,requesting nits when no mapping exists.]
12-08 04:32:31.138 1518 2355 E DisplayDeviceConfig: requesting nits when no mapping exists.
12-08 04:32:31.139 1518 1654 I am_wtf : [0,1518,system_server,-1,DisplayDeviceConfig,requesting nits when no mapping exists.]
12-08 04:32:31.139 1518 2355 E DisplayDeviceConfig: requesting nits when no mapping exists.
12-08 04:32:31.140 1518 1654 I am_wtf : [0,1518,system_server,-1,DisplayDeviceConfig,requesting nits when no mapping exists.]
12-08 04:32:31.156 1518 2355 E DisplayDeviceConfig: requesting nits when no mapping exists.
12-08 04:32:31.156 1518 2355 E DisplayDeviceConfig: requesting nits when no mapping exists.
12-08 04:32:31.156 1518 1654 I am_wtf : [0,1518,system_server,-1,DisplayDeviceConfig,requesting nits when no mapping exists.]
12-08 04:32:31.157 1518 1654 I am_wtf : [0,1518,system_server,-1,DisplayDeviceConfig,requesting nits when no mapping exists.]
12-08 04:32:31.172 1518 2355 E DisplayDeviceConfig: requesting nits when no mapping exists.
12-08 04:32:31.173 1518 2355 E DisplayDeviceConfig: requesting nits when no mapping exists.
12-08 04:32:31.173 1518 1654 I am_wtf : [0,1518,system_server,-1,DisplayDeviceConfig,requesting nits when no mapping exists.]
12-08 04:32:31.174 1518 1654 I am_wtf : [0,1518,system_server,-1,DisplayDeviceConfig,requesting nits when no mapping exists.]
12-08 04:32:31.189 1518 2355 E DisplayDeviceConfig: requesting nits when no mapping exists.
12-08 04:32:31.189 1518 2355 E DisplayDeviceConfig: requesting nits when no mapping exists.
12-08 04:32:31.189 1518 1654 I am_wtf : [0,1518,system_server,-1,DisplayDeviceConfig,requesting nits when no mapping exists.]
12-08 04:32:31.190 1518 1654 I am_wtf : [0,1518,system_server,-1,DisplayDeviceConfig,requesting nits when no mapping exists.]
12-08 04:32:31.205 1518 2355 E DisplayDeviceConfig: requesting nits when no mapping exists.
12-08 04:32:31.206 1518 2355 E DisplayDeviceConfig: requesting nits when no mapping exists.
12-08 04:32:31.206 1518 1654 I am_wtf : [0,1518,system_server,-1,DisplayDeviceConfig,requesting nits when no mapping exists.]
12-08 04:32:31.207 1518 1654 I am_wtf : [0,1518,system_server,-1,DisplayDeviceConfig,requesting nits when no mapping exists.]
12-08 04:32:31.222 1518 2355 E DisplayDeviceConfig: requesting nits when no mapping exists.
12-08 04:32:31.223 1518 2355 E DisplayDeviceConfig: requesting nits when no mapping exists.
12-08 04:32:31.223 1518 1654 I am_wtf : [0,1518,system_server,-1,DisplayDeviceConfig,requesting nits when no mapping exists.]
12-08 04:32:31.224 1518 1654 I am_wtf : [0,1518,system_server,-1,DisplayDeviceConfig,requesting nits when no mapping exists.]
12-08 04:32:31.239 1518 2355 E DisplayDeviceConfig: requesting nits when no mapping exists.
12-08 04:32:31.240 1518 1654 I am_wtf : [0,1518,system_server,-1,DisplayDeviceConfig,requesting nits when no mapping exists.]
12-08 04:32:31.240 1518 2355 E DisplayDeviceConfig: requesting nits when no mapping exists.
12-08 04:32:31.241 1518 1654 I am_wtf : [0,1518,system_server,-1,DisplayDeviceConfig,requesting nits when no mapping exists.]
12-08 04:32:31.255 1518 2355 E DisplayDeviceConfig: requesting nits when no mapping exists.
12-08 04:32:31.256 1518 2355 E DisplayDeviceConfig: requesting nits when no mapping exists.
12-08 04:32:31.256 1518 1654 I am_wtf : [0,1518,system_server,-1,DisplayDeviceConfig,requesting nits when no mapping exists.]
12-08 04:32:31.257 1518 1654 I am_wtf : [0,1518,system_server,-1,DisplayDeviceConfig,requesting nits when no mapping exists.]
12-08 04:32:31.272 1518 2355 E DisplayDeviceConfig: requesting nits when no mapping exists.
12-08 04:32:31.273 1518 2355 E DisplayDeviceConfig: requesting nits when no mapping exists.
12-08 04:32:31.273 1518 1654 I am_wtf : [0,1518,system_server,-1,DisplayDeviceConfig,requesting nits when no mapping exists.]
12-08 04:32:31.274 1518 1654 I am_wtf : [0,1518,system_server,-1,DisplayDeviceConfig,requesting nits when no mapping exists.]
12-08 04:32:31.289 1518 2355 E DisplayDeviceConfig: requesting nits when no mapping exists.
12-08 04:32:31.289 1518 1654 I am_wtf : [0,1518,system_server,-1,DisplayDeviceConfig,requesting nits when no mapping exists.]
12-08 04:32:31.290 1518 2355 E DisplayDeviceConfig: requesting nits when no mapping exists.
12-08 04:32:31.290 1518 1654 I am_wtf : [0,1518,system_server,-1,DisplayDeviceConfig,requesting nits when no mapping exists.]
12-08 04:32:31.306 1518 2355 E DisplayDeviceConfig: requesting nits when no mapping exists.
12-08 04:32:31.306 1518 2355 E DisplayDeviceConfig: requesting nits when no mapping exists.
12-08 04:32:31.306 1518 1654 I am_wtf : [0,1518,system_server,-1,DisplayDeviceConfig,requesting nits when no mapping exists.]
12-08 04:32:31.307 1518 1654 I am_wtf : [0,1518,system_server,-1,DisplayDeviceConfig,requesting nits when no mapping exists.]
12-08 04:32:31.322 1518 2355 E DisplayDeviceConfig: requesting nits when no mapping exists.
12-08 04:32:31.323 1518 1654 I am_wtf : [0,1518,system_server,-1,DisplayDeviceConfig,requesting nits when no mapping exists.]
12-08 04:32:31.323 1518 2355 E DisplayDeviceConfig: requesting nits when no mapping exists.
12-08 04:32:31.324 1518 1654 I am_wtf : [0,1518,system_server,-1,DisplayDeviceConfig,requesting nits when no mapping exists.]
12-08 04:32:31.339 1518 2355 E DisplayDeviceConfig: requesting nits when no mapping exists.
12-08 04:32:31.340 1518 2355 E DisplayDeviceConfig: requesting nits when no mapping exists.
12-08 04:32:31.340 1518 1654 I am_wtf : [0,1518,system_server,-1,DisplayDeviceConfig,requesting nits when no mapping exists.]
12-08 04:32:31.341 1518 1654 I am_wtf : [0,1518,system_server,-1,DisplayDeviceConfig,requesting nits when no mapping exists.]
12-08 04:32:31.356 1518 2355 E DisplayDeviceConfig: requesting nits when no mapping exists.
12-08 04:32:31.357 1518 2355 E DisplayDeviceConfig: requesting nits when no mapping exists.
12-08 04:32:31.357 1518 1654 I am_wtf : [0,1518,system_server,-1,DisplayDeviceConfig,requesting nits when no mapping exists.]
12-08 04:32:31.358 1518 1654 I am_wtf : [0,1518,system_server,-1,DisplayDeviceConfig,requesting nits when no mapping exists.]
12-08 04:32:31.373 1518 2355 E DisplayDeviceConfig: requesting nits when no mapping exists.
12-08 04:32:31.373 1518 2355 E DisplayDeviceConfig: requesting nits when no mapping exists.
12-08 04:32:31.373 1518 1654 I am_wtf : [0,1518,system_server,-1,DisplayDeviceConfig,requesting nits when no mapping exists.]
12-08 04:32:31.374 1518 1654 I am_wtf : [0,1518,system_server,-1,DisplayDeviceConfig,requesting nits when no mapping exists.]
12-08 04:32:31.389 1518 2355 E DisplayDeviceConfig: requesting nits when no mapping exists.
12-08 04:32:31.390 1518 2355 E DisplayDeviceConfig: requesting nits when no mapping exists.
12-08 04:32:31.390 1518 1654 I am_wtf : [0,1518,system_server,-1,DisplayDeviceConfig,requesting nits when no mapping exists.]
12-08 04:32:31.391 1518 1654 I am_wtf : [0,1518,system_server,-1,DisplayDeviceConfig,requesting nits when no mapping exists.]
12-08 04:32:31.406 1518 2355 E DisplayDeviceConfig: requesting nits when no mapping exists.
12-08 04:32:31.406 1518 2355 E DisplayDeviceConfig: requesting nits when no mapping exists.
12-08 04:32:31.406 1518 1654 I am_wtf : [0,1518,system_server,-1,DisplayDeviceConfig,requesting nits when no mapping exists.]
12-08 04:32:31.407 1518 1654 I am_wtf : [0,1518,system_server,-1,DisplayDeviceConfig,requesting nits when no mapping exists.]
12-08 04:32:31.422 1518 2355 E DisplayDeviceConfig: requesting nits when no mapping exists.
12-08 04:32:31.423 1518 2355 E DisplayDeviceConfig: requesting nits when no mapping exists.
12-08 04:32:31.423 1518 1654 I am_wtf : [0,1518,system_server,-1,DisplayDeviceConfig,requesting nits when no mapping exists.]
12-08 04:32:31.424 1518 1654 I am_wtf : [0,1518,system_server,-1,DisplayDeviceConfig,requesting nits when no mapping exists.]
12-08 04:32:31.439 1518 2355 E DisplayDeviceConfig: requesting nits when no mapping exists.
12-08 04:32:31.440 1518 2355 E DisplayDeviceConfig: requesting nits when no mapping exists.
12-08 04:32:31.440 1518 1654 I am_wtf : [0,1518,system_server,-1,DisplayDeviceConfig,requesting nits when no mapping exists.]
12-08 04:32:31.441 1518 1654 I am_wtf : [0,1518,system_server,-1,DisplayDeviceConfig,requesting nits when no mapping exists.]
12-08 04:32:31.456 1518 2355 E DisplayDeviceConfig: requesting nits when no mapping exists.
12-08 04:32:31.457 1518 2355 E DisplayDeviceConfig: requesting nits when no mapping exists.
12-08 04:32:31.457 1518 1654 I am_wtf : [0,1518,system_server,-1,DisplayDeviceConfig,requesting nits when no mapping exists.]
12-08 04:32:31.458 1518 1654 I am_wtf : [0,1518,system_server,-1,DisplayDeviceConfig,requesting nits when no mapping exists.]
12-08 04:32:31.472 1518 2355 E DisplayDeviceConfig: requesting nits when no mapping exists.
12-08 04:32:31.473 1518 1654 I am_wtf : [0,1518,system_server,-1,DisplayDeviceConfig,requesting nits when no mapping exists.]
12-08 04:32:31.473 1518 2355 E DisplayDeviceConfig: requesting nits when no mapping exists.
12-08 04:32:31.474 1518 1654 I am_wtf : [0,1518,system_server,-1,DisplayDeviceConfig,requesting nits when no mapping exists.]
12-08 04:32:31.489 1518 2355 E DisplayDeviceConfig: requesting nits when no mapping exists.
12-08 04:32:31.490 1518 1654 I am_wtf : [0,1518,system_server,-1,DisplayDeviceConfig,requesting nits when no mapping exists.]
12-08 04:32:31.491 1518 2355 E DisplayDeviceConfig: requesting nits when no mapping exists.
12-08 04:32:31.491 1518 1654 I am_wtf : [0,1518,system_server,-1,DisplayDeviceConfig,requesting nits when no mapping exists.]
12-08 04:32:31.506 1518 2355 E DisplayDeviceConfig: requesting nits when no mapping exists.
