12-08 04:35:41.457 1518 1518 I GameModeConfig: isGameModeOn = false
12-08 04:35:41.457 1518 1518 E NotificationService: Muting recently noisy 0|com.android.systemui|2048|null|10082
12-08 04:35:41.468 1518 1518 I GameModeConfig: isGameModeOn = false
12-08 04:35:41.469 1518 1518 E NotificationService: Muting recently noisy 0|com.android.systemui|2048|null|10082
12-08 04:35:41.482 1518 1518 I GameModeConfig: isGameModeOn = false
12-08 04:35:41.483 1518 1518 E NotificationService: Muting recently noisy 0|com.android.systemui|2048|null|10082
12-08 04:35:41.499 1518 1518 I GameModeConfig: isGameModeOn = false
12-08 04:35:41.500 1518 1518 E NotificationService: Muting recently noisy 0|com.android.systemui|2048|null|10082
12-08 04:35:41.519 1518 1518 I GameModeConfig: isGameModeOn = false
12-08 04:35:41.520 1518 1518 E NotificationService: Muting recently noisy 0|com.android.systemui|2048|null|10082
12-08 04:35:41.852 1518 1653 I am_pss : [5897,1000,com.android.settings,169279488,155885568,0,312172544,0,2,13]
12-08 04:35:42.401 1518 5934 I wm_task_moved: [1,0,0]
12-08 04:35:42.401 1518 5934 I wm_task_moved: [1,0,6]
12-08 04:35:42.414 2824 2824 I wm_on_restart_called: [73204664,com.android.launcher3.uioverrides.QuickstepLauncher,performRestartActivity]
12-08 04:35:42.445 2824 2824 I wm_on_start_called: [73204664,com.android.launcher3.uioverrides.QuickstepLauncher,handleStartActivity]
12-08 04:35:42.445 4314 4334 W ContextImpl: Calling a method in the system process without a qualified user: android.app.ContextImpl.startService:1816 android.content.ContextWrapper.startService:774 com.thundercomm.gamemode.ingame.services.GameModeActionUtils.startGameModeService:93 com.thundercomm.gamemode.ingame.services.GameModeActionUtils.startGameModeEntry:21 com.thundercomm.gamemode.ingame.services.ActivityMonitoringService$1.onActivityLaunch:127
12-08 04:35:42.446 5897 5897 I view_enqueue_input_event: [Motion - Cancel,com.android.settings/com.android.settings.Settings]
12-08 04:35:42.448 1518 3573 W ActivityTaskManager: getTaskSnapshot: taskId=4020 not found
12-08 04:35:42.449 1518 1646 I input_focus: [Focus request recents_animation_input_consumer,reason=UpdateInputWindows]
12-08 04:35:42.455 1518 1635 W ActivityTaskManager: getTaskSnapshot: taskId=3020 not found
12-08 04:35:42.457 1518 1635 W ActivityTaskManager: getTaskSnapshot: taskId=4020 not found
12-08 04:35:42.457 1518 1635 W ActivityTaskManager: getTaskSnapshot: taskId=3020 not found
12-08 04:35:42.457 2824 2824 I sysui_latency: [1,92]
12-08 04:35:42.458 1518 1635 W ActivityTaskManager: getTaskSnapshot: taskId=2020 not found
12-08 04:35:42.458 1518 1518 I GameModeConfig: Current uri is uri = content://com.thundercomm.gamemode.api/gamemode_settings/gamemode_isgaming
12-08 04:35:42.458 1518 2002 I input_interaction: Interaction with: edge-swipe (server), swipe-up (server), PointerEventDispatcher0 (server),
12-08 04:35:42.460 1518 6404 W ActivityTaskManager: getTaskSnapshot: taskId=1020 not found
12-08 04:35:42.462 1518 1518 I GameModeConfig: isGameModeOn = false
12-08 04:35:42.462 1518 6404 W ActivityTaskManager: getTaskSnapshot: taskId=2020 not found
12-08 04:35:42.462 1518 1518 I GameModeConfig: isGameModeOn = false
12-08 04:35:42.462 1518 1518 I GameModeConfig: isDisableVoice = true
12-08 04:35:42.462 1518 6404 W ActivityTaskManager: getTaskSnapshot: taskId=3020 not found
12-08 04:35:42.462 1518 6404 W ActivityTaskManager: getTaskSnapshot: taskId=4020 not found
12-08 04:35:42.466 1518 1642 I sysui_multi_action: [319,16,322,63,325,1141,757,761,758,9,759,5,806,com.android.launcher3,871,com.android.launcher3.uioverrides.QuickstepLauncher,905,0,1320,4,1321,1]
12-08 04:35:42.468 1518 6404 W ActivityTaskManager: getTaskSnapshot: taskId=4020 not found
12-08 04:35:42.469 1518 6404 W ActivityTaskManager: getTaskSnapshot: taskId=3020 not found
12-08 04:35:42.469 1518 6404 W ActivityTaskManager: getTaskSnapshot: taskId=2020 not found
12-08 04:35:42.469 1518 6404 W ActivityTaskManager: getTaskSnapshot: taskId=1020 not found
12-08 04:35:42.469 1518 2002 I input_focus: [Focus leaving 49b46f5 com.android.settings/com.android.settings.Settings (server),reason=NOT_FOCUSABLE]
12-08 04:35:42.469 1518 2002 I input_focus: [Focus entering recents_animation_input_consumer (server),reason=setFocusedWindow]
12-08 04:35:42.646 1518 1752 I commit_sys_config_file: [settings-1-0,5]
12-08 04:35:42.766 1518 1653 I sysui_latency: [8,91]
12-08 04:35:43.174 1518 2736 I wm_task_moved: [1,1,7]
12-08 04:35:43.175 1518 2736 I wm_focused_root_task: [0,0,1,22,RecentsAnimation.onAnimationFinished()]
12-08 04:35:43.178 1518 2736 I wm_pause_activity: [0,102709196,com.android.settings/.Settings,userLeaving=false,pauseBackTasks]
12-08 04:35:43.178 1518 2736 I ActivityTaskManager: FOREGROUND_APPLICATION_CHANGED to com.android.launcher3.uioverrides.QuickstepLauncher
12-08 04:35:43.179 1518 2736 I wm_set_resumed_activity: [0,com.android.launcher3/.uioverrides.QuickstepLauncher,resumeTopActivityInnerLocked]
12-08 04:35:43.181 1518 2736 I wm_resume_activity: [0,73204664,10,com.android.launcher3/.uioverrides.QuickstepLauncher]
12-08 04:35:43.182 1518 2736 I wm_add_to_stopping: [0,102709196,com.android.settings/.Settings,makeInvisible]
12-08 04:35:43.183 2824 2824 I wm_on_resume_called: [73204664,com.android.launcher3.uioverrides.QuickstepLauncher,RESUME_ACTIVITY]
12-08 04:35:43.186 5897 5897 I wm_on_top_resumed_lost_called: [102709196,com.android.settings.Settings,topStateChangedWhenResumed]
12-08 04:35:43.189 1518 1646 I input_focus: [Focus request 87852de com.android.launcher3/com.android.launcher3.uioverrides.QuickstepLauncher,reason=UpdateInputWindows]
12-08 04:35:43.196 1518 5681 I wm_stop_activity: [0,102709196,com.android.settings/.Settings]
12-08 04:35:43.196 1518 1645 I sysui_multi_action: [757,803,799,window_time_0,802,121]
12-08 04:35:43.198 1518 1645 I sysui_multi_action: [757,803,799,window_time_0,802,0]
12-08 04:35:43.204 1518 2002 I input_focus: [Focus leaving recents_animation_input_consumer (server),reason=NOT_VISIBLE]
12-08 04:35:43.204 1518 2002 I input_focus: [Focus entering 87852de com.android.launcher3/com.android.launcher3.uioverrides.QuickstepLauncher (server),reason=setFocusedWindow]
12-08 04:35:43.209 5897 5897 I sysui_multi_action: [757,35,758,2,1089,120635]
12-08 04:35:43.214 5897 5897 I sysui_multi_action: [757,103,758,2,1089,25344]
12-08 04:35:43.217 5897 5897 I wm_on_paused_called: [102709196,com.android.settings.Settings,performPause]
12-08 04:35:43.219 1518 1653 I am_pss : [6008,10090,com.android.music,22651904,16236544,0,147865600,0,4,7]
12-08 04:35:43.228 1518 1653 I am_pss : [6499,10069,com.android.webview:webview_service,19727360,3461120,0,83910656,0,19,5]
12-08 04:35:43.242 5897 5897 I wm_on_stop_called: [102709196,com.android.settings.Settings,STOP_ACTIVITY_ITEM]
12-08 04:35:43.273 2824 2824 I wm_on_top_resumed_gained_called: [73204664,com.android.launcher3.uioverrides.QuickstepLauncher,topStateChangedWhenResumed]
12-08 04:35:43.300 4314 4334 W ContextImpl: Calling a method in the system process without a qualified user: android.app.ContextImpl.startService:1816 android.content.ContextWrapper.startService:774 com.thundercomm.gamemode.ingame.services.GameModeActionUtils.startGameModeService:93 com.thundercomm.gamemode.ingame.services.GameModeActionUtils.startGameModeEntry:21 com.thundercomm.gamemode.ingame.services.ActivityMonitoringService$1.onActivityLaunch:127
12-08 04:35:43.306 1518 1518 I GameModeConfig: Current uri is uri = content://com.thundercomm.gamemode.api/gamemode_settings/gamemode_isgaming
12-08 04:35:43.309 1518 1518 I GameModeConfig: isGameModeOn = false
12-08 04:35:43.310 1518 1518 I GameModeConfig: isGameModeOn = false
12-08 04:35:43.310 1518 1518 I GameModeConfig: isDisableVoice = true
12-08 04:35:43.419 1518 1752 I commit_sys_config_file: [settings-1-0,6]
12-08 04:35:43.832 1518 2002 I input_interaction: Interaction with: 87852de com.android.launcher3/com.android.launcher3.uioverrides.QuickstepLauncher (server), 4649e44 com.android.systemui.ImageWallpaper (server), edge-swipe (server), swipe-up (server), PointerEventDispatcher0 (server),
12-08 04:35:44.305 1518 5682 I wm_finish_activity: [0,263791007,20,com.android.music/.MusicBrowserActivity,recent-task-trimmed]
12-08 04:35:44.307 1518 5682 I wm_destroy_activity: [0,263791007,20,com.android.music/.MusicBrowserActivity,finish-imm:finishIfPossible]
12-08 04:35:44.310 1518 5682 I wm_finish_activity: [0,102709196,22,com.android.settings/.Settings,recent-task-trimmed]
12-08 04:35:44.312 1518 5682 I wm_destroy_activity: [0,102709196,22,com.android.settings/.Settings,finish-imm:finishIfPossible]
12-08 04:35:44.317 1518 1645 I sysui_multi_action: [757,803,799,window_time_0,802,1]
12-08 04:35:44.320 1518 1645 I ActivityManager: Killing 5897:com.android.settings/1000 (adj 905): remove task
12-08 04:35:44.320 1518 1645 I am_kill : [0,5897,com.android.settings,905,remove task]
12-08 04:35:44.322 1518 1645 I sysui_multi_action: [757,803,799,window_time_0,802,0]
12-08 04:35:44.328 6008 6008 I wm_on_destroy_called: [263791007,com.android.music.MusicBrowserActivity,performDestroy]
12-08 04:35:44.328 1518 3852 E TaskPersister: File error accessing recents directory (directory doesn't exist?).
12-08 04:35:44.339 1518 5681 I wm_task_removed: [20,removeChild:removeChild last r=ActivityRecord{fb9219f u0 com.android.music/.MusicBrowserActivity t-1 f}} in t=Task{1357d2 #20 type=standard A=10090:android.task.music U=0 visible=false mode=fullscreen translucent=true sz=0}]
12-08 04:35:44.339 1518 5681 I wm_task_removed: [20,removeChild]
12-08 04:35:44.349 1518 1646 W ActivityTaskManager: Can't find TaskDisplayArea to determine support for multi window. Task id=20 attached=false
12-08 04:35:44.349 1518 1646 W ActivityTaskManager: Can't find TaskDisplayArea to determine support for multi window. Task id=20 attached=false
12-08 04:35:44.358 1518 1654 I am_uid_running: 10020
12-08 04:35:44.358 1518 1653 W UsageStatsService: Unexpected activity event reported! (com.android.music/com.android.music.MusicBrowserActivity event : 23 instanceId : 4579134)
12-08 04:35:44.359 1518 1654 D CompatibilityChangeReporter: Compat change id reported: 135634846; UID 10020; state: DISABLED
12-08 04:35:44.359 1518 1654 D CompatibilityChangeReporter: Compat change id reported: 177438394; UID 10020; state: DISABLED
12-08 04:35:44.359 1518 1654 D CompatibilityChangeReporter: Compat change id reported: 135772972; UID 10020; state: DISABLED
12-08 04:35:44.359 1518 1654 D CompatibilityChangeReporter: Compat change id reported: 135754954; UID 10020; state: ENABLED
12-08 04:35:44.360 1518 1655 D CompatibilityChangeReporter: Compat change id reported: 143937733; UID 10020; state: ENABLED
12-08 04:35:44.367 1518 1518 I notification_cancel_all: [1000,1518,com.android.music,0,0,0,20,NULL]
12-08 04:35:44.368 1518 5681 I sysui_multi_action: [757,856,758,2,806,com.android.music,857,Channel-music,858,2]
12-08 04:35:44.369 1518 5681 W NotificationHistory: Attempted to remove channel for locked/gone/disabled user 0
12-08 04:35:44.383 1518 1655 I am_proc_start: [0,6589,10020,com.android.musicfx,broadcast,{com.android.musicfx/com.android.musicfx.ControlPanelReceiver}]
12-08 04:35:44.383 1518 1655 I ActivityManager: Start proc 6589:com.android.musicfx/u0a20 for broadcast {com.android.musicfx/com.android.musicfx.ControlPanelReceiver}
12-08 04:35:44.405 1518 5681 W FreeFormWindowHelper: exitRecentTasks type=0
12-08 04:35:44.409 1518 5681 I am_proc_bound: [0,6589,com.android.musicfx]
12-08 04:35:44.410 1518 5681 D CompatibilityChangeReporter: Compat change id reported: 168419799; UID 10020; state: DISABLED
12-08 04:35:44.420 4314 4334 W ContextImpl: Calling a method in the system process without a qualified user: android.app.ContextImpl.startService:1816 android.content.ContextWrapper.startService:774 com.thundercomm.gamemode.ingame.services.GameModeActionUtils.startGameModeService:93 com.thundercomm.gamemode.ingame.services.GameModeActionUtils.startGameModeEntry:21 com.thundercomm.gamemode.ingame.services.ActivityMonitoringService$1.onActivityLaunch:127
12-08 04:35:44.426 1518 1518 I GameModeConfig: Current uri is uri = content://com.thundercomm.gamemode.api/gamemode_settings/gamemode_isgaming
12-08 04:35:44.430 1518 1518 I GameModeConfig: isGameModeOn = false
12-08 04:35:44.431 1518 1518 I GameModeConfig: isGameModeOn = false
12-08 04:35:44.432 1518 1518 I GameModeConfig: isDisableVoice = true
12-08 04:35:44.438 1518 5934 I am_proc_died: [0,5897,com.android.settings,905,19]
12-08 04:35:44.442 1518 1653 W UsageStatsService: Unexpected activity event reported! (com.android.settings/com.android.settings.homepage.SettingsHomepageActivity event : 23 instanceId : 195084633)
12-08 04:35:44.450 1518 5934 I wm_task_removed: [22,removeChild:removeChild last r=ActivityRecord{61f37cc u0 com.android.settings/.Settings t-1 f}} in t=Task{d9c9df7 #22 type=standard A=1000:com.android.settings.root U=0 visible=false mode=fullscreen translucent=true sz=0}]
12-08 04:35:44.450 1518 5934 I wm_task_removed: [22,removeChild]
12-08 04:35:44.453 1518 2736 W WindowManager: Failed looking up window session=Session{d28067e 5897:1000} callers=com.android.server.wm.WindowManagerService.windowForClientLocked:5628 com.android.server.wm.WindowState$DeathRecipient.binderDied:3066 android.os.IBinder$DeathRecipient.binderDied:314
12-08 04:35:44.453 1518 2736 I WindowManager: WIN DEATH: null
12-08 04:35:44.455 1518 1646 W ActivityTaskManager: Can't find TaskDisplayArea to determine support for multi window. Task id=22 attached=false
12-08 04:35:44.455 1518 1646 W ActivityTaskManager: Can't find TaskDisplayArea to determine support for multi window. Task id=22 attached=false
12-08 04:35:44.455 1518 1645 W ActivityManager: setHasOverlayUi called on unknown pid: 5897
12-08 04:35:44.459 1518 1645 D CompatibilityChangeReporter: Compat change id reported: 135634846; UID 1000; state: DISABLED
12-08 04:35:44.459 1518 1645 D CompatibilityChangeReporter: Compat change id reported: 177438394; UID 1000; state: DISABLED
12-08 04:35:44.459 1518 1645 D CompatibilityChangeReporter: Compat change id reported: 135772972; UID 1000; state: DISABLED
12-08 04:35:44.459 1518 1645 D CompatibilityChangeReporter: Compat change id reported: 135754954; UID 1000; state: ENABLED
12-08 04:35:44.461 1518 1635 W BroadcastQueue: Background execution not allowed: receiving Intent { act=com.android.music.updatewidget flg=0x10 } to com.android.music/.MediaAppWidgetProvider
12-08 04:35:44.462 1518 1654 W BroadcastQueue: Background execution not allowed: receiving Intent { act=com.android.music.updatewidget flg=0x10 } to com.android.music/.MediaAppWidgetProviderLarge
12-08 04:35:44.467 1518 1655 I am_proc_start: [0,6605,1000,com.android.settings,NULL,]
12-08 04:35:44.467 1518 1655 I ActivityManager: Start proc 6605:com.android.settings/1000 for null
12-08 04:35:44.496 1518 1635 I am_proc_bound: [0,6605,com.android.settings]
12-08 04:35:44.635 1518 1644 I commit_sys_config_file: [notification-policy,1119527]
12-08 04:35:47.844 1518 3852 E TaskPersister: File error accessing recents directory (directory doesn't exist?).
12-08 04:35:51.299 1518 2319 I GameModeConfig: isGameModeOn = false
12-08 04:35:51.300 1518 2319 I GameModeConfig: isGameModeOn = false
12-08 04:35:51.300 1518 2319 I GameModeConfig: isGameModeOn = false
12-08 04:35:51.300 1518 2319 I GameModeConfig: isGameModeOn = false
12-08 04:35:51.301 1518 2319 I GameModeConfig: isGameModeOn = false
12-08 04:35:51.301 1518 2319 I GameModeConfig: isGameModeOn = false
12-08 04:35:51.307 1518 2319 I GameModeConfig: isGameModeOn = false
12-08 04:35:51.317 1518 2319 I GameModeConfig: isGameModeOn = false
12-08 04:35:51.326 1518 2319 I GameModeConfig: isGameModeOn = false
12-08 04:35:51.337 1518 2319 I GameModeConfig: isGameModeOn = false
12-08 04:35:51.351 1518 2319 I GameModeConfig: isGameModeOn = false
12-08 04:35:51.366 1518 2319 I GameModeConfig: isGameModeOn = false
12-08 04:35:51.382 1518 2319 I GameModeConfig: isGameModeOn = false
12-08 04:35:51.407 1518 2319 I GameModeConfig: isGameModeOn = false
12-08 04:35:51.417 1518 2319 I GameModeConfig: isGameModeOn = false
12-08 04:35:51.439 1518 2319 I GameModeConfig: isGameModeOn = false
12-08 04:35:51.459 1518 2319 I GameModeConfig: isGameModeOn = false
12-08 04:35:51.469 1518 2319 I GameModeConfig: isGameModeOn = false
12-08 04:35:51.482 1518 2319 I GameModeConfig: isGameModeOn = false
12-08 04:35:51.500 1518 2319 I GameModeConfig: isGameModeOn = false
12-08 04:35:51.519 1518 2319 I GameModeConfig: isGameModeOn = false
12-08 04:36:09.948 1518 1654 I am_uid_idle: 10069
12-08 04:36:25.829 1518 1654 I am_uid_idle: 10094
12-08 04:36:37.376 1518 1670 V DisplayPowerController[0]: Brightness [0.05] reason changing to: 'manual [ dim ]', previous reason: 'manual'.
12-08 04:36:37.377 1518 1670 I sysui_multi_action: [757,1696,758,6,759,2]
12-08 04:36:37.379 1518 2355 E DisplayDeviceConfig: requesting nits when no mapping exists.
12-08 04:36:37.380 1518 2355 E DisplayDeviceConfig: requesting nits when no mapping exists.
12-08 04:36:37.381 1518 1654 I am_wtf : [0,1518,system_server,-1,DisplayDeviceConfig,requesting nits when no mapping exists.]
12-08 04:36:37.383 1518 1654 I DropBoxManagerService: add tag=system_server_wtf isTagEnabled=true flags=0x2
12-08 04:36:37.385 1518 1654 I am_wtf : [0,1518,system_server,-1,DisplayDeviceConfig,requesting nits when no mapping exists.]
12-08 04:36:37.385 1518 1654 I DropBoxManagerService: add tag=system_server_wtf isTagEnabled=true flags=0x2
12-08 04:36:37.391 1518 2355 E DisplayDeviceConfig: requesting nits when no mapping exists.
12-08 04:36:37.391 1518 1654 I am_wtf : [0,1518,system_server,-1,DisplayDeviceConfig,requesting nits when no mapping exists.]
12-08 04:36:37.391 1518 2355 E DisplayDeviceConfig: requesting nits when no mapping exists.
12-08 04:36:37.392 1518 1654 I DropBoxManagerService: add tag=system_server_wtf isTagEnabled=true flags=0x2
12-08 04:36:37.393 1518 1654 I am_wtf : [0,1518,system_server,-1,DisplayDeviceConfig,requesting nits when no mapping exists.]
12-08 04:36:37.394 1518 1654 I DropBoxManagerService: add tag=system_server_wtf isTagEnabled=true flags=0x2
12-08 04:36:37.408 1518 2355 E DisplayDeviceConfig: requesting nits when no mapping exists.
12-08 04:36:37.408 1518 1654 I am_wtf : [0,1518,system_server,-1,DisplayDeviceConfig,requesting nits when no mapping exists.]
12-08 04:36:37.408 1518 2355 E DisplayDeviceConfig: requesting nits when no mapping exists.
12-08 04:36:37.409 1518 1654 I DropBoxManagerService: add tag=system_server_wtf isTagEnabled=true flags=0x2
12-08 04:36:37.409 1518 1654 I am_wtf : [0,1518,system_server,-1,DisplayDeviceConfig,requesting nits when no mapping exists.]
12-08 04:36:37.413 1518 2355 E DisplayDeviceConfig: requesting nits when no mapping exists.
12-08 04:36:37.413 1518 2355 E DisplayDeviceConfig: requesting nits when no mapping exists.
12-08 04:36:37.414 1518 1654 I am_wtf : [0,1518,system_server,-1,DisplayDeviceConfig,requesting nits when no mapping exists.]
12-08 04:36:37.414 1518 1654 I am_wtf : [0,1518,system_server,-1,DisplayDeviceConfig,requesting nits when no mapping exists.]
12-08 04:36:37.430 1518 2355 E DisplayDeviceConfig: requesting nits when no mapping exists.
12-08 04:36:37.430 1518 2355 E DisplayDeviceConfig: requesting nits when no mapping exists.
12-08 04:36:37.430 1518 1654 I am_wtf : [0,1518,system_server,-1,DisplayDeviceConfig,requesting nits when no mapping exists.]
12-08 04:36:37.431 1518 1654 I am_wtf : [0,1518,system_server,-1,DisplayDeviceConfig,requesting nits when no mapping exists.]
12-08 04:36:37.447 1518 2355 E DisplayDeviceConfig: requesting nits when no mapping exists.
12-08 04:36:37.447 1518 2355 E DisplayDeviceConfig: requesting nits when no mapping exists.
12-08 04:36:37.447 1518 1654 I am_wtf : [0,1518,system_server,-1,DisplayDeviceConfig,requesting nits when no mapping exists.]
12-08 04:36:37.448 1518 1654 I am_wtf : [0,1518,system_server,-1,DisplayDeviceConfig,requesting nits when no mapping exists.]
12-08 04:36:37.464 1518 2355 E DisplayDeviceConfig: requesting nits when no mapping exists.
12-08 04:36:37.464 1518 2355 E DisplayDeviceConfig: requesting nits when no mapping exists.
12-08 04:36:37.464 1518 1654 I am_wtf : [0,1518,system_server,-1,DisplayDeviceConfig,requesting nits when no mapping exists.]
12-08 04:36:37.465 1518 1654 I am_wtf : [0,1518,system_server,-1,DisplayDeviceConfig,requesting nits when no mapping exists.]
12-08 04:36:37.480 1518 2355 E DisplayDeviceConfig: requesting nits when no mapping exists.
12-08 04:36:37.481 1518 2355 E DisplayDeviceConfig: requesting nits when no mapping exists.
12-08 04:36:37.481 1518 1654 I am_wtf : [0,1518,system_server,-1,DisplayDeviceConfig,requesting nits when no mapping exists.]
12-08 04:36:37.482 1518 1654 I am_wtf : [0,1518,system_server,-1,DisplayDeviceConfig,requesting nits when no mapping exists.]
12-08 04:36:37.501 1518 2355 E DisplayDeviceConfig: requesting nits when no mapping exists.
12-08 04:36:37.501 1518 2355 E DisplayDeviceConfig: requesting nits when no mapping exists.
12-08 04:36:37.502 1518 1654 I am_wtf : [0,1518,system_server,-1,DisplayDeviceConfig,requesting nits when no mapping exists.]
12-08 04:36:37.503 1518 1654 I am_wtf : [0,1518,system_server,-1,DisplayDeviceConfig,requesting nits when no mapping exists.]
12-08 04:36:37.513 1518 2355 E DisplayDeviceConfig: requesting nits when no mapping exists.
12-08 04:36:37.514 1518 2355 E DisplayDeviceConfig: requesting nits when no mapping exists.
12-08 04:36:37.514 1518 1654 I am_wtf : [0,1518,system_server,-1,DisplayDeviceConfig,requesting nits when no mapping exists.]
12-08 04:36:37.514 1518 1654 I am_wtf : [0,1518,system_server,-1,DisplayDeviceConfig,requesting nits when no mapping exists.]
12-08 04:36:37.530 1518 2355 E DisplayDeviceConfig: requesting nits when no mapping exists.
12-08 04:36:37.531 1518 2355 E DisplayDeviceConfig: requesting nits when no mapping exists.
12-08 04:36:37.531 1518 1654 I am_wtf : [0,1518,system_server,-1,DisplayDeviceConfig,requesting nits when no mapping exists.]
12-08 04:36:37.532 1518 1654 I am_wtf : [0,1518,system_server,-1,DisplayDeviceConfig,requesting nits when no mapping exists.]
12-08 04:36:37.547 1518 2355 E DisplayDeviceConfig: requesting nits when no mapping exists.
12-08 04:36:37.548 1518 2355 E DisplayDeviceConfig: requesting nits when no mapping exists.
12-08 04:36:37.548 1518 1654 I am_wtf : [0,1518,system_server,-1,DisplayDeviceConfig,requesting nits when no mapping exists.]
12-08 04:36:37.549 1518 1654 I am_wtf : [0,1518,system_server,-1,DisplayDeviceConfig,requesting nits when no mapping exists.]
12-08 04:36:37.564 1518 2355 E DisplayDeviceConfig: requesting nits when no mapping exists.
12-08 04:36:37.565 1518 2355 E DisplayDeviceConfig: requesting nits when no mapping exists.
12-08 04:36:37.565 1518 1654 I am_wtf : [0,1518,system_server,-1,DisplayDeviceConfig,requesting nits when no mapping exists.]
12-08 04:36:37.566 1518 1654 I am_wtf : [0,1518,system_server,-1,DisplayDeviceConfig,requesting nits when no mapping exists.]
12-08 04:36:37.566 1518 1654 I service_manager_stats: [100,66,104616]
12-08 04:36:37.581 1518 2355 E DisplayDeviceConfig: requesting nits when no mapping exists.
12-08 04:36:37.582 1518 1654 I am_wtf : [0,1518,system_server,-1,DisplayDeviceConfig,requesting nits when no mapping exists.]
12-08 04:36:37.582 1518 2355 E DisplayDeviceConfig: requesting nits when no mapping exists.
12-08 04:36:37.583 1518 1654 I am_wtf : [0,1518,system_server,-1,DisplayDeviceConfig,requesting nits when no mapping exists.]
12-08 04:36:37.598 1518 2355 E DisplayDeviceConfig: requesting nits when no mapping exists.
12-08 04:36:37.598 1518 2355 E DisplayDeviceConfig: requesting nits when no mapping exists.
12-08 04:36:37.599 1518 1654 I am_wtf : [0,1518,system_server,-1,DisplayDeviceConfig,requesting nits when no mapping exists.]
12-08 04:36:37.601 1518 1654 I am_wtf : [0,1518,system_server,-1,DisplayDeviceConfig,requesting nits when no mapping exists.]
12-08 04:36:37.614 1518 2355 E DisplayDeviceConfig: requesting nits when no mapping exists.
12-08 04:36:37.615 1518 1654 I am_wtf : [0,1518,system_server,-1,DisplayDeviceConfig,requesting nits when no mapping exists.]
12-08 04:36:37.615 1518 2355 E DisplayDeviceConfig: requesting nits when no mapping exists.
12-08 04:36:37.616 1518 1654 I am_wtf : [0,1518,system_server,-1,DisplayDeviceConfig,requesting nits when no mapping exists.]
12-08 04:36:37.631 1518 2355 E DisplayDeviceConfig: requesting nits when no mapping exists.
12-08 04:36:37.631 1518 1654 I am_wtf : [0,1518,system_server,-1,DisplayDeviceConfig,requesting nits when no mapping exists.]
12-08 04:36:37.631 1518 2355 E DisplayDeviceConfig: requesting nits when no mapping exists.
12-08 04:36:37.632 1518 1654 I am_wtf : [0,1518,system_server,-1,DisplayDeviceConfig,requesting nits when no mapping exists.]
12-08 04:36:37.648 1518 2355 E DisplayDeviceConfig: requesting nits when no mapping exists.
12-08 04:36:37.649 1518 2355 E DisplayDeviceConfig: requesting nits when no mapping exists.
12-08 04:36:37.649 1518 1654 I am_wtf : [0,1518,system_server,-1,DisplayDeviceConfig,requesting nits when no mapping exists.]
12-08 04:36:37.650 1518 1654 I am_wtf : [0,1518,system_server,-1,DisplayDeviceConfig,requesting nits when no mapping exists.]
12-08 04:36:37.664 1518 2355 E DisplayDeviceConfig: requesting nits when no mapping exists.
12-08 04:36:37.665 1518 2355 E DisplayDeviceConfig: requesting nits when no mapping exists.
12-08 04:36:37.665 1518 1654 I am_wtf : [0,1518,system_server,-1,DisplayDeviceConfig,requesting nits when no mapping exists.]
12-08 04:36:37.666 1518 1654 I am_wtf : [0,1518,system_server,-1,DisplayDeviceConfig,requesting nits when no mapping exists.]
12-08 04:36:37.681 1518 2355 E DisplayDeviceConfig: requesting nits when no mapping exists.
12-08 04:36:37.681 1518 2355 E DisplayDeviceConfig: requesting nits when no mapping exists.
12-08 04:36:37.682 1518 1654 I am_wtf : [0,1518,system_server,-1,DisplayDeviceConfig,requesting nits when no mapping exists.]
12-08 04:36:37.682 1518 1654 I am_wtf : [0,1518,system_server,-1,DisplayDeviceConfig,requesting nits when no mapping exists.]
12-08 04:36:37.697 1518 2355 E DisplayDeviceConfig: requesting nits when no mapping exists.
12-08 04:36:37.698 1518 1654 I am_wtf : [0,1518,system_server,-1,DisplayDeviceConfig,requesting nits when no mapping exists.]
12-08 04:36:37.699 1518 2355 E DisplayDeviceConfig: requesting nits when no mapping exists.
12-08 04:36:37.700 1518 1654 I am_wtf : [0,1518,system_server,-1,DisplayDeviceConfig,requesting nits when no mapping exists.]
12-08 04:36:37.714 1518 2355 E DisplayDeviceConfig: requesting nits when no mapping exists.
12-08 04:36:37.714 1518 1654 I am_wtf : [0,1518,system_server,-1,DisplayDeviceConfig,requesting nits when no mapping exists.]
12-08 04:36:37.714 1518 2355 E DisplayDeviceConfig: requesting nits when no mapping exists.
12-08 04:36:37.715 1518 1654 I am_wtf : [0,1518,system_server,-1,DisplayDeviceConfig,requesting nits when no mapping exists.]
12-08 04:36:37.731 1518 2355 E DisplayDeviceConfig: requesting nits when no mapping exists.
12-08 04:36:37.731 1518 1654 I am_wtf : [0,1518,system_server,-1,DisplayDeviceConfig,requesting nits when no mapping exists.]
12-08 04:36:37.732 1518 2355 E DisplayDeviceConfig: requesting nits when no mapping exists.
12-08 04:36:37.733 1518 1654 I am_wtf : [0,1518,system_server,-1,DisplayDeviceConfig,requesting nits when no mapping exists.]
12-08 04:36:37.748 1518 2355 E DisplayDeviceConfig: requesting nits when no mapping exists.
12-08 04:36:37.748 1518 1654 I am_wtf : [0,1518,system_server,-1,DisplayDeviceConfig,requesting nits when no mapping exists.]
12-08 04:36:37.748 1518 2355 E DisplayDeviceConfig: requesting nits when no mapping exists.
12-08 04:36:37.749 1518 1654 I am_wtf : [0,1518,system_server,-1,DisplayDeviceConfig,requesting nits when no mapping exists.]
12-08 04:36:37.765 1518 2355 E DisplayDeviceConfig: requesting nits when no mapping exists.
12-08 04:36:37.766 1518 1654 I am_wtf : [0,1518,system_server,-1,DisplayDeviceConfig,requesting nits when no mapping exists.]
12-08 04:36:37.766 1518 2355 E DisplayDeviceConfig: requesting nits when no mapping exists.
12-08 04:36:37.766 1518 1654 I am_wtf : [0,1518,system_server,-1,DisplayDeviceConfig,requesting nits when no mapping exists.]
12-08 04:36:37.781 1518 2355 E DisplayDeviceConfig: requesting nits when no mapping exists.
12-08 04:36:37.781 1518 1654 I am_wtf : [0,1518,system_server,-1,DisplayDeviceConfig,requesting nits when no mapping exists.]
12-08 04:36:37.782 1518 2355 E DisplayDeviceConfig: requesting nits when no mapping exists.
12-08 04:36:37.783 1518 1654 I am_wtf : [0,1518,system_server,-1,DisplayDeviceConfig,requesting nits when no mapping exists.]
12-08 04:36:37.798 1518 2355 E DisplayDeviceConfig: requesting nits when no mapping exists.
12-08 04:36:37.799 1518 2355 E DisplayDeviceConfig: requesting nits when no mapping exists.
12-08 04:36:37.799 1518 1654 I am_wtf : [0,1518,system_server,-1,DisplayDeviceConfig,requesting nits when no mapping exists.]
12-08 04:36:37.799 1518 1654 I am_wtf : [0,1518,system_server,-1,DisplayDeviceConfig,requesting nits when no mapping exists.]
12-08 04:36:37.814 1518 2355 E DisplayDeviceConfig: requesting nits when no mapping exists.
12-08 04:36:37.815 1518 1654 I am_wtf : [0,1518,system_server,-1,DisplayDeviceConfig,requesting nits when no mapping exists.]
12-08 04:36:37.816 1518 2355 E DisplayDeviceConfig: requesting nits when no mapping exists.
12-08 04:36:37.817 1518 1654 I am_wtf : [0,1518,system_server,-1,DisplayDeviceConfig,requesting nits when no mapping exists.]
12-08 04:36:37.831 1518 2355 E DisplayDeviceConfig: requesting nits when no mapping exists.
12-08 04:36:37.832 1518 1654 I am_wtf : [0,1518,system_server,-1,DisplayDeviceConfig,requesting nits when no mapping exists.]
12-08 04:36:37.832 1518 2355 E DisplayDeviceConfig: requesting nits when no mapping exists.
12-08 04:36:37.832 1518 1654 I am_wtf : [0,1518,system_server,-1,DisplayDeviceConfig,requesting nits when no mapping exists.]
12-08 04:36:37.848 1518 2355 E DisplayDeviceConfig: requesting nits when no mapping exists.
12-08 04:36:37.849 1518 2355 E DisplayDeviceConfig: requesting nits when no mapping exists.
12-08 04:36:37.849 1518 1654 I am_wtf : [0,1518,system_server,-1,DisplayDeviceConfig,requesting nits when no mapping exists.]
12-08 04:36:37.850 1518 1654 I am_wtf : [0,1518,system_server,-1,DisplayDeviceConfig,requesting nits when no mapping exists.]
12-08 04:36:37.864 1518 2355 E DisplayDeviceConfig: requesting nits when no mapping exists.
12-08 04:36:37.865 1518 2355 E DisplayDeviceConfig: requesting nits when no mapping exists.
12-08 04:36:37.865 1518 1654 I am_wtf : [0,1518,system_server,-1,DisplayDeviceConfig,requesting nits when no mapping exists.]
12-08 04:36:37.866 1518 1654 I am_wtf : [0,1518,system_server,-1,DisplayDeviceConfig,requesting nits when no mapping exists.]
12-08 04:36:37.881 1518 2355 E DisplayDeviceConfig: requesting nits when no mapping exists.
12-08 04:36:37.881 1518 1654 I am_wtf : [0,1518,system_server,-1,DisplayDeviceConfig,requesting nits when no mapping exists.]
12-08 04:36:37.881 1518 2355 E DisplayDeviceConfig: requesting nits when no mapping exists.
12-08 04:36:37.882 1518 1654 I am_wtf : [0,1518,system_server,-1,DisplayDeviceConfig,requesting nits when no mapping exists.]
12-08 04:36:37.898 1518 2355 E DisplayDeviceConfig: requesting nits when no mapping exists.
12-08 04:36:37.898 1518 2355 E DisplayDeviceConfig: requesting nits when no mapping exists.
12-08 04:36:37.898 1518 1654 I am_wtf : [0,1518,system_server,-1,DisplayDeviceConfig,requesting nits when no mapping exists.]
12-08 04:36:37.899 1518 1654 I am_wtf : [0,1518,system_server,-1,DisplayDeviceConfig,requesting nits when no mapping exists.]
12-08 04:36:37.915 1518 2355 E DisplayDeviceConfig: requesting nits when no mapping exists.
12-08 04:36:37.916 1518 1654 I am_wtf : [0,1518,system_server,-1,DisplayDeviceConfig,requesting nits when no mapping exists.]
12-08 04:36:37.917 1518 2355 E DisplayDeviceConfig: requesting nits when no mapping exists.
12-08 04:36:37.917 1518 1654 I am_wtf : [0,1518,system_server,-1,DisplayDeviceConfig,requesting nits when no mapping exists.]
12-08 04:36:37.931 1518 2355 E DisplayDeviceConfig: requesting nits when no mapping exists.
12-08 04:36:37.932 1518 2355 E DisplayDeviceConfig: requesting nits when no mapping exists.
12-08 04:36:37.932 1518 1654 I am_wtf : [0,1518,system_server,-1,DisplayDeviceConfig,requesting nits when no mapping exists.]
12-08 04:36:37.933 1518 1654 I am_wtf : [0,1518,system_server,-1,DisplayDeviceConfig,requesting nits when no mapping exists.]
12-08 04:36:37.948 1518 2355 E DisplayDeviceConfig: requesting nits when no mapping exists.
12-08 04:36:37.949 1518 2355 E DisplayDeviceConfig: requesting nits when no mapping exists.
12-08 04:36:37.949 1518 1654 I am_wtf : [0,1518,system_server,-1,DisplayDeviceConfig,requesting nits when no mapping exists.]
12-08 04:36:37.950 1518 1654 I am_wtf : [0,1518,system_server,-1,DisplayDeviceConfig,requesting nits when no mapping exists.]
12-08 04:36:37.965 1518 2355 E DisplayDeviceConfig: requesting nits when no mapping exists.
12-08 04:36:37.965 1518 2355 E DisplayDeviceConfig: requesting nits when no mapping exists.
12-08 04:36:37.965 1518 1654 I am_wtf : [0,1518,system_server,-1,DisplayDeviceConfig,requesting nits when no mapping exists.]
12-08 04:36:37.966 1518 1654 I am_wtf : [0,1518,system_server,-1,DisplayDeviceConfig,requesting nits when no mapping exists.]
12-08 04:36:37.981 1518 2355 E DisplayDeviceConfig: requesting nits when no mapping exists.
12-08 04:36:37.982 1518 1654 I am_wtf : [0,1518,system_server,-1,DisplayDeviceConfig,requesting nits when no mapping exists.]
12-08 04:36:37.983 1518 2355 E DisplayDeviceConfig: requesting nits when no mapping exists.
12-08 04:36:37.983 1518 1654 I am_wtf : [0,1518,system_server,-1,DisplayDeviceConfig,requesting nits when no mapping exists.]
12-08 04:36:37.998 1518 2355 E DisplayDeviceConfig: requesting nits when no mapping exists.
12-08 04:36:37.999 1518 1654 I am_wtf : [0,1518,system_server,-1,DisplayDeviceConfig,requesting nits when no mapping exists.]
12-08 04:36:37.999 1518 2355 E DisplayDeviceConfig: requesting nits when no mapping exists.
12-08 04:36:38.000 1518 1654 I am_wtf : [0,1518,system_server,-1,DisplayDeviceConfig,requesting nits when no mapping exists.]
12-08 04:36:38.015 1518 2355 E DisplayDeviceConfig: requesting nits when no mapping exists.
12-08 04:36:38.015 1518 1654 I am_wtf : [0,1518,system_server,-1,DisplayDeviceConfig,requesting nits when no mapping exists.]
12-08 04:36:38.015 1518 2355 E DisplayDeviceConfig: requesting nits when no mapping exists.
12-08 04:36:38.016 1518 1654 I am_wtf : [0,1518,system_server,-1,DisplayDeviceConfig,requesting nits when no mapping exists.]
12-08 04:36:38.032 1518 2355 E DisplayDeviceConfig: requesting nits when no mapping exists.
12-08 04:36:38.032 1518 1654 I am_wtf : [0,1518,system_server,-1,DisplayDeviceConfig,requesting nits when no mapping exists.]
12-08 04:36:38.032 1518 2355 E DisplayDeviceConfig: requesting nits when no mapping exists.
12-08 04:36:38.033 1518 1654 I am_wtf : [0,1518,system_server,-1,DisplayDeviceConfig,requesting nits when no mapping exists.]
12-08 04:36:38.048 1518 2355 E DisplayDeviceConfig: requesting nits when no mapping exists.
12-08 04:36:38.049 1518 1654 I am_wtf : [0,1518,system_server,-1,DisplayDeviceConfig,requesting nits when no mapping exists.]
12-08 04:36:38.050 1518 2355 E DisplayDeviceConfig: requesting nits when no mapping exists.
12-08 04:36:38.050 1518 1654 I am_wtf : [0,1518,system_server,-1,DisplayDeviceConfig,requesting nits when no mapping exists.]
12-08 04:36:38.065 1518 2355 E DisplayDeviceConfig: requesting nits when no mapping exists.
12-08 04:36:38.066 1518 1654 I am_wtf : [0,1518,system_server,-1,DisplayDeviceConfig,requesting nits when no mapping exists.]
12-08 04:36:38.067 1518 2355 E DisplayDeviceConfig: requesting nits when no mapping exists.
12-08 04:36:38.067 1518 1654 I am_wtf : [0,1518,system_server,-1,DisplayDeviceConfig,requesting nits when no mapping exists.]
12-08 04:36:38.081 1518 2355 E DisplayDeviceConfig: requesting nits when no mapping exists.
12-08 04:36:38.082 1518 2355 E DisplayDeviceConfig: requesting nits when no mapping exists.
12-08 04:36:38.082 1518 1654 I am_wtf : [0,1518,system_server,-1,DisplayDeviceConfig,requesting nits when no mapping exists.]
12-08 04:36:38.083 1518 1654 I am_wtf : [0,1518,system_server,-1,DisplayDeviceConfig,requesting nits when no mapping exists.]
12-08 04:36:38.099 1518 2355 E DisplayDeviceConfig: requesting nits when no mapping exists.
12-08 04:36:38.099 1518 2355 E DisplayDeviceConfig: requesting nits when no mapping exists.
12-08 04:36:38.099 1518 1654 I am_wtf : [0,1518,system_server,-1,DisplayDeviceConfig,requesting nits when no mapping exists.]
12-08 04:36:38.100 1518 1654 I am_wtf : [0,1518,system_server,-1,DisplayDeviceConfig,requesting nits when no mapping exists.]
12-08 04:36:38.115 1518 2355 E DisplayDeviceConfig: requesting nits when no mapping exists.
12-08 04:36:38.116 1518 1654 I am_wtf : [0,1518,system_server,-1,DisplayDeviceConfig,requesting nits when no mapping exists.]
12-08 04:36:38.116 1518 2355 E DisplayDeviceConfig: requesting nits when no mapping exists.
12-08 04:36:38.118 1518 1654 I am_wtf : [0,1518,system_server,-1,DisplayDeviceConfig,requesting nits when no mapping exists.]
12-08 04:36:38.132 1518 2355 E DisplayDeviceConfig: requesting nits when no mapping exists.
12-08 04:36:38.132 1518 2355 E DisplayDeviceConfig: requesting nits when no mapping exists.
12-08 04:36:38.132 1518 1654 I am_wtf : [0,1518,system_server,-1,DisplayDeviceConfig,requesting nits when no mapping exists.]
12-08 04:36:38.133 1518 1654 I am_wtf : [0,1518,system_server,-1,DisplayDeviceConfig,requesting nits when no mapping exists.]
12-08 04:36:38.149 1518 2355 E DisplayDeviceConfig: requesting nits when no mapping exists.
12-08 04:36:38.149 1518 1654 I am_wtf : [0,1518,system_server,-1,DisplayDeviceConfig,requesting nits when no mapping exists.]
12-08 04:36:38.149 1518 2355 E DisplayDeviceConfig: requesting nits when no mapping exists.
12-08 04:36:38.150 1518 1654 I am_wtf : [0,1518,system_server,-1,DisplayDeviceConfig,requesting nits when no mapping exists.]
12-08 04:36:38.165 1518 2355 E DisplayDeviceConfig: requesting nits when no mapping exists.
12-08 04:36:38.166 1518 1654 I am_wtf : [0,1518,system_server,-1,DisplayDeviceConfig,requesting nits when no mapping exists.]
12-08 04:36:38.167 1518 2355 E DisplayDeviceConfig: requesting nits when no mapping exists.
12-08 04:36:38.168 1518 1654 I am_wtf : [0,1518,system_server,-1,DisplayDeviceConfig,requesting nits when no mapping exists.]
12-08 04:36:38.182 1518 2355 E DisplayDeviceConfig: requesting nits when no mapping exists.
12-08 04:36:38.182 1518 1654 I am_wtf : [0,1518,system_server,-1,DisplayDeviceConfig,requesting nits when no mapping exists.]
12-08 04:36:38.183 1518 2355 E DisplayDeviceConfig: requesting nits when no mapping exists.
12-08 04:36:38.184 1518 1654 I am_wtf : [0,1518,system_server,-1,DisplayDeviceConfig,requesting nits when no mapping exists.]
12-08 04:36:38.199 1518 2355 E DisplayDeviceConfig: requesting nits when no mapping exists.
12-08 04:36:38.199 1518 2355 E DisplayDeviceConfig: requesting nits when no mapping exists.
12-08 04:36:38.199 1518 1654 I am_wtf : [0,1518,system_server,-1,DisplayDeviceConfig,requesting nits when no mapping exists.]
12-08 04:36:38.200 1518 1654 I am_wtf : [0,1518,system_server,-1,DisplayDeviceConfig,requesting nits when no mapping exists.]
12-08 04:36:38.216 1518 2355 E DisplayDeviceConfig: requesting nits when no mapping exists.
12-08 04:36:38.216 1518 2355 E DisplayDeviceConfig: requesting nits when no mapping exists.
12-08 04:36:38.216 1518 1654 I am_wtf : [0,1518,system_server,-1,DisplayDeviceConfig,requesting nits when no mapping exists.]
12-08 04:36:38.218 1518 1654 I am_wtf : [0,1518,system_server,-1,DisplayDeviceConfig,requesting nits when no mapping exists.]
12-08 04:36:38.233 1518 2355 E DisplayDeviceConfig: requesting nits when no mapping exists.
12-08 04:36:38.233 1518 2355 E DisplayDeviceConfig: requesting nits when no mapping exists.
12-08 04:36:38.233 1518 1654 I am_wtf : [0,1518,system_server,-1,DisplayDeviceConfig,requesting nits when no mapping exists.]
12-08 04:36:38.234 1518 1654 I am_wtf : [0,1518,system_server,-1,DisplayDeviceConfig,requesting nits when no mapping exists.]
12-08 04:36:38.248 1518 2355 E DisplayDeviceConfig: requesting nits when no mapping exists.
12-08 04:36:38.249 1518 2355 E DisplayDeviceConfig: requesting nits when no mapping exists.
12-08 04:36:38.249 1518 1654 I am_wtf : [0,1518,system_server,-1,DisplayDeviceConfig,requesting nits when no mapping exists.]
12-08 04:36:38.250 1518 1654 I am_wtf : [0,1518,system_server,-1,DisplayDeviceConfig,requesting nits when no mapping exists.]
12-08 04:36:38.265 1518 2355 E DisplayDeviceConfig: requesting nits when no mapping exists.
12-08 04:36:38.266 1518 1654 I am_wtf : [0,1518,system_server,-1,DisplayDeviceConfig,requesting nits when no mapping exists.]
12-08 04:36:38.267 1518 2355 E DisplayDeviceConfig: requesting nits when no mapping exists.
12-08 04:36:38.268 1518 1654 I am_wtf : [0,1518,system_server,-1,DisplayDeviceConfig,requesting nits when no mapping exists.]
12-08 04:36:38.282 1518 2355 E DisplayDeviceConfig: requesting nits when no mapping exists.
12-08 04:36:38.283 1518 1654 I am_wtf : [0,1518,system_server,-1,DisplayDeviceConfig,requesting nits when no mapping exists.]
12-08 04:36:38.284 1518 2355 E DisplayDeviceConfig: requesting nits when no mapping exists.
12-08 04:36:38.285 1518 1654 I am_wtf : [0,1518,system_server,-1,DisplayDeviceConfig,requesting nits when no mapping exists.]
12-08 04:36:38.299 1518 2355 E DisplayDeviceConfig: requesting nits when no mapping exists.
12-08 04:36:38.300 1518 1654 I am_wtf : [0,1518,system_server,-1,DisplayDeviceConfig,requesting nits when no mapping exists.]
12-08 04:36:38.300 1518 2355 E DisplayDeviceConfig: requesting nits when no mapping exists.
12-08 04:36:38.301 1518 1654 I am_wtf : [0,1518,system_server,-1,DisplayDeviceConfig,requesting nits when no mapping exists.]
12-08 04:36:38.315 1518 2355 E DisplayDeviceConfig: requesting nits when no mapping exists.
12-08 04:36:38.316 1518 2355 E DisplayDeviceConfig: requesting nits when no mapping exists.
12-08 04:36:38.316 1518 1654 I am_wtf : [0,1518,system_server,-1,DisplayDeviceConfig,requesting nits when no mapping exists.]
12-08 04:36:38.316 1518 1654 I am_wtf : [0,1518,system_server,-1,DisplayDeviceConfig,requesting nits when no mapping exists.]
12-08 04:36:38.333 1518 2355 E DisplayDeviceConfig: requesting nits when no mapping exists.
12-08 04:36:38.333 1518 2355 E DisplayDeviceConfig: requesting nits when no mapping exists.
12-08 04:36:38.333 1518 1654 I am_wtf : [0,1518,system_server,-1,DisplayDeviceConfig,requesting nits when no mapping exists.]
12-08 04:36:38.334 1518 1654 I am_wtf : [0,1518,system_server,-1,DisplayDeviceConfig,requesting nits when no mapping exists.]
12-08 04:36:39.905 1518 1670 V DisplayPowerController[0]: Brightness [1.0] reason changing to: 'manual', previous reason: 'manual [ dim ]'.
12-08 04:36:39.906 1518 1670 I sysui_multi_action: [757,1696,758,6,759,3]
12-08 04:36:39.914 1518 2355 E DisplayDeviceConfig: requesting nits when no mapping exists.
12-08 04:36:39.914 1518 1654 I am_wtf : [0,1518,system_server,-1,DisplayDeviceConfig,requesting nits when no mapping exists.]
12-08 04:36:39.915 1518 2355 E DisplayDeviceConfig: requesting nits when no mapping exists.
12-08 04:36:39.916 1518 1654 I am_wtf : [0,1518,system_server,-1,DisplayDeviceConfig,requesting nits when no mapping exists.]
12-08 04:36:39.930 1518 2355 E DisplayDeviceConfig: requesting nits when no mapping exists.
12-08 04:36:39.931 1518 1654 I am_wtf : [0,1518,system_server,-1,DisplayDeviceConfig,requesting nits when no mapping exists.]
12-08 04:36:39.931 1518 2355 E DisplayDeviceConfig: requesting nits when no mapping exists.
12-08 04:36:39.932 1518 1654 I am_wtf : [0,1518,system_server,-1,DisplayDeviceConfig,requesting nits when no mapping exists.]
12-08 04:36:39.936 1518 2355 E DisplayDeviceConfig: requesting nits when no mapping exists.
12-08 04:36:39.937 1518 2355 E DisplayDeviceConfig: requesting nits when no mapping exists.
12-08 04:36:39.937 1518 1654 I am_wtf : [0,1518,system_server,-1,DisplayDeviceConfig,requesting nits when no mapping exists.]
12-08 04:36:39.938 1518 1654 I am_wtf : [0,1518,system_server,-1,DisplayDeviceConfig,requesting nits when no mapping exists.]
12-08 04:36:39.953 1518 2355 E DisplayDeviceConfig: requesting nits when no mapping exists.
12-08 04:36:39.953 1518 1654 I am_wtf : [0,1518,system_server,-1,DisplayDeviceConfig,requesting nits when no mapping exists.]
12-08 04:36:39.953 1518 2355 E DisplayDeviceConfig: requesting nits when no mapping exists.
12-08 04:36:39.953 1518 1654 I am_wtf : [0,1518,system_server,-1,DisplayDeviceConfig,requesting nits when no mapping exists.]
12-08 04:36:39.969 1518 2355 E DisplayDeviceConfig: requesting nits when no mapping exists.
12-08 04:36:39.970 1518 1654 I am_wtf : [0,1518,system_server,-1,DisplayDeviceConfig,requesting nits when no mapping exists.]
12-08 04:36:39.970 1518 2355 E DisplayDeviceConfig: requesting nits when no mapping exists.
12-08 04:36:39.971 1518 1654 I am_wtf : [0,1518,system_server,-1,DisplayDeviceConfig,requesting nits when no mapping exists.]
12-08 04:36:39.984 1518 6603 I sysui_multi_action: [757,127,758,1]
12-08 04:36:39.985 1518 6603 I sysui_multi_action: [757,804,799,note_load,801,3,802,1]
12-08 04:36:39.985 1518 6603 I notification_panel_revealed: 3
12-08 04:36:39.988 1518 2355 E DisplayDeviceConfig: requesting nits when no mapping exists.
12-08 04:36:39.989 1518 2355 E DisplayDeviceConfig: requesting nits when no mapping exists.
12-08 04:36:39.990 1518 1654 I am_wtf : [0,1518,system_server,-1,DisplayDeviceConfig,requesting nits when no mapping exists.]
12-08 04:36:39.991 1518 1654 I am_wtf : [0,1518,system_server,-1,DisplayDeviceConfig,requesting nits when no mapping exists.]
12-08 04:36:40.003 1518 2355 E DisplayDeviceConfig: requesting nits when no mapping exists.
12-08 04:36:40.004 1518 1654 I am_wtf : [0,1518,system_server,-1,DisplayDeviceConfig,requesting nits when no mapping exists.]
12-08 04:36:40.004 1518 2355 E DisplayDeviceConfig: requesting nits when no mapping exists.
12-08 04:36:40.005 1518 1654 I am_wtf : [0,1518,system_server,-1,DisplayDeviceConfig,requesting nits when no mapping exists.]
12-08 04:36:40.014 1518 1646 I input_focus: [Focus request 89e55f9 NotificationShade,reason=UpdateInputWindows]
12-08 04:36:40.020 1518 2319 I GameModeConfig: isGameModeOn = false
12-08 04:36:40.020 1518 2319 I GameModeConfig: isGameModeOn = false
12-08 04:36:40.020 1518 2319 I GameModeConfig: isGameModeOn = false
12-08 04:36:40.021 1518 2355 E DisplayDeviceConfig: requesting nits when no mapping exists.
12-08 04:36:40.021 1518 2355 E DisplayDeviceConfig: requesting nits when no mapping exists.
12-08 04:36:40.021 1518 1654 I am_wtf : [0,1518,system_server,-1,DisplayDeviceConfig,requesting nits when no mapping exists.]
12-08 04:36:40.021 1518 2319 I GameModeConfig: isGameModeOn = false
12-08 04:36:40.022 1518 2319 I GameModeConfig: isGameModeOn = false
12-08 04:36:40.022 1518 1654 I am_wtf : [0,1518,system_server,-1,DisplayDeviceConfig,requesting nits when no mapping exists.]
12-08 04:36:40.022 1518 1518 I notification_enqueue: [10082,2377,com.android.systemui,2048,NULL,0,Notification(channel=updateNotification shortcut=null contentView=null vibrate=null sound=null defaults=0x0 flags=0x0 color=0x00000000 vis=PRIVATE),1]
12-08 04:36:40.022 2377 2377 I sysui_multi_action: [757,111,758,2]
12-08 04:36:40.023 2377 2377 I sysui_multi_action: [757,111,758,2]
12-08 04:36:40.027 1518 2002 I input_focus: [Focus leaving 87852de com.android.launcher3/com.android.launcher3.uioverrides.QuickstepLauncher (server),reason=setFocusedWindow]
12-08 04:36:40.027 1518 2002 I input_focus: [Focus entering 89e55f9 NotificationShade (server),reason=setFocusedWindow]
12-08 04:36:40.031 1518 1646 I input_focus: [Focus request 87852de com.android.launcher3/com.android.launcher3.uioverrides.QuickstepLauncher,reason=UpdateInputWindows]
12-08 04:36:40.034 2377 2377 I sysui_multi_action: [757,111,758,1]
12-08 04:36:40.034 2377 2377 I sysui_multi_action: [757,126,758,1,759,126,927,0,928,1,1593,0]
12-08 04:36:40.034 2377 2377 I sysui_multi_action: [757,113,758,1,759,113,927,1,928,1,1593,0]
12-08 04:36:40.034 2377 2377 I sysui_multi_action: [757,0,758,1,759,0,927,2,928,0,1593,0]
12-08 04:36:40.034 2377 2377 I sysui_multi_action: [757,0,758,1,759,0,927,3,928,0,1593,0]
12-08 04:36:40.035 2377 2377 I sysui_multi_action: [757,491,758,1,759,491,927,4,928,0,1311,-1,1593,0]
12-08 04:36:40.035 2377 2377 I sysui_multi_action: [757,0,758,1,759,0,927,5,928,0,1593,0]
12-08 04:36:40.035 2377 2377 I sysui_multi_action: [757,111,758,1]
12-08 04:36:40.035 2377 2377 I sysui_multi_action: [757,126,758,1,759,126,927,0,928,1,1593,0]
12-08 04:36:40.035 2377 2377 I sysui_multi_action: [757,113,758,1,759,113,927,1,928,1,1593,0]
12-08 04:36:40.035 2377 2377 I sysui_multi_action: [757,0,758,1,759,0,927,2,928,0,1593,0]
12-08 04:36:40.035 2377 2377 I sysui_multi_action: [757,0,758,1,759,0,927,3,928,0,1593,0]
12-08 04:36:40.037 1518 2355 E DisplayDeviceConfig: requesting nits when no mapping exists.
12-08 04:36:40.038 1518 2355 E DisplayDeviceConfig: requesting nits when no mapping exists.
12-08 04:36:40.038 1518 1654 I am_wtf : [0,1518,system_server,-1,DisplayDeviceConfig,requesting nits when no mapping exists.]
12-08 04:36:40.039 1518 1654 I am_wtf : [0,1518,system_server,-1,DisplayDeviceConfig,requesting nits when no mapping exists.]
