12-08 04:19:46.637 4314 4334 W ContextImpl: Calling a method in the system process without a qualified user: android.app.ContextImpl.startService:1816 android.content.ContextWrapper.startService:774 com.thundercomm.gamemode.ingame.services.GameModeActionUtils.startGameModeService:93 com.thundercomm.gamemode.ingame.services.GameModeActionUtils.startGameModeEntry:21 com.thundercomm.gamemode.ingame.services.ActivityMonitoringService$1.onActivityLaunch:127
12-08 04:19:46.642 1518 1518 I GameModeConfig: Current uri is uri = content://com.thundercomm.gamemode.api/gamemode_settings/gamemode_isgaming
12-08 04:19:46.644 1518 1518 I GameModeConfig: isGameModeOn = false
12-08 04:19:46.645 1518 1518 I GameModeConfig: isGameModeOn = false
12-08 04:19:46.645 1518 1518 I GameModeConfig: isDisableVoice = true
12-08 04:19:46.682 1518 4088 I am_uid_active: 10089
12-08 04:19:46.689 2932 2932 I wm_on_create_called: [186126676,com.android.settings.Settings,performCreate]
12-08 04:19:46.697 1518 3331 E UserRestrictionsUtils: Unknown restriction queried by uid 1000 (com.android.keychain et al): null
12-08 04:19:46.697 1518 4088 E UserRestrictionsUtils: Unknown restriction queried by uid 1000 (com.android.keychain et al): null
12-08 04:19:46.697 1518 3331 E UserRestrictionsUtils: Unknown restriction queried by uid 1000 (com.android.keychain et al): null
12-08 04:19:46.697 1518 3331 E UserRestrictionsUtils: Unknown restriction queried by uid 1000 (com.android.keychain et al): null
12-08 04:19:46.698 1518 3331 E UserRestrictionsUtils: Unknown restriction queried by uid 1000 (com.android.keychain et al): null
12-08 04:19:46.698 1518 3331 E UserRestrictionsUtils: Unknown restriction queried by uid 1000 (com.android.keychain et al): null
12-08 04:19:46.698 1518 3331 E UserRestrictionsUtils: Unknown restriction queried by uid 1000 (com.android.keychain et al): null
12-08 04:19:46.698 1518 3331 E UserRestrictionsUtils: Unknown restriction queried by uid 1000 (com.android.keychain et al): null
12-08 04:19:46.698 1518 3331 E UserRestrictionsUtils: Unknown restriction queried by uid 1000 (com.android.keychain et al): null
12-08 04:19:46.699 1518 3331 E UserRestrictionsUtils: Unknown restriction queried by uid 1000 (com.android.keychain et al): null
12-08 04:19:46.699 1518 3331 E UserRestrictionsUtils: Unknown restriction queried by uid 1000 (com.android.keychain et al): null
12-08 04:19:46.699 1518 3331 E UserRestrictionsUtils: Unknown restriction queried by uid 1000 (com.android.keychain et al): null
12-08 04:19:46.699 1518 3331 E UserRestrictionsUtils: Unknown restriction queried by uid 1000 (com.android.keychain et al): null
12-08 04:19:46.700 1518 3331 E UserRestrictionsUtils: Unknown restriction queried by uid 1000 (com.android.keychain et al): null
12-08 04:19:46.700 1518 3331 E UserRestrictionsUtils: Unknown restriction queried by uid 1000 (com.android.keychain et al): null
12-08 04:19:46.700 1518 3331 E UserRestrictionsUtils: Unknown restriction queried by uid 1000 (com.android.keychain et al): null
12-08 04:19:46.700 1518 3331 E UserRestrictionsUtils: Unknown restriction queried by uid 1000 (com.android.keychain et al): null
12-08 04:19:46.700 1518 3331 E UserRestrictionsUtils: Unknown restriction queried by uid 1000 (com.android.keychain et al): null
12-08 04:19:46.738 2932 2932 I wm_on_start_called: [186126676,com.android.settings.Settings,handleStartActivity]
12-08 04:19:46.739 2932 2932 I snet_event_log: [120484087,-1,]
12-08 04:19:46.740 2932 2932 I wm_on_resume_called: [186126676,com.android.settings.Settings,RESUME_ACTIVITY]
12-08 04:19:46.744 2932 2932 I sysui_multi_action: [757,35,758,1,833,0,1089,53]
12-08 04:19:46.756 2932 2932 I sysui_multi_action: [757,1729,758,4,854,isParalleledControllers:false,1089,66]
12-08 04:19:46.760 2932 2932 I wm_on_top_resumed_gained_called: [186126676,com.android.settings.Settings,topStateChangedWhenResumed]
12-08 04:19:46.821 1518 1646 I input_focus: [Focus request ef97687 com.android.settings/com.android.settings.Settings,reason=UpdateInputWindows]
12-08 04:19:46.936 1518 1646 I sysui_multi_action: [324,1,757,1090,758,12,806,com.android.settings,871,com.android.settings.Settings,1091,438]
12-08 04:19:46.949 1518 1642 I sysui_multi_action: [319,85,321,82,322,438,325,185,757,761,758,8,759,1,806,com.android.settings,871,com.android.settings.Settings,904,com.android.launcher3,905,0,1320,4,1321,1]
12-08 04:19:46.950 1518 1642 I wm_activity_launch_time: [0,186126676,com.android.settings/.Settings,438]
12-08 04:19:46.957 1518 2002 I input_focus: [Focus entering ef97687 com.android.settings/com.android.settings.Settings (server),reason=Window became focusable. Previous reason: NOT_VISIBLE]
12-08 04:19:46.977 2932 2932 W CarrierConfigManager: Error getting config for subId -1 ICarrierConfigLoader is null
12-08 04:19:46.981 1518 2736 E UserRestrictionsUtils: Unknown restriction queried by uid 1000 (com.android.keychain et al): null
12-08 04:19:47.015 2932 2932 I sysui_multi_action: [757,746,758,1,833,0,1089,52]
12-08 04:19:47.016 1518 1635 D TelephonyRegistry: listen oscl: mHasNotifySubscriptionInfoChangedOccurred==false no callback
12-08 04:19:47.020 1518 1635 D TelephonyRegistry: listen oscl: mHasNotifySubscriptionInfoChangedOccurred==false no callback
12-08 04:19:47.029 2932 2932 I sysui_multi_action: [757,1729,758,4,854,isParalleledControllers:false,1089,66]
12-08 04:19:47.129 1518 1645 I wm_stop_activity: [0,73204664,com.android.launcher3/.uioverrides.QuickstepLauncher]
12-08 04:19:47.160 2824 2824 I wm_on_stop_called: [73204664,com.android.launcher3.uioverrides.QuickstepLauncher,STOP_ACTIVITY_ITEM]
12-08 04:19:47.173 4314 4334 W ContextImpl: Calling a method in the system process without a qualified user: android.app.ContextImpl.startService:1816 android.content.ContextWrapper.startService:774 com.thundercomm.gamemode.ingame.services.GameModeActionUtils.startGameModeService:93 com.thundercomm.gamemode.ingame.services.GameModeActionUtils.startGameModeEntry:21 com.thundercomm.gamemode.ingame.services.ActivityMonitoringService$1.onActivityLaunch:127
12-08 04:19:47.182 1518 1518 I GameModeConfig: Current uri is uri = content://com.thundercomm.gamemode.api/gamemode_settings/gamemode_isgaming
12-08 04:19:47.184 1518 1518 I GameModeConfig: isGameModeOn = false
12-08 04:19:47.184 1518 1518 I GameModeConfig: isGameModeOn = false
12-08 04:19:47.184 1518 1518 I GameModeConfig: isDisableVoice = true
12-08 04:19:47.762 1518 1642 D CompanionDeviceManagerService: onPackageModified(packageName = com.android.settings)
12-08 04:19:47.785 1518 1518 I Telecom : DefaultDialerCache: Refreshing default dialer for user 0: now null: DDC.oR@ACA
12-08 04:19:47.801 1518 1653 W VoiceInteractionManager: no available voice recognition services found for user 0
12-08 04:19:47.842 1518 1678 I commit_sys_config_file: [package-user-0,5]
12-08 04:19:48.154 1518 2002 I input_interaction: Interaction with: ef97687 com.android.settings/com.android.settings.Settings (server), edge-swipe (server), swipe-up (server), PointerEventDispatcher0 (server),
12-08 04:19:48.158 1518 1518 I service_manager_stats: [100,83,158132]
12-08 04:19:48.186 1518 1635 I wm_task_moved: [1,0,0]
12-08 04:19:48.186 1518 1635 I wm_task_moved: [1,0,5]
12-08 04:19:48.210 4314 4334 W ContextImpl: Calling a method in the system process without a qualified user: android.app.ContextImpl.startService:1816 android.content.ContextWrapper.startService:774 com.thundercomm.gamemode.ingame.services.GameModeActionUtils.startGameModeService:93 com.thundercomm.gamemode.ingame.services.GameModeActionUtils.startGameModeEntry:21 com.thundercomm.gamemode.ingame.services.ActivityMonitoringService$1.onActivityLaunch:127
12-08 04:19:48.212 2824 2824 I wm_on_restart_called: [73204664,com.android.launcher3.uioverrides.QuickstepLauncher,performRestartActivity]
12-08 04:19:48.214 1518 1518 I GameModeConfig: Current uri is uri = content://com.thundercomm.gamemode.api/gamemode_settings/gamemode_isgaming
12-08 04:19:48.217 1518 1518 I GameModeConfig: isGameModeOn = false
12-08 04:19:48.217 1518 1518 I GameModeConfig: isGameModeOn = false
12-08 04:19:48.217 1518 1518 I GameModeConfig: isDisableVoice = true
12-08 04:19:48.242 2824 2824 I wm_on_start_called: [73204664,com.android.launcher3.uioverrides.QuickstepLauncher,handleStartActivity]
12-08 04:19:48.243 1518 2299 W ActivityTaskManager: getTaskSnapshot: taskId=5011 not found
12-08 04:19:48.245 1518 2736 W ActivityTaskManager: getTaskSnapshot: taskId=4011 not found
12-08 04:19:48.250 1518 2736 W ActivityTaskManager: getTaskSnapshot: taskId=3011 not found
12-08 04:19:48.251 1518 2736 W ActivityTaskManager: getTaskSnapshot: taskId=2011 not found
12-08 04:19:48.258 1518 2736 W ActivityTaskManager: getTaskSnapshot: taskId=5011 not found
12-08 04:19:48.259 1518 2299 W ActivityTaskManager: getTaskSnapshot: taskId=4011 not found
12-08 04:19:48.260 1518 2736 W ActivityTaskManager: getTaskSnapshot: taskId=3011 not found
12-08 04:19:48.262 1518 2736 W ActivityTaskManager: getTaskSnapshot: taskId=2011 not found
12-08 04:19:48.263 1518 2736 W ActivityTaskManager: getTaskSnapshot: taskId=1011 not found
12-08 04:19:48.276 1518 1642 I sysui_multi_action: [319,12,322,82,325,187,757,761,758,9,759,5,806,com.android.launcher3,871,com.android.launcher3.uioverrides.QuickstepLauncher,905,0,1320,4,1321,1]
12-08 04:19:48.292 1518 2002 I input_interaction: Interaction with: edge-swipe (server), swipe-up (server), PointerEventDispatcher0 (server),
12-08 04:19:48.296 2932 2932 I view_enqueue_input_event: [Motion - Cancel,com.android.settings/com.android.settings.Settings]
12-08 04:19:48.302 2824 2824 I sysui_latency: [1,107]
12-08 04:19:48.311 1518 1646 I input_focus: [Focus request recents_animation_input_consumer,reason=UpdateInputWindows]
12-08 04:19:48.314 1518 1635 W ActivityTaskManager: getTaskSnapshot: taskId=5011 not found
12-08 04:19:48.314 1518 1635 W ActivityTaskManager: getTaskSnapshot: taskId=4011 not found
12-08 04:19:48.315 1284 3033 I liblog : 70
12-08 04:19:48.343 1518 2002 I input_focus: [Focus leaving ef97687 com.android.settings/com.android.settings.Settings (server),reason=NOT_FOCUSABLE]
12-08 04:19:48.344 1518 2002 I input_focus: [Focus entering recents_animation_input_consumer (server),reason=setFocusedWindow]
12-08 04:19:48.438 1518 1752 I commit_sys_config_file: [settings-1-0,5]
12-08 04:19:48.570 1518 1653 I sysui_latency: [8,110]
12-08 04:19:48.674 1518 1752 I commit_sys_config_file: [settings-1-0,7]
12-08 04:19:49.197 1518 1635 I wm_task_moved: [1,1,6]
12-08 04:19:49.201 1518 1635 I wm_task_moved: [10,1,2147483647]
12-08 04:19:49.201 1518 1635 I wm_task_to_front: [0,10]
12-08 04:19:49.201 2932 2932 I wm_on_top_resumed_lost_called: [186126676,com.android.settings.Settings,topStateChangedWhenResumed]
12-08 04:19:49.201 1518 1635 I wm_focused_root_task: [0,0,1,11,RecentsAnimation.onAnimationFinished()]
12-08 04:19:49.202 1518 1635 I wm_set_resumed_activity: [0,com.android.launcher3/.uioverrides.QuickstepLauncher,RecentsAnimation.onAnimationFinished()]
12-08 04:19:49.204 1518 1635 I wm_pause_activity: [0,186126676,com.android.settings/.Settings,userLeaving=true,pauseBackTasks]
12-08 04:19:49.206 1518 1635 I wm_add_to_stopping: [0,186126676,com.android.settings/.Settings,makeInvisible]
12-08 04:19:49.207 1518 1635 I ActivityTaskManager: FOREGROUND_APPLICATION_CHANGED to com.android.launcher3.uioverrides.QuickstepLauncher
12-08 04:19:49.207 1518 1635 I wm_set_resumed_activity: [0,com.android.launcher3/.uioverrides.QuickstepLauncher,resumeTopActivityInnerLocked]
12-08 04:19:49.213 1518 1635 I wm_resume_activity: [0,73204664,10,com.android.launcher3/.uioverrides.QuickstepLauncher]
12-08 04:19:49.217 2824 2824 I wm_on_resume_called: [73204664,com.android.launcher3.uioverrides.QuickstepLauncher,RESUME_ACTIVITY]
12-08 04:19:49.228 1518 1646 I input_focus: [Focus request 87852de com.android.launcher3/com.android.launcher3.uioverrides.QuickstepLauncher,reason=UpdateInputWindows]
12-08 04:19:49.229 2932 2932 I sysui_multi_action: [757,35,758,2,1089,2486]
12-08 04:19:49.231 1518 1645 I wm_stop_activity: [0,186126676,com.android.settings/.Settings]
12-08 04:19:49.231 1518 1645 I sysui_multi_action: [757,803,799,window_time_0,802,2]
12-08 04:19:49.233 1518 1645 I sysui_multi_action: [757,803,799,window_time_0,802,0]
12-08 04:19:49.234 2824 2824 I wm_on_top_resumed_gained_called: [73204664,com.android.launcher3.uioverrides.QuickstepLauncher,topStateChangedWhenResumed]
12-08 04:19:49.244 2932 2932 I sysui_multi_action: [757,746,758,2,1089,2229]
12-08 04:19:49.246 1518 2002 I input_focus: [Focus leaving recents_animation_input_consumer (server),reason=NOT_VISIBLE]
12-08 04:19:49.246 1518 2002 I input_focus: [Focus entering 87852de com.android.launcher3/com.android.launcher3.uioverrides.QuickstepLauncher (server),reason=setFocusedWindow]
12-08 04:19:49.251 2932 2932 I wm_on_paused_called: [186126676,com.android.settings.Settings,performPause]
12-08 04:19:49.270 2932 2932 I wm_on_stop_called: [186126676,com.android.settings.Settings,STOP_ACTIVITY_ITEM]
12-08 04:19:49.271 1518 2002 I input_interaction: Interaction with: 87852de com.android.launcher3/com.android.launcher3.uioverrides.QuickstepLauncher (server), 4649e44 com.android.systemui.ImageWallpaper (server), edge-swipe (server), swipe-up (server), PointerEventDispatcher0 (server),
12-08 04:19:49.300 4314 4334 W ContextImpl: Calling a method in the system process without a qualified user: android.app.ContextImpl.startService:1816 android.content.ContextWrapper.startService:774 com.thundercomm.gamemode.ingame.services.GameModeActionUtils.startGameModeService:93 com.thundercomm.gamemode.ingame.services.GameModeActionUtils.startGameModeEntry:21 com.thundercomm.gamemode.ingame.services.ActivityMonitoringService$1.onActivityLaunch:127
12-08 04:19:49.305 1518 1518 I GameModeConfig: Current uri is uri = content://com.thundercomm.gamemode.api/gamemode_settings/gamemode_isgaming
12-08 04:19:49.307 1518 1518 I GameModeConfig: isGameModeOn = false
12-08 04:19:49.307 1518 1518 I GameModeConfig: isGameModeOn = false
12-08 04:19:49.307 1518 1518 I GameModeConfig: isDisableVoice = true
12-08 04:19:49.338 4314 4334 W ContextImpl: Calling a method in the system process without a qualified user: android.app.ContextImpl.startService:1816 android.content.ContextWrapper.startService:774 com.thundercomm.gamemode.ingame.services.GameModeActionUtils.startGameModeService:93 com.thundercomm.gamemode.ingame.services.GameModeActionUtils.startGameModeEntry:21 com.thundercomm.gamemode.ingame.services.ActivityMonitoringService$1.onActivityLaunch:127
12-08 04:19:49.341 1518 1518 I GameModeConfig: Current uri is uri = content://com.thundercomm.gamemode.api/gamemode_settings/gamemode_isgaming
12-08 04:19:49.342 1518 1518 I GameModeConfig: isGameModeOn = false
12-08 04:19:49.343 1518 1518 I GameModeConfig: isGameModeOn = false
12-08 04:19:49.343 1518 1518 I GameModeConfig: isDisableVoice = true
12-08 04:19:49.435 1518 4088 I ActivityTaskManager: START u0 {act=android.intent.action.MAIN cat=[android.intent.category.LAUNCHER] flg=0x10200000 cmp=com.android.settings/.Settings bnds=[2308,740][2494,940]} from uid 10080
12-08 04:19:49.437 1518 4088 I wm_task_moved: [11,1,6]
12-08 04:19:49.437 1518 4088 I wm_task_to_front: [0,11]
12-08 04:19:49.438 1518 4088 I wm_focused_root_task: [0,0,11,1,bringingFoundTaskToFront]
12-08 04:19:49.438 1518 4088 I wm_set_resumed_activity: [0,com.android.settings/.Settings,bringingFoundTaskToFront]
12-08 04:19:49.439 1518 4088 I wm_new_intent: [0,186126676,11,com.android.settings/.Settings,android.intent.action.MAIN,NULL,NULL,270532608]
12-08 04:19:49.442 1518 4088 I wm_pause_activity: [0,73204664,com.android.launcher3/.uioverrides.QuickstepLauncher,userLeaving=true,pauseBackTasks]
12-08 04:19:49.449 2824 2824 I wm_on_top_resumed_lost_called: [73204664,com.android.launcher3.uioverrides.QuickstepLauncher,topStateChangedWhenResumed]
12-08 04:19:49.450 2824 2824 I wm_on_paused_called: [73204664,com.android.launcher3.uioverrides.QuickstepLauncher,performPause]
12-08 04:19:49.453 1518 4088 I ActivityTaskManager: FOREGROUND_APPLICATION_CHANGED to com.android.settings.homepage.SettingsHomepageActivity
12-08 04:19:49.455 1518 4088 I wm_set_resumed_activity: [0,com.android.settings/.Settings,resumeTopActivityInnerLocked]
12-08 04:19:49.455 1518 4088 I wm_add_to_stopping: [0,73204664,com.android.launcher3/.uioverrides.QuickstepLauncher,makeInvisible]
12-08 04:19:49.456 1518 4088 I wm_resume_activity: [0,186126676,11,com.android.settings/.Settings]
12-08 04:19:49.457 2932 2932 I wm_on_restart_called: [186126676,com.android.settings.Settings,performRestartActivity]
12-08 04:19:49.474 2932 2932 I wm_on_start_called: [186126676,com.android.settings.Settings,handleStartActivity]
12-08 04:19:49.475 2932 2932 I snet_event_log: [120484087,-1,]
12-08 04:19:49.476 2932 2932 I wm_on_resume_called: [186126676,com.android.settings.Settings,RESUME_ACTIVITY]
12-08 04:19:49.476 2932 2932 I sysui_multi_action: [757,35,758,1,833,0,1089,0]
12-08 04:19:49.480 1518 2002 I input_focus: [Focus leaving 87852de com.android.launcher3/com.android.launcher3.uioverrides.QuickstepLauncher (server),reason=NO_WINDOW]
12-08 04:19:49.483 1518 1645 I sysui_multi_action: [757,803,799,window_time_0,802,0]
12-08 04:19:49.488 4314 4334 W ContextImpl: Calling a method in the system process without a qualified user: android.app.ContextImpl.startService:1816 android.content.ContextWrapper.startService:774 com.thundercomm.gamemode.ingame.services.GameModeActionUtils.startGameModeService:93 com.thundercomm.gamemode.ingame.services.GameModeActionUtils.startGameModeEntry:21 com.thundercomm.gamemode.ingame.services.ActivityMonitoringService$1.onActivityLaunch:127
12-08 04:19:49.493 1518 1518 I GameModeConfig: Current uri is uri = content://com.thundercomm.gamemode.api/gamemode_settings/gamemode_isgaming
12-08 04:19:49.497 1518 1518 I GameModeConfig: isGameModeOn = false
12-08 04:19:49.497 1518 1518 I GameModeConfig: isGameModeOn = false
12-08 04:19:49.497 1518 1518 I GameModeConfig: isDisableVoice = true
12-08 04:19:49.498 2932 2932 I sysui_multi_action: [757,746,758,1,833,0,1089,0]
12-08 04:19:49.498 1518 2736 D TelephonyRegistry: listen oscl: mHasNotifySubscriptionInfoChangedOccurred==false no callback
12-08 04:19:49.503 1518 2463 D TelephonyRegistry: listen oscl: mHasNotifySubscriptionInfoChangedOccurred==false no callback
12-08 04:19:49.511 2932 2932 I wm_on_top_resumed_gained_called: [186126676,com.android.settings.Settings,topWhenResuming]
12-08 04:19:49.533 1518 1646 I input_focus: [Focus request ef97687 com.android.settings/com.android.settings.Settings,reason=UpdateInputWindows]
12-08 04:19:49.546 1518 1642 I sysui_multi_action: [319,39,321,35,322,105,325,188,757,761,758,9,759,4,806,com.android.settings,871,com.android.settings.Settings,904,com.android.launcher3,905,0,1320,4,1321,1]
12-08 04:19:49.546 1518 2002 I input_focus: [Focus entering ef97687 com.android.settings/com.android.settings.Settings (server),reason=setFocusedWindow]
12-08 04:19:49.566 4314 4334 W ContextImpl: Calling a method in the system process without a qualified user: android.app.ContextImpl.startService:1816 android.content.ContextWrapper.startService:774 com.thundercomm.gamemode.ingame.services.GameModeActionUtils.startGameModeService:93 com.thundercomm.gamemode.ingame.services.GameModeActionUtils.startGameModeEntry:21 com.thundercomm.gamemode.ingame.services.ActivityMonitoringService$1.onActivityLaunch:127
12-08 04:19:49.571 1518 1518 I GameModeConfig: Current uri is uri = content://com.thundercomm.gamemode.api/gamemode_settings/gamemode_isgaming
12-08 04:19:49.573 1518 1518 I GameModeConfig: isGameModeOn = false
12-08 04:19:49.573 1518 1518 I GameModeConfig: isGameModeOn = false
12-08 04:19:49.573 1518 1518 I GameModeConfig: isDisableVoice = true
12-08 04:19:50.002 1518 1645 I wm_stop_activity: [0,73204664,com.android.launcher3/.uioverrides.QuickstepLauncher]
12-08 04:19:50.024 2824 2824 I wm_on_stop_called: [73204664,com.android.launcher3.uioverrides.QuickstepLauncher,STOP_ACTIVITY_ITEM]
12-08 04:19:50.042 4314 4334 W ContextImpl: Calling a method in the system process without a qualified user: android.app.ContextImpl.startService:1816 android.content.ContextWrapper.startService:774 com.thundercomm.gamemode.ingame.services.GameModeActionUtils.startGameModeService:93 com.thundercomm.gamemode.ingame.services.GameModeActionUtils.startGameModeEntry:21 com.thundercomm.gamemode.ingame.services.ActivityMonitoringService$1.onActivityLaunch:127
12-08 04:19:50.048 1518 1518 I GameModeConfig: Current uri is uri = content://com.thundercomm.gamemode.api/gamemode_settings/gamemode_isgaming
12-08 04:19:50.050 1518 1518 I GameModeConfig: isGameModeOn = false
12-08 04:19:50.051 1518 1518 I GameModeConfig: isGameModeOn = false
12-08 04:19:50.051 1518 1518 I GameModeConfig: isDisableVoice = true
12-08 04:19:50.058 1518 3852 E TaskPersister: File error accessing recents directory (directory doesn't exist?).
12-08 04:19:50.129 1518 2002 I input_interaction: Interaction with: ef97687 com.android.settings/com.android.settings.Settings (server), edge-swipe (server), swipe-up (server), PointerEventDispatcher0 (server),
12-08 04:19:50.797 1284 3033 I liblog : 173
12-08 04:19:50.805 1518 1653 I sysui_multi_action: [757,1717,758,1,759,0]
12-08 04:19:50.806 1518 1653 I sysui_multi_action: [757,1717,758,2,759,0]
12-08 04:19:50.807 1518 1653 I sysui_multi_action: [757,1717,758,3,759,0]
12-08 04:19:50.957 2932 2932 I sysui_multi_action: [757,830,758,4,833,0,854,top_level_game,1089,0]
12-08 04:19:51.066 2932 2932 I sysui_multi_action: [757,746,758,2,1089,1568]
12-08 04:19:51.104 2932 2932 I sysui_multi_action: [757,3000,758,1,833,0,1089,17]
12-08 04:19:51.104 2932 2932 I sysui_multi_action: [757,1729,758,4,854,isParalleledControllers:false,1089,18]
12-08 04:19:51.641 2932 2932 I sysui_multi_action: [757,830,758,4,833,0,854,top_level_system,1089,0]
12-08 04:19:51.744 2932 2932 I sysui_multi_action: [757,3000,758,2,1089,641]
12-08 04:19:51.773 2932 2932 I sysui_multi_action: [757,744,758,1,833,0,1089,21]
12-08 04:19:51.777 2932 2932 I sysui_multi_action: [757,1729,758,4,854,isParalleledControllers:false,1089,25]
12-08 04:19:52.962 2932 2932 I sysui_multi_action: [757,830,758,4,833,0,854,top_level_privacy,1089,0]
12-08 04:19:53.069 2932 2932 I sysui_multi_action: [757,744,758,2,1089,1295]
12-08 04:19:53.090 1518 4088 E UserRestrictionsUtils: Unknown restriction queried by uid 1000 (com.android.keychain et al): null
12-08 04:19:53.091 1518 4088 E UserRestrictionsUtils: Unknown restriction queried by uid 1000 (com.android.keychain et al): null
12-08 04:19:53.092 1518 4088 E UserRestrictionsUtils: Unknown restriction queried by uid 1000 (com.android.keychain et al): null
12-08 04:19:53.112 2932 2932 I sysui_multi_action: [757,1587,758,1,833,0,1089,35]
12-08 04:19:53.114 2932 2932 I sysui_multi_action: [757,1729,758,4,854,isParalleledControllers:false,1089,38]
12-08 04:19:53.563 2932 2932 I sysui_multi_action: [757,830,758,4,833,0,854,top_level_security,1089,0]
12-08 04:19:53.668 2932 2932 I sysui_multi_action: [757,1587,758,2,1089,556]
12-08 04:19:53.688 1518 4088 E UserRestrictionsUtils: Unknown restriction queried by uid 1000 (com.android.keychain et al): null
12-08 04:19:53.689 1518 4088 E UserRestrictionsUtils: Unknown restriction queried by uid 1000 (com.android.keychain et al): null
12-08 04:19:53.690 1518 4088 E UserRestrictionsUtils: Unknown restriction queried by uid 1000 (com.android.keychain et al): null
12-08 04:19:53.690 1518 4088 E UserRestrictionsUtils: Unknown restriction queried by uid 1000 (com.android.keychain et al): null
12-08 04:19:53.691 1518 4088 E UserRestrictionsUtils: Unknown restriction queried by uid 1000 (com.android.keychain et al): null
12-08 04:19:53.691 1518 4088 E UserRestrictionsUtils: Unknown restriction queried by uid 1000 (com.android.keychain et al): null
12-08 04:19:53.691 1518 4088 E UserRestrictionsUtils: Unknown restriction queried by uid 1000 (com.android.keychain et al): null
12-08 04:19:53.712 2932 2932 I sysui_multi_action: [757,87,758,1,833,0,1089,33]
12-08 04:19:53.716 2932 2932 I sysui_multi_action: [757,1729,758,4,854,isParalleledControllers:false,1089,37]
12-08 04:19:54.395 2932 2932 I sysui_multi_action: [757,830,758,4,833,0,854,top_level_display,1089,0]
12-08 04:19:54.499 2932 2932 I sysui_multi_action: [757,87,758,2,1089,787]
12-08 04:19:54.525 1518 4088 E UserRestrictionsUtils: Unknown restriction queried by uid 1000 (com.android.keychain et al): null
12-08 04:19:54.526 1518 4088 E UserRestrictionsUtils: Unknown restriction queried by uid 1000 (com.android.keychain et al): null
12-08 04:19:54.549 2932 2932 I sysui_multi_action: [757,46,758,1,833,0,1089,43]
12-08 04:19:54.557 2932 2932 I sysui_multi_action: [757,1729,758,4,854,isParalleledControllers:false,1089,51]
12-08 04:19:54.879 2932 2932 I sysui_multi_action: [757,830,758,4,833,0,854,top_level_sound,1089,0]
12-08 04:19:54.984 2932 2932 I sysui_multi_action: [757,46,758,2,1089,435]
12-08 04:19:55.012 1518 2463 W BluetoothManagerService: psc is not null in bindBluetoothProfileService
12-08 04:19:55.038 1518 2463 E UserRestrictionsUtils: Unknown restriction queried by uid 1000 (com.android.keychain et al): null
12-08 04:19:55.039 1518 2463 E UserRestrictionsUtils: Unknown restriction queried by uid 1000 (com.android.keychain et al): null
12-08 04:19:55.040 1518 2463 E UserRestrictionsUtils: Unknown restriction queried by uid 1000 (com.android.keychain et al): null
12-08 04:19:55.040 1518 2463 E UserRestrictionsUtils: Unknown restriction queried by uid 1000 (com.android.keychain et al): null
12-08 04:19:55.040 1518 2463 E UserRestrictionsUtils: Unknown restriction queried by uid 1000 (com.android.keychain et al): null
12-08 04:19:55.041 1518 2463 E UserRestrictionsUtils: Unknown restriction queried by uid 1000 (com.android.keychain et al): null
12-08 04:19:55.042 1518 2463 E UserRestrictionsUtils: Unknown restriction queried by uid 1000 (com.android.keychain et al): null
12-08 04:19:55.049 2932 2932 I service_manager_stats: [100,65,194546]
12-08 04:19:55.063 2932 2932 I sysui_multi_action: [757,336,758,1,833,0,1089,64]
12-08 04:19:55.066 2932 2932 I sysui_multi_action: [757,1729,758,4,854,isParalleledControllers:false,1089,68]
12-08 04:19:57.836 1518 3331 W OverlayManager: service 'idmap' died
12-08 04:19:57.956 2932 2932 I sysui_multi_action: [757,830,758,4,833,0,854,top_level_system,1089,0]
12-08 04:19:58.062 2932 2932 I sysui_multi_action: [757,336,758,2,1089,3000]
12-08 04:19:58.093 2932 2932 I sysui_multi_action: [757,744,758,1,833,0,1089,21]
12-08 04:19:58.096 2932 2932 I sysui_multi_action: [757,1729,758,4,854,isParalleledControllers:false,1089,24]
12-08 04:19:59.543 2932 2932 I sysui_multi_action: [757,830,758,4,833,0,854,top_level_about_device,1089,0]
12-08 04:19:59.651 2932 2932 I sysui_multi_action: [757,744,758,2,1089,1556]
12-08 04:19:59.734 2932 2932 I sysui_multi_action: [757,40,758,1,833,0,1089,67]
12-08 04:19:59.736 2932 2932 W FeatureConnector: [ImsConnector, 0] connect: not supported.
12-08 04:19:59.739 2932 2932 I sysui_multi_action: [757,1729,758,4,854,isParalleledControllers:false,1089,72]
12-08 04:20:00.663 2932 2932 I sysui_multi_action: [757,848,758,4]
12-08 04:20:00.666 2932 2932 I sysui_multi_action: [757,830,758,4,833,0,854,build_number,1089,0]
12-08 04:20:00.850 2932 2932 I sysui_multi_action: [757,848,758,4]
12-08 04:20:00.852 2932 2932 I sysui_multi_action: [757,830,758,4,833,0,854,build_number,1089,0]
12-08 04:20:01.008 2932 2932 I sysui_multi_action: [757,848,758,4]
12-08 04:20:01.009 2932 2932 I sysui_multi_action: [757,830,758,4,833,0,854,build_number,1089,0]
12-08 04:20:01.139 1518 3331 I NotificationService: cancelToast pkg=com.android.settings token=android.os.BinderProxy@e488649
12-08 04:20:01.150 2932 2932 I sysui_multi_action: [757,848,758,4]
12-08 04:20:01.151 2932 2932 I sysui_multi_action: [757,830,758,4,833,0,854,build_number,1089,0]
12-08 04:20:01.401 1518 3331 W NotificationService: Toast already killed. pkg=com.android.settings token=android.os.BinderProxy@e488649
12-08 04:20:01.577 2932 2932 I menu_opened: 1
12-08 04:20:01.632 1518 1646 I input_focus: [Focus request 74728bd PopupWindow:e7a12a9,reason=UpdateInputWindows]
12-08 04:20:01.659 1518 2002 I input_focus: [Focus leaving ef97687 com.android.settings/com.android.settings.Settings (server),reason=setFocusedWindow]
12-08 04:20:01.659 1518 2002 I input_focus: [Focus entering 74728bd PopupWindow:e7a12a9 (server),reason=setFocusedWindow]
12-08 04:20:01.838 1518 2002 I input_interaction: Interaction with: 74728bd PopupWindow:e7a12a9 (server), edge-swipe (server), swipe-up (server), PointerEventDispatcher0 (server),
12-08 04:20:02.007 1518 2344 D TextClassificationManagerService: Binding to ComponentInfo{android.ext.services/com.android.textclassifier.DefaultTextClassifierService}
12-08 04:20:02.021 1518 1646 I input_focus: [Focus request ef97687 com.android.settings/com.android.settings.Settings,reason=UpdateInputWindows]
12-08 04:20:02.036 1518 1653 I am_pss : [2932,1000,com.android.settings,177080320,162107392,0,327331840,0,2,11]
12-08 04:20:02.044 1518 2002 I input_focus: [Focus leaving 74728bd PopupWindow:e7a12a9 (server),reason=NOT_FOCUSABLE]
12-08 04:20:02.044 1518 2002 I input_focus: [Focus entering ef97687 com.android.settings/com.android.settings.Settings (server),reason=setFocusedWindow]
12-08 04:20:02.112 1518 2002 I input_interaction: Interaction with: ef97687 com.android.settings/com.android.settings.Settings (server), edge-swipe (server), swipe-up (server), PointerEventDispatcher0 (server),
12-08 04:20:02.246 1518 3331 I NotificationService: cancelToast pkg=com.android.settings token=android.os.BinderProxy@99322e5
12-08 04:20:02.255 2932 2932 I sysui_multi_action: [757,848,758,4]
12-08 04:20:02.256 2932 2932 I sysui_multi_action: [757,830,758,4,833,0,854,build_number,1089,0]
12-08 04:20:02.388 1518 2463 I NotificationService: cancelToast pkg=com.android.settings token=android.os.BinderProxy@8f4f86
12-08 04:20:02.394 2932 2932 I sysui_multi_action: [757,848,758,4]
12-08 04:20:02.396 2932 2932 I sysui_multi_action: [757,830,758,4,833,0,854,build_number,1089,0]
12-08 04:20:02.519 1518 2463 W NotificationService: Toast already killed. pkg=com.android.settings token=android.os.BinderProxy@99322e5
12-08 04:20:02.545 1518 2299 I NotificationService: cancelToast pkg=com.android.settings token=android.os.BinderProxy@37d025b
12-08 04:20:02.548 1518 1678 I am_uid_stopped: 2000
12-08 04:20:02.548 1518 1678 I ActivityManager: Killing 4197:com.android.shell/2000 (adj 935): change com.android.shell
12-08 04:20:02.548 1518 1678 I am_kill : [0,4197,com.android.shell,935,change com.android.shell]
12-08 04:20:02.556 1518 1642 D CompanionDeviceManagerService: onPackageModified(packageName = com.android.shell)
12-08 04:20:02.567 1518 1653 I am_pss : [4485,10054,com.qualcomm.qti.qms.service.trustzoneaccess,5429248,3837952,0,91340800,0,19,5]
12-08 04:20:02.569 2932 2932 I sysui_multi_action: [757,848,758,4]
12-08 04:20:02.570 2932 2932 I sysui_multi_action: [757,848,758,4]
12-08 04:20:02.571 2932 2932 I sysui_multi_action: [757,830,758,4,833,0,854,build_number,1089,0]
12-08 04:20:02.572 1518 1518 I Telecom : DefaultDialerCache: Refreshing default dialer for user 0: now null: DDC.oR@ACE
12-08 04:20:02.590 1518 1653 I am_pss : [3816,10034,com.android.providers.calendar,7090176,5324800,0,97878016,0,19,6]
12-08 04:20:02.593 1518 2775 W ActivityManager: ProcessRecord{77a6efc 0:com.android.shell/2000} is attached to a previous process 4197
12-08 04:20:02.595 1518 2775 I am_uid_running: 2000
12-08 04:20:02.595 1518 2775 I ActivityManager: com.android.shell is exempt from freezer
12-08 04:20:02.595 1518 2775 D CompatibilityChangeReporter: Compat change id reported: 135634846; UID 2000; state: DISABLED
12-08 04:20:02.596 1518 2775 D CompatibilityChangeReporter: Compat change id reported: 177438394; UID 2000; state: DISABLED
12-08 04:20:02.596 1518 2775 D CompatibilityChangeReporter: Compat change id reported: 135772972; UID 2000; state: DISABLED
12-08 04:20:02.596 1518 2775 D CompatibilityChangeReporter: Compat change id reported: 135754954; UID 2000; state: ENABLED
12-08 04:20:02.603 1518 2299 V ActivityManager: Got obituary of 4197:com.android.shell
12-08 04:20:02.604 1518 1653 I am_pss : [4061,10065,com.android.gallery3d,8214528,6594560,0,95170560,0,19,6]
12-08 04:20:02.610 1518 1653 I am_pss : [3445,10023,android.process.media,10579968,8536064,0,104357888,0,10,6]
12-08 04:20:02.611 1518 1655 I am_proc_start: [0,5142,2000,com.android.shell,content provider,{com.android.shell/com.android.shell.BugreportStorageProvider}]
12-08 04:20:02.611 1518 1655 I ActivityManager: Start proc 5142:com.android.shell/2000 for content provider {com.android.shell/com.android.shell.BugreportStorageProvider}
12-08 04:20:02.617 1518 1653 I am_pss : [3659,10018,android.process.acore,12733440,9412608,0,117182464,0,19,6]
12-08 04:20:02.625 1518 2463 I am_proc_bound: [0,5142,com.android.shell]
12-08 04:20:02.626 1518 2463 D CompatibilityChangeReporter: Compat change id reported: 168419799; UID 2000; state: DISABLED
12-08 04:20:02.630 1518 1653 W VoiceInteractionManager: no available voice recognition services found for user 0
12-08 04:20:02.713 2932 2932 I sysui_multi_action: [757,830,758,4,833,0,854,build_number,1089,0]
12-08 04:20:02.756 1518 1752 I commit_sys_config_file: [settings-0-0,12]
12-08 04:20:02.869 2932 2932 I sysui_multi_action: [757,830,758,4,833,0,854,build_number,1089,0]
12-08 04:20:03.001 2932 2932 I sysui_multi_action: [757,830,758,4,833,0,854,build_number,1089,0]
12-08 04:20:03.138 2932 2932 I sysui_multi_action: [757,830,758,4,833,0,854,build_number,1089,0]
12-08 04:20:03.267 2932 2932 I sysui_multi_action: [757,830,758,4,833,0,854,build_number,1089,0]
12-08 04:20:03.593 1518 1642 D CompanionDeviceManagerService: onPackageModified(packageName = com.android.settings)
12-08 04:20:03.611 1518 1518 I Telecom : DefaultDialerCache: Refreshing default dialer for user 0: now null: DDC.oR@ACI
12-08 04:20:03.631 1518 1653 W VoiceInteractionManager: no available voice recognition services found for user 0
12-08 04:20:03.871 2932 2932 I sysui_multi_action: [757,830,758,4,833,0,854,top_level_system,1089,0]
12-08 04:20:03.984 2932 2932 I sysui_multi_action: [757,40,758,2,1089,4250]
12-08 04:20:04.014 2932 2932 I sysui_multi_action: [757,744,758,1,833,0,1089,20]
12-08 04:20:04.015 2932 2932 I sysui_multi_action: [757,1729,758,4,854,isParalleledControllers:false,1089,22]
12-08 04:20:04.606 2932 2932 I sysui_multi_action: [757,830,758,4,833,0,854,dashboard_tile_pref_com.android.settings.Settings$DevelopmentSettingsDashboardActivity,1089,0]
12-08 04:20:04.618 2932 2932 I sysui_multi_action: [757,744,758,2,1089,604]
12-08 04:20:04.652 1518 2775 E UserRestrictionsUtils: Unknown restriction queried by uid 1000 (com.android.keychain et al): null
12-08 04:20:04.653 1518 2775 E UserRestrictionsUtils: Unknown restriction queried by uid 1000 (com.android.keychain et al): null
12-08 04:20:04.654 1518 2775 E UserRestrictionsUtils: Unknown restriction queried by uid 1000 (com.android.keychain et al): null
12-08 04:20:04.654 1518 2775 E UserRestrictionsUtils: Unknown restriction queried by uid 1000 (com.android.keychain et al): null
12-08 04:20:04.655 1518 2775 E UserRestrictionsUtils: Unknown restriction queried by uid 1000 (com.android.keychain et al): null
12-08 04:20:04.656 1518 2775 E UserRestrictionsUtils: Unknown restriction queried by uid 1000 (com.android.keychain et al): null
12-08 04:20:04.656 1518 2775 E UserRestrictionsUtils: Unknown restriction queried by uid 1000 (com.android.keychain et al): null
12-08 04:20:04.657 1518 2775 E UserRestrictionsUtils: Unknown restriction queried by uid 1000 (com.android.keychain et al): null
12-08 04:20:04.661 1518 2775 E UserRestrictionsUtils: Unknown restriction queried by uid 1000 (com.android.keychain et al): null
12-08 04:20:04.667 2932 2932 I auditd : type=1400 audit(0.0:367): avc: denied { read } for comm="ndroid.settings" name="pagetypeinfo" dev="proc" ino=4026531857 scontext=u:r:system_app:s0 tcontext=u:object_r:proc_pagetypeinfo:s0 tclass=file permissive=0
12-08 04:20:04.671 2932 2932 I auditd : type=1400 audit(0.0:368): avc: denied { search } for comm="ndroid.settings" name="zram0" dev="sysfs" ino=56685 scontext=u:r:system_app:s0 tcontext=u:object_r:sysfs_zram:s0 tclass=dir permissive=0
12-08 04:20:04.671 2932 2932 I auditd : type=1400 audit(0.0:369): avc: denied { search } for comm="ndroid.settings" name="zram0" dev="sysfs" ino=56685 scontext=u:r:system_app:s0 tcontext=u:object_r:sysfs_zram:s0 tclass=dir permissive=0
12-08 04:20:04.711 2932 2932 I sysui_multi_action: [757,853,758,4,854,null/switch_bar,1089,1]
12-08 04:20:04.714 2932 2932 I sysui_multi_action: [757,39,758,1,833,0,1089,93]
12-08 04:20:04.714 1518 2775 D TelephonyRegistry: listen oscl: mHasNotifySubscriptionInfoChangedOccurred==false no callback
12-08 04:20:04.716 1518 2775 D TelephonyRegistry: listen oscl: mHasNotifySubscriptionInfoChangedOccurred==false no callback
12-08 04:20:04.723 2932 2932 I auditd : type=1400 audit(0.0:370): avc: denied { read } for comm="pool-2-thread-5" name="pagetypeinfo" dev="proc" ino=4026531857 scontext=u:r:system_app:s0 tcontext=u:object_r:proc_pagetypeinfo:s0 tclass=file permissive=0
12-08 04:20:04.727 2932 2932 I auditd : type=1400 audit(0.0:371): avc: denied { search } for comm="pool-2-thread-5" name="zram0" dev="sysfs" ino=56685 scontext=u:r:system_app:s0 tcontext=u:object_r:sysfs_zram:s0 tclass=dir permissive=0
12-08 04:20:04.727 2932 2932 I auditd : type=1400 audit(0.0:372): avc: denied { search } for comm="pool-2-thread-5" name="zram0" dev="sysfs" ino=56685 scontext=u:r:system_app:s0 tcontext=u:object_r:sysfs_zram:s0 tclass=dir permissive=0
12-08 04:20:04.749 2932 2932 I sysui_multi_action: [757,1729,758,4,854,isParalleledControllers:false,1089,127]
12-08 04:20:04.913 1518 1752 I commit_sys_config_file: [settings-0-0,6]
12-08 04:20:05.108 1518 2299 W NotificationService: Toast already killed. pkg=com.android.settings token=android.os.BinderProxy@21e97f1
12-08 04:20:06.638 1518 1653 I sysui_multi_action: [757,1717,758,1,759,0]
12-08 04:20:06.639 1518 1653 I sysui_multi_action: [757,1717,758,2,759,0]
12-08 04:20:06.639 1518 1653 I sysui_multi_action: [757,1717,758,3,759,0]
12-08 04:20:07.301 2932 2932 I sysui_multi_action: [757,830,758,4,833,0,854,enable_adb,1089,0]
12-08 04:20:07.386 2932 2932 I sysui_multi_action: [757,1222,758,1,833,0,1089,55]
12-08 04:20:07.407 1518 1646 I input_focus: [Focus request 345f61 com.android.settings/com.android.settings.Settings,reason=UpdateInputWindows]
12-08 04:20:07.444 1518 2002 I input_focus: [Focus leaving ef97687 com.android.settings/com.android.settings.Settings (server),reason=setFocusedWindow]
12-08 04:20:07.444 1518 2002 I input_focus: [Focus entering 345f61 com.android.settings/com.android.settings.Settings (server),reason=setFocusedWindow]
12-08 04:20:08.186 1518 2002 I input_interaction: Interaction with: 345f61 com.android.settings/com.android.settings.Settings (server), edge-swipe (server), swipe-up (server), PointerEventDispatcher0 (server),
12-08 04:20:08.388 1518 1646 I input_focus: [Focus request ef97687 com.android.settings/com.android.settings.Settings,reason=UpdateInputWindows]
12-08 04:20:08.392 1518 1642 I UsbDeviceManager: Setting USB config to adb
12-08 04:20:08.396 2932 2932 I sysui_multi_action: [757,1222,758,2,1089,1011]
12-08 04:20:08.409 1518 2002 I input_focus: [Focus entering ef97687 com.android.settings/com.android.settings.Settings (server),reason=setFocusedWindow]
12-08 04:20:08.584 1518 1752 I commit_sys_config_file: [settings-0-0,5]
12-08 04:20:08.603 1518 1642 W Looper : Slow dispatch took 223ms android.fg h=com.android.server.usb.UsbDeviceManager$UsbHandlerLegacy c=null m=1
12-08 04:20:08.603 1518 1518 I notification_enqueue: [1000,1518,android,26,NULL,-1,Notification(channel=DEVELOPER_IMPORTANT shortcut=null contentView=null vibrate=null sound=null tick defaults=0x0 flags=0x2 color=0x00000000 vis=PUBLIC),0]
12-08 04:20:08.604 1518 1642 W Looper : Slow delivery took 223ms android.fg h=com.android.server.adb.AdbDebuggingManager$AdbDebuggingHandler c=null m=1
12-08 04:20:08.606 1518 1642 W Looper : Drained
12-08 04:20:08.805 1518 1518 I sysui_multi_action: [757,1501,758,1,793,204,794,0,795,204,796,26,806,android,857,DEVELOPER_IMPORTANT,858,4,947,0,1500,0]
12-08 04:20:08.806 1518 1518 I sysui_multi_action: [757,804,799,note_interruptive,801,0,802,1]
12-08 04:20:08.807 1518 1518 I GameModeConfig: isGameModeOn = false
12-08 04:20:08.808 1518 1518 I sysui_multi_action: [757,1501,758,1,793,207,794,0,795,207,796,26,806,android,857,DEVELOPER_IMPORTANT,858,4,947,0,1500,0,1688,1]
12-08 04:20:08.808 1518 1518 I sysui_multi_action: [757,804,799,note_interruptive,801,0,802,1]
12-08 04:20:08.808 1518 1518 I sysui_multi_action: [757,199,758,1,759,2,793,207,794,0,795,207,796,26,806,android,857,DEVELOPER_IMPORTANT,858,4,947,0,1500,0,1688,1]
12-08 04:20:08.808 1518 1518 I notification_alert: [-1|android|26|null|1000,0,1,0]
12-08 04:20:08.810 1518 1518 W NotificationHistory: Attempted to add notif for locked/gone/disabled user 0
12-08 04:20:08.913 2377 2377 I sysui_multi_action: [757,803,799,note_peek,802,1]
12-08 04:20:08.918 1518 1635 I sysui_multi_action: [757,127,758,1]
12-08 04:20:08.919 1518 1635 I sysui_multi_action: [757,804,799,note_load,801,1,802,1]
12-08 04:20:08.920 1518 1635 I notification_panel_revealed: 1
12-08 04:20:08.921 2377 2377 I sysui_heads_up_status: [-1|android|26|null|1000,1]
12-08 04:20:09.218 1518 2299 W NotificationService: Toast already killed. pkg=com.android.settings token=android.os.BinderProxy@c03590f
12-08 04:20:09.427 1518 2299 I sysui_multi_action: [757,128,758,1,793,826,794,0,795,826,796,26,798,0,806,android,857,DEVELOPER_IMPORTANT,858,4,947,0,1395,3,1500,619,1688,1]
12-08 04:20:09.427 1518 2299 I sysui_multi_action: [757,804,799,note_freshness,801,826,802,1]
12-08 04:20:09.428 1518 2299 I notification_visibility: [-1|android|26|null|1000,1,826,826,0,0]
12-08 04:20:09.586 1518 1752 I commit_sys_config_file: [settings-2-0,6]
12-08 04:20:10.247 1518 5194 D AdbDebuggingManager: Received public key: QAAAAG97JpZxvIK4efE+NkcibYsENv1AxVG7RRQH5Z9frNxNkoPFpKfjjSwJKUy7DkhDRdIrjvIkgAB2Z+1ObkoCdsjGjbXFFOtUvtK/aUBBUOvjzr2ROKhQipeWtk10CSKhUimdFU2hT0Rs0qwCdntCr3x5zJ4D5JSD6F1r6OUVgVb7bmEUeuoiN7mvj8t1vmU/tRQ7oz4IOVlp1oKMc+zob0xQ3VCKxFmqqSty3dqiV/LOxclbMZHcN0JpgoA5dBlSbr5sRxDNvUqtOMPUiY5SlFHUIvjEU6wYaGxsFCigO4a3KEnUVHwLek/I51oZuLLTEVxSkoClfe8stOhL29qUlncXKomlO5Xrd6KeSI8HacwG00YG89yDMyCsuH1xfPqhftaU+mjENo4dR0lk5OQa5B5djZS6jyWPNT1ALdwEBjZs3E1a/c4l+YcevTMwVH32ud9imhSmc0J+sq1CkmBn4ICCzb7TUKzPSPVJoDZkRlGOJQn603sSTSw91R76MlPLSxNMURaiKBGhIrQViJZge/2PSbLv/UVBmN7qjXa/88JhNrJ5mIWQEvbAu26cSbu6E2608g1IH4y3vMbJDQ4nIjgz1W9LXekLPuD3BdHUTzLDWLiOMXpM+K86701fRvWt5RWYynOwHXNPdQx/ArXANQhvVeKl52s5/tWusvFP1YON03wfHQEAAQA= thundersoft@DESKTOP-17ME0V2
12-08 04:20:10.254 1518 1642 D AdbDebuggingManager: Logging key QAAAAG97JpZxvIK4efE+NkcibYsENv1AxVG7RRQH5Z9frNxNkoPFpKfjjSwJKUy7DkhDRdIrjvIkgAB2Z+1ObkoCdsjGjbXFFOtUvtK/aUBBUOvjzr2ROKhQipeWtk10CSKhUimdFU2hT0Rs0qwCdntCr3x5zJ4D5JSD6F1r6OUVgVb7bmEUeuoiN7mvj8t1vmU/tRQ7oz4IOVlp1oKMc+zob0xQ3VCKxFmqqSty3dqiV/LOxclbMZHcN0JpgoA5dBlSbr5sRxDNvUqtOMPUiY5SlFHUIvjEU6wYaGxsFCigO4a3KEnUVHwLek/I51oZuLLTEVxSkoClfe8stOhL29qUlncXKomlO5Xrd6KeSI8HacwG00YG89yDMyCsuH1xfPqhftaU+mjENo4dR0lk5OQa5B5djZS6jyWPNT1ALdwEBjZs3E1a/c4l+YcevTMwVH32ud9imhSmc0J+sq1CkmBn4ICCzb7TUKzPSPVJoDZkRlGOJQn603sSTSw91R76MlPLSxNMURaiKBGhIrQViJZge/2PSbLv/UVBmN7qjXa/88JhNrJ5mIWQEvbAu26cSbu6E2608g1IH4y3vMbJDQ4nIjgz1W9LXekLPuD3BdHUTzLDWLiOMXpM+K86701fRvWt5RWYynOwHXNPdQx/ArXANQhvVeKl52s5/tWusvFP1YON03wfHQEAAQA= thundersoft@DESKTOP-17ME0V2, state = 1, alwaysAllow = false, lastConnectionTime = 0, authWindow = 604800000
12-08 04:20:10.257 1518 1642 I ActivityTaskManager: START u0 {flg=0x10000000 cmp=com.android.systemui/.usb.UsbDebuggingActivity (has extras)} from uid 1000
12-08 04:20:10.265 1518 1642 I wm_task_created: [12,-1]
12-08 04:20:10.265 1518 1642 W ActivityTaskManager: Can't find TaskDisplayArea to determine support for multi window. Task id=12 attached=false
12-08 04:20:10.269 1518 1642 D CompatibilityChangeReporter: Compat change id reported: 174042980; UID 10082; state: DISABLED
12-08 04:20:10.271 1518 1642 D CompatibilityChangeReporter: Compat change id reported: 184838306; UID 10082; state: DISABLED
12-08 04:20:10.271 1518 1642 D CompatibilityChangeReporter: Compat change id reported: 185004937; UID 10082; state: DISABLED
12-08 04:20:10.272 1518 1642 D CompatibilityChangeReporter: Compat change id reported: 181136395; UID 10082; state: DISABLED
12-08 04:20:10.272 1518 1642 D CompatibilityChangeReporter: Compat change id reported: 174042936; UID 10082; state: DISABLED
12-08 04:20:10.273 1518 1642 I wm_task_moved: [12,1,7]
12-08 04:20:10.273 1518 1642 I wm_task_to_front: [0,12]
12-08 04:20:10.274 1518 1642 I wm_create_task: [0,12]
12-08 04:20:10.274 1518 1642 I wm_create_activity: [0,115738457,12,com.android.systemui/.usb.UsbDebuggingActivity,NULL,NULL,NULL,276824064]
12-08 04:20:10.274 1518 1642 I wm_task_moved: [12,1,7]
12-08 04:20:10.274 2932 2932 I wm_on_top_resumed_lost_called: [186126676,com.android.settings.Settings,topStateChangedWhenResumed]
12-08 04:20:10.276 1518 1642 I wm_pause_activity: [0,186126676,com.android.settings/.Settings,userLeaving=true,pauseBackTasks]
12-08 04:20:10.285 2932 2932 I sysui_multi_action: [757,35,758,2,1089,20808]
12-08 04:20:10.293 2932 2932 I sysui_multi_action: [757,39,758,2,1089,5579]
12-08 04:20:10.296 2932 2932 I wm_on_paused_called: [186126676,com.android.settings.Settings,performPause]
12-08 04:20:10.297 1518 2299 I ActivityTaskManager: FOREGROUND_APPLICATION_CHANGED to com.android.systemui.usb.UsbDebuggingActivity
12-08 04:20:10.300 1518 2299 I ActivityTaskManager: The Process com.android.systemui Already Exists in BG. So sending its PID: 2377
12-08 04:20:10.303 1518 2299 I wm_restart_activity: [0,115738457,12,com.android.systemui/.usb.UsbDebuggingActivity]
12-08 04:20:10.304 1518 2299 I wm_set_resumed_activity: [0,com.android.systemui/.usb.UsbDebuggingActivity,minimalResumeActivityLocked]
12-08 04:20:10.310 1518 1645 I sysui_multi_action: [757,803,799,window_time_0,802,21]
12-08 04:20:10.338 2377 2377 I wm_on_create_called: [115738457,com.android.systemui.usb.UsbDebuggingActivity,performCreate]
12-08 04:20:10.340 2377 2377 I wm_on_start_called: [115738457,com.android.systemui.usb.UsbDebuggingActivity,handleStartActivity]
12-08 04:20:10.340 2377 2377 I wm_on_resume_called: [115738457,com.android.systemui.usb.UsbDebuggingActivity,RESUME_ACTIVITY]
12-08 04:20:10.343 2377 2377 I wm_on_top_resumed_gained_called: [115738457,com.android.systemui.usb.UsbDebuggingActivity,topStateChangedWhenResumed]
12-08 04:20:10.358 1518 1646 I input_focus: [Focus request 6845f2a com.android.systemui/com.android.systemui.usb.UsbDebuggingActivity,reason=UpdateInputWindows]
12-08 04:20:10.375 1518 1642 I sysui_multi_action: [319,114,322,114,325,209,757,761,758,8,759,2,806,com.android.systemui,871,com.android.systemui.usb.UsbDebuggingActivity,904,android,905,0,1320,4,1321,1]
12-08 04:20:10.376 1518 1642 I wm_activity_launch_time: [0,115738457,com.android.systemui/.usb.UsbDebuggingActivity,114]
12-08 04:20:10.384 1518 2002 I input_focus: [Focus leaving ef97687 com.android.settings/com.android.settings.Settings (server),reason=Waiting for window because NOT_VISIBLE]
12-08 04:20:10.396 1518 2002 I input_focus: [Focus entering 6845f2a com.android.systemui/com.android.systemui.usb.UsbDebuggingActivity (server),reason=Window became focusable. Previous reason: NOT_VISIBLE]
12-08 04:20:10.400 1518 1653 I am_pss : [3413,10087,com.qualcomm.qti.workloadclassifier,12258304,10219520,0,104595456,0,0,6]
12-08 04:20:10.411 1518 1653 I am_pss : [3407,10085,com.qualcomm.qti.qccnetstat,5813248,4321280,0,91365376,0,0,8]
12-08 04:20:10.424 1518 1653 I am_pss : [3381,10076,com.qualcomm.qti.services.systemhelper:systemhelper_service,6086656,4526080,0,93741056,0,0,6]
12-08 04:20:10.424 4314 4334 W ContextImpl: Calling a method in the system process without a qualified user: android.app.ContextImpl.startService:1816 android.content.ContextWrapper.startService:774 com.thundercomm.gamemode.ingame.services.GameModeActionUtils.startGameModeService:93 com.thundercomm.gamemode.ingame.services.GameModeActionUtils.startGameModeEntry:21 com.thundercomm.gamemode.ingame.services.ActivityMonitoringService$1.onActivityLaunch:127
12-08 04:20:10.435 1518 1653 I am_pss : [3366,10057,.pasr,5120000,3715072,0,89260032,0,0,8]
12-08 04:20:10.440 1518 1518 I GameModeConfig: Current uri is uri = content://com.thundercomm.gamemode.api/gamemode_settings/gamemode_isgaming
12-08 04:20:10.442 1518 1653 I am_pss : [3338,10059,ts.car.uart,5908480,4501504,0,90402816,0,0,6]
12-08 04:20:10.444 1518 1518 I GameModeConfig: isGameModeOn = false
12-08 04:20:10.445 1518 1518 I GameModeConfig: isGameModeOn = false
12-08 04:20:10.445 1518 1518 I GameModeConfig: isDisableVoice = true
12-08 04:20:10.453 1518 1653 I am_pss : [3302,10083,com.hht.lebocast,36713472,17793024,0,109694976,0,0,7]
12-08 04:20:10.464 1518 1653 I am_pss : [2646,1000,com.thundercomm.tcsetupwizard,49478656,43429888,0,172810240,0,0,9]
12-08 04:20:10.909 1518 2002 I input_interaction: Interaction with: 6845f2a com.android.systemui/com.android.systemui.usb.UsbDebuggingActivity (server), edge-swipe (server), swipe-up (server), PointerEventDispatcher0 (server),
12-08 04:20:12.146 1518 1518 W WindowManager: removeWindowToken: Attempted to remove non-existing token: android.os.Binder@e63ed77
12-08 04:20:12.594 1518 1678 I commit_sys_config_file: [package-user-0,7]
12-08 04:20:13.252 1518 1518 W WindowManager: removeWindowToken: Attempted to remove non-existing token: android.os.Binder@c95146f
