12-08 04:17:05.542 1518 2592 W ContextImpl: Calling a method in the system process without a qualified user: android.app.ContextImpl.bindService:1895 android.content.ContextWrapper.bindService:810 com.qualcomm.qti.activityextension.ActivityNotifier.bindToDynamicDDSService:103 com.qualcomm.qti.activityextension.ActivityNotifier.handleSendActivityInvokeNotification:184 com.qualcomm.qti.activityextension.ActivityNotifier.access$300:26
12-08 04:17:05.545 1518 1518 W Looper : Slow delivery took 12885ms main h=android.app.PropertyInvalidatedCache$AutoCorker$1 c=null m=0
12-08 04:17:05.550 1518 1655 W ActivityManager: Slow operation: 64ms so far, now at startProcess: returned from zygote!
12-08 04:17:05.550 1518 1655 W ActivityManager: Slow operation: 64ms so far, now at startProcess: done updating battery stats
12-08 04:17:05.550 1518 1655 I am_proc_start: [0,2603,1001,.dataservices,added application,.dataservices]
12-08 04:17:05.550 1518 1655 W ActivityManager: Slow operation: 64ms so far, now at startProcess: building log message
12-08 04:17:05.551 1518 1655 I ActivityManager: Start proc 2603:.dataservices/1001 for added application .dataservices
12-08 04:17:05.551 1518 1655 W ActivityManager: Slow operation: 64ms so far, now at startProcess: starting to update pids map
12-08 04:17:05.551 1518 1655 W ActivityManager: Slow operation: 64ms so far, now at startProcess: done updating pids map
12-08 04:17:05.551 1518 1655 W ActivityManager: Slow operation: 64ms so far, now at startProcess: asking zygote to start proc
12-08 04:17:05.551 1518 1655 D CompatibilityChangeReporter: Compat change id reported: 143937733; UID 10055; state: DISABLED
12-08 04:17:05.551 1518 1655 W ActivityManager: vendor.qti.iwlan inode == 0 (b/152760674)
12-08 04:17:05.553 1518 1642 W QuotaTracker: Alarm not scheduled because boot isn't completed
12-08 04:17:05.557 1518 1655 W ActivityManager: Slow operation: 70ms so far, now at startProcess: returned from zygote!
12-08 04:17:05.560 1518 1518 D CompatibilityChangeReporter: Compat change id reported: 168419799; UID 1000; state: DISABLED
12-08 04:17:05.560 1518 1655 W ActivityManager: Slow operation: 73ms so far, now at startProcess: done updating battery stats
12-08 04:17:05.560 1518 1655 I am_proc_start: [0,2604,10055,.qtidataservices,added application,.qtidataservices]
12-08 04:17:05.560 1518 1655 W ActivityManager: Slow operation: 73ms so far, now at startProcess: building log message
12-08 04:17:05.560 1518 1655 I ActivityManager: Start proc 2604:.qtidataservices/u0a55 for added application .qtidataservices
12-08 04:17:05.560 1518 1655 W ActivityManager: Slow operation: 73ms so far, now at startProcess: starting to update pids map
12-08 04:17:05.563 1518 1655 W ActivityManager: Slow operation: 76ms so far, now at startProcess: done updating pids map
12-08 04:17:05.563 1518 1655 W ActivityManager: Slow operation: 76ms so far, now at startProcess: asking zygote to start proc
12-08 04:17:05.563 1518 1655 W ActivityManager: com.android.keychain inode == 0 (b/152760674)
12-08 04:17:05.555 1165 1165 I auditd : type=1400 audit(0.0:223): avc: denied { read } for comm="traced_probes" name="format" dev="tracefs" ino=6416 scontext=u:r:traced_probes:s0 tcontext=u:object_r:debugfs_tracing_debug:s0 tclass=file permissive=0
12-08 04:17:05.555 1165 1165 I auditd : type=1400 audit(0.0:224): avc: denied { read } for comm="traced_probes" name="format" dev="tracefs" ino=6404 scontext=u:r:traced_probes:s0 tcontext=u:object_r:debugfs_tracing_debug:s0 tclass=file permissive=0
12-08 04:17:05.555 1165 1165 I auditd : type=1400 audit(0.0:225): avc: denied { read } for comm="traced_probes" name="format" dev="tracefs" ino=6410 scontext=u:r:traced_probes:s0 tcontext=u:object_r:debugfs_tracing_debug:s0 tclass=file permissive=0
12-08 04:17:05.563 1518 2299 I am_proc_bound: [0,2594,com.thundercomm.microsettings]
12-08 04:17:05.555 1165 1165 I auditd : type=1400 audit(0.0:226): avc: denied { read } for comm="traced_probes" name="format" dev="tracefs" ino=6422 scontext=u:r:traced_probes:s0 tcontext=u:object_r:debugfs_tracing_debug:s0 tclass=file permissive=0
12-08 04:17:05.555 1165 1165 I auditd : type=1400 audit(0.0:227): avc: denied { read } for comm="traced_probes" name="format" dev="tracefs" ino=6428 scontext=u:r:traced_probes:s0 tcontext=u:object_r:debugfs_tracing_debug:s0 tclass=file permissive=0
12-08 04:17:05.555 1165 1165 I auditd : type=1400 audit(0.0:228): avc: denied { read } for comm="traced_probes" name="format" dev="tracefs" ino=6464 scontext=u:r:traced_probes:s0 tcontext=u:object_r:debugfs_tracing_debug:s0 tclass=file permissive=0
12-08 04:17:05.555 1165 1165 I auditd : type=1400 audit(0.0:229): avc: denied { read } for comm="traced_probes" name="format" dev="tracefs" ino=6374 scontext=u:r:traced_probes:s0 tcontext=u:object_r:debugfs_tracing_debug:s0 tclass=file permissive=0
12-08 04:17:05.555 1165 1165 I auditd : type=1400 audit(0.0:230): avc: denied { read } for comm="traced_probes" name="format" dev="tracefs" ino=6434 scontext=u:r:traced_probes:s0 tcontext=u:object_r:debugfs_tracing_debug:s0 tclass=file permissive=0
12-08 04:17:05.555 1165 1165 I auditd : type=1400 audit(0.0:231): avc: denied { read } for comm="traced_probes" name="format" dev="tracefs" ino=6446 scontext=u:r:traced_probes:s0 tcontext=u:object_r:debugfs_tracing_debug:s0 tclass=file permissive=0
12-08 04:17:05.555 1165 1165 I auditd : type=1400 audit(0.0:232): avc: denied { read } for comm="traced_probes" name="format" dev="tracefs" ino=6392 scontext=u:r:traced_probes:s0 tcontext=u:object_r:debugfs_tracing_debug:s0 tclass=file permissive=0
12-08 04:17:05.555 1165 1165 I auditd : type=1400 audit(0.0:233): avc: denied { read } for comm="traced_probes" name="format" dev="tracefs" ino=6470 scontext=u:r:traced_probes:s0 tcontext=u:object_r:debugfs_tracing_debug:s0 tclass=file permissive=0
12-08 04:17:05.555 1165 1165 I auditd : type=1400 audit(0.0:234): avc: denied { read } for comm="traced_probes" name="format" dev="tracefs" ino=6380 scontext=u:r:traced_probes:s0 tcontext=u:object_r:debugfs_tracing_debug:s0 tclass=file permissive=0
12-08 04:17:05.555 1165 1165 I auditd : type=1400 audit(0.0:235): avc: denied { read } for comm="traced_probes" name="format" dev="tracefs" ino=6440 scontext=u:r:traced_probes:s0 tcontext=u:object_r:debugfs_tracing_debug:s0 tclass=file permissive=0
12-08 04:17:05.555 1165 1165 I auditd : type=1400 audit(0.0:236): avc: denied { read } for comm="traced_probes" name="format" dev="tracefs" ino=6458 scontext=u:r:traced_probes:s0 tcontext=u:object_r:debugfs_tracing_debug:s0 tclass=file permissive=0
12-08 04:17:05.555 1165 1165 I auditd : type=1400 audit(0.0:237): avc: denied { read } for comm="traced_probes" name="format" dev="tracefs" ino=6368 scontext=u:r:traced_probes:s0 tcontext=u:object_r:debugfs_tracing_debug:s0 tclass=file permissive=0
12-08 04:17:05.555 1165 1165 I auditd : type=1400 audit(0.0:238): avc: denied { read } for comm="traced_probes" name="format" dev="tracefs" ino=6452 scontext=u:r:traced_probes:s0 tcontext=u:object_r:debugfs_tracing_debug:s0 tclass=file permissive=0
12-08 04:17:05.555 1165 1165 I auditd : type=1400 audit(0.0:239): avc: denied { read } for comm="traced_probes" name="format" dev="tracefs" ino=4745 scontext=u:r:traced_probes:s0 tcontext=u:object_r:debugfs_tracing_debug:s0 tclass=file permissive=0
12-08 04:17:05.555 1165 1165 I auditd : type=1400 audit(0.0:240): avc: denied { read } for comm="traced_probes" name="format" dev="tracefs" ino=4781 scontext=u:r:traced_probes:s0 tcontext=u:object_r:debugfs_tracing_debug:s0 tclass=file permissive=0
12-08 04:17:05.555 1165 1165 I auditd : type=1400 audit(0.0:241): avc: denied { read } for comm="traced_probes" name="format" dev="tracefs" ino=4775 scontext=u:r:traced_probes:s0 tcontext=u:object_r:debugfs_tracing_debug:s0 tclass=file permissive=0
12-08 04:17:05.555 1165 1165 I auditd : type=1400 audit(0.0:242): avc: denied { read } for comm="traced_probes" name="format" dev="tracefs" ino=4787 scontext=u:r:traced_probes:s0 tcontext=u:object_r:debugfs_tracing_debug:s0 tclass=file permissive=0
12-08 04:17:05.555 1165 1165 I auditd : type=1400 audit(0.0:243): avc: denied { read } for comm="traced_probes" name="format" dev="tracefs" ino=4751 scontext=u:r:traced_probes:s0 tcontext=u:object_r:debugfs_tracing_debug:s0 tclass=file permissive=0
12-08 04:17:05.555 1165 1165 I auditd : type=1400 audit(0.0:244): avc: denied { read } for comm="traced_probes" name="format" dev="tracefs" ino=4763 scontext=u:r:traced_probes:s0 tcontext=u:object_r:debugfs_tracing_debug:s0 tclass=file permissive=0
12-08 04:17:05.565 1518 2299 D CompatibilityChangeReporter: Compat change id reported: 181136395; UID 1000; state: DISABLED
12-08 04:17:05.555 1165 1165 I auditd : type=1400 audit(0.0:245): avc: denied { read } for comm="traced_probes" name="format" dev="tracefs" ino=4733 scontext=u:r:traced_probes:s0 tcontext=u:object_r:debugfs_tracing_debug:s0 tclass=file permissive=0
12-08 04:17:05.555 1165 1165 I auditd : type=1400 audit(0.0:246): avc: denied { read } for comm="traced_probes" name="format" dev="tracefs" ino=4727 scontext=u:r:traced_probes:s0 tcontext=u:object_r:debugfs_tracing_debug:s0 tclass=file permissive=0
12-08 04:17:05.555 1165 1165 I auditd : type=1400 audit(0.0:247): avc: denied { read } for comm="traced_probes" name="format" dev="tracefs" ino=4793 scontext=u:r:traced_probes:s0 tcontext=u:object_r:debugfs_tracing_debug:s0 tclass=file permissive=0
12-08 04:17:05.555 1165 1165 I auditd : type=1400 audit(0.0:248): avc: denied { read } for comm="traced_probes" name="format" dev="tracefs" ino=4805 scontext=u:r:traced_probes:s0 tcontext=u:object_r:debugfs_tracing_debug:s0 tclass=file permissive=0
12-08 04:17:05.555 1165 1165 I auditd : type=1400 audit(0.0:249): avc: denied { read } for comm="traced_probes" name="format" dev="tracefs" ino=4739 scontext=u:r:traced_probes:s0 tcontext=u:object_r:debugfs_tracing_debug:s0 tclass=file permissive=0
12-08 04:17:05.555 1165 1165 I auditd : type=1400 audit(0.0:250): avc: denied { read } for comm="traced_probes" name="format" dev="tracefs" ino=4769 scontext=u:r:traced_probes:s0 tcontext=u:object_r:debugfs_tracing_debug:s0 tclass=file permissive=0
12-08 04:17:05.555 1165 1165 I auditd : type=1400 audit(0.0:251): avc: denied { read } for comm="traced_probes" name="format" dev="tracefs" ino=4757 scontext=u:r:traced_probes:s0 tcontext=u:object_r:debugfs_tracing_debug:s0 tclass=file permissive=0
12-08 04:17:05.555 1165 1165 I auditd : type=1400 audit(0.0:252): avc: denied { read } for comm="traced_probes" name="format" dev="tracefs" ino=4799 scontext=u:r:traced_probes:s0 tcontext=u:object_r:debugfs_tracing_debug:s0 tclass=file permissive=0
12-08 04:17:05.555 1165 1165 I auditd : type=1400 audit(0.0:253): avc: denied { read } for comm="traced_probes" name="format" dev="tracefs" ino=3190 scontext=u:r:traced_probes:s0 tcontext=u:object_r:debugfs_tracing_debug:s0 tclass=file permissive=0
12-08 04:17:05.555 1165 1165 I auditd : type=1400 audit(0.0:254): avc: denied { read } for comm="traced_probes" name="format" dev="tracefs" ino=3202 scontext=u:r:traced_probes:s0 tcontext=u:object_r:debugfs_tracing_debug:s0 tclass=file permissive=0
12-08 04:17:05.555 1165 1165 I auditd : type=1400 audit(0.0:255): avc: denied { read } for comm="traced_probes" name="format" dev="tracefs" ino=5435 scontext=u:r:traced_probes:s0 tcontext=u:object_r:debugfs_tracing_debug:s0 tclass=file permissive=0
12-08 04:17:05.555 1165 1165 I auditd : type=1400 audit(0.0:256): avc: denied { read } for comm="traced_probes" name="format" dev="tracefs" ino=5405 scontext=u:r:traced_probes:s0 tcontext=u:object_r:debugfs_tracing_debug:s0 tclass=file permissive=0
12-08 04:17:05.555 1165 1165 I auditd : type=1400 audit(0.0:257): avc: denied { read } for comm="traced_probes" name="format" dev="tracefs" ino=5237 scontext=u:r:traced_probes:s0 tcontext=u:object_r:debugfs_tracing_debug:s0 tclass=file permissive=0
12-08 04:17:05.555 1165 1165 I auditd : type=1400 audit(0.0:258): avc: denied { read } for comm="traced_probes" name="format" dev="tracefs" ino=5267 scontext=u:r:traced_probes:s0 tcontext=u:object_r:debugfs_tracing_debug:s0 tclass=file permissive=0
12-08 04:17:05.555 1165 1165 I auditd : type=1400 audit(0.0:259): avc: denied { read } for comm="traced_probes" name="format" dev="tracefs" ino=5777 scontext=u:r:traced_probes:s0 tcontext=u:object_r:debugfs_tracing_debug:s0 tclass=file permissive=0
12-08 04:17:05.555 1165 1165 I auditd : type=1400 audit(0.0:260): avc: denied { read } for comm="traced_probes" name="format" dev="tracefs" ino=5483 scontext=u:r:traced_probes:s0 tcontext=u:object_r:debugfs_tracing_debug:s0 tclass=file permissive=0
12-08 04:17:05.555 1165 1165 I auditd : type=1400 audit(0.0:261): avc: denied { read } for comm="traced_probes" name="format" dev="tracefs" ino=5477 scontext=u:r:traced_probes:s0 tcontext=u:object_r:debugfs_tracing_debug:s0 tclass=file permissive=0
12-08 04:17:05.555 1165 1165 I auditd : type=1400 audit(0.0:262): avc: denied { read } for comm="traced_probes" name="format" dev="tracefs" ino=5471 scontext=u:r:traced_probes:s0 tcontext=u:object_r:debugfs_tracing_debug:s0 tclass=file permissive=0
12-08 04:17:05.555 1165 1165 I auditd : type=1400 audit(0.0:263): avc: denied { read } for comm="traced_probes" name="format" dev="tracefs" ino=5309 scontext=u:r:traced_probes:s0 tcontext=u:object_r:debugfs_tracing_debug:s0 tclass=file permissive=0
12-08 04:17:05.555 1165 1165 I auditd : type=1400 audit(0.0:264): avc: denied { read } for comm="traced_probes" name="format" dev="tracefs" ino=5315 scontext=u:r:traced_probes:s0 tcontext=u:object_r:debugfs_tracing_debug:s0 tclass=file permissive=0
12-08 04:17:05.555 1165 1165 I auditd : type=1400 audit(0.0:265): avc: denied { read } for comm="traced_probes" name="format" dev="tracefs" ino=5513 scontext=u:r:traced_probes:s0 tcontext=u:object_r:debugfs_tracing_debug:s0 tclass=file permissive=0
12-08 04:17:05.555 1165 1165 I auditd : type=1400 audit(0.0:266): avc: denied { read } for comm="traced_probes" name="format" dev="tracefs" ino=5519 scontext=u:r:traced_probes:s0 tcontext=u:object_r:debugfs_tracing_debug:s0 tclass=file permissive=0
12-08 04:17:05.555 1165 1165 I auditd : type=1400 audit(0.0:267): avc: denied { read } for comm="traced_probes" name="format" dev="tracefs" ino=5357 scontext=u:r:traced_probes:s0 tcontext=u:object_r:debugfs_tracing_debug:s0 tclass=file permissive=0
12-08 04:17:05.555 1165 1165 I auditd : type=1400 audit(0.0:268): avc: denied { read } for comm="traced_probes" name="format" dev="tracefs" ino=5387 scontext=u:r:traced_probes:s0 tcontext=u:object_r:debugfs_tracing_debug:s0 tclass=file permissive=0
12-08 04:17:05.555 1165 1165 I auditd : type=1400 audit(0.0:269): avc: denied { read } for comm="traced_probes" name="format" dev="tracefs" ino=5249 scontext=u:r:traced_probes:s0 tcontext=u:object_r:debugfs_tracing_debug:s0 tclass=file permissive=0
12-08 04:17:05.555 1165 1165 I auditd : type=1400 audit(0.0:270): avc: denied { read } for comm="traced_probes" name="format" dev="tracefs" ino=5723 scontext=u:r:traced_probes:s0 tcontext=u:object_r:debugfs_tracing_debug:s0 tclass=file permissive=0
12-08 04:17:05.555 1165 1165 I auditd : type=1400 audit(0.0:271): avc: denied { read } for comm="traced_probes" name="format" dev="tracefs" ino=5735 scontext=u:r:traced_probes:s0 tcontext=u:object_r:debugfs_tracing_debug:s0 tclass=file permissive=0
12-08 04:17:05.555 1165 1165 I auditd : type=1400 audit(0.0:272): avc: denied { read } for comm="traced_probes" name="format" dev="tracefs" ino=5741 scontext=u:r:traced_probes:s0 tcontext=u:object_r:debugfs_tracing_debug:s0 tclass=file permissive=0
12-08 04:17:05.555 1165 1165 I auditd : type=1400 audit(0.0:273): avc: denied { read } for comm="traced_probes" name="format" dev="tracefs" ino=5717 scontext=u:r:traced_probes:s0 tcontext=u:object_r:debugfs_tracing_debug:s0 tclass=file permissive=0
12-08 04:17:05.555 1165 1165 I auditd : type=1400 audit(0.0:274): avc: denied { read } for comm="traced_probes" name="format" dev="tracefs" ino=5729 scontext=u:r:traced_probes:s0 tcontext=u:object_r:debugfs_tracing_debug:s0 tclass=file permissive=0
12-08 04:17:05.555 1165 1165 I auditd : type=1400 audit(0.0:275): avc: denied { read } for comm="traced_probes" name="format" dev="tracefs" ino=5789 scontext=u:r:traced_probes:s0 tcontext=u:object_r:debugfs_tracing_debug:s0 tclass=file permissive=0
12-08 04:17:05.555 1165 1165 I auditd : type=1400 audit(0.0:276): avc: denied { read } for comm="traced_probes" name="format" dev="tracefs" ino=5759 scontext=u:r:traced_probes:s0 tcontext=u:object_r:debugfs_tracing_debug:s0 tclass=file permissive=0
12-08 04:17:05.555 1165 1165 I auditd : type=1400 audit(0.0:277): avc: denied { read } for comm="traced_probes" name="format" dev="tracefs" ino=5765 scontext=u:r:traced_probes:s0 tcontext=u:object_r:debugfs_tracing_debug:s0 tclass=file permissive=0
12-08 04:17:05.555 1165 1165 I auditd : type=1400 audit(0.0:278): avc: denied { read } for comm="traced_probes" name="format" dev="tracefs" ino=5771 scontext=u:r:traced_probes:s0 tcontext=u:object_r:debugfs_tracing_debug:s0 tclass=file permissive=0
12-08 04:17:05.555 1165 1165 I auditd : type=1400 audit(0.0:279): avc: denied { read } for comm="traced_probes" name="format" dev="tracefs" ino=5243 scontext=u:r:traced_probes:s0 tcontext=u:object_r:debugfs_tracing_debug:s0 tclass=file permissive=0
12-08 04:17:05.555 1165 1165 I auditd : type=1400 audit(0.0:280): avc: denied { read } for comm="traced_probes" name="format" dev="tracefs" ino=5573 scontext=u:r:traced_probes:s0 tcontext=u:object_r:debugfs_tracing_debug:s0 tclass=file permissive=0
12-08 04:17:05.555 1165 1165 I auditd : type=1400 audit(0.0:281): avc: denied { read } for comm="traced_probes" name="format" dev="tracefs" ino=5579 scontext=u:r:traced_probes:s0 tcontext=u:object_r:debugfs_tracing_debug:s0 tclass=file permissive=0
12-08 04:17:05.555 1165 1165 I auditd : type=1400 audit(0.0:282): avc: denied { read } for comm="traced_probes" name="format" dev="tracefs" ino=5645 scontext=u:r:traced_probes:s0 tcontext=u:object_r:debugfs_tracing_debug:s0 tclass=file permissive=0
12-08 04:17:05.555 1165 1165 I auditd : type=1400 audit(0.0:283): avc: denied { read } for comm="traced_probes" name="format" dev="tracefs" ino=5663 scontext=u:r:traced_probes:s0 tcontext=u:object_r:debugfs_tracing_debug:s0 tclass=file permissive=0
12-08 04:17:05.555 1165 1165 I auditd : type=1400 audit(0.0:284): avc: denied { read } for comm="traced_probes" name="format" dev="tracefs" ino=5609 scontext=u:r:traced_probes:s0 tcontext=u:object_r:debugfs_tracing_debug:s0 tclass=file permissive=0
12-08 04:17:05.555 1165 1165 I auditd : type=1400 audit(0.0:285): avc: denied { read } for comm="traced_probes" name="format" dev="tracefs" ino=5585 scontext=u:r:traced_probes:s0 tcontext=u:object_r:debugfs_tracing_debug:s0 tclass=file permissive=0
12-08 04:17:05.555 1165 1165 I auditd : type=1400 audit(0.0:286): avc: denied { read } for comm="traced_probes" name="format" dev="tracefs" ino=5597 scontext=u:r:traced_probes:s0 tcontext=u:object_r:debugfs_tracing_debug:s0 tclass=file permissive=0
12-08 04:17:05.555 1165 1165 I auditd : type=1400 audit(0.0:287): avc: denied { read } for comm="traced_probes" name="format" dev="tracefs" ino=5657 scontext=u:r:traced_probes:s0 tcontext=u:object_r:debugfs_tracing_debug:s0 tclass=file permissive=0
12-08 04:17:05.559 1165 1165 I auditd : type=1400 audit(0.0:288): avc: denied { read } for comm="traced_probes" name="format" dev="tracefs" ino=3109 scontext=u:r:traced_probes:s0 tcontext=u:object_r:debugfs_tracing_debug:s0 tclass=file permissive=0
12-08 04:17:05.559 1165 1165 I auditd : type=1400 audit(0.0:289): avc: denied { read } for comm="traced_probes" name="format" dev="tracefs" ino=3115 scontext=u:r:traced_probes:s0 tcontext=u:object_r:debugfs_tracing_debug:s0 tclass=file permissive=0
12-08 04:17:05.559 1165 1165 I auditd : type=1400 audit(0.0:290): avc: denied { read } for comm="traced_probes" name="format" dev="tracefs" ino=6842 scontext=u:r:traced_probes:s0 tcontext=u:object_r:debugfs_tracing_debug:s0 tclass=file permissive=0
12-08 04:17:05.559 1165 1165 I auditd : type=1400 audit(0.0:291): avc: denied { read } for comm="traced_probes" name="format" dev="tracefs" ino=6848 scontext=u:r:traced_probes:s0 tcontext=u:object_r:debugfs_tracing_debug:s0 tclass=file permissive=0
12-08 04:17:05.565 1518 2299 D CompatibilityChangeReporter: Compat change id reported: 174042936; UID 1000; state: DISABLED
12-08 04:17:05.559 1165 1165 I auditd : type=1400 audit(0.0:292): avc: denied { read } for comm="traced_probes" name="format" dev="tracefs" ino=6824 scontext=u:r:traced_probes:s0 tcontext=u:object_r:debugfs_tracing_debug:s0 tclass=file permissive=0
12-08 04:17:05.559 1165 1165 I auditd : type=1400 audit(0.0:293): avc: denied { read } for comm="traced_probes" name="format" dev="tracefs" ino=6836 scontext=u:r:traced_probes:s0 tcontext=u:object_r:debugfs_tracing_debug:s0 tclass=file permissive=0
12-08 04:17:05.559 1165 1165 I auditd : type=1400 audit(0.0:294): avc: denied { read } for comm="traced_probes" name="format" dev="tracefs" ino=6830 scontext=u:r:traced_probes:s0 tcontext=u:object_r:debugfs_tracing_debug:s0 tclass=file permissive=0
12-08 04:17:05.559 1165 1165 I auditd : type=1400 audit(0.0:295): avc: denied { read } for comm="traced_probes" name="format" dev="tracefs" ino=6854 scontext=u:r:traced_probes:s0 tcontext=u:object_r:debugfs_tracing_debug:s0 tclass=file permissive=0
12-08 04:17:05.559 1165 1165 I auditd : type=1400 audit(0.0:296): avc: denied { read } for comm="traced_probes" name="format" dev="tracefs" ino=6860 scontext=u:r:traced_probes:s0 tcontext=u:object_r:debugfs_tracing_debug:s0 tclass=file permissive=0
12-08 04:17:05.559 1165 1165 I auditd : type=1400 audit(0.0:297): avc: denied { read } for comm="traced_probes" name="format" dev="tracefs" ino=3412 scontext=u:r:traced_probes:s0 tcontext=u:object_r:debugfs_tracing_debug:s0 tclass=file permissive=0
12-08 04:17:05.559 1165 1165 I auditd : type=1400 audit(0.0:298): avc: denied { read } for comm="traced_probes" name="format" dev="tracefs" ino=3406 scontext=u:r:traced_probes:s0 tcontext=u:object_r:debugfs_tracing_debug:s0 tclass=file permissive=0
12-08 04:17:05.559 1165 1165 I auditd : type=1400 audit(0.0:299): avc: denied { read } for comm="traced_probes" name="format" dev="tracefs" ino=3400 scontext=u:r:traced_probes:s0 tcontext=u:object_r:debugfs_tracing_debug:s0 tclass=file permissive=0
12-08 04:17:05.559 1165 1165 I auditd : type=1400 audit(0.0:300): avc: denied { read } for comm="traced_probes" name="format" dev="tracefs" ino=6731 scontext=u:r:traced_probes:s0 tcontext=u:object_r:debugfs_tracing_debug:s0 tclass=file permissive=0
12-08 04:17:05.559 1165 1165 I auditd : type=1400 audit(0.0:301): avc: denied { read } for comm="traced_probes" name="format" dev="tracefs" ino=6737 scontext=u:r:traced_probes:s0 tcontext=u:object_r:debugfs_tracing_debug:s0 tclass=file permissive=0
12-08 04:17:05.559 1165 1165 I auditd : type=1400 audit(0.0:302): avc: denied { read } for comm="traced_probes" name="format" dev="tracefs" ino=9935 scontext=u:r:traced_probes:s0 tcontext=u:object_r:debugfs_tracing_debug:s0 tclass=file permissive=0
12-08 04:17:05.559 1165 1165 I auditd : type=1400 audit(0.0:303): avc: denied { read } for comm="traced_probes" name="format" dev="tracefs" ino=9941 scontext=u:r:traced_probes:s0 tcontext=u:object_r:debugfs_tracing_debug:s0 tclass=file permissive=0
12-08 04:17:05.559 1165 1165 I auditd : type=1400 audit(0.0:304): avc: denied { read } for comm="traced_probes" name="format" dev="tracefs" ino=9953 scontext=u:r:traced_probes:s0 tcontext=u:object_r:debugfs_tracing_debug:s0 tclass=file permissive=0
12-08 04:17:05.559 1165 1165 I auditd : type=1400 audit(0.0:305): avc: denied { read } for comm="traced_probes" name="format" dev="tracefs" ino=9947 scontext=u:r:traced_probes:s0 tcontext=u:object_r:debugfs_tracing_debug:s0 tclass=file permissive=0
12-08 04:17:05.559 1165 1165 I auditd : type=1400 audit(0.0:306): avc: denied { read } for comm="traced_probes" name="format" dev="tracefs" ino=9905 scontext=u:r:traced_probes:s0 tcontext=u:object_r:debugfs_tracing_debug:s0 tclass=file permissive=0
12-08 04:17:05.559 1165 1165 I auditd : type=1400 audit(0.0:307): avc: denied { read } for comm="traced_probes" name="format" dev="tracefs" ino=9917 scontext=u:r:traced_probes:s0 tcontext=u:object_r:debugfs_tracing_debug:s0 tclass=file permissive=0
12-08 04:17:05.559 1165 1165 I auditd : type=1400 audit(0.0:308): avc: denied { read } for comm="traced_probes" name="format" dev="tracefs" ino=3274 scontext=u:r:traced_probes:s0 tcontext=u:object_r:debugfs_tracing_debug:s0 tclass=file permissive=0
12-08 04:17:05.559 1165 1165 I auditd : type=1400 audit(0.0:309): avc: denied { read } for comm="traced_probes" name="format" dev="tracefs" ino=3268 scontext=u:r:traced_probes:s0 tcontext=u:object_r:debugfs_tracing_debug:s0 tclass=file permissive=0
12-08 04:17:05.559 1165 1165 I auditd : type=1400 audit(0.0:310): avc: denied { read } for comm="traced_probes" name="format" dev="tracefs" ino=3289 scontext=u:r:traced_probes:s0 tcontext=u:object_r:debugfs_tracing_debug:s0 tclass=file permissive=0
12-08 04:17:05.559 1165 1165 I auditd : type=1400 audit(0.0:311): avc: denied { read } for comm="traced_probes" name="format" dev="tracefs" ino=3301 scontext=u:r:traced_probes:s0 tcontext=u:object_r:debugfs_tracing_debug:s0 tclass=file permissive=0
12-08 04:17:05.559 1165 1165 I auditd : type=1400 audit(0.0:312): avc: denied { read } for comm="traced_probes" name="format" dev="tracefs" ino=3295 scontext=u:r:traced_probes:s0 tcontext=u:object_r:debugfs_tracing_debug:s0 tclass=file permissive=0
12-08 04:17:05.559 1165 1165 I auditd : type=1400 audit(0.0:313): avc: denied { read } for comm="traced_probes" name="format" dev="tracefs" ino=3283 scontext=u:r:traced_probes:s0 tcontext=u:object_r:debugfs_tracing_debug:s0 tclass=file permissive=0
12-08 04:17:05.568 1518 1518 D ConditionProviders.SCP: onConnected
12-08 04:17:05.568 1518 1518 I notification_cancel_all: [1000,1518,android,0,0,0,20,NULL]
12-08 04:17:05.569 1518 1655 W ActivityManager: Slow operation: 82ms so far, now at startProcess: returned from zygote!
12-08 04:17:05.569 1518 1655 W ActivityManager: Slow operation: 82ms so far, now at startProcess: done updating battery stats
12-08 04:17:05.569 1518 1655 I am_proc_start: [0,2635,1000,com.thundercomm.tchttpserver,added application,com.thundercomm.tchttpserver]
12-08 04:17:05.569 1518 1655 W ActivityManager: Slow operation: 82ms so far, now at startProcess: building log message
12-08 04:17:05.569 1518 1655 I ActivityManager: Start proc 2635:com.thundercomm.tchttpserver/1000 for added application com.thundercomm.tchttpserver
12-08 04:17:05.569 1518 1655 W ActivityManager: Slow operation: 82ms so far, now at startProcess: starting to update pids map
12-08 04:17:05.569 1518 1655 W ActivityManager: Slow operation: 82ms so far, now at startProcess: done updating pids map
12-08 04:17:05.570 1518 1655 W ActivityManager: Slow operation: 81ms so far, now at startProcess: asking zygote to start proc
12-08 04:17:05.570 1518 1655 W ActivityManager: com.android.keychain inode == 0 (b/152760674)
12-08 04:17:05.571 1518 1518 I GameModeConfig: isGameModeOn = false
12-08 04:17:05.571 1518 1518 D ConditionProviders: Subscribing to condition://android/event?userId=-10000&calendar=&reply=1 with ComponentInfo{android/com.android.server.notification.EventConditionProvider}
12-08 04:17:05.571 1518 1518 D ConditionProviders: Subscribing to condition://android/schedule?days=1.2.3.4.5.6.7&start=22.0&end=7.0&exitAtAlarm=true with ComponentInfo{android/com.android.server.notification.ScheduleConditionProvider}
12-08 04:17:05.575 1518 1655 W ActivityManager: Slow operation: 87ms so far, now at startProcess: returned from zygote!
12-08 04:17:05.575 1518 1655 W ActivityManager: Slow operation: 87ms so far, now at startProcess: done updating battery stats
12-08 04:17:05.575 1518 1655 I am_proc_start: [0,2643,1000,com.tc.logclient,added application,com.tc.logclient]
12-08 04:17:05.575 1518 1655 W ActivityManager: Slow operation: 87ms so far, now at startProcess: building log message
12-08 04:17:05.575 1518 1655 I ActivityManager: Start proc 2643:com.tc.logclient/1000 for added application com.tc.logclient
12-08 04:17:05.575 1518 1655 W ActivityManager: Slow operation: 87ms so far, now at startProcess: starting to update pids map
12-08 04:17:05.576 1518 1655 W ActivityManager: Slow operation: 87ms so far, now at startProcess: done updating pids map
12-08 04:17:05.576 1518 1655 W ActivityManager: Slow operation: 87ms so far, now at startProcess: asking zygote to start proc
12-08 04:17:05.576 1518 1655 W ActivityManager: com.android.keychain inode == 0 (b/152760674)
12-08 04:17:05.576 1518 2299 I am_proc_bound: [0,2603,.dataservices]
12-08 04:17:05.577 1518 2299 D CompatibilityChangeReporter: Compat change id reported: 168419799; UID 1001; state: DISABLED
12-08 04:17:05.579 1518 2299 I am_uid_active: 1001
12-08 04:17:05.580 1518 2299 D CompatibilityChangeReporter: Compat change id reported: 168419799; UID 1001; state: DISABLED
12-08 04:17:05.580 1518 1655 W ActivityManager: Slow operation: 92ms so far, now at startProcess: returned from zygote!
12-08 04:17:05.581 1518 1655 W ActivityManager: Slow operation: 92ms so far, now at startProcess: done updating battery stats
12-08 04:17:05.581 1518 1655 I am_proc_start: [0,2646,1000,com.thundercomm.tcsetupwizard,added application,com.thundercomm.tcsetupwizard]
12-08 04:17:05.581 1518 1655 W ActivityManager: Slow operation: 92ms so far, now at startProcess: building log message
12-08 04:17:05.581 1518 1655 I ActivityManager: Start proc 2646:com.thundercomm.tcsetupwizard/1000 for added application com.thundercomm.tcsetupwizard
12-08 04:17:05.581 1518 1655 W ActivityManager: Slow operation: 92ms so far, now at startProcess: starting to update pids map
12-08 04:17:05.581 1518 1655 W ActivityManager: Slow operation: 93ms so far, now at startProcess: done updating pids map
12-08 04:17:05.581 1518 1655 W ActivityManager: Slow operation: 92ms so far, now at startProcess: asking zygote to start proc
12-08 04:17:05.581 1518 1655 W ActivityManager: com.android.keychain inode == 0 (b/152760674)
12-08 04:17:05.589 1518 1655 W ActivityManager: Slow operation: 100ms so far, now at startProcess: returned from zygote!
12-08 04:17:05.593 1518 2299 I am_uid_running: 10080
12-08 04:17:05.593 1518 2299 D CompatibilityChangeReporter: Compat change id reported: 135634846; UID 10080; state: DISABLED
12-08 04:17:05.593 1518 2299 D CompatibilityChangeReporter: Compat change id reported: 177438394; UID 10080; state: DISABLED
12-08 04:17:05.593 1518 2299 D CompatibilityChangeReporter: Compat change id reported: 135772972; UID 10080; state: DISABLED
12-08 04:17:05.593 1518 2299 D CompatibilityChangeReporter: Compat change id reported: 135754954; UID 10080; state: ENABLED
12-08 04:17:05.593 1518 1655 W ActivityManager: Slow operation: 104ms so far, now at startProcess: done updating battery stats
12-08 04:17:05.593 1518 1655 I am_proc_start: [0,2662,1000,vendor.qti.qesdk.sysservice,added application,vendor.qti.qesdk.sysservice]
12-08 04:17:05.594 1518 1655 W ActivityManager: Slow operation: 104ms so far, now at startProcess: building log message
12-08 04:17:05.594 1518 1655 I ActivityManager: Start proc 2662:vendor.qti.qesdk.sysservice/1000 for added application vendor.qti.qesdk.sysservice
12-08 04:17:05.594 1518 1655 W ActivityManager: Slow operation: 104ms so far, now at startProcess: starting to update pids map
12-08 04:17:05.594 1518 1655 W ActivityManager: Slow operation: 104ms so far, now at startProcess: done updating pids map
12-08 04:17:05.594 1518 1655 W ActivityManager: Slow operation: 104ms so far, now at startProcess: asking zygote to start proc
12-08 04:17:05.594 1518 1655 D CompatibilityChangeReporter: Compat change id reported: 143937733; UID 10088; state: DISABLED
12-08 04:17:05.594 1518 1655 W ActivityManager: com.qti.qualcomm.mstatssystemservice inode == 0 (b/152760674)
12-08 04:17:05.601 1518 2376 I am_proc_bound: [0,2604,.qtidataservices]
12-08 04:17:05.602 1518 2376 D CompatibilityChangeReporter: Compat change id reported: 168419799; UID 10055; state: DISABLED
12-08 04:17:05.605 1518 2376 I am_uid_active: 10055
12-08 04:17:05.606 1518 1655 W ActivityManager: Slow operation: 116ms so far, now at startProcess: returned from zygote!
12-08 04:17:05.607 1518 1655 W ActivityManager: Slow operation: 118ms so far, now at startProcess: done updating battery stats
12-08 04:17:05.607 1518 1655 I am_proc_start: [0,2673,10088,com.qti.qualcomm.mstatssystemservice,added application,com.qti.qualcomm.mstatssystemservice]
12-08 04:17:05.607 1518 1655 W ActivityManager: Slow operation: 118ms so far, now at startProcess: building log message
12-08 04:17:05.607 1518 1655 I ActivityManager: Start proc 2673:com.qti.qualcomm.mstatssystemservice/u0a88 for added application com.qti.qualcomm.mstatssystemservice
12-08 04:17:05.607 1518 1655 W ActivityManager: Slow operation: 118ms so far, now at startProcess: starting to update pids map
12-08 04:17:05.608 1518 1655 W ActivityManager: Slow operation: 118ms so far, now at startProcess: done updating pids map
12-08 04:17:05.608 1518 1655 W ActivityManager: Slow operation: 117ms so far, now at startProcess: asking zygote to start proc
12-08 04:17:05.608 1518 1655 W ActivityManager: com.android.se inode == 0 (b/152760674)
12-08 04:17:05.611 1518 2463 I am_proc_bound: [0,2635,com.thundercomm.tchttpserver]
12-08 04:17:05.612 1518 2463 D CompatibilityChangeReporter: Compat change id reported: 168419799; UID 1000; state: DISABLED
12-08 04:17:05.614 1518 1655 W ActivityManager: Slow operation: 124ms so far, now at startProcess: returned from zygote!
12-08 04:17:05.615 1518 2376 I am_proc_bound: [0,2662,vendor.qti.qesdk.sysservice]
12-08 04:17:05.616 1518 2376 D CompatibilityChangeReporter: Compat change id reported: 168419799; UID 1000; state: DISABLED
12-08 04:17:05.622 2646 2646 I service_manager_slow: [14,activity]
12-08 04:17:05.622 1518 1655 W ActivityManager: Slow operation: 132ms so far, now at startProcess: done updating battery stats
12-08 04:17:05.622 1518 1655 I am_proc_start: [0,2720,1068,com.android.se,added application,com.android.se]
12-08 04:17:05.622 1518 1655 W ActivityManager: Slow operation: 132ms so far, now at startProcess: building log message
12-08 04:17:05.622 1518 1655 I ActivityManager: Start proc 2720:com.android.se/1068 for added application com.android.se
12-08 04:17:05.622 1518 1655 W ActivityManager: Slow operation: 132ms so far, now at startProcess: starting to update pids map
12-08 04:17:05.622 1518 1655 W ActivityManager: Slow operation: 132ms so far, now at startProcess: done updating pids map
12-08 04:17:05.622 1518 1655 W ActivityManager: Slow operation: 132ms so far, now at startProcess: asking zygote to start proc
12-08 04:17:05.623 1518 2376 I am_proc_bound: [0,2646,com.thundercomm.tcsetupwizard]
12-08 04:17:05.623 1518 1655 W ActivityManager: com.android.keychain inode == 0 (b/152760674)
12-08 04:17:05.623 1518 2376 D CompatibilityChangeReporter: Compat change id reported: 168419799; UID 1000; state: DISABLED
12-08 04:17:05.615 1165 1165 I auditd : type=1400 audit(0.0:314): avc: denied { read } for comm="traced_probes" name="set_event" dev="tracefs" ino=3074 scontext=u:r:traced_probes:s0 tcontext=u:object_r:debugfs_tracing_debug:s0 tclass=file permissive=0
12-08 04:17:05.615 1165 1165 I auditd : type=1400 audit(0.0:315): avc: denied { read } for comm="traced_probes" name="set_event" dev="tracefs" ino=3074 scontext=u:r:traced_probes:s0 tcontext=u:object_r:debugfs_tracing_debug:s0 tclass=file permissive=0
12-08 04:17:05.636 1518 2463 I am_proc_bound: [0,2643,com.tc.logclient]
12-08 04:17:05.637 1518 2463 D CompatibilityChangeReporter: Compat change id reported: 168419799; UID 1000; state: DISABLED
12-08 04:17:05.638 1518 1816 I am_proc_bound: [0,2673,com.qti.qualcomm.mstatssystemservice]
12-08 04:17:05.639 1518 1655 W ActivityManager: Slow operation: 149ms so far, now at startProcess: returned from zygote!
12-08 04:17:05.639 1518 1816 D CompatibilityChangeReporter: Compat change id reported: 168419799; UID 10088; state: DISABLED
12-08 04:17:05.640 1518 1816 I am_uid_active: 10088
12-08 04:17:05.640 1518 1634 I am_proc_bound: [0,2720,com.android.se]
12-08 04:17:05.642 1518 1634 D CompatibilityChangeReporter: Compat change id reported: 168419799; UID 1068; state: DISABLED
12-08 04:17:05.643 1518 1634 I am_uid_active: 1068
12-08 04:17:05.657 2594 2594 W ContextImpl: Calling a method in the system process without a qualified user: android.app.ContextImpl.startService:1816 android.content.ContextWrapper.startService:774 com.thundercomm.microsettings.service.SettingsApplication.onCreate:30 android.app.Instrumentation.callApplicationOnCreate:1212 android.app.ActivityThread.handleBindApplication:6744
12-08 04:17:05.660 1518 1644 I commit_sys_config_file: [notification-policy,552]
12-08 04:17:05.678 1518 1655 W ActivityManager: Slow operation: 188ms so far, now at startProcess: done updating battery stats
12-08 04:17:05.678 1518 1655 I am_proc_start: [0,2763,1000,com.thundercomm.remotecontrolservice,added application,com.thundercomm.remotecontrolservice]
12-08 04:17:05.678 1518 1655 W ActivityManager: Slow operation: 188ms so far, now at startProcess: building log message
12-08 04:17:05.678 1518 1655 I ActivityManager: Start proc 2763:com.thundercomm.remotecontrolservice/1000 for added application com.thundercomm.remotecontrolservice
12-08 04:17:05.678 1518 1655 W ActivityManager: Slow operation: 188ms so far, now at startProcess: starting to update pids map
12-08 04:17:05.678 1518 1655 W ActivityManager: Slow operation: 188ms so far, now at startProcess: done updating pids map
12-08 04:17:05.678 1518 1655 W ActivityManager: Slow operation: 187ms so far, now at startProcess: asking zygote to start proc
12-08 04:17:05.678 1518 1655 W ActivityManager: com.android.keychain inode == 0 (b/152760674)
12-08 04:17:05.678 1518 1635 I am_proc_bound: [0,2763,com.thundercomm.remotecontrolservice]
12-08 04:17:05.679 1518 1635 D CompatibilityChangeReporter: Compat change id reported: 168419799; UID 1000; state: DISABLED
12-08 04:17:05.683 1518 1655 W ActivityManager: Slow operation: 192ms so far, now at startProcess: returned from zygote!
12-08 04:17:05.683 1518 1655 W ActivityManager: Slow operation: 192ms so far, now at startProcess: done updating battery stats
12-08 04:17:05.683 1518 1655 I am_proc_start: [0,2798,1000,com.thundercomm.tcservice,added application,com.thundercomm.tcservice]
12-08 04:17:05.683 1518 1655 W ActivityManager: Slow operation: 192ms so far, now at startProcess: building log message
12-08 04:17:05.683 1518 1655 I ActivityManager: Start proc 2798:com.thundercomm.tcservice/1000 for added application com.thundercomm.tcservice
12-08 04:17:05.683 1518 1655 W ActivityManager: Slow operation: 192ms so far, now at startProcess: starting to update pids map
12-08 04:17:05.684 1518 1655 W ActivityManager: Slow operation: 192ms so far, now at startProcess: done updating pids map
12-08 04:17:05.684 1518 1655 W ActivityManager: Slow operation: 192ms so far, now at startProcess: asking zygote to start proc
12-08 04:17:05.684 1518 1655 D CompatibilityChangeReporter: Compat change id reported: 143937733; UID 10063; state: ENABLED
12-08 04:17:05.684 1518 1655 W ActivityManager: com.qualcomm.qti.devicestatisticsservice inode == 0 (b/152760674)
12-08 04:17:05.684 1518 2772 W ActivityManager: Unable to start service Intent { act=com.thundercomm.microsettings.SETTING_SERVICE pkg=com.thundercomm.microsettings } U=0: not found
12-08 04:17:05.687 2594 2594 W ContextImpl: Calling a method in the system process without a qualified user: android.app.ContextImpl.startService:1816 android.content.ContextWrapper.startService:774 com.thundercomm.microsettings.service.SettingsApplication.onCreate:36 android.app.Instrumentation.callApplicationOnCreate:1212 android.app.ActivityThread.handleBindApplication:6744
12-08 04:17:05.688 1518 2772 W ActivityManager: Unable to start service Intent { act=com.thundercomm.microsettings.EOL_SERVICE pkg=com.thundercomm.microsettings } U=0: not found
12-08 04:17:05.690 1518 1655 W ActivityManager: Slow operation: 199ms so far, now at startProcess: returned from zygote!
12-08 04:17:05.690 1518 1655 W ActivityManager: Slow operation: 199ms so far, now at startProcess: done updating battery stats
12-08 04:17:05.690 1518 1655 I am_proc_start: [0,2801,10063,com.qualcomm.qti.devicestatisticsservice,added application,com.qualcomm.qti.devicestatisticsservice]
12-08 04:17:05.690 1518 1655 W ActivityManager: Slow operation: 199ms so far, now at startProcess: building log message
12-08 04:17:05.690 1518 1655 I ActivityManager: Start proc 2801:com.qualcomm.qti.devicestatisticsservice/u0a63 for added application com.qualcomm.qti.devicestatisticsservice
12-08 04:17:05.690 1518 1655 W ActivityManager: Slow operation: 199ms so far, now at startProcess: starting to update pids map
12-08 04:17:05.690 1518 1655 W ActivityManager: Slow operation: 199ms so far, now at startProcess: done updating pids map
12-08 04:17:05.690 1518 1655 W ActivityManager: Slow operation: 198ms so far, now at startProcess: asking zygote to start proc
12-08 04:17:05.690 1518 1655 W ActivityManager: com.android.keychain inode == 0 (b/152760674)
12-08 04:17:05.698 1518 1655 W ActivityManager: Slow operation: 205ms so far, now at startProcess: returned from zygote!
12-08 04:17:05.698 1518 1655 W ActivityManager: Slow operation: 206ms so far, now at startProcess: done updating battery stats
12-08 04:17:05.698 1518 1655 I am_proc_start: [0,2807,1000,com.qualcomm.qti.qdma,added application,com.qualcomm.qti.qdma]
12-08 04:17:05.698 1518 1655 W ActivityManager: Slow operation: 206ms so far, now at startProcess: building log message
12-08 04:17:05.698 1518 1655 I ActivityManager: Start proc 2807:com.qualcomm.qti.qdma/1000 for added application com.qualcomm.qti.qdma
12-08 04:17:05.698 1518 1655 W ActivityManager: Slow operation: 206ms so far, now at startProcess: starting to update pids map
12-08 04:17:05.698 1518 1655 W ActivityManager: Slow operation: 206ms so far, now at startProcess: done updating pids map
12-08 04:17:05.698 1518 1655 W ActivityManager: Slow operation: 157ms so far, now at startProcess: asking zygote to start proc
12-08 04:17:05.698 1518 1655 W ActivityManager: com.android.keychain inode == 0 (b/152760674)
12-08 04:17:05.705 1518 1655 W ActivityManager: Slow operation: 163ms so far, now at startProcess: returned from zygote!
12-08 04:17:05.705 1518 1655 W ActivityManager: Slow operation: 163ms so far, now at startProcess: done updating battery stats
12-08 04:17:05.705 1518 1655 I am_proc_start: [0,2808,1000,com.android.settings:CryptKeeper,top-activity,{com.android.settings/com.android.settings.CryptKeeper}]
12-08 04:17:05.705 1518 1655 W ActivityManager: Slow operation: 163ms so far, now at startProcess: building log message
12-08 04:17:05.705 1518 1655 I ActivityManager: Start proc 2808:com.android.settings:CryptKeeper/1000 for top-activity {com.android.settings/com.android.settings.CryptKeeper}
12-08 04:17:05.705 1518 1655 W ActivityManager: Slow operation: 164ms so far, now at startProcess: starting to update pids map
12-08 04:17:05.705 1518 1655 W ActivityManager: Slow operation: 164ms so far, now at startProcess: done updating pids map
12-08 04:17:05.705 1518 1655 W ActivityManager: Slow operation: 112ms so far, now at startProcess: asking zygote to start proc
12-08 04:17:05.705 1518 1655 D CompatibilityChangeReporter: Compat change id reported: 143937733; UID 10080; state: ENABLED
12-08 04:17:05.705 1518 1655 W ActivityManager: com.android.launcher3 inode == 0 (b/152760674)
12-08 04:17:05.707 2594 2594 D MicroServiceManager: add linkToDeath
12-08 04:17:05.708 2594 2594 D MicroServiceManager: bindMicroService: called already get service
12-08 04:17:05.711 1518 1655 W ActivityManager: Slow operation: 118ms so far, now at startProcess: returned from zygote!
12-08 04:17:05.712 1518 1655 W ActivityManager: Slow operation: 118ms so far, now at startProcess: done updating battery stats
12-08 04:17:05.712 1518 1655 I am_proc_start: [0,2824,10080,com.android.launcher3,service,{com.android.launcher3/com.android.quickstep.TouchInteractionService}]
12-08 04:17:05.712 1518 1655 W ActivityManager: Slow operation: 118ms so far, now at startProcess: building log message
12-08 04:17:05.712 1518 1655 I ActivityManager: Start proc 2824:com.android.launcher3/u0a80 for service {com.android.launcher3/com.android.quickstep.TouchInteractionService}
12-08 04:17:05.712 1518 1655 W ActivityManager: Slow operation: 118ms so far, now at startProcess: starting to update pids map
12-08 04:17:05.712 1518 1655 W ActivityManager: Slow operation: 118ms so far, now at startProcess: done updating pids map
12-08 04:17:05.713 2594 2594 I MicroServiceManager: addCommonCallbackListener add listener
12-08 04:17:05.713 2594 2594 I MicroServiceManager: addConnectChangedListener add listener
12-08 04:17:05.720 2594 2594 W ContextImpl: Calling a method in the system process without a qualified user: android.app.ContextImpl.sendBroadcast:1173 android.content.ContextWrapper.sendBroadcast:479 com.thundercomm.microsettings.service.SettingsService.sendSystemUI:59 com.thundercomm.microsettings.service.SettingsService.onCreate:50 android.app.ActivityThread.handleCreateService:4488
12-08 04:17:05.721 2594 2594 W ContextImpl: Calling a method in the system process without a qualified user: android.app.ContextImpl.bindService:1895 android.content.ContextWrapper.bindService:810 com.thundercomm.microsettings.manager.SoundManager.bindService:206 com.thundercomm.microsettings.manager.SoundManager.connect:197 com.thundercomm.microsettings.service.SettingsService.onStartCommand:80
12-08 04:17:05.722 2594 2594 W ContextImpl: Calling a method in the system process without a qualified user: android.app.ContextImpl.bindService:1895 android.content.ContextWrapper.bindService:810 com.thundercomm.microsettings.manager.DisplayManager.bindService:188 com.thundercomm.microsettings.manager.DisplayManager.connect:179 com.thundercomm.microsettings.service.SettingsService.onStartCommand:81
12-08 04:17:05.725 1518 1634 I am_proc_bound: [0,2801,com.qualcomm.qti.devicestatisticsservice]
12-08 04:17:05.725 1518 1634 D CompatibilityChangeReporter: Compat change id reported: 168419799; UID 10063; state: DISABLED
12-08 04:17:05.726 1518 1634 I am_uid_active: 10063
12-08 04:17:05.730 1518 1634 I am_proc_bound: [0,2798,com.thundercomm.tcservice]
12-08 04:17:05.730 1518 1634 D CompatibilityChangeReporter: Compat change id reported: 168419799; UID 1000; state: DISABLED
12-08 04:17:05.732 1518 2775 I am_proc_bound: [0,2824,com.android.launcher3]
12-08 04:17:05.732 1518 2775 D CompatibilityChangeReporter: Compat change id reported: 168419799; UID 10080; state: DISABLED
12-08 04:17:05.733 1518 2775 I am_uid_active: 10080
12-08 04:17:05.737 1518 2775 I am_proc_bound: [0,2808,com.android.settings:CryptKeeper]
12-08 04:17:05.738 1518 2775 D CompatibilityChangeReporter: Compat change id reported: 168419799; UID 1000; state: DISABLED
12-08 04:17:05.739 1518 2775 I wm_restart_activity: [0,198564447,7,com.android.settings/.CryptKeeper]
12-08 04:17:05.740 1518 2775 I wm_set_resumed_activity: [0,com.android.settings/.CryptKeeper,minimalResumeActivityLocked]
12-08 04:17:05.743 1518 2775 I am_proc_bound: [0,2807,com.qualcomm.qti.qdma]
12-08 04:17:05.746 1518 2775 D CompatibilityChangeReporter: Compat change id reported: 168419799; UID 1000; state: DISABLED
12-08 04:17:05.751 2377 2377 W CarrierConfigManager: Error getting config for subId -1 ICarrierConfigLoader is null
12-08 04:17:05.760 1518 2775 D TelephonyRegistry: listen oscl: mHasNotifySubscriptionInfoChangedOccurred==false no callback
12-08 04:17:05.773 1518 1752 I commit_sys_config_file: [settings-0-0,2]
12-08 04:17:05.775 1518 1752 I commit_sys_config_file: [settings-2-0,2]
12-08 04:17:05.775 2798 2798 W ContextImpl: Calling a method in the system process without a qualified user: android.app.ContextImpl.startService:1816 android.content.ContextWrapper.startService:774 com.thundercomm.tcservice.TCService.init:46 com.thundercomm.tcservice.TCService.onCreate:33 android.app.ActivityThread.handleCreateService:4488
12-08 04:17:05.782 836 836 I android.hardware.wifi@1.0-service: Wifi HAL started
12-08 04:17:05.786 836 836 I android.hardware.wifi@1.0-service: Adding interface handle for wlan0
12-08 04:17:05.786 836 836 I android.hardware.wifi@1.0-service: Adding interface handle for wifi-aware0
12-08 04:17:05.786 836 836 I android.hardware.wifi@1.0-service: Adding interface handle for p2p0
12-08 04:17:05.786 836 836 W android.hardware.wifi@1.0-service: No active wlan interfaces in use! Using default
12-08 04:17:05.786 836 836 W android.hardware.wifi@1.0-service: No active wlan interfaces in use! Using default
12-08 04:17:05.788 836 836 I android.hardware.wifi@1.0-service: Configured chip in mode 3
12-08 04:17:05.788 836 836 W android.hardware.wifi@1.0-service: No active wlan interfaces in use! Using default
12-08 04:17:05.789 1518 1635 I wm_finish_activity: [0,198564447,7,com.android.settings/.CryptKeeper,app-request]
12-08 04:17:05.790 1518 2592 W ContextImpl: Calling a method in the system process without a qualified user: android.app.ContextImpl.bindService:1895 android.content.ContextWrapper.bindService:810 com.qualcomm.qti.activityextension.ActivityNotifier.bindToDynamicDDSService:103 com.qualcomm.qti.activityextension.ActivityNotifier.handleSendActivitySuspendNotification:154 com.qualcomm.qti.activityextension.ActivityNotifier.access$400:26
