12-08 04:35:06.933 1518 1518 I notification_enqueue: [10082,2377,com.android.systemui,2048,NULL,0,Notification(channel=updateNotification shortcut=null contentView=null vibrate=null sound=null defaults=0x0 flags=0x0 color=0x00000000 vis=PRIVATE),1]
12-08 04:35:06.933 2377 2377 I sysui_multi_action: [757,111,758,2]
12-08 04:35:06.939 2377 2377 I sysui_multi_action: [757,111,758,1]
12-08 04:35:06.939 2377 2377 I sysui_multi_action: [757,126,758,1,759,126,927,0,928,1,1593,1]
12-08 04:35:06.940 2377 2377 I sysui_multi_action: [757,113,758,1,759,113,927,1,928,1,1593,1]
12-08 04:35:06.940 2377 2377 I sysui_multi_action: [757,0,758,1,759,0,927,2,928,0,1593,1]
12-08 04:35:06.940 2377 2377 I sysui_multi_action: [757,0,758,1,759,0,927,3,928,0,1593,1]
12-08 04:35:06.940 2377 2377 I sysui_multi_action: [757,491,758,1,759,491,927,4,928,0,1311,-1,1593,0]
12-08 04:35:06.940 2377 2377 I sysui_multi_action: [757,0,758,1,759,0,927,5,1593,0]
12-08 04:35:06.940 2377 2377 I sysui_multi_action: [757,111,758,1]
12-08 04:35:06.941 2377 2377 I sysui_multi_action: [757,126,758,1,759,126,927,0,928,1,1593,1]
12-08 04:35:06.941 2377 2377 I sysui_multi_action: [757,113,758,1,759,113,927,1,928,1,1593,1]
12-08 04:35:06.941 2377 2377 I sysui_multi_action: [757,0,758,1,759,0,927,2,928,0,1593,1]
12-08 04:35:06.941 2377 2377 I sysui_multi_action: [757,0,758,1,759,0,927,3,928,0,1593,1]
12-08 04:35:06.952 1518 2319 I GameModeConfig: isGameModeOn = false
12-08 04:35:06.952 1518 2319 I GameModeConfig: isGameModeOn = false
12-08 04:35:06.952 1518 2319 I GameModeConfig: isGameModeOn = false
12-08 04:35:06.953 1518 2319 I GameModeConfig: isGameModeOn = false
12-08 04:35:06.953 1518 2319 I GameModeConfig: isGameModeOn = false
12-08 04:35:06.954 2377 2377 I sysui_multi_action: [757,111,758,2]
12-08 04:35:06.954 1518 1518 I notification_enqueue: [10082,2377,com.android.systemui,2048,NULL,0,Notification(channel=updateNotification shortcut=null contentView=null vibrate=null sound=null defaults=0x0 flags=0x0 color=0x00000000 vis=PRIVATE),1]
12-08 04:35:06.954 2377 2377 I sysui_multi_action: [757,111,758,2]
12-08 04:35:06.958 2377 2377 I sysui_multi_action: [757,111,758,1]
12-08 04:35:06.958 2377 2377 I sysui_multi_action: [757,126,758,1,759,126,927,0,928,1,1593,1]
12-08 04:35:06.959 2377 2377 I sysui_multi_action: [757,113,758,1,759,113,927,1,928,1,1593,1]
12-08 04:35:06.959 2377 2377 I sysui_multi_action: [757,0,758,1,759,0,927,2,928,0,1593,1]
12-08 04:35:06.959 2377 2377 I sysui_multi_action: [757,0,758,1,759,0,927,3,928,0,1593,1]
12-08 04:35:06.959 2377 2377 I sysui_multi_action: [757,491,758,1,759,491,927,4,928,0,1311,-1,1593,0]
12-08 04:35:06.959 2377 2377 I sysui_multi_action: [757,0,758,1,759,0,927,5,1593,0]
12-08 04:35:06.959 2377 2377 I sysui_multi_action: [757,111,758,1]
12-08 04:35:06.959 2377 2377 I sysui_multi_action: [757,126,758,1,759,126,927,0,928,1,1593,1]
12-08 04:35:06.960 2377 2377 I sysui_multi_action: [757,113,758,1,759,113,927,1,928,1,1593,1]
12-08 04:35:06.960 2377 2377 I sysui_multi_action: [757,0,758,1,759,0,927,2,928,0,1593,1]
12-08 04:35:06.960 2377 2377 I sysui_multi_action: [757,0,758,1,759,0,927,3,928,0,1593,1]
12-08 04:35:06.969 1518 2319 I GameModeConfig: isGameModeOn = false
12-08 04:35:06.969 1518 2319 I GameModeConfig: isGameModeOn = false
12-08 04:35:06.969 1518 2319 I GameModeConfig: isGameModeOn = false
12-08 04:35:06.969 1518 2319 I GameModeConfig: isGameModeOn = false
12-08 04:35:06.969 1518 2319 I GameModeConfig: isGameModeOn = false
12-08 04:35:06.970 1518 1518 I notification_enqueue: [10082,2377,com.android.systemui,2048,NULL,0,Notification(channel=updateNotification shortcut=null contentView=null vibrate=null sound=null defaults=0x0 flags=0x0 color=0x00000000 vis=PRIVATE),1]
12-08 04:35:06.970 2377 2377 I sysui_multi_action: [757,111,758,2]
12-08 04:35:06.970 2377 2377 I sysui_multi_action: [757,111,758,2]
12-08 04:35:06.974 2377 2377 I sysui_multi_action: [757,111,758,1]
12-08 04:35:06.974 2377 2377 I sysui_multi_action: [757,126,758,1,759,126,927,0,928,1,1593,1]
12-08 04:35:06.974 2377 2377 I sysui_multi_action: [757,113,758,1,759,113,927,1,928,1,1593,1]
12-08 04:35:06.974 2377 2377 I sysui_multi_action: [757,0,758,1,759,0,927,2,928,0,1593,1]
12-08 04:35:06.974 2377 2377 I sysui_multi_action: [757,0,758,1,759,0,927,3,928,0,1593,1]
12-08 04:35:06.975 2377 2377 I sysui_multi_action: [757,491,758,1,759,491,927,4,928,0,1311,-1,1593,0]
12-08 04:35:06.975 2377 2377 I sysui_multi_action: [757,0,758,1,759,0,927,5,1593,0]
12-08 04:35:06.975 2377 2377 I sysui_multi_action: [757,111,758,1]
12-08 04:35:06.975 2377 2377 I sysui_multi_action: [757,126,758,1,759,126,927,0,928,1,1593,1]
12-08 04:35:06.975 2377 2377 I sysui_multi_action: [757,113,758,1,759,113,927,1,928,1,1593,1]
12-08 04:35:06.975 2377 2377 I sysui_multi_action: [757,0,758,1,759,0,927,2,928,0,1593,1]
12-08 04:35:06.975 2377 2377 I sysui_multi_action: [757,0,758,1,759,0,927,3,928,0,1593,1]
12-08 04:35:06.984 1518 2319 I GameModeConfig: isGameModeOn = false
12-08 04:35:06.984 1518 2319 I GameModeConfig: isGameModeOn = false
12-08 04:35:06.984 1518 2319 I GameModeConfig: isGameModeOn = false
12-08 04:35:06.984 1518 2319 I GameModeConfig: isGameModeOn = false
12-08 04:35:06.984 1518 2319 I GameModeConfig: isGameModeOn = false
12-08 04:35:06.985 2377 2377 I sysui_multi_action: [757,111,758,2]
12-08 04:35:06.985 1518 1518 I notification_enqueue: [10082,2377,com.android.systemui,2048,NULL,0,Notification(channel=updateNotification shortcut=null contentView=null vibrate=null sound=null defaults=0x0 flags=0x0 color=0x00000000 vis=PRIVATE),1]
12-08 04:35:06.985 2377 2377 I sysui_multi_action: [757,111,758,2]
12-08 04:35:06.988 2377 2377 I sysui_multi_action: [757,111,758,1]
12-08 04:35:06.988 2377 2377 I sysui_multi_action: [757,126,758,1,759,126,927,0,928,1,1593,1]
12-08 04:35:06.989 2377 2377 I sysui_multi_action: [757,113,758,1,759,113,927,1,928,1,1593,1]
12-08 04:35:06.989 2377 2377 I sysui_multi_action: [757,0,758,1,759,0,927,2,928,0,1593,1]
12-08 04:35:06.989 2377 2377 I sysui_multi_action: [757,0,758,1,759,0,927,3,928,0,1593,1]
12-08 04:35:06.989 2377 2377 I sysui_multi_action: [757,491,758,1,759,491,927,4,928,0,1311,-1,1593,0]
12-08 04:35:06.989 2377 2377 I sysui_multi_action: [757,0,758,1,759,0,927,5,1593,0]
12-08 04:35:06.989 2377 2377 I sysui_multi_action: [757,111,758,1]
12-08 04:35:06.989 2377 2377 I sysui_multi_action: [757,126,758,1,759,126,927,0,928,1,1593,1]
12-08 04:35:06.989 2377 2377 I sysui_multi_action: [757,113,758,1,759,113,927,1,928,1,1593,1]
12-08 04:35:06.989 2377 2377 I sysui_multi_action: [757,0,758,1,759,0,927,2,928,0,1593,1]
12-08 04:35:06.989 2377 2377 I sysui_multi_action: [757,0,758,1,759,0,927,3,928,0,1593,1]
12-08 04:35:06.997 1518 2319 I GameModeConfig: isGameModeOn = false
12-08 04:35:06.998 1518 2319 I GameModeConfig: isGameModeOn = false
12-08 04:35:06.998 1518 2319 I GameModeConfig: isGameModeOn = false
12-08 04:35:06.998 1518 2319 I GameModeConfig: isGameModeOn = false
12-08 04:35:06.998 1518 2319 I GameModeConfig: isGameModeOn = false
12-08 04:35:06.999 2377 2377 I sysui_multi_action: [757,111,758,2]
12-08 04:35:06.999 2377 2377 I sysui_multi_action: [757,111,758,2]
12-08 04:35:06.999 1518 1518 I notification_enqueue: [10082,2377,com.android.systemui,2048,NULL,0,Notification(channel=updateNotification shortcut=null contentView=null vibrate=null sound=null defaults=0x0 flags=0x0 color=0x00000000 vis=PRIVATE),1]
12-08 04:35:07.001 2377 2377 I sysui_multi_action: [757,111,758,1]
12-08 04:35:07.002 2377 2377 I sysui_multi_action: [757,126,758,1,759,126,927,0,928,1,1593,1]
12-08 04:35:07.002 2377 2377 I sysui_multi_action: [757,113,758,1,759,113,927,1,928,1,1593,1]
12-08 04:35:07.002 2377 2377 I sysui_multi_action: [757,0,758,1,759,0,927,2,928,0,1593,1]
12-08 04:35:07.002 2377 2377 I sysui_multi_action: [757,0,758,1,759,0,927,3,928,0,1593,1]
12-08 04:35:07.002 2377 2377 I sysui_multi_action: [757,491,758,1,759,491,927,4,928,0,1311,-1,1593,0]
12-08 04:35:07.002 2377 2377 I sysui_multi_action: [757,0,758,1,759,0,927,5,1593,0]
12-08 04:35:07.002 2377 2377 I sysui_multi_action: [757,111,758,1]
12-08 04:35:07.002 2377 2377 I sysui_multi_action: [757,126,758,1,759,126,927,0,928,1,1593,1]
12-08 04:35:07.002 2377 2377 I sysui_multi_action: [757,113,758,1,759,113,927,1,928,1,1593,1]
12-08 04:35:07.002 2377 2377 I sysui_multi_action: [757,0,758,1,759,0,927,2,928,0,1593,1]
12-08 04:35:07.002 2377 2377 I sysui_multi_action: [757,0,758,1,759,0,927,3,928,0,1593,1]
12-08 04:35:07.013 1518 2319 I GameModeConfig: isGameModeOn = false
12-08 04:35:07.014 1518 2319 I GameModeConfig: isGameModeOn = false
12-08 04:35:07.014 1518 2319 I GameModeConfig: isGameModeOn = false
12-08 04:35:07.014 1518 2319 I GameModeConfig: isGameModeOn = false
12-08 04:35:07.014 1518 2319 I GameModeConfig: isGameModeOn = false
12-08 04:35:07.015 2377 2377 I sysui_multi_action: [757,111,758,2]
12-08 04:35:07.015 2377 2377 I sysui_multi_action: [757,111,758,2]
12-08 04:35:07.016 1518 1518 I notification_enqueue: [10082,2377,com.android.systemui,2048,NULL,0,Notification(channel=updateNotification shortcut=null contentView=null vibrate=null sound=null defaults=0x0 flags=0x0 color=0x00000000 vis=PRIVATE),1]
12-08 04:35:07.018 2377 2377 I sysui_multi_action: [757,111,758,1]
12-08 04:35:07.018 2377 2377 I sysui_multi_action: [757,126,758,1,759,126,927,0,928,1,1593,1]
12-08 04:35:07.018 2377 2377 I sysui_multi_action: [757,113,758,1,759,113,927,1,928,1,1593,1]
12-08 04:35:07.018 2377 2377 I sysui_multi_action: [757,0,758,1,759,0,927,2,928,0,1593,1]
12-08 04:35:07.018 2377 2377 I sysui_multi_action: [757,0,758,1,759,0,927,3,928,0,1593,1]
12-08 04:35:07.019 2377 2377 I sysui_multi_action: [757,491,758,1,759,491,927,4,928,0,1311,-1,1593,0]
12-08 04:35:07.019 2377 2377 I sysui_multi_action: [757,0,758,1,759,0,927,5,1593,0]
12-08 04:35:07.019 2377 2377 I sysui_multi_action: [757,111,758,1]
12-08 04:35:07.019 2377 2377 I sysui_multi_action: [757,126,758,1,759,126,927,0,928,1,1593,1]
12-08 04:35:07.019 2377 2377 I sysui_multi_action: [757,113,758,1,759,113,927,1,928,1,1593,1]
12-08 04:35:07.019 2377 2377 I sysui_multi_action: [757,0,758,1,759,0,927,2,928,0,1593,1]
12-08 04:35:07.019 2377 2377 I sysui_multi_action: [757,0,758,1,759,0,927,3,928,0,1593,1]
12-08 04:35:07.030 1518 2319 I GameModeConfig: isGameModeOn = false
12-08 04:35:07.030 1518 2319 I GameModeConfig: isGameModeOn = false
12-08 04:35:07.030 1518 2319 I GameModeConfig: isGameModeOn = false
12-08 04:35:07.031 1518 2319 I GameModeConfig: isGameModeOn = false
12-08 04:35:07.031 1518 2319 I GameModeConfig: isGameModeOn = false
12-08 04:35:07.031 2377 2377 I sysui_multi_action: [757,111,758,2]
12-08 04:35:07.032 2377 2377 I sysui_multi_action: [757,111,758,2]
12-08 04:35:07.032 1518 1518 I notification_enqueue: [10082,2377,com.android.systemui,2048,NULL,0,Notification(channel=updateNotification shortcut=null contentView=null vibrate=null sound=null defaults=0x0 flags=0x0 color=0x00000000 vis=PRIVATE),1]
12-08 04:35:07.034 2377 2377 I sysui_multi_action: [757,111,758,1]
12-08 04:35:07.034 2377 2377 I sysui_multi_action: [757,126,758,1,759,126,927,0,928,1,1593,1]
12-08 04:35:07.034 2377 2377 I sysui_multi_action: [757,113,758,1,759,113,927,1,928,1,1593,1]
12-08 04:35:07.034 2377 2377 I sysui_multi_action: [757,0,758,1,759,0,927,2,928,0,1593,1]
12-08 04:35:07.034 2377 2377 I sysui_multi_action: [757,0,758,1,759,0,927,3,928,0,1593,1]
12-08 04:35:07.034 2377 2377 I sysui_multi_action: [757,491,758,1,759,491,927,4,928,0,1311,-1,1593,0]
12-08 04:35:07.035 2377 2377 I sysui_multi_action: [757,0,758,1,759,0,927,5,1593,0]
12-08 04:35:07.035 2377 2377 I sysui_multi_action: [757,111,758,1]
12-08 04:35:07.035 2377 2377 I sysui_multi_action: [757,126,758,1,759,126,927,0,928,1,1593,1]
12-08 04:35:07.035 2377 2377 I sysui_multi_action: [757,113,758,1,759,113,927,1,928,1,1593,1]
12-08 04:35:07.035 2377 2377 I sysui_multi_action: [757,0,758,1,759,0,927,2,928,0,1593,1]
12-08 04:35:07.035 2377 2377 I sysui_multi_action: [757,0,758,1,759,0,927,3,928,0,1593,1]
12-08 04:35:07.047 1518 2319 I GameModeConfig: isGameModeOn = false
12-08 04:35:07.047 1518 2319 I GameModeConfig: isGameModeOn = false
12-08 04:35:07.048 1518 2319 I GameModeConfig: isGameModeOn = false
12-08 04:35:07.048 1518 2319 I GameModeConfig: isGameModeOn = false
12-08 04:35:07.048 1518 2319 I GameModeConfig: isGameModeOn = false
12-08 04:35:07.049 2377 2377 I sysui_multi_action: [757,111,758,2]
12-08 04:35:07.049 1518 1518 I notification_enqueue: [10082,2377,com.android.systemui,2048,NULL,0,Notification(channel=updateNotification shortcut=null contentView=null vibrate=null sound=null defaults=0x0 flags=0x0 color=0x00000000 vis=PRIVATE),1]
12-08 04:35:07.049 2377 2377 I sysui_multi_action: [757,111,758,2]
12-08 04:35:07.052 2377 2377 I sysui_multi_action: [757,111,758,1]
12-08 04:35:07.052 2377 2377 I sysui_multi_action: [757,126,758,1,759,126,927,0,928,1,1593,1]
12-08 04:35:07.052 2377 2377 I sysui_multi_action: [757,113,758,1,759,113,927,1,928,1,1593,1]
12-08 04:35:07.052 2377 2377 I sysui_multi_action: [757,0,758,1,759,0,927,2,928,0,1593,1]
12-08 04:35:07.052 2377 2377 I sysui_multi_action: [757,0,758,1,759,0,927,3,928,0,1593,1]
12-08 04:35:07.053 2377 2377 I sysui_multi_action: [757,491,758,1,759,491,927,4,928,0,1311,-1,1593,0]
12-08 04:35:07.053 2377 2377 I sysui_multi_action: [757,0,758,1,759,0,927,5,1593,0]
12-08 04:35:07.053 2377 2377 I sysui_multi_action: [757,111,758,1]
12-08 04:35:07.053 2377 2377 I sysui_multi_action: [757,126,758,1,759,126,927,0,928,1,1593,1]
12-08 04:35:07.053 2377 2377 I sysui_multi_action: [757,113,758,1,759,113,927,1,928,1,1593,1]
12-08 04:35:07.053 2377 2377 I sysui_multi_action: [757,0,758,1,759,0,927,2,928,0,1593,1]
12-08 04:35:07.053 2377 2377 I sysui_multi_action: [757,0,758,1,759,0,927,3,928,0,1593,1]
12-08 04:35:07.063 1518 2319 I GameModeConfig: isGameModeOn = false
12-08 04:35:07.063 1518 2319 I GameModeConfig: isGameModeOn = false
12-08 04:35:07.064 1518 2319 I GameModeConfig: isGameModeOn = false
12-08 04:35:07.064 1518 2319 I GameModeConfig: isGameModeOn = false
12-08 04:35:07.064 1518 2319 I GameModeConfig: isGameModeOn = false
12-08 04:35:07.065 2377 2377 I sysui_multi_action: [757,111,758,2]
12-08 04:35:07.065 1518 1518 I notification_enqueue: [10082,2377,com.android.systemui,2048,NULL,0,Notification(channel=updateNotification shortcut=null contentView=null vibrate=null sound=null defaults=0x0 flags=0x0 color=0x00000000 vis=PRIVATE),1]
12-08 04:35:07.065 2377 2377 I sysui_multi_action: [757,111,758,2]
12-08 04:35:07.068 2377 2377 I sysui_multi_action: [757,111,758,1]
12-08 04:35:07.068 2377 2377 I sysui_multi_action: [757,126,758,1,759,126,927,0,928,1,1593,1]
12-08 04:35:07.068 2377 2377 I sysui_multi_action: [757,113,758,1,759,113,927,1,928,1,1593,1]
12-08 04:35:07.068 2377 2377 I sysui_multi_action: [757,0,758,1,759,0,927,2,928,0,1593,1]
12-08 04:35:07.068 2377 2377 I sysui_multi_action: [757,0,758,1,759,0,927,3,928,0,1593,1]
12-08 04:35:07.068 2377 2377 I sysui_multi_action: [757,491,758,1,759,491,927,4,928,0,1311,-1,1593,0]
12-08 04:35:07.068 2377 2377 I sysui_multi_action: [757,0,758,1,759,0,927,5,1593,0]
12-08 04:35:07.069 2377 2377 I sysui_multi_action: [757,111,758,1]
12-08 04:35:07.069 2377 2377 I sysui_multi_action: [757,126,758,1,759,126,927,0,928,1,1593,1]
12-08 04:35:07.069 2377 2377 I sysui_multi_action: [757,113,758,1,759,113,927,1,928,1,1593,1]
12-08 04:35:07.069 2377 2377 I sysui_multi_action: [757,0,758,1,759,0,927,2,928,0,1593,1]
12-08 04:35:07.069 2377 2377 I sysui_multi_action: [757,0,758,1,759,0,927,3,928,0,1593,1]
12-08 04:35:07.073 1518 2463 I sysui_multi_action: [757,128,758,2,793,898472,794,6073,795,898472,796,26,798,0,806,android,857,DEVELOPER_IMPORTANT,858,4,947,0,1395,3,1500,898265,1688,1]
12-08 04:35:07.074 1518 2463 I notification_visibility: [-1|android|26|null|1000,0,898472,898472,0,0]
12-08 04:35:07.074 1518 2463 I sysui_multi_action: [757,128,758,2,793,219098,794,6073,795,219098,796,4273,798,1,806,com.android.systemui,857,screen_record,858,3,947,0,1395,3,1500,218896,1688,1,1745,680407814]
12-08 04:35:07.074 1518 2463 I notification_visibility: [0|com.android.systemui|4273|null|10082,0,219098,219098,0,1]
12-08 04:35:07.074 1518 2463 I sysui_multi_action: [757,128,758,2,793,1080181,794,6072,795,1080181,796,32,798,2,806,android,857,USB,858,1,947,0,1395,3,1500,1080019,1688,1]
12-08 04:35:07.074 1518 2463 I notification_visibility: [-1|android|32|null|1000,0,1080181,1080181,0,2]
12-08 04:35:07.080 1518 2319 I GameModeConfig: isGameModeOn = false
12-08 04:35:07.080 1518 2319 I GameModeConfig: isGameModeOn = false
12-08 04:35:07.080 1518 2319 I GameModeConfig: isGameModeOn = false
12-08 04:35:07.081 1518 2319 I GameModeConfig: isGameModeOn = false
12-08 04:35:07.082 1518 2319 I GameModeConfig: isGameModeOn = false
12-08 04:35:07.082 2377 2377 I sysui_multi_action: [757,111,758,2]
12-08 04:35:07.083 1518 1518 I notification_enqueue: [10082,2377,com.android.systemui,2048,NULL,0,Notification(channel=updateNotification shortcut=null contentView=null vibrate=null sound=null defaults=0x0 flags=0x0 color=0x00000000 vis=PRIVATE),1]
12-08 04:35:07.083 2377 2377 I sysui_multi_action: [757,111,758,2]
12-08 04:35:07.086 2377 2377 I sysui_multi_action: [757,111,758,1]
12-08 04:35:07.086 2377 2377 I sysui_multi_action: [757,126,758,1,759,126,927,0,928,1,1593,1]
12-08 04:35:07.086 2377 2377 I sysui_multi_action: [757,113,758,1,759,113,927,1,928,1,1593,1]
12-08 04:35:07.086 2377 2377 I sysui_multi_action: [757,0,758,1,759,0,927,2,928,0,1593,1]
12-08 04:35:07.087 2377 2377 I sysui_multi_action: [757,0,758,1,759,0,927,3,928,0,1593,1]
12-08 04:35:07.087 2377 2377 I sysui_multi_action: [757,491,758,1,759,491,927,4,928,0,1311,-1,1593,0]
12-08 04:35:07.087 2377 2377 I sysui_multi_action: [757,0,758,1,759,0,927,5,1593,0]
12-08 04:35:07.087 2377 2377 I sysui_multi_action: [757,111,758,1]
12-08 04:35:07.087 2377 2377 I sysui_multi_action: [757,126,758,1,759,126,927,0,928,1,1593,1]
12-08 04:35:07.087 2377 2377 I sysui_multi_action: [757,113,758,1,759,113,927,1,928,1,1593,1]
12-08 04:35:07.087 2377 2377 I sysui_multi_action: [757,0,758,1,759,0,927,2,928,0,1593,1]
12-08 04:35:07.087 2377 2377 I sysui_multi_action: [757,0,758,1,759,0,927,3,928,0,1593,1]
12-08 04:35:07.097 1518 2319 I GameModeConfig: isGameModeOn = false
12-08 04:35:07.097 1518 2319 I GameModeConfig: isGameModeOn = false
12-08 04:35:07.097 1518 2319 I GameModeConfig: isGameModeOn = false
12-08 04:35:07.097 1518 2319 I GameModeConfig: isGameModeOn = false
12-08 04:35:07.098 1518 2319 I GameModeConfig: isGameModeOn = false
12-08 04:35:07.099 2377 2377 I sysui_multi_action: [757,111,758,2]
12-08 04:35:07.099 2377 2377 I sysui_multi_action: [757,111,758,2]
12-08 04:35:07.099 1518 1518 I notification_enqueue: [10082,2377,com.android.systemui,2048,NULL,0,Notification(channel=updateNotification shortcut=null contentView=null vibrate=null sound=null defaults=0x0 flags=0x0 color=0x00000000 vis=PRIVATE),1]
12-08 04:35:07.102 2377 2377 I sysui_multi_action: [757,111,758,1]
12-08 04:35:07.102 2377 2377 I sysui_multi_action: [757,126,758,1,759,126,927,0,928,1,1593,1]
12-08 04:35:07.102 2377 2377 I sysui_multi_action: [757,113,758,1,759,113,927,1,928,1,1593,1]
12-08 04:35:07.103 2377 2377 I sysui_multi_action: [757,0,758,1,759,0,927,2,928,0,1593,1]
12-08 04:35:07.103 2377 2377 I sysui_multi_action: [757,0,758,1,759,0,927,3,928,0,1593,1]
12-08 04:35:07.103 2377 2377 I sysui_multi_action: [757,491,758,1,759,491,927,4,928,0,1311,-1,1593,0]
12-08 04:35:07.103 2377 2377 I sysui_multi_action: [757,0,758,1,759,0,927,5,1593,0]
12-08 04:35:07.103 2377 2377 I sysui_multi_action: [757,111,758,1]
12-08 04:35:07.103 2377 2377 I sysui_multi_action: [757,126,758,1,759,126,927,0,928,1,1593,1]
12-08 04:35:07.103 2377 2377 I sysui_multi_action: [757,113,758,1,759,113,927,1,928,1,1593,1]
12-08 04:35:07.103 2377 2377 I sysui_multi_action: [757,0,758,1,759,0,927,2,928,0,1593,1]
12-08 04:35:07.103 2377 2377 I sysui_multi_action: [757,0,758,1,759,0,927,3,928,0,1593,1]
12-08 04:35:07.106 1518 1518 I GameModeConfig: isGameModeOn = false
12-08 04:35:07.107 1518 1518 I sysui_multi_action: [757,1501,758,1,793,892003,794,0,795,209,796,2048,806,com.android.systemui,857,updateNotification,858,3,947,0,1500,0,1688,1]
12-08 04:35:07.107 1518 1518 I sysui_multi_action: [757,804,799,note_interruptive,801,0,802,1]
12-08 04:35:07.107 1518 1518 I sysui_multi_action: [757,199,758,1,759,2,793,892004,794,0,795,210,796,2048,806,com.android.systemui,857,updateNotification,858,3,947,0,1500,1,1688,1]
12-08 04:35:07.107 1518 1518 I notification_alert: [0|com.android.systemui|2048|null|10082,0,1,0]
12-08 04:35:07.109 1518 1518 W NotificationHistory: Attempted to add notif for locked/gone/disabled user 0
12-08 04:35:07.113 1518 2319 I GameModeConfig: isGameModeOn = false
12-08 04:35:07.114 1518 2319 I GameModeConfig: isGameModeOn = false
12-08 04:35:07.114 1518 2319 I GameModeConfig: isGameModeOn = false
12-08 04:35:07.114 1518 2319 I GameModeConfig: isGameModeOn = false
12-08 04:35:07.114 1518 2319 I GameModeConfig: isGameModeOn = false
12-08 04:35:07.115 2377 2377 I sysui_multi_action: [757,111,758,2]
12-08 04:35:07.115 2377 2377 I sysui_multi_action: [757,111,758,2]
12-08 04:35:07.115 1518 1518 I notification_enqueue: [10082,2377,com.android.systemui,2048,NULL,0,Notification(channel=updateNotification shortcut=null contentView=null vibrate=null sound=null defaults=0x0 flags=0x0 color=0x00000000 vis=PRIVATE),1]
12-08 04:35:07.122 1518 1646 I input_focus: [Focus request 49b46f5 com.android.settings/com.android.settings.Settings,reason=UpdateInputWindows]
12-08 04:35:07.123 2377 2377 I sysui_multi_action: [757,111,758,1]
12-08 04:35:07.124 2377 2377 I sysui_multi_action: [757,126,758,1,759,126,927,0,928,1,1593,0]
12-08 04:35:07.124 2377 2377 I sysui_multi_action: [757,113,758,1,759,113,927,1,928,1,1593,0]
12-08 04:35:07.124 2377 2377 I sysui_multi_action: [757,0,758,1,759,0,927,2,928,0,1593,0]
12-08 04:35:07.124 2377 2377 I sysui_multi_action: [757,0,758,1,759,0,927,3,928,0,1593,1]
12-08 04:35:07.124 2377 2377 I sysui_multi_action: [757,491,758,1,759,491,927,4,928,0,1311,-1,1593,0]
12-08 04:35:07.124 2377 2377 I sysui_multi_action: [757,0,758,1,759,0,927,5,1593,0]
12-08 04:35:07.124 2377 2377 I sysui_multi_action: [757,111,758,1]
12-08 04:35:07.124 2377 2377 I sysui_multi_action: [757,126,758,1,759,126,927,0,928,1,1593,1]
12-08 04:35:07.124 2377 2377 I sysui_multi_action: [757,113,758,1,759,113,927,1,928,1,1593,1]
12-08 04:35:07.124 2377 2377 I sysui_multi_action: [757,0,758,1,759,0,927,2,928,0,1593,1]
12-08 04:35:07.124 2377 2377 I sysui_multi_action: [757,0,758,1,759,0,927,3,928,0,1593,1]
12-08 04:35:07.129 2377 2377 I sysui_multi_action: [757,111,758,2]
12-08 04:35:07.129 2377 2377 I sysui_multi_action: [757,111,758,2]
12-08 04:35:07.130 1518 2319 I GameModeConfig: isGameModeOn = false
12-08 04:35:07.131 1518 2319 I GameModeConfig: isGameModeOn = false
12-08 04:35:07.131 1518 2319 I GameModeConfig: isGameModeOn = false
12-08 04:35:07.131 1518 3327 I sysui_multi_action: [757,127,758,2]
12-08 04:35:07.131 1518 3327 I notification_panel_hidden:
12-08 04:35:07.131 1518 2319 I GameModeConfig: isGameModeOn = false
12-08 04:35:07.132 1518 2319 I GameModeConfig: isGameModeOn = false
12-08 04:35:07.132 1518 1518 I notification_enqueue: [10082,2377,com.android.systemui,2048,NULL,0,Notification(channel=updateNotification shortcut=null contentView=null vibrate=null sound=null defaults=0x0 flags=0x0 color=0x00000000 vis=PRIVATE),1]
12-08 04:35:07.139 1518 1518 I GameModeConfig: isGameModeOn = false
12-08 04:35:07.140 1518 1518 E NotificationService: Muting recently noisy 0|com.android.systemui|2048|null|10082
12-08 04:35:07.142 2377 2377 I sysui_multi_action: [757,111,758,1]
12-08 04:35:07.142 2377 2377 I sysui_multi_action: [757,126,758,1,759,126,927,0,928,1,1593,1]
12-08 04:35:07.142 2377 2377 I sysui_multi_action: [757,113,758,1,759,113,927,1,928,1,1593,1]
12-08 04:35:07.142 2377 2377 I sysui_multi_action: [757,0,758,1,759,0,927,2,928,0,1593,1]
12-08 04:35:07.142 2377 2377 I sysui_multi_action: [757,0,758,1,759,0,927,3,928,0,1593,1]
12-08 04:35:07.142 2377 2377 I sysui_multi_action: [757,491,758,1,759,491,927,4,928,0,1311,-1,1593,0]
12-08 04:35:07.142 2377 2377 I sysui_multi_action: [757,0,758,1,759,0,927,5,1593,0]
12-08 04:35:07.142 2377 2377 I sysui_multi_action: [757,111,758,1]
12-08 04:35:07.142 2377 2377 I sysui_multi_action: [757,126,758,1,759,126,927,0,928,1,1593,1]
12-08 04:35:07.142 2377 2377 I sysui_multi_action: [757,113,758,1,759,113,927,1,928,1,1593,1]
12-08 04:35:07.142 2377 2377 I sysui_multi_action: [757,0,758,1,759,0,927,2,928,0,1593,1]
12-08 04:35:07.142 2377 2377 I sysui_multi_action: [757,0,758,1,759,0,927,3,928,0,1593,1]
12-08 04:35:07.153 1518 2002 I input_focus: [Focus leaving 89e55f9 NotificationShade (server),reason=NO_WINDOW]
12-08 04:35:07.153 1518 2002 I input_focus: [Focus entering 49b46f5 com.android.settings/com.android.settings.Settings (server),reason=setFocusedWindow]
12-08 04:35:07.155 1518 1518 I GameModeConfig: isGameModeOn = false
12-08 04:35:07.156 1518 1518 E NotificationService: Muting recently noisy 0|com.android.systemui|2048|null|10082
12-08 04:35:07.171 1518 1518 I GameModeConfig: isGameModeOn = false
12-08 04:35:07.172 1518 1518 E NotificationService: Muting recently noisy 0|com.android.systemui|2048|null|10082
12-08 04:35:07.186 1518 1518 I GameModeConfig: isGameModeOn = false
12-08 04:35:07.187 1518 1518 E NotificationService: Muting recently noisy 0|com.android.systemui|2048|null|10082
12-08 04:35:07.203 1518 1518 I GameModeConfig: isGameModeOn = false
12-08 04:35:07.204 1518 1518 E NotificationService: Muting recently noisy 0|com.android.systemui|2048|null|10082
12-08 04:35:07.219 1518 1518 I GameModeConfig: isGameModeOn = false
12-08 04:35:07.220 1518 1518 E NotificationService: Muting recently noisy 0|com.android.systemui|2048|null|10082
12-08 04:35:07.234 1518 1518 I GameModeConfig: isGameModeOn = false
12-08 04:35:07.234 1518 1518 E NotificationService: Muting recently noisy 0|com.android.systemui|2048|null|10082
12-08 04:35:07.251 1518 1518 I GameModeConfig: isGameModeOn = false
12-08 04:35:07.251 1518 1518 E NotificationService: Muting recently noisy 0|com.android.systemui|2048|null|10082
12-08 04:35:07.267 1518 1518 I GameModeConfig: isGameModeOn = false
12-08 04:35:07.268 1518 1518 E NotificationService: Muting recently noisy 0|com.android.systemui|2048|null|10082
12-08 04:35:07.284 1518 1518 I GameModeConfig: isGameModeOn = false
12-08 04:35:07.285 1518 1518 E NotificationService: Muting recently noisy 0|com.android.systemui|2048|null|10082
12-08 04:35:07.301 1518 1518 I GameModeConfig: isGameModeOn = false
12-08 04:35:07.301 1518 1518 E NotificationService: Muting recently noisy 0|com.android.systemui|2048|null|10082
12-08 04:35:07.316 1518 1518 I GameModeConfig: isGameModeOn = false
12-08 04:35:07.317 1518 1518 E NotificationService: Muting recently noisy 0|com.android.systemui|2048|null|10082
12-08 04:35:07.334 1518 1518 I GameModeConfig: isGameModeOn = false
12-08 04:35:07.335 1518 1518 E NotificationService: Muting recently noisy 0|com.android.systemui|2048|null|10082
12-08 04:35:08.653 1518 2002 I input_interaction: Interaction with: 49b46f5 com.android.settings/com.android.settings.Settings (server), edge-swipe (server), swipe-up (server), PointerEventDispatcher0 (server),
12-08 04:35:09.349 5897 5897 I sysui_multi_action: [757,830,758,4,833,0,854,wifi_tether_network_password,1089,0]
12-08 04:35:09.430 1518 1646 I input_focus: [Focus request 6167dc4 com.android.settings/com.android.settings.Settings,reason=UpdateInputWindows]
12-08 04:35:09.461 1518 2002 I input_focus: [Focus leaving 49b46f5 com.android.settings/com.android.settings.Settings (server),reason=setFocusedWindow]
12-08 04:35:09.461 1518 2002 I input_focus: [Focus entering 6167dc4 com.android.settings/com.android.settings.Settings (server),reason=setFocusedWindow]
12-08 04:35:09.633 1518 2002 I input_interaction: Interaction with: 6167dc4 com.android.settings/com.android.settings.Settings (server), edge-swipe (server), swipe-up (server), PointerEventDispatcher0 (server),
12-08 04:35:09.708 1518 3327 W UriGrantsManagerService: No permission grants found for com.baidu.input
12-08 04:35:09.820 3724 6431 E ActivityThread: Failed to find provider info for telephony
12-08 04:35:09.832 1518 5934 D CompatibilityChangeReporter: Compat change id reported: 171306433; UID 10035; state: DISABLED
12-08 04:35:09.863 1518 5934 I am_uid_running: 10069
12-08 04:35:09.863 1518 5934 D CompatibilityChangeReporter: Compat change id reported: 135634846; UID 10069; state: DISABLED
12-08 04:35:09.864 1518 1655 D CompatibilityChangeReporter: Compat change id reported: 143937733; UID 10069; state: ENABLED
12-08 04:35:09.868 1518 1655 I am_proc_start: [0,6499,10069,com.android.webview:webview_service,service,{com.android.webview/org.chromium.android_webview.services.VariationsSeedServer}]
12-08 04:35:09.868 1518 1655 I ActivityManager: Start proc 6499:com.android.webview:webview_service/u0a69 for service {com.android.webview/org.chromium.android_webview.services.VariationsSeedServer}
12-08 04:35:09.885 1518 1635 I am_proc_bound: [0,6499,com.android.webview:webview_service]
12-08 04:35:09.887 1518 1635 D CompatibilityChangeReporter: Compat change id reported: 168419799; UID 10069; state: DISABLED
12-08 04:35:09.890 1518 1635 I am_uid_active: 10069
12-08 04:35:09.906 1518 1752 I commit_sys_config_file: [settings-3-0,5]
12-08 04:35:09.908 1518 1752 I commit_sys_config_file: [settings-1-0,3]
12-08 04:35:10.728 1518 1642 D CompanionDeviceManagerService: onPackageModified(packageName = com.baidu.input)
12-08 04:35:10.745 1518 1518 I Telecom : DefaultDialerCache: Refreshing default dialer for user 0: now null: DDC.oR@ACg
12-08 04:35:10.747 1518 1774 I am_uid_active: 10094
12-08 04:35:10.773 1518 1653 W VoiceInteractionManager: no available voice recognition services found for user 0
12-08 04:35:11.006 1518 1646 I input_focus: [Focus request 49b46f5 com.android.settings/com.android.settings.Settings,reason=UpdateInputWindows]
12-08 04:35:11.030 1518 2002 I input_focus: [Focus entering 49b46f5 com.android.settings/com.android.settings.Settings (server),reason=setFocusedWindow]
12-08 04:35:11.605 1518 2002 I input_interaction: Interaction with: 49b46f5 com.android.settings/com.android.settings.Settings (server), edge-swipe (server), swipe-up (server), PointerEventDispatcher0 (server),
12-08 04:35:11.706 5897 5897 I sysui_multi_action: [757,830,758,4,833,0,854,wifi_tether_security,1089,0]
12-08 04:35:11.781 1518 1646 I input_focus: [Focus request 4371f6c com.android.settings/com.android.settings.Settings,reason=UpdateInputWindows]
12-08 04:35:11.802 1518 2002 I input_focus: [Focus leaving 49b46f5 com.android.settings/com.android.settings.Settings (server),reason=Waiting for window because NOT_VISIBLE]
12-08 04:35:11.816 1518 2002 I input_focus: [Focus entering 4371f6c com.android.settings/com.android.settings.Settings (server),reason=Window became focusable. Previous reason: NOT_VISIBLE]
12-08 04:35:13.279 1518 2002 I input_interaction: Interaction with: 4371f6c com.android.settings/com.android.settings.Settings (server), edge-swipe (server), swipe-up (server), PointerEventDispatcher0 (server),
12-08 04:35:13.403 1518 1646 I input_focus: [Focus request 49b46f5 com.android.settings/com.android.settings.Settings,reason=UpdateInputWindows]
12-08 04:35:13.417 1518 2002 I input_focus: [Focus entering 49b46f5 com.android.settings/com.android.settings.Settings (server),reason=setFocusedWindow]
12-08 04:35:14.597 1518 2002 I input_interaction: Interaction with: 49b46f5 com.android.settings/com.android.settings.Settings (server), edge-swipe (server), swipe-up (server), PointerEventDispatcher0 (server),
12-08 04:35:15.511 5897 5897 I sysui_multi_action: [757,1014,758,2,1089,89602]
12-08 04:35:15.567 5897 5897 I sysui_multi_action: [757,90,758,1,833,0,1089,0]
12-08 04:35:16.375 5897 5897 I sysui_multi_action: [757,90,758,2,1089,808]
12-08 04:35:16.440 5897 5897 I sysui_multi_action: [757,746,758,1,833,0,1089,0]
12-08 04:35:16.441 1518 5934 D TelephonyRegistry: listen oscl: mHasNotifySubscriptionInfoChangedOccurred==false no callback
12-08 04:35:16.443 1518 5934 D TelephonyRegistry: listen oscl: mHasNotifySubscriptionInfoChangedOccurred==false no callback
12-08 04:35:17.154 1518 2319 I GameModeConfig: isGameModeOn = false
12-08 04:35:17.154 1518 2319 I GameModeConfig: isGameModeOn = false
12-08 04:35:17.154 1518 2319 I GameModeConfig: isGameModeOn = false
12-08 04:35:17.155 1518 2319 I GameModeConfig: isGameModeOn = false
12-08 04:35:17.155 1518 2319 I GameModeConfig: isGameModeOn = false
12-08 04:35:17.171 1518 2319 I GameModeConfig: isGameModeOn = false
12-08 04:35:17.186 1518 2319 I GameModeConfig: isGameModeOn = false
12-08 04:35:17.204 1518 2319 I GameModeConfig: isGameModeOn = false
12-08 04:35:17.220 1518 2319 I GameModeConfig: isGameModeOn = false
12-08 04:35:17.234 1518 2319 I GameModeConfig: isGameModeOn = false
12-08 04:35:17.252 1518 2319 I GameModeConfig: isGameModeOn = false
12-08 04:35:17.268 1518 2319 I GameModeConfig: isGameModeOn = false
12-08 04:35:17.285 1518 2319 I GameModeConfig: isGameModeOn = false
12-08 04:35:17.300 1518 2319 I GameModeConfig: isGameModeOn = false
12-08 04:35:17.317 1518 2319 I GameModeConfig: isGameModeOn = false
12-08 04:35:17.335 1518 2319 I GameModeConfig: isGameModeOn = false
12-08 04:35:17.748 5897 5897 I sysui_multi_action: [757,830,758,4,833,0,854,main_toggle_wifi,1089,0]
12-08 04:35:17.772 5897 5897 I sysui_multi_action: [757,746,758,2,1089,1332]
12-08 04:35:17.810 1518 1816 I netstats_mobile_sample: [0,0,0,0,0,0,0,0,0,0,0,0,1670445317809]
12-08 04:35:17.810 1518 1816 I netstats_wifi_sample: [0,0,0,0,0,0,0,0,0,0,0,0,1670445317809]
12-08 04:35:17.827 1518 1816 I netstats_mobile_sample: [0,0,0,0,0,0,0,0,0,0,0,0,1670445317827]
12-08 04:35:17.827 1518 1816 I netstats_wifi_sample: [0,0,0,0,0,0,0,0,0,0,0,0,1670445317827]
12-08 04:35:17.867 5897 5897 I sysui_multi_action: [757,103,758,1,833,0,1089,78]
12-08 04:35:18.586 1518 2002 I input_interaction: Interaction with: 545abb StatusBar (server), edge-swipe (server), swipe-up (server), PointerEventDispatcher0 (server),
12-08 04:35:18.591 2377 2377 I sysui_multi_action: [757,803,799,panel_open,802,1]
12-08 04:35:18.594 2377 2377 I sysui_multi_action: [757,1328,758,4,1326,45,1327,1,1329,0]
12-08 04:35:18.691 1518 1816 I sysui_multi_action: [757,127,758,1]
12-08 04:35:18.692 1518 1816 I sysui_multi_action: [757,804,799,note_load,801,3,802,1]
12-08 04:35:18.692 1518 1816 I notification_panel_revealed: 3
12-08 04:35:18.694 1518 2319 I GameModeConfig: isGameModeOn = false
12-08 04:35:18.694 1518 2319 I GameModeConfig: isGameModeOn = false
12-08 04:35:18.694 1518 2319 I GameModeConfig: isGameModeOn = false
12-08 04:35:18.694 1518 2319 I GameModeConfig: isGameModeOn = false
12-08 04:35:18.695 1518 2319 I GameModeConfig: isGameModeOn = false
12-08 04:35:18.702 1518 1518 I notification_enqueue: [10082,2377,com.android.systemui,2048,NULL,0,Notification(channel=updateNotification shortcut=null contentView=null vibrate=null sound=null defaults=0x0 flags=0x0 color=0x00000000 vis=PRIVATE),1]
12-08 04:35:18.703 2377 2377 I sysui_multi_action: [757,111,758,2]
12-08 04:35:18.704 2377 2377 I sysui_multi_action: [757,111,758,2]
12-08 04:35:18.719 1518 1646 I input_focus: [Focus request 89e55f9 NotificationShade,reason=UpdateInputWindows]
12-08 04:35:18.725 2377 2377 I sysui_multi_action: [757,111,758,1]
12-08 04:35:18.725 2377 2377 I sysui_multi_action: [757,126,758,1,759,126,927,0,928,1,1593,0]
12-08 04:35:18.725 2377 2377 I sysui_multi_action: [757,113,758,1,759,113,927,1,928,1,1593,0]
12-08 04:35:18.725 2377 2377 I sysui_multi_action: [757,0,758,1,759,0,927,2,928,0,1593,0]
12-08 04:35:18.725 2377 2377 I sysui_multi_action: [757,0,758,1,759,0,927,3,928,0,1593,0]
12-08 04:35:18.726 2377 2377 I sysui_multi_action: [757,491,758,1,759,491,927,4,928,0,1311,-1,1593,0]
12-08 04:35:18.726 2377 2377 I sysui_multi_action: [757,0,758,1,759,0,927,5,1593,0]
12-08 04:35:18.726 2377 2377 I sysui_multi_action: [757,111,758,1]
12-08 04:35:18.726 2377 2377 I sysui_multi_action: [757,126,758,1,759,126,927,0,928,1,1593,0]
12-08 04:35:18.726 2377 2377 I sysui_multi_action: [757,113,758,1,759,113,927,1,928,1,1593,0]
12-08 04:35:18.726 2377 2377 I sysui_multi_action: [757,0,758,1,759,0,927,2,928,0,1593,0]
12-08 04:35:18.726 2377 2377 I sysui_multi_action: [757,0,758,1,759,0,927,3,928,0,1593,0]
12-08 04:35:18.737 2377 2377 I sysui_multi_action: [757,111,758,2]
12-08 04:35:18.737 1518 1518 I notification_enqueue: [10082,2377,com.android.systemui,2048,NULL,0,Notification(channel=updateNotification shortcut=null contentView=null vibrate=null sound=null defaults=0x0 flags=0x0 color=0x00000000 vis=PRIVATE),1]
12-08 04:35:18.737 2377 2377 I sysui_multi_action: [757,111,758,2]
12-08 04:35:18.738 1518 2319 I GameModeConfig: isGameModeOn = false
12-08 04:35:18.738 1518 2319 I GameModeConfig: isGameModeOn = false
12-08 04:35:18.738 1518 2319 I GameModeConfig: isGameModeOn = false
12-08 04:35:18.738 1518 2319 I GameModeConfig: isGameModeOn = false
12-08 04:35:18.738 1518 2319 I GameModeConfig: isGameModeOn = false
12-08 04:35:18.742 2377 2377 I sysui_multi_action: [757,111,758,1]
12-08 04:35:18.742 2377 2377 I sysui_multi_action: [757,126,758,1,759,126,927,0,928,1,1593,0]
12-08 04:35:18.742 2377 2377 I sysui_multi_action: [757,113,758,1,759,113,927,1,928,1,1593,0]
12-08 04:35:18.742 2377 2377 I sysui_multi_action: [757,0,758,1,759,0,927,2,928,0,1593,0]
12-08 04:35:18.742 2377 2377 I sysui_multi_action: [757,0,758,1,759,0,927,3,928,0,1593,0]
12-08 04:35:18.743 2377 2377 I sysui_multi_action: [757,491,758,1,759,491,927,4,928,0,1311,-1,1593,0]
12-08 04:35:18.743 2377 2377 I sysui_multi_action: [757,0,758,1,759,0,927,5,1593,0]
12-08 04:35:18.743 2377 2377 I sysui_multi_action: [757,111,758,1]
12-08 04:35:18.743 2377 2377 I sysui_multi_action: [757,126,758,1,759,126,927,0,928,1,1593,0]
12-08 04:35:18.743 2377 2377 I sysui_multi_action: [757,113,758,1,759,113,927,1,928,1,1593,0]
12-08 04:35:18.743 2377 2377 I sysui_multi_action: [757,0,758,1,759,0,927,2,928,0,1593,0]
12-08 04:35:18.743 2377 2377 I sysui_multi_action: [757,0,758,1,759,0,927,3,928,0,1593,0]
12-08 04:35:18.749 1518 2002 I input_focus: [Focus leaving 49b46f5 com.android.settings/com.android.settings.Settings (server),reason=setFocusedWindow]
12-08 04:35:18.749 1518 2002 I input_focus: [Focus entering 89e55f9 NotificationShade (server),reason=setFocusedWindow]
12-08 04:35:18.758 1518 1518 I notification_enqueue: [10082,2377,com.android.systemui,2048,NULL,0,Notification(channel=updateNotification shortcut=null contentView=null vibrate=null sound=null defaults=0x0 flags=0x0 color=0x00000000 vis=PRIVATE),1]
12-08 04:35:18.758 2377 2377 I sysui_multi_action: [757,111,758,2]
12-08 04:35:18.758 2377 2377 I sysui_multi_action: [757,111,758,2]
12-08 04:35:18.760 2377 2377 I sysui_multi_action: [757,111,758,1]
12-08 04:35:18.760 2377 2377 I sysui_multi_action: [757,126,758,1,759,126,927,0,928,1,1593,0]
12-08 04:35:18.760 2377 2377 I sysui_multi_action: [757,113,758,1,759,113,927,1,928,1,1593,0]
12-08 04:35:18.760 2377 2377 I sysui_multi_action: [757,0,758,1,759,0,927,2,928,0,1593,0]
12-08 04:35:18.760 2377 2377 I sysui_multi_action: [757,0,758,1,759,0,927,3,928,0,1593,0]
12-08 04:35:18.760 2377 2377 I sysui_multi_action: [757,491,758,1,759,491,927,4,928,0,1311,-1,1593,0]
12-08 04:35:18.760 2377 2377 I sysui_multi_action: [757,0,758,1,759,0,927,5,1593,0]
12-08 04:35:18.760 2377 2377 I sysui_multi_action: [757,111,758,1]
12-08 04:35:18.760 2377 2377 I sysui_multi_action: [757,126,758,1,759,126,927,0,928,1,1593,0]
12-08 04:35:18.760 2377 2377 I sysui_multi_action: [757,113,758,1,759,113,927,1,928,1,1593,0]
12-08 04:35:18.761 2377 2377 I sysui_multi_action: [757,0,758,1,759,0,927,2,928,0,1593,0]
12-08 04:35:18.761 2377 2377 I sysui_multi_action: [757,0,758,1,759,0,927,3,928,0,1593,0]
12-08 04:35:18.761 1518 2319 I GameModeConfig: isGameModeOn = false
12-08 04:35:18.761 1518 2319 I GameModeConfig: isGameModeOn = false
12-08 04:35:18.761 1518 2319 I GameModeConfig: isGameModeOn = false
12-08 04:35:18.762 1518 2319 I GameModeConfig: isGameModeOn = false
12-08 04:35:18.762 1518 2319 I GameModeConfig: isGameModeOn = false
12-08 04:35:18.906 1518 1518 I GameModeConfig: isGameModeOn = false
12-08 04:35:18.909 1518 1518 I sysui_multi_action: [757,1501,758,1,793,903804,794,0,795,213,796,2048,806,com.android.systemui,857,updateNotification,858,3,947,0,1500,0,1688,1]
12-08 04:35:18.910 1518 1518 I sysui_multi_action: [757,804,799,note_interruptive,801,0,802,1]
12-08 04:35:18.911 1518 1518 I sysui_multi_action: [757,199,758,1,759,2,793,903807,794,0,795,216,796,2048,806,com.android.systemui,857,updateNotification,858,3,947,0,1500,3,1688,1]
12-08 04:35:18.912 1518 1518 I notification_alert: [0|com.android.systemui|2048|null|10082,0,1,0]
12-08 04:35:18.913 1518 1518 W NotificationHistory: Attempted to add notif for locked/gone/disabled user 0
12-08 04:35:18.939 1518 1518 I GameModeConfig: isGameModeOn = false
12-08 04:35:18.939 1518 1518 E NotificationService: Muting recently noisy 0|com.android.systemui|2048|null|10082
12-08 04:35:18.959 1518 1518 I GameModeConfig: isGameModeOn = false
12-08 04:35:18.959 1518 1518 E NotificationService: Muting recently noisy 0|com.android.systemui|2048|null|10082
12-08 04:35:19.233 1284 5796 I liblog : 1
12-08 04:35:19.236 1284 5796 I liblog : 41
12-08 04:35:19.237 1284 5796 I liblog : 26
12-08 04:35:19.238 1284 5796 I liblog : 24
12-08 04:35:19.241 1284 5796 I liblog : 50
12-08 04:35:19.250 1518 1635 I sysui_multi_action: [757,128,758,1,793,910649,794,0,795,910649,796,26,798,0,806,android,857,DEVELOPER_IMPORTANT,858,4,947,0,1395,3,1500,910442,1688,1]
12-08 04:35:19.250 1518 1635 I sysui_multi_action: [757,804,799,note_freshness,801,910649,802,1]
12-08 04:35:19.251 1518 1635 I notification_visibility: [-1|android|26|null|1000,1,910649,910649,0,0]
12-08 04:35:19.251 1284 5796 I liblog : 25
12-08 04:35:19.251 1518 1635 I sysui_multi_action: [757,128,758,1,793,231275,794,0,795,231275,796,4273,798,1,806,com.android.systemui,857,screen_record,858,3,947,0,1395,3,1500,231073,1688,1,1745,680407814]
12-08 04:35:19.251 1518 1635 I sysui_multi_action: [757,804,799,note_freshness,801,231275,802,1]
12-08 04:35:19.251 1518 1635 I notification_visibility: [0|com.android.systemui|4273|null|10082,1,231275,231275,0,1]
12-08 04:35:19.251 1518 1635 I sysui_multi_action: [757,128,758,1,793,1092358,794,0,795,1092358,796,32,798,2,806,android,857,USB,858,1,947,0,1395,3,1500,1092196,1688,1]
12-08 04:35:19.251 1518 1635 I sysui_multi_action: [757,804,799,note_freshness,801,1092358,802,1]
12-08 04:35:19.251 1518 1635 I notification_visibility: [-1|android|32|null|1000,1,1092358,1092358,0,2]
12-08 04:35:19.728 1518 1644 I commit_sys_config_file: [uri-grants,18]
12-08 04:35:19.765 1518 1678 I commit_sys_config_file: [package-user-0,7]
12-08 04:35:20.530 1518 2002 I input_interaction: Interaction with: 89e55f9 NotificationShade (server), edge-swipe (server), swipe-up (server), PointerEventDispatcher0 (server),
12-08 04:35:20.780 1518 1816 I sysui_multi_action: [757,128,758,2,793,912179,794,1530,795,912179,796,26,798,0,806,android,857,DEVELOPER_IMPORTANT,858,4,947,0,1395,3,1500,911972,1688,1]
12-08 04:35:20.780 1518 1816 I notification_visibility: [-1|android|26|null|1000,0,912179,912179,0,0]
12-08 04:35:20.781 1518 1816 I sysui_multi_action: [757,128,758,2,793,232805,794,1530,795,232805,796,4273,798,1,806,com.android.systemui,857,screen_record,858,3,947,0,1395,3,1500,232603,1688,1,1745,680407814]
12-08 04:35:20.781 1518 1816 I notification_visibility: [0|com.android.systemui|4273|null|10082,0,232805,232805,0,1]
12-08 04:35:20.781 1518 1816 I sysui_multi_action: [757,128,758,2,793,1093888,794,1530,795,1093888,796,32,798,2,806,android,857,USB,858,1,947,0,1395,3,1500,1093726,1688,1]
12-08 04:35:20.781 1518 1816 I notification_visibility: [-1|android|32|null|1000,0,1093888,1093888,0,2]
12-08 04:35:20.786 1518 2319 I GameModeConfig: isGameModeOn = false
12-08 04:35:20.786 1518 2319 I GameModeConfig: isGameModeOn = false
12-08 04:35:20.786 1518 2319 I GameModeConfig: isGameModeOn = false
12-08 04:35:20.786 1518 2319 I GameModeConfig: isGameModeOn = false
12-08 04:35:20.786 1518 2319 I GameModeConfig: isGameModeOn = false
12-08 04:35:20.788 1518 1518 I notification_enqueue: [10082,2377,com.android.systemui,2048,NULL,0,Notification(channel=updateNotification shortcut=null contentView=null vibrate=null sound=null defaults=0x0 flags=0x0 color=0x00000000 vis=PRIVATE),1]
12-08 04:35:20.789 2377 2377 I sysui_multi_action: [757,111,758,2]
12-08 04:35:20.789 2377 2377 I sysui_multi_action: [757,111,758,2]
12-08 04:35:20.794 2377 2377 I sysui_multi_action: [757,111,758,1]
12-08 04:35:20.794 2377 2377 I sysui_multi_action: [757,126,758,1,759,126,927,0,928,1,1593,1]
12-08 04:35:20.794 2377 2377 I sysui_multi_action: [757,113,758,1,759,113,927,1,928,1,1593,1]
12-08 04:35:20.794 2377 2377 I sysui_multi_action: [757,0,758,1,759,0,927,2,928,0,1593,1]
12-08 04:35:20.795 2377 2377 I sysui_multi_action: [757,0,758,1,759,0,927,3,928,0,1593,1]
12-08 04:35:20.795 2377 2377 I sysui_multi_action: [757,491,758,1,759,491,927,4,928,0,1311,-1,1593,0]
12-08 04:35:20.795 2377 2377 I sysui_multi_action: [757,0,758,1,759,0,927,5,1593,0]
12-08 04:35:20.795 2377 2377 I sysui_multi_action: [757,111,758,1]
12-08 04:35:20.795 2377 2377 I sysui_multi_action: [757,126,758,1,759,126,927,0,928,1,1593,1]
12-08 04:35:20.795 2377 2377 I sysui_multi_action: [757,113,758,1,759,113,927,1,928,1,1593,1]
12-08 04:35:20.795 2377 2377 I sysui_multi_action: [757,0,758,1,759,0,927,2,928,0,1593,1]
12-08 04:35:20.796 2377 2377 I sysui_multi_action: [757,0,758,1,759,0,927,3,928,0,1593,1]
12-08 04:35:20.813 1518 2319 I GameModeConfig: isGameModeOn = false
12-08 04:35:20.813 1518 2319 I GameModeConfig: isGameModeOn = false
12-08 04:35:20.813 1518 2319 I GameModeConfig: isGameModeOn = false
12-08 04:35:20.813 1518 2319 I GameModeConfig: isGameModeOn = false
12-08 04:35:20.813 1518 2319 I GameModeConfig: isGameModeOn = false
12-08 04:35:20.814 2377 2377 I sysui_multi_action: [757,111,758,2]
12-08 04:35:20.814 2377 2377 I sysui_multi_action: [757,111,758,2]
12-08 04:35:20.815 1518 1518 I notification_enqueue: [10082,2377,com.android.systemui,2048,NULL,0,Notification(channel=updateNotification shortcut=null contentView=null vibrate=null sound=null defaults=0x0 flags=0x0 color=0x00000000 vis=PRIVATE),1]
12-08 04:35:20.819 2377 2377 I sysui_multi_action: [757,111,758,1]
12-08 04:35:20.819 2377 2377 I sysui_multi_action: [757,126,758,1,759,126,927,0,928,1,1593,1]
12-08 04:35:20.819 2377 2377 I sysui_multi_action: [757,113,758,1,759,113,927,1,928,1,1593,1]
12-08 04:35:20.819 2377 2377 I sysui_multi_action: [757,0,758,1,759,0,927,2,928,0,1593,1]
12-08 04:35:20.819 2377 2377 I sysui_multi_action: [757,0,758,1,759,0,927,3,928,0,1593,1]
12-08 04:35:20.819 2377 2377 I sysui_multi_action: [757,491,758,1,759,491,927,4,928,0,1311,-1,1593,0]
12-08 04:35:20.820 2377 2377 I sysui_multi_action: [757,0,758,1,759,0,927,5,1593,0]
12-08 04:35:20.820 2377 2377 I sysui_multi_action: [757,111,758,1]
12-08 04:35:20.820 2377 2377 I sysui_multi_action: [757,126,758,1,759,126,927,0,928,1,1593,1]
12-08 04:35:20.820 2377 2377 I sysui_multi_action: [757,113,758,1,759,113,927,1,928,1,1593,1]
12-08 04:35:20.820 2377 2377 I sysui_multi_action: [757,0,758,1,759,0,927,2,928,0,1593,1]
12-08 04:35:20.820 2377 2377 I sysui_multi_action: [757,0,758,1,759,0,927,3,928,0,1593,1]
12-08 04:35:20.831 1518 2319 I GameModeConfig: isGameModeOn = false
12-08 04:35:20.831 1518 2319 I GameModeConfig: isGameModeOn = false
12-08 04:35:20.831 1518 2319 I GameModeConfig: isGameModeOn = false
12-08 04:35:20.832 1518 2319 I GameModeConfig: isGameModeOn = false
12-08 04:35:20.832 1518 2319 I GameModeConfig: isGameModeOn = false
12-08 04:35:20.833 2377 2377 I sysui_multi_action: [757,111,758,2]
12-08 04:35:20.833 1518 1518 I notification_enqueue: [10082,2377,com.android.systemui,2048,NULL,0,Notification(channel=updateNotification shortcut=null contentView=null vibrate=null sound=null defaults=0x0 flags=0x0 color=0x00000000 vis=PRIVATE),1]
12-08 04:35:20.833 2377 2377 I sysui_multi_action: [757,111,758,2]
12-08 04:35:20.837 2377 2377 I sysui_multi_action: [757,111,758,1]
12-08 04:35:20.837 2377 2377 I sysui_multi_action: [757,126,758,1,759,126,927,0,928,1,1593,1]
12-08 04:35:20.837 2377 2377 I sysui_multi_action: [757,113,758,1,759,113,927,1,928,1,1593,1]
12-08 04:35:20.837 2377 2377 I sysui_multi_action: [757,0,758,1,759,0,927,2,928,0,1593,1]
12-08 04:35:20.838 2377 2377 I sysui_multi_action: [757,0,758,1,759,0,927,3,928,0,1593,1]
12-08 04:35:20.838 2377 2377 I sysui_multi_action: [757,491,758,1,759,491,927,4,928,0,1311,-1,1593,0]
12-08 04:35:20.838 2377 2377 I sysui_multi_action: [757,0,758,1,759,0,927,5,1593,0]
12-08 04:35:20.838 2377 2377 I sysui_multi_action: [757,111,758,1]
12-08 04:35:20.838 2377 2377 I sysui_multi_action: [757,126,758,1,759,126,927,0,928,1,1593,1]
12-08 04:35:20.838 2377 2377 I sysui_multi_action: [757,113,758,1,759,113,927,1,928,1,1593,1]
12-08 04:35:20.838 2377 2377 I sysui_multi_action: [757,0,758,1,759,0,927,2,928,0,1593,1]
12-08 04:35:20.838 2377 2377 I sysui_multi_action: [757,0,758,1,759,0,927,3,928,0,1593,1]
12-08 04:35:20.848 1518 2319 I GameModeConfig: isGameModeOn = false
12-08 04:35:20.848 1518 2319 I GameModeConfig: isGameModeOn = false
12-08 04:35:20.848 1518 2319 I GameModeConfig: isGameModeOn = false
12-08 04:35:20.848 1518 2319 I GameModeConfig: isGameModeOn = false
12-08 04:35:20.848 1518 2319 I GameModeConfig: isGameModeOn = false
12-08 04:35:20.849 2377 2377 I sysui_multi_action: [757,111,758,2]
12-08 04:35:20.849 2377 2377 I sysui_multi_action: [757,111,758,2]
