12-08 04:29:30.794 1518 2002 I input_focus: [Focus entering 4421db2 com.android.settings/com.android.settings.Settings (server),reason=setFocusedWindow]
12-08 04:29:30.871 4314 4334 W ContextImpl: Calling a method in the system process without a qualified user: android.app.ContextImpl.startService:1816 android.content.ContextWrapper.startService:774 com.thundercomm.gamemode.ingame.services.GameModeActionUtils.startGameModeService:93 com.thundercomm.gamemode.ingame.services.GameModeActionUtils.startGameModeEntry:21 com.thundercomm.gamemode.ingame.services.ActivityMonitoringService$1.onActivityLaunch:127
12-08 04:29:30.880 1518 1518 I GameModeConfig: Current uri is uri = content://com.thundercomm.gamemode.api/gamemode_settings/gamemode_isgaming
12-08 04:29:30.886 1518 1518 I GameModeConfig: isGameModeOn = false
12-08 04:29:30.887 1518 1518 I GameModeConfig: isGameModeOn = false
12-08 04:29:30.887 1518 1518 I GameModeConfig: isDisableVoice = true
12-08 04:29:30.957 1518 2319 I GameModeConfig: isGameModeOn = false
12-08 04:29:30.957 1518 2319 I GameModeConfig: isGameModeOn = false
12-08 04:29:30.957 1518 2319 I GameModeConfig: isGameModeOn = false
12-08 04:29:30.957 1518 2319 I GameModeConfig: isGameModeOn = false
12-08 04:29:30.958 2377 2377 I sysui_multi_action: [757,111,758,2]
12-08 04:29:30.958 1518 1518 I notification_enqueue: [10082,2377,com.android.systemui,2048,NULL,0,Notification(channel=updateNotification shortcut=null contentView=null vibrate=null sound=null defaults=0x0 flags=0x0 color=0x00000000 vis=PRIVATE),1]
12-08 04:29:30.959 2377 2377 I sysui_multi_action: [757,111,758,2]
12-08 04:29:30.965 5719 5719 I sysui_multi_action: [757,103,758,2,1089,190]
12-08 04:29:30.966 2377 2377 I sysui_multi_action: [757,111,758,1]
12-08 04:29:30.967 2377 2377 I sysui_multi_action: [757,126,758,1,759,126,927,0,928,1,1593,1]
12-08 04:29:30.967 2377 2377 I sysui_multi_action: [757,113,758,1,759,113,927,1,928,1,1593,1]
12-08 04:29:30.967 2377 2377 I sysui_multi_action: [757,0,758,1,759,0,927,2,928,0,1593,1]
12-08 04:29:30.967 2377 2377 I sysui_multi_action: [757,0,758,1,759,0,927,3,928,0,1593,1]
12-08 04:29:30.968 2377 2377 I sysui_multi_action: [757,491,758,1,759,491,927,4,928,0,1311,-1,1593,0]
12-08 04:29:30.968 2377 2377 I sysui_multi_action: [757,0,758,1,759,0,927,5,928,0,1593,0]
12-08 04:29:30.968 2377 2377 I sysui_multi_action: [757,120,758,1,759,120,927,6,928,0,1593,0]
12-08 04:29:30.968 2377 2377 I sysui_multi_action: [757,111,758,1]
12-08 04:29:30.968 2377 2377 I sysui_multi_action: [757,126,758,1,759,126,927,0,928,1,1593,1]
12-08 04:29:30.968 2377 2377 I sysui_multi_action: [757,113,758,1,759,113,927,1,928,1,1593,1]
12-08 04:29:30.968 2377 2377 I sysui_multi_action: [757,0,758,1,759,0,927,2,928,0,1593,1]
12-08 04:29:30.968 2377 2377 I sysui_multi_action: [757,0,758,1,759,0,927,3,928,0,1593,1]
12-08 04:29:30.984 2377 2377 I sysui_multi_action: [757,111,758,2]
12-08 04:29:30.984 2377 2377 I sysui_multi_action: [757,111,758,2]
12-08 04:29:30.984 1518 1518 I notification_enqueue: [10082,2377,com.android.systemui,2048,NULL,0,Notification(channel=updateNotification shortcut=null contentView=null vibrate=null sound=null defaults=0x0 flags=0x0 color=0x00000000 vis=PRIVATE),1]
12-08 04:29:30.987 1518 2319 I GameModeConfig: isGameModeOn = false
12-08 04:29:30.988 2377 2377 I sysui_multi_action: [757,111,758,1]
12-08 04:29:30.988 2377 2377 I sysui_multi_action: [757,126,758,1,759,126,927,0,928,1,1593,1]
12-08 04:29:30.988 2377 2377 I sysui_multi_action: [757,113,758,1,759,113,927,1,928,1,1593,1]
12-08 04:29:30.988 2377 2377 I sysui_multi_action: [757,0,758,1,759,0,927,2,928,0,1593,1]
12-08 04:29:30.988 2377 2377 I sysui_multi_action: [757,0,758,1,759,0,927,3,928,0,1593,1]
12-08 04:29:30.988 2377 2377 I sysui_multi_action: [757,491,758,1,759,491,927,4,928,0,1311,-1,1593,1]
12-08 04:29:30.988 2377 2377 I sysui_multi_action: [757,0,758,1,759,0,927,5,928,0,1593,1]
12-08 04:29:30.988 2377 2377 I sysui_multi_action: [757,120,758,1,759,120,927,6,928,0,1593,1]
12-08 04:29:30.988 2377 2377 I sysui_multi_action: [757,111,758,1]
12-08 04:29:30.988 2377 2377 I sysui_multi_action: [757,126,758,1,759,126,927,0,928,1,1593,1]
12-08 04:29:30.988 2377 2377 I sysui_multi_action: [757,113,758,1,759,113,927,1,928,1,1593,1]
12-08 04:29:30.989 2377 2377 I sysui_multi_action: [757,0,758,1,759,0,927,2,928,0,1593,1]
12-08 04:29:30.989 2377 2377 I sysui_multi_action: [757,0,758,1,759,0,927,3,928,0,1593,1]
12-08 04:29:30.992 1518 2319 I GameModeConfig: isGameModeOn = false
12-08 04:29:30.993 1518 2319 I GameModeConfig: isGameModeOn = false
12-08 04:29:30.993 1518 2299 I netstats_mobile_sample: [0,0,0,0,0,0,0,0,0,0,0,0,1670444970993]
12-08 04:29:30.993 1518 2299 I netstats_wifi_sample: [0,0,0,0,0,0,0,0,0,0,0,0,1670444970993]
12-08 04:29:30.993 1518 2319 I GameModeConfig: isGameModeOn = false
12-08 04:29:30.998 2377 2377 I sysui_multi_action: [757,111,758,2]
12-08 04:29:30.998 2377 2377 I sysui_multi_action: [757,111,758,2]
12-08 04:29:30.998 1518 2319 I GameModeConfig: isGameModeOn = false
12-08 04:29:30.999 1518 2319 I GameModeConfig: isGameModeOn = false
12-08 04:29:30.999 1518 2319 I GameModeConfig: isGameModeOn = false
12-08 04:29:30.999 1518 2319 I GameModeConfig: isGameModeOn = false
12-08 04:29:31.000 1518 1518 I notification_enqueue: [10082,2377,com.android.systemui,2048,NULL,0,Notification(channel=updateNotification shortcut=null contentView=null vibrate=null sound=null defaults=0x0 flags=0x0 color=0x00000000 vis=PRIVATE),1]
12-08 04:29:31.002 2377 2377 I sysui_multi_action: [757,111,758,1]
12-08 04:29:31.002 2377 2377 I sysui_multi_action: [757,126,758,1,759,126,927,0,928,1,1593,0]
12-08 04:29:31.002 2377 2377 I sysui_multi_action: [757,113,758,1,759,113,927,1,928,1,1593,0]
12-08 04:29:31.002 2377 2377 I sysui_multi_action: [757,0,758,1,759,0,927,2,928,0,1593,0]
12-08 04:29:31.002 2377 2377 I sysui_multi_action: [757,0,758,1,759,0,927,3,928,0,1593,0]
12-08 04:29:31.002 2377 2377 I sysui_multi_action: [757,491,758,1,759,491,927,4,928,0,1311,-1,1593,0]
12-08 04:29:31.002 2377 2377 I sysui_multi_action: [757,0,758,1,759,0,927,5,928,0,1593,0]
12-08 04:29:31.002 2377 2377 I sysui_multi_action: [757,120,758,1,759,120,927,6,928,0,1593,0]
12-08 04:29:31.003 2377 2377 I sysui_multi_action: [757,111,758,1]
12-08 04:29:31.003 2377 2377 I sysui_multi_action: [757,126,758,1,759,126,927,0,928,1,1593,0]
12-08 04:29:31.003 2377 2377 I sysui_multi_action: [757,113,758,1,759,113,927,1,928,1,1593,0]
12-08 04:29:31.003 2377 2377 I sysui_multi_action: [757,0,758,1,759,0,927,2,928,0,1593,0]
12-08 04:29:31.003 2377 2377 I sysui_multi_action: [757,0,758,1,759,0,927,3,928,0,1593,0]
12-08 04:29:31.006 1518 2775 I netstats_mobile_sample: [0,0,0,0,0,0,0,0,0,0,0,0,1670444971006]
12-08 04:29:31.007 1518 2775 I netstats_wifi_sample: [0,0,0,0,0,0,0,0,0,0,0,0,1670444971006]
12-08 04:29:31.011 1518 2319 I GameModeConfig: isGameModeOn = false
12-08 04:29:31.011 1518 2319 I GameModeConfig: isGameModeOn = false
12-08 04:29:31.011 1518 2319 I GameModeConfig: isGameModeOn = false
12-08 04:29:31.011 1518 2319 I GameModeConfig: isGameModeOn = false
12-08 04:29:31.012 2377 2377 I sysui_multi_action: [757,111,758,2]
12-08 04:29:31.012 1518 1518 I notification_enqueue: [10082,2377,com.android.systemui,2048,NULL,0,Notification(channel=updateNotification shortcut=null contentView=null vibrate=null sound=null defaults=0x0 flags=0x0 color=0x00000000 vis=PRIVATE),1]
12-08 04:29:31.012 2377 2377 I sysui_multi_action: [757,111,758,2]
12-08 04:29:31.016 2377 2377 I sysui_multi_action: [757,111,758,1]
12-08 04:29:31.016 2377 2377 I sysui_multi_action: [757,126,758,1,759,126,927,0,928,1,1593,1]
12-08 04:29:31.016 2377 2377 I sysui_multi_action: [757,113,758,1,759,113,927,1,928,1,1593,1]
12-08 04:29:31.016 2377 2377 I sysui_multi_action: [757,0,758,1,759,0,927,2,928,0,1593,1]
12-08 04:29:31.016 2377 2377 I sysui_multi_action: [757,0,758,1,759,0,927,3,928,0,1593,1]
12-08 04:29:31.016 2377 2377 I sysui_multi_action: [757,491,758,1,759,491,927,4,928,0,1311,-1,1593,0]
12-08 04:29:31.017 2377 2377 I sysui_multi_action: [757,0,758,1,759,0,927,5,928,0,1593,0]
12-08 04:29:31.017 2377 2377 I sysui_multi_action: [757,120,758,1,759,120,927,6,928,0,1593,0]
12-08 04:29:31.017 2377 2377 I sysui_multi_action: [757,111,758,1]
12-08 04:29:31.017 2377 2377 I sysui_multi_action: [757,126,758,1,759,126,927,0,928,1,1593,1]
12-08 04:29:31.017 2377 2377 I sysui_multi_action: [757,113,758,1,759,113,927,1,928,1,1593,1]
12-08 04:29:31.017 2377 2377 I sysui_multi_action: [757,0,758,1,759,0,927,2,928,0,1593,1]
12-08 04:29:31.017 2377 2377 I sysui_multi_action: [757,0,758,1,759,0,927,3,928,0,1593,1]
12-08 04:29:31.022 5719 5719 I sysui_multi_action: [757,103,758,1,833,0,1089,49]
12-08 04:29:31.027 2377 2377 I sysui_multi_action: [757,111,758,2]
12-08 04:29:31.027 1518 1518 I notification_enqueue: [10082,2377,com.android.systemui,2048,NULL,0,Notification(channel=updateNotification shortcut=null contentView=null vibrate=null sound=null defaults=0x0 flags=0x0 color=0x00000000 vis=PRIVATE),1]
12-08 04:29:31.027 2377 2377 I sysui_multi_action: [757,111,758,2]
12-08 04:29:31.028 1518 2319 I GameModeConfig: isGameModeOn = false
12-08 04:29:31.029 1518 2319 I GameModeConfig: isGameModeOn = false
12-08 04:29:31.029 1518 2319 I GameModeConfig: isGameModeOn = false
12-08 04:29:31.029 1518 2319 I GameModeConfig: isGameModeOn = false
12-08 04:29:31.031 2377 2377 I sysui_multi_action: [757,111,758,1]
12-08 04:29:31.031 2377 2377 I sysui_multi_action: [757,126,758,1,759,126,927,0,928,1,1593,1]
12-08 04:29:31.031 2377 2377 I sysui_multi_action: [757,113,758,1,759,113,927,1,928,1,1593,1]
12-08 04:29:31.031 2377 2377 I sysui_multi_action: [757,0,758,1,759,0,927,2,928,0,1593,1]
12-08 04:29:31.031 2377 2377 I sysui_multi_action: [757,0,758,1,759,0,927,3,928,0,1593,1]
12-08 04:29:31.031 2377 2377 I sysui_multi_action: [757,491,758,1,759,491,927,4,928,0,1311,-1,1593,0]
12-08 04:29:31.032 2377 2377 I sysui_multi_action: [757,0,758,1,759,0,927,5,928,0,1593,0]
12-08 04:29:31.032 2377 2377 I sysui_multi_action: [757,120,758,1,759,120,927,6,928,0,1593,0]
12-08 04:29:31.032 2377 2377 I sysui_multi_action: [757,111,758,1]
12-08 04:29:31.032 2377 2377 I sysui_multi_action: [757,126,758,1,759,126,927,0,928,1,1593,1]
12-08 04:29:31.032 2377 2377 I sysui_multi_action: [757,113,758,1,759,113,927,1,928,1,1593,1]
12-08 04:29:31.032 2377 2377 I sysui_multi_action: [757,0,758,1,759,0,927,2,928,0,1593,1]
12-08 04:29:31.032 2377 2377 I sysui_multi_action: [757,0,758,1,759,0,927,3,928,0,1593,1]
12-08 04:29:31.042 1518 2319 I GameModeConfig: isGameModeOn = false
12-08 04:29:31.042 1518 2319 I GameModeConfig: isGameModeOn = false
12-08 04:29:31.042 1518 2319 I GameModeConfig: isGameModeOn = false
12-08 04:29:31.042 1518 2319 I GameModeConfig: isGameModeOn = false
12-08 04:29:31.044 2377 2377 I sysui_multi_action: [757,111,758,2]
12-08 04:29:31.044 2377 2377 I sysui_multi_action: [757,111,758,2]
12-08 04:29:31.044 1518 1518 I notification_enqueue: [10082,2377,com.android.systemui,2048,NULL,0,Notification(channel=updateNotification shortcut=null contentView=null vibrate=null sound=null defaults=0x0 flags=0x0 color=0x00000000 vis=PRIVATE),1]
12-08 04:29:31.048 2377 2377 I sysui_multi_action: [757,111,758,1]
12-08 04:29:31.048 2377 2377 I sysui_multi_action: [757,126,758,1,759,126,927,0,928,1,1593,1]
12-08 04:29:31.048 2377 2377 I sysui_multi_action: [757,113,758,1,759,113,927,1,928,1,1593,1]
12-08 04:29:31.049 2377 2377 I sysui_multi_action: [757,0,758,1,759,0,927,2,928,0,1593,1]
12-08 04:29:31.049 2377 2377 I sysui_multi_action: [757,0,758,1,759,0,927,3,928,0,1593,1]
12-08 04:29:31.049 2377 2377 I sysui_multi_action: [757,491,758,1,759,491,927,4,928,0,1311,-1,1593,0]
12-08 04:29:31.049 2377 2377 I sysui_multi_action: [757,0,758,1,759,0,927,5,928,0,1593,1]
12-08 04:29:31.049 2377 2377 I sysui_multi_action: [757,120,758,1,759,120,927,6,928,0,1593,1]
12-08 04:29:31.049 2377 2377 I sysui_multi_action: [757,111,758,1]
12-08 04:29:31.049 2377 2377 I sysui_multi_action: [757,126,758,1,759,126,927,0,928,1,1593,1]
12-08 04:29:31.050 2377 2377 I sysui_multi_action: [757,113,758,1,759,113,927,1,928,1,1593,1]
12-08 04:29:31.050 2377 2377 I sysui_multi_action: [757,0,758,1,759,0,927,2,928,0,1593,1]
12-08 04:29:31.050 2377 2377 I sysui_multi_action: [757,0,758,1,759,0,927,3,928,0,1593,1]
12-08 04:29:31.058 1518 2319 I GameModeConfig: isGameModeOn = false
12-08 04:29:31.058 1518 2319 I GameModeConfig: isGameModeOn = false
12-08 04:29:31.059 1518 2319 I GameModeConfig: isGameModeOn = false
12-08 04:29:31.059 1518 2319 I GameModeConfig: isGameModeOn = false
12-08 04:29:31.060 2377 2377 I sysui_multi_action: [757,111,758,2]
12-08 04:29:31.060 1518 1518 I notification_enqueue: [10082,2377,com.android.systemui,2048,NULL,0,Notification(channel=updateNotification shortcut=null contentView=null vibrate=null sound=null defaults=0x0 flags=0x0 color=0x00000000 vis=PRIVATE),1]
12-08 04:29:31.060 2377 2377 I sysui_multi_action: [757,111,758,2]
12-08 04:29:31.065 2377 2377 I sysui_multi_action: [757,111,758,1]
12-08 04:29:31.065 2377 2377 I sysui_multi_action: [757,126,758,1,759,126,927,0,928,1,1593,1]
12-08 04:29:31.065 2377 2377 I sysui_multi_action: [757,113,758,1,759,113,927,1,928,1,1593,1]
12-08 04:29:31.065 2377 2377 I sysui_multi_action: [757,0,758,1,759,0,927,2,928,0,1593,1]
12-08 04:29:31.065 2377 2377 I sysui_multi_action: [757,0,758,1,759,0,927,3,928,0,1593,1]
12-08 04:29:31.065 2377 2377 I sysui_multi_action: [757,491,758,1,759,491,927,4,928,0,1311,-1,1593,0]
12-08 04:29:31.065 2377 2377 I sysui_multi_action: [757,0,758,1,759,0,927,5,928,0,1593,0]
12-08 04:29:31.065 2377 2377 I sysui_multi_action: [757,120,758,1,759,120,927,6,928,0,1593,0]
12-08 04:29:31.065 2377 2377 I sysui_multi_action: [757,111,758,1]
12-08 04:29:31.065 2377 2377 I sysui_multi_action: [757,126,758,1,759,126,927,0,928,1,1593,1]
12-08 04:29:31.065 2377 2377 I sysui_multi_action: [757,113,758,1,759,113,927,1,928,1,1593,1]
12-08 04:29:31.065 2377 2377 I sysui_multi_action: [757,0,758,1,759,0,927,2,928,0,1593,1]
12-08 04:29:31.065 2377 2377 I sysui_multi_action: [757,0,758,1,759,0,927,3,928,0,1593,1]
12-08 04:29:31.073 1518 2319 I GameModeConfig: isGameModeOn = false
12-08 04:29:31.074 1518 2319 I GameModeConfig: isGameModeOn = false
12-08 04:29:31.074 1518 2319 I GameModeConfig: isGameModeOn = false
12-08 04:29:31.074 1518 2319 I GameModeConfig: isGameModeOn = false
12-08 04:29:31.075 2377 2377 I sysui_multi_action: [757,111,758,2]
12-08 04:29:31.075 2377 2377 I sysui_multi_action: [757,111,758,2]
12-08 04:29:31.075 1518 1518 I notification_enqueue: [10082,2377,com.android.systemui,2048,NULL,0,Notification(channel=updateNotification shortcut=null contentView=null vibrate=null sound=null defaults=0x0 flags=0x0 color=0x00000000 vis=PRIVATE),1]
12-08 04:29:31.079 2377 2377 I sysui_multi_action: [757,111,758,1]
12-08 04:29:31.079 2377 2377 I sysui_multi_action: [757,126,758,1,759,126,927,0,928,1,1593,1]
12-08 04:29:31.079 2377 2377 I sysui_multi_action: [757,113,758,1,759,113,927,1,928,1,1593,1]
12-08 04:29:31.079 2377 2377 I sysui_multi_action: [757,0,758,1,759,0,927,2,928,0,1593,1]
12-08 04:29:31.079 2377 2377 I sysui_multi_action: [757,0,758,1,759,0,927,3,928,0,1593,1]
12-08 04:29:31.079 2377 2377 I sysui_multi_action: [757,491,758,1,759,491,927,4,928,0,1311,-1,1593,0]
12-08 04:29:31.079 2377 2377 I sysui_multi_action: [757,0,758,1,759,0,927,5,928,0,1593,0]
12-08 04:29:31.080 2377 2377 I sysui_multi_action: [757,120,758,1,759,120,927,6,928,0,1593,0]
12-08 04:29:31.080 2377 2377 I sysui_multi_action: [757,111,758,1]
12-08 04:29:31.080 2377 2377 I sysui_multi_action: [757,126,758,1,759,126,927,0,928,1,1593,1]
12-08 04:29:31.080 2377 2377 I sysui_multi_action: [757,113,758,1,759,113,927,1,928,1,1593,1]
12-08 04:29:31.080 2377 2377 I sysui_multi_action: [757,0,758,1,759,0,927,2,928,0,1593,1]
12-08 04:29:31.080 2377 2377 I sysui_multi_action: [757,0,758,1,759,0,927,3,928,0,1593,1]
12-08 04:29:31.090 1518 2319 I GameModeConfig: isGameModeOn = false
12-08 04:29:31.090 1518 2319 I GameModeConfig: isGameModeOn = false
12-08 04:29:31.090 1518 2319 I GameModeConfig: isGameModeOn = false
12-08 04:29:31.091 1518 2319 I GameModeConfig: isGameModeOn = false
12-08 04:29:31.091 2377 2377 I sysui_multi_action: [757,111,758,2]
12-08 04:29:31.091 1518 1518 I notification_enqueue: [10082,2377,com.android.systemui,2048,NULL,0,Notification(channel=updateNotification shortcut=null contentView=null vibrate=null sound=null defaults=0x0 flags=0x0 color=0x00000000 vis=PRIVATE),1]
12-08 04:29:31.091 2377 2377 I sysui_multi_action: [757,111,758,2]
12-08 04:29:31.095 2377 2377 I sysui_multi_action: [757,111,758,1]
12-08 04:29:31.096 2377 2377 I sysui_multi_action: [757,126,758,1,759,126,927,0,928,1,1593,1]
12-08 04:29:31.096 2377 2377 I sysui_multi_action: [757,113,758,1,759,113,927,1,928,1,1593,1]
12-08 04:29:31.096 2377 2377 I sysui_multi_action: [757,0,758,1,759,0,927,2,928,0,1593,1]
12-08 04:29:31.096 2377 2377 I sysui_multi_action: [757,0,758,1,759,0,927,3,928,0,1593,1]
12-08 04:29:31.096 2377 2377 I sysui_multi_action: [757,491,758,1,759,491,927,4,928,0,1311,-1,1593,0]
12-08 04:29:31.096 2377 2377 I sysui_multi_action: [757,0,758,1,759,0,927,5,928,0,1593,0]
12-08 04:29:31.096 2377 2377 I sysui_multi_action: [757,120,758,1,759,120,927,6,928,0,1593,0]
12-08 04:29:31.096 2377 2377 I sysui_multi_action: [757,111,758,1]
12-08 04:29:31.096 2377 2377 I sysui_multi_action: [757,126,758,1,759,126,927,0,928,1,1593,1]
12-08 04:29:31.096 2377 2377 I sysui_multi_action: [757,113,758,1,759,113,927,1,928,1,1593,1]
12-08 04:29:31.096 2377 2377 I sysui_multi_action: [757,0,758,1,759,0,927,2,928,0,1593,1]
12-08 04:29:31.096 2377 2377 I sysui_multi_action: [757,0,758,1,759,0,927,3,928,0,1593,1]
12-08 04:29:31.107 1518 2319 I GameModeConfig: isGameModeOn = false
12-08 04:29:31.107 1518 2319 I GameModeConfig: isGameModeOn = false
12-08 04:29:31.107 1518 2319 I GameModeConfig: isGameModeOn = false
12-08 04:29:31.107 1518 2319 I GameModeConfig: isGameModeOn = false
12-08 04:29:31.108 2377 2377 I sysui_multi_action: [757,111,758,2]
12-08 04:29:31.109 2377 2377 I sysui_multi_action: [757,111,758,2]
12-08 04:29:31.109 1518 1518 I notification_enqueue: [10082,2377,com.android.systemui,2048,NULL,0,Notification(channel=updateNotification shortcut=null contentView=null vibrate=null sound=null defaults=0x0 flags=0x0 color=0x00000000 vis=PRIVATE),1]
12-08 04:29:31.112 2377 2377 I sysui_multi_action: [757,111,758,1]
12-08 04:29:31.112 2377 2377 I sysui_multi_action: [757,126,758,1,759,126,927,0,928,1,1593,1]
12-08 04:29:31.112 2377 2377 I sysui_multi_action: [757,113,758,1,759,113,927,1,928,1,1593,1]
12-08 04:29:31.112 2377 2377 I sysui_multi_action: [757,0,758,1,759,0,927,2,928,0,1593,1]
12-08 04:29:31.112 2377 2377 I sysui_multi_action: [757,0,758,1,759,0,927,3,928,0,1593,1]
12-08 04:29:31.112 2377 2377 I sysui_multi_action: [757,491,758,1,759,491,927,4,928,0,1311,-1,1593,0]
12-08 04:29:31.112 2377 2377 I sysui_multi_action: [757,0,758,1,759,0,927,5,928,0,1593,0]
12-08 04:29:31.113 2377 2377 I sysui_multi_action: [757,120,758,1,759,120,927,6,928,0,1593,0]
12-08 04:29:31.113 2377 2377 I sysui_multi_action: [757,111,758,1]
12-08 04:29:31.113 2377 2377 I sysui_multi_action: [757,126,758,1,759,126,927,0,928,1,1593,1]
12-08 04:29:31.113 2377 2377 I sysui_multi_action: [757,113,758,1,759,113,927,1,928,1,1593,1]
12-08 04:29:31.113 2377 2377 I sysui_multi_action: [757,0,758,1,759,0,927,2,928,0,1593,1]
12-08 04:29:31.113 2377 2377 I sysui_multi_action: [757,0,758,1,759,0,927,3,928,0,1593,1]
12-08 04:29:31.123 1518 2319 I GameModeConfig: isGameModeOn = false
12-08 04:29:31.124 1518 2319 I GameModeConfig: isGameModeOn = false
12-08 04:29:31.124 1518 2319 I GameModeConfig: isGameModeOn = false
12-08 04:29:31.124 1518 2319 I GameModeConfig: isGameModeOn = false
12-08 04:29:31.125 2377 2377 I sysui_multi_action: [757,111,758,2]
12-08 04:29:31.126 2377 2377 I sysui_multi_action: [757,111,758,2]
12-08 04:29:31.126 1518 1518 I notification_enqueue: [10082,2377,com.android.systemui,2048,NULL,0,Notification(channel=updateNotification shortcut=null contentView=null vibrate=null sound=null defaults=0x0 flags=0x0 color=0x00000000 vis=PRIVATE),1]
12-08 04:29:31.129 2377 2377 I sysui_multi_action: [757,111,758,1]
12-08 04:29:31.129 2377 2377 I sysui_multi_action: [757,126,758,1,759,126,927,0,928,1,1593,1]
12-08 04:29:31.129 2377 2377 I sysui_multi_action: [757,113,758,1,759,113,927,1,928,1,1593,1]
12-08 04:29:31.129 2377 2377 I sysui_multi_action: [757,0,758,1,759,0,927,2,928,0,1593,1]
12-08 04:29:31.129 2377 2377 I sysui_multi_action: [757,0,758,1,759,0,927,3,928,0,1593,1]
12-08 04:29:31.130 2377 2377 I sysui_multi_action: [757,491,758,1,759,491,927,4,928,0,1311,-1,1593,0]
12-08 04:29:31.130 2377 2377 I sysui_multi_action: [757,0,758,1,759,0,927,5,928,0,1593,0]
12-08 04:29:31.130 2377 2377 I sysui_multi_action: [757,120,758,1,759,120,927,6,928,0,1593,0]
12-08 04:29:31.130 2377 2377 I sysui_multi_action: [757,111,758,1]
12-08 04:29:31.130 2377 2377 I sysui_multi_action: [757,126,758,1,759,126,927,0,928,1,1593,1]
12-08 04:29:31.130 2377 2377 I sysui_multi_action: [757,113,758,1,759,113,927,1,928,1,1593,1]
12-08 04:29:31.130 2377 2377 I sysui_multi_action: [757,0,758,1,759,0,927,2,928,0,1593,1]
12-08 04:29:31.130 2377 2377 I sysui_multi_action: [757,0,758,1,759,0,927,3,928,0,1593,1]
12-08 04:29:31.140 1518 2319 I GameModeConfig: isGameModeOn = false
12-08 04:29:31.140 1518 2319 I GameModeConfig: isGameModeOn = false
12-08 04:29:31.140 1518 2319 I GameModeConfig: isGameModeOn = false
12-08 04:29:31.141 1518 2319 I GameModeConfig: isGameModeOn = false
12-08 04:29:31.142 2377 2377 I sysui_multi_action: [757,111,758,2]
12-08 04:29:31.142 1518 1518 I notification_enqueue: [10082,2377,com.android.systemui,2048,NULL,0,Notification(channel=updateNotification shortcut=null contentView=null vibrate=null sound=null defaults=0x0 flags=0x0 color=0x00000000 vis=PRIVATE),1]
12-08 04:29:31.142 2377 2377 I sysui_multi_action: [757,111,758,2]
12-08 04:29:31.146 2377 2377 I sysui_multi_action: [757,111,758,1]
12-08 04:29:31.146 2377 2377 I sysui_multi_action: [757,126,758,1,759,126,927,0,928,1,1593,1]
12-08 04:29:31.146 2377 2377 I sysui_multi_action: [757,113,758,1,759,113,927,1,928,1,1593,1]
12-08 04:29:31.146 2377 2377 I sysui_multi_action: [757,0,758,1,759,0,927,2,928,0,1593,1]
12-08 04:29:31.146 2377 2377 I sysui_multi_action: [757,0,758,1,759,0,927,3,928,0,1593,1]
12-08 04:29:31.146 2377 2377 I sysui_multi_action: [757,491,758,1,759,491,927,4,928,0,1311,-1,1593,0]
12-08 04:29:31.146 2377 2377 I sysui_multi_action: [757,0,758,1,759,0,927,5,928,0,1593,0]
12-08 04:29:31.147 2377 2377 I sysui_multi_action: [757,120,758,1,759,120,927,6,928,0,1593,0]
12-08 04:29:31.147 2377 2377 I sysui_multi_action: [757,111,758,1]
12-08 04:29:31.147 2377 2377 I sysui_multi_action: [757,126,758,1,759,126,927,0,928,1,1593,1]
12-08 04:29:31.147 2377 2377 I sysui_multi_action: [757,113,758,1,759,113,927,1,928,1,1593,1]
12-08 04:29:31.147 2377 2377 I sysui_multi_action: [757,0,758,1,759,0,927,2,928,0,1593,1]
12-08 04:29:31.147 2377 2377 I sysui_multi_action: [757,0,758,1,759,0,927,3,928,0,1593,1]
12-08 04:29:31.156 1518 2319 I GameModeConfig: isGameModeOn = false
12-08 04:29:31.157 1518 2319 I GameModeConfig: isGameModeOn = false
12-08 04:29:31.157 1518 2319 I GameModeConfig: isGameModeOn = false
12-08 04:29:31.157 1518 2319 I GameModeConfig: isGameModeOn = false
12-08 04:29:31.158 2377 2377 I sysui_multi_action: [757,111,758,2]
12-08 04:29:31.158 1518 1518 I notification_enqueue: [10082,2377,com.android.systemui,2048,NULL,0,Notification(channel=updateNotification shortcut=null contentView=null vibrate=null sound=null defaults=0x0 flags=0x0 color=0x00000000 vis=PRIVATE),1]
12-08 04:29:31.159 2377 2377 I sysui_multi_action: [757,111,758,2]
12-08 04:29:31.161 1518 1518 I GameModeConfig: isGameModeOn = false
12-08 04:29:31.162 2377 2377 I sysui_multi_action: [757,111,758,1]
12-08 04:29:31.162 2377 2377 I sysui_multi_action: [757,126,758,1,759,126,927,0,928,1,1593,1]
12-08 04:29:31.162 2377 2377 I sysui_multi_action: [757,113,758,1,759,113,927,1,928,1,1593,1]
12-08 04:29:31.162 2377 2377 I sysui_multi_action: [757,0,758,1,759,0,927,2,928,0,1593,1]
12-08 04:29:31.162 2377 2377 I sysui_multi_action: [757,0,758,1,759,0,927,3,928,0,1593,1]
12-08 04:29:31.163 2377 2377 I sysui_multi_action: [757,491,758,1,759,491,927,4,928,0,1311,-1,1593,0]
12-08 04:29:31.163 2377 2377 I sysui_multi_action: [757,0,758,1,759,0,927,5,928,0,1593,0]
12-08 04:29:31.163 1518 1518 I sysui_multi_action: [757,1501,758,1,793,556059,794,0,795,205,796,2048,806,com.android.systemui,857,updateNotification,858,3,947,0,1500,0,1688,1]
12-08 04:29:31.163 2377 2377 I sysui_multi_action: [757,120,758,1,759,120,927,6,928,0,1593,0]
12-08 04:29:31.163 2377 2377 I sysui_multi_action: [757,111,758,1]
12-08 04:29:31.163 2377 2377 I sysui_multi_action: [757,126,758,1,759,126,927,0,928,1,1593,1]
12-08 04:29:31.163 2377 2377 I sysui_multi_action: [757,113,758,1,759,113,927,1,928,1,1593,1]
12-08 04:29:31.163 2377 2377 I sysui_multi_action: [757,0,758,1,759,0,927,2,928,0,1593,1]
12-08 04:29:31.163 1518 1518 I sysui_multi_action: [757,804,799,note_interruptive,801,0,802,1]
12-08 04:29:31.163 2377 2377 I sysui_multi_action: [757,0,758,1,759,0,927,3,928,0,1593,1]
12-08 04:29:31.163 1518 1518 I sysui_multi_action: [757,199,758,1,759,2,793,556060,794,0,795,206,796,2048,806,com.android.systemui,857,updateNotification,858,3,947,0,1500,1,1688,1]
12-08 04:29:31.164 1518 1518 I notification_alert: [0|com.android.systemui|2048|null|10082,0,1,0]
12-08 04:29:31.165 1518 1518 W NotificationHistory: Attempted to add notif for locked/gone/disabled user 0
12-08 04:29:31.173 1518 2319 I GameModeConfig: isGameModeOn = false
12-08 04:29:31.174 1518 2319 I GameModeConfig: isGameModeOn = false
12-08 04:29:31.174 1518 2319 I GameModeConfig: isGameModeOn = false
12-08 04:29:31.174 1518 2319 I GameModeConfig: isGameModeOn = false
12-08 04:29:31.176 2377 2377 I sysui_multi_action: [757,111,758,2]
12-08 04:29:31.176 2377 2377 I sysui_multi_action: [757,111,758,2]
12-08 04:29:31.178 1518 1518 I notification_enqueue: [10082,2377,com.android.systemui,2048,NULL,0,Notification(channel=updateNotification shortcut=null contentView=null vibrate=null sound=null defaults=0x0 flags=0x0 color=0x00000000 vis=PRIVATE),1]
12-08 04:29:31.181 2377 2377 I sysui_multi_action: [757,111,758,1]
12-08 04:29:31.181 2377 2377 I sysui_multi_action: [757,126,758,1,759,126,927,0,928,1,1593,1]
12-08 04:29:31.181 2377 2377 I sysui_multi_action: [757,113,758,1,759,113,927,1,928,1,1593,1]
12-08 04:29:31.181 2377 2377 I sysui_multi_action: [757,0,758,1,759,0,927,2,928,0,1593,0]
12-08 04:29:31.181 2377 2377 I sysui_multi_action: [757,0,758,1,759,0,927,3,928,0,1593,0]
12-08 04:29:31.181 2377 2377 I sysui_multi_action: [757,491,758,1,759,491,927,4,928,0,1311,-1,1593,1]
12-08 04:29:31.181 2377 2377 I sysui_multi_action: [757,0,758,1,759,0,927,5,928,0,1593,0]
12-08 04:29:31.181 2377 2377 I sysui_multi_action: [757,120,758,1,759,120,927,6,928,0,1593,0]
12-08 04:29:31.181 2377 2377 I sysui_multi_action: [757,111,758,1]
12-08 04:29:31.181 2377 2377 I sysui_multi_action: [757,126,758,1,759,126,927,0,928,1,1593,0]
12-08 04:29:31.181 2377 2377 I sysui_multi_action: [757,113,758,1,759,113,927,1,928,1,1593,0]
12-08 04:29:31.181 2377 2377 I sysui_multi_action: [757,0,758,1,759,0,927,2,928,0,1593,0]
12-08 04:29:31.181 2377 2377 I sysui_multi_action: [757,0,758,1,759,0,927,3,928,0,1593,0]
12-08 04:29:31.188 1518 1518 I GameModeConfig: isGameModeOn = false
12-08 04:29:31.189 1518 1518 E NotificationService: Muting recently noisy 0|com.android.systemui|2048|null|10082
12-08 04:29:31.191 2377 2377 I sysui_multi_action: [757,111,758,2]
12-08 04:29:31.191 2377 2377 I sysui_multi_action: [757,111,758,2]
12-08 04:29:31.192 1518 1518 I notification_enqueue: [10082,2377,com.android.systemui,2048,NULL,0,Notification(channel=updateNotification shortcut=null contentView=null vibrate=null sound=null defaults=0x0 flags=0x0 color=0x00000000 vis=PRIVATE),1]
12-08 04:29:31.195 2377 2377 I sysui_multi_action: [757,111,758,1]
12-08 04:29:31.195 2377 2377 I sysui_multi_action: [757,126,758,1,759,126,927,0,928,1,1593,1]
12-08 04:29:31.195 2377 2377 I sysui_multi_action: [757,113,758,1,759,113,927,1,928,1,1593,1]
12-08 04:29:31.195 2377 2377 I sysui_multi_action: [757,0,758,1,759,0,927,2,928,0,1593,1]
12-08 04:29:31.195 2377 2377 I sysui_multi_action: [757,0,758,1,759,0,927,3,928,0,1593,1]
12-08 04:29:31.196 2377 2377 I sysui_multi_action: [757,491,758,1,759,491,927,4,928,0,1311,-1,1593,0]
12-08 04:29:31.196 2377 2377 I sysui_multi_action: [757,0,758,1,759,0,927,5,928,0,1593,0]
12-08 04:29:31.196 2377 2377 I sysui_multi_action: [757,120,758,1,759,120,927,6,928,0,1593,0]
12-08 04:29:31.196 2377 2377 I sysui_multi_action: [757,111,758,1]
12-08 04:29:31.196 2377 2377 I sysui_multi_action: [757,126,758,1,759,126,927,0,928,1,1593,1]
12-08 04:29:31.196 2377 2377 I sysui_multi_action: [757,113,758,1,759,113,927,1,928,1,1593,1]
12-08 04:29:31.196 2377 2377 I sysui_multi_action: [757,0,758,1,759,0,927,2,928,0,1593,1]
12-08 04:29:31.196 2377 2377 I sysui_multi_action: [757,0,758,1,759,0,927,3,928,0,1593,1]
12-08 04:29:31.196 1518 2319 I GameModeConfig: isGameModeOn = false
12-08 04:29:31.197 1518 2319 I GameModeConfig: isGameModeOn = false
12-08 04:29:31.197 1518 2319 I GameModeConfig: isGameModeOn = false
12-08 04:29:31.202 1518 2319 I GameModeConfig: isGameModeOn = false
12-08 04:29:31.204 1518 1518 I GameModeConfig: isGameModeOn = false
12-08 04:29:31.204 1518 1518 E NotificationService: Muting recently noisy 0|com.android.systemui|2048|null|10082
12-08 04:29:31.205 1518 1635 I sysui_multi_action: [757,128,758,2,793,562604,794,3187,795,562604,796,26,798,0,806,android,857,DEVELOPER_IMPORTANT,858,4,947,0,1395,3,1500,562397,1688,1]
12-08 04:29:31.205 1518 1635 I notification_visibility: [-1|android|26|null|1000,0,562604,562604,0,0]
12-08 04:29:31.205 1518 1635 I sysui_multi_action: [757,128,758,2,793,744312,794,3186,795,744312,796,32,798,2,806,android,857,USB,858,1,947,0,1395,3,1500,744150,1688,1]
12-08 04:29:31.205 1518 1635 I notification_visibility: [-1|android|32|null|1000,0,744312,744312,0,2]
12-08 04:29:31.209 1518 2319 I GameModeConfig: isGameModeOn = false
12-08 04:29:31.209 1518 2319 I GameModeConfig: isGameModeOn = false
12-08 04:29:31.209 1518 2319 I GameModeConfig: isGameModeOn = false
12-08 04:29:31.209 1518 2319 I GameModeConfig: isGameModeOn = false
12-08 04:29:31.210 1518 1518 I notification_enqueue: [10082,2377,com.android.systemui,2048,NULL,0,Notification(channel=updateNotification shortcut=null contentView=null vibrate=null sound=null defaults=0x0 flags=0x0 color=0x00000000 vis=PRIVATE),1]
12-08 04:29:31.211 2377 2377 I sysui_multi_action: [757,111,758,2]
12-08 04:29:31.212 2377 2377 I sysui_multi_action: [757,111,758,2]
12-08 04:29:31.215 1518 1518 I GameModeConfig: isGameModeOn = false
12-08 04:29:31.215 1518 1518 E NotificationService: Muting recently noisy 0|com.android.systemui|2048|null|10082
12-08 04:29:31.227 2377 2377 I sysui_multi_action: [757,111,758,1]
12-08 04:29:31.227 2377 2377 I sysui_multi_action: [757,126,758,1,759,126,927,0,928,1,1593,1]
12-08 04:29:31.227 2377 2377 I sysui_multi_action: [757,113,758,1,759,113,927,1,928,1,1593,1]
12-08 04:29:31.227 2377 2377 I sysui_multi_action: [757,0,758,1,759,0,927,2,928,0,1593,1]
12-08 04:29:31.227 2377 2377 I sysui_multi_action: [757,0,758,1,759,0,927,3,928,0,1593,1]
12-08 04:29:31.227 2377 2377 I sysui_multi_action: [757,491,758,1,759,491,927,4,928,0,1311,-1,1593,0]
12-08 04:29:31.227 2377 2377 I sysui_multi_action: [757,0,758,1,759,0,927,5,928,0,1593,0]
12-08 04:29:31.227 2377 2377 I sysui_multi_action: [757,120,758,1,759,120,927,6,928,0,1593,0]
12-08 04:29:31.227 2377 2377 I sysui_multi_action: [757,111,758,1]
12-08 04:29:31.227 2377 2377 I sysui_multi_action: [757,126,758,1,759,126,927,0,928,1,1593,1]
12-08 04:29:31.227 2377 2377 I sysui_multi_action: [757,113,758,1,759,113,927,1,928,1,1593,1]
12-08 04:29:31.227 2377 2377 I sysui_multi_action: [757,0,758,1,759,0,927,2,928,0,1593,1]
12-08 04:29:31.228 2377 2377 I sysui_multi_action: [757,0,758,1,759,0,927,3,928,0,1593,1]
12-08 04:29:31.228 1518 1518 I GameModeConfig: isGameModeOn = false
12-08 04:29:31.228 1518 1518 E NotificationService: Muting recently noisy 0|com.android.systemui|2048|null|10082
12-08 04:29:31.237 1518 2319 I GameModeConfig: isGameModeOn = false
12-08 04:29:31.237 1518 2319 I GameModeConfig: isGameModeOn = false
12-08 04:29:31.237 1518 2319 I GameModeConfig: isGameModeOn = false
12-08 04:29:31.237 1518 2319 I GameModeConfig: isGameModeOn = false
12-08 04:29:31.238 2377 2377 I sysui_multi_action: [757,111,758,2]
12-08 04:29:31.238 1518 1518 I notification_enqueue: [10082,2377,com.android.systemui,2048,NULL,0,Notification(channel=updateNotification shortcut=null contentView=null vibrate=null sound=null defaults=0x0 flags=0x0 color=0x00000000 vis=PRIVATE),1]
12-08 04:29:31.238 2377 2377 I sysui_multi_action: [757,111,758,2]
12-08 04:29:31.241 1518 1635 I sysui_multi_action: [757,127,758,2]
12-08 04:29:31.241 1518 1635 I notification_panel_hidden:
12-08 04:29:31.246 1518 1518 I GameModeConfig: isGameModeOn = false
12-08 04:29:31.247 1518 1518 E NotificationService: Muting recently noisy 0|com.android.systemui|2048|null|10082
12-08 04:29:31.249 2377 2377 I sysui_multi_action: [757,111,758,1]
12-08 04:29:31.249 2377 2377 I sysui_multi_action: [757,126,758,1,759,126,927,0,928,1,1593,1]
12-08 04:29:31.249 2377 2377 I sysui_multi_action: [757,113,758,1,759,113,927,1,928,1,1593,1]
12-08 04:29:31.249 2377 2377 I sysui_multi_action: [757,0,758,1,759,0,927,2,928,0,1593,1]
12-08 04:29:31.249 2377 2377 I sysui_multi_action: [757,0,758,1,759,0,927,3,928,0,1593,1]
12-08 04:29:31.249 2377 2377 I sysui_multi_action: [757,491,758,1,759,491,927,4,928,0,1311,-1,1593,0]
12-08 04:29:31.249 2377 2377 I sysui_multi_action: [757,0,758,1,759,0,927,5,928,0,1593,0]
12-08 04:29:31.249 2377 2377 I sysui_multi_action: [757,120,758,1,759,120,927,6,928,0,1593,0]
12-08 04:29:31.250 2377 2377 I sysui_multi_action: [757,111,758,1]
12-08 04:29:31.250 2377 2377 I sysui_multi_action: [757,126,758,1,759,126,927,0,928,1,1593,1]
12-08 04:29:31.250 2377 2377 I sysui_multi_action: [757,113,758,1,759,113,927,1,928,1,1593,1]
12-08 04:29:31.250 2377 2377 I sysui_multi_action: [757,0,758,1,759,0,927,2,928,0,1593,1]
12-08 04:29:31.250 2377 2377 I sysui_multi_action: [757,0,758,1,759,0,927,3,928,0,1593,1]
12-08 04:29:31.262 1518 1518 I GameModeConfig: isGameModeOn = false
12-08 04:29:31.263 1518 1518 E NotificationService: Muting recently noisy 0|com.android.systemui|2048|null|10082
12-08 04:29:31.278 1518 1518 I GameModeConfig: isGameModeOn = false
12-08 04:29:31.278 1518 1518 E NotificationService: Muting recently noisy 0|com.android.systemui|2048|null|10082
12-08 04:29:31.293 1518 1518 I GameModeConfig: isGameModeOn = false
12-08 04:29:31.293 1518 1518 E NotificationService: Muting recently noisy 0|com.android.systemui|2048|null|10082
12-08 04:29:31.310 1518 1518 I GameModeConfig: isGameModeOn = false
12-08 04:29:31.311 1518 1518 E NotificationService: Muting recently noisy 0|com.android.systemui|2048|null|10082
12-08 04:29:31.328 1518 1518 I GameModeConfig: isGameModeOn = false
12-08 04:29:31.328 1518 1518 E NotificationService: Muting recently noisy 0|com.android.systemui|2048|null|10082
12-08 04:29:31.343 1518 1518 I GameModeConfig: isGameModeOn = false
12-08 04:29:31.344 1518 1518 E NotificationService: Muting recently noisy 0|com.android.systemui|2048|null|10082
12-08 04:29:31.361 1518 1518 I GameModeConfig: isGameModeOn = false
12-08 04:29:31.361 1518 1518 E NotificationService: Muting recently noisy 0|com.android.systemui|2048|null|10082
12-08 04:29:31.379 1518 1518 I GameModeConfig: isGameModeOn = false
12-08 04:29:31.379 1518 1518 E NotificationService: Muting recently noisy 0|com.android.systemui|2048|null|10082
12-08 04:29:31.394 1518 1518 I GameModeConfig: isGameModeOn = false
12-08 04:29:31.394 1518 1518 E NotificationService: Muting recently noisy 0|com.android.systemui|2048|null|10082
12-08 04:29:31.415 1518 1518 I GameModeConfig: isGameModeOn = false
12-08 04:29:31.416 1518 1518 E NotificationService: Muting recently noisy 0|com.android.systemui|2048|null|10082
12-08 04:29:31.439 1518 1518 I GameModeConfig: isGameModeOn = false
12-08 04:29:31.440 1518 1518 E NotificationService: Muting recently noisy 0|com.android.systemui|2048|null|10082
12-08 04:29:32.437 1284 5796 I liblog : 75
12-08 04:29:32.444 1284 5796 I liblog : 29
12-08 04:29:32.570 1518 2002 I input_interaction: Interaction with: 4421db2 com.android.settings/com.android.settings.Settings (server), edge-swipe (server), swipe-up (server), PointerEventDispatcher0 (server),
12-08 04:29:32.593 1518 2299 I wm_task_moved: [1,0,0]
12-08 04:29:32.594 1518 2299 I wm_task_moved: [1,0,5]
12-08 04:29:32.624 5719 5719 I view_enqueue_input_event: [Motion - Cancel,com.android.settings/com.android.settings.Settings]
12-08 04:29:32.625 2824 2824 I wm_on_restart_called: [73204664,com.android.launcher3.uioverrides.QuickstepLauncher,performRestartActivity]
12-08 04:29:32.627 1518 1646 I input_focus: [Focus request recents_animation_input_consumer,reason=UpdateInputWindows]
12-08 04:29:32.628 1518 2002 I input_interaction: Interaction with: edge-swipe (server), swipe-up (server), PointerEventDispatcher0 (server),
12-08 04:29:32.633 4314 4334 W ContextImpl: Calling a method in the system process without a qualified user: android.app.ContextImpl.startService:1816 android.content.ContextWrapper.startService:774 com.thundercomm.gamemode.ingame.services.GameModeActionUtils.startGameModeService:93 com.thundercomm.gamemode.ingame.services.GameModeActionUtils.startGameModeEntry:21 com.thundercomm.gamemode.ingame.services.ActivityMonitoringService$1.onActivityLaunch:127
12-08 04:29:32.643 1518 1518 I GameModeConfig: Current uri is uri = content://com.thundercomm.gamemode.api/gamemode_settings/gamemode_isgaming
12-08 04:29:32.644 1518 3331 W ActivityTaskManager: getTaskSnapshot: taskId=5018 not found
12-08 04:29:32.644 2824 2824 I wm_on_start_called: [73204664,com.android.launcher3.uioverrides.QuickstepLauncher,handleStartActivity]
12-08 04:29:32.645 1518 2299 W ActivityTaskManager: getTaskSnapshot: taskId=4018 not found
12-08 04:29:32.646 1518 1518 I GameModeConfig: isGameModeOn = false
12-08 04:29:32.646 1518 3331 W ActivityTaskManager: getTaskSnapshot: taskId=5018 not found
12-08 04:29:32.646 1518 1518 I GameModeConfig: isGameModeOn = false
12-08 04:29:32.646 1518 1518 I GameModeConfig: isDisableVoice = true
12-08 04:29:32.647 1518 3331 W ActivityTaskManager: getTaskSnapshot: taskId=4018 not found
12-08 04:29:32.650 1518 2002 I input_focus: [Focus leaving 4421db2 com.android.settings/com.android.settings.Settings (server),reason=NOT_FOCUSABLE]
12-08 04:29:32.650 1518 2002 I input_focus: [Focus entering recents_animation_input_consumer (server),reason=setFocusedWindow]
12-08 04:29:32.652 1518 2299 W ActivityTaskManager: getTaskSnapshot: taskId=3018 not found
12-08 04:29:32.653 1518 3331 W ActivityTaskManager: getTaskSnapshot: taskId=2018 not found
12-08 04:29:32.654 1518 3331 W ActivityTaskManager: getTaskSnapshot: taskId=5018 not found
12-08 04:29:32.655 1518 3331 W ActivityTaskManager: getTaskSnapshot: taskId=4018 not found
12-08 04:29:32.655 1518 3331 W ActivityTaskManager: getTaskSnapshot: taskId=3018 not found
12-08 04:29:32.655 1518 3331 W ActivityTaskManager: getTaskSnapshot: taskId=2018 not found
12-08 04:29:32.655 1518 3331 W ActivityTaskManager: getTaskSnapshot: taskId=1018 not found
12-08 04:29:32.655 2824 2824 I sysui_latency: [1,85]
12-08 04:29:32.670 1518 1642 I sysui_multi_action: [319,14,322,67,325,772,757,761,758,9,759,5,806,com.android.launcher3,871,com.android.launcher3.uioverrides.QuickstepLauncher,905,0,1320,4,1321,1]
12-08 04:29:32.689 1518 3331 W ActivityTaskManager: getTaskSnapshot: taskId=1018 not found
12-08 04:29:32.689 1518 3331 W ActivityTaskManager: getTaskSnapshot: taskId=2018 not found
12-08 04:29:32.689 1518 3331 W ActivityTaskManager: getTaskSnapshot: taskId=3018 not found
12-08 04:29:32.689 1518 3331 W ActivityTaskManager: getTaskSnapshot: taskId=4018 not found
12-08 04:29:32.689 1518 3331 W ActivityTaskManager: getTaskSnapshot: taskId=5018 not found
12-08 04:29:32.847 1518 1752 I commit_sys_config_file: [settings-1-0,4]
12-08 04:29:32.962 1518 1653 I sysui_latency: [8,86]
12-08 04:29:33.376 1518 1635 I wm_task_moved: [1,1,6]
12-08 04:29:33.377 1518 1635 I wm_focused_root_task: [0,0,1,18,RecentsAnimation.onAnimationFinished()]
12-08 04:29:33.377 5719 5719 I wm_on_top_resumed_lost_called: [223126927,com.android.settings.Settings,topStateChangedWhenResumed]
12-08 04:29:33.380 1518 1635 I wm_pause_activity: [0,223126927,com.android.settings/.Settings,userLeaving=false,pauseBackTasks]
12-08 04:29:33.381 1518 1635 I ActivityTaskManager: FOREGROUND_APPLICATION_CHANGED to com.android.launcher3.uioverrides.QuickstepLauncher
12-08 04:29:33.382 1518 1635 I wm_set_resumed_activity: [0,com.android.launcher3/.uioverrides.QuickstepLauncher,resumeTopActivityInnerLocked]
12-08 04:29:33.384 1518 1635 I wm_resume_activity: [0,73204664,10,com.android.launcher3/.uioverrides.QuickstepLauncher]
12-08 04:29:33.385 1518 1635 I wm_add_to_stopping: [0,223126927,com.android.settings/.Settings,makeInvisible]
12-08 04:29:33.386 2824 2824 I wm_on_resume_called: [73204664,com.android.launcher3.uioverrides.QuickstepLauncher,RESUME_ACTIVITY]
12-08 04:29:33.391 1518 1646 I input_focus: [Focus request 87852de com.android.launcher3/com.android.launcher3.uioverrides.QuickstepLauncher,reason=UpdateInputWindows]
12-08 04:29:33.392 1518 1645 I sysui_multi_action: [757,803,799,window_time_0,802,2]
12-08 04:29:33.393 5719 5719 I sysui_multi_action: [757,35,758,2,1089,2620]
12-08 04:29:33.394 5719 5719 I sysui_multi_action: [757,103,758,2,1089,2372]
12-08 04:29:33.395 5719 5719 I wm_on_paused_called: [223126927,com.android.settings.Settings,performPause]
12-08 04:29:33.396 1518 3331 I wm_stop_activity: [0,223126927,com.android.settings/.Settings]
12-08 04:29:33.399 1518 2002 I input_focus: [Focus leaving recents_animation_input_consumer (server),reason=NOT_VISIBLE]
12-08 04:29:33.399 1518 2002 I input_focus: [Focus entering 87852de com.android.launcher3/com.android.launcher3.uioverrides.QuickstepLauncher (server),reason=setFocusedWindow]
12-08 04:29:33.400 1518 1645 I sysui_multi_action: [757,803,799,window_time_0,802,0]
12-08 04:29:33.436 5719 5719 I wm_on_stop_called: [223126927,com.android.settings.Settings,STOP_ACTIVITY_ITEM]
12-08 04:29:33.451 2824 2824 I wm_on_top_resumed_gained_called: [73204664,com.android.launcher3.uioverrides.QuickstepLauncher,topStateChangedWhenResumed]
12-08 04:29:33.460 4314 4334 W ContextImpl: Calling a method in the system process without a qualified user: android.app.ContextImpl.startService:1816 android.content.ContextWrapper.startService:774 com.thundercomm.gamemode.ingame.services.GameModeActionUtils.startGameModeService:93 com.thundercomm.gamemode.ingame.services.GameModeActionUtils.startGameModeEntry:21 com.thundercomm.gamemode.ingame.services.ActivityMonitoringService$1.onActivityLaunch:127
12-08 04:29:33.468 1518 1518 I GameModeConfig: Current uri is uri = content://com.thundercomm.gamemode.api/gamemode_settings/gamemode_isgaming
12-08 04:29:33.469 1518 1518 I GameModeConfig: isGameModeOn = false
12-08 04:29:33.470 1518 1518 I GameModeConfig: isGameModeOn = false
12-08 04:29:33.470 1518 1518 I GameModeConfig: isDisableVoice = true
12-08 04:29:33.498 4314 4334 W ContextImpl: Calling a method in the system process without a qualified user: android.app.ContextImpl.startService:1816 android.content.ContextWrapper.startService:774 com.thundercomm.gamemode.ingame.services.GameModeActionUtils.startGameModeService:93 com.thundercomm.gamemode.ingame.services.GameModeActionUtils.startGameModeEntry:21 com.thundercomm.gamemode.ingame.services.ActivityMonitoringService$1.onActivityLaunch:127
12-08 04:29:33.504 1518 1518 I GameModeConfig: Current uri is uri = content://com.thundercomm.gamemode.api/gamemode_settings/gamemode_isgaming
12-08 04:29:33.506 1518 1518 I GameModeConfig: isGameModeOn = false
12-08 04:29:33.506 1518 1518 I GameModeConfig: isGameModeOn = false
12-08 04:29:33.506 1518 1518 I GameModeConfig: isDisableVoice = true
12-08 04:29:33.614 1518 1752 I commit_sys_config_file: [settings-1-0,6]
12-08 04:29:34.074 1518 2002 I input_interaction: Interaction with: 87852de com.android.launcher3/com.android.launcher3.uioverrides.QuickstepLauncher (server), 4649e44 com.android.systemui.ImageWallpaper (server), edge-swipe (server), swipe-up (server), PointerEventDispatcher0 (server),
12-08 04:29:34.616 1518 1635 I wm_finish_activity: [0,223126927,18,com.android.settings/.Settings,recent-task-trimmed]
12-08 04:29:34.618 1518 1635 I wm_destroy_activity: [0,223126927,18,com.android.settings/.Settings,finish-imm:finishIfPossible]
12-08 04:29:34.624 1518 1645 I ActivityManager: Killing 5719:com.android.settings/1000 (adj 900): remove task
12-08 04:29:34.625 1518 1645 I am_kill : [0,5719,com.android.settings,900,remove task]
12-08 04:29:34.631 1518 1645 I sysui_multi_action: [757,803,799,window_time_0,802,2]
12-08 04:29:34.636 1518 3852 E TaskPersister: File error accessing recents directory (directory doesn't exist?).
12-08 04:29:34.724 1518 3327 I WindowManager: WIN DEATH: Window{4421db2 u0 com.android.settings/com.android.settings.Settings}
12-08 04:29:34.728 1518 1635 I am_proc_died: [0,5719,com.android.settings,900,18]
12-08 04:29:34.734 4314 4334 W ContextImpl: Calling a method in the system process without a qualified user: android.app.ContextImpl.startService:1816 android.content.ContextWrapper.startService:774 com.thundercomm.gamemode.ingame.services.GameModeActionUtils.startGameModeService:93 com.thundercomm.gamemode.ingame.services.GameModeActionUtils.startGameModeEntry:21 com.thundercomm.gamemode.ingame.services.ActivityMonitoringService$1.onActivityLaunch:127
12-08 04:29:34.738 1518 1635 I wm_task_removed: [18,removeChild:removeChild last r=ActivityRecord{d4ca58f u0 com.android.settings/.Settings t-1 f}} in t=Task{5a9b787 #18 type=standard A=1000:com.android.settings.root U=0 visible=false mode=fullscreen translucent=true sz=0}]
12-08 04:29:34.738 1518 1635 I wm_task_removed: [18,removeChild]
12-08 04:29:34.739 1518 1645 W ActivityManager: setHasOverlayUi called on unknown pid: 5719
12-08 04:29:34.740 1518 1653 W UsageStatsService: Unexpected activity event reported! (com.android.settings/com.android.settings.homepage.SettingsHomepageActivity event : 23 instanceId : 223986928)
12-08 04:29:34.740 1518 1646 W ActivityTaskManager: Can't find TaskDisplayArea to determine support for multi window. Task id=18 attached=false
12-08 04:29:34.740 1518 1646 W ActivityTaskManager: Can't find TaskDisplayArea to determine support for multi window. Task id=18 attached=false
12-08 04:29:34.747 1518 1518 I GameModeConfig: Current uri is uri = content://com.thundercomm.gamemode.api/gamemode_settings/gamemode_isgaming
12-08 04:29:34.751 1518 1645 D CompatibilityChangeReporter: Compat change id reported: 135634846; UID 1000; state: DISABLED
12-08 04:29:34.751 1518 1645 D CompatibilityChangeReporter: Compat change id reported: 177438394; UID 1000; state: DISABLED
12-08 04:29:34.751 1518 1645 D CompatibilityChangeReporter: Compat change id reported: 135772972; UID 1000; state: DISABLED
12-08 04:29:34.751 1518 1645 D CompatibilityChangeReporter: Compat change id reported: 135754954; UID 1000; state: ENABLED
12-08 04:29:34.753 1518 1518 I GameModeConfig: isGameModeOn = false
12-08 04:29:34.753 1518 1518 I GameModeConfig: isGameModeOn = false
12-08 04:29:34.753 1518 1518 I GameModeConfig: isDisableVoice = true
12-08 04:29:34.768 1518 1655 I am_proc_start: [0,5897,1000,com.android.settings,NULL,]
12-08 04:29:34.768 1518 1655 I ActivityManager: Start proc 5897:com.android.settings/1000 for null
12-08 04:29:34.804 1518 5681 I am_proc_bound: [0,5897,com.android.settings]
12-08 04:29:34.879 1518 1767 D ActivityManager: freezing 3659 android.process.acore
12-08 04:29:34.879 1518 1767 E ActivityManager: Unable to freeze binder for 3659 android.process.acore
12-08 04:29:34.880 1518 1767 D ActivityManager: froze 3659 android.process.acore
12-08 04:29:34.880 1518 1767 I am_freeze: [3659,android.process.acore]
12-08 04:29:34.880 1518 1767 E ActivityManager: Unable to freeze binder for 3659 android.process.acore
12-08 04:29:34.881 1518 1767 I ActivityManager: Killing 3659:android.process.acore/u0a18 (adj 965): Unable to freeze binder interface
12-08 04:29:34.881 1518 1767 I am_kill : [0,3659,android.process.acore,965,Unable to freeze binder interface]
12-08 04:29:34.914 1518 1635 D CountryDetector: No listener is left
12-08 04:29:34.915 1518 5681 I am_proc_died: [0,3659,android.process.acore,965,19]
12-08 04:29:34.916 1518 5681 I am_uid_stopped: 10018
12-08 04:29:34.926 1518 1653 I am_pss : [3083,10066,com.android.deskclock,10167296,6832128,0,101883904,0,19,6]
12-08 04:29:34.932 1518 1653 I am_pss : [4178,10022,com.android.packageinstaller,7530496,5632000,0,91168768,0,19,4]
12-08 04:29:34.937 1518 1653 I am_pss : [3739,10030,com.android.managedprovisioning,9448448,7430144,0,95518720,0,19,5]
12-08 04:29:34.942 1518 1653 I am_pss : [2807,1000,com.qualcomm.qti.qdma,9628672,6590464,0,106217472,0,0,4]
12-08 04:29:34.947 1518 1653 I am_pss : [2798,1000,com.thundercomm.tcservice,10862592,8585216,0,100171776,0,0,4]
12-08 04:29:34.952 1518 1653 I am_pss : [2763,1000,com.thundercomm.remotecontrolservice,11331584,8835072,0,102748160,0,0,4]
12-08 04:29:34.957 1518 1653 I am_pss : [2720,1068,com.android.se,6053888,4067328,0,91533312,0,0,4]
12-08 04:29:34.962 1518 1653 I am_pss : [2673,10088,com.qti.qualcomm.mstatssystemservice,5679104,3756032,0,89747456,0,0,4]
