12-08 04:17:07.055 1518 1518 I GameModeConfig: isGameModeOn = false
12-08 04:17:07.056 1518 1518 W NotificationHistory: Attempted to add notif for locked/gone/disabled user 0
12-08 04:17:07.057 1518 1655 W ActivityManager: Slow operation: 114ms so far, now at startProcess: returned from zygote!
12-08 04:17:07.057 1518 1518 I sysui_multi_action: [757,1501,758,1,793,150,794,0,795,150,796,13,797,PreBootBroadcaster,806,android,857,UPDATES,858,2,947,0,1500,0]
12-08 04:17:07.057 1518 1655 W ActivityManager: Slow operation: 114ms so far, now at startProcess: done updating battery stats
12-08 04:17:07.057 1518 1518 I sysui_multi_action: [757,804,799,note_interruptive,801,0,802,1]
12-08 04:17:07.057 1518 1655 I am_proc_start: [0,3445,10023,android.process.media,broadcast,{com.android.mtp/com.android.mtp.MtpReceiver}]
12-08 04:17:07.057 1518 1655 W ActivityManager: Slow operation: 114ms so far, now at startProcess: building log message
12-08 04:17:07.057 1518 1655 I ActivityManager: Start proc 3445:android.process.media/u0a23 for broadcast {com.android.mtp/com.android.mtp.MtpReceiver}
12-08 04:17:07.057 1518 1655 W ActivityManager: Slow operation: 115ms so far, now at startProcess: starting to update pids map
12-08 04:17:07.057 1518 1518 I GameModeConfig: isGameModeOn = false
12-08 04:17:07.057 1518 1655 W ActivityManager: Slow operation: 115ms so far, now at startProcess: done updating pids map
12-08 04:17:07.057 1518 1655 W ActivityManager: Slow operation: 109ms so far, now at startProcess: asking zygote to start proc
12-08 04:17:07.057 1518 1518 W NotificationHistory: Attempted to add notif for locked/gone/disabled user 0
12-08 04:17:07.064 1518 2465 I am_proc_bound: [0,3407,com.qualcomm.qti.qccnetstat]
12-08 04:17:07.065 1518 2465 D CompatibilityChangeReporter: Compat change id reported: 168419799; UID 10085; state: DISABLED
12-08 04:17:07.067 1518 2465 I am_uid_active: 10085
12-08 04:17:07.068 1518 2736 I am_proc_bound: [0,3413,com.qualcomm.qti.workloadclassifier]
12-08 04:17:07.070 1518 2736 D CompatibilityChangeReporter: Compat change id reported: 168419799; UID 10087; state: DISABLED
12-08 04:17:07.070 1518 1655 W ActivityManager: Slow operation: 121ms so far, now at startProcess: returned from zygote!
12-08 04:17:07.073 1518 2736 I am_uid_active: 10087
12-08 04:17:07.074 1518 1655 W ActivityManager: Slow operation: 126ms so far, now at startProcess: done updating battery stats
12-08 04:17:07.074 1518 1655 I am_proc_start: [0,3460,1000,com.android.keychain,service,{com.android.keychain/com.android.keychain.KeyChainService}]
12-08 04:17:07.074 1518 1655 W ActivityManager: Slow operation: 126ms so far, now at startProcess: building log message
12-08 04:17:07.074 1518 1655 I ActivityManager: Start proc 3460:com.android.keychain/1000 for service {com.android.keychain/com.android.keychain.KeyChainService}
12-08 04:17:07.074 1518 1655 W ActivityManager: Slow operation: 126ms so far, now at startProcess: starting to update pids map
12-08 04:17:07.074 1518 1655 W ActivityManager: Slow operation: 126ms so far, now at startProcess: done updating pids map
12-08 04:17:07.074 1518 1655 W ActivityManager: Slow operation: 111ms so far, now at startProcess: asking zygote to start proc
12-08 04:17:07.074 1518 1655 D CompatibilityChangeReporter: Compat change id reported: 143937733; UID 10095; state: ENABLED
12-08 04:17:07.080 1518 2465 I am_proc_bound: [0,3445,android.process.media]
12-08 04:17:07.083 1518 1752 I commit_sys_config_file: [settings-2-0,15]
12-08 04:17:07.084 1518 2465 D CompatibilityChangeReporter: Compat change id reported: 168419799; UID 10023; state: DISABLED
12-08 04:17:07.087 1518 1655 W ActivityManager: Slow operation: 124ms so far, now at startProcess: returned from zygote!
12-08 04:17:07.095 1518 1655 W ActivityManager: Slow operation: 131ms so far, now at startProcess: done updating battery stats
12-08 04:17:07.095 1518 1655 I am_proc_start: [0,3473,10095,com.android.providers.media.module,service,{com.android.providers.media.module/com.android.providers.media.fuse.ExternalStorageServiceImpl}]
12-08 04:17:07.095 1518 1655 I Watchdog: Interesting Java process com.android.providers.media.module started. Pid 3473
12-08 04:17:07.095 1518 1655 W ActivityManager: Slow operation: 132ms so far, now at startProcess: building log message
12-08 04:17:07.095 1518 1655 I ActivityManager: Start proc 3473:com.android.providers.media.module/u0a95 for service {com.android.providers.media.module/com.android.providers.media.fuse.ExternalStorageServiceImpl}
12-08 04:17:07.095 1518 1655 W ActivityManager: Slow operation: 132ms so far, now at startProcess: starting to update pids map
12-08 04:17:07.095 1518 1655 W ActivityManager: Slow operation: 132ms so far, now at startProcess: done updating pids map
12-08 04:17:07.095 1518 1655 W ActivityManager: Slow operation: 129ms so far, now at startProcess: asking zygote to start proc
12-08 04:17:07.096 1518 1655 D CompatibilityChangeReporter: Compat change id reported: 143937733; UID 10078; state: ENABLED
12-08 04:17:07.101 1518 2465 I am_proc_bound: [0,3460,com.android.keychain]
12-08 04:17:07.103 1518 1655 W ActivityManager: Slow operation: 137ms so far, now at startProcess: returned from zygote!
12-08 04:17:07.113 1518 1655 W ActivityManager: Slow operation: 146ms so far, now at startProcess: done updating battery stats
12-08 04:17:07.113 1518 1655 I am_proc_start: [0,3493,10078,com.qualcomm.location.XT,service,{com.qualcomm.location.XT/com.qualcomm.location.XT.XTSrv}]
12-08 04:17:07.113 1518 1655 W ActivityManager: Slow operation: 146ms so far, now at startProcess: building log message
12-08 04:17:07.113 1518 1655 I ActivityManager: Start proc 3493:com.qualcomm.location.XT/u0a78 for service {com.qualcomm.location.XT/com.qualcomm.location.XT.XTSrv}
12-08 04:17:07.113 1518 1655 W ActivityManager: Slow operation: 147ms so far, now at startProcess: starting to update pids map
12-08 04:17:07.113 1518 1655 W ActivityManager: Slow operation: 147ms so far, now at startProcess: done updating pids map
12-08 04:17:07.113 1518 1655 W ActivityManager: Slow operation: 138ms so far, now at startProcess: asking zygote to start proc
12-08 04:17:07.113 1518 2772 I am_proc_bound: [0,3473,com.android.providers.media.module]
12-08 04:17:07.119 1518 2772 D CompatibilityChangeReporter: Compat change id reported: 168419799; UID 10095; state: DISABLED
12-08 04:17:07.120 1518 1655 W ActivityManager: Slow operation: 145ms so far, now at startProcess: returned from zygote!
12-08 04:17:07.122 1518 2772 I am_uid_active: 10095
12-08 04:17:07.126 1518 1655 W ActivityManager: Slow operation: 151ms so far, now at startProcess: done updating battery stats
12-08 04:17:07.126 1518 1655 I am_proc_start: [0,3523,1000,com.android.provision,top-activity,{com.android.provision/com.android.provision.DefaultActivity}]
12-08 04:17:07.126 1518 1655 W ActivityManager: Slow operation: 151ms so far, now at startProcess: building log message
12-08 04:17:07.126 1518 1655 I ActivityManager: Start proc 3523:com.android.provision/1000 for top-activity {com.android.provision/com.android.provision.DefaultActivity}
12-08 04:17:07.126 1518 1655 W ActivityManager: Slow operation: 151ms so far, now at startProcess: starting to update pids map
12-08 04:17:07.126 1518 1655 W ActivityManager: Slow operation: 151ms so far, now at startProcess: done updating pids map
12-08 04:17:07.126 1518 1655 W ActivityManager: Slow operation: 77ms so far, now at startProcess: asking zygote to start proc
12-08 04:17:07.127 1518 1655 D CompatibilityChangeReporter: Compat change id reported: 143937733; UID 10019; state: ENABLED
12-08 04:17:07.133 1518 1752 I commit_sys_config_file: [settings-0-0,34]
12-08 04:17:07.136 1518 2772 I am_proc_bound: [0,3493,com.qualcomm.location.XT]
12-08 04:17:07.140 1518 2772 D CompatibilityChangeReporter: Compat change id reported: 168419799; UID 10078; state: DISABLED
12-08 04:17:07.140 1518 1655 W ActivityManager: Slow operation: 90ms so far, now at startProcess: returned from zygote!
12-08 04:17:07.142 1518 2772 I am_uid_active: 10078
12-08 04:17:07.146 1518 1655 W ActivityManager: Slow operation: 97ms so far, now at startProcess: done updating battery stats
12-08 04:17:07.146 1518 1655 I am_proc_start: [0,3539,10019,com.android.documentsui,broadcast,{com.android.documentsui/com.android.documentsui.PreBootReceiver}]
12-08 04:17:07.146 1518 1655 W ActivityManager: Slow operation: 97ms so far, now at startProcess: building log message
12-08 04:17:07.146 1518 1655 I ActivityManager: Start proc 3539:com.android.documentsui/u0a19 for broadcast {com.android.documentsui/com.android.documentsui.PreBootReceiver}
12-08 04:17:07.146 1518 1655 W ActivityManager: Slow operation: 97ms so far, now at startProcess: starting to update pids map
12-08 04:17:07.146 1518 1655 W ActivityManager: Slow operation: 97ms so far, now at startProcess: done updating pids map
12-08 04:17:07.152 1518 2465 I am_proc_bound: [0,3523,com.android.provision]
12-08 04:17:07.160 1518 2465 D CompatibilityChangeReporter: Compat change id reported: 168419799; UID 1000; state: DISABLED
12-08 04:17:07.160 1518 2772 I sysui_multi_action: [757,856,758,1,806,com.android.mtp,857,device_notification_channel,858,2]
12-08 04:17:07.165 1518 2465 D CompatibilityChangeReporter: Compat change id reported: 174042980; UID 1000; state: DISABLED
12-08 04:17:07.165 1518 2465 I wm_restart_activity: [0,46975172,9,com.android.provision/.DefaultActivity]
12-08 04:17:07.168 1518 2465 I wm_set_resumed_activity: [0,com.android.provision/.DefaultActivity,minimalResumeActivityLocked]
12-08 04:17:07.178 1518 2775 I am_proc_bound: [0,3539,com.android.documentsui]
12-08 04:17:07.179 1518 2775 D CompatibilityChangeReporter: Compat change id reported: 168419799; UID 10019; state: DISABLED
12-08 04:17:07.180 1518 2422 I sysui_multi_action: [757,856,758,1,806,com.android.providers.media.module,857,native_transcode_alert_channel,858,4]
12-08 04:17:07.180 1518 2422 I sysui_multi_action: [757,856,758,1,806,com.android.providers.media.module,857,native_transcode_progress_channel,858,2]
12-08 04:17:07.181 1518 2775 I am_uid_active: 10019
12-08 04:17:07.196 1518 1518 D BluetoothManagerService: Bluetooth Adapter address changed to 22:22:9C:D5:96:86
12-08 04:17:07.197 1518 1518 D BluetoothManagerService: Stored Bluetoothaddress: 22:22:9C:D5:96:86
12-08 04:17:07.198 1518 1518 D BluetoothManagerService: Bluetooth Adapter name changed to QCOM-BTD by android
12-08 04:17:07.198 1518 1518 D BluetoothManagerService: Stored Bluetooth name: QCOM-BTD
12-08 04:17:07.200 1518 1518 D BluetoothManagerService: Bluetooth Adapter address changed to 22:22:9C:D5:96:86
12-08 04:17:07.202 1518 3573 I ActivityTaskManager: START u0 {cmp=com.thundercomm.tcsetupwizard/.TcSetupStartActivity} from uid 1000
12-08 04:17:07.204 1518 3312 I StorageUserConnection: Service: [ComponentInfo{com.android.providers.media.module/com.android.providers.media.fuse.ExternalStorageServiceImpl}] connected. User [0]
12-08 04:17:07.208 1518 1644 D BluetoothManagerService: MESSAGE_BLUETOOTH_STATE_CHANGE: BLE_TURNING_ON > BLE_ON
12-08 04:17:07.208 1518 1644 D BluetoothManagerService: Bluetooth is in LE only mode
12-08 04:17:07.208 1518 1644 D BluetoothManagerService: Binding Bluetooth GATT service
12-08 04:17:07.213 1518 1518 D BluetoothManagerService: Stored Bluetoothaddress: 22:22:9C:D5:96:86
12-08 04:17:07.214 1518 1644 D BluetoothManagerService: Sending BLE State Change: BLE_TURNING_ON > BLE_ON
12-08 04:17:07.215 1518 1518 D BluetoothManagerService: BluetoothServiceConnection: com.android.bluetooth.gatt.GattService
12-08 04:17:07.216 1518 3573 I wm_task_moved: [1,1,5]
12-08 04:17:07.216 1518 3573 I wm_set_resumed_activity: [0,com.android.provision/.DefaultActivity,positionChildAt]
12-08 04:17:07.216 1518 3573 I wm_task_moved: [9,1,2147483647]
12-08 04:17:07.216 1518 3573 I wm_create_activity: [0,200896159,9,com.thundercomm.tcsetupwizard/.TcSetupStartActivity,NULL,NULL,NULL,0]
12-08 04:17:07.218 1518 3573 D CompatibilityChangeReporter: Compat change id reported: 168419799; UID 1000; state: DISABLED
12-08 04:17:07.218 1518 3573 I wm_pause_activity: [0,46975172,com.android.provision/.DefaultActivity,userLeaving=true,resumeTopActivityInnerLocked]
12-08 04:17:07.219 1518 1644 D BluetoothManagerService: MESSAGE_BLUETOOTH_SERVICE_CONNECTED: 2
12-08 04:17:07.219 1518 1644 D BluetoothManagerService: continueFromBleOnState()
12-08 04:17:07.220 1518 1518 D CompanionDeviceManagerService: Received BT state transition broadcast: BLE_TURNING_ON -> BLE_ON
12-08 04:17:07.221 1518 1518 I CompanionDeviceManagerService: startBleScan()
12-08 04:17:07.221 3523 3523 I wm_on_create_called: [46975172,com.android.provision.DefaultActivity,performCreate]
12-08 04:17:07.223 1518 1644 D BluetoothManagerService: Persisting Bluetooth Setting: 1
12-08 04:17:07.225 1518 1644 D BluetoothManagerService: MESSAGE_BLUETOOTH_STATE_CHANGE: BLE_ON > TURNING_ON
12-08 04:17:07.225 1518 1644 D BluetoothManagerService: Sending BLE State Change: BLE_ON > TURNING_ON
12-08 04:17:07.226 1518 1644 D BluetoothManagerService: Sending State Change: OFF > TURNING_ON
12-08 04:17:07.226 1518 1518 D CompanionDeviceManagerService: Received BT state transition broadcast: BLE_ON -> TURNING_ON
12-08 04:17:07.229 3523 3523 I wm_on_start_called: [46975172,com.android.provision.DefaultActivity,handleStartActivity]
12-08 04:17:07.230 3523 3523 I wm_on_resume_called: [46975172,com.android.provision.DefaultActivity,RESUME_ACTIVITY]
12-08 04:17:07.239 3523 3523 I wm_on_top_resumed_gained_called: [46975172,com.android.provision.DefaultActivity,topStateChangedWhenResumed]
12-08 04:17:07.243 3523 3523 I wm_on_top_resumed_lost_called: [46975172,com.android.provision.DefaultActivity,topStateChangedWhenResumed]
12-08 04:17:07.244 3523 3523 I wm_on_paused_called: [46975172,com.android.provision.DefaultActivity,performPause]
12-08 04:17:07.244 1518 3331 I ActivityTaskManager: FOREGROUND_APPLICATION_CHANGED to com.thundercomm.tcsetupwizard.TcSetupStartActivity
12-08 04:17:07.244 1518 3331 I ActivityTaskManager: The Process com.thundercomm.tcsetupwizard Already Exists in BG. So sending its PID: 2646
12-08 04:17:07.246 1518 1635 D TelephonyRegistry: listen oscl: mHasNotifySubscriptionInfoChangedOccurred==false no callback
12-08 04:17:07.247 1518 3331 I wm_add_to_stopping: [0,46975172,com.android.provision/.DefaultActivity,makeInvisible]
12-08 04:17:07.248 1518 3331 D CompatibilityChangeReporter: Compat change id reported: 181136395; UID 1000; state: DISABLED
12-08 04:17:07.248 1518 3331 D CompatibilityChangeReporter: Compat change id reported: 174042936; UID 1000; state: DISABLED
12-08 04:17:07.248 1518 3331 I wm_restart_activity: [0,200896159,9,com.thundercomm.tcsetupwizard/.TcSetupStartActivity]
12-08 04:17:07.249 1518 3331 I wm_set_resumed_activity: [0,com.thundercomm.tcsetupwizard/.TcSetupStartActivity,minimalResumeActivityLocked]
12-08 04:17:07.251 1518 1645 I wm_stop_activity: [0,46975172,com.android.provision/.DefaultActivity]
12-08 04:17:07.251 1518 1645 I wm_destroy_activity: [0,41571227,8,com.android.settings/.FallbackHome,finish-idle]
12-08 04:17:07.253 1518 2775 I am_uid_active: 10023
12-08 04:17:07.253 2932 2932 I wm_on_stop_called: [41571227,com.android.settings.FallbackHome,LIFECYCLER_STOP_ACTIVITY]
12-08 04:17:07.257 1518 1645 I sysui_multi_action: [757,803,799,window_time_0,802,0]
12-08 04:17:07.262 2932 2932 I wm_on_destroy_called: [41571227,com.android.settings.FallbackHome,performDestroy]
12-08 04:17:07.280 1518 3331 I wm_task_removed: [8,cleanUpResourcesForDestroy]
12-08 04:17:07.280 1518 3331 I wm_task_removed: [8,removeChild:removeChild last r=ActivityRecord{27a539b u0 com.android.settings/.FallbackHome t-1 f}} in t=Task{b24f6c9 #8 type=home A=1000:com.android.settings.FallbackHome U=0 visible=false mode=fullscreen translucent=true sz=0}]
12-08 04:17:07.280 1518 3331 I wm_task_removed: [8,removeChild]
12-08 04:17:07.282 2646 2646 I wm_on_create_called: [200896159,com.thundercomm.tcsetupwizard.TcSetupStartActivity,performCreate]
12-08 04:17:07.282 2646 2646 I wm_on_start_called: [200896159,com.thundercomm.tcsetupwizard.TcSetupStartActivity,handleStartActivity]
12-08 04:17:07.283 2646 2646 I wm_on_resume_called: [200896159,com.thundercomm.tcsetupwizard.TcSetupStartActivity,RESUME_ACTIVITY]
12-08 04:17:07.284 1518 2465 I sysui_multi_action: [757,856,758,1,806,com.android.bluetooth,857,avrcp_notification,858,3]
12-08 04:17:07.287 1518 2465 W WindowManager: Failed looking up window session=Session{bed3c9d 2646:1000} callers=com.android.server.wm.WindowManagerService.windowForClientLocked:5628 com.android.server.wm.Session.insetsModified:629 android.view.IWindowSession$Stub.onTransact:1151
12-08 04:17:07.288 2646 2646 I wm_on_top_resumed_gained_called: [200896159,com.thundercomm.tcsetupwizard.TcSetupStartActivity,topStateChangedWhenResumed]
12-08 04:17:07.292 1518 1646 I input_focus: [Focus request 77790c com.thundercomm.tcsetupwizard/com.thundercomm.tcsetupwizard.TcSetupStartActivity,reason=UpdateInputWindows]
12-08 04:17:07.298 1518 2465 W StorageManagerService: Reporting emulated;0 unmounted due to system locked
12-08 04:17:07.300 1518 2465 D CompatibilityChangeReporter: Compat change id reported: 149924527; UID 10023; state: ENABLED
12-08 04:17:07.300 1518 3331 D CompatibilityChangeReporter: Compat change id reported: 132649864; UID 10023; state: DISABLED
12-08 04:17:07.303 2360 2360 I liblog : 119
12-08 04:17:07.304 2360 2360 I liblog : 205
12-08 04:17:07.304 2360 2360 I liblog : 1
12-08 04:17:07.304 2360 3639 I liblog : 1
12-08 04:17:07.306 2360 3515 I liblog : 121
12-08 04:17:07.312 2360 2360 I liblog : 39
12-08 04:17:07.326 1518 1518 I Telecom : BluetoothDeviceManager: Got BluetoothHearingAid: android.bluetooth.BluetoothHearingAid@25311cc: BMSL.oSC@AAQ
12-08 04:17:07.337 1518 1644 D BluetoothManagerService: MESSAGE_BLUETOOTH_STATE_CHANGE: TURNING_ON > ON
12-08 04:17:07.337 1518 1644 D BluetoothManagerService: Broadcasting onBluetoothStateChange(true) to 10 receivers.
12-08 04:17:07.338 1518 1644 D BluetoothManagerService: Creating new ProfileServiceConnections object for profile: 1
12-08 04:17:07.340 1518 1644 W BluetoothManagerService: psc is not null in bindBluetoothProfileService
12-08 04:17:07.340 1518 1644 D BluetoothManagerService: Sending BLE State Change: TURNING_ON > ON
12-08 04:17:07.340 1518 1644 D BluetoothManagerService: Sending State Change: TURNING_ON > ON
12-08 04:17:07.340 1518 1518 D CompanionDeviceManagerService: Received BT state transition broadcast: TURNING_ON -> ON
12-08 04:17:07.340 1518 1518 I CompanionDeviceManagerService: startBleScan()
12-08 04:17:07.342 1518 2772 I am_uid_running: 10018
12-08 04:17:07.342 1518 2772 D CompatibilityChangeReporter: Compat change id reported: 135634846; UID 10018; state: DISABLED
12-08 04:17:07.342 1518 2772 D CompatibilityChangeReporter: Compat change id reported: 177438394; UID 10018; state: DISABLED
12-08 04:17:07.342 1518 2772 D CompatibilityChangeReporter: Compat change id reported: 135772972; UID 10018; state: DISABLED
12-08 04:17:07.342 1518 2772 D CompatibilityChangeReporter: Compat change id reported: 135754954; UID 10018; state: ENABLED
12-08 04:17:07.343 1518 1655 D CompatibilityChangeReporter: Compat change id reported: 143937733; UID 10018; state: ENABLED
12-08 04:17:07.346 1518 3331 W BluetoothManagerService: psc is not null in bindBluetoothProfileService
12-08 04:17:07.352 1518 1655 I am_proc_start: [0,3659,10018,android.process.acore,content provider,{com.android.providers.contacts/com.android.providers.contacts.ContactsProvider2}]
12-08 04:17:07.352 1518 1655 I ActivityManager: Start proc 3659:android.process.acore/u0a18 for content provider {com.android.providers.contacts/com.android.providers.contacts.ContactsProvider2}
12-08 04:17:07.356 1518 1646 I ActivityRecord: real home.....com.thundercomm.tcsetupwizard/.TcSetupStartActivity
12-08 04:17:07.360 1518 1646 I WindowManager: ******* TELLING SURFACE FLINGER WE ARE BOOTED!
12-08 04:17:07.373 964 1066 I sf_stop_bootanim: 26870
12-08 04:17:07.377 1518 2465 I am_proc_bound: [0,3659,android.process.acore]
12-08 04:17:07.377 1518 1642 I sysui_multi_action: [319,465,322,446,325,26,757,761,758,7,759,2,806,com.thundercomm.tcsetupwizard,871,com.thundercomm.tcsetupwizard.TcSetupStartActivity,904,com.android.provision,905,0,945,251,1320,4,1321,2]
12-08 04:17:07.378 1518 1642 I wm_activity_launch_time: [0,200896159,com.thundercomm.tcsetupwizard/.TcSetupStartActivity,446]
12-08 04:17:07.379 1518 2772 I sysui_multi_action: [757,856,758,1,806,com.android.bluetooth,857,opp_notification_channel,858,4]
12-08 04:17:07.379 1518 1518 I notification_cancel_all: [1002,2360,com.android.bluetooth,0,0,64,9,NULL]
12-08 04:17:07.385 1518 2465 D CompatibilityChangeReporter: Compat change id reported: 168419799; UID 10018; state: DISABLED
12-08 04:17:07.387 1518 2465 I am_uid_active: 10018
12-08 04:17:07.389 1518 1634 I am_uid_running: 10029
12-08 04:17:07.390 1518 1634 D CompatibilityChangeReporter: Compat change id reported: 135634846; UID 10029; state: DISABLED
12-08 04:17:07.390 1518 1634 D CompatibilityChangeReporter: Compat change id reported: 177438394; UID 10029; state: DISABLED
12-08 04:17:07.390 1518 1634 D CompatibilityChangeReporter: Compat change id reported: 135772972; UID 10029; state: DISABLED
12-08 04:17:07.390 1518 1634 D CompatibilityChangeReporter: Compat change id reported: 135754954; UID 10029; state: ENABLED
12-08 04:17:07.390 1518 1655 D CompatibilityChangeReporter: Compat change id reported: 143937733; UID 10029; state: ENABLED
12-08 04:17:07.396 1518 2002 I input_focus: [Focus entering 77790c com.thundercomm.tcsetupwizard/com.thundercomm.tcsetupwizard.TcSetupStartActivity (server),reason=setFocusedWindow]
12-08 04:17:07.397 1518 1655 I am_proc_start: [0,3712,10029,com.android.externalstorage,content provider,{com.android.externalstorage/com.android.externalstorage.ExternalStorageProvider}]
12-08 04:17:07.397 1518 1655 I ActivityManager: Start proc 3712:com.android.externalstorage/u0a29 for content provider {com.android.externalstorage/com.android.externalstorage.ExternalStorageProvider}
12-08 04:17:07.402 1518 1816 I am_uid_running: 10035
12-08 04:17:07.404 1518 1816 D CompatibilityChangeReporter: Compat change id reported: 135634846; UID 10035; state: DISABLED
12-08 04:17:07.404 1518 1816 D CompatibilityChangeReporter: Compat change id reported: 177438394; UID 10035; state: DISABLED
12-08 04:17:07.404 1518 1816 D CompatibilityChangeReporter: Compat change id reported: 135772972; UID 10035; state: DISABLED
12-08 04:17:07.404 1518 1816 D CompatibilityChangeReporter: Compat change id reported: 135754954; UID 10035; state: DISABLED
12-08 04:17:07.404 1518 1655 D CompatibilityChangeReporter: Compat change id reported: 143937733; UID 10035; state: DISABLED
12-08 04:17:07.413 1518 1635 I PreBootBroadcaster: Pre-boot of {com.android.managedprovisioning/com.android.managedprovisioning.ota.PreBootListener} for user 0
12-08 04:17:07.413 1518 1635 I am_pre_boot: [0,com.android.managedprovisioning]
12-08 04:17:07.416 2360 2374 I service_manager_slow: [16,permission_checker]
12-08 04:17:07.423 1518 1752 I commit_sys_config_file: [settings-2-0,26]
12-08 04:17:07.423 1518 1635 I am_uid_running: 10030
12-08 04:17:07.424 1518 1635 I ActivityManager: com.android.managedprovisioning is exempt from freezer
12-08 04:17:07.424 1518 1635 D CompatibilityChangeReporter: Compat change id reported: 135634846; UID 10030; state: DISABLED
12-08 04:17:07.424 1518 1635 D CompatibilityChangeReporter: Compat change id reported: 177438394; UID 10030; state: DISABLED
12-08 04:17:07.424 1518 1635 D CompatibilityChangeReporter: Compat change id reported: 135772972; UID 10030; state: DISABLED
12-08 04:17:07.424 1518 1635 D CompatibilityChangeReporter: Compat change id reported: 135754954; UID 10030; state: ENABLED
12-08 04:17:07.426 1518 1655 I am_proc_start: [0,3724,10035,com.baidu.input,service,{com.baidu.input/com.baidu.input.ImeService}]
12-08 04:17:07.426 1518 1518 I notification_enqueue: [1000,1518,android,13,PreBootBroadcaster,0,Notification(channel=UPDATES shortcut=null contentView=null vibrate=null sound=null tick defaults=0x0 flags=0x2 color=0x00000000 vis=PUBLIC),1]
12-08 04:17:07.426 1518 1655 I ActivityManager: Start proc 3724:com.baidu.input/u0a35 for service {com.baidu.input/com.baidu.input.ImeService}
12-08 04:17:07.426 1518 1655 D CompatibilityChangeReporter: Compat change id reported: 143937733; UID 10030; state: ENABLED
12-08 04:17:07.431 1518 2376 I am_proc_bound: [0,3712,com.android.externalstorage]
12-08 04:17:07.433 1518 1644 I commit_sys_config_file: [notification-policy,2325]
12-08 04:17:07.436 1518 2376 D CompatibilityChangeReporter: Compat change id reported: 168419799; UID 10029; state: DISABLED
12-08 04:17:07.440 1518 1518 I Telecom : BluetoothDeviceManager: Got BluetoothHeadset: com.android.server.telecom.BluetoothHeadsetProxy@ced604f: BMSL.oSC@AAU
12-08 04:17:07.443 1518 1655 I am_proc_start: [0,3739,10030,com.android.managedprovisioning,broadcast,{com.android.managedprovisioning/com.android.managedprovisioning.ota.PreBootListener}]
12-08 04:17:07.443 1518 1655 I ActivityManager: Start proc 3739:com.android.managedprovisioning/u0a30 for broadcast {com.android.managedprovisioning/com.android.managedprovisioning.ota.PreBootListener}
12-08 04:17:07.445 1518 2465 W StorageManagerService: Reporting emulated;0 unmounted due to system locked
12-08 04:17:07.457 3523 3523 I wm_on_stop_called: [46975172,com.android.provision.DefaultActivity,STOP_ACTIVITY_ITEM]
12-08 04:17:07.460 1518 2465 I am_proc_bound: [0,3724,com.baidu.input]
12-08 04:17:07.461 1518 2465 D CompatibilityChangeReporter: Compat change id reported: 168419799; UID 10035; state: DISABLED
12-08 04:17:07.464 1518 2465 I am_uid_active: 10035
12-08 04:17:07.478 1518 2465 I am_uid_active: 10030
12-08 04:17:07.482 1518 2376 I am_proc_bound: [0,3739,com.android.managedprovisioning]
12-08 04:17:07.484 1518 2376 D CompatibilityChangeReporter: Compat change id reported: 168419799; UID 10030; state: DISABLED
12-08 04:17:07.511 1518 1634 D CountryDetector: The first listener is added
12-08 04:17:07.520 1518 1653 I am_meminfo: [2125299712,3483766784,12288,363462656,605124608]
12-08 04:17:07.521 1518 2465 W StorageManagerService: Reporting emulated;0 unmounted due to system locked
12-08 04:17:07.526 1518 2772 D CompatibilityChangeReporter: Compat change id reported: 149924527; UID 10035; state: ENABLED
12-08 04:17:07.526 1518 2465 D CompatibilityChangeReporter: Compat change id reported: 132649864; UID 10035; state: DISABLED
12-08 04:17:07.531 1518 1653 I am_pss : [2950,10089,com.qualcomm.qti.qccauthmgr,6559744,4308992,0,94924800,2,5,5]
12-08 04:17:07.538 1518 1653 I am_pss : [2808,1000,com.android.settings:CryptKeeper,14625792,5345280,0,116473856,2,19,6]
12-08 04:17:07.552 1518 1653 I am_pss : [2360,1002,com.android.bluetooth,30596096,23388160,0,138895360,2,0,7]
12-08 04:17:07.559 1518 1653 I am_pss : [2807,1000,com.qualcomm.qti.qdma,10994688,7327744,0,106377216,2,0,6]
12-08 04:17:07.563 1518 1644 I commit_sys_config_file: [jobs,9]
12-08 04:17:07.566 1518 1653 I am_pss : [2798,1000,com.thundercomm.tcservice,7945216,5812224,0,94629888,2,0,5]
12-08 04:17:07.573 1518 1653 I am_pss : [2801,10063,com.qualcomm.qti.devicestatisticsservice,5280768,3379200,0,88559616,2,0,5]
12-08 04:17:07.580 1518 1653 I am_pss : [2763,1000,com.thundercomm.remotecontrolservice,9516032,6877184,0,100114432,2,0,5]
12-08 04:17:07.586 1518 1653 I am_pss : [2720,1068,com.android.se,5837824,3883008,0,90746880,2,0,5]
12-08 04:17:07.594 1518 1653 I am_pss : [2673,10088,com.qti.qualcomm.mstatssystemservice,5421056,3534848,0,88858624,2,0,5]
12-08 04:17:07.601 1518 1653 I am_pss : [2643,1000,com.tc.logclient,6359040,4481024,0,89849856,2,0,5]
12-08 04:17:07.606 1518 1518 I notification_enqueue: [1000,1518,android,17303299,com.android.wifi,0,Notification(channel=NETWORK_AVAILABLE shortcut=null contentView=null vibrate=null sound=null tick defaults=0x0 flags=0x100 color=0x00000000 actions=2 vis=PRIVATE),0]
12-08 04:17:07.610 1518 1653 I am_pss : [2662,1000,vendor.qti.qesdk.sysservice,5961728,3948544,0,90984448,2,0,5]
12-08 04:17:07.618 1518 1653 I am_pss : [2635,1000,com.thundercomm.tchttpserver,7559168,5672960,0,91181056,2,0,5]
12-08 04:17:07.625 1518 1653 I am_pss : [2604,10055,.qtidataservices,6093824,4141056,0,91111424,2,0,5]
12-08 04:17:07.627 1518 1518 I GameModeConfig: isGameModeOn = false
12-08 04:17:07.632 1518 1653 I am_pss : [2603,1001,.dataservices,6847488,4857856,0,91701248,2,0,6]
12-08 04:17:07.632 1518 2772 I PreBootBroadcaster: Pre-boot of {com.android.providers.calendar/com.android.providers.calendar.CalendarUpgradeReceiver} for user 0
12-08 04:17:07.632 1518 2772 I am_pre_boot: [0,com.android.providers.calendar]
12-08 04:17:07.633 1518 2772 I am_uid_running: 10034
12-08 04:17:07.633 1518 2772 D CompatibilityChangeReporter: Compat change id reported: 135634846; UID 10034; state: DISABLED
12-08 04:17:07.633 1518 2772 D CompatibilityChangeReporter: Compat change id reported: 177438394; UID 10034; state: DISABLED
12-08 04:17:07.633 1518 2772 D CompatibilityChangeReporter: Compat change id reported: 135772972; UID 10034; state: DISABLED
12-08 04:17:07.633 1518 2772 D CompatibilityChangeReporter: Compat change id reported: 135754954; UID 10034; state: ENABLED
12-08 04:17:07.633 1518 1655 D CompatibilityChangeReporter: Compat change id reported: 143937733; UID 10034; state: ENABLED
12-08 04:17:07.637 1518 1518 I notification_enqueue: [1000,1518,android,13,PreBootBroadcaster,0,Notification(channel=UPDATES shortcut=null contentView=null vibrate=null sound=null tick defaults=0x0 flags=0x2 color=0x00000000 vis=PUBLIC),1]
12-08 04:17:07.639 1518 1655 I am_proc_start: [0,3816,10034,com.android.providers.calendar,broadcast,{com.android.providers.calendar/com.android.providers.calendar.CalendarUpgradeReceiver}]
12-08 04:17:07.639 1518 1655 I ActivityManager: Start proc 3816:com.android.providers.calendar/u0a34 for broadcast {com.android.providers.calendar/com.android.providers.calendar.CalendarUpgradeReceiver}
12-08 04:17:07.640 1518 1653 I am_pss : [2594,1000,com.thundercomm.microsettings,35517440,32002048,0,128167936,2,0,6]
12-08 04:17:07.647 1518 1653 I am_pss : [2576,1000,com.thundercomm.microservice,8692736,6717440,0,94220288,2,0,5]
12-08 04:17:07.654 1518 1653 I am_pss : [2511,1073,com.android.networkstack.process,10808320,7995392,0,103800832,2,0,5]
12-08 04:17:07.658 1518 1635 I am_proc_bound: [0,3816,com.android.providers.calendar]
12-08 04:17:07.660 1518 1635 D CompatibilityChangeReporter: Compat change id reported: 168419799; UID 10034; state: DISABLED
12-08 04:17:07.662 1518 1635 I am_uid_active: 10034
12-08 04:17:07.662 1518 1653 I am_pss : [2380,10094,com.android.permissioncontroller,14705664,12312576,0,103075840,2,6,5]
12-08 04:17:07.675 1518 1653 I am_pss : [2377,10082,com.android.systemui,129134592,105320448,0,289660928,2,0,10]
12-08 04:17:07.695 1518 1653 I am_pss : [1518,1000,system,190461952,100077568,0,495783936,2,0,16]
12-08 04:17:07.753 3816 3816 I [4000] : 5
12-08 04:17:07.754 1518 2376 I PreBootBroadcaster: Pre-boot of {com.android.providers.contacts/com.android.providers.contacts.ContactsUpgradeReceiver} for user 0
12-08 04:17:07.754 1518 2376 I am_pre_boot: [0,com.android.providers.contacts]
12-08 04:17:07.758 1518 1518 I notification_enqueue: [1000,1518,android,13,PreBootBroadcaster,0,Notification(channel=UPDATES shortcut=null contentView=null vibrate=null sound=null tick defaults=0x0 flags=0x2 color=0x00000000 vis=PUBLIC),1]
12-08 04:17:07.765 3659 3659 I [4100] : 7
12-08 04:17:07.765 1518 2463 I PreBootBroadcaster: Pre-boot of {com.android.providers.media.module/com.android.providers.media.MediaUpgradeReceiver} for user 0
12-08 04:17:07.765 1518 2463 I am_pre_boot: [0,com.android.providers.media.module]
12-08 04:17:07.768 1518 2463 I PreBootBroadcaster: Pre-boot of {com.android.settings/com.android.settings.SettingsInitialize} for user 0
12-08 04:17:07.768 1518 2463 I am_pre_boot: [0,com.android.settings]
12-08 04:17:07.768 1518 1518 I notification_enqueue: [1000,1518,android,13,PreBootBroadcaster,0,Notification(channel=UPDATES shortcut=null contentView=null vibrate=null sound=null tick defaults=0x0 flags=0x2 color=0x00000000 vis=PUBLIC),1]
12-08 04:17:07.771 1518 1518 I notification_enqueue: [1000,1518,android,13,PreBootBroadcaster,0,Notification(channel=UPDATES shortcut=null contentView=null vibrate=null sound=null tick defaults=0x0 flags=0x2 color=0x00000000 vis=PUBLIC),1]
12-08 04:17:07.776 1518 2463 I uc_finish_user_unlocked_completed: 0
12-08 04:17:07.777 1518 1654 I ssm_user_unlocked: 0
12-08 04:17:07.777 1518 1654 I SystemServerTimingAsync: ssm.UnlockedUser-0
12-08 04:17:07.777 1518 1654 I SystemServiceManager: Calling onUnlockedUser 0
12-08 04:17:07.777 1518 1654 I SystemServerTimingAsync: ssm.onUnlockedUser-0_com.android.server.security.FileIntegrityService
12-08 04:17:07.777 1518 1654 I SystemServerTimingAsync: ssm.onUnlockedUser-0_com.android.server.pm.Installer
12-08 04:17:07.777 1518 1654 I SystemServerTimingAsync: ssm.onUnlockedUser-0_com.android.server.os.DeviceIdentifiersPolicyService
12-08 04:17:07.777 1518 1654 I SystemServerTimingAsync: ssm.onUnlockedUser-0_com.android.server.uri.UriGrantsManagerService$Lifecycle
12-08 04:17:07.777 1518 1654 I SystemServerTimingAsync: ssm.onUnlockedUser-0_com.android.server.powerstats.PowerStatsService
12-08 04:17:07.777 1518 1654 I SystemServerTimingAsync: ssm.onUnlockedUser-0_com.android.server.wm.ActivityTaskManagerService$Lifecycle
12-08 04:17:07.777 1518 1518 I sysui_multi_action: [757,128,758,5,759,8,793,870,794,0,795,352,796,13,797,PreBootBroadcaster,806,android,857,UPDATES,858,2,947,0,1500,352,1688,1]
12-08 04:17:07.778 1518 1518 I notification_canceled: [0|android|13|PreBootBroadcaster|1000,8,870,352,0,-1,-1,NULL]
12-08 04:17:07.778 1518 1642 W AppWidgetServiceImpl: Failed to read state: java.io.FileNotFoundException: /data/system/users/0/appwidgets.xml: open failed: ENOENT (No such file or directory)
12-08 04:17:07.778 1518 1654 I LaunchParamsPersister: Didn't find launch param folder for user 0
12-08 04:17:07.778 1518 1642 V AppWidgetServiceImpl: Upgrading widget database from 0 to 1
12-08 04:17:07.778 1518 1654 I SystemServerTimingAsync: ssm.onUnlockedUser-0_com.android.server.am.ActivityManagerService$Lifecycle
12-08 04:17:07.778 1518 1654 I SystemServerTimingAsync: ssm.onUnlockedUser-0_com.android.server.pm.DataLoaderManagerService
12-08 04:17:07.778 1518 1654 I SystemServerTimingAsync: ssm.onUnlockedUser-0_com.android.server.power.PowerManagerService
12-08 04:17:07.778 1518 1654 I SystemServerTimingAsync: ssm.onUnlockedUser-0_com.android.server.power.ThermalManagerService
12-08 04:17:07.778 1518 1654 I SystemServerTimingAsync: ssm.onUnlockedUser-0_com.android.server.power.hint.HintManagerService
12-08 04:17:07.778 1518 1654 I SystemServerTimingAsync: ssm.onUnlockedUser-0_com.android.server.recoverysystem.RecoverySystemService$Lifecycle
12-08 04:17:07.778 1518 1654 I SystemServerTimingAsync: ssm.onUnlockedUser-0_com.android.server.lights.LightsService
12-08 04:17:07.778 1518 1654 I SystemServerTimingAsync: ssm.onUnlockedUser-0_com.android.server.display.DisplayManagerService
12-08 04:17:07.778 1518 1654 I SystemServerTimingAsync: ssm.onUnlockedUser-0_com.android.server.pm.verify.domain.DomainVerificationService
12-08 04:17:07.778 1518 2463 I ActivityManager: Posting BOOT_COMPLETED user #0
12-08 04:17:07.778 1518 1654 I SystemServerTimingAsync: ssm.onUnlockedUser-0_com.android.server.pm.PackageInstallerService$Lifecycle
12-08 04:17:07.778 1518 1642 I AppWidgetServiceImpl: Processing of handleUserUnlocked u0 took 1 ms
12-08 04:17:07.778 1518 1642 I uc_send_user_broadcast: [0,android.intent.action.BOOT_COMPLETED]
12-08 04:17:07.779 1518 1518 D CompatibilityChangeReporter: Compat change id reported: 175319604; UID 10082; state: ENABLED
12-08 04:17:07.779 1518 1654 I SystemServerTimingAsync: ssm.onUnlockedUser-0_com.android.server.pm.UserManagerService$LifeCycle
12-08 04:17:07.779 1518 1654 I SystemServerTimingAsync: ssm.onUnlockedUser-0_com.android.server.om.OverlayManagerService
12-08 04:17:07.779 1518 1654 I SystemServerTimingAsync: ssm.onUnlockedUser-0_com.android.server.SensorPrivacyService
12-08 04:17:07.779 1518 1654 I SystemServerTimingAsync: ssm.onUnlockedUser-0_com.android.server.sensors.SensorService
12-08 04:17:07.779 1518 1654 I SystemServerTimingAsync: ssm.onUnlockedUser-0_com.android.server.SystemConfigService
12-08 04:17:07.779 1518 1654 I SystemServerTimingAsync: ssm.onUnlockedUser-0_com.android.server.BatteryService
12-08 04:17:07.779 1518 1654 I SystemServerTimingAsync: ssm.onUnlockedUser-0_com.android.server.usage.UsageStatsService
12-08 04:17:07.779 1518 1654 I SystemServerTimingAsync: ssm.onUnlockedUser-0_com.android.server.webkit.WebViewUpdateService
12-08 04:17:07.779 1518 1654 I SystemServerTimingAsync: ssm.onUnlockedUser-0_com.android.server.CachedDeviceStateService
12-08 04:17:07.780 1518 1654 I SystemServerTimingAsync: ssm.onUnlockedUser-0_com.android.server.BinderCallsStatsService$LifeCycle
12-08 04:17:07.780 1518 1654 I SystemServerTimingAsync: ssm.onUnlockedUser-0_com.android.server.LooperStatsService$Lifecycle
12-08 04:17:07.780 1518 1654 I SystemServerTimingAsync: ssm.onUnlockedUser-0_com.android.server.rollback.RollbackManagerService
12-08 04:17:07.780 1518 1654 I SystemServerTimingAsync: ssm.onUnlockedUser-0_com.android.server.os.NativeTombstoneManagerService
12-08 04:17:07.780 1518 1654 I SystemServerTimingAsync: ssm.onUnlockedUser-0_com.android.server.os.BugreportManagerService
12-08 04:17:07.780 1518 1654 I SystemServerTimingAsync: ssm.onUnlockedUser-0_com.android.server.gpu.GpuService
12-08 04:17:07.780 1518 1654 I SystemServerTimingAsync: ssm.onUnlockedUser-0_com.android.server.security.KeyChainSystemService
12-08 04:17:07.780 1518 1654 I SystemServerTimingAsync: ssm.onUnlockedUser-0_com.android.server.telecom.TelecomLoaderService
12-08 04:17:07.780 1518 1654 I SystemServerTimingAsync: ssm.onUnlockedUser-0_com.android.server.accounts.AccountManagerService$Lifecycle
12-08 04:17:07.780 1518 1654 I SystemServerTimingAsync: ssm.onUnlockedUser-0_com.android.server.content.ContentService$Lifecycle
12-08 04:17:07.780 1518 1654 I SystemServerTimingAsync: ssm.onUnlockedUser-0_com.android.server.DropBoxManagerService
12-08 04:17:07.780 1518 1654 I SystemServerTimingAsync: ssm.onUnlockedUser-0_com.android.role.RoleService
12-08 04:17:07.780 1518 1654 I SystemServerTimingAsync: ssm.onUnlockedUser-0_com.android.server.vibrator.VibratorManagerService$Lifecycle
12-08 04:17:07.780 1518 1654 I SystemServerTimingAsync: ssm.onUnlockedUser-0_com.android.server.alarm.AlarmManagerService
12-08 04:17:07.780 1518 1654 I SystemServerTimingAsync: ssm.onUnlockedUser-0_com.android.server.devicestate.DeviceStateManagerService
12-08 04:17:07.780 1518 1654 I SystemServerTimingAsync: ssm.onUnlockedUser-0_com.android.server.camera.CameraServiceProxy
12-08 04:17:07.780 1518 1654 I SystemServerTimingAsync: ssm.onUnlockedUser-0_com.android.server.BluetoothService
12-08 04:17:07.780 1518 1654 I SystemServerTimingAsync: ssm.onUnlockedUser-0_com.android.server.connectivity.IpConnectivityMetrics
12-08 04:17:07.780 1518 1654 I SystemServerTimingAsync: ssm.onUnlockedUser-0_com.android.server.net.watchlist.NetworkWatchlistService$Lifecycle
12-08 04:17:07.780 1518 1654 I SystemServerTimingAsync: ssm.onUnlockedUser-0_com.android.server.PinnerService
12-08 04:17:07.780 1518 1654 I SystemServerTimingAsync: ssm.onUnlockedUser-0_com.google.android.startop.iorap.IorapForwardingService
12-08 04:17:07.780 1518 1654 I SystemServerTimingAsync: ssm.onUnlockedUser-0_com.android.server.ActivityTriggerService
12-08 04:17:07.780 1518 1654 I SystemServerTimingAsync: ssm.onUnlockedUser-0_com.android.server.integrity.AppIntegrityManagerService
12-08 04:17:07.780 1518 1654 I SystemServerTimingAsync: ssm.onUnlockedUser-0_com.android.server.inputmethod.InputMethodManagerService$Lifecycle
12-08 04:17:07.780 1518 1654 I SystemServerTimingAsync: ssm.onUnlockedUser-0_com.android.server.accessibility.AccessibilityManagerService$Lifecycle
12-08 04:17:07.780 1518 1654 I SystemServerTimingAsync: ssm.onUnlockedUser-0_com.android.server.StorageManagerService$Lifecycle
12-08 04:17:07.780 1518 1654 I SystemServerTimingAsync: ssm.onUnlockedUser-0_com.android.server.usage.StorageStatsService$Lifecycle
12-08 04:17:07.780 1518 1654 I SystemServerTimingAsync: ssm.onUnlockedUser-0_com.android.server.UiModeManagerService
12-08 04:17:07.780 1518 1654 I SystemServerTimingAsync: ssm.onUnlockedUser-0_com.android.server.locksettings.LockSettingsService$Lifecycle
12-08 04:17:07.780 1518 1654 I SystemServerTimingAsync: ssm.onUnlockedUser-0_com.android.server.PersistentDataBlockService
12-08 04:17:07.780 1518 1654 I SystemServerTimingAsync: ssm.onUnlockedUser-0_com.android.server.testharness.TestHarnessModeService
12-08 04:17:07.780 1518 1654 I SystemServerTimingAsync: ssm.onUnlockedUser-0_com.android.server.oemlock.OemLockService
12-08 04:17:07.780 1518 1654 I SystemServerTimingAsync: ssm.onUnlockedUser-0_com.android.server.DeviceIdleController
12-08 04:17:07.780 1518 1654 I SystemServerTimingAsync: ssm.onUnlockedUser-0_com.android.server.devicepolicy.DevicePolicyManagerService$Lifecycle
12-08 04:17:07.780 1518 1654 I SystemServerTimingAsync: ssm.onUnlockedUser-0_com.android.server.texttospeech.TextToSpeechManagerService
12-08 04:17:07.780 1518 1654 I SystemServerTimingAsync: ssm.onUnlockedUser-0_com.android.server.speech.SpeechRecognitionManagerService
12-08 04:17:07.780 1518 1654 I SystemServerTimingAsync: ssm.onUnlockedUser-0_com.android.server.searchui.SearchUiManagerService
12-08 04:17:07.780 1518 1654 I SystemServerTimingAsync: ssm.onUnlockedUser-0_com.android.server.smartspace.SmartspaceManagerService
12-08 04:17:07.780 1518 1654 I SystemServerTimingAsync: ssm.onUnlockedUser-0_com.android.server.graphics.fonts.FontManagerService$Lifecycle
12-08 04:17:07.780 1518 1654 I SystemServerTimingAsync: ssm.onUnlockedUser-0_com.android.server.textservices.TextServicesManagerService$Lifecycle
12-08 04:17:07.780 1518 1654 I SystemServerTimingAsync: ssm.onUnlockedUser-0_com.android.server.textclassifier.TextClassificationManagerService$Lifecycle
12-08 04:17:07.780 1518 1654 I SystemServerTimingAsync: ssm.onUnlockedUser-0_com.android.server.NetworkScoreService$Lifecycle
12-08 04:17:07.780 1518 1654 I SystemServerTimingAsync: ssm.onUnlockedUser-0_com.android.server.wifi.WifiService
12-08 04:17:07.780 1518 1654 I SystemServerTimingAsync: ssm.onUnlockedUser-0_com.android.server.wifi.scanner.WifiScanningService
12-08 04:17:07.780 1518 1654 I SystemServerTimingAsync: ssm.onUnlockedUser-0_com.android.server.wifi.rtt.RttService
12-08 04:17:07.780 1518 1654 I SystemServerTimingAsync: ssm.onUnlockedUser-0_com.android.server.wifi.aware.WifiAwareService
12-08 04:17:07.780 1518 1654 I SystemServerTimingAsync: ssm.onUnlockedUser-0_com.android.server.wifi.p2p.WifiP2pService
12-08 04:17:07.780 1518 1654 I SystemServerTimingAsync: ssm.onUnlockedUser-0_com.android.server.ethernet.EthernetService
12-08 04:17:07.780 1518 1654 I SystemServerTimingAsync: ssm.onUnlockedUser-0_com.android.server.ConnectivityServiceInitializer
12-08 04:17:07.780 1518 1654 I SystemServerTimingAsync: ssm.onUnlockedUser-0_com.android.server.notification.NotificationManagerService
12-08 04:17:07.780 1518 1654 I SystemServerTimingAsync: ssm.onUnlockedUser-0_com.android.server.storage.DeviceStorageMonitorService
12-08 04:17:07.780 1518 1654 I SystemServerTimingAsync: ssm.onUnlockedUser-0_com.android.server.location.LocationManagerService$Lifecycle
12-08 04:17:07.780 1518 1654 I SystemServerTimingAsync: ssm.onUnlockedUser-0_com.android.server.timedetector.TimeDetectorService$Lifecycle
12-08 04:17:07.780 1518 1654 I SystemServerTimingAsync: ssm.onUnlockedUser-0_com.android.server.timezonedetector.TimeZoneDetectorService$Lifecycle
12-08 04:17:07.780 1518 1654 I SystemServerTimingAsync: ssm.onUnlockedUser-0_com.android.server.timezonedetector.location.LocationTimeZoneManagerService$Lifecycle
12-08 04:17:07.780 1518 1654 I SystemServerTimingAsync: ssm.onUnlockedUser-0_com.android.server.search.SearchManagerService$Lifecycle
12-08 04:17:07.780 1518 1654 I SystemServerTimingAsync: ssm.onUnlockedUser-0_com.android.server.wallpaper.WallpaperManagerService$Lifecycle
12-08 04:17:07.780 1518 1654 I SystemServerTimingAsync: ssm.onUnlockedUser-0_com.android.server.audio.AudioService$Lifecycle
12-08 04:17:07.781 1518 1654 I SystemServerTimingAsync: ssm.onUnlockedUser-0_com.android.server.soundtrigger_middleware.SoundTriggerMiddlewareService$Lifecycle
12-08 04:17:07.781 1518 1654 I SystemServerTimingAsync: ssm.onUnlockedUser-0_com.android.server.DockObserver
12-08 04:17:07.781 1518 1654 I SystemServerTimingAsync: ssm.onUnlockedUser-0_com.android.server.midi.MidiService$Lifecycle
12-08 04:17:07.781 1518 1654 I SystemServerTimingAsync: ssm.onUnlockedUser-0_com.android.server.adb.AdbService$Lifecycle
12-08 04:17:07.781 1518 1654 I SystemServerTimingAsync: ssm.onUnlockedUser-0_com.android.server.usb.UsbService$Lifecycle
12-08 04:17:07.781 1518 1654 I SystemServerTimingAsync: ssm.onUnlockedUser-0_com.android.server.twilight.TwilightService
12-08 04:17:07.781 1518 1654 I SystemServerTimingAsync: ssm.onUnlockedUser-0_com.android.server.display.color.ColorDisplayService
12-08 04:17:07.781 1518 1654 I SystemServerTimingAsync: ssm.onUnlockedUser-0_com.android.server.job.JobSchedulerService
12-08 04:17:07.781 1518 1654 I SystemServerTimingAsync: ssm.onUnlockedUser-0_com.android.server.soundtrigger.SoundTriggerService
12-08 04:17:07.781 1518 1654 I SystemServerTimingAsync: ssm.onUnlockedUser-0_com.android.server.trust.TrustManagerService
12-08 04:17:07.781 1518 1654 I SystemServerTimingAsync: ssm.onUnlockedUser-0_com.android.server.backup.BackupManagerService$Lifecycle
12-08 04:17:07.781 1518 1654 I SystemServerTimingAsync: ssm.onUnlockedUser-0_com.android.server.appwidget.AppWidgetService
12-08 04:17:07.781 1518 1654 I SystemServerTimingAsync: ssm.onUnlockedUser-0_com.android.server.voiceinteraction.VoiceInteractionManagerService
12-08 04:17:07.781 1518 1654 I SystemServerTimingAsync: ssm.onUnlockedUser-0_com.android.server.apphibernation.AppHibernationService
12-08 04:17:07.781 1518 1654 I SystemServerTimingAsync: ssm.onUnlockedUser-0_com.android.server.GestureLauncherService
12-08 04:17:07.781 1518 1654 I SystemServerTimingAsync: ssm.onUnlockedUser-0_com.android.server.SensorNotificationService
12-08 04:17:07.781 1518 1654 I SystemServerTimingAsync: ssm.onUnlockedUser-0_com.android.server.emergency.EmergencyAffordanceService
12-08 04:17:07.781 1518 1654 I SystemServerTimingAsync: ssm.onUnlockedUser-0_com.android.server.blob.BlobStoreManagerService
12-08 04:17:07.781 1518 1654 I SystemServerTimingAsync: ssm.onUnlockedUser-0_com.android.server.dreams.DreamManagerService
12-08 04:17:07.781 1518 1654 I SystemServerTimingAsync: ssm.onUnlockedUser-0_com.android.server.companion.CompanionDeviceManagerService
12-08 04:17:07.781 1518 1654 I SystemServerTimingAsync: ssm.onUnlockedUser-0_com.android.server.restrictions.RestrictionsManagerService
12-08 04:17:07.781 1518 1654 I SystemServerTimingAsync: ssm.onUnlockedUser-0_com.android.server.media.MediaSessionService
12-08 04:17:07.781 1518 1654 I SystemServerTimingAsync: ssm.onUnlockedUser-0_com.android.server.media.MediaResourceMonitorService
12-08 04:17:07.781 1518 1654 I SystemServerTimingAsync: ssm.onUnlockedUser-0_com.android.server.biometrics.sensors.fingerprint.FingerprintService
12-08 04:17:07.781 1518 1654 I SystemServerTimingAsync: ssm.onUnlockedUser-0_com.android.server.biometrics.BiometricService
12-08 04:17:07.781 1518 1654 I SystemServerTimingAsync: ssm.onUnlockedUser-0_com.android.server.biometrics.AuthService
12-08 04:17:07.781 1518 1654 I SystemServerTimingAsync: ssm.onUnlockedUser-0_com.android.server.pm.ShortcutService$Lifecycle
12-08 04:17:07.781 1518 3852 E TaskPersister: File error accessing recents directory (directory doesn't exist?).
12-08 04:17:07.781 1518 1654 I SystemServerTimingAsync: ssm.onUnlockedUser-0_com.android.server.pm.LauncherAppsService
12-08 04:17:07.781 1518 1654 I SystemServerTimingAsync: ssm.onUnlockedUser-0_com.android.server.pm.CrossProfileAppsService
12-08 04:17:07.781 1518 3852 E TaskPersister: File error accessing recents directory (directory doesn't exist?).
12-08 04:17:07.782 1518 1654 I SystemServerTimingAsync: ssm.onUnlockedUser-0_com.android.server.people.PeopleService
12-08 04:17:07.782 1518 1654 I SystemServerTimingAsync: ssm.onUnlockedUser-0_com.android.server.media.metrics.MediaMetricsManagerService
12-08 04:17:07.782 1518 1654 I SystemServerTimingAsync: ssm.onUnlockedUser-0_com.android.server.media.projection.MediaProjectionManagerService
12-08 04:17:07.782 1518 1654 I SystemServerTimingAsync: ssm.onUnlockedUser-0_com.android.server.slice.SliceManagerService$Lifecycle
12-08 04:17:07.782 1518 1654 I SystemServerTimingAsync: ssm.onUnlockedUser-0_com.android.server.stats.StatsCompanion$Lifecycle
12-08 04:17:07.782 1518 1654 I SystemServerTimingAsync: ssm.onUnlockedUser-0_com.android.server.scheduling.RebootReadinessManagerService$Lifecycle
12-08 04:17:07.782 1518 1654 I SystemServerTimingAsync: ssm.onUnlockedUser-0_com.android.server.stats.pull.StatsPullAtomService
12-08 04:17:07.782 1518 1654 I SystemServerTimingAsync: ssm.onUnlockedUser-0_com.android.server.incident.IncidentCompanionService
12-08 04:17:07.782 1518 1654 I SystemServerTimingAsync: ssm.onUnlockedUser-0_com.android.server.MmsServiceBroker
12-08 04:17:07.782 1518 1654 I SystemServerTimingAsync: ssm.onUnlockedUser-0_com.android.server.autofill.AutofillManagerService
12-08 04:17:07.782 1518 1654 I SystemServerTimingAsync: ssm.onUnlockedUser-0_com.android.server.clipboard.ClipboardService
