12-08 04:36:40.049 1518 2319 I GameModeConfig: isGameModeOn = false
12-08 04:36:40.049 1518 2319 I GameModeConfig: isGameModeOn = false
12-08 04:36:40.049 1518 2319 I GameModeConfig: isGameModeOn = false
12-08 04:36:40.049 1518 2319 I GameModeConfig: isGameModeOn = false
12-08 04:36:40.049 1518 2319 I GameModeConfig: isGameModeOn = false
12-08 04:36:40.050 2377 2377 I sysui_multi_action: [757,111,758,2]
12-08 04:36:40.050 1518 1518 I notification_enqueue: [10082,2377,com.android.systemui,2048,NULL,0,Notification(channel=updateNotification shortcut=null contentView=null vibrate=null sound=null defaults=0x0 flags=0x0 color=0x00000000 vis=PRIVATE),1]
12-08 04:36:40.050 2377 2377 I sysui_multi_action: [757,111,758,2]
12-08 04:36:40.053 1518 2355 E DisplayDeviceConfig: requesting nits when no mapping exists.
12-08 04:36:40.053 1518 2355 E DisplayDeviceConfig: requesting nits when no mapping exists.
12-08 04:36:40.053 1518 1654 I am_wtf : [0,1518,system_server,-1,DisplayDeviceConfig,requesting nits when no mapping exists.]
12-08 04:36:40.054 1518 1654 I am_wtf : [0,1518,system_server,-1,DisplayDeviceConfig,requesting nits when no mapping exists.]
12-08 04:36:40.059 1518 2002 I input_focus: [Focus leaving 89e55f9 NotificationShade (server),reason=NOT_FOCUSABLE]
12-08 04:36:40.060 1518 2002 I input_focus: [Focus entering 87852de com.android.launcher3/com.android.launcher3.uioverrides.QuickstepLauncher (server),reason=setFocusedWindow]
12-08 04:36:40.061 1518 1646 I input_focus: [Focus request 89e55f9 NotificationShade,reason=UpdateInputWindows]
12-08 04:36:40.062 2377 2377 I sysui_multi_action: [757,111,758,1]
12-08 04:36:40.062 2377 2377 I sysui_multi_action: [757,126,758,1,759,126,927,0,928,1,1593,0]
12-08 04:36:40.062 2377 2377 I sysui_multi_action: [757,113,758,1,759,113,927,1,928,1,1593,0]
12-08 04:36:40.062 2377 2377 I sysui_multi_action: [757,0,758,1,759,0,927,2,928,0,1593,0]
12-08 04:36:40.062 2377 2377 I sysui_multi_action: [757,0,758,1,759,0,927,3,928,0,1593,0]
12-08 04:36:40.062 2377 2377 I sysui_multi_action: [757,491,758,1,759,491,927,4,928,0,1311,-1,1593,0]
12-08 04:36:40.062 2377 2377 I sysui_multi_action: [757,0,758,1,759,0,927,5,928,0,1593,0]
12-08 04:36:40.062 2377 2377 I sysui_multi_action: [757,111,758,1]
12-08 04:36:40.062 2377 2377 I sysui_multi_action: [757,126,758,1,759,126,927,0,928,1,1593,0]
12-08 04:36:40.063 2377 2377 I sysui_multi_action: [757,113,758,1,759,113,927,1,928,1,1593,0]
12-08 04:36:40.063 2377 2377 I sysui_multi_action: [757,0,758,1,759,0,927,2,928,0,1593,0]
12-08 04:36:40.063 2377 2377 I sysui_multi_action: [757,0,758,1,759,0,927,3,928,0,1593,0]
12-08 04:36:40.069 1518 2319 I GameModeConfig: isGameModeOn = false
12-08 04:36:40.069 1518 2319 I GameModeConfig: isGameModeOn = false
12-08 04:36:40.069 1518 2319 I GameModeConfig: isGameModeOn = false
12-08 04:36:40.069 1518 2319 I GameModeConfig: isGameModeOn = false
12-08 04:36:40.069 1518 2319 I GameModeConfig: isGameModeOn = false
12-08 04:36:40.071 2377 2377 I sysui_multi_action: [757,111,758,2]
12-08 04:36:40.071 1518 1518 I notification_enqueue: [10082,2377,com.android.systemui,2048,NULL,0,Notification(channel=updateNotification shortcut=null contentView=null vibrate=null sound=null defaults=0x0 flags=0x0 color=0x00000000 vis=PRIVATE),1]
12-08 04:36:40.071 2377 2377 I sysui_multi_action: [757,111,758,2]
12-08 04:36:40.071 1518 2355 E DisplayDeviceConfig: requesting nits when no mapping exists.
12-08 04:36:40.072 1518 2355 E DisplayDeviceConfig: requesting nits when no mapping exists.
12-08 04:36:40.072 1518 1654 I am_wtf : [0,1518,system_server,-1,DisplayDeviceConfig,requesting nits when no mapping exists.]
12-08 04:36:40.072 1518 1654 I am_wtf : [0,1518,system_server,-1,DisplayDeviceConfig,requesting nits when no mapping exists.]
12-08 04:36:40.074 2377 2377 I sysui_multi_action: [757,111,758,1]
12-08 04:36:40.074 2377 2377 I sysui_multi_action: [757,126,758,1,759,126,927,0,928,1,1593,0]
12-08 04:36:40.074 2377 2377 I sysui_multi_action: [757,113,758,1,759,113,927,1,928,1,1593,0]
12-08 04:36:40.074 2377 2377 I sysui_multi_action: [757,0,758,1,759,0,927,2,928,0,1593,0]
12-08 04:36:40.075 2377 2377 I sysui_multi_action: [757,0,758,1,759,0,927,3,928,0,1593,0]
12-08 04:36:40.075 2377 2377 I sysui_multi_action: [757,491,758,1,759,491,927,4,928,0,1311,-1,1593,0]
12-08 04:36:40.075 2377 2377 I sysui_multi_action: [757,0,758,1,759,0,927,5,928,0,1593,0]
12-08 04:36:40.075 2377 2377 I sysui_multi_action: [757,111,758,1]
12-08 04:36:40.075 2377 2377 I sysui_multi_action: [757,126,758,1,759,126,927,0,928,1,1593,0]
12-08 04:36:40.075 2377 2377 I sysui_multi_action: [757,113,758,1,759,113,927,1,928,1,1593,0]
12-08 04:36:40.075 2377 2377 I sysui_multi_action: [757,0,758,1,759,0,927,2,928,0,1593,0]
12-08 04:36:40.075 2377 2377 I sysui_multi_action: [757,0,758,1,759,0,927,3,928,0,1593,0]
12-08 04:36:40.083 1518 2319 I GameModeConfig: isGameModeOn = false
12-08 04:36:40.083 1518 2319 I GameModeConfig: isGameModeOn = false
12-08 04:36:40.084 1518 2319 I GameModeConfig: isGameModeOn = false
12-08 04:36:40.084 1518 2319 I GameModeConfig: isGameModeOn = false
12-08 04:36:40.085 1518 2319 I GameModeConfig: isGameModeOn = false
12-08 04:36:40.086 2377 2377 I sysui_multi_action: [757,111,758,2]
12-08 04:36:40.086 2377 2377 I sysui_multi_action: [757,111,758,2]
12-08 04:36:40.086 1518 1518 I notification_enqueue: [10082,2377,com.android.systemui,2048,NULL,0,Notification(channel=updateNotification shortcut=null contentView=null vibrate=null sound=null defaults=0x0 flags=0x0 color=0x00000000 vis=PRIVATE),1]
12-08 04:36:40.088 1518 2355 E DisplayDeviceConfig: requesting nits when no mapping exists.
12-08 04:36:40.088 1518 2355 E DisplayDeviceConfig: requesting nits when no mapping exists.
12-08 04:36:40.088 1518 1654 I am_wtf : [0,1518,system_server,-1,DisplayDeviceConfig,requesting nits when no mapping exists.]
12-08 04:36:40.089 1518 1654 I am_wtf : [0,1518,system_server,-1,DisplayDeviceConfig,requesting nits when no mapping exists.]
12-08 04:36:40.090 2377 2377 I sysui_multi_action: [757,111,758,1]
12-08 04:36:40.090 2377 2377 I sysui_multi_action: [757,126,758,1,759,126,927,0,928,1,1593,0]
12-08 04:36:40.090 2377 2377 I sysui_multi_action: [757,113,758,1,759,113,927,1,928,1,1593,0]
12-08 04:36:40.090 2377 2377 I sysui_multi_action: [757,0,758,1,759,0,927,2,928,0,1593,0]
12-08 04:36:40.090 2377 2377 I sysui_multi_action: [757,0,758,1,759,0,927,3,928,0,1593,0]
12-08 04:36:40.090 2377 2377 I sysui_multi_action: [757,491,758,1,759,491,927,4,928,0,1311,-1,1593,0]
12-08 04:36:40.090 2377 2377 I sysui_multi_action: [757,0,758,1,759,0,927,5,928,0,1593,0]
12-08 04:36:40.090 2377 2377 I sysui_multi_action: [757,111,758,1]
12-08 04:36:40.090 2377 2377 I sysui_multi_action: [757,126,758,1,759,126,927,0,928,1,1593,0]
12-08 04:36:40.090 2377 2377 I sysui_multi_action: [757,113,758,1,759,113,927,1,928,1,1593,0]
12-08 04:36:40.091 2377 2377 I sysui_multi_action: [757,0,758,1,759,0,927,2,928,0,1593,0]
12-08 04:36:40.091 2377 2377 I sysui_multi_action: [757,0,758,1,759,0,927,3,928,0,1593,0]
12-08 04:36:40.092 1518 2002 I input_focus: [Focus leaving 87852de com.android.launcher3/com.android.launcher3.uioverrides.QuickstepLauncher (server),reason=setFocusedWindow]
12-08 04:36:40.092 1518 2002 I input_focus: [Focus entering 89e55f9 NotificationShade (server),reason=setFocusedWindow]
12-08 04:36:40.098 1518 2319 I GameModeConfig: isGameModeOn = false
12-08 04:36:40.098 1518 2319 I GameModeConfig: isGameModeOn = false
12-08 04:36:40.098 1518 2319 I GameModeConfig: isGameModeOn = false
12-08 04:36:40.099 1518 2319 I GameModeConfig: isGameModeOn = false
12-08 04:36:40.099 1518 2319 I GameModeConfig: isGameModeOn = false
12-08 04:36:40.099 2377 2377 I sysui_multi_action: [757,111,758,2]
12-08 04:36:40.099 2377 2377 I sysui_multi_action: [757,111,758,2]
12-08 04:36:40.099 1518 1518 I notification_enqueue: [10082,2377,com.android.systemui,2048,NULL,0,Notification(channel=updateNotification shortcut=null contentView=null vibrate=null sound=null defaults=0x0 flags=0x0 color=0x00000000 vis=PRIVATE),1]
12-08 04:36:40.102 2377 2377 I sysui_multi_action: [757,111,758,1]
12-08 04:36:40.102 2377 2377 I sysui_multi_action: [757,126,758,1,759,126,927,0,928,1,1593,0]
12-08 04:36:40.102 2377 2377 I sysui_multi_action: [757,113,758,1,759,113,927,1,928,1,1593,0]
12-08 04:36:40.102 2377 2377 I sysui_multi_action: [757,0,758,1,759,0,927,2,928,0,1593,0]
12-08 04:36:40.102 2377 2377 I sysui_multi_action: [757,0,758,1,759,0,927,3,928,0,1593,0]
12-08 04:36:40.102 2377 2377 I sysui_multi_action: [757,491,758,1,759,491,927,4,928,0,1311,-1,1593,0]
12-08 04:36:40.102 2377 2377 I sysui_multi_action: [757,0,758,1,759,0,927,5,928,0,1593,0]
12-08 04:36:40.102 2377 2377 I sysui_multi_action: [757,111,758,1]
12-08 04:36:40.102 2377 2377 I sysui_multi_action: [757,126,758,1,759,126,927,0,928,1,1593,0]
12-08 04:36:40.103 2377 2377 I sysui_multi_action: [757,113,758,1,759,113,927,1,928,1,1593,0]
12-08 04:36:40.103 2377 2377 I sysui_multi_action: [757,0,758,1,759,0,927,2,928,0,1593,0]
12-08 04:36:40.103 2377 2377 I sysui_multi_action: [757,0,758,1,759,0,927,3,928,0,1593,0]
12-08 04:36:40.104 1518 2355 E DisplayDeviceConfig: requesting nits when no mapping exists.
12-08 04:36:40.105 1518 2355 E DisplayDeviceConfig: requesting nits when no mapping exists.
12-08 04:36:40.105 1518 1654 I am_wtf : [0,1518,system_server,-1,DisplayDeviceConfig,requesting nits when no mapping exists.]
12-08 04:36:40.105 1518 1654 I am_wtf : [0,1518,system_server,-1,DisplayDeviceConfig,requesting nits when no mapping exists.]
12-08 04:36:40.120 1518 2355 E DisplayDeviceConfig: requesting nits when no mapping exists.
12-08 04:36:40.121 1518 2355 E DisplayDeviceConfig: requesting nits when no mapping exists.
12-08 04:36:40.121 1518 1654 I am_wtf : [0,1518,system_server,-1,DisplayDeviceConfig,requesting nits when no mapping exists.]
12-08 04:36:40.122 1518 1654 I am_wtf : [0,1518,system_server,-1,DisplayDeviceConfig,requesting nits when no mapping exists.]
12-08 04:36:40.137 1518 2355 E DisplayDeviceConfig: requesting nits when no mapping exists.
12-08 04:36:40.137 1518 2355 E DisplayDeviceConfig: requesting nits when no mapping exists.
12-08 04:36:40.137 1518 1654 I am_wtf : [0,1518,system_server,-1,DisplayDeviceConfig,requesting nits when no mapping exists.]
12-08 04:36:40.138 1518 1654 I am_wtf : [0,1518,system_server,-1,DisplayDeviceConfig,requesting nits when no mapping exists.]
12-08 04:36:40.153 1518 2355 E DisplayDeviceConfig: requesting nits when no mapping exists.
12-08 04:36:40.154 1518 2355 E DisplayDeviceConfig: requesting nits when no mapping exists.
12-08 04:36:40.154 1518 1654 I am_wtf : [0,1518,system_server,-1,DisplayDeviceConfig,requesting nits when no mapping exists.]
12-08 04:36:40.156 1518 1654 I am_wtf : [0,1518,system_server,-1,DisplayDeviceConfig,requesting nits when no mapping exists.]
12-08 04:36:40.170 1518 2355 E DisplayDeviceConfig: requesting nits when no mapping exists.
12-08 04:36:40.171 1518 2355 E DisplayDeviceConfig: requesting nits when no mapping exists.
12-08 04:36:40.171 1518 1654 I am_wtf : [0,1518,system_server,-1,DisplayDeviceConfig,requesting nits when no mapping exists.]
12-08 04:36:40.172 1518 1654 I am_wtf : [0,1518,system_server,-1,DisplayDeviceConfig,requesting nits when no mapping exists.]
12-08 04:36:40.187 1518 2355 E DisplayDeviceConfig: requesting nits when no mapping exists.
12-08 04:36:40.188 1518 2355 E DisplayDeviceConfig: requesting nits when no mapping exists.
12-08 04:36:40.188 1518 1654 I am_wtf : [0,1518,system_server,-1,DisplayDeviceConfig,requesting nits when no mapping exists.]
12-08 04:36:40.189 1518 1654 I am_wtf : [0,1518,system_server,-1,DisplayDeviceConfig,requesting nits when no mapping exists.]
12-08 04:36:40.204 1518 2355 E DisplayDeviceConfig: requesting nits when no mapping exists.
12-08 04:36:40.205 1518 2355 E DisplayDeviceConfig: requesting nits when no mapping exists.
12-08 04:36:40.206 1518 1654 I am_wtf : [0,1518,system_server,-1,DisplayDeviceConfig,requesting nits when no mapping exists.]
12-08 04:36:40.207 1518 1654 I am_wtf : [0,1518,system_server,-1,DisplayDeviceConfig,requesting nits when no mapping exists.]
12-08 04:36:40.224 1518 1518 I GameModeConfig: isGameModeOn = false
12-08 04:36:40.224 1518 2355 E DisplayDeviceConfig: requesting nits when no mapping exists.
12-08 04:36:40.225 1518 2355 E DisplayDeviceConfig: requesting nits when no mapping exists.
12-08 04:36:40.225 1518 1654 I am_wtf : [0,1518,system_server,-1,DisplayDeviceConfig,requesting nits when no mapping exists.]
12-08 04:36:40.225 1518 1518 I sysui_multi_action: [757,1501,758,1,793,985122,794,0,795,205,796,2048,806,com.android.systemui,857,updateNotification,858,3,947,0,1500,0,1688,1]
12-08 04:36:40.225 1518 1518 I sysui_multi_action: [757,804,799,note_interruptive,801,0,802,1]
12-08 04:36:40.226 1518 1518 I sysui_multi_action: [757,199,758,1,759,2,793,985122,794,0,795,205,796,2048,806,com.android.systemui,857,updateNotification,858,3,947,0,1500,0,1688,1]
12-08 04:36:40.226 1518 1518 I notification_alert: [0|com.android.systemui|2048|null|10082,0,1,0]
12-08 04:36:40.227 1518 1518 W NotificationHistory: Attempted to add notif for locked/gone/disabled user 0
12-08 04:36:40.229 1518 1654 I am_wtf : [0,1518,system_server,-1,DisplayDeviceConfig,requesting nits when no mapping exists.]
12-08 04:36:40.240 1518 2355 E DisplayDeviceConfig: requesting nits when no mapping exists.
12-08 04:36:40.240 1518 2355 E DisplayDeviceConfig: requesting nits when no mapping exists.
12-08 04:36:40.240 1518 1654 I am_wtf : [0,1518,system_server,-1,DisplayDeviceConfig,requesting nits when no mapping exists.]
12-08 04:36:40.242 1518 1654 I am_wtf : [0,1518,system_server,-1,DisplayDeviceConfig,requesting nits when no mapping exists.]
12-08 04:36:40.252 1518 1518 I GameModeConfig: isGameModeOn = false
12-08 04:36:40.252 1518 1518 E NotificationService: Muting recently noisy 0|com.android.systemui|2048|null|10082
12-08 04:36:40.254 1518 2355 E DisplayDeviceConfig: requesting nits when no mapping exists.
12-08 04:36:40.255 1518 2355 E DisplayDeviceConfig: requesting nits when no mapping exists.
12-08 04:36:40.256 1518 1654 I am_wtf : [0,1518,system_server,-1,DisplayDeviceConfig,requesting nits when no mapping exists.]
12-08 04:36:40.257 1518 1654 I am_wtf : [0,1518,system_server,-1,DisplayDeviceConfig,requesting nits when no mapping exists.]
12-08 04:36:40.270 1518 2355 E DisplayDeviceConfig: requesting nits when no mapping exists.
12-08 04:36:40.271 1518 2355 E DisplayDeviceConfig: requesting nits when no mapping exists.
12-08 04:36:40.271 1518 1654 I am_wtf : [0,1518,system_server,-1,DisplayDeviceConfig,requesting nits when no mapping exists.]
12-08 04:36:40.272 1518 1654 I am_wtf : [0,1518,system_server,-1,DisplayDeviceConfig,requesting nits when no mapping exists.]
12-08 04:36:40.273 1518 1518 I GameModeConfig: isGameModeOn = false
12-08 04:36:40.273 1518 1518 E NotificationService: Muting recently noisy 0|com.android.systemui|2048|null|10082
12-08 04:36:40.286 1518 1518 I GameModeConfig: isGameModeOn = false
12-08 04:36:40.287 1518 1518 E NotificationService: Muting recently noisy 0|com.android.systemui|2048|null|10082
12-08 04:36:40.287 1518 2355 E DisplayDeviceConfig: requesting nits when no mapping exists.
12-08 04:36:40.288 1518 2355 E DisplayDeviceConfig: requesting nits when no mapping exists.
12-08 04:36:40.288 1518 1654 I am_wtf : [0,1518,system_server,-1,DisplayDeviceConfig,requesting nits when no mapping exists.]
12-08 04:36:40.289 1518 1654 I am_wtf : [0,1518,system_server,-1,DisplayDeviceConfig,requesting nits when no mapping exists.]
12-08 04:36:40.302 1518 1518 I GameModeConfig: isGameModeOn = false
12-08 04:36:40.302 1518 1518 E NotificationService: Muting recently noisy 0|com.android.systemui|2048|null|10082
12-08 04:36:40.304 1518 2355 E DisplayDeviceConfig: requesting nits when no mapping exists.
12-08 04:36:40.304 1518 2355 E DisplayDeviceConfig: requesting nits when no mapping exists.
12-08 04:36:40.305 1518 1654 I am_wtf : [0,1518,system_server,-1,DisplayDeviceConfig,requesting nits when no mapping exists.]
12-08 04:36:40.306 1518 1654 I am_wtf : [0,1518,system_server,-1,DisplayDeviceConfig,requesting nits when no mapping exists.]
12-08 04:36:40.321 1518 2355 E DisplayDeviceConfig: requesting nits when no mapping exists.
12-08 04:36:40.321 1518 2355 E DisplayDeviceConfig: requesting nits when no mapping exists.
12-08 04:36:40.321 1518 1654 I am_wtf : [0,1518,system_server,-1,DisplayDeviceConfig,requesting nits when no mapping exists.]
12-08 04:36:40.322 1518 1654 I am_wtf : [0,1518,system_server,-1,DisplayDeviceConfig,requesting nits when no mapping exists.]
12-08 04:36:40.337 1518 2355 E DisplayDeviceConfig: requesting nits when no mapping exists.
12-08 04:36:40.338 1518 2355 E DisplayDeviceConfig: requesting nits when no mapping exists.
12-08 04:36:40.338 1518 1654 I am_wtf : [0,1518,system_server,-1,DisplayDeviceConfig,requesting nits when no mapping exists.]
12-08 04:36:40.339 1518 1654 I am_wtf : [0,1518,system_server,-1,DisplayDeviceConfig,requesting nits when no mapping exists.]
12-08 04:36:40.354 1518 2355 E DisplayDeviceConfig: requesting nits when no mapping exists.
12-08 04:36:40.355 1518 2355 E DisplayDeviceConfig: requesting nits when no mapping exists.
12-08 04:36:40.355 1518 1654 I am_wtf : [0,1518,system_server,-1,DisplayDeviceConfig,requesting nits when no mapping exists.]
12-08 04:36:40.357 1518 1654 I am_wtf : [0,1518,system_server,-1,DisplayDeviceConfig,requesting nits when no mapping exists.]
12-08 04:36:40.371 1518 2355 E DisplayDeviceConfig: requesting nits when no mapping exists.
12-08 04:36:40.372 1518 2355 E DisplayDeviceConfig: requesting nits when no mapping exists.
12-08 04:36:40.372 1518 1654 I am_wtf : [0,1518,system_server,-1,DisplayDeviceConfig,requesting nits when no mapping exists.]
12-08 04:36:40.373 1518 1654 I am_wtf : [0,1518,system_server,-1,DisplayDeviceConfig,requesting nits when no mapping exists.]
12-08 04:36:40.388 1518 2355 E DisplayDeviceConfig: requesting nits when no mapping exists.
12-08 04:36:40.388 1518 2355 E DisplayDeviceConfig: requesting nits when no mapping exists.
12-08 04:36:40.388 1518 1654 I am_wtf : [0,1518,system_server,-1,DisplayDeviceConfig,requesting nits when no mapping exists.]
12-08 04:36:40.389 1518 1654 I am_wtf : [0,1518,system_server,-1,DisplayDeviceConfig,requesting nits when no mapping exists.]
12-08 04:36:40.404 1518 2355 E DisplayDeviceConfig: requesting nits when no mapping exists.
12-08 04:36:40.405 1518 2355 E DisplayDeviceConfig: requesting nits when no mapping exists.
12-08 04:36:40.405 1518 1654 I am_wtf : [0,1518,system_server,-1,DisplayDeviceConfig,requesting nits when no mapping exists.]
12-08 04:36:40.406 1518 1654 I am_wtf : [0,1518,system_server,-1,DisplayDeviceConfig,requesting nits when no mapping exists.]
12-08 04:36:40.421 1518 2355 E DisplayDeviceConfig: requesting nits when no mapping exists.
12-08 04:36:40.422 1518 2355 E DisplayDeviceConfig: requesting nits when no mapping exists.
12-08 04:36:40.422 1518 1654 I am_wtf : [0,1518,system_server,-1,DisplayDeviceConfig,requesting nits when no mapping exists.]
12-08 04:36:40.423 1518 1654 I am_wtf : [0,1518,system_server,-1,DisplayDeviceConfig,requesting nits when no mapping exists.]
12-08 04:36:40.438 1518 2355 E DisplayDeviceConfig: requesting nits when no mapping exists.
12-08 04:36:40.438 1518 2355 E DisplayDeviceConfig: requesting nits when no mapping exists.
12-08 04:36:40.438 1518 1654 I am_wtf : [0,1518,system_server,-1,DisplayDeviceConfig,requesting nits when no mapping exists.]
12-08 04:36:40.439 1518 1654 I am_wtf : [0,1518,system_server,-1,DisplayDeviceConfig,requesting nits when no mapping exists.]
12-08 04:36:40.455 1518 2355 E DisplayDeviceConfig: requesting nits when no mapping exists.
12-08 04:36:40.456 1518 2355 E DisplayDeviceConfig: requesting nits when no mapping exists.
12-08 04:36:40.456 1518 1654 I am_wtf : [0,1518,system_server,-1,DisplayDeviceConfig,requesting nits when no mapping exists.]
12-08 04:36:40.457 1518 1654 I am_wtf : [0,1518,system_server,-1,DisplayDeviceConfig,requesting nits when no mapping exists.]
12-08 04:36:40.471 1518 2355 E DisplayDeviceConfig: requesting nits when no mapping exists.
12-08 04:36:40.472 1518 2355 E DisplayDeviceConfig: requesting nits when no mapping exists.
12-08 04:36:40.472 1518 1654 I am_wtf : [0,1518,system_server,-1,DisplayDeviceConfig,requesting nits when no mapping exists.]
12-08 04:36:40.473 1518 1654 I am_wtf : [0,1518,system_server,-1,DisplayDeviceConfig,requesting nits when no mapping exists.]
12-08 04:36:40.488 1518 2355 E DisplayDeviceConfig: requesting nits when no mapping exists.
12-08 04:36:40.489 1518 2355 E DisplayDeviceConfig: requesting nits when no mapping exists.
12-08 04:36:40.489 1518 1654 I am_wtf : [0,1518,system_server,-1,DisplayDeviceConfig,requesting nits when no mapping exists.]
12-08 04:36:40.490 1518 1654 I am_wtf : [0,1518,system_server,-1,DisplayDeviceConfig,requesting nits when no mapping exists.]
12-08 04:36:40.504 1518 2355 E DisplayDeviceConfig: requesting nits when no mapping exists.
12-08 04:36:40.505 1518 2355 E DisplayDeviceConfig: requesting nits when no mapping exists.
12-08 04:36:40.505 1518 1654 I am_wtf : [0,1518,system_server,-1,DisplayDeviceConfig,requesting nits when no mapping exists.]
12-08 04:36:40.506 1518 1654 I am_wtf : [0,1518,system_server,-1,DisplayDeviceConfig,requesting nits when no mapping exists.]
12-08 04:36:40.523 1518 2355 E DisplayDeviceConfig: requesting nits when no mapping exists.
12-08 04:36:40.523 1518 2355 E DisplayDeviceConfig: requesting nits when no mapping exists.
12-08 04:36:40.523 1518 1654 I am_wtf : [0,1518,system_server,-1,DisplayDeviceConfig,requesting nits when no mapping exists.]
12-08 04:36:40.524 1518 1654 I am_wtf : [0,1518,system_server,-1,DisplayDeviceConfig,requesting nits when no mapping exists.]
12-08 04:36:40.530 1518 6603 I sysui_multi_action: [757,128,758,1,793,991928,794,0,795,991928,796,26,798,0,806,android,857,DEVELOPER_IMPORTANT,858,4,947,0,1395,3,1500,991721,1688,1]
12-08 04:36:40.530 1518 6603 I sysui_multi_action: [757,804,799,note_freshness,801,991928,802,1]
12-08 04:36:40.530 1518 6603 I notification_visibility: [-1|android|26|null|1000,1,991928,991928,0,0]
12-08 04:36:40.530 1518 6603 I sysui_multi_action: [757,128,758,1,793,312554,794,0,795,312554,796,4273,798,1,806,com.android.systemui,857,screen_record,858,3,947,0,1395,3,1500,312352,1688,1,1745,680407814]
12-08 04:36:40.530 1518 6603 I sysui_multi_action: [757,804,799,note_freshness,801,312554,802,1]
12-08 04:36:40.530 1518 6603 I notification_visibility: [0|com.android.systemui|4273|null|10082,1,312554,312554,0,1]
12-08 04:36:40.531 1518 6603 I sysui_multi_action: [757,128,758,1,793,1173638,794,0,795,1173638,796,32,798,2,806,android,857,USB,858,1,947,0,1395,3,1500,1173476,1688,1]
12-08 04:36:40.531 1518 6603 I sysui_multi_action: [757,804,799,note_freshness,801,1173638,802,1]
12-08 04:36:40.531 1518 6603 I notification_visibility: [-1|android|32|null|1000,1,1173638,1173638,0,2]
12-08 04:36:40.538 1518 2355 E DisplayDeviceConfig: requesting nits when no mapping exists.
12-08 04:36:40.539 1518 1654 I am_wtf : [0,1518,system_server,-1,DisplayDeviceConfig,requesting nits when no mapping exists.]
12-08 04:36:40.539 1518 2355 E DisplayDeviceConfig: requesting nits when no mapping exists.
12-08 04:36:40.540 1518 1654 I am_wtf : [0,1518,system_server,-1,DisplayDeviceConfig,requesting nits when no mapping exists.]
12-08 04:36:40.555 1518 2355 E DisplayDeviceConfig: requesting nits when no mapping exists.
12-08 04:36:40.556 1518 2355 E DisplayDeviceConfig: requesting nits when no mapping exists.
12-08 04:36:40.556 1518 1654 I am_wtf : [0,1518,system_server,-1,DisplayDeviceConfig,requesting nits when no mapping exists.]
12-08 04:36:40.557 1518 1654 I am_wtf : [0,1518,system_server,-1,DisplayDeviceConfig,requesting nits when no mapping exists.]
12-08 04:36:40.571 1518 2355 E DisplayDeviceConfig: requesting nits when no mapping exists.
12-08 04:36:40.572 1518 1654 I am_wtf : [0,1518,system_server,-1,DisplayDeviceConfig,requesting nits when no mapping exists.]
12-08 04:36:40.572 1518 2355 E DisplayDeviceConfig: requesting nits when no mapping exists.
12-08 04:36:40.573 1518 1654 I am_wtf : [0,1518,system_server,-1,DisplayDeviceConfig,requesting nits when no mapping exists.]
12-08 04:36:40.589 1518 2355 E DisplayDeviceConfig: requesting nits when no mapping exists.
12-08 04:36:40.590 1518 2355 E DisplayDeviceConfig: requesting nits when no mapping exists.
12-08 04:36:40.590 1518 1654 I am_wtf : [0,1518,system_server,-1,DisplayDeviceConfig,requesting nits when no mapping exists.]
12-08 04:36:40.593 1518 1654 I am_wtf : [0,1518,system_server,-1,DisplayDeviceConfig,requesting nits when no mapping exists.]
12-08 04:36:40.605 1518 2355 E DisplayDeviceConfig: requesting nits when no mapping exists.
12-08 04:36:40.605 1518 1654 I am_wtf : [0,1518,system_server,-1,DisplayDeviceConfig,requesting nits when no mapping exists.]
12-08 04:36:40.605 1518 2355 E DisplayDeviceConfig: requesting nits when no mapping exists.
12-08 04:36:40.606 1518 1654 I am_wtf : [0,1518,system_server,-1,DisplayDeviceConfig,requesting nits when no mapping exists.]
12-08 04:36:40.621 1518 2355 E DisplayDeviceConfig: requesting nits when no mapping exists.
12-08 04:36:40.622 1518 1654 I am_wtf : [0,1518,system_server,-1,DisplayDeviceConfig,requesting nits when no mapping exists.]
12-08 04:36:40.623 1518 2355 E DisplayDeviceConfig: requesting nits when no mapping exists.
12-08 04:36:40.624 1518 1654 I am_wtf : [0,1518,system_server,-1,DisplayDeviceConfig,requesting nits when no mapping exists.]
12-08 04:36:40.638 1518 2355 E DisplayDeviceConfig: requesting nits when no mapping exists.
12-08 04:36:40.639 1518 2355 E DisplayDeviceConfig: requesting nits when no mapping exists.
12-08 04:36:40.639 1518 1654 I am_wtf : [0,1518,system_server,-1,DisplayDeviceConfig,requesting nits when no mapping exists.]
12-08 04:36:40.641 1518 1654 I am_wtf : [0,1518,system_server,-1,DisplayDeviceConfig,requesting nits when no mapping exists.]
12-08 04:36:40.655 1518 2355 E DisplayDeviceConfig: requesting nits when no mapping exists.
12-08 04:36:40.655 1518 2355 E DisplayDeviceConfig: requesting nits when no mapping exists.
12-08 04:36:40.656 1518 1654 I am_wtf : [0,1518,system_server,-1,DisplayDeviceConfig,requesting nits when no mapping exists.]
12-08 04:36:40.657 1518 1654 I am_wtf : [0,1518,system_server,-1,DisplayDeviceConfig,requesting nits when no mapping exists.]
12-08 04:36:40.672 1518 2355 E DisplayDeviceConfig: requesting nits when no mapping exists.
12-08 04:36:40.672 1518 2355 E DisplayDeviceConfig: requesting nits when no mapping exists.
12-08 04:36:40.673 1518 1654 I am_wtf : [0,1518,system_server,-1,DisplayDeviceConfig,requesting nits when no mapping exists.]
12-08 04:36:40.674 1518 1654 I am_wtf : [0,1518,system_server,-1,DisplayDeviceConfig,requesting nits when no mapping exists.]
12-08 04:36:40.688 1518 2355 E DisplayDeviceConfig: requesting nits when no mapping exists.
12-08 04:36:40.689 1518 2355 E DisplayDeviceConfig: requesting nits when no mapping exists.
12-08 04:36:40.689 1518 1654 I am_wtf : [0,1518,system_server,-1,DisplayDeviceConfig,requesting nits when no mapping exists.]
12-08 04:36:40.690 1518 1654 I am_wtf : [0,1518,system_server,-1,DisplayDeviceConfig,requesting nits when no mapping exists.]
12-08 04:36:40.705 1518 2355 E DisplayDeviceConfig: requesting nits when no mapping exists.
12-08 04:36:40.706 1518 2355 E DisplayDeviceConfig: requesting nits when no mapping exists.
12-08 04:36:40.706 1518 1654 I am_wtf : [0,1518,system_server,-1,DisplayDeviceConfig,requesting nits when no mapping exists.]
12-08 04:36:40.707 1518 1654 I am_wtf : [0,1518,system_server,-1,DisplayDeviceConfig,requesting nits when no mapping exists.]
12-08 04:36:40.722 1518 2355 E DisplayDeviceConfig: requesting nits when no mapping exists.
12-08 04:36:40.723 1518 2355 E DisplayDeviceConfig: requesting nits when no mapping exists.
12-08 04:36:40.723 1518 1654 I am_wtf : [0,1518,system_server,-1,DisplayDeviceConfig,requesting nits when no mapping exists.]
12-08 04:36:40.724 1518 1654 I am_wtf : [0,1518,system_server,-1,DisplayDeviceConfig,requesting nits when no mapping exists.]
12-08 04:36:40.739 1518 2355 E DisplayDeviceConfig: requesting nits when no mapping exists.
12-08 04:36:40.739 1518 2355 E DisplayDeviceConfig: requesting nits when no mapping exists.
12-08 04:36:40.739 1518 1654 I am_wtf : [0,1518,system_server,-1,DisplayDeviceConfig,requesting nits when no mapping exists.]
12-08 04:36:40.741 1518 1654 I am_wtf : [0,1518,system_server,-1,DisplayDeviceConfig,requesting nits when no mapping exists.]
12-08 04:36:40.757 1518 2355 E DisplayDeviceConfig: requesting nits when no mapping exists.
12-08 04:36:40.758 1518 1654 I am_wtf : [0,1518,system_server,-1,DisplayDeviceConfig,requesting nits when no mapping exists.]
12-08 04:36:40.758 1518 2355 E DisplayDeviceConfig: requesting nits when no mapping exists.
12-08 04:36:40.761 1518 1654 I am_wtf : [0,1518,system_server,-1,DisplayDeviceConfig,requesting nits when no mapping exists.]
12-08 04:36:40.773 1518 2355 E DisplayDeviceConfig: requesting nits when no mapping exists.
12-08 04:36:40.773 1518 2355 E DisplayDeviceConfig: requesting nits when no mapping exists.
12-08 04:36:40.773 1518 1654 I am_wtf : [0,1518,system_server,-1,DisplayDeviceConfig,requesting nits when no mapping exists.]
12-08 04:36:40.774 1518 1654 I am_wtf : [0,1518,system_server,-1,DisplayDeviceConfig,requesting nits when no mapping exists.]
12-08 04:36:40.789 1518 2355 E DisplayDeviceConfig: requesting nits when no mapping exists.
12-08 04:36:40.789 1518 2355 E DisplayDeviceConfig: requesting nits when no mapping exists.
12-08 04:36:40.790 1518 1654 I am_wtf : [0,1518,system_server,-1,DisplayDeviceConfig,requesting nits when no mapping exists.]
12-08 04:36:40.791 1518 1654 I am_wtf : [0,1518,system_server,-1,DisplayDeviceConfig,requesting nits when no mapping exists.]
12-08 04:36:40.805 1518 2355 E DisplayDeviceConfig: requesting nits when no mapping exists.
12-08 04:36:40.805 1518 2355 E DisplayDeviceConfig: requesting nits when no mapping exists.
12-08 04:36:40.806 1518 1654 I am_wtf : [0,1518,system_server,-1,DisplayDeviceConfig,requesting nits when no mapping exists.]
12-08 04:36:40.807 1518 1654 I am_wtf : [0,1518,system_server,-1,DisplayDeviceConfig,requesting nits when no mapping exists.]
12-08 04:36:40.824 1518 2355 E DisplayDeviceConfig: requesting nits when no mapping exists.
12-08 04:36:40.825 1518 2355 E DisplayDeviceConfig: requesting nits when no mapping exists.
12-08 04:36:40.825 1518 1654 I am_wtf : [0,1518,system_server,-1,DisplayDeviceConfig,requesting nits when no mapping exists.]
12-08 04:36:40.826 1518 1654 I am_wtf : [0,1518,system_server,-1,DisplayDeviceConfig,requesting nits when no mapping exists.]
12-08 04:36:40.840 1518 2355 E DisplayDeviceConfig: requesting nits when no mapping exists.
12-08 04:36:40.841 1518 2355 E DisplayDeviceConfig: requesting nits when no mapping exists.
12-08 04:36:40.841 1518 1654 I am_wtf : [0,1518,system_server,-1,DisplayDeviceConfig,requesting nits when no mapping exists.]
12-08 04:36:40.843 1518 1654 I am_wtf : [0,1518,system_server,-1,DisplayDeviceConfig,requesting nits when no mapping exists.]
12-08 04:36:40.856 1518 2355 E DisplayDeviceConfig: requesting nits when no mapping exists.
12-08 04:36:40.857 1518 2355 E DisplayDeviceConfig: requesting nits when no mapping exists.
12-08 04:36:40.857 1518 1654 I am_wtf : [0,1518,system_server,-1,DisplayDeviceConfig,requesting nits when no mapping exists.]
12-08 04:36:40.859 1518 1654 I am_wtf : [0,1518,system_server,-1,DisplayDeviceConfig,requesting nits when no mapping exists.]
12-08 04:36:43.601 1518 2002 I input_interaction: Interaction with: 89e55f9 NotificationShade (server), edge-swipe (server), swipe-up (server), PointerEventDispatcher0 (server),
12-08 04:36:43.604 1518 1518 I service_manager_stats: [211,121,6038]
12-08 04:36:44.346 1518 1654 I am_uid_idle: 10090
12-08 04:36:44.724 2377 2377 I sysui_multi_action: [757,925,758,4,759,0,927,2,928,0,1592,0,1593,1]
12-08 04:36:45.049 1518 2319 I GameModeConfig: isGameModeOn = false
12-08 04:36:45.049 1518 2319 I GameModeConfig: isGameModeOn = false
12-08 04:36:45.049 1518 2319 I GameModeConfig: isGameModeOn = false
12-08 04:36:45.050 1518 2319 I GameModeConfig: isGameModeOn = false
12-08 04:36:45.050 1518 2319 I GameModeConfig: isGameModeOn = false
12-08 04:36:45.051 2377 2377 I sysui_multi_action: [757,111,758,2]
12-08 04:36:45.051 1518 1518 I notification_enqueue: [10082,2377,com.android.systemui,2048,NULL,0,Notification(channel=updateNotification shortcut=null contentView=null vibrate=null sound=null defaults=0x0 flags=0x0 color=0x00000000 vis=PRIVATE),1]
12-08 04:36:45.051 2377 2377 I sysui_multi_action: [757,111,758,2]
12-08 04:36:45.057 2377 2377 I sysui_multi_action: [757,111,758,1]
12-08 04:36:45.057 2377 2377 I sysui_multi_action: [757,126,758,1,759,126,927,0,928,1,1593,0]
12-08 04:36:45.057 2377 2377 I sysui_multi_action: [757,113,758,1,759,113,927,1,928,1,1593,0]
12-08 04:36:45.058 2377 2377 I sysui_multi_action: [757,0,758,1,759,0,927,2,928,0,1593,0]
12-08 04:36:45.058 2377 2377 I sysui_multi_action: [757,0,758,1,759,0,927,3,928,0,1593,0]
12-08 04:36:45.058 2377 2377 I sysui_multi_action: [757,491,758,1,759,491,927,4,928,0,1311,-1,1593,0]
12-08 04:36:45.058 2377 2377 I sysui_multi_action: [757,0,758,1,759,0,927,5,928,0,1593,0]
12-08 04:36:45.058 2377 2377 I sysui_multi_action: [757,111,758,1]
12-08 04:36:45.059 2377 2377 I sysui_multi_action: [757,126,758,1,759,126,927,0,928,1,1593,0]
12-08 04:36:45.059 2377 2377 I sysui_multi_action: [757,113,758,1,759,113,927,1,928,1,1593,0]
12-08 04:36:45.059 2377 2377 I sysui_multi_action: [757,0,758,1,759,0,927,2,928,0,1593,0]
12-08 04:36:45.059 2377 2377 I sysui_multi_action: [757,0,758,1,759,0,927,3,928,0,1593,0]
12-08 04:36:45.070 1518 6026 I sysui_multi_action: [757,128,758,2,793,996469,794,4541,795,996469,796,26,798,0,806,android,857,DEVELOPER_IMPORTANT,858,4,947,0,1395,3,1500,996262,1688,1]
12-08 04:36:45.071 1518 6026 I notification_visibility: [-1|android|26|null|1000,0,996469,996469,0,0]
12-08 04:36:45.071 1518 6026 I sysui_multi_action: [757,128,758,2,793,317095,794,4541,795,317095,796,4273,798,1,806,com.android.systemui,857,screen_record,858,3,947,0,1395,3,1500,316893,1688,1,1745,680407814]
12-08 04:36:45.071 1518 6026 I notification_visibility: [0|com.android.systemui|4273|null|10082,0,317095,317095,0,1]
12-08 04:36:45.071 1518 6026 I sysui_multi_action: [757,128,758,2,793,1178178,794,4540,795,1178178,796,32,798,2,806,android,857,USB,858,1,947,0,1395,3,1500,1178016,1688,1]
12-08 04:36:45.072 1518 6026 I notification_visibility: [-1|android|32|null|1000,0,1178178,1178178,0,2]
12-08 04:36:45.073 2377 2377 I sysui_multi_action: [757,111,758,2]
12-08 04:36:45.073 1518 1518 I notification_enqueue: [10082,2377,com.android.systemui,2048,NULL,0,Notification(channel=updateNotification shortcut=null contentView=null vibrate=null sound=null defaults=0x0 flags=0x0 color=0x00000000 vis=PRIVATE),1]
12-08 04:36:45.073 2377 2377 I sysui_multi_action: [757,111,758,2]
12-08 04:36:45.077 1518 2319 I GameModeConfig: isGameModeOn = false
12-08 04:36:45.077 1518 2319 I GameModeConfig: isGameModeOn = false
12-08 04:36:45.077 1518 2319 I GameModeConfig: isGameModeOn = false
12-08 04:36:45.077 1518 2319 I GameModeConfig: isGameModeOn = false
12-08 04:36:45.077 1518 2319 I GameModeConfig: isGameModeOn = false
12-08 04:36:45.079 2377 2377 I sysui_multi_action: [757,111,758,1]
12-08 04:36:45.079 2377 2377 I sysui_multi_action: [757,126,758,1,759,126,927,0,928,1,1593,0]
12-08 04:36:45.079 2377 2377 I sysui_multi_action: [757,113,758,1,759,113,927,1,928,1,1593,0]
12-08 04:36:45.079 2377 2377 I sysui_multi_action: [757,0,758,1,759,0,927,2,928,0,1593,1]
12-08 04:36:45.079 2377 2377 I sysui_multi_action: [757,0,758,1,759,0,927,3,928,0,1593,1]
12-08 04:36:45.080 2377 2377 I sysui_multi_action: [757,491,758,1,759,491,927,4,928,0,1311,-1,1593,0]
12-08 04:36:45.080 2377 2377 I sysui_multi_action: [757,0,758,1,759,0,927,5,928,0,1593,0]
12-08 04:36:45.080 2377 2377 I sysui_multi_action: [757,111,758,1]
12-08 04:36:45.080 2377 2377 I sysui_multi_action: [757,126,758,1,759,126,927,0,928,1,1593,1]
12-08 04:36:45.080 2377 2377 I sysui_multi_action: [757,113,758,1,759,113,927,1,928,1,1593,1]
12-08 04:36:45.080 2377 2377 I sysui_multi_action: [757,0,758,1,759,0,927,2,928,0,1593,1]
12-08 04:36:45.080 2377 2377 I sysui_multi_action: [757,0,758,1,759,0,927,3,928,0,1593,1]
12-08 04:36:45.092 2377 2377 I sysui_multi_action: [757,111,758,2]
12-08 04:36:45.092 2377 2377 I sysui_multi_action: [757,111,758,2]
12-08 04:36:45.092 1518 1518 I notification_enqueue: [10082,2377,com.android.systemui,2048,NULL,0,Notification(channel=updateNotification shortcut=null contentView=null vibrate=null sound=null defaults=0x0 flags=0x0 color=0x00000000 vis=PRIVATE),1]
12-08 04:36:45.093 1518 2319 I GameModeConfig: isGameModeOn = false
12-08 04:36:45.093 1518 2319 I GameModeConfig: isGameModeOn = false
12-08 04:36:45.093 1518 2319 I GameModeConfig: isGameModeOn = false
12-08 04:36:45.093 1518 2319 I GameModeConfig: isGameModeOn = false
12-08 04:36:45.093 1518 2319 I GameModeConfig: isGameModeOn = false
12-08 04:36:45.095 2377 2377 I sysui_multi_action: [757,111,758,1]
12-08 04:36:45.095 2377 2377 I sysui_multi_action: [757,126,758,1,759,126,927,0,928,1,1593,1]
12-08 04:36:45.095 2377 2377 I sysui_multi_action: [757,113,758,1,759,113,927,1,928,1,1593,1]
12-08 04:36:45.095 2377 2377 I sysui_multi_action: [757,0,758,1,759,0,927,2,928,0,1593,1]
12-08 04:36:45.095 2377 2377 I sysui_multi_action: [757,0,758,1,759,0,927,3,928,0,1593,1]
12-08 04:36:45.096 2377 2377 I sysui_multi_action: [757,491,758,1,759,491,927,4,928,0,1311,-1,1593,0]
12-08 04:36:45.096 2377 2377 I sysui_multi_action: [757,0,758,1,759,0,927,5,928,0,1593,0]
12-08 04:36:45.096 2377 2377 I sysui_multi_action: [757,111,758,1]
12-08 04:36:45.096 2377 2377 I sysui_multi_action: [757,126,758,1,759,126,927,0,928,1,1593,1]
12-08 04:36:45.096 2377 2377 I sysui_multi_action: [757,113,758,1,759,113,927,1,928,1,1593,1]
12-08 04:36:45.096 2377 2377 I sysui_multi_action: [757,0,758,1,759,0,927,2,928,0,1593,1]
12-08 04:36:45.096 2377 2377 I sysui_multi_action: [757,0,758,1,759,0,927,3,928,0,1593,1]
12-08 04:36:45.105 2377 2377 I sysui_multi_action: [757,111,758,2]
12-08 04:36:45.105 2377 2377 I sysui_multi_action: [757,111,758,2]
12-08 04:36:45.105 1518 1518 I notification_enqueue: [10082,2377,com.android.systemui,2048,NULL,0,Notification(channel=updateNotification shortcut=null contentView=null vibrate=null sound=null defaults=0x0 flags=0x0 color=0x00000000 vis=PRIVATE),1]
12-08 04:36:45.106 1518 2319 I GameModeConfig: isGameModeOn = false
12-08 04:36:45.106 1518 2319 I GameModeConfig: isGameModeOn = false
12-08 04:36:45.106 1518 2319 I GameModeConfig: isGameModeOn = false
12-08 04:36:45.106 1518 2319 I GameModeConfig: isGameModeOn = false
12-08 04:36:45.106 1518 2319 I GameModeConfig: isGameModeOn = false
12-08 04:36:45.107 2377 2377 I sysui_multi_action: [757,111,758,1]
12-08 04:36:45.107 2377 2377 I sysui_multi_action: [757,126,758,1,759,126,927,0,928,1,1593,1]
12-08 04:36:45.107 2377 2377 I sysui_multi_action: [757,113,758,1,759,113,927,1,928,1,1593,1]
12-08 04:36:45.107 2377 2377 I sysui_multi_action: [757,0,758,1,759,0,927,2,928,0,1593,1]
12-08 04:36:45.107 2377 2377 I sysui_multi_action: [757,0,758,1,759,0,927,3,928,0,1593,1]
12-08 04:36:45.107 2377 2377 I sysui_multi_action: [757,491,758,1,759,491,927,4,928,0,1311,-1,1593,0]
12-08 04:36:45.108 2377 2377 I sysui_multi_action: [757,0,758,1,759,0,927,5,928,0,1593,0]
12-08 04:36:45.108 2377 2377 I sysui_multi_action: [757,111,758,1]
12-08 04:36:45.108 2377 2377 I sysui_multi_action: [757,126,758,1,759,126,927,0,928,1,1593,1]
12-08 04:36:45.108 2377 2377 I sysui_multi_action: [757,113,758,1,759,113,927,1,928,1,1593,1]
12-08 04:36:45.108 2377 2377 I sysui_multi_action: [757,0,758,1,759,0,927,2,928,0,1593,1]
12-08 04:36:45.108 2377 2377 I sysui_multi_action: [757,0,758,1,759,0,927,3,928,0,1593,1]
12-08 04:36:45.116 2377 2377 I sysui_multi_action: [757,111,758,2]
12-08 04:36:45.116 2377 2377 I sysui_multi_action: [757,111,758,2]
12-08 04:36:45.117 1518 1518 I notification_enqueue: [10082,2377,com.android.systemui,2048,NULL,0,Notification(channel=updateNotification shortcut=null contentView=null vibrate=null sound=null defaults=0x0 flags=0x0 color=0x00000000 vis=PRIVATE),1]
12-08 04:36:45.118 1518 2319 I GameModeConfig: isGameModeOn = false
12-08 04:36:45.118 1518 2319 I GameModeConfig: isGameModeOn = false
12-08 04:36:45.118 1518 2319 I GameModeConfig: isGameModeOn = false
12-08 04:36:45.118 1518 2319 I GameModeConfig: isGameModeOn = false
12-08 04:36:45.118 2377 2377 I sysui_multi_action: [757,111,758,1]
12-08 04:36:45.119 1518 2319 I GameModeConfig: isGameModeOn = false
12-08 04:36:45.119 2377 2377 I sysui_multi_action: [757,126,758,1,759,126,927,0,928,1,1593,1]
12-08 04:36:45.119 2377 2377 I sysui_multi_action: [757,113,758,1,759,113,927,1,928,1,1593,1]
12-08 04:36:45.119 2377 2377 I sysui_multi_action: [757,0,758,1,759,0,927,2,928,0,1593,1]
12-08 04:36:45.119 2377 2377 I sysui_multi_action: [757,0,758,1,759,0,927,3,928,0,1593,1]
12-08 04:36:45.119 2377 2377 I sysui_multi_action: [757,491,758,1,759,491,927,4,928,0,1311,-1,1593,0]
12-08 04:36:45.119 2377 2377 I sysui_multi_action: [757,0,758,1,759,0,927,5,928,0,1593,0]
12-08 04:36:45.119 2377 2377 I sysui_multi_action: [757,111,758,1]
12-08 04:36:45.119 2377 2377 I sysui_multi_action: [757,126,758,1,759,126,927,0,928,1,1593,1]
12-08 04:36:45.119 2377 2377 I sysui_multi_action: [757,113,758,1,759,113,927,1,928,1,1593,1]
12-08 04:36:45.119 2377 2377 I sysui_multi_action: [757,0,758,1,759,0,927,2,928,0,1593,1]
12-08 04:36:45.119 2377 2377 I sysui_multi_action: [757,0,758,1,759,0,927,3,928,0,1593,1]
12-08 04:36:45.132 1518 2319 I GameModeConfig: isGameModeOn = false
12-08 04:36:45.132 1518 2319 I GameModeConfig: isGameModeOn = false
12-08 04:36:45.133 1518 2319 I GameModeConfig: isGameModeOn = false
12-08 04:36:45.133 1518 2319 I GameModeConfig: isGameModeOn = false
12-08 04:36:45.133 1518 2319 I GameModeConfig: isGameModeOn = false
12-08 04:36:45.134 2377 2377 I sysui_multi_action: [757,111,758,2]
12-08 04:36:45.135 2377 2377 I sysui_multi_action: [757,111,758,2]
12-08 04:36:45.135 1518 1518 I notification_enqueue: [10082,2377,com.android.systemui,2048,NULL,0,Notification(channel=updateNotification shortcut=null contentView=null vibrate=null sound=null defaults=0x0 flags=0x0 color=0x00000000 vis=PRIVATE),1]
12-08 04:36:45.138 2377 2377 I sysui_multi_action: [757,111,758,1]
12-08 04:36:45.138 2377 2377 I sysui_multi_action: [757,126,758,1,759,126,927,0,928,1,1593,1]
12-08 04:36:45.138 2377 2377 I sysui_multi_action: [757,113,758,1,759,113,927,1,928,1,1593,1]
12-08 04:36:45.138 2377 2377 I sysui_multi_action: [757,0,758,1,759,0,927,2,928,0,1593,1]
12-08 04:36:45.138 2377 2377 I sysui_multi_action: [757,0,758,1,759,0,927,3,928,0,1593,1]
12-08 04:36:45.138 2377 2377 I sysui_multi_action: [757,491,758,1,759,491,927,4,928,0,1311,-1,1593,0]
12-08 04:36:45.138 2377 2377 I sysui_multi_action: [757,0,758,1,759,0,927,5,928,0,1593,0]
12-08 04:36:45.138 2377 2377 I sysui_multi_action: [757,111,758,1]
12-08 04:36:45.138 2377 2377 I sysui_multi_action: [757,126,758,1,759,126,927,0,928,1,1593,1]
12-08 04:36:45.138 2377 2377 I sysui_multi_action: [757,113,758,1,759,113,927,1,928,1,1593,1]
12-08 04:36:45.138 2377 2377 I sysui_multi_action: [757,0,758,1,759,0,927,2,928,0,1593,1]
12-08 04:36:45.139 2377 2377 I sysui_multi_action: [757,0,758,1,759,0,927,3,928,0,1593,1]
12-08 04:36:45.149 1518 2319 I GameModeConfig: isGameModeOn = false
12-08 04:36:45.149 1518 2319 I GameModeConfig: isGameModeOn = false
12-08 04:36:45.149 1518 2319 I GameModeConfig: isGameModeOn = false
12-08 04:36:45.149 1518 2319 I GameModeConfig: isGameModeOn = false
12-08 04:36:45.150 1518 2319 I GameModeConfig: isGameModeOn = false
12-08 04:36:45.150 2377 2377 I sysui_multi_action: [757,111,758,2]
12-08 04:36:45.150 2377 2377 I sysui_multi_action: [757,111,758,2]
12-08 04:36:45.151 1518 1518 I notification_enqueue: [10082,2377,com.android.systemui,2048,NULL,0,Notification(channel=updateNotification shortcut=null contentView=null vibrate=null sound=null defaults=0x0 flags=0x0 color=0x00000000 vis=PRIVATE),1]
12-08 04:36:45.153 2377 2377 I sysui_multi_action: [757,111,758,1]
12-08 04:36:45.153 2377 2377 I sysui_multi_action: [757,126,758,1,759,126,927,0,928,1,1593,1]
12-08 04:36:45.153 2377 2377 I sysui_multi_action: [757,113,758,1,759,113,927,1,928,1,1593,1]
12-08 04:36:45.153 2377 2377 I sysui_multi_action: [757,0,758,1,759,0,927,2,928,0,1593,1]
12-08 04:36:45.153 2377 2377 I sysui_multi_action: [757,0,758,1,759,0,927,3,928,0,1593,1]
12-08 04:36:45.154 2377 2377 I sysui_multi_action: [757,491,758,1,759,491,927,4,928,0,1311,-1,1593,0]
12-08 04:36:45.154 2377 2377 I sysui_multi_action: [757,0,758,1,759,0,927,5,928,0,1593,0]
12-08 04:36:45.154 2377 2377 I sysui_multi_action: [757,111,758,1]
12-08 04:36:45.154 2377 2377 I sysui_multi_action: [757,126,758,1,759,126,927,0,928,1,1593,1]
12-08 04:36:45.154 2377 2377 I sysui_multi_action: [757,113,758,1,759,113,927,1,928,1,1593,1]
12-08 04:36:45.154 2377 2377 I sysui_multi_action: [757,0,758,1,759,0,927,2,928,0,1593,1]
12-08 04:36:45.154 2377 2377 I sysui_multi_action: [757,0,758,1,759,0,927,3,928,0,1593,1]
12-08 04:36:45.166 1518 2319 I GameModeConfig: isGameModeOn = false
12-08 04:36:45.166 1518 2319 I GameModeConfig: isGameModeOn = false
12-08 04:36:45.166 1518 2319 I GameModeConfig: isGameModeOn = false
12-08 04:36:45.166 1518 2319 I GameModeConfig: isGameModeOn = false
12-08 04:36:45.166 1518 2319 I GameModeConfig: isGameModeOn = false
12-08 04:36:45.167 2377 2377 I sysui_multi_action: [757,111,758,2]
12-08 04:36:45.167 2377 2377 I sysui_multi_action: [757,111,758,2]
12-08 04:36:45.167 1518 1518 I notification_enqueue: [10082,2377,com.android.systemui,2048,NULL,0,Notification(channel=updateNotification shortcut=null contentView=null vibrate=null sound=null defaults=0x0 flags=0x0 color=0x00000000 vis=PRIVATE),1]
12-08 04:36:45.170 2377 2377 I sysui_multi_action: [757,111,758,1]
12-08 04:36:45.170 2377 2377 I sysui_multi_action: [757,126,758,1,759,126,927,0,928,1,1593,1]
12-08 04:36:45.171 2377 2377 I sysui_multi_action: [757,113,758,1,759,113,927,1,928,1,1593,1]
12-08 04:36:45.171 2377 2377 I sysui_multi_action: [757,0,758,1,759,0,927,2,928,0,1593,1]
12-08 04:36:45.171 2377 2377 I sysui_multi_action: [757,0,758,1,759,0,927,3,928,0,1593,1]
12-08 04:36:45.171 2377 2377 I sysui_multi_action: [757,491,758,1,759,491,927,4,928,0,1311,-1,1593,0]
12-08 04:36:45.171 2377 2377 I sysui_multi_action: [757,0,758,1,759,0,927,5,928,0,1593,0]
12-08 04:36:45.171 2377 2377 I sysui_multi_action: [757,111,758,1]
12-08 04:36:45.171 2377 2377 I sysui_multi_action: [757,126,758,1,759,126,927,0,928,1,1593,1]
12-08 04:36:45.171 2377 2377 I sysui_multi_action: [757,113,758,1,759,113,927,1,928,1,1593,1]
12-08 04:36:45.171 2377 2377 I sysui_multi_action: [757,0,758,1,759,0,927,2,928,0,1593,1]
12-08 04:36:45.171 2377 2377 I sysui_multi_action: [757,0,758,1,759,0,927,3,928,0,1593,1]
12-08 04:36:45.182 1518 2319 I GameModeConfig: isGameModeOn = false
12-08 04:36:45.182 1518 2319 I GameModeConfig: isGameModeOn = false
12-08 04:36:45.183 1518 2319 I GameModeConfig: isGameModeOn = false
12-08 04:36:45.183 1518 2319 I GameModeConfig: isGameModeOn = false
12-08 04:36:45.183 1518 2319 I GameModeConfig: isGameModeOn = false
12-08 04:36:45.184 2377 2377 I sysui_multi_action: [757,111,758,2]
12-08 04:36:45.184 2377 2377 I sysui_multi_action: [757,111,758,2]
12-08 04:36:45.184 1518 1518 I notification_enqueue: [10082,2377,com.android.systemui,2048,NULL,0,Notification(channel=updateNotification shortcut=null contentView=null vibrate=null sound=null defaults=0x0 flags=0x0 color=0x00000000 vis=PRIVATE),1]
12-08 04:36:45.187 2377 2377 I sysui_multi_action: [757,111,758,1]
12-08 04:36:45.187 2377 2377 I sysui_multi_action: [757,126,758,1,759,126,927,0,928,1,1593,1]
12-08 04:36:45.187 2377 2377 I sysui_multi_action: [757,113,758,1,759,113,927,1,928,1,1593,1]
12-08 04:36:45.187 2377 2377 I sysui_multi_action: [757,0,758,1,759,0,927,2,928,0,1593,1]
12-08 04:36:45.187 2377 2377 I sysui_multi_action: [757,0,758,1,759,0,927,3,928,0,1593,1]
12-08 04:36:45.188 2377 2377 I sysui_multi_action: [757,491,758,1,759,491,927,4,928,0,1311,-1,1593,0]
12-08 04:36:45.188 2377 2377 I sysui_multi_action: [757,0,758,1,759,0,927,5,928,0,1593,0]
12-08 04:36:45.188 2377 2377 I sysui_multi_action: [757,111,758,1]
12-08 04:36:45.188 2377 2377 I sysui_multi_action: [757,126,758,1,759,126,927,0,928,1,1593,1]
12-08 04:36:45.188 2377 2377 I sysui_multi_action: [757,113,758,1,759,113,927,1,928,1,1593,1]
12-08 04:36:45.188 2377 2377 I sysui_multi_action: [757,0,758,1,759,0,927,2,928,0,1593,1]
12-08 04:36:45.188 2377 2377 I sysui_multi_action: [757,0,758,1,759,0,927,3,928,0,1593,1]
12-08 04:36:45.199 1518 2319 I GameModeConfig: isGameModeOn = false
12-08 04:36:45.199 1518 2319 I GameModeConfig: isGameModeOn = false
12-08 04:36:45.199 1518 2319 I GameModeConfig: isGameModeOn = false
12-08 04:36:45.199 1518 2319 I GameModeConfig: isGameModeOn = false
12-08 04:36:45.200 1518 2319 I GameModeConfig: isGameModeOn = false
12-08 04:36:45.200 2377 2377 I sysui_multi_action: [757,111,758,2]
12-08 04:36:45.200 2377 2377 I sysui_multi_action: [757,111,758,2]
12-08 04:36:45.201 1518 1518 I notification_enqueue: [10082,2377,com.android.systemui,2048,NULL,0,Notification(channel=updateNotification shortcut=null contentView=null vibrate=null sound=null defaults=0x0 flags=0x0 color=0x00000000 vis=PRIVATE),1]
12-08 04:36:45.204 2377 2377 I sysui_multi_action: [757,111,758,1]
