12-08 04:35:20.849 1518 1518 I notification_enqueue: [10082,2377,com.android.systemui,2048,NULL,0,Notification(channel=updateNotification shortcut=null contentView=null vibrate=null sound=null defaults=0x0 flags=0x0 color=0x00000000 vis=PRIVATE),1]
12-08 04:35:20.853 2377 2377 I sysui_multi_action: [757,111,758,1]
12-08 04:35:20.853 2377 2377 I sysui_multi_action: [757,126,758,1,759,126,927,0,928,1,1593,1]
12-08 04:35:20.853 2377 2377 I sysui_multi_action: [757,113,758,1,759,113,927,1,928,1,1593,1]
12-08 04:35:20.853 2377 2377 I sysui_multi_action: [757,0,758,1,759,0,927,2,928,0,1593,1]
12-08 04:35:20.853 2377 2377 I sysui_multi_action: [757,0,758,1,759,0,927,3,928,0,1593,1]
12-08 04:35:20.853 2377 2377 I sysui_multi_action: [757,491,758,1,759,491,927,4,928,0,1311,-1,1593,0]
12-08 04:35:20.853 2377 2377 I sysui_multi_action: [757,0,758,1,759,0,927,5,1593,0]
12-08 04:35:20.854 2377 2377 I sysui_multi_action: [757,111,758,1]
12-08 04:35:20.854 2377 2377 I sysui_multi_action: [757,126,758,1,759,126,927,0,928,1,1593,1]
12-08 04:35:20.854 2377 2377 I sysui_multi_action: [757,113,758,1,759,113,927,1,928,1,1593,1]
12-08 04:35:20.854 2377 2377 I sysui_multi_action: [757,0,758,1,759,0,927,2,928,0,1593,1]
12-08 04:35:20.854 2377 2377 I sysui_multi_action: [757,0,758,1,759,0,927,3,928,0,1593,1]
12-08 04:35:20.863 1518 2319 I GameModeConfig: isGameModeOn = false
12-08 04:35:20.864 1518 2319 I GameModeConfig: isGameModeOn = false
12-08 04:35:20.864 1518 2319 I GameModeConfig: isGameModeOn = false
12-08 04:35:20.864 1518 2319 I GameModeConfig: isGameModeOn = false
12-08 04:35:20.864 1518 2319 I GameModeConfig: isGameModeOn = false
12-08 04:35:20.865 2377 2377 I sysui_multi_action: [757,111,758,2]
12-08 04:35:20.865 2377 2377 I sysui_multi_action: [757,111,758,2]
12-08 04:35:20.865 1518 1518 I notification_enqueue: [10082,2377,com.android.systemui,2048,NULL,0,Notification(channel=updateNotification shortcut=null contentView=null vibrate=null sound=null defaults=0x0 flags=0x0 color=0x00000000 vis=PRIVATE),1]
12-08 04:35:20.875 1518 1646 I input_focus: [Focus request 49b46f5 com.android.settings/com.android.settings.Settings,reason=UpdateInputWindows]
12-08 04:35:20.876 2377 2377 I sysui_multi_action: [757,111,758,1]
12-08 04:35:20.877 2377 2377 I sysui_multi_action: [757,126,758,1,759,126,927,0,928,1,1593,1]
12-08 04:35:20.877 2377 2377 I sysui_multi_action: [757,113,758,1,759,113,927,1,928,1,1593,1]
12-08 04:35:20.877 2377 2377 I sysui_multi_action: [757,0,758,1,759,0,927,2,928,0,1593,1]
12-08 04:35:20.877 2377 2377 I sysui_multi_action: [757,0,758,1,759,0,927,3,928,0,1593,1]
12-08 04:35:20.877 2377 2377 I sysui_multi_action: [757,491,758,1,759,491,927,4,928,0,1311,-1,1593,0]
12-08 04:35:20.877 2377 2377 I sysui_multi_action: [757,0,758,1,759,0,927,5,1593,0]
12-08 04:35:20.877 2377 2377 I sysui_multi_action: [757,111,758,1]
12-08 04:35:20.877 2377 2377 I sysui_multi_action: [757,126,758,1,759,126,927,0,928,1,1593,1]
12-08 04:35:20.877 2377 2377 I sysui_multi_action: [757,113,758,1,759,113,927,1,928,1,1593,1]
12-08 04:35:20.877 2377 2377 I sysui_multi_action: [757,0,758,1,759,0,927,2,928,0,1593,1]
12-08 04:35:20.877 2377 2377 I sysui_multi_action: [757,0,758,1,759,0,927,3,928,0,1593,1]
12-08 04:35:20.882 1518 2319 I GameModeConfig: isGameModeOn = false
12-08 04:35:20.883 1518 2319 I GameModeConfig: isGameModeOn = false
12-08 04:35:20.883 1518 2319 I GameModeConfig: isGameModeOn = false
12-08 04:35:20.883 1518 2319 I GameModeConfig: isGameModeOn = false
12-08 04:35:20.883 1518 2319 I GameModeConfig: isGameModeOn = false
12-08 04:35:20.884 2377 2377 I sysui_multi_action: [757,111,758,2]
12-08 04:35:20.884 2377 2377 I sysui_multi_action: [757,111,758,2]
12-08 04:35:20.885 1518 1518 I notification_enqueue: [10082,2377,com.android.systemui,2048,NULL,0,Notification(channel=updateNotification shortcut=null contentView=null vibrate=null sound=null defaults=0x0 flags=0x0 color=0x00000000 vis=PRIVATE),1]
12-08 04:35:20.887 1518 1816 I sysui_multi_action: [757,127,758,2]
12-08 04:35:20.887 1518 1816 I notification_panel_hidden:
12-08 04:35:20.899 2377 2377 I sysui_multi_action: [757,111,758,1]
12-08 04:35:20.899 2377 2377 I sysui_multi_action: [757,126,758,1,759,126,927,0,928,1,1593,1]
12-08 04:35:20.899 2377 2377 I sysui_multi_action: [757,113,758,1,759,113,927,1,928,1,1593,1]
12-08 04:35:20.899 2377 2377 I sysui_multi_action: [757,0,758,1,759,0,927,2,928,0,1593,1]
12-08 04:35:20.899 2377 2377 I sysui_multi_action: [757,0,758,1,759,0,927,3,928,0,1593,1]
12-08 04:35:20.899 2377 2377 I sysui_multi_action: [757,491,758,1,759,491,927,4,928,0,1311,-1,1593,0]
12-08 04:35:20.899 2377 2377 I sysui_multi_action: [757,0,758,1,759,0,927,5,1593,0]
12-08 04:35:20.899 2377 2377 I sysui_multi_action: [757,111,758,1]
12-08 04:35:20.899 2377 2377 I sysui_multi_action: [757,126,758,1,759,126,927,0,928,1,1593,1]
12-08 04:35:20.899 2377 2377 I sysui_multi_action: [757,113,758,1,759,113,927,1,928,1,1593,1]
12-08 04:35:20.899 2377 2377 I sysui_multi_action: [757,0,758,1,759,0,927,2,928,0,1593,1]
12-08 04:35:20.899 2377 2377 I sysui_multi_action: [757,0,758,1,759,0,927,3,928,0,1593,1]
12-08 04:35:20.902 1518 2002 I input_focus: [Focus leaving 89e55f9 NotificationShade (server),reason=NO_WINDOW]
12-08 04:35:20.902 1518 2002 I input_focus: [Focus entering 49b46f5 com.android.settings/com.android.settings.Settings (server),reason=setFocusedWindow]
12-08 04:35:20.991 1518 1518 I GameModeConfig: isGameModeOn = false
12-08 04:35:20.992 1518 1518 I sysui_multi_action: [757,1501,758,1,793,905889,794,0,795,206,796,2048,806,com.android.systemui,857,updateNotification,858,3,947,0,1500,0,1688,1]
12-08 04:35:20.992 1518 1518 I sysui_multi_action: [757,804,799,note_interruptive,801,0,802,1]
12-08 04:35:20.992 1518 1518 I sysui_multi_action: [757,199,758,1,759,2,793,905889,794,0,795,206,796,2048,806,com.android.systemui,857,updateNotification,858,3,947,0,1500,0,1688,1]
12-08 04:35:20.992 1518 1518 I notification_alert: [0|com.android.systemui|2048|null|10082,0,1,0]
12-08 04:35:20.994 1518 1518 W NotificationHistory: Attempted to add notif for locked/gone/disabled user 0
12-08 04:35:21.018 1518 1518 I GameModeConfig: isGameModeOn = false
12-08 04:35:21.018 1518 1518 E NotificationService: Muting recently noisy 0|com.android.systemui|2048|null|10082
12-08 04:35:21.034 1518 1518 I GameModeConfig: isGameModeOn = false
12-08 04:35:21.034 1518 1518 E NotificationService: Muting recently noisy 0|com.android.systemui|2048|null|10082
12-08 04:35:21.052 1518 1518 I GameModeConfig: isGameModeOn = false
12-08 04:35:21.052 1518 1518 E NotificationService: Muting recently noisy 0|com.android.systemui|2048|null|10082
12-08 04:35:21.068 1518 1518 I GameModeConfig: isGameModeOn = false
12-08 04:35:21.068 1518 1518 E NotificationService: Muting recently noisy 0|com.android.systemui|2048|null|10082
12-08 04:35:21.088 1518 1518 I GameModeConfig: isGameModeOn = false
12-08 04:35:21.088 1518 1518 E NotificationService: Muting recently noisy 0|com.android.systemui|2048|null|10082
12-08 04:35:28.919 1518 2319 I GameModeConfig: isGameModeOn = false
12-08 04:35:28.939 1518 2319 I GameModeConfig: isGameModeOn = false
12-08 04:35:28.960 1518 2319 I GameModeConfig: isGameModeOn = false
12-08 04:35:30.482 1518 2002 I input_interaction: Interaction with: 545abb StatusBar (server), edge-swipe (server), swipe-up (server), PointerEventDispatcher0 (server),
12-08 04:35:30.488 2377 2377 I sysui_multi_action: [757,803,799,panel_open,802,1]
12-08 04:35:30.491 2377 2377 I sysui_multi_action: [757,1328,758,4,1326,78,1327,2,1329,0]
12-08 04:35:30.606 1518 1635 I sysui_multi_action: [757,127,758,1]
12-08 04:35:30.606 1518 1635 I sysui_multi_action: [757,804,799,note_load,801,3,802,1]
12-08 04:35:30.607 1518 1635 I notification_panel_revealed: 3
12-08 04:35:30.609 1518 2319 I GameModeConfig: isGameModeOn = false
12-08 04:35:30.610 1518 2319 I GameModeConfig: isGameModeOn = false
12-08 04:35:30.610 1518 2319 I GameModeConfig: isGameModeOn = false
12-08 04:35:30.610 1518 2319 I GameModeConfig: isGameModeOn = false
12-08 04:35:30.618 1518 2319 I GameModeConfig: isGameModeOn = false
12-08 04:35:30.619 2377 2377 I sysui_multi_action: [757,111,758,2]
12-08 04:35:30.619 2377 2377 I sysui_multi_action: [757,111,758,2]
12-08 04:35:30.619 1518 1518 I notification_enqueue: [10082,2377,com.android.systemui,2048,NULL,0,Notification(channel=updateNotification shortcut=null contentView=null vibrate=null sound=null defaults=0x0 flags=0x0 color=0x00000000 vis=PRIVATE),1]
12-08 04:35:30.633 1518 1646 I input_focus: [Focus request 89e55f9 NotificationShade,reason=UpdateInputWindows]
12-08 04:35:30.639 2377 2377 I sysui_multi_action: [757,111,758,1]
12-08 04:35:30.639 2377 2377 I sysui_multi_action: [757,126,758,1,759,126,927,0,928,1,1593,0]
12-08 04:35:30.639 2377 2377 I sysui_multi_action: [757,113,758,1,759,113,927,1,928,1,1593,0]
12-08 04:35:30.640 2377 2377 I sysui_multi_action: [757,0,758,1,759,0,927,2,928,0,1593,0]
12-08 04:35:30.640 2377 2377 I sysui_multi_action: [757,0,758,1,759,0,927,3,928,0,1593,0]
12-08 04:35:30.640 2377 2377 I sysui_multi_action: [757,491,758,1,759,491,927,4,928,0,1311,-1,1593,0]
12-08 04:35:30.640 2377 2377 I sysui_multi_action: [757,0,758,1,759,0,927,5,1593,0]
12-08 04:35:30.640 2377 2377 I sysui_multi_action: [757,111,758,1]
12-08 04:35:30.641 2377 2377 I sysui_multi_action: [757,126,758,1,759,126,927,0,928,1,1593,0]
12-08 04:35:30.641 2377 2377 I sysui_multi_action: [757,113,758,1,759,113,927,1,928,1,1593,0]
12-08 04:35:30.641 2377 2377 I sysui_multi_action: [757,0,758,1,759,0,927,2,928,0,1593,0]
12-08 04:35:30.641 2377 2377 I sysui_multi_action: [757,0,758,1,759,0,927,3,928,0,1593,0]
12-08 04:35:30.661 1518 2002 I input_focus: [Focus leaving 49b46f5 com.android.settings/com.android.settings.Settings (server),reason=setFocusedWindow]
12-08 04:35:30.661 1518 2002 I input_focus: [Focus entering 89e55f9 NotificationShade (server),reason=setFocusedWindow]
12-08 04:35:30.787 1518 2319 I GameModeConfig: isGameModeOn = false
12-08 04:35:30.813 1518 2319 I GameModeConfig: isGameModeOn = false
12-08 04:35:30.824 1518 1518 I GameModeConfig: isGameModeOn = false
12-08 04:35:30.826 1518 1518 I sysui_multi_action: [757,1501,758,1,793,915722,794,0,795,215,796,2048,806,com.android.systemui,857,updateNotification,858,3,947,0,1500,0,1688,1]
12-08 04:35:30.827 1518 1518 I sysui_multi_action: [757,804,799,note_interruptive,801,0,802,1]
12-08 04:35:30.828 1518 1518 I sysui_multi_action: [757,199,758,1,759,2,793,915724,794,0,795,217,796,2048,806,com.android.systemui,857,updateNotification,858,3,947,0,1500,2,1688,1]
12-08 04:35:30.828 1518 1518 I notification_alert: [0|com.android.systemui|2048|null|10082,0,1,0]
12-08 04:35:30.829 1518 1518 W NotificationHistory: Attempted to add notif for locked/gone/disabled user 0
12-08 04:35:30.833 1518 2319 I GameModeConfig: isGameModeOn = false
12-08 04:35:30.850 1518 2319 I GameModeConfig: isGameModeOn = false
12-08 04:35:30.863 1518 2319 I GameModeConfig: isGameModeOn = false
12-08 04:35:30.884 1518 2319 I GameModeConfig: isGameModeOn = false
12-08 04:35:30.992 1518 2319 I GameModeConfig: isGameModeOn = false
12-08 04:35:31.019 1518 2319 I GameModeConfig: isGameModeOn = false
12-08 04:35:31.035 1518 2319 I GameModeConfig: isGameModeOn = false
12-08 04:35:31.052 1518 2319 I GameModeConfig: isGameModeOn = false
12-08 04:35:31.068 1518 2319 I GameModeConfig: isGameModeOn = false
12-08 04:35:31.089 1518 2319 I GameModeConfig: isGameModeOn = false
12-08 04:35:31.161 1518 1635 I sysui_multi_action: [757,128,758,1,793,922560,794,0,795,922560,796,26,798,0,806,android,857,DEVELOPER_IMPORTANT,858,4,947,0,1395,3,1500,922353,1688,1]
12-08 04:35:31.161 1518 1635 I sysui_multi_action: [757,804,799,note_freshness,801,922560,802,1]
12-08 04:35:31.161 1518 1635 I notification_visibility: [-1|android|26|null|1000,1,922560,922560,0,0]
12-08 04:35:31.162 1518 1635 I sysui_multi_action: [757,128,758,1,793,243185,794,0,795,243185,796,4273,798,1,806,com.android.systemui,857,screen_record,858,3,947,0,1395,3,1500,242983,1688,1,1745,680407814]
12-08 04:35:31.162 1518 1635 I sysui_multi_action: [757,804,799,note_freshness,801,243185,802,1]
12-08 04:35:31.162 1518 1635 I notification_visibility: [0|com.android.systemui|4273|null|10082,1,243185,243185,0,1]
12-08 04:35:31.162 1518 1635 I sysui_multi_action: [757,128,758,1,793,1104269,794,0,795,1104269,796,32,798,2,806,android,857,USB,858,1,947,0,1395,3,1500,1104107,1688,1]
12-08 04:35:31.162 1518 1635 I sysui_multi_action: [757,804,799,note_freshness,801,1104269,802,1]
12-08 04:35:31.162 1518 1635 I notification_visibility: [-1|android|32|null|1000,1,1104269,1104269,0,2]
12-08 04:35:34.163 1518 2002 I input_interaction: Interaction with: 89e55f9 NotificationShade (server), edge-swipe (server), swipe-up (server), PointerEventDispatcher0 (server),
12-08 04:35:36.244 1518 5934 I sysui_multi_action: [757,128,758,2,793,927643,794,5083,795,927643,796,26,798,0,806,android,857,DEVELOPER_IMPORTANT,858,4,947,0,1395,3,1500,927436,1688,1]
12-08 04:35:36.244 1518 5934 I notification_visibility: [-1|android|26|null|1000,0,927643,927643,0,0]
12-08 04:35:36.244 1518 5934 I sysui_multi_action: [757,128,758,2,793,248268,794,5083,795,248268,796,4273,798,1,806,com.android.systemui,857,screen_record,858,3,947,0,1395,3,1500,248066,1688,1,1745,680407814]
12-08 04:35:36.244 1518 5934 I notification_visibility: [0|com.android.systemui|4273|null|10082,0,248268,248268,0,1]
12-08 04:35:36.245 1518 5934 I sysui_multi_action: [757,128,758,2,793,1109352,794,5083,795,1109352,796,32,798,2,806,android,857,USB,858,1,947,0,1395,3,1500,1109190,1688,1]
12-08 04:35:36.245 1518 5934 I notification_visibility: [-1|android|32|null|1000,0,1109352,1109352,0,2]
12-08 04:35:37.470 1518 1752 I commit_sys_config_file: [settings-2-0,11]
12-08 04:35:39.294 1518 1635 I sysui_multi_action: [757,128,758,1,793,930693,794,0,795,930693,796,26,798,0,806,android,857,DEVELOPER_IMPORTANT,858,4,947,0,1395,3,1500,930486,1688,1]
12-08 04:35:39.294 1518 1635 I sysui_multi_action: [757,804,799,note_freshness,801,930693,802,1]
12-08 04:35:39.294 1518 1635 I notification_visibility: [-1|android|26|null|1000,1,930693,930693,0,0]
12-08 04:35:39.296 1518 1635 I sysui_multi_action: [757,128,758,1,793,251320,794,0,795,251320,796,4273,798,1,806,com.android.systemui,857,screen_record,858,3,947,0,1395,3,1500,251118,1688,1,1745,680407814]
12-08 04:35:39.296 1518 1635 I sysui_multi_action: [757,804,799,note_freshness,801,251320,802,1]
12-08 04:35:39.296 1518 1635 I notification_visibility: [0|com.android.systemui|4273|null|10082,1,251320,251320,0,1]
12-08 04:35:39.296 1518 1635 I sysui_multi_action: [757,128,758,1,793,1112403,794,0,795,1112403,796,32,798,2,806,android,857,USB,858,1,947,0,1395,3,1500,1112241,1688,1]
12-08 04:35:39.297 1518 1635 I sysui_multi_action: [757,804,799,note_freshness,801,1112403,802,1]
12-08 04:35:39.297 1518 1635 I notification_visibility: [-1|android|32|null|1000,1,1112403,1112403,0,2]
12-08 04:35:39.307 1284 5796 I liblog : 4
12-08 04:35:39.307 1284 5796 I liblog : 7
12-08 04:35:39.324 1284 1380 I liblog : 129
12-08 04:35:40.655 1518 2319 I GameModeConfig: isGameModeOn = false
12-08 04:35:40.825 1518 2319 I GameModeConfig: isGameModeOn = false
12-08 04:35:41.047 2377 2377 I sysui_multi_action: [757,111,758,2]
12-08 04:35:41.047 1518 1518 I notification_enqueue: [10082,2377,com.android.systemui,2048,NULL,0,Notification(channel=updateNotification shortcut=null contentView=null vibrate=null sound=null defaults=0x0 flags=0x0 color=0x00000000 vis=PRIVATE),1]
12-08 04:35:41.047 2377 2377 I sysui_multi_action: [757,111,758,2]
12-08 04:35:41.048 1518 2319 I GameModeConfig: isGameModeOn = false
12-08 04:35:41.048 1518 2319 I GameModeConfig: isGameModeOn = false
12-08 04:35:41.051 1518 2319 I GameModeConfig: isGameModeOn = false
12-08 04:35:41.051 1518 2319 I GameModeConfig: isGameModeOn = false
12-08 04:35:41.051 1518 2319 I GameModeConfig: isGameModeOn = false
12-08 04:35:41.053 2377 2377 I sysui_multi_action: [757,111,758,1]
12-08 04:35:41.054 2377 2377 I sysui_multi_action: [757,126,758,1,759,126,927,0,928,1,1593,0]
12-08 04:35:41.054 2377 2377 I sysui_multi_action: [757,113,758,1,759,113,927,1,928,1,1593,0]
12-08 04:35:41.054 2377 2377 I sysui_multi_action: [757,0,758,1,759,0,927,2,928,0,1593,0]
12-08 04:35:41.054 2377 2377 I sysui_multi_action: [757,0,758,1,759,0,927,3,928,0,1593,0]
12-08 04:35:41.055 2377 2377 I sysui_multi_action: [757,491,758,1,759,491,927,4,928,0,1311,-1,1593,0]
12-08 04:35:41.055 2377 2377 I sysui_multi_action: [757,0,758,1,759,0,927,5,928,0,1593,0]
12-08 04:35:41.055 2377 2377 I sysui_multi_action: [757,111,758,1]
12-08 04:35:41.055 2377 2377 I sysui_multi_action: [757,126,758,1,759,126,927,0,928,1,1593,0]
12-08 04:35:41.055 2377 2377 I sysui_multi_action: [757,113,758,1,759,113,927,1,928,1,1593,0]
12-08 04:35:41.055 2377 2377 I sysui_multi_action: [757,0,758,1,759,0,927,2,928,0,1593,0]
12-08 04:35:41.056 2377 2377 I sysui_multi_action: [757,0,758,1,759,0,927,3,928,0,1593,0]
12-08 04:35:41.067 1518 2319 I GameModeConfig: isGameModeOn = false
12-08 04:35:41.068 1518 2319 I GameModeConfig: isGameModeOn = false
12-08 04:35:41.069 1518 2319 I GameModeConfig: isGameModeOn = false
12-08 04:35:41.070 1518 2319 I GameModeConfig: isGameModeOn = false
12-08 04:35:41.070 1518 2319 I GameModeConfig: isGameModeOn = false
12-08 04:35:41.071 2377 2377 I sysui_multi_action: [757,111,758,2]
12-08 04:35:41.071 1518 1518 I notification_enqueue: [10082,2377,com.android.systemui,2048,NULL,0,Notification(channel=updateNotification shortcut=null contentView=null vibrate=null sound=null defaults=0x0 flags=0x0 color=0x00000000 vis=PRIVATE),1]
12-08 04:35:41.071 2377 2377 I sysui_multi_action: [757,111,758,2]
12-08 04:35:41.076 2377 2377 I sysui_multi_action: [757,111,758,1]
12-08 04:35:41.076 2377 2377 I sysui_multi_action: [757,126,758,1,759,126,927,0,928,1,1593,1]
12-08 04:35:41.076 2377 2377 I sysui_multi_action: [757,113,758,1,759,113,927,1,928,1,1593,0]
12-08 04:35:41.077 2377 2377 I sysui_multi_action: [757,0,758,1,759,0,927,2,928,0,1593,0]
12-08 04:35:41.077 2377 2377 I sysui_multi_action: [757,0,758,1,759,0,927,3,928,0,1593,0]
12-08 04:35:41.077 2377 2377 I sysui_multi_action: [757,491,758,1,759,491,927,4,928,0,1311,-1,1593,1]
12-08 04:35:41.077 2377 2377 I sysui_multi_action: [757,0,758,1,759,0,927,5,928,0,1593,0]
12-08 04:35:41.077 2377 2377 I sysui_multi_action: [757,111,758,1]
12-08 04:35:41.078 2377 2377 I sysui_multi_action: [757,126,758,1,759,126,927,0,928,1,1593,0]
12-08 04:35:41.078 2377 2377 I sysui_multi_action: [757,113,758,1,759,113,927,1,928,1,1593,0]
12-08 04:35:41.078 2377 2377 I sysui_multi_action: [757,0,758,1,759,0,927,2,928,0,1593,0]
12-08 04:35:41.078 2377 2377 I sysui_multi_action: [757,0,758,1,759,0,927,3,928,0,1593,0]
12-08 04:35:41.088 1518 2319 I GameModeConfig: isGameModeOn = false
12-08 04:35:41.089 1518 2319 I GameModeConfig: isGameModeOn = false
12-08 04:35:41.089 1518 2319 I GameModeConfig: isGameModeOn = false
12-08 04:35:41.089 1518 2319 I GameModeConfig: isGameModeOn = false
12-08 04:35:41.089 1518 2319 I GameModeConfig: isGameModeOn = false
12-08 04:35:41.090 2377 2377 I sysui_multi_action: [757,111,758,2]
12-08 04:35:41.090 1518 1518 I notification_enqueue: [10082,2377,com.android.systemui,2048,NULL,0,Notification(channel=updateNotification shortcut=null contentView=null vibrate=null sound=null defaults=0x0 flags=0x0 color=0x00000000 vis=PRIVATE),1]
12-08 04:35:41.090 2377 2377 I sysui_multi_action: [757,111,758,2]
12-08 04:35:41.094 2377 2377 I sysui_multi_action: [757,111,758,1]
12-08 04:35:41.094 2377 2377 I sysui_multi_action: [757,126,758,1,759,126,927,0,928,1,1593,0]
12-08 04:35:41.094 2377 2377 I sysui_multi_action: [757,113,758,1,759,113,927,1,928,1,1593,0]
12-08 04:35:41.094 2377 2377 I sysui_multi_action: [757,0,758,1,759,0,927,2,928,0,1593,0]
12-08 04:35:41.095 2377 2377 I sysui_multi_action: [757,0,758,1,759,0,927,3,928,0,1593,0]
12-08 04:35:41.095 2377 2377 I sysui_multi_action: [757,491,758,1,759,491,927,4,928,0,1311,-1,1593,0]
12-08 04:35:41.095 2377 2377 I sysui_multi_action: [757,0,758,1,759,0,927,5,928,0,1593,0]
12-08 04:35:41.095 2377 2377 I sysui_multi_action: [757,111,758,1]
12-08 04:35:41.095 2377 2377 I sysui_multi_action: [757,126,758,1,759,126,927,0,928,1,1593,0]
12-08 04:35:41.095 2377 2377 I sysui_multi_action: [757,113,758,1,759,113,927,1,928,1,1593,0]
12-08 04:35:41.095 2377 2377 I sysui_multi_action: [757,0,758,1,759,0,927,2,928,0,1593,0]
12-08 04:35:41.095 2377 2377 I sysui_multi_action: [757,0,758,1,759,0,927,3,928,0,1593,0]
12-08 04:35:41.104 1518 2319 I GameModeConfig: isGameModeOn = false
12-08 04:35:41.104 1518 2319 I GameModeConfig: isGameModeOn = false
12-08 04:35:41.104 1518 2319 I GameModeConfig: isGameModeOn = false
12-08 04:35:41.105 1518 2319 I GameModeConfig: isGameModeOn = false
12-08 04:35:41.105 1518 2319 I GameModeConfig: isGameModeOn = false
12-08 04:35:41.105 2377 2377 I sysui_multi_action: [757,111,758,2]
12-08 04:35:41.105 1518 1518 I notification_enqueue: [10082,2377,com.android.systemui,2048,NULL,0,Notification(channel=updateNotification shortcut=null contentView=null vibrate=null sound=null defaults=0x0 flags=0x0 color=0x00000000 vis=PRIVATE),1]
12-08 04:35:41.106 2377 2377 I sysui_multi_action: [757,111,758,2]
12-08 04:35:41.108 2377 2377 I sysui_multi_action: [757,111,758,1]
12-08 04:35:41.108 2377 2377 I sysui_multi_action: [757,126,758,1,759,126,927,0,928,1,1593,1]
12-08 04:35:41.108 2377 2377 I sysui_multi_action: [757,113,758,1,759,113,927,1,928,1,1593,1]
12-08 04:35:41.109 2377 2377 I sysui_multi_action: [757,0,758,1,759,0,927,2,928,0,1593,1]
12-08 04:35:41.109 2377 2377 I sysui_multi_action: [757,0,758,1,759,0,927,3,928,0,1593,1]
12-08 04:35:41.109 2377 2377 I sysui_multi_action: [757,491,758,1,759,491,927,4,928,0,1311,-1,1593,0]
12-08 04:35:41.109 2377 2377 I sysui_multi_action: [757,0,758,1,759,0,927,5,928,0,1593,0]
12-08 04:35:41.109 2377 2377 I sysui_multi_action: [757,111,758,1]
12-08 04:35:41.109 2377 2377 I sysui_multi_action: [757,126,758,1,759,126,927,0,928,1,1593,1]
12-08 04:35:41.109 2377 2377 I sysui_multi_action: [757,113,758,1,759,113,927,1,928,1,1593,1]
12-08 04:35:41.109 2377 2377 I sysui_multi_action: [757,0,758,1,759,0,927,2,928,0,1593,1]
12-08 04:35:41.109 2377 2377 I sysui_multi_action: [757,0,758,1,759,0,927,3,928,0,1593,1]
12-08 04:35:41.119 1518 2319 I GameModeConfig: isGameModeOn = false
12-08 04:35:41.119 1518 2319 I GameModeConfig: isGameModeOn = false
12-08 04:35:41.119 1518 2319 I GameModeConfig: isGameModeOn = false
12-08 04:35:41.120 1518 2319 I GameModeConfig: isGameModeOn = false
12-08 04:35:41.120 1518 2319 I GameModeConfig: isGameModeOn = false
12-08 04:35:41.121 2377 2377 I sysui_multi_action: [757,111,758,2]
12-08 04:35:41.121 1518 1518 I notification_enqueue: [10082,2377,com.android.systemui,2048,NULL,0,Notification(channel=updateNotification shortcut=null contentView=null vibrate=null sound=null defaults=0x0 flags=0x0 color=0x00000000 vis=PRIVATE),1]
12-08 04:35:41.121 2377 2377 I sysui_multi_action: [757,111,758,2]
12-08 04:35:41.124 2377 2377 I sysui_multi_action: [757,111,758,1]
12-08 04:35:41.124 2377 2377 I sysui_multi_action: [757,126,758,1,759,126,927,0,928,1,1593,1]
12-08 04:35:41.124 2377 2377 I sysui_multi_action: [757,113,758,1,759,113,927,1,928,1,1593,1]
12-08 04:35:41.124 2377 2377 I sysui_multi_action: [757,0,758,1,759,0,927,2,928,0,1593,1]
12-08 04:35:41.124 2377 2377 I sysui_multi_action: [757,0,758,1,759,0,927,3,928,0,1593,1]
12-08 04:35:41.124 2377 2377 I sysui_multi_action: [757,491,758,1,759,491,927,4,928,0,1311,-1,1593,0]
12-08 04:35:41.125 2377 2377 I sysui_multi_action: [757,0,758,1,759,0,927,5,928,0,1593,0]
12-08 04:35:41.125 2377 2377 I sysui_multi_action: [757,111,758,1]
12-08 04:35:41.125 2377 2377 I sysui_multi_action: [757,126,758,1,759,126,927,0,928,1,1593,1]
12-08 04:35:41.125 2377 2377 I sysui_multi_action: [757,113,758,1,759,113,927,1,928,1,1593,1]
12-08 04:35:41.125 2377 2377 I sysui_multi_action: [757,0,758,1,759,0,927,2,928,0,1593,1]
12-08 04:35:41.125 2377 2377 I sysui_multi_action: [757,0,758,1,759,0,927,3,928,0,1593,1]
12-08 04:35:41.131 1518 2319 I GameModeConfig: isGameModeOn = false
12-08 04:35:41.131 1518 2319 I GameModeConfig: isGameModeOn = false
12-08 04:35:41.132 1518 2319 I GameModeConfig: isGameModeOn = false
12-08 04:35:41.132 1518 2319 I GameModeConfig: isGameModeOn = false
12-08 04:35:41.133 1518 2319 I GameModeConfig: isGameModeOn = false
12-08 04:35:41.134 2377 2377 I sysui_multi_action: [757,111,758,2]
12-08 04:35:41.134 2377 2377 I sysui_multi_action: [757,111,758,2]
12-08 04:35:41.134 1518 1518 I notification_enqueue: [10082,2377,com.android.systemui,2048,NULL,0,Notification(channel=updateNotification shortcut=null contentView=null vibrate=null sound=null defaults=0x0 flags=0x0 color=0x00000000 vis=PRIVATE),1]
12-08 04:35:41.137 2377 2377 I sysui_multi_action: [757,111,758,1]
12-08 04:35:41.137 2377 2377 I sysui_multi_action: [757,126,758,1,759,126,927,0,928,1,1593,1]
12-08 04:35:41.137 2377 2377 I sysui_multi_action: [757,113,758,1,759,113,927,1,928,1,1593,1]
12-08 04:35:41.137 2377 2377 I sysui_multi_action: [757,0,758,1,759,0,927,2,928,0,1593,1]
12-08 04:35:41.137 2377 2377 I sysui_multi_action: [757,0,758,1,759,0,927,3,928,0,1593,1]
12-08 04:35:41.137 2377 2377 I sysui_multi_action: [757,491,758,1,759,491,927,4,928,0,1311,-1,1593,0]
12-08 04:35:41.137 2377 2377 I sysui_multi_action: [757,0,758,1,759,0,927,5,928,0,1593,0]
12-08 04:35:41.137 2377 2377 I sysui_multi_action: [757,111,758,1]
12-08 04:35:41.137 2377 2377 I sysui_multi_action: [757,126,758,1,759,126,927,0,928,1,1593,1]
12-08 04:35:41.137 2377 2377 I sysui_multi_action: [757,113,758,1,759,113,927,1,928,1,1593,1]
12-08 04:35:41.137 2377 2377 I sysui_multi_action: [757,0,758,1,759,0,927,2,928,0,1593,1]
12-08 04:35:41.137 2377 2377 I sysui_multi_action: [757,0,758,1,759,0,927,3,928,0,1593,1]
12-08 04:35:41.145 1518 2319 I GameModeConfig: isGameModeOn = false
12-08 04:35:41.146 1518 2319 I GameModeConfig: isGameModeOn = false
12-08 04:35:41.146 1518 2319 I GameModeConfig: isGameModeOn = false
12-08 04:35:41.146 1518 2319 I GameModeConfig: isGameModeOn = false
12-08 04:35:41.147 1518 2319 I GameModeConfig: isGameModeOn = false
12-08 04:35:41.148 2377 2377 I sysui_multi_action: [757,111,758,2]
12-08 04:35:41.148 2377 2377 I sysui_multi_action: [757,111,758,2]
12-08 04:35:41.148 1518 1518 I notification_enqueue: [10082,2377,com.android.systemui,2048,NULL,0,Notification(channel=updateNotification shortcut=null contentView=null vibrate=null sound=null defaults=0x0 flags=0x0 color=0x00000000 vis=PRIVATE),1]
12-08 04:35:41.151 2377 2377 I sysui_multi_action: [757,111,758,1]
12-08 04:35:41.151 2377 2377 I sysui_multi_action: [757,126,758,1,759,126,927,0,928,1,1593,1]
12-08 04:35:41.151 2377 2377 I sysui_multi_action: [757,113,758,1,759,113,927,1,928,1,1593,1]
12-08 04:35:41.151 2377 2377 I sysui_multi_action: [757,0,758,1,759,0,927,2,928,0,1593,1]
12-08 04:35:41.151 2377 2377 I sysui_multi_action: [757,0,758,1,759,0,927,3,928,0,1593,1]
12-08 04:35:41.152 2377 2377 I sysui_multi_action: [757,491,758,1,759,491,927,4,928,0,1311,-1,1593,0]
12-08 04:35:41.152 2377 2377 I sysui_multi_action: [757,0,758,1,759,0,927,5,928,0,1593,0]
12-08 04:35:41.152 2377 2377 I sysui_multi_action: [757,111,758,1]
12-08 04:35:41.152 2377 2377 I sysui_multi_action: [757,126,758,1,759,126,927,0,928,1,1593,1]
12-08 04:35:41.152 2377 2377 I sysui_multi_action: [757,113,758,1,759,113,927,1,928,1,1593,1]
12-08 04:35:41.152 2377 2377 I sysui_multi_action: [757,0,758,1,759,0,927,2,928,0,1593,1]
12-08 04:35:41.152 2377 2377 I sysui_multi_action: [757,0,758,1,759,0,927,3,928,0,1593,1]
12-08 04:35:41.162 1518 2319 I GameModeConfig: isGameModeOn = false
12-08 04:35:41.162 1518 2319 I GameModeConfig: isGameModeOn = false
12-08 04:35:41.162 1518 2319 I GameModeConfig: isGameModeOn = false
12-08 04:35:41.163 1518 2319 I GameModeConfig: isGameModeOn = false
12-08 04:35:41.163 1518 2319 I GameModeConfig: isGameModeOn = false
12-08 04:35:41.164 2377 2377 I sysui_multi_action: [757,111,758,2]
12-08 04:35:41.164 2377 2377 I sysui_multi_action: [757,111,758,2]
12-08 04:35:41.164 1518 1518 I notification_enqueue: [10082,2377,com.android.systemui,2048,NULL,0,Notification(channel=updateNotification shortcut=null contentView=null vibrate=null sound=null defaults=0x0 flags=0x0 color=0x00000000 vis=PRIVATE),1]
12-08 04:35:41.168 2377 2377 I sysui_multi_action: [757,111,758,1]
12-08 04:35:41.168 2377 2377 I sysui_multi_action: [757,126,758,1,759,126,927,0,928,1,1593,1]
12-08 04:35:41.168 2377 2377 I sysui_multi_action: [757,113,758,1,759,113,927,1,928,1,1593,1]
12-08 04:35:41.168 2377 2377 I sysui_multi_action: [757,0,758,1,759,0,927,2,928,0,1593,1]
12-08 04:35:41.168 2377 2377 I sysui_multi_action: [757,0,758,1,759,0,927,3,928,0,1593,1]
12-08 04:35:41.168 2377 2377 I sysui_multi_action: [757,491,758,1,759,491,927,4,928,0,1311,-1,1593,0]
12-08 04:35:41.168 2377 2377 I sysui_multi_action: [757,0,758,1,759,0,927,5,928,0,1593,0]
12-08 04:35:41.168 2377 2377 I sysui_multi_action: [757,111,758,1]
12-08 04:35:41.168 2377 2377 I sysui_multi_action: [757,126,758,1,759,126,927,0,928,1,1593,1]
12-08 04:35:41.168 2377 2377 I sysui_multi_action: [757,113,758,1,759,113,927,1,928,1,1593,1]
12-08 04:35:41.168 2377 2377 I sysui_multi_action: [757,0,758,1,759,0,927,2,928,0,1593,1]
12-08 04:35:41.169 2377 2377 I sysui_multi_action: [757,0,758,1,759,0,927,3,928,0,1593,1]
12-08 04:35:41.178 1518 2319 I GameModeConfig: isGameModeOn = false
12-08 04:35:41.178 1518 2319 I GameModeConfig: isGameModeOn = false
12-08 04:35:41.179 1518 2319 I GameModeConfig: isGameModeOn = false
12-08 04:35:41.179 1518 2319 I GameModeConfig: isGameModeOn = false
12-08 04:35:41.179 1518 2319 I GameModeConfig: isGameModeOn = false
12-08 04:35:41.180 2377 2377 I sysui_multi_action: [757,111,758,2]
12-08 04:35:41.180 2377 2377 I sysui_multi_action: [757,111,758,2]
12-08 04:35:41.180 1518 1518 I notification_enqueue: [10082,2377,com.android.systemui,2048,NULL,0,Notification(channel=updateNotification shortcut=null contentView=null vibrate=null sound=null defaults=0x0 flags=0x0 color=0x00000000 vis=PRIVATE),1]
12-08 04:35:41.184 2377 2377 I sysui_multi_action: [757,111,758,1]
12-08 04:35:41.184 2377 2377 I sysui_multi_action: [757,126,758,1,759,126,927,0,928,1,1593,0]
12-08 04:35:41.184 2377 2377 I sysui_multi_action: [757,113,758,1,759,113,927,1,928,1,1593,0]
12-08 04:35:41.184 2377 2377 I sysui_multi_action: [757,0,758,1,759,0,927,2,928,0,1593,1]
12-08 04:35:41.184 2377 2377 I sysui_multi_action: [757,0,758,1,759,0,927,3,928,0,1593,1]
12-08 04:35:41.184 2377 2377 I sysui_multi_action: [757,491,758,1,759,491,927,4,928,0,1311,-1,1593,0]
12-08 04:35:41.184 2377 2377 I sysui_multi_action: [757,0,758,1,759,0,927,5,928,0,1593,0]
12-08 04:35:41.184 2377 2377 I sysui_multi_action: [757,111,758,1]
12-08 04:35:41.185 2377 2377 I sysui_multi_action: [757,126,758,1,759,126,927,0,928,1,1593,1]
12-08 04:35:41.185 2377 2377 I sysui_multi_action: [757,113,758,1,759,113,927,1,928,1,1593,1]
12-08 04:35:41.185 2377 2377 I sysui_multi_action: [757,0,758,1,759,0,927,2,928,0,1593,1]
12-08 04:35:41.185 2377 2377 I sysui_multi_action: [757,0,758,1,759,0,927,3,928,0,1593,1]
12-08 04:35:41.196 2377 2377 I sysui_multi_action: [757,111,758,2]
12-08 04:35:41.196 1518 2319 I GameModeConfig: isGameModeOn = false
12-08 04:35:41.196 1518 2319 I GameModeConfig: isGameModeOn = false
12-08 04:35:41.196 2377 2377 I sysui_multi_action: [757,111,758,2]
12-08 04:35:41.196 1518 2319 I GameModeConfig: isGameModeOn = false
12-08 04:35:41.196 1518 2319 I GameModeConfig: isGameModeOn = false
12-08 04:35:41.197 1518 2319 I GameModeConfig: isGameModeOn = false
12-08 04:35:41.198 1518 1518 I notification_enqueue: [10082,2377,com.android.systemui,2048,NULL,0,Notification(channel=updateNotification shortcut=null contentView=null vibrate=null sound=null defaults=0x0 flags=0x0 color=0x00000000 vis=PRIVATE),1]
12-08 04:35:41.199 2377 2377 I sysui_multi_action: [757,111,758,1]
12-08 04:35:41.199 2377 2377 I sysui_multi_action: [757,126,758,1,759,126,927,0,928,1,1593,0]
12-08 04:35:41.199 2377 2377 I sysui_multi_action: [757,113,758,1,759,113,927,1,928,1,1593,0]
12-08 04:35:41.200 2377 2377 I sysui_multi_action: [757,0,758,1,759,0,927,2,928,0,1593,0]
12-08 04:35:41.200 2377 2377 I sysui_multi_action: [757,0,758,1,759,0,927,3,928,0,1593,0]
12-08 04:35:41.200 2377 2377 I sysui_multi_action: [757,491,758,1,759,491,927,4,928,0,1311,-1,1593,0]
12-08 04:35:41.200 2377 2377 I sysui_multi_action: [757,0,758,1,759,0,927,5,928,0,1593,0]
12-08 04:35:41.200 2377 2377 I sysui_multi_action: [757,111,758,1]
12-08 04:35:41.200 2377 2377 I sysui_multi_action: [757,126,758,1,759,126,927,0,928,1,1593,0]
12-08 04:35:41.200 2377 2377 I sysui_multi_action: [757,113,758,1,759,113,927,1,928,1,1593,0]
12-08 04:35:41.200 2377 2377 I sysui_multi_action: [757,0,758,1,759,0,927,2,928,0,1593,0]
12-08 04:35:41.200 2377 2377 I sysui_multi_action: [757,0,758,1,759,0,927,3,928,0,1593,0]
12-08 04:35:41.212 1518 2319 I GameModeConfig: isGameModeOn = false
12-08 04:35:41.213 1518 2319 I GameModeConfig: isGameModeOn = false
12-08 04:35:41.213 1518 2319 I GameModeConfig: isGameModeOn = false
12-08 04:35:41.213 1518 2319 I GameModeConfig: isGameModeOn = false
12-08 04:35:41.213 1518 2319 I GameModeConfig: isGameModeOn = false
12-08 04:35:41.214 2377 2377 I sysui_multi_action: [757,111,758,2]
12-08 04:35:41.215 2377 2377 I sysui_multi_action: [757,111,758,2]
12-08 04:35:41.215 1518 1518 I notification_enqueue: [10082,2377,com.android.systemui,2048,NULL,0,Notification(channel=updateNotification shortcut=null contentView=null vibrate=null sound=null defaults=0x0 flags=0x0 color=0x00000000 vis=PRIVATE),1]
12-08 04:35:41.217 2377 2377 I sysui_multi_action: [757,111,758,1]
12-08 04:35:41.217 2377 2377 I sysui_multi_action: [757,126,758,1,759,126,927,0,928,1,1593,1]
12-08 04:35:41.218 2377 2377 I sysui_multi_action: [757,113,758,1,759,113,927,1,928,1,1593,1]
12-08 04:35:41.218 2377 2377 I sysui_multi_action: [757,0,758,1,759,0,927,2,928,0,1593,1]
12-08 04:35:41.218 2377 2377 I sysui_multi_action: [757,0,758,1,759,0,927,3,928,0,1593,1]
12-08 04:35:41.218 2377 2377 I sysui_multi_action: [757,491,758,1,759,491,927,4,928,0,1311,-1,1593,0]
12-08 04:35:41.218 2377 2377 I sysui_multi_action: [757,0,758,1,759,0,927,5,928,0,1593,0]
12-08 04:35:41.218 2377 2377 I sysui_multi_action: [757,111,758,1]
12-08 04:35:41.218 2377 2377 I sysui_multi_action: [757,126,758,1,759,126,927,0,928,1,1593,1]
12-08 04:35:41.218 2377 2377 I sysui_multi_action: [757,113,758,1,759,113,927,1,928,1,1593,1]
12-08 04:35:41.218 2377 2377 I sysui_multi_action: [757,0,758,1,759,0,927,2,928,0,1593,1]
12-08 04:35:41.218 2377 2377 I sysui_multi_action: [757,0,758,1,759,0,927,3,928,0,1593,1]
12-08 04:35:41.229 1518 2319 I GameModeConfig: isGameModeOn = false
12-08 04:35:41.229 1518 2319 I GameModeConfig: isGameModeOn = false
12-08 04:35:41.229 1518 2319 I GameModeConfig: isGameModeOn = false
12-08 04:35:41.230 1518 2319 I GameModeConfig: isGameModeOn = false
12-08 04:35:41.230 1518 2319 I GameModeConfig: isGameModeOn = false
12-08 04:35:41.231 2377 2377 I sysui_multi_action: [757,111,758,2]
12-08 04:35:41.231 2377 2377 I sysui_multi_action: [757,111,758,2]
12-08 04:35:41.233 1518 1518 I notification_enqueue: [10082,2377,com.android.systemui,2048,NULL,0,Notification(channel=updateNotification shortcut=null contentView=null vibrate=null sound=null defaults=0x0 flags=0x0 color=0x00000000 vis=PRIVATE),1]
12-08 04:35:41.235 2377 2377 I sysui_multi_action: [757,111,758,1]
12-08 04:35:41.235 2377 2377 I sysui_multi_action: [757,126,758,1,759,126,927,0,928,1,1593,1]
12-08 04:35:41.235 2377 2377 I sysui_multi_action: [757,113,758,1,759,113,927,1,928,1,1593,1]
12-08 04:35:41.235 2377 2377 I sysui_multi_action: [757,0,758,1,759,0,927,2,928,0,1593,1]
12-08 04:35:41.235 2377 2377 I sysui_multi_action: [757,0,758,1,759,0,927,3,928,0,1593,1]
12-08 04:35:41.236 2377 2377 I sysui_multi_action: [757,491,758,1,759,491,927,4,928,0,1311,-1,1593,0]
12-08 04:35:41.236 2377 2377 I sysui_multi_action: [757,0,758,1,759,0,927,5,928,0,1593,0]
12-08 04:35:41.236 2377 2377 I sysui_multi_action: [757,111,758,1]
12-08 04:35:41.236 2377 2377 I sysui_multi_action: [757,126,758,1,759,126,927,0,928,1,1593,1]
12-08 04:35:41.236 2377 2377 I sysui_multi_action: [757,113,758,1,759,113,927,1,928,1,1593,1]
12-08 04:35:41.236 2377 2377 I sysui_multi_action: [757,0,758,1,759,0,927,2,928,0,1593,1]
12-08 04:35:41.236 2377 2377 I sysui_multi_action: [757,0,758,1,759,0,927,3,928,0,1593,1]
12-08 04:35:41.246 1518 2319 I GameModeConfig: isGameModeOn = false
12-08 04:35:41.246 1518 2319 I GameModeConfig: isGameModeOn = false
12-08 04:35:41.246 1518 2319 I GameModeConfig: isGameModeOn = false
12-08 04:35:41.246 1518 2319 I GameModeConfig: isGameModeOn = false
12-08 04:35:41.246 1518 2319 I GameModeConfig: isGameModeOn = false
12-08 04:35:41.247 2377 2377 I sysui_multi_action: [757,111,758,2]
12-08 04:35:41.247 2377 2377 I sysui_multi_action: [757,111,758,2]
12-08 04:35:41.249 1518 1518 I GameModeConfig: isGameModeOn = false
12-08 04:35:41.250 1518 1518 I sysui_multi_action: [757,1501,758,1,793,926147,794,0,795,204,796,2048,806,com.android.systemui,857,updateNotification,858,3,947,0,1500,0,1688,1]
12-08 04:35:41.250 1518 1518 I sysui_multi_action: [757,804,799,note_interruptive,801,0,802,1]
12-08 04:35:41.250 2377 2377 I sysui_multi_action: [757,111,758,1]
12-08 04:35:41.250 1518 1518 I sysui_multi_action: [757,199,758,1,759,2,793,926147,794,0,795,204,796,2048,806,com.android.systemui,857,updateNotification,858,3,947,0,1500,0,1688,1]
12-08 04:35:41.251 2377 2377 I sysui_multi_action: [757,126,758,1,759,126,927,0,928,1,1593,1]
12-08 04:35:41.251 2377 2377 I sysui_multi_action: [757,113,758,1,759,113,927,1,928,1,1593,1]
12-08 04:35:41.251 1518 1518 I notification_alert: [0|com.android.systemui|2048|null|10082,0,1,0]
12-08 04:35:41.251 2377 2377 I sysui_multi_action: [757,0,758,1,759,0,927,2,928,0,1593,1]
12-08 04:35:41.251 2377 2377 I sysui_multi_action: [757,0,758,1,759,0,927,3,928,0,1593,1]
12-08 04:35:41.251 2377 2377 I sysui_multi_action: [757,491,758,1,759,491,927,4,928,0,1311,-1,1593,0]
12-08 04:35:41.251 2377 2377 I sysui_multi_action: [757,0,758,1,759,0,927,5,928,0,1593,0]
12-08 04:35:41.251 2377 2377 I sysui_multi_action: [757,111,758,1]
12-08 04:35:41.251 2377 2377 I sysui_multi_action: [757,126,758,1,759,126,927,0,928,1,1593,1]
12-08 04:35:41.251 2377 2377 I sysui_multi_action: [757,113,758,1,759,113,927,1,928,1,1593,1]
12-08 04:35:41.251 2377 2377 I sysui_multi_action: [757,0,758,1,759,0,927,2,928,0,1593,1]
12-08 04:35:41.251 2377 2377 I sysui_multi_action: [757,0,758,1,759,0,927,3,928,0,1593,1]
12-08 04:35:41.253 1518 1518 W NotificationHistory: Attempted to add notif for locked/gone/disabled user 0
12-08 04:35:41.254 1518 1518 I notification_enqueue: [10082,2377,com.android.systemui,2048,NULL,0,Notification(channel=updateNotification shortcut=null contentView=null vibrate=null sound=null defaults=0x0 flags=0x0 color=0x00000000 vis=PRIVATE),1]
12-08 04:35:41.262 1518 2319 I GameModeConfig: isGameModeOn = false
12-08 04:35:41.263 1518 2319 I GameModeConfig: isGameModeOn = false
12-08 04:35:41.263 1518 2319 I GameModeConfig: isGameModeOn = false
12-08 04:35:41.264 1518 2319 I GameModeConfig: isGameModeOn = false
12-08 04:35:41.264 1518 2319 I GameModeConfig: isGameModeOn = false
12-08 04:35:41.265 2377 2377 I sysui_multi_action: [757,111,758,2]
12-08 04:35:41.265 2377 2377 I sysui_multi_action: [757,111,758,2]
12-08 04:35:41.265 1518 1518 I notification_enqueue: [10082,2377,com.android.systemui,2048,NULL,0,Notification(channel=updateNotification shortcut=null contentView=null vibrate=null sound=null defaults=0x0 flags=0x0 color=0x00000000 vis=PRIVATE),1]
12-08 04:35:41.268 2377 2377 I sysui_multi_action: [757,111,758,1]
12-08 04:35:41.268 2377 2377 I sysui_multi_action: [757,126,758,1,759,126,927,0,928,1,1593,1]
12-08 04:35:41.268 2377 2377 I sysui_multi_action: [757,113,758,1,759,113,927,1,928,1,1593,1]
12-08 04:35:41.268 2377 2377 I sysui_multi_action: [757,0,758,1,759,0,927,2,928,0,1593,1]
12-08 04:35:41.268 2377 2377 I sysui_multi_action: [757,0,758,1,759,0,927,3,928,0,1593,1]
12-08 04:35:41.269 2377 2377 I sysui_multi_action: [757,491,758,1,759,491,927,4,928,0,1311,-1,1593,0]
12-08 04:35:41.269 2377 2377 I sysui_multi_action: [757,0,758,1,759,0,927,5,928,0,1593,0]
12-08 04:35:41.269 2377 2377 I sysui_multi_action: [757,111,758,1]
12-08 04:35:41.269 2377 2377 I sysui_multi_action: [757,126,758,1,759,126,927,0,928,1,1593,1]
12-08 04:35:41.269 2377 2377 I sysui_multi_action: [757,113,758,1,759,113,927,1,928,1,1593,1]
12-08 04:35:41.269 2377 2377 I sysui_multi_action: [757,0,758,1,759,0,927,2,928,0,1593,1]
12-08 04:35:41.269 2377 2377 I sysui_multi_action: [757,0,758,1,759,0,927,3,928,0,1593,1]
12-08 04:35:41.272 1518 1518 I GameModeConfig: isGameModeOn = false
12-08 04:35:41.272 1518 1518 E NotificationService: Muting recently noisy 0|com.android.systemui|2048|null|10082
12-08 04:35:41.279 1518 2319 I GameModeConfig: isGameModeOn = false
12-08 04:35:41.279 1518 2319 I GameModeConfig: isGameModeOn = false
12-08 04:35:41.279 1518 2319 I GameModeConfig: isGameModeOn = false
12-08 04:35:41.279 1518 2319 I GameModeConfig: isGameModeOn = false
12-08 04:35:41.279 1518 2319 I GameModeConfig: isGameModeOn = false
12-08 04:35:41.281 2377 2377 I sysui_multi_action: [757,111,758,2]
12-08 04:35:41.281 2377 2377 I sysui_multi_action: [757,111,758,2]
12-08 04:35:41.281 1518 1518 I notification_enqueue: [10082,2377,com.android.systemui,2048,NULL,0,Notification(channel=updateNotification shortcut=null contentView=null vibrate=null sound=null defaults=0x0 flags=0x0 color=0x00000000 vis=PRIVATE),1]
12-08 04:35:41.284 2377 2377 I sysui_multi_action: [757,111,758,1]
12-08 04:35:41.284 2377 2377 I sysui_multi_action: [757,126,758,1,759,126,927,0,928,1,1593,1]
12-08 04:35:41.284 2377 2377 I sysui_multi_action: [757,113,758,1,759,113,927,1,928,1,1593,1]
12-08 04:35:41.284 2377 2377 I sysui_multi_action: [757,0,758,1,759,0,927,2,928,0,1593,1]
12-08 04:35:41.284 2377 2377 I sysui_multi_action: [757,0,758,1,759,0,927,3,928,0,1593,1]
12-08 04:35:41.284 2377 2377 I sysui_multi_action: [757,491,758,1,759,491,927,4,928,0,1311,-1,1593,0]
12-08 04:35:41.284 2377 2377 I sysui_multi_action: [757,0,758,1,759,0,927,5,928,0,1593,0]
12-08 04:35:41.284 2377 2377 I sysui_multi_action: [757,111,758,1]
12-08 04:35:41.284 2377 2377 I sysui_multi_action: [757,126,758,1,759,126,927,0,928,1,1593,1]
12-08 04:35:41.284 2377 2377 I sysui_multi_action: [757,113,758,1,759,113,927,1,928,1,1593,1]
12-08 04:35:41.284 2377 2377 I sysui_multi_action: [757,0,758,1,759,0,927,2,928,0,1593,1]
12-08 04:35:41.284 2377 2377 I sysui_multi_action: [757,0,758,1,759,0,927,3,928,0,1593,1]
12-08 04:35:41.291 1518 1518 I GameModeConfig: isGameModeOn = false
12-08 04:35:41.291 1518 1518 E NotificationService: Muting recently noisy 0|com.android.systemui|2048|null|10082
12-08 04:35:41.295 1518 2319 I GameModeConfig: isGameModeOn = false
12-08 04:35:41.296 1518 2319 I GameModeConfig: isGameModeOn = false
12-08 04:35:41.296 1518 2319 I GameModeConfig: isGameModeOn = false
12-08 04:35:41.296 1518 2319 I GameModeConfig: isGameModeOn = false
12-08 04:35:41.296 1518 2319 I GameModeConfig: isGameModeOn = false
12-08 04:35:41.297 2377 2377 I sysui_multi_action: [757,111,758,2]
12-08 04:35:41.297 2377 2377 I sysui_multi_action: [757,111,758,2]
12-08 04:35:41.298 1518 1518 I notification_enqueue: [10082,2377,com.android.systemui,2048,NULL,0,Notification(channel=updateNotification shortcut=null contentView=null vibrate=null sound=null defaults=0x0 flags=0x0 color=0x00000000 vis=PRIVATE),1]
12-08 04:35:41.307 1518 1646 I input_focus: [Focus request 49b46f5 com.android.settings/com.android.settings.Settings,reason=UpdateInputWindows]
12-08 04:35:41.307 1518 1518 I GameModeConfig: isGameModeOn = false
12-08 04:35:41.308 1518 1518 E NotificationService: Muting recently noisy 0|com.android.systemui|2048|null|10082
12-08 04:35:41.308 2377 2377 I sysui_multi_action: [757,111,758,1]
12-08 04:35:41.308 2377 2377 I sysui_multi_action: [757,126,758,1,759,126,927,0,928,1,1593,1]
12-08 04:35:41.308 2377 2377 I sysui_multi_action: [757,113,758,1,759,113,927,1,928,1,1593,1]
12-08 04:35:41.308 2377 2377 I sysui_multi_action: [757,0,758,1,759,0,927,2,928,0,1593,1]
12-08 04:35:41.308 2377 2377 I sysui_multi_action: [757,0,758,1,759,0,927,3,928,0,1593,1]
12-08 04:35:41.308 2377 2377 I sysui_multi_action: [757,491,758,1,759,491,927,4,928,0,1311,-1,1593,0]
12-08 04:35:41.308 2377 2377 I sysui_multi_action: [757,0,758,1,759,0,927,5,928,0,1593,0]
12-08 04:35:41.308 2377 2377 I sysui_multi_action: [757,111,758,1]
12-08 04:35:41.308 2377 2377 I sysui_multi_action: [757,126,758,1,759,126,927,0,928,1,1593,1]
12-08 04:35:41.308 2377 2377 I sysui_multi_action: [757,113,758,1,759,113,927,1,928,1,1593,1]
12-08 04:35:41.309 2377 2377 I sysui_multi_action: [757,0,758,1,759,0,927,2,928,0,1593,1]
12-08 04:35:41.309 2377 2377 I sysui_multi_action: [757,0,758,1,759,0,927,3,928,0,1593,1]
12-08 04:35:41.316 1518 2319 I GameModeConfig: isGameModeOn = false
12-08 04:35:41.317 1518 2319 I GameModeConfig: isGameModeOn = false
12-08 04:35:41.317 1518 2319 I GameModeConfig: isGameModeOn = false
12-08 04:35:41.317 1518 2319 I GameModeConfig: isGameModeOn = false
12-08 04:35:41.317 1518 2319 I GameModeConfig: isGameModeOn = false
12-08 04:35:41.318 2377 2377 I sysui_multi_action: [757,111,758,2]
12-08 04:35:41.318 2377 2377 I sysui_multi_action: [757,111,758,2]
12-08 04:35:41.318 1518 1518 I notification_enqueue: [10082,2377,com.android.systemui,2048,NULL,0,Notification(channel=updateNotification shortcut=null contentView=null vibrate=null sound=null defaults=0x0 flags=0x0 color=0x00000000 vis=PRIVATE),1]
12-08 04:35:41.319 1518 1635 I sysui_multi_action: [757,128,758,2,793,932718,794,2025,795,932718,796,26,798,0,806,android,857,DEVELOPER_IMPORTANT,858,4,947,0,1395,3,1500,932511,1688,1]
12-08 04:35:41.319 1518 1635 I notification_visibility: [-1|android|26|null|1000,0,932718,932718,0,0]
12-08 04:35:41.319 1518 1635 I sysui_multi_action: [757,128,758,2,793,253343,794,2023,795,253343,796,4273,798,1,806,com.android.systemui,857,screen_record,858,3,947,0,1395,3,1500,253141,1688,1,1745,680407814]
12-08 04:35:41.319 1518 1635 I notification_visibility: [0|com.android.systemui|4273|null|10082,0,253343,253343,0,1]
12-08 04:35:41.319 1518 1635 I sysui_multi_action: [757,128,758,2,793,1114426,794,2023,795,1114426,796,32,798,2,806,android,857,USB,858,1,947,0,1395,3,1500,1114264,1688,1]
12-08 04:35:41.319 1518 1635 I notification_visibility: [-1|android|32|null|1000,0,1114426,1114426,0,2]
12-08 04:35:41.319 1518 1635 I sysui_multi_action: [757,127,758,2]
12-08 04:35:41.319 1518 1635 I notification_panel_hidden:
12-08 04:35:41.326 1518 1518 I GameModeConfig: isGameModeOn = false
12-08 04:35:41.327 1518 1518 E NotificationService: Muting recently noisy 0|com.android.systemui|2048|null|10082
12-08 04:35:41.329 2377 2377 I sysui_multi_action: [757,111,758,1]
12-08 04:35:41.329 2377 2377 I sysui_multi_action: [757,126,758,1,759,126,927,0,928,1,1593,1]
12-08 04:35:41.329 2377 2377 I sysui_multi_action: [757,113,758,1,759,113,927,1,928,1,1593,1]
12-08 04:35:41.329 2377 2377 I sysui_multi_action: [757,0,758,1,759,0,927,2,928,0,1593,1]
12-08 04:35:41.329 2377 2377 I sysui_multi_action: [757,0,758,1,759,0,927,3,928,0,1593,1]
12-08 04:35:41.329 2377 2377 I sysui_multi_action: [757,491,758,1,759,491,927,4,928,0,1311,-1,1593,0]
12-08 04:35:41.329 2377 2377 I sysui_multi_action: [757,0,758,1,759,0,927,5,928,0,1593,0]
12-08 04:35:41.329 2377 2377 I sysui_multi_action: [757,111,758,1]
12-08 04:35:41.329 2377 2377 I sysui_multi_action: [757,126,758,1,759,126,927,0,928,1,1593,1]
12-08 04:35:41.329 2377 2377 I sysui_multi_action: [757,113,758,1,759,113,927,1,928,1,1593,1]
12-08 04:35:41.329 2377 2377 I sysui_multi_action: [757,0,758,1,759,0,927,2,928,0,1593,1]
12-08 04:35:41.329 2377 2377 I sysui_multi_action: [757,0,758,1,759,0,927,3,928,0,1593,1]
12-08 04:35:41.335 1518 2002 I input_focus: [Focus leaving 89e55f9 NotificationShade (server),reason=NO_WINDOW]
12-08 04:35:41.335 1518 2002 I input_focus: [Focus entering 49b46f5 com.android.settings/com.android.settings.Settings (server),reason=setFocusedWindow]
12-08 04:35:41.336 1518 1518 I GameModeConfig: isGameModeOn = false
12-08 04:35:41.337 1518 1518 E NotificationService: Muting recently noisy 0|com.android.systemui|2048|null|10082
12-08 04:35:41.346 1518 2002 I input_interaction: Interaction with: 49b46f5 com.android.settings/com.android.settings.Settings (server), edge-swipe (server), swipe-up (server), PointerEventDispatcher0 (server),
12-08 04:35:41.351 1518 1518 I GameModeConfig: isGameModeOn = false
12-08 04:35:41.351 1518 1518 E NotificationService: Muting recently noisy 0|com.android.systemui|2048|null|10082
12-08 04:35:41.366 1518 1518 I GameModeConfig: isGameModeOn = false
12-08 04:35:41.366 1518 1518 E NotificationService: Muting recently noisy 0|com.android.systemui|2048|null|10082
12-08 04:35:41.382 1518 1518 I GameModeConfig: isGameModeOn = false
12-08 04:35:41.383 1518 1518 E NotificationService: Muting recently noisy 0|com.android.systemui|2048|null|10082
12-08 04:35:41.406 1518 1518 I GameModeConfig: isGameModeOn = false
12-08 04:35:41.409 1518 1518 E NotificationService: Muting recently noisy 0|com.android.systemui|2048|null|10082
12-08 04:35:41.417 1518 1518 I GameModeConfig: isGameModeOn = false
12-08 04:35:41.417 1518 1518 E NotificationService: Muting recently noisy 0|com.android.systemui|2048|null|10082
12-08 04:35:41.439 1518 1518 I GameModeConfig: isGameModeOn = false
12-08 04:35:41.440 1518 1518 E NotificationService: Muting recently noisy 0|com.android.systemui|2048|null|10082
