12-08 04:20:13.390 1518 1518 W WindowManager: removeWindowToken: Attempted to remove non-existing token: android.os.Binder@a65d1ba
12-08 04:20:13.548 1518 1518 W WindowManager: removeWindowToken: Attempted to remove non-existing token: android.os.Binder@3465074
12-08 04:20:13.572 1518 1642 D CompanionDeviceManagerService: onPackageModified(packageName = com.android.traceur)
12-08 04:20:13.575 1518 1518 I Telecom : DefaultDialerCache: Refreshing default dialer for user 0: now null: DDC.oR@ACM
12-08 04:20:13.584 1518 1653 W VoiceInteractionManager: no available voice recognition services found for user 0
12-08 04:20:13.652 1518 2736 W OverlayManager: service 'idmap' died
12-08 04:20:14.626 2377 2377 I sysui_heads_up_status: [-1|android|26|null|1000,0]
12-08 04:20:15.102 1518 2736 I sysui_multi_action: [757,856,758,1,806,com.android.systemui,857,updateNotification,858,3]
12-08 04:20:15.102 1518 2775 I sysui_multi_action: [757,128,758,2,793,6500,794,5674,795,6500,796,26,798,0,806,android,857,DEVELOPER_IMPORTANT,858,4,947,0,1395,3,1500,6293,1688,1]
12-08 04:20:15.102 1518 2775 I notification_visibility: [-1|android|26|null|1000,0,6500,6500,0,0]
12-08 04:20:15.104 1518 1518 I notification_enqueue: [10082,2377,com.android.systemui,2048,NULL,0,Notification(channel=updateNotification shortcut=null contentView=null vibrate=null sound=null defaults=0x0 flags=0x0 color=0x00000000 vis=PRIVATE),0]
12-08 04:20:15.105 2377 2377 I sysui_multi_action: [757,111,758,2]
12-08 04:20:15.105 2377 2377 I sysui_multi_action: [757,111,758,2]
12-08 04:20:15.112 1518 4088 I sysui_multi_action: [757,127,758,2]
12-08 04:20:15.112 1518 4088 I notification_panel_hidden:
12-08 04:20:15.124 2377 2377 I sysui_multi_action: [757,111,758,1]
12-08 04:20:15.124 2377 2377 I sysui_multi_action: [757,126,758,1,759,126,927,0,928,1,1593,0]
12-08 04:20:15.124 2377 2377 I sysui_multi_action: [757,113,758,1,759,113,927,1,928,0,1593,0]
12-08 04:20:15.124 2377 2377 I sysui_multi_action: [757,0,758,1,759,0,927,2,928,0,1593,0]
12-08 04:20:15.124 2377 2377 I sysui_multi_action: [757,0,758,1,759,0,927,3,928,0,1593,0]
12-08 04:20:15.124 2377 2377 I sysui_multi_action: [757,491,758,1,759,491,927,4,928,0,1311,-1,1593,0]
12-08 04:20:15.124 2377 2377 I sysui_multi_action: [757,0,758,1,759,0,927,5,928,0,1593,0]
12-08 04:20:15.125 2377 2377 I sysui_multi_action: [757,111,758,1]
12-08 04:20:15.125 2377 2377 I sysui_multi_action: [757,126,758,1,759,126,927,0,928,1,1593,0]
12-08 04:20:15.125 2377 2377 I sysui_multi_action: [757,113,758,1,759,113,927,1,928,0,1593,0]
12-08 04:20:15.125 2377 2377 I sysui_multi_action: [757,0,758,1,759,0,927,2,928,0,1593,0]
12-08 04:20:15.125 2377 2377 I sysui_multi_action: [757,0,758,1,759,0,927,3,928,0,1593,0]
12-08 04:20:15.306 1518 1518 I sysui_multi_action: [757,1501,758,1,793,202,794,0,795,202,796,2048,806,com.android.systemui,857,updateNotification,858,3,947,0,1500,0,1688,1]
12-08 04:20:15.306 1518 1518 I sysui_multi_action: [757,804,799,note_interruptive,801,0,802,1]
12-08 04:20:15.306 1518 1518 I GameModeConfig: isGameModeOn = false
12-08 04:20:15.307 1518 1518 I sysui_multi_action: [757,1501,758,1,793,204,794,0,795,204,796,2048,806,com.android.systemui,857,updateNotification,858,3,947,0,1500,0,1688,1]
12-08 04:20:15.308 1518 1518 I sysui_multi_action: [757,804,799,note_interruptive,801,0,802,1]
12-08 04:20:15.308 1518 1518 I sysui_multi_action: [757,199,758,1,759,2,793,205,794,0,795,205,796,2048,806,com.android.systemui,857,updateNotification,858,3,947,0,1500,1,1688,1]
12-08 04:20:15.308 1518 1518 I notification_alert: [0|com.android.systemui|2048|null|10082,0,1,0]
12-08 04:20:15.310 1518 1518 W NotificationHistory: Attempted to add notif for locked/gone/disabled user 0
12-08 04:20:15.358 1518 1644 I commit_sys_config_file: [notification-policy,190249]
12-08 04:20:15.843 1518 1518 W WindowManager: removeWindowToken: Attempted to remove non-existing token: android.os.Binder@4ecd20a
12-08 04:20:16.484 1518 1653 I am_pss : [2932,1000,com.android.settings,175685632,159809536,0,325529600,0,2,21]
12-08 04:20:18.854 1518 2319 I GameModeConfig: isGameModeOn = false
12-08 04:20:19.931 1518 1518 W WindowManager: removeWindowToken: Attempted to remove non-existing token: android.os.Binder@290a636
12-08 04:20:20.712 1518 2775 I wm_finish_activity: [0,115738457,12,com.android.systemui/.usb.UsbDebuggingActivity,app-request]
12-08 04:20:20.713 1518 2775 I wm_task_moved: [11,1,7]
12-08 04:20:20.713 1518 2775 I wm_task_to_front: [0,11]
12-08 04:20:20.716 1518 1642 D AdbDebuggingManager: Logging key QAAAAG97JpZxvIK4efE+NkcibYsENv1AxVG7RRQH5Z9frNxNkoPFpKfjjSwJKUy7DkhDRdIrjvIkgAB2Z+1ObkoCdsjGjbXFFOtUvtK/aUBBUOvjzr2ROKhQipeWtk10CSKhUimdFU2hT0Rs0qwCdntCr3x5zJ4D5JSD6F1r6OUVgVb7bmEUeuoiN7mvj8t1vmU/tRQ7oz4IOVlp1oKMc+zob0xQ3VCKxFmqqSty3dqiV/LOxclbMZHcN0JpgoA5dBlSbr5sRxDNvUqtOMPUiY5SlFHUIvjEU6wYaGxsFCigO4a3KEnUVHwLek/I51oZuLLTEVxSkoClfe8stOhL29qUlncXKomlO5Xrd6KeSI8HacwG00YG89yDMyCsuH1xfPqhftaU+mjENo4dR0lk5OQa5B5djZS6jyWPNT1ALdwEBjZs3E1a/c4l+YcevTMwVH32ud9imhSmc0J+sq1CkmBn4ICCzb7TUKzPSPVJoDZkRlGOJQn603sSTSw91R76MlPLSxNMURaiKBGhIrQViJZge/2PSbLv/UVBmN7qjXa/88JhNrJ5mIWQEvbAu26cSbu6E2608g1IH4y3vMbJDQ4nIjgz1W9LXekLPuD3BdHUTzLDWLiOMXpM+K86701fRvWt5RWYynOwHXNPdQx/ArXANQhvVeKl52s5/tWusvFP1YON03wfHQEAAQA= thundersoft@DESKTOP-17ME0V2, state = 2, alwaysAllow = true, lastConnectionTime = 1670444420713, authWindow = 604800000
12-08 04:20:20.720 1518 2775 I wm_focused_root_task: [0,0,11,12,finish-top adjustFocusToNextFocusableTask]
12-08 04:20:20.737 1518 2775 I wm_pause_activity: [0,115738457,com.android.systemui/.usb.UsbDebuggingActivity,userLeaving=false,finish]
12-08 04:20:20.745 1518 1646 I input_focus: [Focus request ef97687 com.android.settings/com.android.settings.Settings,reason=UpdateInputWindows]
12-08 04:20:20.748 2377 2377 I wm_on_top_resumed_lost_called: [115738457,com.android.systemui.usb.UsbDebuggingActivity,topStateChangedWhenResumed]
12-08 04:20:20.749 2377 2377 I wm_on_paused_called: [115738457,com.android.systemui.usb.UsbDebuggingActivity,performPause]
12-08 04:20:20.751 1518 2775 I ActivityTaskManager: FOREGROUND_APPLICATION_CHANGED to com.android.settings.homepage.SettingsHomepageActivity
12-08 04:20:20.752 1518 2775 I wm_set_resumed_activity: [0,com.android.settings/.Settings,resumeTopActivityInnerLocked]
12-08 04:20:20.758 1518 2775 I service_manager_stats: [100,75,32600]
12-08 04:20:20.759 1518 2775 I wm_resume_activity: [0,186126676,11,com.android.settings/.Settings]
12-08 04:20:20.760 2932 2932 I wm_on_resume_called: [186126676,com.android.settings.Settings,RESUME_ACTIVITY]
12-08 04:20:20.763 2932 2932 I sysui_multi_action: [757,35,758,1,833,0,1089,0]
12-08 04:20:20.773 1518 2002 I input_focus: [Focus leaving 6845f2a com.android.systemui/com.android.systemui.usb.UsbDebuggingActivity (server),reason=NO_WINDOW]
12-08 04:20:20.774 1518 1645 I sysui_multi_action: [757,803,799,window_time_0,802,11]
12-08 04:20:20.777 1518 2002 I input_focus: [Focus entering ef97687 com.android.settings/com.android.settings.Settings (server),reason=setFocusedWindow]
12-08 04:20:20.780 2932 2932 I sysui_multi_action: [757,39,758,1,833,0,1089,0]
12-08 04:20:20.781 1518 1635 D TelephonyRegistry: listen oscl: mHasNotifySubscriptionInfoChangedOccurred==false no callback
12-08 04:20:20.785 1518 4088 D TelephonyRegistry: listen oscl: mHasNotifySubscriptionInfoChangedOccurred==false no callback
12-08 04:20:20.795 2932 2932 I auditd : type=1400 audit(0.0:373): avc: denied { read } for comm="pool-2-thread-6" name="pagetypeinfo" dev="proc" ino=4026531857 scontext=u:r:system_app:s0 tcontext=u:object_r:proc_pagetypeinfo:s0 tclass=file permissive=0
12-08 04:20:20.795 2932 2932 I auditd : type=1400 audit(0.0:374): avc: denied { search } for comm="pool-2-thread-6" name="zram0" dev="sysfs" ino=56685 scontext=u:r:system_app:s0 tcontext=u:object_r:sysfs_zram:s0 tclass=dir permissive=0
12-08 04:20:20.795 2932 2932 I auditd : type=1400 audit(0.0:375): avc: denied { search } for comm="pool-2-thread-6" name="zram0" dev="sysfs" ino=56685 scontext=u:r:system_app:s0 tcontext=u:object_r:sysfs_zram:s0 tclass=dir permissive=0
12-08 04:20:20.811 2932 2932 I wm_on_top_resumed_gained_called: [186126676,com.android.settings.Settings,topWhenResuming]
12-08 04:20:20.840 1518 2775 I wm_destroy_activity: [0,115738457,12,com.android.systemui/.usb.UsbDebuggingActivity,finish-idle]
12-08 04:20:20.848 2377 2377 I wm_on_stop_called: [115738457,com.android.systemui.usb.UsbDebuggingActivity,LIFECYCLER_STOP_ACTIVITY]
12-08 04:20:20.848 2377 2377 I wm_on_destroy_called: [115738457,com.android.systemui.usb.UsbDebuggingActivity,performDestroy]
12-08 04:20:20.868 4314 4334 W ContextImpl: Calling a method in the system process without a qualified user: android.app.ContextImpl.startService:1816 android.content.ContextWrapper.startService:774 com.thundercomm.gamemode.ingame.services.GameModeActionUtils.startGameModeService:93 com.thundercomm.gamemode.ingame.services.GameModeActionUtils.startGameModeEntry:21 com.thundercomm.gamemode.ingame.services.ActivityMonitoringService$1.onActivityLaunch:127
12-08 04:20:20.879 1518 1518 I GameModeConfig: Current uri is uri = content://com.thundercomm.gamemode.api/gamemode_settings/gamemode_isgaming
12-08 04:20:20.884 1518 1518 I GameModeConfig: isGameModeOn = false
12-08 04:20:20.884 1518 1518 I GameModeConfig: isGameModeOn = false
12-08 04:20:20.884 1518 1518 I GameModeConfig: isDisableVoice = true
12-08 04:20:21.012 1518 1752 I commit_sys_config_file: [settings-0-0,7]
12-08 04:20:21.037 1518 1646 I wm_task_removed: [12,removeChild:removeChild last r=ActivityRecord{6e60759 u0 com.android.systemui/.usb.UsbDebuggingActivity t-1 f}} in t=Task{76143f6 #12 type=standard A=10082:com.android.systemui U=0 visible=false mode=fullscreen translucent=true sz=0}]
12-08 04:20:21.037 1518 1646 I wm_task_removed: [12,removeChild]
12-08 04:20:21.039 1518 1646 W ActivityTaskManager: Can't find TaskDisplayArea to determine support for multi window. Task id=12 attached=false
12-08 04:20:21.039 1518 1646 W ActivityTaskManager: Can't find TaskDisplayArea to determine support for multi window. Task id=12 attached=false
12-08 04:20:23.760 1518 3852 E TaskPersister: File error accessing recents directory (directory doesn't exist?).
12-08 04:20:25.339 1518 2319 I GameModeConfig: isGameModeOn = false
12-08 04:20:52.723 1518 1654 I am_uid_idle: 10089
12-08 04:21:01.203 1518 2002 I input_interaction: Interaction with: ef97687 com.android.settings/com.android.settings.Settings (server), edge-swipe (server), swipe-up (server), PointerEventDispatcher0 (server),
12-08 04:21:01.326 2932 2932 I sysui_multi_action: [757,830,758,4,833,0,854,top_level_game,1089,0]
12-08 04:21:01.436 2932 2932 I sysui_multi_action: [757,39,758,2,1089,40656]
12-08 04:21:01.471 2932 2932 I sysui_multi_action: [757,3000,758,1,833,0,1089,21]
12-08 04:21:01.471 2932 2932 I sysui_multi_action: [757,1729,758,4,854,isParalleledControllers:false,1089,21]
12-08 04:21:02.641 2932 2932 I sysui_multi_action: [757,830,758,4,833,0,854,top_level_system,1089,0]
12-08 04:21:02.747 2932 2932 I sysui_multi_action: [757,3000,758,2,1089,1275]
12-08 04:21:02.788 2932 2932 I sysui_multi_action: [757,744,758,1,833,0,1089,28]
12-08 04:21:02.792 2932 2932 I sysui_multi_action: [757,1729,758,4,854,isParalleledControllers:false,1089,32]
12-08 04:21:03.429 2932 2932 I sysui_multi_action: [757,830,758,4,833,0,854,top_level_game,1089,0]
12-08 04:21:03.541 2932 2932 I sysui_multi_action: [757,744,758,2,1089,754]
12-08 04:21:03.567 2932 2932 I sysui_multi_action: [757,3000,758,1,833,0,1089,20]
12-08 04:21:03.568 2932 2932 I sysui_multi_action: [757,1729,758,4,854,isParalleledControllers:false,1089,20]
12-08 04:21:05.009 1518 1518 I GameModeConfig: Current uri is uri = content://com.thundercomm.gamemode.api/gamemode_settings/gamemode_enable
12-08 04:21:05.016 2932 2932 I sysui_multi_action: [757,830,758,4,833,0,854,game_setting_switch,1089,0]
12-08 04:21:05.024 1518 1518 I GameModeConfig: isGameModeOn = true
12-08 04:21:05.024 1518 1518 I GameModeConfig: isGaming = false
12-08 04:21:05.024 1518 1518 I GameModeConfig: isGameModeOn = true
12-08 04:21:05.024 1518 1518 I GameModeConfig: isGaming = false
12-08 04:21:05.024 1518 1518 I GameModeConfig: isDisableVoice = true
12-08 04:21:06.928 1518 1518 I GameModeConfig: Current uri is uri = content://com.thundercomm.gamemode.api/gamemode_settings/gamemode_enable
12-08 04:21:06.931 1518 1518 I GameModeConfig: isGameModeOn = false
12-08 04:21:06.931 1518 1518 I GameModeConfig: isGameModeOn = false
12-08 04:21:06.931 1518 1518 I GameModeConfig: isDisableVoice = true
12-08 04:21:06.934 2932 2932 I sysui_multi_action: [757,830,758,4,833,0,854,game_setting_switch,1089,0]
12-08 04:21:08.207 2932 2932 I sysui_multi_action: [757,830,758,4,833,0,854,top_level_display,1089,0]
12-08 04:21:08.314 2932 2932 I sysui_multi_action: [757,3000,758,2,1089,4746]
12-08 04:21:08.348 1518 4088 E UserRestrictionsUtils: Unknown restriction queried by uid 1000 (com.android.keychain et al): null
12-08 04:21:08.350 1518 4088 E UserRestrictionsUtils: Unknown restriction queried by uid 1000 (com.android.keychain et al): null
12-08 04:21:08.383 2932 2932 I sysui_multi_action: [757,46,758,1,833,0,1089,49]
12-08 04:21:08.397 2932 2932 I sysui_multi_action: [757,1729,758,4,854,isParalleledControllers:false,1089,63]
12-08 04:21:10.896 2932 2932 I sysui_multi_action: [757,830,758,4,833,0,854,night_display,1089,0]
12-08 04:21:10.910 2932 2932 I sysui_multi_action: [757,46,758,2,1089,2527]
12-08 04:21:10.928 1518 4088 E UserRestrictionsUtils: Unknown restriction queried by uid 1000 (com.android.keychain et al): null
12-08 04:21:10.956 2932 2932 I sysui_multi_action: [757,488,758,1,833,0,1089,37]
12-08 04:21:10.961 2932 2932 I sysui_multi_action: [757,1729,758,4,854,isParalleledControllers:false,1089,41]
12-08 04:21:12.101 1518 4088 I ColorDisplayService: Turning on night display
12-08 04:21:12.310 1518 1752 I commit_sys_config_file: [settings-2-0,8]
12-08 04:21:12.805 1518 2463 I ColorDisplayService: Turning off night display
12-08 04:21:12.811 1518 1645 D ColorDisplayService: NightDisplayTintController Animation cancelled: true to matrix:
12-08 04:21:12.811 1518 1645 D ColorDisplayService: 1.000000 0.000000 0.000000 0.000000 0.000000 0.748795 0.000000 0.000000 0.000000 0.000000 0.509417 0.000000 0.000000 0.000000 0.000000 1.000000 min matrix coefficients:
12-08 04:21:12.811 1518 1645 D ColorDisplayService: 1.000000 0.000000 0.000000 0.000000 0.000000 0.952281 0.000000 0.000000 0.000000 0.000000 0.906808 0.000000 0.000000 0.000000 0.000000 1.000000 max matrix coefficients:
12-08 04:21:12.811 1518 1645 D ColorDisplayService: 1.000000 0.000000 0.000000 0.000000 0.000000 1.000000 0.000000 0.000000 0.000000 0.000000 1.000000 0.000000 0.000000 0.000000 0.000000 1.000000
12-08 04:21:12.811 1284 3033 I liblog : 15
12-08 04:21:12.812 1284 3033 I liblog : 6
12-08 04:21:13.013 1518 1752 I commit_sys_config_file: [settings-2-0,7]
12-08 04:21:13.421 1518 2463 I ColorDisplayService: Turning on night display
12-08 04:21:13.431 1518 1645 D ColorDisplayService: NightDisplayTintController Animation cancelled: true to matrix:
12-08 04:21:13.431 1518 1645 D ColorDisplayService: 1.000000 0.000000 0.000000 0.000000 0.000000 1.000000 0.000000 0.000000 0.000000 0.000000 1.000000 0.000000 0.000000 0.000000 0.000000 1.000000 min matrix coefficients:
12-08 04:21:13.431 1518 1645 D ColorDisplayService: 1.000000 0.000000 0.000000 0.000000 0.000000 0.952281 0.000000 0.000000 0.000000 0.000000 0.906808 0.000000 0.000000 0.000000 0.000000 1.000000 max matrix coefficients:
12-08 04:21:13.431 1518 1645 D ColorDisplayService: 1.000000 0.000000 0.000000 0.000000 0.000000 0.958814 0.000000 0.000000 0.000000 0.000000 0.919567 0.000000 0.000000 0.000000 0.000000 1.000000
12-08 04:21:13.627 1518 1752 I commit_sys_config_file: [settings-2-0,6]
12-08 04:21:16.455 1518 1645 D ColorDisplayService: NightDisplayTintController Animation cancelled: false to matrix:
12-08 04:21:16.455 1518 1645 D ColorDisplayService: 1.000000 0.000000 0.000000 0.000000 0.000000 0.748795 0.000000 0.000000 0.000000 0.000000 0.509417 0.000000 0.000000 0.000000 0.000000 1.000000 min matrix coefficients:
12-08 04:21:16.455 1518 1645 D ColorDisplayService: 1.000000 0.000000 0.000000 0.000000 0.000000 0.748795 0.000000 0.000000 0.000000 0.000000 0.509417 0.000000 0.000000 0.000000 0.000000 1.000000 max matrix coefficients:
12-08 04:21:16.455 1518 1645 D ColorDisplayService: 1.000000 0.000000 0.000000 0.000000 0.000000 0.958814 0.000000 0.000000 0.000000 0.000000 0.919567 0.000000 0.000000 0.000000 0.000000 1.000000
12-08 04:21:16.734 1518 2463 I ColorDisplayService: Turning off night display
12-08 04:21:16.944 1518 1752 I commit_sys_config_file: [settings-2-0,10]
12-08 04:21:18.633 1518 4088 I ColorDisplayService: Turning on night display
12-08 04:21:18.643 1518 1645 D ColorDisplayService: NightDisplayTintController Animation cancelled: true to matrix:
12-08 04:21:18.643 1518 1645 D ColorDisplayService: 1.000000 0.000000 0.000000 0.000000 0.000000 1.000000 0.000000 0.000000 0.000000 0.000000 1.000000 0.000000 0.000000 0.000000 0.000000 1.000000 min matrix coefficients:
12-08 04:21:18.643 1518 1645 D ColorDisplayService: 1.000000 0.000000 0.000000 0.000000 0.000000 0.748795 0.000000 0.000000 0.000000 0.000000 0.509417 0.000000 0.000000 0.000000 0.000000 1.000000 max matrix coefficients:
12-08 04:21:18.643 1518 1645 D ColorDisplayService: 1.000000 0.000000 0.000000 0.000000 0.000000 0.974062 0.000000 0.000000 0.000000 0.000000 0.949346 0.000000 0.000000 0.000000 0.000000 1.000000
12-08 04:21:18.840 1518 1752 I commit_sys_config_file: [settings-2-0,6]
12-08 04:21:21.356 1518 2463 I ColorDisplayService: Turning off night display
12-08 04:21:21.364 1518 1645 D ColorDisplayService: NightDisplayTintController Animation cancelled: true to matrix:
12-08 04:21:21.364 1518 1645 D ColorDisplayService: 1.000000 0.000000 0.000000 0.000000 0.000000 0.748795 0.000000 0.000000 0.000000 0.000000 0.509417 0.000000 0.000000 0.000000 0.000000 1.000000 min matrix coefficients:
12-08 04:21:21.364 1518 1645 D ColorDisplayService: 1.000000 0.000000 0.000000 0.000000 0.000000 0.750174 0.000000 0.000000 0.000000 0.000000 0.512110 0.000000 0.000000 0.000000 0.000000 1.000000 max matrix coefficients:
12-08 04:21:21.364 1518 1645 D ColorDisplayService: 1.000000 0.000000 0.000000 0.000000 0.000000 0.974062 0.000000 0.000000 0.000000 0.000000 0.949346 0.000000 0.000000 0.000000 0.000000 1.000000
12-08 04:21:21.566 1518 1752 I commit_sys_config_file: [settings-2-0,7]
12-08 04:21:24.387 1518 1645 D ColorDisplayService: NightDisplayTintController Animation cancelled: false to matrix:
12-08 04:21:24.387 1518 1645 D ColorDisplayService: 1.000000 0.000000 0.000000 0.000000 0.000000 1.000000 0.000000 0.000000 0.000000 0.000000 1.000000 0.000000 0.000000 0.000000 0.000000 1.000000 min matrix coefficients:
12-08 04:21:24.387 1518 1645 D ColorDisplayService: 1.000000 0.000000 0.000000 0.000000 0.000000 0.750174 0.000000 0.000000 0.000000 0.000000 0.512110 0.000000 0.000000 0.000000 0.000000 1.000000 max matrix coefficients:
12-08 04:21:24.387 1518 1645 D ColorDisplayService: 1.000000 0.000000 0.000000 0.000000 0.000000 1.000000 0.000000 0.000000 0.000000 0.000000 1.000000 0.000000 0.000000 0.000000 0.000000 1.000000
12-08 04:21:28.649 1518 1654 I am_uid_idle: 10094
12-08 04:21:56.888 565 565 E spcomlib: [spcom_wait_for_event] event [1] [nvm_ready] EVENT_STATUS_TIMEOUT
12-08 04:21:56.888 565 565 E spdaemon: spcom_wait_for_nvm_ready() failed. ret [-110] [Connection timed out].
12-08 04:21:56.888 565 565 E spdaemon: Initial SP initialization failed. ret [-110].
12-08 04:21:56.888 565 565 D spdaemon: going to sleep for a day.
12-08 04:22:12.967 1518 1654 I am_uid_idle: 10067
12-08 04:22:14.288 1518 1670 V DisplayPowerController[0]: Brightness [0.05] reason changing to: 'manual [ dim ]', previous reason: 'manual'.
12-08 04:22:14.289 1518 1670 I sysui_multi_action: [757,1696,758,6,759,2]
12-08 04:22:14.290 1518 2355 E DisplayDeviceConfig: requesting nits when no mapping exists.
12-08 04:22:14.291 1518 2355 E DisplayDeviceConfig: requesting nits when no mapping exists.
12-08 04:22:14.291 1518 1654 I am_wtf : [0,1518,system_server,-1,DisplayDeviceConfig,requesting nits when no mapping exists.]
12-08 04:22:14.294 1518 1654 I DropBoxManagerService: add tag=system_server_wtf isTagEnabled=true flags=0x2
12-08 04:22:14.296 1518 1654 I am_wtf : [0,1518,system_server,-1,DisplayDeviceConfig,requesting nits when no mapping exists.]
12-08 04:22:14.297 1518 1654 I DropBoxManagerService: add tag=system_server_wtf isTagEnabled=true flags=0x2
12-08 04:22:21.278 1518 1670 I PowerManagerService: Napping display group (groupId=0, uid=1000)...
12-08 04:22:21.278 1518 1670 I PowerManagerService: Nap time (uid 1000)...
12-08 04:22:21.280 1518 1670 I DreamManagerService: Entering dreamland.
12-08 04:22:21.294 1518 1670 I PowerManagerService: Dreaming...
12-08 04:22:21.296 1518 1642 I DreamController: Starting dream: name=ComponentInfo{com.thundercomm.screensaver/com.thundercomm.saverclock.service.ClockScreensaver}, isTest=false, canDoze=false, userId=0
12-08 04:22:21.296 1518 1642 I sysui_multi_action: [757,222,758,1]
12-08 04:22:21.300 1518 1642 I am_uid_running: 10052
12-08 04:22:21.301 1518 1642 D CompatibilityChangeReporter: Compat change id reported: 135634846; UID 10052; state: DISABLED
12-08 04:22:21.301 1518 1642 D CompatibilityChangeReporter: Compat change id reported: 177438394; UID 10052; state: DISABLED
12-08 04:22:21.302 1518 1642 D CompatibilityChangeReporter: Compat change id reported: 135772972; UID 10052; state: DISABLED
12-08 04:22:21.302 1518 1642 D CompatibilityChangeReporter: Compat change id reported: 135754954; UID 10052; state: ENABLED
12-08 04:22:21.303 1518 1655 D CompatibilityChangeReporter: Compat change id reported: 143937733; UID 10052; state: ENABLED
12-08 04:22:21.311 1518 1653 I am_pss : [2932,1000,com.android.settings,178907136,161898496,0,327688192,0,2,13]
12-08 04:22:21.319 1518 1653 I am_pss : [3445,10023,android.process.media,10501120,8503296,0,104316928,0,19,6]
12-08 04:22:21.322 1518 1655 I am_proc_start: [0,5261,10052,com.thundercomm.screensaver,service,{com.thundercomm.screensaver/com.thundercomm.saverclock.service.ClockScreensaver}]
12-08 04:22:21.322 1518 1655 I ActivityManager: Start proc 5261:com.thundercomm.screensaver/u0a52 for service {com.thundercomm.screensaver/com.thundercomm.saverclock.service.ClockScreensaver}
12-08 04:22:21.327 1518 1653 I am_pss : [5142,2000,com.android.shell,5740544,4255744,0,92303360,0,19,5]
12-08 04:22:21.350 1518 2463 I am_proc_bound: [0,5261,com.thundercomm.screensaver]
12-08 04:22:21.352 1518 2463 D CompatibilityChangeReporter: Compat change id reported: 168419799; UID 10052; state: DISABLED
12-08 04:22:21.356 1518 2463 I am_uid_active: 10052
12-08 04:22:21.405 5261 5261 D MicroServiceManager: add linkToDeath
12-08 04:22:21.405 5261 5261 D MicroServiceManager: bindMicroService: called already get service
12-08 04:22:21.405 5261 5261 I MicroServiceManager: addCommonCallbackListener add listener
12-08 04:22:21.405 5261 5261 I MicroServiceManager: addConnectChangedListener add listener
12-08 04:22:21.407 1518 4088 I ActivityTaskManager: START u0 {flg=0x10000000 pkg=com.thundercomm.screensaver cmp=com.thundercomm.screensaver/android.service.dreams.DreamActivity (has extras)} from uid 10052
12-08 04:22:21.409 1518 4088 D CompatibilityChangeReporter: Compat change id reported: 184838306; UID 10052; state: DISABLED
12-08 04:22:21.410 1518 4088 D CompatibilityChangeReporter: Compat change id reported: 185004937; UID 10052; state: DISABLED
12-08 04:22:21.411 1518 4088 D CompatibilityChangeReporter: Compat change id reported: 181136395; UID 10052; state: DISABLED
12-08 04:22:21.411 1518 4088 D CompatibilityChangeReporter: Compat change id reported: 174042936; UID 10052; state: DISABLED
12-08 04:22:21.412 1518 4088 D CompatibilityChangeReporter: Compat change id reported: 174042980; UID 10052; state: DISABLED
12-08 04:22:21.413 1518 4088 I wm_task_created: [13,-1]
12-08 04:22:21.413 1518 4088 W ActivityTaskManager: Can't find TaskDisplayArea to determine support for multi window. Task id=13 attached=false
12-08 04:22:21.419 1518 4088 I wm_task_moved: [13,1,7]
12-08 04:22:21.419 1518 4088 I wm_task_to_front: [0,13]
12-08 04:22:21.420 1518 4088 I wm_create_task: [0,13]
12-08 04:22:21.420 1518 4088 I wm_create_activity: [0,171740591,13,com.thundercomm.screensaver/android.service.dreams.DreamActivity,NULL,NULL,NULL,276824064]
12-08 04:22:21.420 1518 4088 I wm_task_moved: [13,1,7]
12-08 04:22:21.421 2932 2932 I wm_on_top_resumed_lost_called: [186126676,com.android.settings.Settings,topStateChangedWhenResumed]
12-08 04:22:21.422 1518 4088 I wm_pause_activity: [0,186126676,com.android.settings/.Settings,userLeaving=true,pauseBackTasks]
12-08 04:22:21.435 2932 2932 I sysui_multi_action: [757,35,758,2,1089,120673]
12-08 04:22:21.436 2932 2932 I sysui_multi_action: [757,488,758,2,1089,70480]
12-08 04:22:21.437 2932 2932 I wm_on_paused_called: [186126676,com.android.settings.Settings,performPause]
12-08 04:22:21.438 1518 2775 I ActivityTaskManager: FOREGROUND_APPLICATION_CHANGED to android.service.dreams.DreamActivity
12-08 04:22:21.439 1518 2775 I ActivityTaskManager: The Process com.thundercomm.screensaver Already Exists in BG. So sending its PID: 5261
12-08 04:22:21.440 1518 2775 I wm_add_to_stopping: [0,186126676,com.android.settings/.Settings,makeInvisible]
12-08 04:22:21.441 1518 2775 I wm_restart_activity: [0,171740591,13,com.thundercomm.screensaver/android.service.dreams.DreamActivity]
12-08 04:22:21.444 1518 2775 I wm_set_resumed_activity: [0,com.thundercomm.screensaver/android.service.dreams.DreamActivity,minimalResumeActivityLocked]
12-08 04:22:21.453 1518 1645 I sysui_multi_action: [757,803,799,window_time_0,802,120]
12-08 04:22:21.456 4314 4334 W ContextImpl: Calling a method in the system process without a qualified user: android.app.ContextImpl.startService:1816 android.content.ContextWrapper.startService:774 com.thundercomm.gamemode.ingame.services.GameModeActionUtils.startGameModeService:93 com.thundercomm.gamemode.ingame.services.GameModeActionUtils.startGameModeEntry:21 com.thundercomm.gamemode.ingame.services.ActivityMonitoringService$1.onActivityLaunch:127
12-08 04:22:21.461 1518 1518 I GameModeConfig: Current uri is uri = content://com.thundercomm.gamemode.api/gamemode_settings/gamemode_isgaming
12-08 04:22:21.462 1518 1518 I am_uid_active: 10067
12-08 04:22:21.464 5261 5261 I wm_on_create_called: [171740591,android.service.dreams.DreamActivity,performCreate]
12-08 04:22:21.464 5261 5261 I wm_on_start_called: [171740591,android.service.dreams.DreamActivity,handleStartActivity]
12-08 04:22:21.465 1518 1518 I GameModeConfig: isGameModeOn = false
12-08 04:22:21.466 5261 5261 I wm_on_resume_called: [171740591,android.service.dreams.DreamActivity,RESUME_ACTIVITY]
12-08 04:22:21.466 1518 1518 I GameModeConfig: isGameModeOn = false
12-08 04:22:21.466 1518 1518 I GameModeConfig: isDisableVoice = true
12-08 04:22:21.475 1518 2463 W WindowManager: Failed looking up window session=Session{76c8bfd 5261:u0a10052} callers=com.android.server.wm.WindowManagerService.windowForClientLocked:5628 com.android.server.wm.Session.insetsModified:629 android.view.IWindowSession$Stub.onTransact:1151
12-08 04:22:21.478 1518 2002 I input_focus: [Focus leaving ef97687 com.android.settings/com.android.settings.Settings (server),reason=NO_WINDOW]
12-08 04:22:21.478 5261 5261 I wm_on_top_resumed_gained_called: [171740591,android.service.dreams.DreamActivity,topStateChangedWhenResumed]
12-08 04:22:21.519 1518 1646 I input_focus: [Focus request 819edc0 com.thundercomm.screensaver/android.service.dreams.DreamActivity,reason=UpdateInputWindows]
12-08 04:22:21.521 1518 2319 I GameModeConfig: isGameModeOn = false
12-08 04:22:21.521 1518 2319 I GameModeConfig: isGameModeOn = false
12-08 04:22:21.522 1518 2319 I GameModeConfig: isGameModeOn = false
12-08 04:22:21.522 1518 2319 I GameModeConfig: isGameModeOn = false
12-08 04:22:21.522 1518 2319 I GameModeConfig: isGameModeOn = false
12-08 04:22:21.524 1518 1518 I notification_enqueue: [10082,2377,com.android.systemui,2048,NULL,0,Notification(channel=updateNotification shortcut=null contentView=null vibrate=null sound=null defaults=0x0 flags=0x0 color=0x00000000 vis=PRIVATE),1]
12-08 04:22:21.525 2377 2377 I sysui_multi_action: [757,111,758,2]
12-08 04:22:21.527 2377 2377 I sysui_multi_action: [757,111,758,2]
12-08 04:22:21.549 1518 1635 I am_wtf : [0,2377,com.android.systemui,818462221,KeyguardBouncer,onFullyShown when view was null]
12-08 04:22:21.553 1518 5295 I DropBoxManagerService: add tag=system_app_wtf isTagEnabled=true flags=0x2
12-08 04:22:21.555 2377 2377 I sysui_multi_action: [757,196,758,2,759,0]
12-08 04:22:21.555 4314 4334 W ContextImpl: Calling a method in the system process without a qualified user: android.app.ContextImpl.startService:1816 android.content.ContextWrapper.startService:774 com.thundercomm.gamemode.ingame.services.GameModeActionUtils.startGameModeService:93 com.thundercomm.gamemode.ingame.services.GameModeActionUtils.startGameModeEntry:21 com.thundercomm.gamemode.ingame.services.ActivityMonitoringService$1.onActivityLaunch:127
12-08 04:22:21.555 2377 2377 I sysui_status_bar_state: [0,0,1,0,0,1]
12-08 04:22:21.562 2377 2377 I sysui_multi_action: [757,111,758,1]
12-08 04:22:21.562 2377 2377 I sysui_multi_action: [757,126,758,1,759,126,927,0,928,1,1593,0]
12-08 04:22:21.562 2377 2377 I sysui_multi_action: [757,113,758,1,759,113,927,1,928,0,1593,0]
12-08 04:22:21.562 2377 2377 I sysui_multi_action: [757,0,758,1,759,0,927,2,928,0,1593,0]
12-08 04:22:21.562 2377 2377 I sysui_multi_action: [757,0,758,1,759,0,927,3,928,0,1593,0]
12-08 04:22:21.562 2377 2377 I sysui_multi_action: [757,491,758,1,759,491,927,4,928,0,1311,-1,1593,0]
12-08 04:22:21.562 2377 2377 I sysui_multi_action: [757,0,758,1,759,0,927,5,928,0,1593,0]
12-08 04:22:21.563 2377 2377 I sysui_multi_action: [757,111,758,1]
12-08 04:22:21.563 2377 2377 I sysui_multi_action: [757,126,758,1,759,126,927,0,928,1,1593,0]
12-08 04:22:21.563 2377 2377 I sysui_multi_action: [757,113,758,1,759,113,927,1,928,0,1593,0]
12-08 04:22:21.563 2377 2377 I sysui_multi_action: [757,0,758,1,759,0,927,2,928,0,1593,0]
12-08 04:22:21.563 2377 2377 I sysui_multi_action: [757,0,758,1,759,0,927,3,928,0,1593,0]
12-08 04:22:21.565 1518 1518 I GameModeConfig: Current uri is uri = content://com.thundercomm.gamemode.api/gamemode_settings/gamemode_isgaming
12-08 04:22:21.568 1518 1518 I GameModeConfig: isGameModeOn = false
12-08 04:22:21.569 1518 1518 I GameModeConfig: isGameModeOn = false
12-08 04:22:21.569 1518 1518 I GameModeConfig: isDisableVoice = true
12-08 04:22:21.573 1518 1635 W ActivityTaskManager: Request to remove task ignored for non-existent task 12
12-08 04:22:21.591 1518 1670 V DisplayPowerController[0]: Brightness [1.0] reason changing to: 'manual', previous reason: 'manual [ dim ]'.
12-08 04:22:21.591 1518 1670 I sysui_multi_action: [757,1696,758,6,759,3]
12-08 04:22:21.593 1518 1642 I sysui_multi_action: [319,180,322,172,325,340,757,761,758,8,759,2,806,com.thundercomm.screensaver,871,android.service.dreams.DreamActivity,904,com.thundercomm.screensaver,905,0,1320,4,1321,2]
12-08 04:22:21.594 1518 2355 E DisplayDeviceConfig: requesting nits when no mapping exists.
12-08 04:22:21.594 1518 1642 I wm_activity_launch_time: [0,171740591,com.thundercomm.screensaver/android.service.dreams.DreamActivity,172]
12-08 04:22:21.595 1518 2355 E DisplayDeviceConfig: requesting nits when no mapping exists.
12-08 04:22:21.596 1518 1654 I am_wtf : [0,1518,system_server,-1,DisplayDeviceConfig,requesting nits when no mapping exists.]
12-08 04:22:21.597 1518 1654 I DropBoxManagerService: add tag=system_server_wtf isTagEnabled=true flags=0x2
12-08 04:22:21.597 1518 1654 I am_wtf : [0,1518,system_server,-1,DisplayDeviceConfig,requesting nits when no mapping exists.]
12-08 04:22:21.598 1518 1654 I DropBoxManagerService: add tag=system_server_wtf isTagEnabled=true flags=0x2
12-08 04:22:21.611 1518 2355 E DisplayDeviceConfig: requesting nits when no mapping exists.
12-08 04:22:21.612 1518 2355 E DisplayDeviceConfig: requesting nits when no mapping exists.
12-08 04:22:21.612 1518 1654 I am_wtf : [0,1518,system_server,-1,DisplayDeviceConfig,requesting nits when no mapping exists.]
12-08 04:22:21.612 1518 1654 I am_wtf : [0,1518,system_server,-1,DisplayDeviceConfig,requesting nits when no mapping exists.]
12-08 04:22:21.617 1518 2002 I input_focus: [Focus entering 819edc0 com.thundercomm.screensaver/android.service.dreams.DreamActivity (server),reason=Window became focusable. Previous reason: NOT_VISIBLE]
12-08 04:22:21.629 1518 2355 E DisplayDeviceConfig: requesting nits when no mapping exists.
12-08 04:22:21.629 1518 2355 E DisplayDeviceConfig: requesting nits when no mapping exists.
12-08 04:22:21.629 1518 1654 I am_wtf : [0,1518,system_server,-1,DisplayDeviceConfig,requesting nits when no mapping exists.]
12-08 04:22:21.630 1518 1654 I am_wtf : [0,1518,system_server,-1,DisplayDeviceConfig,requesting nits when no mapping exists.]
12-08 04:22:21.644 1518 2355 E DisplayDeviceConfig: requesting nits when no mapping exists.
12-08 04:22:21.645 1518 1654 I am_wtf : [0,1518,system_server,-1,DisplayDeviceConfig,requesting nits when no mapping exists.]
12-08 04:22:21.646 1518 2355 E DisplayDeviceConfig: requesting nits when no mapping exists.
12-08 04:22:21.647 1518 1654 I am_wtf : [0,1518,system_server,-1,DisplayDeviceConfig,requesting nits when no mapping exists.]
12-08 04:22:21.661 1518 2355 E DisplayDeviceConfig: requesting nits when no mapping exists.
12-08 04:22:21.661 1518 2355 E DisplayDeviceConfig: requesting nits when no mapping exists.
12-08 04:22:21.662 1518 1654 I am_wtf : [0,1518,system_server,-1,DisplayDeviceConfig,requesting nits when no mapping exists.]
12-08 04:22:21.662 1518 1654 I am_wtf : [0,1518,system_server,-1,DisplayDeviceConfig,requesting nits when no mapping exists.]
12-08 04:22:21.677 1518 2355 E DisplayDeviceConfig: requesting nits when no mapping exists.
12-08 04:22:21.678 1518 2355 E DisplayDeviceConfig: requesting nits when no mapping exists.
12-08 04:22:21.678 1518 1654 I am_wtf : [0,1518,system_server,-1,DisplayDeviceConfig,requesting nits when no mapping exists.]
12-08 04:22:21.683 1518 1654 I am_wtf : [0,1518,system_server,-1,DisplayDeviceConfig,requesting nits when no mapping exists.]
12-08 04:22:21.694 1518 2355 E DisplayDeviceConfig: requesting nits when no mapping exists.
12-08 04:22:21.694 1518 2355 E DisplayDeviceConfig: requesting nits when no mapping exists.
12-08 04:22:21.694 1518 1654 I am_wtf : [0,1518,system_server,-1,DisplayDeviceConfig,requesting nits when no mapping exists.]
12-08 04:22:21.695 1518 1654 I am_wtf : [0,1518,system_server,-1,DisplayDeviceConfig,requesting nits when no mapping exists.]
12-08 04:22:21.711 1518 2355 E DisplayDeviceConfig: requesting nits when no mapping exists.
12-08 04:22:21.711 1518 2355 E DisplayDeviceConfig: requesting nits when no mapping exists.
12-08 04:22:21.711 1518 1654 I am_wtf : [0,1518,system_server,-1,DisplayDeviceConfig,requesting nits when no mapping exists.]
12-08 04:22:21.712 1518 1654 I am_wtf : [0,1518,system_server,-1,DisplayDeviceConfig,requesting nits when no mapping exists.]
12-08 04:22:21.726 1518 1518 I GameModeConfig: isGameModeOn = false
12-08 04:22:21.728 1518 2355 E DisplayDeviceConfig: requesting nits when no mapping exists.
12-08 04:22:21.728 1518 1654 I am_wtf : [0,1518,system_server,-1,DisplayDeviceConfig,requesting nits when no mapping exists.]
12-08 04:22:21.730 1518 1518 I sysui_multi_action: [757,1501,758,1,793,126626,794,0,795,207,796,2048,806,com.android.systemui,857,updateNotification,858,3,947,0,1500,0,1688,1]
12-08 04:22:21.730 1518 1518 I sysui_multi_action: [757,804,799,note_interruptive,801,0,802,1]
12-08 04:22:21.730 1518 1518 I sysui_multi_action: [757,199,758,1,759,2,793,126627,794,0,795,208,796,2048,806,com.android.systemui,857,updateNotification,858,3,947,0,1500,1,1688,1]
12-08 04:22:21.730 1518 1518 I notification_alert: [0|com.android.systemui|2048|null|10082,0,1,0]
12-08 04:22:21.730 1518 2355 E DisplayDeviceConfig: requesting nits when no mapping exists.
12-08 04:22:21.732 1518 1518 W NotificationHistory: Attempted to add notif for locked/gone/disabled user 0
12-08 04:22:21.734 1518 1654 I am_wtf : [0,1518,system_server,-1,DisplayDeviceConfig,requesting nits when no mapping exists.]
12-08 04:22:21.744 1518 2355 E DisplayDeviceConfig: requesting nits when no mapping exists.
12-08 04:22:21.744 1518 2355 E DisplayDeviceConfig: requesting nits when no mapping exists.
12-08 04:22:21.744 1518 1654 I am_wtf : [0,1518,system_server,-1,DisplayDeviceConfig,requesting nits when no mapping exists.]
12-08 04:22:21.745 1518 1654 I am_wtf : [0,1518,system_server,-1,DisplayDeviceConfig,requesting nits when no mapping exists.]
12-08 04:22:21.763 1518 2355 E DisplayDeviceConfig: requesting nits when no mapping exists.
12-08 04:22:21.764 1518 2355 E DisplayDeviceConfig: requesting nits when no mapping exists.
12-08 04:22:21.766 1518 1654 I am_wtf : [0,1518,system_server,-1,DisplayDeviceConfig,requesting nits when no mapping exists.]
12-08 04:22:21.767 1518 1654 I am_wtf : [0,1518,system_server,-1,DisplayDeviceConfig,requesting nits when no mapping exists.]
12-08 04:22:21.783 1518 2355 E DisplayDeviceConfig: requesting nits when no mapping exists.
12-08 04:22:21.784 1518 2355 E DisplayDeviceConfig: requesting nits when no mapping exists.
12-08 04:22:21.784 1518 1654 I am_wtf : [0,1518,system_server,-1,DisplayDeviceConfig,requesting nits when no mapping exists.]
12-08 04:22:21.785 1518 1654 I am_wtf : [0,1518,system_server,-1,DisplayDeviceConfig,requesting nits when no mapping exists.]
12-08 04:22:21.794 1518 2355 E DisplayDeviceConfig: requesting nits when no mapping exists.
12-08 04:22:21.794 1518 2355 E DisplayDeviceConfig: requesting nits when no mapping exists.
12-08 04:22:21.794 1518 1654 I am_wtf : [0,1518,system_server,-1,DisplayDeviceConfig,requesting nits when no mapping exists.]
12-08 04:22:21.795 1518 1654 I am_wtf : [0,1518,system_server,-1,DisplayDeviceConfig,requesting nits when no mapping exists.]
12-08 04:22:21.811 1518 2355 E DisplayDeviceConfig: requesting nits when no mapping exists.
12-08 04:22:21.811 1518 2355 E DisplayDeviceConfig: requesting nits when no mapping exists.
12-08 04:22:21.811 1518 1654 I am_wtf : [0,1518,system_server,-1,DisplayDeviceConfig,requesting nits when no mapping exists.]
12-08 04:22:21.812 1518 1654 I am_wtf : [0,1518,system_server,-1,DisplayDeviceConfig,requesting nits when no mapping exists.]
12-08 04:22:21.828 1518 2355 E DisplayDeviceConfig: requesting nits when no mapping exists.
12-08 04:22:21.828 1518 2355 E DisplayDeviceConfig: requesting nits when no mapping exists.
12-08 04:22:21.828 1518 1654 I am_wtf : [0,1518,system_server,-1,DisplayDeviceConfig,requesting nits when no mapping exists.]
12-08 04:22:21.829 1518 1654 I am_wtf : [0,1518,system_server,-1,DisplayDeviceConfig,requesting nits when no mapping exists.]
12-08 04:22:21.845 1518 2355 E DisplayDeviceConfig: requesting nits when no mapping exists.
12-08 04:22:21.845 1518 2355 E DisplayDeviceConfig: requesting nits when no mapping exists.
12-08 04:22:21.845 1518 1654 I am_wtf : [0,1518,system_server,-1,DisplayDeviceConfig,requesting nits when no mapping exists.]
12-08 04:22:21.846 1518 1654 I am_wtf : [0,1518,system_server,-1,DisplayDeviceConfig,requesting nits when no mapping exists.]
12-08 04:22:21.861 1518 2355 E DisplayDeviceConfig: requesting nits when no mapping exists.
12-08 04:22:21.862 1518 1654 I am_wtf : [0,1518,system_server,-1,DisplayDeviceConfig,requesting nits when no mapping exists.]
12-08 04:22:21.862 1518 2355 E DisplayDeviceConfig: requesting nits when no mapping exists.
12-08 04:22:21.863 1518 1654 I am_wtf : [0,1518,system_server,-1,DisplayDeviceConfig,requesting nits when no mapping exists.]
12-08 04:22:21.878 1518 2355 E DisplayDeviceConfig: requesting nits when no mapping exists.
12-08 04:22:21.878 1518 2355 E DisplayDeviceConfig: requesting nits when no mapping exists.
12-08 04:22:21.878 1518 1654 I am_wtf : [0,1518,system_server,-1,DisplayDeviceConfig,requesting nits when no mapping exists.]
12-08 04:22:21.880 1518 1654 I am_wtf : [0,1518,system_server,-1,DisplayDeviceConfig,requesting nits when no mapping exists.]
12-08 04:22:21.896 1518 2355 E DisplayDeviceConfig: requesting nits when no mapping exists.
12-08 04:22:21.896 1518 2355 E DisplayDeviceConfig: requesting nits when no mapping exists.
12-08 04:22:21.896 1518 1654 I am_wtf : [0,1518,system_server,-1,DisplayDeviceConfig,requesting nits when no mapping exists.]
12-08 04:22:21.898 1518 1654 I am_wtf : [0,1518,system_server,-1,DisplayDeviceConfig,requesting nits when no mapping exists.]
12-08 04:22:21.913 1518 2355 E DisplayDeviceConfig: requesting nits when no mapping exists.
12-08 04:22:21.913 1518 2355 E DisplayDeviceConfig: requesting nits when no mapping exists.
12-08 04:22:21.913 1518 1654 I am_wtf : [0,1518,system_server,-1,DisplayDeviceConfig,requesting nits when no mapping exists.]
12-08 04:22:21.914 1518 1654 I am_wtf : [0,1518,system_server,-1,DisplayDeviceConfig,requesting nits when no mapping exists.]
12-08 04:22:21.928 1518 2355 E DisplayDeviceConfig: requesting nits when no mapping exists.
12-08 04:22:21.928 1518 2355 E DisplayDeviceConfig: requesting nits when no mapping exists.
12-08 04:22:21.928 1518 1654 I am_wtf : [0,1518,system_server,-1,DisplayDeviceConfig,requesting nits when no mapping exists.]
12-08 04:22:21.931 1518 1654 I am_wtf : [0,1518,system_server,-1,DisplayDeviceConfig,requesting nits when no mapping exists.]
12-08 04:22:21.945 1518 2355 E DisplayDeviceConfig: requesting nits when no mapping exists.
12-08 04:22:21.945 1518 2355 E DisplayDeviceConfig: requesting nits when no mapping exists.
12-08 04:22:21.946 1518 1654 I am_wtf : [0,1518,system_server,-1,DisplayDeviceConfig,requesting nits when no mapping exists.]
12-08 04:22:21.947 1518 1654 I am_wtf : [0,1518,system_server,-1,DisplayDeviceConfig,requesting nits when no mapping exists.]
12-08 04:22:21.961 1518 2355 E DisplayDeviceConfig: requesting nits when no mapping exists.
12-08 04:22:21.962 1518 2355 E DisplayDeviceConfig: requesting nits when no mapping exists.
12-08 04:22:21.963 1518 1654 I am_wtf : [0,1518,system_server,-1,DisplayDeviceConfig,requesting nits when no mapping exists.]
12-08 04:22:21.964 1518 1654 I am_wtf : [0,1518,system_server,-1,DisplayDeviceConfig,requesting nits when no mapping exists.]
12-08 04:22:21.982 1518 2355 E DisplayDeviceConfig: requesting nits when no mapping exists.
12-08 04:22:21.983 1518 2355 E DisplayDeviceConfig: requesting nits when no mapping exists.
12-08 04:22:21.983 1518 1654 I am_wtf : [0,1518,system_server,-1,DisplayDeviceConfig,requesting nits when no mapping exists.]
12-08 04:22:21.984 1518 1654 I am_wtf : [0,1518,system_server,-1,DisplayDeviceConfig,requesting nits when no mapping exists.]
12-08 04:22:21.995 1518 2355 E DisplayDeviceConfig: requesting nits when no mapping exists.
12-08 04:22:21.995 1518 1654 I am_wtf : [0,1518,system_server,-1,DisplayDeviceConfig,requesting nits when no mapping exists.]
12-08 04:22:21.995 1518 2355 E DisplayDeviceConfig: requesting nits when no mapping exists.
12-08 04:22:21.996 1518 1654 I am_wtf : [0,1518,system_server,-1,DisplayDeviceConfig,requesting nits when no mapping exists.]
12-08 04:22:22.012 1518 2355 E DisplayDeviceConfig: requesting nits when no mapping exists.
12-08 04:22:22.012 1518 2355 E DisplayDeviceConfig: requesting nits when no mapping exists.
12-08 04:22:22.012 1518 1654 I am_wtf : [0,1518,system_server,-1,DisplayDeviceConfig,requesting nits when no mapping exists.]
12-08 04:22:22.013 1518 1654 I am_wtf : [0,1518,system_server,-1,DisplayDeviceConfig,requesting nits when no mapping exists.]
12-08 04:22:22.028 1518 2355 E DisplayDeviceConfig: requesting nits when no mapping exists.
12-08 04:22:22.029 1518 2355 E DisplayDeviceConfig: requesting nits when no mapping exists.
12-08 04:22:22.029 1518 1654 I am_wtf : [0,1518,system_server,-1,DisplayDeviceConfig,requesting nits when no mapping exists.]
12-08 04:22:22.030 1518 1654 I am_wtf : [0,1518,system_server,-1,DisplayDeviceConfig,requesting nits when no mapping exists.]
12-08 04:22:22.045 1518 2355 E DisplayDeviceConfig: requesting nits when no mapping exists.
12-08 04:22:22.045 1518 2355 E DisplayDeviceConfig: requesting nits when no mapping exists.
12-08 04:22:22.045 1518 1654 I am_wtf : [0,1518,system_server,-1,DisplayDeviceConfig,requesting nits when no mapping exists.]
12-08 04:22:22.046 1518 1654 I am_wtf : [0,1518,system_server,-1,DisplayDeviceConfig,requesting nits when no mapping exists.]
12-08 04:22:22.063 1518 2355 E DisplayDeviceConfig: requesting nits when no mapping exists.
12-08 04:22:22.063 1518 2355 E DisplayDeviceConfig: requesting nits when no mapping exists.
12-08 04:22:22.063 1518 1654 I am_wtf : [0,1518,system_server,-1,DisplayDeviceConfig,requesting nits when no mapping exists.]
12-08 04:22:22.064 1518 1654 I am_wtf : [0,1518,system_server,-1,DisplayDeviceConfig,requesting nits when no mapping exists.]
12-08 04:22:22.078 1518 2355 E DisplayDeviceConfig: requesting nits when no mapping exists.
12-08 04:22:22.079 1518 2355 E DisplayDeviceConfig: requesting nits when no mapping exists.
12-08 04:22:22.080 1518 1654 I am_wtf : [0,1518,system_server,-1,DisplayDeviceConfig,requesting nits when no mapping exists.]
12-08 04:22:22.081 1518 1654 I am_wtf : [0,1518,system_server,-1,DisplayDeviceConfig,requesting nits when no mapping exists.]
12-08 04:22:22.095 1518 2355 E DisplayDeviceConfig: requesting nits when no mapping exists.
12-08 04:22:22.096 1518 2355 E DisplayDeviceConfig: requesting nits when no mapping exists.
12-08 04:22:22.096 1518 1654 I am_wtf : [0,1518,system_server,-1,DisplayDeviceConfig,requesting nits when no mapping exists.]
12-08 04:22:22.097 1518 1654 I am_wtf : [0,1518,system_server,-1,DisplayDeviceConfig,requesting nits when no mapping exists.]
12-08 04:22:22.100 1518 1645 I wm_stop_activity: [0,186126676,com.android.settings/.Settings]
12-08 04:22:22.120 1518 2355 E DisplayDeviceConfig: requesting nits when no mapping exists.
12-08 04:22:22.120 1518 2355 E DisplayDeviceConfig: requesting nits when no mapping exists.
12-08 04:22:22.121 1518 1654 I am_wtf : [0,1518,system_server,-1,DisplayDeviceConfig,requesting nits when no mapping exists.]
12-08 04:22:22.122 1518 1654 I am_wtf : [0,1518,system_server,-1,DisplayDeviceConfig,requesting nits when no mapping exists.]
12-08 04:22:22.130 1518 2355 E DisplayDeviceConfig: requesting nits when no mapping exists.
12-08 04:22:22.130 1518 1654 I am_wtf : [0,1518,system_server,-1,DisplayDeviceConfig,requesting nits when no mapping exists.]
12-08 04:22:22.131 1518 2355 E DisplayDeviceConfig: requesting nits when no mapping exists.
12-08 04:22:22.132 1518 1654 I am_wtf : [0,1518,system_server,-1,DisplayDeviceConfig,requesting nits when no mapping exists.]
12-08 04:22:22.141 2932 2932 I wm_on_stop_called: [186126676,com.android.settings.Settings,STOP_ACTIVITY_ITEM]
12-08 04:22:22.145 1518 2355 E DisplayDeviceConfig: requesting nits when no mapping exists.
12-08 04:22:22.145 1518 2355 E DisplayDeviceConfig: requesting nits when no mapping exists.
12-08 04:22:22.146 1518 1654 I am_wtf : [0,1518,system_server,-1,DisplayDeviceConfig,requesting nits when no mapping exists.]
12-08 04:22:22.146 1518 1654 I service_manager_stats: [100,55,121388]
12-08 04:22:22.146 1518 1654 I am_wtf : [0,1518,system_server,-1,DisplayDeviceConfig,requesting nits when no mapping exists.]
12-08 04:22:22.160 4314 4334 W ContextImpl: Calling a method in the system process without a qualified user: android.app.ContextImpl.startService:1816 android.content.ContextWrapper.startService:774 com.thundercomm.gamemode.ingame.services.GameModeActionUtils.startGameModeService:93 com.thundercomm.gamemode.ingame.services.GameModeActionUtils.startGameModeEntry:21 com.thundercomm.gamemode.ingame.services.ActivityMonitoringService$1.onActivityLaunch:127
12-08 04:22:22.163 1518 2355 E DisplayDeviceConfig: requesting nits when no mapping exists.
12-08 04:22:22.164 1518 2355 E DisplayDeviceConfig: requesting nits when no mapping exists.
12-08 04:22:22.164 1518 1654 I am_wtf : [0,1518,system_server,-1,DisplayDeviceConfig,requesting nits when no mapping exists.]
12-08 04:22:22.165 1518 1654 I am_wtf : [0,1518,system_server,-1,DisplayDeviceConfig,requesting nits when no mapping exists.]
12-08 04:22:22.166 1518 1518 I GameModeConfig: Current uri is uri = content://com.thundercomm.gamemode.api/gamemode_settings/gamemode_isgaming
12-08 04:22:22.169 1518 1518 I GameModeConfig: isGameModeOn = false
12-08 04:22:22.169 1518 1518 I GameModeConfig: isGameModeOn = false
12-08 04:22:22.169 1518 1518 I GameModeConfig: isDisableVoice = true
12-08 04:22:22.178 1518 2355 E DisplayDeviceConfig: requesting nits when no mapping exists.
12-08 04:22:22.178 1518 2355 E DisplayDeviceConfig: requesting nits when no mapping exists.
12-08 04:22:22.179 1518 1654 I am_wtf : [0,1518,system_server,-1,DisplayDeviceConfig,requesting nits when no mapping exists.]
12-08 04:22:22.179 1518 1654 I am_wtf : [0,1518,system_server,-1,DisplayDeviceConfig,requesting nits when no mapping exists.]
12-08 04:22:22.196 1518 2355 E DisplayDeviceConfig: requesting nits when no mapping exists.
12-08 04:22:22.197 1518 2355 E DisplayDeviceConfig: requesting nits when no mapping exists.
12-08 04:22:22.197 1518 1654 I am_wtf : [0,1518,system_server,-1,DisplayDeviceConfig,requesting nits when no mapping exists.]
12-08 04:22:22.198 1518 1654 I am_wtf : [0,1518,system_server,-1,DisplayDeviceConfig,requesting nits when no mapping exists.]
12-08 04:22:22.213 1518 2355 E DisplayDeviceConfig: requesting nits when no mapping exists.
