12-08 04:26:28.852 1518 2355 E DisplayDeviceConfig: requesting nits when no mapping exists.
12-08 04:26:28.852 1518 2355 E DisplayDeviceConfig: requesting nits when no mapping exists.
12-08 04:26:28.853 1518 1654 I am_wtf : [0,1518,system_server,-1,DisplayDeviceConfig,requesting nits when no mapping exists.]
12-08 04:26:28.854 1518 1654 I am_wtf : [0,1518,system_server,-1,DisplayDeviceConfig,requesting nits when no mapping exists.]
12-08 04:26:28.868 1518 2355 E DisplayDeviceConfig: requesting nits when no mapping exists.
12-08 04:26:28.869 1518 2355 E DisplayDeviceConfig: requesting nits when no mapping exists.
12-08 04:26:28.869 1518 1654 I am_wtf : [0,1518,system_server,-1,DisplayDeviceConfig,requesting nits when no mapping exists.]
12-08 04:26:28.869 1518 1654 I am_wtf : [0,1518,system_server,-1,DisplayDeviceConfig,requesting nits when no mapping exists.]
12-08 04:26:28.887 1518 2355 E DisplayDeviceConfig: requesting nits when no mapping exists.
12-08 04:26:28.887 1518 2355 E DisplayDeviceConfig: requesting nits when no mapping exists.
12-08 04:26:28.888 1518 1654 I am_wtf : [0,1518,system_server,-1,DisplayDeviceConfig,requesting nits when no mapping exists.]
12-08 04:26:28.889 1518 1654 I am_wtf : [0,1518,system_server,-1,DisplayDeviceConfig,requesting nits when no mapping exists.]
12-08 04:26:28.902 1518 2355 E DisplayDeviceConfig: requesting nits when no mapping exists.
12-08 04:26:28.902 1518 2355 E DisplayDeviceConfig: requesting nits when no mapping exists.
12-08 04:26:28.902 1518 1654 I am_wtf : [0,1518,system_server,-1,DisplayDeviceConfig,requesting nits when no mapping exists.]
12-08 04:26:28.904 1518 1654 I am_wtf : [0,1518,system_server,-1,DisplayDeviceConfig,requesting nits when no mapping exists.]
12-08 04:26:28.919 1518 2355 E DisplayDeviceConfig: requesting nits when no mapping exists.
12-08 04:26:28.919 1518 2355 E DisplayDeviceConfig: requesting nits when no mapping exists.
12-08 04:26:28.919 1518 1654 I am_wtf : [0,1518,system_server,-1,DisplayDeviceConfig,requesting nits when no mapping exists.]
12-08 04:26:28.921 1518 1654 I am_wtf : [0,1518,system_server,-1,DisplayDeviceConfig,requesting nits when no mapping exists.]
12-08 04:26:28.936 1518 2355 E DisplayDeviceConfig: requesting nits when no mapping exists.
12-08 04:26:28.937 1518 1654 I am_wtf : [0,1518,system_server,-1,DisplayDeviceConfig,requesting nits when no mapping exists.]
12-08 04:26:28.938 1518 2355 E DisplayDeviceConfig: requesting nits when no mapping exists.
12-08 04:26:28.939 1518 1654 I am_wtf : [0,1518,system_server,-1,DisplayDeviceConfig,requesting nits when no mapping exists.]
12-08 04:26:28.952 1518 2355 E DisplayDeviceConfig: requesting nits when no mapping exists.
12-08 04:26:28.953 1518 2355 E DisplayDeviceConfig: requesting nits when no mapping exists.
12-08 04:26:28.955 1518 1654 I am_wtf : [0,1518,system_server,-1,DisplayDeviceConfig,requesting nits when no mapping exists.]
12-08 04:26:28.956 1518 1654 I am_wtf : [0,1518,system_server,-1,DisplayDeviceConfig,requesting nits when no mapping exists.]
12-08 04:26:38.231 1518 2319 I GameModeConfig: isGameModeOn = false
12-08 04:27:06.036 1518 1767 D ActivityManager: freezing 2808 com.android.settings:CryptKeeper
12-08 04:27:06.036 1518 1767 E ActivityManager: Unable to freeze binder for 2808 com.android.settings:CryptKeeper
12-08 04:27:06.038 1518 1767 D ActivityManager: froze 2808 com.android.settings:CryptKeeper
12-08 04:27:06.038 1518 1767 I am_freeze: [2808,com.android.settings:CryptKeeper]
12-08 04:27:06.039 1518 1767 E ActivityManager: Unable to freeze binder for 2808 com.android.settings:CryptKeeper
12-08 04:27:06.040 1518 1767 I ActivityManager: Killing 2808:com.android.settings:CryptKeeper/1000 (adj 985): Unable to freeze binder interface
12-08 04:27:06.040 1518 1767 I am_kill : [0,2808,com.android.settings:CryptKeeper,985,Unable to freeze binder interface]
12-08 04:27:06.077 1518 2422 I am_proc_died: [0,2808,com.android.settings:CryptKeeper,985,19]
12-08 04:27:06.092 1518 1653 I am_pss : [5261,10052,com.thundercomm.screensaver,64976896,58343424,0,188338176,0,2,11]
12-08 04:27:06.107 1518 1653 I am_pss : [2932,1000,com.android.settings,143427584,126820352,0,289558528,0,15,14]
12-08 04:27:07.212 1518 1767 D ActivityManager: freezing 3460 com.android.keychain
12-08 04:27:07.212 1518 1767 E ActivityManager: Unable to freeze binder for 3460 com.android.keychain
12-08 04:27:07.213 1518 1767 D ActivityManager: froze 3460 com.android.keychain
12-08 04:27:07.213 1518 1767 I am_freeze: [3460,com.android.keychain]
12-08 04:27:07.213 1518 1767 E ActivityManager: Unable to freeze binder for 3460 com.android.keychain
12-08 04:27:07.215 1518 1767 I ActivityManager: Killing 3460:com.android.keychain/1000 (adj 985): Unable to freeze binder interface
12-08 04:27:07.215 1518 1767 I am_kill : [0,3460,com.android.keychain,985,Unable to freeze binder interface]
12-08 04:27:07.251 1518 3327 I am_proc_died: [0,3460,com.android.keychain,985,19]
12-08 04:27:07.466 1518 1767 D ActivityManager: freezing 3539 com.android.documentsui
12-08 04:27:07.467 1518 1767 E ActivityManager: Unable to freeze binder for 3539 com.android.documentsui
12-08 04:27:07.468 1518 1767 D ActivityManager: froze 3539 com.android.documentsui
12-08 04:27:07.468 1518 1767 I am_freeze: [3539,com.android.documentsui]
12-08 04:27:07.468 1518 1767 E ActivityManager: Unable to freeze binder for 3539 com.android.documentsui
12-08 04:27:07.469 1518 1767 I ActivityManager: Killing 3539:com.android.documentsui/u0a19 (adj 985): Unable to freeze binder interface
12-08 04:27:07.469 1518 1767 I am_kill : [0,3539,com.android.documentsui,985,Unable to freeze binder interface]
12-08 04:27:07.506 1518 3327 I am_proc_died: [0,3539,com.android.documentsui,985,19]
12-08 04:27:07.507 1518 3327 I am_uid_stopped: 10019
12-08 04:27:07.929 1518 1767 D ActivityManager: freezing 3855 com.android.traceur
12-08 04:27:07.929 1518 1767 E ActivityManager: Unable to freeze binder for 3855 com.android.traceur
12-08 04:27:07.930 1518 1767 D ActivityManager: froze 3855 com.android.traceur
12-08 04:27:07.930 1518 1767 I am_freeze: [3855,com.android.traceur]
12-08 04:27:07.930 1518 1767 E ActivityManager: Unable to freeze binder for 3855 com.android.traceur
12-08 04:27:07.932 1518 1767 I ActivityManager: Killing 3855:com.android.traceur/u0a21 (adj 985): Unable to freeze binder interface
12-08 04:27:07.932 1518 1767 I am_kill : [0,3855,com.android.traceur,985,Unable to freeze binder interface]
12-08 04:27:07.964 1518 2736 I am_proc_died: [0,3855,com.android.traceur,985,19]
12-08 04:27:07.964 1518 2736 I am_uid_stopped: 10021
12-08 04:27:08.380 1518 1767 D ActivityManager: freezing 3954 com.hryt.hiphishowfsecontrol
12-08 04:27:08.381 1518 1767 E ActivityManager: Unable to freeze binder for 3954 com.hryt.hiphishowfsecontrol
12-08 04:27:08.382 1518 1767 D ActivityManager: froze 3954 com.hryt.hiphishowfsecontrol
12-08 04:27:08.382 1518 1767 I am_freeze: [3954,com.hryt.hiphishowfsecontrol]
12-08 04:27:08.382 1518 1767 E ActivityManager: Unable to freeze binder for 3954 com.hryt.hiphishowfsecontrol
12-08 04:27:08.384 1518 1767 D ActivityManager: freezing 3930 com.android.calendar
12-08 04:27:08.385 1518 1767 E ActivityManager: Unable to freeze binder for 3930 com.android.calendar
12-08 04:27:08.385 1518 1767 D ActivityManager: froze 3930 com.android.calendar
12-08 04:27:08.386 1518 1767 I am_freeze: [3930,com.android.calendar]
12-08 04:27:08.386 1518 1767 E ActivityManager: Unable to freeze binder for 3930 com.android.calendar
12-08 04:27:08.387 1518 1767 I ActivityManager: Killing 3954:com.hryt.hiphishowfsecontrol/u0a25 (adj 975): Unable to freeze binder interface
12-08 04:27:08.387 1518 1767 I am_kill : [0,3954,com.hryt.hiphishowfsecontrol,975,Unable to freeze binder interface]
12-08 04:27:08.389 1518 1767 I ActivityManager: Killing 3930:com.android.calendar/u0a64 (adj 975): Unable to freeze binder interface
12-08 04:27:08.389 1518 1767 I am_kill : [0,3930,com.android.calendar,975,Unable to freeze binder interface]
12-08 04:27:08.418 1518 2736 I am_proc_died: [0,3930,com.android.calendar,975,19]
12-08 04:27:08.420 1518 2736 I am_uid_stopped: 10064
12-08 04:27:08.423 1518 3331 I am_proc_died: [0,3954,com.hryt.hiphishowfsecontrol,975,19]
12-08 04:27:08.423 1518 3331 I am_uid_stopped: 10025
12-08 04:27:08.430 1518 1653 I am_pss : [3891,10063,com.qualcomm.qti.devicestatisticsservice,5134336,3629056,0,88997888,0,0,6]
12-08 04:27:08.521 1518 1767 D ActivityManager: freezing 4038 com.android.dynsystem
12-08 04:27:08.521 1518 1767 E ActivityManager: Unable to freeze binder for 4038 com.android.dynsystem
12-08 04:27:08.522 1518 1767 D ActivityManager: froze 4038 com.android.dynsystem
12-08 04:27:08.522 1518 1767 I am_freeze: [4038,com.android.dynsystem]
12-08 04:27:08.522 1518 1767 E ActivityManager: Unable to freeze binder for 4038 com.android.dynsystem
12-08 04:27:08.523 1518 1767 I ActivityManager: Killing 4038:com.android.dynsystem/1000 (adj 975): Unable to freeze binder interface
12-08 04:27:08.524 1518 1767 I am_kill : [0,4038,com.android.dynsystem,975,Unable to freeze binder interface]
12-08 04:27:08.560 1518 3331 I am_proc_died: [0,4038,com.android.dynsystem,975,19]
12-08 04:27:08.689 1518 1767 D ActivityManager: freezing 4060 com.android.dynsystem:dynsystem
12-08 04:27:08.689 1518 1767 E ActivityManager: Unable to freeze binder for 4060 com.android.dynsystem:dynsystem
12-08 04:27:08.690 1518 1767 D ActivityManager: froze 4060 com.android.dynsystem:dynsystem
12-08 04:27:08.690 1518 1767 I am_freeze: [4060,com.android.dynsystem:dynsystem]
12-08 04:27:08.690 1518 1767 E ActivityManager: Unable to freeze binder for 4060 com.android.dynsystem:dynsystem
12-08 04:27:08.692 1518 1767 I ActivityManager: Killing 4060:com.android.dynsystem:dynsystem/1000 (adj 965): Unable to freeze binder interface
12-08 04:27:08.692 1518 1767 I am_kill : [0,4060,com.android.dynsystem:dynsystem,965,Unable to freeze binder interface]
12-08 04:27:08.727 1518 3331 I am_proc_died: [0,4060,com.android.dynsystem:dynsystem,965,19]
12-08 04:27:09.076 1518 1767 D ActivityManager: freezing 4119 com.android.music
12-08 04:27:09.077 1518 1767 E ActivityManager: Unable to freeze binder for 4119 com.android.music
12-08 04:27:09.078 1518 1767 D ActivityManager: froze 4119 com.android.music
12-08 04:27:09.078 1518 1767 I am_freeze: [4119,com.android.music]
12-08 04:27:09.078 1518 1767 E ActivityManager: Unable to freeze binder for 4119 com.android.music
12-08 04:27:09.080 1518 1767 I ActivityManager: Killing 4119:com.android.music/u0a90 (adj 995): Unable to freeze binder interface
12-08 04:27:09.080 1518 1767 I am_kill : [0,4119,com.android.music,995,Unable to freeze binder interface]
12-08 04:27:09.119 1518 3331 I am_proc_died: [0,4119,com.android.music,995,19]
12-08 04:27:09.120 1518 3331 I am_uid_stopped: 10090
12-08 04:27:09.267 1518 1767 D ActivityManager: freezing 4161 com.android.onetimeinitializer
12-08 04:27:09.267 1518 1767 E ActivityManager: Unable to freeze binder for 4161 com.android.onetimeinitializer
12-08 04:27:09.268 1518 1767 D ActivityManager: froze 4161 com.android.onetimeinitializer
12-08 04:27:09.268 1518 1767 I am_freeze: [4161,com.android.onetimeinitializer]
12-08 04:27:09.268 1518 1767 E ActivityManager: Unable to freeze binder for 4161 com.android.onetimeinitializer
12-08 04:27:09.269 1518 1767 I ActivityManager: Killing 4161:com.android.onetimeinitializer/u0a60 (adj 985): Unable to freeze binder interface
12-08 04:27:09.269 1518 1767 I am_kill : [0,4161,com.android.onetimeinitializer,985,Unable to freeze binder interface]
12-08 04:27:09.289 1518 2736 I am_proc_died: [0,4161,com.android.onetimeinitializer,985,19]
12-08 04:27:09.289 1518 2736 I am_uid_stopped: 10060
12-08 04:27:09.609 1518 1767 D ActivityManager: freezing 4213 com.android.phone
12-08 04:27:09.610 1518 1767 E ActivityManager: Unable to freeze binder for 4213 com.android.phone
12-08 04:27:09.610 1518 1767 D ActivityManager: froze 4213 com.android.phone
12-08 04:27:09.611 1518 1767 I am_freeze: [4213,com.android.phone]
12-08 04:27:09.611 1518 1767 E ActivityManager: Unable to freeze binder for 4213 com.android.phone
12-08 04:27:09.613 1518 1767 I ActivityManager: Killing 4213:com.android.phone/1001 (adj 975): Unable to freeze binder interface
12-08 04:27:09.613 1518 1767 I am_kill : [0,4213,com.android.phone,975,Unable to freeze binder interface]
12-08 04:27:09.649 1518 2736 I am_proc_died: [0,4213,com.android.phone,975,19]
12-08 04:27:09.650 1518 2736 I Watchdog: Interesting Java process com.android.phone died. Pid 4213
12-08 04:27:10.113 1518 1767 D ActivityManager: freezing 4271 com.android.localtransport
12-08 04:27:10.113 1518 1767 E ActivityManager: Unable to freeze binder for 4271 com.android.localtransport
12-08 04:27:10.115 1518 1767 D ActivityManager: froze 4271 com.android.localtransport
12-08 04:27:10.115 1518 1767 I am_freeze: [4271,com.android.localtransport]
12-08 04:27:10.116 1518 1767 E ActivityManager: Unable to freeze binder for 4271 com.android.localtransport
12-08 04:27:10.117 1518 1767 I ActivityManager: Killing 4271:com.android.localtransport/1000 (adj 965): Unable to freeze binder interface
12-08 04:27:10.117 1518 1767 I am_kill : [0,4271,com.android.localtransport,965,Unable to freeze binder interface]
12-08 04:27:10.144 1518 2736 I am_proc_died: [0,4271,com.android.localtransport,965,19]
12-08 04:27:10.189 1518 1767 D ActivityManager: freezing 4292 com.qualcomm.qti.qms.service.connectionsecurity
12-08 04:27:10.189 1518 1767 E ActivityManager: Unable to freeze binder for 4292 com.qualcomm.qti.qms.service.connectionsecurity
12-08 04:27:10.191 1518 1767 D ActivityManager: froze 4292 com.qualcomm.qti.qms.service.connectionsecurity
12-08 04:27:10.191 1518 1767 I am_freeze: [4292,com.qualcomm.qti.qms.service.connectionsecurity]
12-08 04:27:10.191 1518 1767 E ActivityManager: Unable to freeze binder for 4292 com.qualcomm.qti.qms.service.connectionsecurity
12-08 04:27:10.192 1518 1767 I ActivityManager: Killing 4292:com.qualcomm.qti.qms.service.connectionsecurity/u0a58 (adj 965): Unable to freeze binder interface
12-08 04:27:10.192 1518 1767 I am_kill : [0,4292,com.qualcomm.qti.qms.service.connectionsecurity,965,Unable to freeze binder interface]
12-08 04:27:10.219 1518 2736 I am_proc_died: [0,4292,com.qualcomm.qti.qms.service.connectionsecurity,965,19]
12-08 04:27:10.220 1518 2736 I am_uid_stopped: 10058
12-08 04:27:10.249 1518 1767 D ActivityManager: freezing 3278 com.qualcomm.qtil.aptxui
12-08 04:27:10.249 1518 1767 E ActivityManager: Unable to freeze binder for 3278 com.qualcomm.qtil.aptxui
12-08 04:27:10.250 1518 1767 D ActivityManager: froze 3278 com.qualcomm.qtil.aptxui
12-08 04:27:10.250 1518 1767 I am_freeze: [3278,com.qualcomm.qtil.aptxui]
12-08 04:27:10.250 1518 1767 E ActivityManager: Unable to freeze binder for 3278 com.qualcomm.qtil.aptxui
12-08 04:27:10.252 1518 1767 I ActivityManager: Killing 3278:com.qualcomm.qtil.aptxui/u0a86 (adj 955): Unable to freeze binder interface
12-08 04:27:10.252 1518 1767 I am_kill : [0,3278,com.qualcomm.qtil.aptxui,955,Unable to freeze binder interface]
12-08 04:27:10.287 1518 3331 I am_proc_died: [0,3278,com.qualcomm.qtil.aptxui,955,19]
12-08 04:27:10.289 1518 3331 I am_uid_stopped: 10086
12-08 04:27:10.854 1518 1767 D ActivityManager: freezing 3712 com.android.externalstorage
12-08 04:27:10.854 1518 1767 E ActivityManager: Unable to freeze binder for 3712 com.android.externalstorage
12-08 04:27:10.855 1518 1767 D ActivityManager: froze 3712 com.android.externalstorage
12-08 04:27:10.856 1518 1767 I am_freeze: [3712,com.android.externalstorage]
12-08 04:27:10.856 1518 1767 E ActivityManager: Unable to freeze binder for 3712 com.android.externalstorage
12-08 04:27:10.857 1518 1767 I ActivityManager: Killing 3712:com.android.externalstorage/u0a29 (adj 955): Unable to freeze binder interface
12-08 04:27:10.858 1518 1767 I am_kill : [0,3712,com.android.externalstorage,955,Unable to freeze binder interface]
12-08 04:27:10.890 1518 2736 I am_proc_died: [0,3712,com.android.externalstorage,955,19]
12-08 04:27:10.893 1518 2736 I am_uid_stopped: 10029
12-08 04:27:11.277 1518 1767 D ActivityManager: freezing 4061 com.android.gallery3d
12-08 04:27:11.278 1518 1767 E ActivityManager: Unable to freeze binder for 4061 com.android.gallery3d
12-08 04:27:11.279 1518 1767 D ActivityManager: froze 4061 com.android.gallery3d
12-08 04:27:11.279 1518 1767 I am_freeze: [4061,com.android.gallery3d]
12-08 04:27:11.279 1518 1767 E ActivityManager: Unable to freeze binder for 4061 com.android.gallery3d
12-08 04:27:11.281 1518 1767 I ActivityManager: Killing 4061:com.android.gallery3d/u0a65 (adj 945): Unable to freeze binder interface
12-08 04:27:11.281 1518 1767 I am_kill : [0,4061,com.android.gallery3d,945,Unable to freeze binder interface]
12-08 04:27:11.318 1518 2736 I am_proc_died: [0,4061,com.android.gallery3d,945,19]
12-08 04:27:11.319 1518 2736 I am_uid_stopped: 10065
12-08 04:27:12.587 1518 2465 W ActivityManager: Unable to start service Intent { act=android.intent.action.START_LEBO_SERVICE pkg=com.hpplay.happyplay.aw } U=0: not found
12-08 04:27:14.438 1518 1767 D ActivityManager: freezing 3816 com.android.providers.calendar
12-08 04:27:14.438 1518 1767 E ActivityManager: Unable to freeze binder for 3816 com.android.providers.calendar
12-08 04:27:14.440 1518 1767 D ActivityManager: froze 3816 com.android.providers.calendar
12-08 04:27:14.440 1518 1767 I am_freeze: [3816,com.android.providers.calendar]
12-08 04:27:14.440 1518 1767 E ActivityManager: Unable to freeze binder for 3816 com.android.providers.calendar
12-08 04:27:14.442 1518 1767 I ActivityManager: Killing 3816:com.android.providers.calendar/u0a34 (adj 945): Unable to freeze binder interface
12-08 04:27:14.443 1518 1767 I am_kill : [0,3816,com.android.providers.calendar,945,Unable to freeze binder interface]
12-08 04:27:14.480 1518 3331 I am_proc_died: [0,3816,com.android.providers.calendar,945,19]
12-08 04:27:14.482 1518 3331 I am_uid_stopped: 10034
12-08 04:27:15.185 1518 2465 W NotificationService: Toast already killed. pkg=com.hht.lebocast token=android.os.BinderProxy@11a96dc
12-08 04:27:15.685 1518 1767 D ActivityManager: freezing 4485 com.qualcomm.qti.qms.service.trustzoneaccess
12-08 04:27:15.686 1518 1767 E ActivityManager: Unable to freeze binder for 4485 com.qualcomm.qti.qms.service.trustzoneaccess
12-08 04:27:15.688 1518 1767 D ActivityManager: froze 4485 com.qualcomm.qti.qms.service.trustzoneaccess
12-08 04:27:15.688 1518 1767 I am_freeze: [4485,com.qualcomm.qti.qms.service.trustzoneaccess]
12-08 04:27:15.688 1518 1767 E ActivityManager: Unable to freeze binder for 4485 com.qualcomm.qti.qms.service.trustzoneaccess
12-08 04:27:15.690 1518 1767 I ActivityManager: Killing 4485:com.qualcomm.qti.qms.service.trustzoneaccess/u0a54 (adj 935): Unable to freeze binder interface
12-08 04:27:15.691 1518 1767 I am_kill : [0,4485,com.qualcomm.qti.qms.service.trustzoneaccess,935,Unable to freeze binder interface]
12-08 04:27:15.722 1518 3331 I am_proc_died: [0,4485,com.qualcomm.qti.qms.service.trustzoneaccess,935,19]
12-08 04:27:15.724 1518 3331 I am_uid_stopped: 10054
12-08 04:27:25.905 1518 1518 W WindowManager: removeWindowToken: Attempted to remove non-existing token: android.os.Binder@dbe21f1
12-08 04:27:32.016 1518 2002 I input_interaction: Interaction with: be79bd3 com.thundercomm.screensaver/android.service.dreams.DreamActivity (server), edge-swipe (server), swipe-up (server), PointerEventDispatcher0 (server),
12-08 04:27:32.019 1518 2465 I wm_finish_activity: [0,77595447,15,com.thundercomm.screensaver/android.service.dreams.DreamActivity,finish-activity]
12-08 04:27:32.019 1518 2465 I wm_task_moved: [11,1,6]
12-08 04:27:32.019 1518 2465 I wm_task_to_front: [0,11]
12-08 04:27:32.020 1518 2465 I wm_focused_root_task: [0,0,11,15,finish-top adjustFocusToNextFocusableTask]
12-08 04:27:32.022 1518 2465 I wm_pause_activity: [0,77595447,com.thundercomm.screensaver/android.service.dreams.DreamActivity,userLeaving=false,finish]
12-08 04:27:32.028 1518 1645 I sysui_multi_action: [757,803,799,window_time_0,802,64]
12-08 04:27:32.028 1518 2736 I DreamManagerService: Gently waking up from dream.
12-08 04:27:32.029 1518 1642 I DreamManagerService: Performing gentle wake from dream.
12-08 04:27:32.029 5261 5261 I wm_on_top_resumed_lost_called: [77595447,android.service.dreams.DreamActivity,topStateChangedWhenResumed]
12-08 04:27:32.030 5261 5261 I wm_on_paused_called: [77595447,android.service.dreams.DreamActivity,performPause]
12-08 04:27:32.030 1518 2736 I wm_add_to_stopping: [0,77595447,com.thundercomm.screensaver/android.service.dreams.DreamActivity,completeFinishing]
12-08 04:27:32.031 1518 2736 I ActivityTaskManager: FOREGROUND_APPLICATION_CHANGED to com.android.settings.homepage.SettingsHomepageActivity
12-08 04:27:32.033 1518 2736 I wm_set_resumed_activity: [0,com.android.settings/.Settings,resumeTopActivityInnerLocked]
12-08 04:27:32.034 1518 2736 I wm_resume_activity: [0,186126676,11,com.android.settings/.Settings]
12-08 04:27:32.039 1518 2002 I input_focus: [Focus leaving be79bd3 com.thundercomm.screensaver/android.service.dreams.DreamActivity (server),reason=NO_WINDOW]
12-08 04:27:32.042 5261 5261 I view_enqueue_input_event: [Motion - Cancel,com.thundercomm.screensaver/android.service.dreams.DreamActivity]
12-08 04:27:32.055 2932 2932 I wm_on_restart_called: [186126676,com.android.settings.Settings,performRestartActivity]
12-08 04:27:32.056 1518 1645 I sysui_multi_action: [757,803,799,window_time_0,802,0]
12-08 04:27:32.060 2932 2932 I wm_on_start_called: [186126676,com.android.settings.Settings,handleStartActivity]
12-08 04:27:32.061 2932 2932 I snet_event_log: [120484087,-1,]
12-08 04:27:32.061 2932 2932 I wm_on_resume_called: [186126676,com.android.settings.Settings,RESUME_ACTIVITY]
12-08 04:27:32.062 4314 4334 W ContextImpl: Calling a method in the system process without a qualified user: android.app.ContextImpl.startService:1816 android.content.ContextWrapper.startService:774 com.thundercomm.gamemode.ingame.services.GameModeActionUtils.startGameModeService:93 com.thundercomm.gamemode.ingame.services.GameModeActionUtils.startGameModeEntry:21 com.thundercomm.gamemode.ingame.services.ActivityMonitoringService$1.onActivityLaunch:127
12-08 04:27:32.062 2932 2932 I sysui_multi_action: [757,35,758,1,833,0,1089,0]
12-08 04:27:32.063 2932 2932 I sysui_multi_action: [757,1014,758,1,833,0,1089,0]
12-08 04:27:32.065 2932 2932 I wm_on_top_resumed_gained_called: [186126676,com.android.settings.Settings,topWhenResuming]
12-08 04:27:32.078 1518 1646 I input_focus: [Focus request ef97687 com.android.settings/com.android.settings.Settings,reason=UpdateInputWindows]
12-08 04:27:32.083 1518 1518 I GameModeConfig: Current uri is uri = content://com.thundercomm.gamemode.api/gamemode_settings/gamemode_isgaming
12-08 04:27:32.095 1518 1670 I PowerManagerService: Powering on display group fromDreaming (groupId=0, uid=1000, reason=WAKE_REASON_UNKNOWN, details=android.server.power:DREAM_FINISHED)...
12-08 04:27:32.095 1518 1670 I PowerManagerService: Waking up from Dreaming (uid=1000, reason=WAKE_REASON_UNKNOWN, details=android.server.power:DREAM_FINISHED)...
12-08 04:27:32.095 1518 1518 I GameModeConfig: isGameModeOn = false
12-08 04:27:32.097 1518 1518 I GameModeConfig: isGameModeOn = false
12-08 04:27:32.097 1518 1518 I GameModeConfig: isDisableVoice = true
12-08 04:27:32.111 1518 2002 I input_focus: [Focus entering ef97687 com.android.settings/com.android.settings.Settings (server),reason=setFocusedWindow]
12-08 04:27:32.144 4314 4334 W ContextImpl: Calling a method in the system process without a qualified user: android.app.ContextImpl.startService:1816 android.content.ContextWrapper.startService:774 com.thundercomm.gamemode.ingame.services.GameModeActionUtils.startGameModeService:93 com.thundercomm.gamemode.ingame.services.GameModeActionUtils.startGameModeEntry:21 com.thundercomm.gamemode.ingame.services.ActivityMonitoringService$1.onActivityLaunch:127
12-08 04:27:32.152 1518 1518 I GameModeConfig: Current uri is uri = content://com.thundercomm.gamemode.api/gamemode_settings/gamemode_isgaming
12-08 04:27:32.154 1518 1518 I GameModeConfig: isGameModeOn = false
12-08 04:27:32.155 1518 1518 I GameModeConfig: isGameModeOn = false
12-08 04:27:32.155 1518 1518 I GameModeConfig: isDisableVoice = true
12-08 04:27:32.614 1518 1645 I wm_destroy_activity: [0,77595447,15,com.thundercomm.screensaver/android.service.dreams.DreamActivity,finish-imm:idle]
12-08 04:27:32.629 4314 4334 W ContextImpl: Calling a method in the system process without a qualified user: android.app.ContextImpl.startService:1816 android.content.ContextWrapper.startService:774 com.thundercomm.gamemode.ingame.services.GameModeActionUtils.startGameModeService:93 com.thundercomm.gamemode.ingame.services.GameModeActionUtils.startGameModeEntry:21 com.thundercomm.gamemode.ingame.services.ActivityMonitoringService$1.onActivityLaunch:127
12-08 04:27:32.637 1518 1518 I GameModeConfig: Current uri is uri = content://com.thundercomm.gamemode.api/gamemode_settings/gamemode_isgaming
12-08 04:27:32.639 1518 1518 I GameModeConfig: isGameModeOn = false
12-08 04:27:32.640 1518 1518 I GameModeConfig: isGameModeOn = false
12-08 04:27:32.640 1518 1518 I GameModeConfig: isDisableVoice = true
12-08 04:27:32.645 5261 5261 I wm_on_stop_called: [77595447,android.service.dreams.DreamActivity,LIFECYCLER_STOP_ACTIVITY]
12-08 04:27:32.646 5261 5261 I wm_on_destroy_called: [77595447,android.service.dreams.DreamActivity,performDestroy]
12-08 04:27:32.651 1518 3331 I DreamManagerService: Leaving dreamland.
12-08 04:27:32.652 1518 1642 I DreamManagerService: Performing gentle wake from dream.
12-08 04:27:32.652 1518 1642 I DreamController: Stopping dream: name=ComponentInfo{com.thundercomm.screensaver/com.thundercomm.saverclock.service.ClockScreensaver}, isTest=false, canDoze=false, userId=0, reason='finished self'(from 'finished self')
12-08 04:27:32.652 1518 1642 I sysui_multi_action: [757,222,758,2]
12-08 04:27:32.653 1518 1642 I sysui_multi_action: [757,804,799,dreaming_minutes,801,1,802,1]
12-08 04:27:32.666 1518 2463 I wm_task_removed: [15,removeChild:removeChild last r=ActivityRecord{4a00337 u0 com.thundercomm.screensaver/android.service.dreams.DreamActivity t-1 f}} in t=Task{3402040 #15 type=dream A=10052:android:com.thundercomm.screensaver/dream U=0 visible=false mode=fullscreen translucent=true sz=0}]
12-08 04:27:32.666 1518 2463 I wm_task_removed: [15,removeChild]
12-08 04:27:32.668 1518 1646 W ActivityTaskManager: Can't find TaskDisplayArea to determine support for multi window. Task id=15 attached=false
12-08 04:27:33.240 1518 2002 I input_interaction: Interaction with: 545abb StatusBar (server), edge-swipe (server), swipe-up (server), PointerEventDispatcher0 (server),
12-08 04:27:33.251 2377 2377 I sysui_multi_action: [757,803,799,panel_open,802,1]
12-08 04:27:33.253 2377 2377 I sysui_multi_action: [757,1328,758,4,1326,30,1327,1,1329,0]
12-08 04:27:33.268 1518 2319 I GameModeConfig: isGameModeOn = false
12-08 04:27:33.269 1518 2319 I GameModeConfig: isGameModeOn = false
12-08 04:27:33.269 1518 2319 I GameModeConfig: isGameModeOn = false
12-08 04:27:33.269 1518 2319 I GameModeConfig: isGameModeOn = false
12-08 04:27:33.269 1518 2319 I GameModeConfig: isGameModeOn = false
12-08 04:27:33.270 1518 1518 I notification_enqueue: [10082,2377,com.android.systemui,2048,NULL,0,Notification(channel=updateNotification shortcut=null contentView=null vibrate=null sound=null defaults=0x0 flags=0x0 color=0x00000000 vis=PRIVATE),1]
12-08 04:27:33.270 2377 2377 I sysui_multi_action: [757,111,758,2]
12-08 04:27:33.271 2377 2377 I sysui_multi_action: [757,111,758,2]
12-08 04:27:33.274 1518 2736 I sysui_multi_action: [757,127,758,1]
12-08 04:27:33.276 1518 2736 I sysui_multi_action: [757,804,799,note_load,801,3,802,1]
12-08 04:27:33.276 1518 2736 I notification_panel_revealed: 3
12-08 04:27:33.290 1518 1646 I input_focus: [Focus request 89e55f9 NotificationShade,reason=UpdateInputWindows]
12-08 04:27:33.293 2377 2377 I sysui_multi_action: [757,111,758,1]
12-08 04:27:33.294 2377 2377 I sysui_multi_action: [757,126,758,1,759,126,927,0,928,1,1593,0]
12-08 04:27:33.294 2377 2377 I sysui_multi_action: [757,113,758,1,759,113,927,1,928,1,1593,0]
12-08 04:27:33.294 2377 2377 I sysui_multi_action: [757,0,758,1,759,0,927,2,928,0,1593,0]
12-08 04:27:33.294 2377 2377 I sysui_multi_action: [757,0,758,1,759,0,927,3,928,0,1593,0]
12-08 04:27:33.294 2377 2377 I sysui_multi_action: [757,491,758,1,759,491,927,4,928,0,1311,-1,1593,0]
12-08 04:27:33.294 2377 2377 I sysui_multi_action: [757,0,758,1,759,0,927,5,928,0,1593,0]
12-08 04:27:33.295 2377 2377 I sysui_multi_action: [757,111,758,1]
12-08 04:27:33.295 2377 2377 I sysui_multi_action: [757,126,758,1,759,126,927,0,928,1,1593,0]
12-08 04:27:33.295 2377 2377 I sysui_multi_action: [757,113,758,1,759,113,927,1,928,1,1593,0]
12-08 04:27:33.295 2377 2377 I sysui_multi_action: [757,0,758,1,759,0,927,2,928,0,1593,0]
12-08 04:27:33.295 2377 2377 I sysui_multi_action: [757,0,758,1,759,0,927,3,928,0,1593,0]
12-08 04:27:33.314 1518 2002 I input_focus: [Focus leaving ef97687 com.android.settings/com.android.settings.Settings (server),reason=Waiting for window because NOT_VISIBLE]
12-08 04:27:33.329 1518 2002 I input_focus: [Focus entering 89e55f9 NotificationShade (server),reason=Window became focusable. Previous reason: NOT_VISIBLE]
12-08 04:27:33.332 1518 2319 I GameModeConfig: isGameModeOn = false
12-08 04:27:33.332 1518 2319 I GameModeConfig: isGameModeOn = false
12-08 04:27:33.332 1518 2319 I GameModeConfig: isGameModeOn = false
12-08 04:27:33.332 1518 2319 I GameModeConfig: isGameModeOn = false
12-08 04:27:33.333 1518 2319 I GameModeConfig: isGameModeOn = false
12-08 04:27:33.333 1518 1518 I notification_enqueue: [10082,2377,com.android.systemui,2048,NULL,0,Notification(channel=updateNotification shortcut=null contentView=null vibrate=null sound=null defaults=0x0 flags=0x0 color=0x00000000 vis=PRIVATE),1]
12-08 04:27:33.334 2377 2377 I sysui_multi_action: [757,111,758,2]
12-08 04:27:33.334 2377 2377 I sysui_multi_action: [757,111,758,2]
12-08 04:27:33.348 2377 2377 I sysui_multi_action: [757,111,758,1]
12-08 04:27:33.349 2377 2377 I sysui_multi_action: [757,126,758,1,759,126,927,0,928,1,1593,0]
12-08 04:27:33.349 2377 2377 I sysui_multi_action: [757,113,758,1,759,113,927,1,928,1,1593,0]
12-08 04:27:33.349 2377 2377 I sysui_multi_action: [757,0,758,1,759,0,927,2,928,0,1593,0]
12-08 04:27:33.349 2377 2377 I sysui_multi_action: [757,0,758,1,759,0,927,3,928,0,1593,0]
12-08 04:27:33.349 2377 2377 I sysui_multi_action: [757,491,758,1,759,491,927,4,928,0,1311,-1,1593,0]
12-08 04:27:33.349 2377 2377 I sysui_multi_action: [757,0,758,1,759,0,927,5,928,0,1593,0]
12-08 04:27:33.350 2377 2377 I sysui_multi_action: [757,111,758,1]
12-08 04:27:33.350 2377 2377 I sysui_multi_action: [757,126,758,1,759,126,927,0,928,1,1593,0]
12-08 04:27:33.350 2377 2377 I sysui_multi_action: [757,113,758,1,759,113,927,1,928,1,1593,0]
12-08 04:27:33.350 2377 2377 I sysui_multi_action: [757,0,758,1,759,0,927,2,928,0,1593,0]
12-08 04:27:33.350 2377 2377 I sysui_multi_action: [757,0,758,1,759,0,927,3,928,0,1593,0]
12-08 04:27:33.473 1518 1518 I GameModeConfig: isGameModeOn = false
12-08 04:27:33.475 1518 1518 I sysui_multi_action: [757,1501,758,1,793,438371,794,0,795,205,796,2048,806,com.android.systemui,857,updateNotification,858,3,947,0,1500,0,1688,1]
12-08 04:27:33.476 1518 1518 I sysui_multi_action: [757,804,799,note_interruptive,801,0,802,1]
12-08 04:27:33.476 1518 1518 I sysui_multi_action: [757,199,758,1,759,2,793,438373,794,0,795,207,796,2048,806,com.android.systemui,857,updateNotification,858,3,947,0,1500,2,1688,1]
12-08 04:27:33.476 1518 1518 I notification_alert: [0|com.android.systemui|2048|null|10082,0,1,0]
12-08 04:27:33.478 1518 1518 W NotificationHistory: Attempted to add notif for locked/gone/disabled user 0
12-08 04:27:33.536 1518 1518 I GameModeConfig: isGameModeOn = false
12-08 04:27:33.537 1518 1518 E NotificationService: Muting recently noisy 0|com.android.systemui|2048|null|10082
12-08 04:27:33.828 1518 2299 I sysui_multi_action: [757,128,758,1,793,445226,794,0,795,445226,796,26,798,0,806,android,857,DEVELOPER_IMPORTANT,858,4,947,0,1395,3,1500,445019,1688,1]
12-08 04:27:33.828 1518 2299 I sysui_multi_action: [757,804,799,note_freshness,801,445226,802,1]
12-08 04:27:33.828 1518 2299 I notification_visibility: [-1|android|26|null|1000,1,445226,445226,0,0]
12-08 04:27:33.828 1518 2299 I sysui_multi_action: [757,128,758,1,793,626222,794,0,795,626222,796,17303299,797,com.android.wifi,798,1,806,android,857,NETWORK_AVAILABLE,858,2,947,0,1395,3,1500,626022,1688,1]
12-08 04:27:33.828 1518 2299 I sysui_multi_action: [757,804,799,note_freshness,801,626222,802,1]
12-08 04:27:33.829 1518 2299 I notification_visibility: [0|android|17303299|com.android.wifi|1000,1,626222,626222,0,1]
12-08 04:27:33.829 1518 2299 I sysui_multi_action: [757,128,758,1,793,626936,794,0,795,626936,796,32,798,2,806,android,857,USB,858,1,947,0,1395,3,1500,626774,1688,1]
12-08 04:27:33.829 1518 2299 I sysui_multi_action: [757,804,799,note_freshness,801,626936,802,1]
12-08 04:27:33.829 1518 2299 I notification_visibility: [-1|android|32|null|1000,1,626936,626936,0,2]
12-08 04:27:35.379 1518 2002 I input_interaction: Interaction with: 89e55f9 NotificationShade (server), edge-swipe (server), swipe-up (server), PointerEventDispatcher0 (server),
12-08 04:27:35.477 1518 2463 I ActivityTaskManager: START u0 {act=android.settings.NOTIFICATION_SETTINGS flg=0x1000c000 cmp=com.android.settings/.Settings$ConfigureNotificationSettingsActivity} from uid 10082
12-08 04:27:35.481 1518 2463 I wm_task_created: [16,-1]
12-08 04:27:35.481 1518 2463 W ActivityTaskManager: Can't find TaskDisplayArea to determine support for multi window. Task id=16 attached=false
12-08 04:27:35.485 1518 2463 I wm_task_moved: [1,1,7]
12-08 04:27:35.485 1518 2463 I wm_focused_root_task: [0,0,1,16,reuseOrNewTask returnToHome]
12-08 04:27:35.485 1518 2463 I wm_task_moved: [16,1,7]
12-08 04:27:35.485 1518 2463 I wm_task_to_front: [0,16]
12-08 04:27:35.486 1518 2463 I wm_focused_root_task: [0,0,16,1,reuseOrNewTask]
12-08 04:27:35.486 1518 2463 I wm_create_task: [0,16]
12-08 04:27:35.486 1518 2463 I wm_create_activity: [0,77617827,16,com.android.settings/.Settings$ConfigureNotificationSettingsActivity,android.settings.NOTIFICATION_SETTINGS,NULL,NULL,268484608]
12-08 04:27:35.486 2932 2932 I wm_on_top_resumed_lost_called: [186126676,com.android.settings.Settings,topStateChangedWhenResumed]
12-08 04:27:35.486 1518 2463 I wm_task_moved: [1,1,7]
12-08 04:27:35.486 1518 2463 I wm_focused_root_task: [0,0,1,16,positionChildAtTop returnToHome]
12-08 04:27:35.486 1518 2463 I wm_task_moved: [16,1,7]
12-08 04:27:35.486 1518 2463 I wm_focused_root_task: [0,0,16,1,positionChildAtTop]
12-08 04:27:35.488 1518 2463 I wm_pause_activity: [0,186126676,com.android.settings/.Settings,userLeaving=true,pauseBackTasks]
12-08 04:27:35.496 2932 2932 I sysui_multi_action: [757,35,758,2,1089,3433]
12-08 04:27:35.498 2932 2932 I sysui_multi_action: [757,1014,758,2,1089,3434]
12-08 04:27:35.500 2932 2932 I wm_on_paused_called: [186126676,com.android.settings.Settings,performPause]
12-08 04:27:35.502 1518 2299 I ActivityTaskManager: FOREGROUND_APPLICATION_CHANGED to com.android.settings.Settings$ConfigureNotificationSettingsActivity
12-08 04:27:35.503 1518 2299 I ActivityTaskManager: The Process com.android.settings Already Exists in BG. So sending its PID: 2932
12-08 04:27:35.504 1518 2299 W ActivityTaskManager: Tried to set launchTime (0) < mLastActivityLaunchTime (186027)
12-08 04:27:35.504 1518 2299 I wm_add_to_stopping: [0,186126676,com.android.settings/.Settings,makeInvisible]
12-08 04:27:35.505 1518 2299 I wm_restart_activity: [0,77617827,16,com.android.settings/.Settings$ConfigureNotificationSettingsActivity]
12-08 04:27:35.507 1518 2299 I wm_set_resumed_activity: [0,com.android.settings/.Settings$ConfigureNotificationSettingsActivity,minimalResumeActivityLocked]
12-08 04:27:35.524 1518 1645 I sysui_multi_action: [757,803,799,window_time_0,802,4]
12-08 04:27:35.541 1518 2736 I am_uid_active: 10089
12-08 04:27:35.553 1518 2463 I ActivityTaskManager: START u0 {act=android.settings.NOTIFICATION_SETTINGS flg=0x1000c000 cmp=com.android.settings/.homepage.SettingsHomepageActivity (has extras)} from uid 1000
12-08 04:27:35.554 1518 2463 I wm_task_moved: [1,1,7]
12-08 04:27:35.555 1518 2463 I wm_focused_root_task: [0,0,1,16,bringingFoundTaskToFront returnToHome]
12-08 04:27:35.555 1518 2463 I wm_task_moved: [11,1,7]
12-08 04:27:35.555 1518 2463 I wm_task_to_front: [0,11]
12-08 04:27:35.555 1518 2463 I wm_focused_root_task: [0,0,11,1,bringingFoundTaskToFront]
12-08 04:27:35.556 1518 2463 I wm_set_resumed_activity: [0,com.android.settings/.Settings,bringingFoundTaskToFront]
12-08 04:27:35.556 1518 2463 I wm_finish_activity: [0,186126676,11,com.android.settings/.Settings,clear-task-all]
12-08 04:27:35.557 1518 2463 I wm_add_to_stopping: [0,77617827,com.android.settings/.Settings$ConfigureNotificationSettingsActivity,makeInvisible]
12-08 04:27:35.561 1518 2463 I wm_task_moved: [1,1,7]
12-08 04:27:35.561 1518 2463 I wm_focused_root_task: [0,0,1,11,reuseOrNewTask returnToHome]
12-08 04:27:35.561 1518 2463 I wm_task_moved: [11,1,7]
12-08 04:27:35.561 1518 2463 I wm_focused_root_task: [0,0,11,1,reuseOrNewTask]
12-08 04:27:35.561 1518 2463 I wm_create_activity: [0,7633691,11,com.android.settings/.homepage.SettingsHomepageActivity,android.settings.NOTIFICATION_SETTINGS,NULL,NULL,272678912]
12-08 04:27:35.563 1518 2463 I wm_pause_activity: [0,77617827,com.android.settings/.Settings$ConfigureNotificationSettingsActivity,userLeaving=true,pauseBackTasks]
12-08 04:27:35.567 1518 2463 I wm_finish_activity: [0,77617827,16,com.android.settings/.Settings$ConfigureNotificationSettingsActivity,app-request]
12-08 04:27:35.567 2932 2932 I wm_on_create_called: [77617827,com.android.settings.Settings$ConfigureNotificationSettingsActivity,performCreate]
12-08 04:27:35.580 2824 2824 I wm_on_restart_called: [73204664,com.android.launcher3.uioverrides.QuickstepLauncher,performRestartActivity]
12-08 04:27:35.582 1518 3331 I ActivityTaskManager: FOREGROUND_APPLICATION_CHANGED to com.android.settings.homepage.SettingsHomepageActivity
12-08 04:27:35.582 2824 2824 I wm_on_start_called: [73204664,com.android.launcher3.uioverrides.QuickstepLauncher,handleStartActivity]
12-08 04:27:35.584 1518 3331 I ActivityTaskManager: The Process com.android.settings Already Exists in BG. So sending its PID: 2932
12-08 04:27:35.584 1518 3331 W ActivityTaskManager: Tried to set launchTime (0) < mLastActivityLaunchTime (655002)
12-08 04:27:35.584 1518 3331 I wm_add_to_stopping: [0,73204664,com.android.launcher3/.uioverrides.QuickstepLauncher,makeInvisible]
12-08 04:27:35.585 4314 4334 W ContextImpl: Calling a method in the system process without a qualified user: android.app.ContextImpl.startService:1816 android.content.ContextWrapper.startService:774 com.thundercomm.gamemode.ingame.services.GameModeActionUtils.startGameModeService:93 com.thundercomm.gamemode.ingame.services.GameModeActionUtils.startGameModeEntry:21 com.thundercomm.gamemode.ingame.services.ActivityMonitoringService$1.onActivityLaunch:127
12-08 04:27:35.585 1518 3331 I wm_restart_activity: [0,7633691,11,com.android.settings/.homepage.SettingsHomepageActivity]
12-08 04:27:35.588 1518 3331 I wm_set_resumed_activity: [0,com.android.settings/.homepage.SettingsHomepageActivity,minimalResumeActivityLocked]
12-08 04:27:35.592 1518 1645 I wm_stop_activity: [0,73204664,com.android.launcher3/.uioverrides.QuickstepLauncher]
12-08 04:27:35.603 1518 1518 I GameModeConfig: Current uri is uri = content://com.thundercomm.gamemode.api/gamemode_settings/gamemode_isgaming
12-08 04:27:35.606 1518 1645 I sysui_multi_action: [757,803,799,window_time_0,802,0]
12-08 04:27:35.610 1518 1518 I GameModeConfig: isGameModeOn = false
12-08 04:27:35.611 2932 2932 I wm_on_create_called: [7633691,com.android.settings.homepage.SettingsHomepageActivity,performCreate]
12-08 04:27:35.612 1518 1518 I GameModeConfig: isGameModeOn = false
12-08 04:27:35.612 1518 1518 I GameModeConfig: isDisableVoice = true
12-08 04:27:35.617 1518 2465 E UserRestrictionsUtils: Unknown restriction queried by uid 1000 (com.android.keychain et al): null
12-08 04:27:35.618 1518 2463 E UserRestrictionsUtils: Unknown restriction queried by uid 1000 (com.android.keychain et al): null
12-08 04:27:35.618 1518 2463 E UserRestrictionsUtils: Unknown restriction queried by uid 1000 (com.android.keychain et al): null
12-08 04:27:35.618 1518 2463 E UserRestrictionsUtils: Unknown restriction queried by uid 1000 (com.android.keychain et al): null
12-08 04:27:35.618 1518 1635 E UserRestrictionsUtils: Unknown restriction queried by uid 1000 (com.android.keychain et al): null
12-08 04:27:35.619 1518 1635 E UserRestrictionsUtils: Unknown restriction queried by uid 1000 (com.android.keychain et al): null
12-08 04:27:35.619 1518 1635 E UserRestrictionsUtils: Unknown restriction queried by uid 1000 (com.android.keychain et al): null
12-08 04:27:35.619 1518 1635 E UserRestrictionsUtils: Unknown restriction queried by uid 1000 (com.android.keychain et al): null
12-08 04:27:35.619 1518 1635 E UserRestrictionsUtils: Unknown restriction queried by uid 1000 (com.android.keychain et al): null
12-08 04:27:35.620 1518 1635 E UserRestrictionsUtils: Unknown restriction queried by uid 1000 (com.android.keychain et al): null
12-08 04:27:35.620 1518 1635 E UserRestrictionsUtils: Unknown restriction queried by uid 1000 (com.android.keychain et al): null
12-08 04:27:35.620 1518 1635 E UserRestrictionsUtils: Unknown restriction queried by uid 1000 (com.android.keychain et al): null
12-08 04:27:35.620 1518 1635 E UserRestrictionsUtils: Unknown restriction queried by uid 1000 (com.android.keychain et al): null
12-08 04:27:35.620 1518 1635 E UserRestrictionsUtils: Unknown restriction queried by uid 1000 (com.android.keychain et al): null
12-08 04:27:35.621 1518 1635 E UserRestrictionsUtils: Unknown restriction queried by uid 1000 (com.android.keychain et al): null
12-08 04:27:35.621 1518 1635 E UserRestrictionsUtils: Unknown restriction queried by uid 1000 (com.android.keychain et al): null
12-08 04:27:35.621 1518 1635 E UserRestrictionsUtils: Unknown restriction queried by uid 1000 (com.android.keychain et al): null
12-08 04:27:35.621 1518 2299 E UserRestrictionsUtils: Unknown restriction queried by uid 1000 (com.android.keychain et al): null
12-08 04:27:35.629 2932 2932 I wm_on_start_called: [7633691,com.android.settings.homepage.SettingsHomepageActivity,handleStartActivity]
12-08 04:27:35.629 2932 2932 I snet_event_log: [120484087,-1,]
12-08 04:27:35.629 2932 2932 I wm_on_resume_called: [7633691,com.android.settings.homepage.SettingsHomepageActivity,RESUME_ACTIVITY]
12-08 04:27:35.630 2932 2932 I sysui_multi_action: [757,35,758,1,833,0,1089,17]
12-08 04:27:35.631 2932 2932 I sysui_multi_action: [757,1729,758,4,854,isParalleledControllers:false,1089,19]
12-08 04:27:35.635 2932 2932 I wm_on_top_resumed_gained_called: [7633691,com.android.settings.homepage.SettingsHomepageActivity,topStateChangedWhenResumed]
12-08 04:27:35.642 1518 2319 I GameModeConfig: isGameModeOn = false
12-08 04:27:35.642 1518 2319 I GameModeConfig: isGameModeOn = false
12-08 04:27:35.642 1518 2319 I GameModeConfig: isGameModeOn = false
12-08 04:27:35.643 1518 2319 I GameModeConfig: isGameModeOn = false
12-08 04:27:35.643 1518 2319 I GameModeConfig: isGameModeOn = false
12-08 04:27:35.643 1518 1518 I notification_enqueue: [10082,2377,com.android.systemui,2048,NULL,0,Notification(channel=updateNotification shortcut=null contentView=null vibrate=null sound=null defaults=0x0 flags=0x0 color=0x00000000 vis=PRIVATE),1]
12-08 04:27:35.644 2377 2377 I sysui_multi_action: [757,111,758,2]
12-08 04:27:35.644 2377 2377 I sysui_multi_action: [757,111,758,2]
12-08 04:27:35.649 4314 4334 W ContextImpl: Calling a method in the system process without a qualified user: android.app.ContextImpl.startService:1816 android.content.ContextWrapper.startService:774 com.thundercomm.gamemode.ingame.services.GameModeActionUtils.startGameModeService:93 com.thundercomm.gamemode.ingame.services.GameModeActionUtils.startGameModeEntry:21 com.thundercomm.gamemode.ingame.services.ActivityMonitoringService$1.onActivityLaunch:127
12-08 04:27:35.659 1518 1518 I GameModeConfig: Current uri is uri = content://com.thundercomm.gamemode.api/gamemode_settings/gamemode_isgaming
12-08 04:27:35.661 1518 1518 I GameModeConfig: isGameModeOn = false
12-08 04:27:35.661 2377 2377 I sysui_multi_action: [757,111,758,1]
12-08 04:27:35.661 2377 2377 I sysui_multi_action: [757,126,758,1,759,126,927,0,928,1,1593,1]
12-08 04:27:35.662 2377 2377 I sysui_multi_action: [757,113,758,1,759,113,927,1,928,1,1593,1]
12-08 04:27:35.662 1518 1518 I GameModeConfig: isGameModeOn = false
12-08 04:27:35.662 2377 2377 I sysui_multi_action: [757,0,758,1,759,0,927,2,928,0,1593,1]
12-08 04:27:35.662 1518 1518 I GameModeConfig: isDisableVoice = true
12-08 04:27:35.662 2377 2377 I sysui_multi_action: [757,0,758,1,759,0,927,3,928,0,1593,1]
12-08 04:27:35.662 2377 2377 I sysui_multi_action: [757,491,758,1,759,491,927,4,928,0,1311,-1,1593,0]
12-08 04:27:35.662 2377 2377 I sysui_multi_action: [757,0,758,1,759,0,927,5,928,0,1593,0]
12-08 04:27:35.662 2377 2377 I sysui_multi_action: [757,111,758,1]
12-08 04:27:35.662 2377 2377 I sysui_multi_action: [757,126,758,1,759,126,927,0,928,1,1593,1]
12-08 04:27:35.662 2377 2377 I sysui_multi_action: [757,113,758,1,759,113,927,1,928,1,1593,1]
12-08 04:27:35.662 2377 2377 I sysui_multi_action: [757,0,758,1,759,0,927,2,928,0,1593,1]
12-08 04:27:35.662 2377 2377 I sysui_multi_action: [757,0,758,1,759,0,927,3,928,0,1593,1]
12-08 04:27:35.672 1518 2736 I sysui_multi_action: [757,128,758,2,793,447071,794,1845,795,447071,796,26,798,0,806,android,857,DEVELOPER_IMPORTANT,858,4,947,0,1395,3,1500,446864,1688,1]
12-08 04:27:35.672 1518 2736 I notification_visibility: [-1|android|26|null|1000,0,447071,447071,0,0]
12-08 04:27:35.672 1518 2736 I sysui_multi_action: [757,128,758,2,793,628066,794,1844,795,628066,796,17303299,797,com.android.wifi,798,1,806,android,857,NETWORK_AVAILABLE,858,2,947,0,1395,3,1500,627866,1688,1]
12-08 04:27:35.672 1518 2736 I notification_visibility: [0|android|17303299|com.android.wifi|1000,0,628066,628066,0,1]
12-08 04:27:35.672 1518 2736 I sysui_multi_action: [757,128,758,2,793,628779,794,1843,795,628779,796,32,798,2,806,android,857,USB,858,1,947,0,1395,3,1500,628617,1688,1]
12-08 04:27:35.672 1518 2736 I notification_visibility: [-1|android|32|null|1000,0,628779,628779,0,2]
12-08 04:27:35.673 1518 2319 I GameModeConfig: isGameModeOn = false
12-08 04:27:35.673 1518 2319 I GameModeConfig: isGameModeOn = false
12-08 04:27:35.673 1518 2319 I GameModeConfig: isGameModeOn = false
12-08 04:27:35.673 1518 2319 I GameModeConfig: isGameModeOn = false
12-08 04:27:35.673 1518 2319 I GameModeConfig: isGameModeOn = false
12-08 04:27:35.674 2377 2377 I sysui_multi_action: [757,111,758,2]
12-08 04:27:35.674 1518 1518 I notification_enqueue: [10082,2377,com.android.systemui,2048,NULL,0,Notification(channel=updateNotification shortcut=null contentView=null vibrate=null sound=null defaults=0x0 flags=0x0 color=0x00000000 vis=PRIVATE),1]
12-08 04:27:35.674 2377 2377 I sysui_multi_action: [757,111,758,2]
12-08 04:27:35.676 1518 1646 I input_focus: [Focus request 55a2fb com.android.settings/com.android.settings.homepage.SettingsHomepageActivity,reason=UpdateInputWindows]
12-08 04:27:35.677 1518 1635 I sysui_multi_action: [757,127,758,2]
12-08 04:27:35.677 1518 1635 I notification_panel_hidden:
12-08 04:27:35.683 2824 2824 I wm_on_stop_called: [73204664,com.android.launcher3.uioverrides.QuickstepLauncher,STOP_ACTIVITY_ITEM]
12-08 04:27:35.684 1518 2002 I input_focus: [Focus leaving 89e55f9 NotificationShade (server),reason=NOT_FOCUSABLE]
12-08 04:27:35.691 1518 1642 I wm_activity_launch_time: [0,7633691,com.android.settings/.homepage.SettingsHomepageActivity,214]
12-08 04:27:35.693 2377 2377 I sysui_multi_action: [757,111,758,1]
12-08 04:27:35.693 2377 2377 I sysui_multi_action: [757,126,758,1,759,126,927,0,928,1,1593,1]
12-08 04:27:35.693 2377 2377 I sysui_multi_action: [757,113,758,1,759,113,927,1,928,1,1593,1]
12-08 04:27:35.693 2377 2377 I sysui_multi_action: [757,0,758,1,759,0,927,2,928,0,1593,1]
12-08 04:27:35.693 2377 2377 I sysui_multi_action: [757,0,758,1,759,0,927,3,928,0,1593,1]
12-08 04:27:35.694 2377 2377 I sysui_multi_action: [757,491,758,1,759,491,927,4,928,0,1311,-1,1593,0]
12-08 04:27:35.694 2377 2377 I sysui_multi_action: [757,0,758,1,759,0,927,5,928,0,1593,0]
12-08 04:27:35.694 2377 2377 I sysui_multi_action: [757,111,758,1]
12-08 04:27:35.694 2377 2377 I sysui_multi_action: [757,126,758,1,759,126,927,0,928,1,1593,1]
12-08 04:27:35.694 2377 2377 I sysui_multi_action: [757,113,758,1,759,113,927,1,928,1,1593,1]
12-08 04:27:35.694 2377 2377 I sysui_multi_action: [757,0,758,1,759,0,927,2,928,0,1593,1]
12-08 04:27:35.694 2377 2377 I sysui_multi_action: [757,0,758,1,759,0,927,3,928,0,1593,1]
12-08 04:27:35.700 1518 2002 I input_focus: [Focus entering 55a2fb com.android.settings/com.android.settings.homepage.SettingsHomepageActivity (server),reason=setFocusedWindow]
12-08 04:27:35.713 1518 1653 W UsageStatsService: Unexpected activity event reported! (com.android.launcher3/com.android.launcher3.uioverrides.QuickstepLauncher event : 23 instanceId : 73742349)
