12-08 04:34:35.036 1518 1518 E NotificationService: Muting recently noisy 0|com.android.systemui|2048|null|10082
12-08 04:34:35.042 2377 2377 I sysui_multi_action: [757,111,758,2]
12-08 04:34:35.042 2377 2377 I sysui_multi_action: [757,111,758,2]
12-08 04:34:35.042 1518 1518 I notification_enqueue: [10082,2377,com.android.systemui,2048,NULL,0,Notification(channel=updateNotification shortcut=null contentView=null vibrate=null sound=null defaults=0x0 flags=0x0 color=0x00000000 vis=PRIVATE),1]
12-08 04:34:35.043 1518 5895 I sysui_multi_action: [757,128,758,2,793,866442,794,31707,795,866442,796,26,798,0,806,android,857,DEVELOPER_IMPORTANT,858,4,947,0,1395,3,1500,866235,1688,1]
12-08 04:34:35.043 1518 5895 I notification_visibility: [-1|android|26|null|1000,0,866442,866442,0,0]
12-08 04:34:35.044 1518 5895 I sysui_multi_action: [757,128,758,2,793,187068,794,31707,795,187068,796,4273,798,1,806,com.android.systemui,857,screen_record,858,3,947,0,1395,3,1500,186866,1688,1,1745,680407814]
12-08 04:34:35.044 1518 5895 I notification_visibility: [0|com.android.systemui|4273|null|10082,0,187068,187068,0,1]
12-08 04:34:35.044 1518 5895 I sysui_multi_action: [757,128,758,2,793,1048151,794,31707,795,1048151,796,32,798,2,806,android,857,USB,858,1,947,0,1395,3,1500,1047989,1688,1]
12-08 04:34:35.044 1518 5895 I notification_visibility: [-1|android|32|null|1000,0,1048151,1048151,0,2]
12-08 04:34:35.044 1518 2299 I sysui_multi_action: [757,127,758,2]
12-08 04:34:35.044 1518 2299 I notification_panel_hidden:
12-08 04:34:35.049 1518 1518 I GameModeConfig: isGameModeOn = false
12-08 04:34:35.049 1518 1518 E NotificationService: Muting recently noisy 0|com.android.systemui|2048|null|10082
12-08 04:34:35.057 2377 2377 I sysui_multi_action: [757,111,758,1]
12-08 04:34:35.057 2377 2377 I sysui_multi_action: [757,126,758,1,759,126,927,0,928,1,1593,0]
12-08 04:34:35.057 2377 2377 I sysui_multi_action: [757,113,758,1,759,113,927,1,928,1,1593,0]
12-08 04:34:35.057 2377 2377 I sysui_multi_action: [757,0,758,1,759,0,927,2,928,0,1593,1]
12-08 04:34:35.057 2377 2377 I sysui_multi_action: [757,0,758,1,759,0,927,3,928,0,1593,1]
12-08 04:34:35.057 2377 2377 I sysui_multi_action: [757,491,758,1,759,491,927,4,928,0,1311,-1,1593,0]
12-08 04:34:35.057 2377 2377 I sysui_multi_action: [757,0,758,1,759,0,927,5,928,0,1593,0]
12-08 04:34:35.058 2377 2377 I sysui_multi_action: [757,122,758,1,759,122,927,6,928,1,1593,0]
12-08 04:34:35.058 2377 2377 I sysui_multi_action: [757,0,758,1,759,0,927,7,1593,0]
12-08 04:34:35.058 2377 2377 I sysui_multi_action: [757,111,758,1]
12-08 04:34:35.058 2377 2377 I sysui_multi_action: [757,126,758,1,759,126,927,0,928,1,1593,1]
12-08 04:34:35.058 2377 2377 I sysui_multi_action: [757,113,758,1,759,113,927,1,928,1,1593,1]
12-08 04:34:35.058 2377 2377 I sysui_multi_action: [757,0,758,1,759,0,927,2,928,0,1593,1]
12-08 04:34:35.058 2377 2377 I sysui_multi_action: [757,0,758,1,759,0,927,3,928,0,1593,1]
12-08 04:34:35.058 1518 2319 I GameModeConfig: isGameModeOn = false
12-08 04:34:35.058 1518 2319 I GameModeConfig: isGameModeOn = false
12-08 04:34:35.058 1518 2319 I GameModeConfig: isGameModeOn = false
12-08 04:34:35.058 1518 2319 I GameModeConfig: isGameModeOn = false
12-08 04:34:35.059 1518 2319 I GameModeConfig: isGameModeOn = false
12-08 04:34:35.060 1518 2002 I input_focus: [Focus leaving 89e55f9 NotificationShade (server),reason=NO_WINDOW]
12-08 04:34:35.060 1518 2002 I input_focus: [Focus entering 49b46f5 com.android.settings/com.android.settings.Settings (server),reason=setFocusedWindow]
12-08 04:34:35.066 1518 1518 I GameModeConfig: isGameModeOn = false
12-08 04:34:35.067 1518 1518 E NotificationService: Muting recently noisy 0|com.android.systemui|2048|null|10082
12-08 04:34:35.078 1518 1518 I GameModeConfig: isGameModeOn = false
12-08 04:34:35.079 1518 1518 E NotificationService: Muting recently noisy 0|com.android.systemui|2048|null|10082
12-08 04:34:35.090 1518 1518 I GameModeConfig: isGameModeOn = false
12-08 04:34:35.090 1518 1518 E NotificationService: Muting recently noisy 0|com.android.systemui|2048|null|10082
12-08 04:34:35.108 1518 1518 I GameModeConfig: isGameModeOn = false
12-08 04:34:35.109 1518 1518 E NotificationService: Muting recently noisy 0|com.android.systemui|2048|null|10082
12-08 04:34:35.125 1518 1518 I GameModeConfig: isGameModeOn = false
12-08 04:34:35.126 1518 1518 E NotificationService: Muting recently noisy 0|com.android.systemui|2048|null|10082
12-08 04:34:35.142 1518 1518 I GameModeConfig: isGameModeOn = false
12-08 04:34:35.143 1518 1518 E NotificationService: Muting recently noisy 0|com.android.systemui|2048|null|10082
12-08 04:34:35.158 1518 1518 I GameModeConfig: isGameModeOn = false
12-08 04:34:35.159 1518 1518 E NotificationService: Muting recently noisy 0|com.android.systemui|2048|null|10082
12-08 04:34:35.173 1518 1518 I GameModeConfig: isGameModeOn = false
12-08 04:34:35.174 1518 1518 E NotificationService: Muting recently noisy 0|com.android.systemui|2048|null|10082
12-08 04:34:35.189 1518 1518 I GameModeConfig: isGameModeOn = false
12-08 04:34:35.190 1518 1518 E NotificationService: Muting recently noisy 0|com.android.systemui|2048|null|10082
12-08 04:34:35.207 1518 1518 I GameModeConfig: isGameModeOn = false
12-08 04:34:35.207 1518 1518 E NotificationService: Muting recently noisy 0|com.android.systemui|2048|null|10082
12-08 04:34:35.222 1518 1518 I GameModeConfig: isGameModeOn = false
12-08 04:34:35.223 1518 1518 E NotificationService: Muting recently noisy 0|com.android.systemui|2048|null|10082
12-08 04:34:35.247 1518 1518 I GameModeConfig: isGameModeOn = false
12-08 04:34:35.248 1518 1518 E NotificationService: Muting recently noisy 0|com.android.systemui|2048|null|10082
12-08 04:34:37.109 1518 2002 I input_interaction: Interaction with: 49b46f5 com.android.settings/com.android.settings.Settings (server), edge-swipe (server), swipe-up (server), PointerEventDispatcher0 (server),
12-08 04:34:38.182 1518 2002 I input_interaction: Interaction with: 545abb StatusBar (server), edge-swipe (server), swipe-up (server), PointerEventDispatcher0 (server),
12-08 04:34:38.190 2377 2377 I sysui_multi_action: [757,803,799,panel_open,802,1]
12-08 04:34:38.192 2377 2377 I sysui_multi_action: [757,1328,758,4,1326,54,1327,3,1329,0]
12-08 04:34:38.288 1518 5895 I sysui_multi_action: [757,127,758,1]
12-08 04:34:38.289 1518 5895 I sysui_multi_action: [757,804,799,note_load,801,3,802,1]
12-08 04:34:38.289 1518 5895 I notification_panel_revealed: 3
12-08 04:34:38.291 1518 2319 I GameModeConfig: isGameModeOn = false
12-08 04:34:38.292 1518 2319 I GameModeConfig: isGameModeOn = false
12-08 04:34:38.292 1518 2319 I GameModeConfig: isGameModeOn = false
12-08 04:34:38.292 1518 2319 I GameModeConfig: isGameModeOn = false
12-08 04:34:38.292 1518 2319 I GameModeConfig: isGameModeOn = false
12-08 04:34:38.293 1518 1518 I notification_enqueue: [10082,2377,com.android.systemui,2048,NULL,0,Notification(channel=updateNotification shortcut=null contentView=null vibrate=null sound=null defaults=0x0 flags=0x0 color=0x00000000 vis=PRIVATE),1]
12-08 04:34:38.293 2377 2377 I sysui_multi_action: [757,111,758,2]
12-08 04:34:38.293 2377 2377 I sysui_multi_action: [757,111,758,2]
12-08 04:34:38.312 1518 1646 I input_focus: [Focus request 89e55f9 NotificationShade,reason=UpdateInputWindows]
12-08 04:34:38.318 2377 2377 I sysui_multi_action: [757,111,758,1]
12-08 04:34:38.318 2377 2377 I sysui_multi_action: [757,126,758,1,759,126,927,0,928,1,1593,0]
12-08 04:34:38.318 2377 2377 I sysui_multi_action: [757,113,758,1,759,113,927,1,928,1,1593,0]
12-08 04:34:38.318 2377 2377 I sysui_multi_action: [757,0,758,1,759,0,927,2,928,0,1593,0]
12-08 04:34:38.318 2377 2377 I sysui_multi_action: [757,0,758,1,759,0,927,3,928,0,1593,0]
12-08 04:34:38.319 2377 2377 I sysui_multi_action: [757,491,758,1,759,491,927,4,928,0,1311,-1,1593,0]
12-08 04:34:38.319 2377 2377 I sysui_multi_action: [757,0,758,1,759,0,927,5,928,0,1593,0]
12-08 04:34:38.319 2377 2377 I sysui_multi_action: [757,122,758,1,759,122,927,6,928,1,1593,0]
12-08 04:34:38.319 2377 2377 I sysui_multi_action: [757,0,758,1,759,0,927,7,1593,0]
12-08 04:34:38.319 2377 2377 I sysui_multi_action: [757,111,758,1]
12-08 04:34:38.319 2377 2377 I sysui_multi_action: [757,126,758,1,759,126,927,0,928,1,1593,0]
12-08 04:34:38.319 2377 2377 I sysui_multi_action: [757,113,758,1,759,113,927,1,928,1,1593,0]
12-08 04:34:38.319 2377 2377 I sysui_multi_action: [757,0,758,1,759,0,927,2,928,0,1593,0]
12-08 04:34:38.319 2377 2377 I sysui_multi_action: [757,0,758,1,759,0,927,3,928,0,1593,0]
12-08 04:34:38.336 1518 2002 I input_focus: [Focus leaving 49b46f5 com.android.settings/com.android.settings.Settings (server),reason=setFocusedWindow]
12-08 04:34:38.336 1518 2002 I input_focus: [Focus entering 89e55f9 NotificationShade (server),reason=setFocusedWindow]
12-08 04:34:38.496 1518 1518 I GameModeConfig: isGameModeOn = false
12-08 04:34:38.497 1518 1518 I sysui_multi_action: [757,1501,758,1,793,863394,794,0,795,205,796,2048,806,com.android.systemui,857,updateNotification,858,3,947,0,1500,0,1688,1]
12-08 04:34:38.498 1518 1518 I sysui_multi_action: [757,804,799,note_interruptive,801,0,802,1]
12-08 04:34:38.498 1518 1518 I sysui_multi_action: [757,199,758,1,759,2,793,863395,794,0,795,206,796,2048,806,com.android.systemui,857,updateNotification,858,3,947,0,1500,1,1688,1]
12-08 04:34:38.498 1518 1518 I notification_alert: [0|com.android.systemui|2048|null|10082,0,1,0]
12-08 04:34:38.501 1518 1518 W NotificationHistory: Attempted to add notif for locked/gone/disabled user 0
12-08 04:34:38.831 1518 2299 I sysui_multi_action: [757,128,758,1,793,870230,794,0,795,870230,796,26,798,0,806,android,857,DEVELOPER_IMPORTANT,858,4,947,0,1395,3,1500,870023,1688,1]
12-08 04:34:38.831 1518 2299 I sysui_multi_action: [757,804,799,note_freshness,801,870230,802,1]
12-08 04:34:38.831 1518 2299 I notification_visibility: [-1|android|26|null|1000,1,870230,870230,0,0]
12-08 04:34:38.832 1518 2299 I sysui_multi_action: [757,128,758,1,793,190856,794,0,795,190856,796,4273,798,1,806,com.android.systemui,857,screen_record,858,3,947,0,1395,3,1500,190654,1688,1,1745,680407814]
12-08 04:34:38.832 1518 2299 I sysui_multi_action: [757,804,799,note_freshness,801,190856,802,1]
12-08 04:34:38.832 1518 2299 I notification_visibility: [0|com.android.systemui|4273|null|10082,1,190856,190856,0,1]
12-08 04:34:38.832 1518 2299 I sysui_multi_action: [757,128,758,1,793,1051939,794,0,795,1051939,796,32,798,2,806,android,857,USB,858,1,947,0,1395,3,1500,1051777,1688,1]
12-08 04:34:38.832 1518 2299 I sysui_multi_action: [757,804,799,note_freshness,801,1051939,802,1]
12-08 04:34:38.832 1518 2299 I notification_visibility: [-1|android|32|null|1000,1,1051939,1051939,0,2]
12-08 04:34:39.212 1518 2002 I input_interaction: Interaction with: 89e55f9 NotificationShade (server), edge-swipe (server), swipe-up (server), PointerEventDispatcher0 (server),
12-08 04:34:39.343 1518 1653 I am_pss : [5897,1000,com.android.settings,160852992,149061632,0,293486592,0,2,12]
12-08 04:34:39.345 1518 5895 I sysui_multi_action: [757,128,758,2,793,870744,794,514,795,870744,796,26,798,0,806,android,857,DEVELOPER_IMPORTANT,858,4,947,0,1395,3,1500,870537,1688,1]
12-08 04:34:39.346 1518 5895 I notification_visibility: [-1|android|26|null|1000,0,870744,870744,0,0]
12-08 04:34:39.346 1518 5895 I sysui_multi_action: [757,128,758,2,793,191370,794,514,795,191370,796,4273,798,1,806,com.android.systemui,857,screen_record,858,3,947,0,1395,3,1500,191168,1688,1,1745,680407814]
12-08 04:34:39.346 1518 5895 I notification_visibility: [0|com.android.systemui|4273|null|10082,0,191370,191370,0,1]
12-08 04:34:39.346 1518 5895 I sysui_multi_action: [757,128,758,2,793,1052453,794,514,795,1052453,796,32,798,2,806,android,857,USB,858,1,947,0,1395,3,1500,1052291,1688,1]
12-08 04:34:39.346 1518 5895 I notification_visibility: [-1|android|32|null|1000,0,1052453,1052453,0,2]
12-08 04:34:41.213 1518 1752 I commit_sys_config_file: [settings-2-0,11]
12-08 04:34:42.571 1518 1752 I commit_sys_config_file: [settings-2-0,16]
12-08 04:34:43.985 1518 1634 I sysui_multi_action: [757,128,758,1,793,875383,794,0,795,875383,796,26,798,0,806,android,857,DEVELOPER_IMPORTANT,858,4,947,0,1395,3,1500,875176,1688,1]
12-08 04:34:43.985 1518 1634 I sysui_multi_action: [757,804,799,note_freshness,801,875383,802,1]
12-08 04:34:43.985 1518 1634 I notification_visibility: [-1|android|26|null|1000,1,875383,875383,0,0]
12-08 04:34:43.985 1518 1634 I sysui_multi_action: [757,128,758,1,793,196009,794,0,795,196009,796,4273,798,1,806,com.android.systemui,857,screen_record,858,3,947,0,1395,3,1500,195807,1688,1,1745,680407814]
12-08 04:34:43.985 1518 1634 I sysui_multi_action: [757,804,799,note_freshness,801,196009,802,1]
12-08 04:34:43.985 1518 1634 I notification_visibility: [0|com.android.systemui|4273|null|10082,1,196009,196009,0,1]
12-08 04:34:43.986 1518 1634 I sysui_multi_action: [757,128,758,1,793,1057093,794,0,795,1057093,796,32,798,2,806,android,857,USB,858,1,947,0,1395,3,1500,1056931,1688,1]
12-08 04:34:43.986 1518 1634 I sysui_multi_action: [757,804,799,note_freshness,801,1057093,802,1]
12-08 04:34:43.986 1518 1634 I notification_visibility: [-1|android|32|null|1000,1,1057093,1057093,0,2]
12-08 04:34:45.004 1518 2319 I GameModeConfig: isGameModeOn = false
12-08 04:34:45.005 1518 2319 I GameModeConfig: isGameModeOn = false
12-08 04:34:45.005 1518 2319 I GameModeConfig: isGameModeOn = false
12-08 04:34:45.005 1518 2319 I GameModeConfig: isGameModeOn = false
12-08 04:34:45.006 1518 2319 I GameModeConfig: isGameModeOn = false
12-08 04:34:45.016 1518 2319 I GameModeConfig: isGameModeOn = false
12-08 04:34:45.021 1518 2319 I GameModeConfig: isGameModeOn = false
12-08 04:34:45.035 1518 2319 I GameModeConfig: isGameModeOn = false
12-08 04:34:45.049 1518 2319 I GameModeConfig: isGameModeOn = false
12-08 04:34:45.058 1518 2319 I GameModeConfig: isGameModeOn = false
12-08 04:34:45.067 1518 2319 I GameModeConfig: isGameModeOn = false
12-08 04:34:45.079 1518 2319 I GameModeConfig: isGameModeOn = false
12-08 04:34:45.091 1518 2319 I GameModeConfig: isGameModeOn = false
12-08 04:34:45.108 1518 2319 I GameModeConfig: isGameModeOn = false
12-08 04:34:45.126 1518 2319 I GameModeConfig: isGameModeOn = false
12-08 04:34:45.144 1518 2319 I GameModeConfig: isGameModeOn = false
12-08 04:34:45.145 1518 2319 I GameModeConfig: isGameModeOn = false
12-08 04:34:45.145 1518 2319 I GameModeConfig: isGameModeOn = false
12-08 04:34:45.145 1518 2319 I GameModeConfig: isGameModeOn = false
12-08 04:34:45.145 1518 2319 I GameModeConfig: isGameModeOn = false
12-08 04:34:45.145 1518 2319 I GameModeConfig: isGameModeOn = false
12-08 04:34:45.147 2377 2377 I sysui_multi_action: [757,111,758,2]
12-08 04:34:45.147 1518 1518 I notification_enqueue: [10082,2377,com.android.systemui,2048,NULL,0,Notification(channel=updateNotification shortcut=null contentView=null vibrate=null sound=null defaults=0x0 flags=0x0 color=0x00000000 vis=PRIVATE),1]
12-08 04:34:45.147 2377 2377 I sysui_multi_action: [757,111,758,2]
12-08 04:34:45.153 2377 2377 I sysui_multi_action: [757,111,758,1]
12-08 04:34:45.153 2377 2377 I sysui_multi_action: [757,126,758,1,759,126,927,0,928,1,1593,0]
12-08 04:34:45.153 2377 2377 I sysui_multi_action: [757,113,758,1,759,113,927,1,928,1,1593,0]
12-08 04:34:45.153 2377 2377 I sysui_multi_action: [757,0,758,1,759,0,927,2,928,0,1593,0]
12-08 04:34:45.154 2377 2377 I sysui_multi_action: [757,0,758,1,759,0,927,3,928,0,1593,0]
12-08 04:34:45.154 2377 2377 I sysui_multi_action: [757,491,758,1,759,491,927,4,928,0,1311,-1,1593,0]
12-08 04:34:45.154 2377 2377 I sysui_multi_action: [757,0,758,1,759,0,927,5,1593,0]
12-08 04:34:45.154 2377 2377 I sysui_multi_action: [757,111,758,1]
12-08 04:34:45.155 2377 2377 I sysui_multi_action: [757,126,758,1,759,126,927,0,928,1,1593,1]
12-08 04:34:45.155 2377 2377 I sysui_multi_action: [757,113,758,1,759,113,927,1,928,1,1593,1]
12-08 04:34:45.155 2377 2377 I sysui_multi_action: [757,0,758,1,759,0,927,2,928,0,1593,1]
12-08 04:34:45.155 2377 2377 I sysui_multi_action: [757,0,758,1,759,0,927,3,928,0,1593,1]
12-08 04:34:45.159 1518 2319 I GameModeConfig: isGameModeOn = false
12-08 04:34:45.174 2377 2377 I sysui_multi_action: [757,111,758,2]
12-08 04:34:45.174 1518 1518 I notification_enqueue: [10082,2377,com.android.systemui,2048,NULL,0,Notification(channel=updateNotification shortcut=null contentView=null vibrate=null sound=null defaults=0x0 flags=0x0 color=0x00000000 vis=PRIVATE),1]
12-08 04:34:45.175 2377 2377 I sysui_multi_action: [757,111,758,2]
12-08 04:34:45.177 1518 2319 I GameModeConfig: isGameModeOn = false
12-08 04:34:45.177 1518 2319 I GameModeConfig: isGameModeOn = false
12-08 04:34:45.177 1518 2319 I GameModeConfig: isGameModeOn = false
12-08 04:34:45.177 1518 2319 I GameModeConfig: isGameModeOn = false
12-08 04:34:45.178 1518 2319 I GameModeConfig: isGameModeOn = false
12-08 04:34:45.179 1518 2319 I GameModeConfig: isGameModeOn = false
12-08 04:34:45.180 2377 2377 I sysui_multi_action: [757,111,758,1]
12-08 04:34:45.180 2377 2377 I sysui_multi_action: [757,126,758,1,759,126,927,0,928,1,1593,1]
12-08 04:34:45.180 2377 2377 I sysui_multi_action: [757,113,758,1,759,113,927,1,928,1,1593,1]
12-08 04:34:45.180 2377 2377 I sysui_multi_action: [757,0,758,1,759,0,927,2,928,0,1593,1]
12-08 04:34:45.180 2377 2377 I sysui_multi_action: [757,0,758,1,759,0,927,3,928,0,1593,1]
12-08 04:34:45.181 2377 2377 I sysui_multi_action: [757,491,758,1,759,491,927,4,928,0,1311,-1,1593,0]
12-08 04:34:45.181 2377 2377 I sysui_multi_action: [757,0,758,1,759,0,927,5,1593,0]
12-08 04:34:45.181 2377 2377 I sysui_multi_action: [757,111,758,1]
12-08 04:34:45.181 2377 2377 I sysui_multi_action: [757,126,758,1,759,126,927,0,928,1,1593,1]
12-08 04:34:45.181 2377 2377 I sysui_multi_action: [757,113,758,1,759,113,927,1,928,1,1593,1]
12-08 04:34:45.181 2377 2377 I sysui_multi_action: [757,0,758,1,759,0,927,2,928,0,1593,1]
12-08 04:34:45.181 2377 2377 I sysui_multi_action: [757,0,758,1,759,0,927,3,928,0,1593,1]
12-08 04:34:45.188 1518 2319 I GameModeConfig: isGameModeOn = false
12-08 04:34:45.189 1518 2319 I GameModeConfig: isGameModeOn = false
12-08 04:34:45.189 1518 2319 I GameModeConfig: isGameModeOn = false
12-08 04:34:45.189 1518 2319 I GameModeConfig: isGameModeOn = false
12-08 04:34:45.189 1518 2319 I GameModeConfig: isGameModeOn = false
12-08 04:34:45.190 1518 2319 I GameModeConfig: isGameModeOn = false
12-08 04:34:45.190 2377 2377 I sysui_multi_action: [757,111,758,2]
12-08 04:34:45.190 2377 2377 I sysui_multi_action: [757,111,758,2]
12-08 04:34:45.191 1518 1518 I notification_enqueue: [10082,2377,com.android.systemui,2048,NULL,0,Notification(channel=updateNotification shortcut=null contentView=null vibrate=null sound=null defaults=0x0 flags=0x0 color=0x00000000 vis=PRIVATE),1]
12-08 04:34:45.194 2377 2377 I sysui_multi_action: [757,111,758,1]
12-08 04:34:45.195 2377 2377 I sysui_multi_action: [757,126,758,1,759,126,927,0,928,1,1593,1]
12-08 04:34:45.195 2377 2377 I sysui_multi_action: [757,113,758,1,759,113,927,1,928,1,1593,1]
12-08 04:34:45.195 2377 2377 I sysui_multi_action: [757,0,758,1,759,0,927,2,928,0,1593,1]
12-08 04:34:45.195 2377 2377 I sysui_multi_action: [757,0,758,1,759,0,927,3,928,0,1593,1]
12-08 04:34:45.195 2377 2377 I sysui_multi_action: [757,491,758,1,759,491,927,4,928,0,1311,-1,1593,0]
12-08 04:34:45.195 2377 2377 I sysui_multi_action: [757,0,758,1,759,0,927,5,1593,0]
12-08 04:34:45.195 2377 2377 I sysui_multi_action: [757,111,758,1]
12-08 04:34:45.196 2377 2377 I sysui_multi_action: [757,126,758,1,759,126,927,0,928,1,1593,1]
12-08 04:34:45.196 2377 2377 I sysui_multi_action: [757,113,758,1,759,113,927,1,928,1,1593,1]
12-08 04:34:45.196 2377 2377 I sysui_multi_action: [757,0,758,1,759,0,927,2,928,0,1593,1]
12-08 04:34:45.196 2377 2377 I sysui_multi_action: [757,0,758,1,759,0,927,3,928,0,1593,1]
12-08 04:34:45.206 1518 2319 I GameModeConfig: isGameModeOn = false
12-08 04:34:45.206 1518 2319 I GameModeConfig: isGameModeOn = false
12-08 04:34:45.207 1518 2319 I GameModeConfig: isGameModeOn = false
12-08 04:34:45.207 1518 2319 I GameModeConfig: isGameModeOn = false
12-08 04:34:45.207 1518 2319 I GameModeConfig: isGameModeOn = false
12-08 04:34:45.207 1518 2319 I GameModeConfig: isGameModeOn = false
12-08 04:34:45.208 2377 2377 I sysui_multi_action: [757,111,758,2]
12-08 04:34:45.208 2377 2377 I sysui_multi_action: [757,111,758,2]
12-08 04:34:45.208 1518 1518 I notification_enqueue: [10082,2377,com.android.systemui,2048,NULL,0,Notification(channel=updateNotification shortcut=null contentView=null vibrate=null sound=null defaults=0x0 flags=0x0 color=0x00000000 vis=PRIVATE),1]
12-08 04:34:45.212 2377 2377 I sysui_multi_action: [757,111,758,1]
12-08 04:34:45.212 2377 2377 I sysui_multi_action: [757,126,758,1,759,126,927,0,928,1,1593,1]
12-08 04:34:45.212 2377 2377 I sysui_multi_action: [757,113,758,1,759,113,927,1,928,1,1593,1]
12-08 04:34:45.212 2377 2377 I sysui_multi_action: [757,0,758,1,759,0,927,2,928,0,1593,1]
12-08 04:34:45.212 2377 2377 I sysui_multi_action: [757,0,758,1,759,0,927,3,928,0,1593,1]
12-08 04:34:45.212 2377 2377 I sysui_multi_action: [757,491,758,1,759,491,927,4,928,0,1311,-1,1593,0]
12-08 04:34:45.213 2377 2377 I sysui_multi_action: [757,0,758,1,759,0,927,5,1593,0]
12-08 04:34:45.213 2377 2377 I sysui_multi_action: [757,111,758,1]
12-08 04:34:45.213 2377 2377 I sysui_multi_action: [757,126,758,1,759,126,927,0,928,1,1593,1]
12-08 04:34:45.213 2377 2377 I sysui_multi_action: [757,113,758,1,759,113,927,1,928,1,1593,1]
12-08 04:34:45.213 2377 2377 I sysui_multi_action: [757,0,758,1,759,0,927,2,928,0,1593,1]
12-08 04:34:45.213 2377 2377 I sysui_multi_action: [757,0,758,1,759,0,927,3,928,0,1593,1]
12-08 04:34:45.219 1518 2319 I GameModeConfig: isGameModeOn = false
12-08 04:34:45.219 1518 2319 I GameModeConfig: isGameModeOn = false
12-08 04:34:45.219 1518 2319 I GameModeConfig: isGameModeOn = false
12-08 04:34:45.219 1518 2319 I GameModeConfig: isGameModeOn = false
12-08 04:34:45.219 1518 2319 I GameModeConfig: isGameModeOn = false
12-08 04:34:45.220 2377 2377 I sysui_multi_action: [757,111,758,2]
12-08 04:34:45.220 1518 1518 I notification_enqueue: [10082,2377,com.android.systemui,2048,NULL,0,Notification(channel=updateNotification shortcut=null contentView=null vibrate=null sound=null defaults=0x0 flags=0x0 color=0x00000000 vis=PRIVATE),1]
12-08 04:34:45.220 2377 2377 I sysui_multi_action: [757,111,758,2]
12-08 04:34:45.223 1518 2319 I GameModeConfig: isGameModeOn = false
12-08 04:34:45.223 2377 2377 I sysui_multi_action: [757,111,758,1]
12-08 04:34:45.223 2377 2377 I sysui_multi_action: [757,126,758,1,759,126,927,0,928,1,1593,1]
12-08 04:34:45.224 2377 2377 I sysui_multi_action: [757,113,758,1,759,113,927,1,928,1,1593,1]
12-08 04:34:45.224 2377 2377 I sysui_multi_action: [757,0,758,1,759,0,927,2,928,0,1593,1]
12-08 04:34:45.224 2377 2377 I sysui_multi_action: [757,0,758,1,759,0,927,3,928,0,1593,1]
12-08 04:34:45.224 2377 2377 I sysui_multi_action: [757,491,758,1,759,491,927,4,928,0,1311,-1,1593,0]
12-08 04:34:45.224 2377 2377 I sysui_multi_action: [757,0,758,1,759,0,927,5,1593,0]
12-08 04:34:45.224 2377 2377 I sysui_multi_action: [757,111,758,1]
12-08 04:34:45.224 2377 2377 I sysui_multi_action: [757,126,758,1,759,126,927,0,928,1,1593,1]
12-08 04:34:45.224 2377 2377 I sysui_multi_action: [757,113,758,1,759,113,927,1,928,1,1593,1]
12-08 04:34:45.224 2377 2377 I sysui_multi_action: [757,0,758,1,759,0,927,2,928,0,1593,1]
12-08 04:34:45.224 2377 2377 I sysui_multi_action: [757,0,758,1,759,0,927,3,928,0,1593,1]
12-08 04:34:45.231 1518 2319 I GameModeConfig: isGameModeOn = false
12-08 04:34:45.232 1518 2319 I GameModeConfig: isGameModeOn = false
12-08 04:34:45.232 1518 2319 I GameModeConfig: isGameModeOn = false
12-08 04:34:45.232 1518 2319 I GameModeConfig: isGameModeOn = false
12-08 04:34:45.232 1518 2319 I GameModeConfig: isGameModeOn = false
12-08 04:34:45.233 2377 2377 I sysui_multi_action: [757,111,758,2]
12-08 04:34:45.233 2377 2377 I sysui_multi_action: [757,111,758,2]
12-08 04:34:45.233 1518 1518 I notification_enqueue: [10082,2377,com.android.systemui,2048,NULL,0,Notification(channel=updateNotification shortcut=null contentView=null vibrate=null sound=null defaults=0x0 flags=0x0 color=0x00000000 vis=PRIVATE),1]
12-08 04:34:45.236 2377 2377 I sysui_multi_action: [757,111,758,1]
12-08 04:34:45.236 2377 2377 I sysui_multi_action: [757,126,758,1,759,126,927,0,928,1,1593,1]
12-08 04:34:45.236 2377 2377 I sysui_multi_action: [757,113,758,1,759,113,927,1,928,1,1593,1]
12-08 04:34:45.236 2377 2377 I sysui_multi_action: [757,0,758,1,759,0,927,2,928,0,1593,1]
12-08 04:34:45.236 2377 2377 I sysui_multi_action: [757,0,758,1,759,0,927,3,928,0,1593,1]
12-08 04:34:45.236 2377 2377 I sysui_multi_action: [757,491,758,1,759,491,927,4,928,0,1311,-1,1593,0]
12-08 04:34:45.236 2377 2377 I sysui_multi_action: [757,0,758,1,759,0,927,5,1593,0]
12-08 04:34:45.236 2377 2377 I sysui_multi_action: [757,111,758,1]
12-08 04:34:45.236 2377 2377 I sysui_multi_action: [757,126,758,1,759,126,927,0,928,1,1593,1]
12-08 04:34:45.236 2377 2377 I sysui_multi_action: [757,113,758,1,759,113,927,1,928,1,1593,1]
12-08 04:34:45.236 2377 2377 I sysui_multi_action: [757,0,758,1,759,0,927,2,928,0,1593,1]
12-08 04:34:45.236 2377 2377 I sysui_multi_action: [757,0,758,1,759,0,927,3,928,0,1593,1]
12-08 04:34:45.244 1518 2319 I GameModeConfig: isGameModeOn = false
12-08 04:34:45.245 1518 2319 I GameModeConfig: isGameModeOn = false
12-08 04:34:45.245 1518 2319 I GameModeConfig: isGameModeOn = false
12-08 04:34:45.245 1518 2319 I GameModeConfig: isGameModeOn = false
12-08 04:34:45.245 1518 2319 I GameModeConfig: isGameModeOn = false
12-08 04:34:45.246 2377 2377 I sysui_multi_action: [757,111,758,2]
12-08 04:34:45.246 2377 2377 I sysui_multi_action: [757,111,758,2]
12-08 04:34:45.246 1518 1518 I notification_enqueue: [10082,2377,com.android.systemui,2048,NULL,0,Notification(channel=updateNotification shortcut=null contentView=null vibrate=null sound=null defaults=0x0 flags=0x0 color=0x00000000 vis=PRIVATE),1]
12-08 04:34:45.247 1518 2319 I GameModeConfig: isGameModeOn = false
12-08 04:34:45.249 2377 2377 I sysui_multi_action: [757,111,758,1]
12-08 04:34:45.249 2377 2377 I sysui_multi_action: [757,126,758,1,759,126,927,0,928,1,1593,1]
12-08 04:34:45.249 2377 2377 I sysui_multi_action: [757,113,758,1,759,113,927,1,928,1,1593,1]
12-08 04:34:45.249 2377 2377 I sysui_multi_action: [757,0,758,1,759,0,927,2,928,0,1593,1]
12-08 04:34:45.249 2377 2377 I sysui_multi_action: [757,0,758,1,759,0,927,3,928,0,1593,1]
12-08 04:34:45.249 2377 2377 I sysui_multi_action: [757,491,758,1,759,491,927,4,928,0,1311,-1,1593,0]
12-08 04:34:45.249 2377 2377 I sysui_multi_action: [757,0,758,1,759,0,927,5,1593,0]
12-08 04:34:45.249 2377 2377 I sysui_multi_action: [757,111,758,1]
12-08 04:34:45.249 2377 2377 I sysui_multi_action: [757,126,758,1,759,126,927,0,928,1,1593,1]
12-08 04:34:45.250 2377 2377 I sysui_multi_action: [757,113,758,1,759,113,927,1,928,1,1593,1]
12-08 04:34:45.250 2377 2377 I sysui_multi_action: [757,0,758,1,759,0,927,2,928,0,1593,1]
12-08 04:34:45.250 2377 2377 I sysui_multi_action: [757,0,758,1,759,0,927,3,928,0,1593,1]
12-08 04:34:45.261 1518 2319 I GameModeConfig: isGameModeOn = false
12-08 04:34:45.261 1518 2319 I GameModeConfig: isGameModeOn = false
12-08 04:34:45.261 1518 2319 I GameModeConfig: isGameModeOn = false
12-08 04:34:45.261 1518 2319 I GameModeConfig: isGameModeOn = false
12-08 04:34:45.261 1518 2319 I GameModeConfig: isGameModeOn = false
12-08 04:34:45.262 2377 2377 I sysui_multi_action: [757,111,758,2]
12-08 04:34:45.262 2377 2377 I sysui_multi_action: [757,111,758,2]
12-08 04:34:45.262 1518 1518 I notification_enqueue: [10082,2377,com.android.systemui,2048,NULL,0,Notification(channel=updateNotification shortcut=null contentView=null vibrate=null sound=null defaults=0x0 flags=0x0 color=0x00000000 vis=PRIVATE),1]
12-08 04:34:45.271 1518 1646 I input_focus: [Focus request 49b46f5 com.android.settings/com.android.settings.Settings,reason=UpdateInputWindows]
12-08 04:34:45.272 2377 2377 I sysui_multi_action: [757,111,758,1]
12-08 04:34:45.272 2377 2377 I sysui_multi_action: [757,126,758,1,759,126,927,0,928,1,1593,1]
12-08 04:34:45.272 2377 2377 I sysui_multi_action: [757,113,758,1,759,113,927,1,928,1,1593,1]
12-08 04:34:45.272 2377 2377 I sysui_multi_action: [757,0,758,1,759,0,927,2,928,0,1593,1]
12-08 04:34:45.272 2377 2377 I sysui_multi_action: [757,0,758,1,759,0,927,3,928,0,1593,1]
12-08 04:34:45.273 2377 2377 I sysui_multi_action: [757,491,758,1,759,491,927,4,928,0,1311,-1,1593,0]
12-08 04:34:45.273 2377 2377 I sysui_multi_action: [757,0,758,1,759,0,927,5,1593,0]
12-08 04:34:45.273 2377 2377 I sysui_multi_action: [757,111,758,1]
12-08 04:34:45.273 2377 2377 I sysui_multi_action: [757,126,758,1,759,126,927,0,928,1,1593,1]
12-08 04:34:45.273 2377 2377 I sysui_multi_action: [757,113,758,1,759,113,927,1,928,1,1593,1]
12-08 04:34:45.273 2377 2377 I sysui_multi_action: [757,0,758,1,759,0,927,2,928,0,1593,1]
12-08 04:34:45.273 2377 2377 I sysui_multi_action: [757,0,758,1,759,0,927,3,928,0,1593,1]
12-08 04:34:45.277 2377 2377 I sysui_multi_action: [757,111,758,2]
12-08 04:34:45.277 2377 2377 I sysui_multi_action: [757,111,758,2]
12-08 04:34:45.278 1518 1518 I notification_enqueue: [10082,2377,com.android.systemui,2048,NULL,0,Notification(channel=updateNotification shortcut=null contentView=null vibrate=null sound=null defaults=0x0 flags=0x0 color=0x00000000 vis=PRIVATE),1]
12-08 04:34:45.281 1518 2319 I GameModeConfig: isGameModeOn = false
12-08 04:34:45.281 1518 2319 I GameModeConfig: isGameModeOn = false
12-08 04:34:45.281 1518 2319 I GameModeConfig: isGameModeOn = false
12-08 04:34:45.281 1518 2319 I GameModeConfig: isGameModeOn = false
12-08 04:34:45.281 1518 2319 I GameModeConfig: isGameModeOn = false
12-08 04:34:45.282 1518 3331 I sysui_multi_action: [757,128,758,2,793,876681,794,1298,795,876681,796,26,798,0,806,android,857,DEVELOPER_IMPORTANT,858,4,947,0,1395,3,1500,876474,1688,1]
12-08 04:34:45.282 1518 3331 I notification_visibility: [-1|android|26|null|1000,0,876681,876681,0,0]
12-08 04:34:45.284 1518 3331 I sysui_multi_action: [757,128,758,2,793,197306,794,1297,795,197306,796,4273,798,1,806,com.android.systemui,857,screen_record,858,3,947,0,1395,3,1500,197104,1688,1,1745,680407814]
12-08 04:34:45.284 1518 3331 I notification_visibility: [0|com.android.systemui|4273|null|10082,0,197306,197306,0,1]
12-08 04:34:45.284 1518 3331 I sysui_multi_action: [757,128,758,2,793,1058391,794,1298,795,1058391,796,32,798,2,806,android,857,USB,858,1,947,0,1395,3,1500,1058229,1688,1]
12-08 04:34:45.284 1518 3331 I notification_visibility: [-1|android|32|null|1000,0,1058391,1058391,0,2]
12-08 04:34:45.285 1518 3331 I sysui_multi_action: [757,127,758,2]
12-08 04:34:45.285 1518 3331 I notification_panel_hidden:
12-08 04:34:45.292 2377 2377 I sysui_multi_action: [757,111,758,1]
12-08 04:34:45.292 2377 2377 I sysui_multi_action: [757,126,758,1,759,126,927,0,928,1,1593,1]
12-08 04:34:45.292 2377 2377 I sysui_multi_action: [757,113,758,1,759,113,927,1,928,1,1593,1]
12-08 04:34:45.292 2377 2377 I sysui_multi_action: [757,0,758,1,759,0,927,2,928,0,1593,1]
12-08 04:34:45.292 2377 2377 I sysui_multi_action: [757,0,758,1,759,0,927,3,928,0,1593,1]
12-08 04:34:45.292 2377 2377 I sysui_multi_action: [757,491,758,1,759,491,927,4,928,0,1311,-1,1593,0]
12-08 04:34:45.292 2377 2377 I sysui_multi_action: [757,0,758,1,759,0,927,5,1593,0]
12-08 04:34:45.293 2377 2377 I sysui_multi_action: [757,111,758,1]
12-08 04:34:45.293 2377 2377 I sysui_multi_action: [757,126,758,1,759,126,927,0,928,1,1593,1]
12-08 04:34:45.293 2377 2377 I sysui_multi_action: [757,113,758,1,759,113,927,1,928,1,1593,1]
12-08 04:34:45.293 2377 2377 I sysui_multi_action: [757,0,758,1,759,0,927,2,928,0,1593,1]
12-08 04:34:45.293 2377 2377 I sysui_multi_action: [757,0,758,1,759,0,927,3,928,0,1593,1]
12-08 04:34:45.300 1518 2002 I input_focus: [Focus leaving 89e55f9 NotificationShade (server),reason=NO_WINDOW]
12-08 04:34:45.300 1518 2002 I input_focus: [Focus entering 49b46f5 com.android.settings/com.android.settings.Settings (server),reason=setFocusedWindow]
12-08 04:34:45.351 1518 1518 I GameModeConfig: isGameModeOn = false
12-08 04:34:45.352 1518 1518 I sysui_multi_action: [757,1501,758,1,793,870249,794,0,795,207,796,2048,806,com.android.systemui,857,updateNotification,858,3,947,0,1500,0,1688,1]
12-08 04:34:45.352 1518 1518 I sysui_multi_action: [757,804,799,note_interruptive,801,0,802,1]
12-08 04:34:45.353 1518 1518 I sysui_multi_action: [757,199,758,1,759,2,793,870250,794,0,795,208,796,2048,806,com.android.systemui,857,updateNotification,858,3,947,0,1500,1,1688,1]
12-08 04:34:45.353 1518 1518 I notification_alert: [0|com.android.systemui|2048|null|10082,0,1,0]
12-08 04:34:45.354 1518 1518 W NotificationHistory: Attempted to add notif for locked/gone/disabled user 0
12-08 04:34:45.378 1518 1518 I GameModeConfig: isGameModeOn = false
12-08 04:34:45.379 1518 1518 E NotificationService: Muting recently noisy 0|com.android.systemui|2048|null|10082
12-08 04:34:45.393 1518 1518 I GameModeConfig: isGameModeOn = false
12-08 04:34:45.393 1518 1518 E NotificationService: Muting recently noisy 0|com.android.systemui|2048|null|10082
12-08 04:34:45.409 1518 1518 I GameModeConfig: isGameModeOn = false
12-08 04:34:45.410 1518 1518 E NotificationService: Muting recently noisy 0|com.android.systemui|2048|null|10082
12-08 04:34:45.423 1518 1518 I GameModeConfig: isGameModeOn = false
12-08 04:34:45.423 1518 1518 E NotificationService: Muting recently noisy 0|com.android.systemui|2048|null|10082
12-08 04:34:45.434 1518 1518 I GameModeConfig: isGameModeOn = false
12-08 04:34:45.434 1518 1518 E NotificationService: Muting recently noisy 0|com.android.systemui|2048|null|10082
12-08 04:34:45.448 1518 1518 I GameModeConfig: isGameModeOn = false
12-08 04:34:45.448 1518 1518 E NotificationService: Muting recently noisy 0|com.android.systemui|2048|null|10082
12-08 04:34:45.463 1518 1518 I GameModeConfig: isGameModeOn = false
12-08 04:34:45.463 1518 1518 E NotificationService: Muting recently noisy 0|com.android.systemui|2048|null|10082
12-08 04:34:45.481 1518 1518 I GameModeConfig: isGameModeOn = false
12-08 04:34:45.481 1518 1518 E NotificationService: Muting recently noisy 0|com.android.systemui|2048|null|10082
12-08 04:34:46.390 1518 2002 I input_interaction: Interaction with: 49b46f5 com.android.settings/com.android.settings.Settings (server), edge-swipe (server), swipe-up (server), PointerEventDispatcher0 (server),
12-08 04:34:46.496 5897 5897 I sysui_multi_action: [757,853,758,4,854,null/switch_bar,1089,0]
12-08 04:34:46.705 836 836 I android.hardware.wifi@1.0-service: Adding interface handle for wlan0
12-08 04:34:46.705 836 836 I android.hardware.wifi@1.0-service: Adding interface handle for wifi-aware0
12-08 04:34:46.705 836 836 I android.hardware.wifi@1.0-service: Adding interface handle for p2p0
12-08 04:34:46.709 1210 1210 E wificond: Could not read interface state for wlan1 (No such device)
12-08 04:34:46.709 1210 1210 I wificond: tearDownApInterface: erasing wiphy_index for iface_name wlan1
12-08 04:34:46.709 1210 1210 I wificond: Band info for wiphy_index 0 retained
12-08 04:34:46.716 1518 2303 I netstats_mobile_sample: [0,0,0,0,0,0,0,0,0,0,0,0,1670445286716]
12-08 04:34:46.716 1518 2303 I netstats_wifi_sample: [0,0,0,0,0,0,0,0,0,0,0,0,1670445286716]
12-08 04:34:48.305 1518 2319 I GameModeConfig: isGameModeOn = false
12-08 04:34:48.498 1518 2319 I GameModeConfig: isGameModeOn = false
12-08 04:34:48.530 1518 1654 I am_uid_idle: 10089
12-08 04:34:52.654 5897 5897 I sysui_multi_action: [757,853,758,4,854,null/switch_bar,1089,1]
12-08 04:34:52.807 836 836 I auditd : type=1400 audit(0.0:677): avc: denied { sys_module } for comm="wifi@1.0-servic" capability=16 scontext=u:r:hal_wifi_default:s0 tcontext=u:r:hal_wifi_default:s0 tclass=capability permissive=0
12-08 04:34:52.807 836 836 I auditd : type=1400 audit(0.0:678): avc: denied { sys_module } for comm="wifi@1.0-servic" capability=16 scontext=u:r:hal_wifi_default:s0 tcontext=u:r:hal_wifi_default:s0 tclass=capability permissive=0
12-08 04:34:52.828 836 836 I android.hardware.wifi@1.0-service: Adding interface handle for wlan0
12-08 04:34:52.828 836 836 I android.hardware.wifi@1.0-service: Adding interface handle for wifi-aware0
12-08 04:34:52.828 836 836 I android.hardware.wifi@1.0-service: Adding interface handle for p2p0
12-08 04:34:52.828 836 836 I android.hardware.wifi@1.0-service: Adding interface handle for wlan1
12-08 04:34:52.843 1210 1210 I wificond: createApInterface: wiphy_index 0 iface_name wlan1
12-08 04:34:52.843 1210 1210 I wificond: Band info for wiphy_index 0 already available
12-08 04:34:52.853 1518 2303 I netstats_mobile_sample: [0,0,0,0,0,0,0,0,0,0,0,0,1670445292853]
12-08 04:34:52.853 1518 2303 I netstats_wifi_sample: [0,0,0,0,0,0,0,0,0,0,0,0,1670445292853]
12-08 04:34:52.858 836 836 D android.hardware.wifi@1.0-service: Successfully SetMacAddress.
12-08 04:34:52.945 1518 2303 I netstats_mobile_sample: [0,0,0,0,0,0,0,0,0,0,0,0,1670445292945]
12-08 04:34:52.945 1518 2303 I netstats_wifi_sample: [0,0,0,0,0,0,0,0,0,0,0,0,1670445292945]
12-08 04:34:52.950 1518 2304 I service_manager_stats: [100,53,66968]
12-08 04:34:53.775 1518 2002 I input_interaction: Interaction with: 545abb StatusBar (server), edge-swipe (server), swipe-up (server), PointerEventDispatcher0 (server),
12-08 04:34:53.781 2377 2377 I sysui_multi_action: [757,803,799,panel_open,802,1]
12-08 04:34:53.783 2377 2377 I sysui_multi_action: [757,1328,758,4,1326,62,1327,2,1329,0]
12-08 04:34:53.879 1518 1634 I sysui_multi_action: [757,127,758,1]
12-08 04:34:53.879 1518 1634 I sysui_multi_action: [757,804,799,note_load,801,3,802,1]
12-08 04:34:53.879 1518 1634 I notification_panel_revealed: 3
12-08 04:34:53.882 1518 2319 I GameModeConfig: isGameModeOn = false
12-08 04:34:53.882 1518 2319 I GameModeConfig: isGameModeOn = false
12-08 04:34:53.882 1518 2319 I GameModeConfig: isGameModeOn = false
12-08 04:34:53.883 1518 2319 I GameModeConfig: isGameModeOn = false
12-08 04:34:53.883 1518 2319 I GameModeConfig: isGameModeOn = false
12-08 04:34:53.884 2377 2377 I sysui_multi_action: [757,111,758,2]
12-08 04:34:53.885 2377 2377 I sysui_multi_action: [757,111,758,2]
12-08 04:34:53.885 1518 1518 I notification_enqueue: [10082,2377,com.android.systemui,2048,NULL,0,Notification(channel=updateNotification shortcut=null contentView=null vibrate=null sound=null defaults=0x0 flags=0x0 color=0x00000000 vis=PRIVATE),1]
12-08 04:34:53.900 1518 1646 I input_focus: [Focus request 89e55f9 NotificationShade,reason=UpdateInputWindows]
12-08 04:34:53.906 2377 2377 I sysui_multi_action: [757,111,758,1]
12-08 04:34:53.906 2377 2377 I sysui_multi_action: [757,126,758,1,759,126,927,0,928,1,1593,0]
12-08 04:34:53.906 2377 2377 I sysui_multi_action: [757,113,758,1,759,113,927,1,928,1,1593,0]
12-08 04:34:53.907 2377 2377 I sysui_multi_action: [757,0,758,1,759,0,927,2,928,0,1593,0]
12-08 04:34:53.907 2377 2377 I sysui_multi_action: [757,0,758,1,759,0,927,3,928,0,1593,0]
12-08 04:34:53.907 2377 2377 I sysui_multi_action: [757,491,758,1,759,491,927,4,928,0,1311,-1,1593,0]
12-08 04:34:53.907 2377 2377 I sysui_multi_action: [757,0,758,1,759,0,927,5,1593,0]
12-08 04:34:53.907 2377 2377 I sysui_multi_action: [757,111,758,1]
12-08 04:34:53.908 2377 2377 I sysui_multi_action: [757,126,758,1,759,126,927,0,928,1,1593,0]
12-08 04:34:53.908 2377 2377 I sysui_multi_action: [757,113,758,1,759,113,927,1,928,1,1593,0]
12-08 04:34:53.908 2377 2377 I sysui_multi_action: [757,0,758,1,759,0,927,2,928,0,1593,0]
12-08 04:34:53.908 2377 2377 I sysui_multi_action: [757,0,758,1,759,0,927,3,928,0,1593,0]
12-08 04:34:53.921 1518 2319 I GameModeConfig: isGameModeOn = false
12-08 04:34:53.921 1518 2002 I input_focus: [Focus leaving 49b46f5 com.android.settings/com.android.settings.Settings (server),reason=Waiting for window because NOT_VISIBLE]
12-08 04:34:53.922 1518 2319 I GameModeConfig: isGameModeOn = false
12-08 04:34:53.922 1518 2319 I GameModeConfig: isGameModeOn = false
12-08 04:34:53.922 1518 2319 I GameModeConfig: isGameModeOn = false
12-08 04:34:53.923 1518 2319 I GameModeConfig: isGameModeOn = false
12-08 04:34:53.924 2377 2377 I sysui_multi_action: [757,111,758,2]
12-08 04:34:53.924 1518 1518 I notification_enqueue: [10082,2377,com.android.systemui,2048,NULL,0,Notification(channel=updateNotification shortcut=null contentView=null vibrate=null sound=null defaults=0x0 flags=0x0 color=0x00000000 vis=PRIVATE),1]
12-08 04:34:53.924 2377 2377 I sysui_multi_action: [757,111,758,2]
12-08 04:34:53.929 2377 2377 I sysui_multi_action: [757,111,758,1]
12-08 04:34:53.929 2377 2377 I sysui_multi_action: [757,126,758,1,759,126,927,0,928,1,1593,0]
12-08 04:34:53.930 2377 2377 I sysui_multi_action: [757,113,758,1,759,113,927,1,928,1,1593,0]
12-08 04:34:53.930 2377 2377 I sysui_multi_action: [757,0,758,1,759,0,927,2,928,0,1593,0]
12-08 04:34:53.930 2377 2377 I sysui_multi_action: [757,0,758,1,759,0,927,3,928,0,1593,0]
12-08 04:34:53.930 2377 2377 I sysui_multi_action: [757,491,758,1,759,491,927,4,928,0,1311,-1,1593,0]
12-08 04:34:53.930 2377 2377 I sysui_multi_action: [757,0,758,1,759,0,927,5,1593,0]
12-08 04:34:53.930 2377 2377 I sysui_multi_action: [757,111,758,1]
12-08 04:34:53.931 2377 2377 I sysui_multi_action: [757,126,758,1,759,126,927,0,928,1,1593,0]
12-08 04:34:53.931 2377 2377 I sysui_multi_action: [757,113,758,1,759,113,927,1,928,1,1593,0]
12-08 04:34:53.931 2377 2377 I sysui_multi_action: [757,0,758,1,759,0,927,2,928,0,1593,0]
12-08 04:34:53.931 2377 2377 I sysui_multi_action: [757,0,758,1,759,0,927,3,928,0,1593,0]
12-08 04:34:53.938 1518 2002 I input_focus: [Focus entering 89e55f9 NotificationShade (server),reason=Window became focusable. Previous reason: NOT_VISIBLE]
12-08 04:34:54.087 1518 1518 I GameModeConfig: isGameModeOn = false
12-08 04:34:54.088 1518 1518 I sysui_multi_action: [757,1501,758,1,793,878985,794,0,795,206,796,2048,806,com.android.systemui,857,updateNotification,858,3,947,0,1500,0,1688,1]
12-08 04:34:54.088 1518 1518 I sysui_multi_action: [757,804,799,note_interruptive,801,0,802,1]
12-08 04:34:54.088 1518 1518 I sysui_multi_action: [757,199,758,1,759,2,793,878985,794,0,795,206,796,2048,806,com.android.systemui,857,updateNotification,858,3,947,0,1500,0,1688,1]
12-08 04:34:54.088 1518 1518 I notification_alert: [0|com.android.systemui|2048|null|10082,0,1,0]
12-08 04:34:54.090 1518 1518 W NotificationHistory: Attempted to add notif for locked/gone/disabled user 0
12-08 04:34:54.125 1518 1518 I GameModeConfig: isGameModeOn = false
12-08 04:34:54.125 1518 1518 E NotificationService: Muting recently noisy 0|com.android.systemui|2048|null|10082
12-08 04:34:54.424 1518 3573 I sysui_multi_action: [757,128,758,1,793,885823,794,0,795,885823,796,26,798,0,806,android,857,DEVELOPER_IMPORTANT,858,4,947,0,1395,3,1500,885616,1688,1]
12-08 04:34:54.424 1518 3573 I sysui_multi_action: [757,804,799,note_freshness,801,885823,802,1]
12-08 04:34:54.425 1518 3573 I notification_visibility: [-1|android|26|null|1000,1,885823,885823,0,0]
12-08 04:34:54.425 1518 3573 I sysui_multi_action: [757,128,758,1,793,206449,794,0,795,206449,796,4273,798,1,806,com.android.systemui,857,screen_record,858,3,947,0,1395,3,1500,206247,1688,1,1745,680407814]
12-08 04:34:54.425 1518 3573 I sysui_multi_action: [757,804,799,note_freshness,801,206449,802,1]
12-08 04:34:54.425 1518 3573 I notification_visibility: [0|com.android.systemui|4273|null|10082,1,206449,206449,0,1]
12-08 04:34:54.425 1518 3573 I sysui_multi_action: [757,128,758,1,793,1067532,794,0,795,1067532,796,32,798,2,806,android,857,USB,858,1,947,0,1395,3,1500,1067370,1688,1]
12-08 04:34:54.425 1518 3573 I sysui_multi_action: [757,804,799,note_freshness,801,1067532,802,1]
12-08 04:34:54.426 1518 3573 I notification_visibility: [-1|android|32|null|1000,1,1067532,1067532,0,2]
12-08 04:34:55.151 1518 2319 I GameModeConfig: isGameModeOn = false
12-08 04:34:55.177 1518 2319 I GameModeConfig: isGameModeOn = false
12-08 04:34:55.188 1518 2319 I GameModeConfig: isGameModeOn = false
12-08 04:34:55.208 1518 2319 I GameModeConfig: isGameModeOn = false
12-08 04:34:55.219 1518 2319 I GameModeConfig: isGameModeOn = false
12-08 04:34:55.233 1518 2319 I GameModeConfig: isGameModeOn = false
12-08 04:34:55.244 1518 2319 I GameModeConfig: isGameModeOn = false
12-08 04:34:55.250 1210 1210 I wificond: New channel on frequency: 2462 with bandwidth: 20MHz with HT
12-08 04:34:55.262 1518 2319 I GameModeConfig: isGameModeOn = false
12-08 04:34:55.283 1518 2319 I GameModeConfig: isGameModeOn = false
12-08 04:34:55.351 1518 2319 I GameModeConfig: isGameModeOn = false
12-08 04:34:55.379 1518 2319 I GameModeConfig: isGameModeOn = false
12-08 04:34:55.393 1518 2319 I GameModeConfig: isGameModeOn = false
12-08 04:34:55.410 1518 2319 I GameModeConfig: isGameModeOn = false
12-08 04:34:55.424 1518 2319 I GameModeConfig: isGameModeOn = false
12-08 04:34:55.434 1518 2319 I GameModeConfig: isGameModeOn = false
12-08 04:34:55.449 1518 2319 I GameModeConfig: isGameModeOn = false
12-08 04:34:55.463 1518 2319 I GameModeConfig: isGameModeOn = false
12-08 04:34:55.482 1518 2319 I GameModeConfig: isGameModeOn = false
12-08 04:34:58.392 1518 2002 I input_interaction: Interaction with: 89e55f9 NotificationShade (server), edge-swipe (server), swipe-up (server), PointerEventDispatcher0 (server),
12-08 04:34:58.971 1518 3573 I sysui_multi_action: [757,128,758,2,793,890370,794,4547,795,890370,796,26,798,0,806,android,857,DEVELOPER_IMPORTANT,858,4,947,0,1395,3,1500,890163,1688,1]
12-08 04:34:58.971 1518 3573 I notification_visibility: [-1|android|26|null|1000,0,890370,890370,0,0]
12-08 04:34:58.972 1518 3573 I sysui_multi_action: [757,128,758,2,793,210996,794,4547,795,210996,796,4273,798,1,806,com.android.systemui,857,screen_record,858,3,947,0,1395,3,1500,210794,1688,1,1745,680407814]
12-08 04:34:58.972 1518 3573 I notification_visibility: [0|com.android.systemui|4273|null|10082,0,210996,210996,0,1]
12-08 04:34:58.972 1518 3573 I sysui_multi_action: [757,128,758,2,793,1072079,794,4547,795,1072079,796,32,798,2,806,android,857,USB,858,1,947,0,1395,3,1500,1071917,1688,1]
12-08 04:34:58.972 1518 3573 I notification_visibility: [-1|android|32|null|1000,0,1072079,1072079,0,2]
12-08 04:35:01.000 1518 3573 I sysui_multi_action: [757,128,758,1,793,892399,794,0,795,892399,796,26,798,0,806,android,857,DEVELOPER_IMPORTANT,858,4,947,0,1395,3,1500,892192,1688,1]
12-08 04:35:01.001 1518 3573 I sysui_multi_action: [757,804,799,note_freshness,801,892399,802,1]
12-08 04:35:01.001 1518 3573 I notification_visibility: [-1|android|26|null|1000,1,892399,892399,0,0]
12-08 04:35:01.002 1518 3573 I sysui_multi_action: [757,128,758,1,793,213025,794,0,795,213025,796,4273,798,1,806,com.android.systemui,857,screen_record,858,3,947,0,1395,3,1500,212823,1688,1,1745,680407814]
12-08 04:35:01.002 1518 3573 I sysui_multi_action: [757,804,799,note_freshness,801,213025,802,1]
12-08 04:35:01.002 1518 3573 I notification_visibility: [0|com.android.systemui|4273|null|10082,1,213025,213025,0,1]
12-08 04:35:01.002 1518 3573 I sysui_multi_action: [757,128,758,1,793,1074109,794,0,795,1074109,796,32,798,2,806,android,857,USB,858,1,947,0,1395,3,1500,1073947,1688,1]
12-08 04:35:01.003 1518 3573 I sysui_multi_action: [757,804,799,note_freshness,801,1074109,802,1]
12-08 04:35:01.003 1518 3573 I notification_visibility: [-1|android|32|null|1000,1,1074109,1074109,0,2]
12-08 04:35:03.901 1518 2319 I GameModeConfig: isGameModeOn = false
12-08 04:35:03.921 1518 2319 I GameModeConfig: isGameModeOn = false
12-08 04:35:04.087 1518 2319 I GameModeConfig: isGameModeOn = false
12-08 04:35:04.127 1518 2319 I GameModeConfig: isGameModeOn = false
12-08 04:35:06.897 1518 2319 I GameModeConfig: isGameModeOn = false
12-08 04:35:06.897 1518 2319 I GameModeConfig: isGameModeOn = false
12-08 04:35:06.897 1518 2319 I GameModeConfig: isGameModeOn = false
12-08 04:35:06.897 1518 2319 I GameModeConfig: isGameModeOn = false
12-08 04:35:06.898 1518 2319 I GameModeConfig: isGameModeOn = false
12-08 04:35:06.899 2377 2377 I sysui_multi_action: [757,111,758,2]
12-08 04:35:06.899 1518 1518 I notification_enqueue: [10082,2377,com.android.systemui,2048,NULL,0,Notification(channel=updateNotification shortcut=null contentView=null vibrate=null sound=null defaults=0x0 flags=0x0 color=0x00000000 vis=PRIVATE),1]
12-08 04:35:06.899 2377 2377 I sysui_multi_action: [757,111,758,2]
12-08 04:35:06.906 2377 2377 I sysui_multi_action: [757,111,758,1]
12-08 04:35:06.906 2377 2377 I sysui_multi_action: [757,126,758,1,759,126,927,0,928,1,1593,1]
12-08 04:35:06.906 2377 2377 I sysui_multi_action: [757,113,758,1,759,113,927,1,928,1,1593,1]
12-08 04:35:06.906 2377 2377 I sysui_multi_action: [757,0,758,1,759,0,927,2,928,0,1593,1]
12-08 04:35:06.906 2377 2377 I sysui_multi_action: [757,0,758,1,759,0,927,3,928,0,1593,1]
12-08 04:35:06.907 2377 2377 I sysui_multi_action: [757,491,758,1,759,491,927,4,928,0,1311,-1,1593,0]
12-08 04:35:06.907 2377 2377 I sysui_multi_action: [757,0,758,1,759,0,927,5,1593,0]
12-08 04:35:06.907 2377 2377 I sysui_multi_action: [757,111,758,1]
12-08 04:35:06.907 2377 2377 I sysui_multi_action: [757,126,758,1,759,126,927,0,928,1,1593,1]
12-08 04:35:06.908 2377 2377 I sysui_multi_action: [757,113,758,1,759,113,927,1,928,1,1593,1]
12-08 04:35:06.908 2377 2377 I sysui_multi_action: [757,0,758,1,759,0,927,2,928,0,1593,1]
12-08 04:35:06.908 2377 2377 I sysui_multi_action: [757,0,758,1,759,0,927,3,928,0,1593,1]
12-08 04:35:06.931 1518 2319 I GameModeConfig: isGameModeOn = false
12-08 04:35:06.932 1518 2319 I GameModeConfig: isGameModeOn = false
12-08 04:35:06.932 1518 2319 I GameModeConfig: isGameModeOn = false
12-08 04:35:06.932 1518 2319 I GameModeConfig: isGameModeOn = false
12-08 04:35:06.932 1518 2319 I GameModeConfig: isGameModeOn = false
12-08 04:35:06.933 2377 2377 I sysui_multi_action: [757,111,758,2]
