12-08 04:36:45.204 2377 2377 I sysui_multi_action: [757,126,758,1,759,126,927,0,928,1,1593,1]
12-08 04:36:45.204 2377 2377 I sysui_multi_action: [757,113,758,1,759,113,927,1,928,1,1593,1]
12-08 04:36:45.204 2377 2377 I sysui_multi_action: [757,0,758,1,759,0,927,2,928,0,1593,1]
12-08 04:36:45.204 2377 2377 I sysui_multi_action: [757,0,758,1,759,0,927,3,928,0,1593,1]
12-08 04:36:45.204 2377 2377 I sysui_multi_action: [757,491,758,1,759,491,927,4,928,0,1311,-1,1593,0]
12-08 04:36:45.205 2377 2377 I sysui_multi_action: [757,0,758,1,759,0,927,5,928,0,1593,0]
12-08 04:36:45.205 2377 2377 I sysui_multi_action: [757,111,758,1]
12-08 04:36:45.205 2377 2377 I sysui_multi_action: [757,126,758,1,759,126,927,0,928,1,1593,1]
12-08 04:36:45.205 2377 2377 I sysui_multi_action: [757,113,758,1,759,113,927,1,928,1,1593,1]
12-08 04:36:45.205 2377 2377 I sysui_multi_action: [757,0,758,1,759,0,927,2,928,0,1593,1]
12-08 04:36:45.205 2377 2377 I sysui_multi_action: [757,0,758,1,759,0,927,3,928,0,1593,1]
12-08 04:36:45.216 1518 2319 I GameModeConfig: isGameModeOn = false
12-08 04:36:45.216 1518 2319 I GameModeConfig: isGameModeOn = false
12-08 04:36:45.216 1518 2319 I GameModeConfig: isGameModeOn = false
12-08 04:36:45.216 1518 2319 I GameModeConfig: isGameModeOn = false
12-08 04:36:45.217 1518 2319 I GameModeConfig: isGameModeOn = false
12-08 04:36:45.217 2377 2377 I sysui_multi_action: [757,111,758,2]
12-08 04:36:45.218 2377 2377 I sysui_multi_action: [757,111,758,2]
12-08 04:36:45.218 1518 1518 I notification_enqueue: [10082,2377,com.android.systemui,2048,NULL,0,Notification(channel=updateNotification shortcut=null contentView=null vibrate=null sound=null defaults=0x0 flags=0x0 color=0x00000000 vis=PRIVATE),1]
12-08 04:36:45.221 2377 2377 I sysui_multi_action: [757,111,758,1]
12-08 04:36:45.221 2377 2377 I sysui_multi_action: [757,126,758,1,759,126,927,0,928,1,1593,1]
12-08 04:36:45.221 2377 2377 I sysui_multi_action: [757,113,758,1,759,113,927,1,928,1,1593,1]
12-08 04:36:45.221 2377 2377 I sysui_multi_action: [757,0,758,1,759,0,927,2,928,0,1593,1]
12-08 04:36:45.221 2377 2377 I sysui_multi_action: [757,0,758,1,759,0,927,3,928,0,1593,1]
12-08 04:36:45.221 2377 2377 I sysui_multi_action: [757,491,758,1,759,491,927,4,928,0,1311,-1,1593,0]
12-08 04:36:45.221 2377 2377 I sysui_multi_action: [757,0,758,1,759,0,927,5,928,0,1593,0]
12-08 04:36:45.222 2377 2377 I sysui_multi_action: [757,111,758,1]
12-08 04:36:45.222 2377 2377 I sysui_multi_action: [757,126,758,1,759,126,927,0,928,1,1593,1]
12-08 04:36:45.222 2377 2377 I sysui_multi_action: [757,113,758,1,759,113,927,1,928,1,1593,1]
12-08 04:36:45.222 2377 2377 I sysui_multi_action: [757,0,758,1,759,0,927,2,928,0,1593,1]
12-08 04:36:45.222 2377 2377 I sysui_multi_action: [757,0,758,1,759,0,927,3,928,0,1593,1]
12-08 04:36:45.232 1518 2319 I GameModeConfig: isGameModeOn = false
12-08 04:36:45.233 1518 2319 I GameModeConfig: isGameModeOn = false
12-08 04:36:45.233 1518 2319 I GameModeConfig: isGameModeOn = false
12-08 04:36:45.233 1518 2319 I GameModeConfig: isGameModeOn = false
12-08 04:36:45.233 1518 2319 I GameModeConfig: isGameModeOn = false
12-08 04:36:45.234 2377 2377 I sysui_multi_action: [757,111,758,2]
12-08 04:36:45.234 1518 1518 I notification_enqueue: [10082,2377,com.android.systemui,2048,NULL,0,Notification(channel=updateNotification shortcut=null contentView=null vibrate=null sound=null defaults=0x0 flags=0x0 color=0x00000000 vis=PRIVATE),1]
12-08 04:36:45.234 2377 2377 I sysui_multi_action: [757,111,758,2]
12-08 04:36:45.237 2377 2377 I sysui_multi_action: [757,111,758,1]
12-08 04:36:45.237 2377 2377 I sysui_multi_action: [757,126,758,1,759,126,927,0,928,1,1593,1]
12-08 04:36:45.237 2377 2377 I sysui_multi_action: [757,113,758,1,759,113,927,1,928,1,1593,1]
12-08 04:36:45.237 2377 2377 I sysui_multi_action: [757,0,758,1,759,0,927,2,928,0,1593,1]
12-08 04:36:45.237 2377 2377 I sysui_multi_action: [757,0,758,1,759,0,927,3,928,0,1593,1]
12-08 04:36:45.238 2377 2377 I sysui_multi_action: [757,491,758,1,759,491,927,4,928,0,1311,-1,1593,0]
12-08 04:36:45.238 2377 2377 I sysui_multi_action: [757,0,758,1,759,0,927,5,928,0,1593,0]
12-08 04:36:45.238 2377 2377 I sysui_multi_action: [757,111,758,1]
12-08 04:36:45.238 2377 2377 I sysui_multi_action: [757,126,758,1,759,126,927,0,928,1,1593,1]
12-08 04:36:45.238 2377 2377 I sysui_multi_action: [757,113,758,1,759,113,927,1,928,1,1593,1]
12-08 04:36:45.238 2377 2377 I sysui_multi_action: [757,0,758,1,759,0,927,2,928,0,1593,1]
12-08 04:36:45.238 2377 2377 I sysui_multi_action: [757,0,758,1,759,0,927,3,928,0,1593,1]
12-08 04:36:45.249 1518 2319 I GameModeConfig: isGameModeOn = false
12-08 04:36:45.250 2377 2377 I sysui_multi_action: [757,111,758,2]
12-08 04:36:45.250 2377 2377 I sysui_multi_action: [757,111,758,2]
12-08 04:36:45.250 1518 2319 I GameModeConfig: isGameModeOn = false
12-08 04:36:45.251 1518 2319 I GameModeConfig: isGameModeOn = false
12-08 04:36:45.251 1518 2319 I GameModeConfig: isGameModeOn = false
12-08 04:36:45.251 1518 2319 I GameModeConfig: isGameModeOn = false
12-08 04:36:45.251 1518 1518 I notification_enqueue: [10082,2377,com.android.systemui,2048,NULL,0,Notification(channel=updateNotification shortcut=null contentView=null vibrate=null sound=null defaults=0x0 flags=0x0 color=0x00000000 vis=PRIVATE),1]
12-08 04:36:45.252 1518 1518 I GameModeConfig: isGameModeOn = false
12-08 04:36:45.253 2377 2377 I sysui_multi_action: [757,111,758,1]
12-08 04:36:45.253 2377 2377 I sysui_multi_action: [757,126,758,1,759,126,927,0,928,1,1593,1]
12-08 04:36:45.253 2377 2377 I sysui_multi_action: [757,113,758,1,759,113,927,1,928,1,1593,1]
12-08 04:36:45.253 2377 2377 I sysui_multi_action: [757,0,758,1,759,0,927,2,928,0,1593,1]
12-08 04:36:45.253 2377 2377 I sysui_multi_action: [757,0,758,1,759,0,927,3,928,0,1593,1]
12-08 04:36:45.253 2377 2377 I sysui_multi_action: [757,491,758,1,759,491,927,4,928,0,1311,-1,1593,0]
12-08 04:36:45.253 2377 2377 I sysui_multi_action: [757,0,758,1,759,0,927,5,928,0,1593,0]
12-08 04:36:45.253 2377 2377 I sysui_multi_action: [757,111,758,1]
12-08 04:36:45.253 2377 2377 I sysui_multi_action: [757,126,758,1,759,126,927,0,928,1,1593,1]
12-08 04:36:45.253 2377 2377 I sysui_multi_action: [757,113,758,1,759,113,927,1,928,1,1593,1]
12-08 04:36:45.253 2377 2377 I sysui_multi_action: [757,0,758,1,759,0,927,2,928,0,1593,1]
12-08 04:36:45.253 2377 2377 I sysui_multi_action: [757,0,758,1,759,0,927,3,928,0,1593,1]
12-08 04:36:45.255 1518 1518 I sysui_multi_action: [757,1501,758,1,793,990150,794,0,795,204,796,2048,806,com.android.systemui,857,updateNotification,858,3,947,0,1500,0,1688,1]
12-08 04:36:45.255 1518 1518 I sysui_multi_action: [757,804,799,note_interruptive,801,0,802,1]
12-08 04:36:45.255 1518 1518 I sysui_multi_action: [757,199,758,1,759,2,793,990152,794,0,795,206,796,2048,806,com.android.systemui,857,updateNotification,858,3,947,0,1500,2,1688,1]
12-08 04:36:45.255 1518 1518 I notification_alert: [0|com.android.systemui|2048|null|10082,0,1,0]
12-08 04:36:45.256 1518 1518 W NotificationHistory: Attempted to add notif for locked/gone/disabled user 0
12-08 04:36:45.266 1518 2319 I GameModeConfig: isGameModeOn = false
12-08 04:36:45.266 1518 2319 I GameModeConfig: isGameModeOn = false
12-08 04:36:45.266 1518 2319 I GameModeConfig: isGameModeOn = false
12-08 04:36:45.266 1518 2319 I GameModeConfig: isGameModeOn = false
12-08 04:36:45.266 1518 2319 I GameModeConfig: isGameModeOn = false
12-08 04:36:45.267 2377 2377 I sysui_multi_action: [757,111,758,2]
12-08 04:36:45.267 1518 1518 I notification_enqueue: [10082,2377,com.android.systemui,2048,NULL,0,Notification(channel=updateNotification shortcut=null contentView=null vibrate=null sound=null defaults=0x0 flags=0x0 color=0x00000000 vis=PRIVATE),1]
12-08 04:36:45.267 2377 2377 I sysui_multi_action: [757,111,758,2]
12-08 04:36:45.270 2377 2377 I sysui_multi_action: [757,111,758,1]
12-08 04:36:45.270 2377 2377 I sysui_multi_action: [757,126,758,1,759,126,927,0,928,1,1593,1]
12-08 04:36:45.270 2377 2377 I sysui_multi_action: [757,113,758,1,759,113,927,1,928,1,1593,1]
12-08 04:36:45.270 2377 2377 I sysui_multi_action: [757,0,758,1,759,0,927,2,928,0,1593,1]
12-08 04:36:45.270 2377 2377 I sysui_multi_action: [757,0,758,1,759,0,927,3,928,0,1593,1]
12-08 04:36:45.270 2377 2377 I sysui_multi_action: [757,491,758,1,759,491,927,4,928,0,1311,-1,1593,0]
12-08 04:36:45.271 2377 2377 I sysui_multi_action: [757,0,758,1,759,0,927,5,928,0,1593,0]
12-08 04:36:45.271 2377 2377 I sysui_multi_action: [757,111,758,1]
12-08 04:36:45.271 2377 2377 I sysui_multi_action: [757,126,758,1,759,126,927,0,928,1,1593,1]
12-08 04:36:45.271 2377 2377 I sysui_multi_action: [757,113,758,1,759,113,927,1,928,1,1593,1]
12-08 04:36:45.271 2377 2377 I sysui_multi_action: [757,0,758,1,759,0,927,2,928,0,1593,1]
12-08 04:36:45.271 2377 2377 I sysui_multi_action: [757,0,758,1,759,0,927,3,928,0,1593,1]
12-08 04:36:45.273 1518 1518 I GameModeConfig: isGameModeOn = false
12-08 04:36:45.274 1518 1518 E NotificationService: Muting recently noisy 0|com.android.systemui|2048|null|10082
12-08 04:36:45.282 1518 2319 I GameModeConfig: isGameModeOn = false
12-08 04:36:45.283 1518 2319 I GameModeConfig: isGameModeOn = false
12-08 04:36:45.283 1518 2319 I GameModeConfig: isGameModeOn = false
12-08 04:36:45.283 1518 2319 I GameModeConfig: isGameModeOn = false
12-08 04:36:45.283 1518 2319 I GameModeConfig: isGameModeOn = false
12-08 04:36:45.284 2377 2377 I sysui_multi_action: [757,111,758,2]
12-08 04:36:45.284 1518 1518 I notification_enqueue: [10082,2377,com.android.systemui,2048,NULL,0,Notification(channel=updateNotification shortcut=null contentView=null vibrate=null sound=null defaults=0x0 flags=0x0 color=0x00000000 vis=PRIVATE),1]
12-08 04:36:45.284 2377 2377 I sysui_multi_action: [757,111,758,2]
12-08 04:36:45.287 2377 2377 I sysui_multi_action: [757,111,758,1]
12-08 04:36:45.287 2377 2377 I sysui_multi_action: [757,126,758,1,759,126,927,0,928,1,1593,1]
12-08 04:36:45.287 2377 2377 I sysui_multi_action: [757,113,758,1,759,113,927,1,928,1,1593,1]
12-08 04:36:45.287 2377 2377 I sysui_multi_action: [757,0,758,1,759,0,927,2,928,0,1593,1]
12-08 04:36:45.287 2377 2377 I sysui_multi_action: [757,0,758,1,759,0,927,3,928,0,1593,1]
12-08 04:36:45.288 2377 2377 I sysui_multi_action: [757,491,758,1,759,491,927,4,928,0,1311,-1,1593,0]
12-08 04:36:45.288 2377 2377 I sysui_multi_action: [757,0,758,1,759,0,927,5,928,0,1593,0]
12-08 04:36:45.288 2377 2377 I sysui_multi_action: [757,111,758,1]
12-08 04:36:45.288 2377 2377 I sysui_multi_action: [757,126,758,1,759,126,927,0,928,1,1593,1]
12-08 04:36:45.288 2377 2377 I sysui_multi_action: [757,113,758,1,759,113,927,1,928,1,1593,1]
12-08 04:36:45.288 2377 2377 I sysui_multi_action: [757,0,758,1,759,0,927,2,928,0,1593,1]
12-08 04:36:45.288 2377 2377 I sysui_multi_action: [757,0,758,1,759,0,927,3,928,0,1593,1]
12-08 04:36:45.293 1518 1518 I GameModeConfig: isGameModeOn = false
12-08 04:36:45.293 1518 1518 E NotificationService: Muting recently noisy 0|com.android.systemui|2048|null|10082
12-08 04:36:45.299 1518 2319 I GameModeConfig: isGameModeOn = false
12-08 04:36:45.299 1518 2319 I GameModeConfig: isGameModeOn = false
12-08 04:36:45.299 1518 2319 I GameModeConfig: isGameModeOn = false
12-08 04:36:45.299 1518 2319 I GameModeConfig: isGameModeOn = false
12-08 04:36:45.300 1518 2319 I GameModeConfig: isGameModeOn = false
12-08 04:36:45.300 2377 2377 I sysui_multi_action: [757,111,758,2]
12-08 04:36:45.301 2377 2377 I sysui_multi_action: [757,111,758,2]
12-08 04:36:45.301 1518 1518 I notification_enqueue: [10082,2377,com.android.systemui,2048,NULL,0,Notification(channel=updateNotification shortcut=null contentView=null vibrate=null sound=null defaults=0x0 flags=0x0 color=0x00000000 vis=PRIVATE),1]
12-08 04:36:45.306 1518 1518 I GameModeConfig: isGameModeOn = false
12-08 04:36:45.306 1518 1518 E NotificationService: Muting recently noisy 0|com.android.systemui|2048|null|10082
12-08 04:36:45.309 1518 1646 I input_focus: [Focus request 87852de com.android.launcher3/com.android.launcher3.uioverrides.QuickstepLauncher,reason=UpdateInputWindows]
12-08 04:36:45.310 2377 2377 I sysui_multi_action: [757,111,758,1]
12-08 04:36:45.311 2377 2377 I sysui_multi_action: [757,126,758,1,759,126,927,0,928,1,1593,1]
12-08 04:36:45.311 2377 2377 I sysui_multi_action: [757,113,758,1,759,113,927,1,928,1,1593,1]
12-08 04:36:45.311 2377 2377 I sysui_multi_action: [757,0,758,1,759,0,927,2,928,0,1593,1]
12-08 04:36:45.311 2377 2377 I sysui_multi_action: [757,0,758,1,759,0,927,3,928,0,1593,1]
12-08 04:36:45.311 2377 2377 I sysui_multi_action: [757,491,758,1,759,491,927,4,928,0,1311,-1,1593,0]
12-08 04:36:45.311 2377 2377 I sysui_multi_action: [757,0,758,1,759,0,927,5,928,0,1593,0]
12-08 04:36:45.311 2377 2377 I sysui_multi_action: [757,111,758,1]
12-08 04:36:45.311 2377 2377 I sysui_multi_action: [757,126,758,1,759,126,927,0,928,1,1593,1]
12-08 04:36:45.311 2377 2377 I sysui_multi_action: [757,113,758,1,759,113,927,1,928,1,1593,1]
12-08 04:36:45.311 2377 2377 I sysui_multi_action: [757,0,758,1,759,0,927,2,928,0,1593,1]
12-08 04:36:45.311 2377 2377 I sysui_multi_action: [757,0,758,1,759,0,927,3,928,0,1593,1]
12-08 04:36:45.318 1518 1518 I GameModeConfig: isGameModeOn = false
12-08 04:36:45.318 1518 1518 E NotificationService: Muting recently noisy 0|com.android.systemui|2048|null|10082
12-08 04:36:45.319 1518 2319 I GameModeConfig: isGameModeOn = false
12-08 04:36:45.319 1518 2319 I GameModeConfig: isGameModeOn = false
12-08 04:36:45.319 1518 2319 I GameModeConfig: isGameModeOn = false
12-08 04:36:45.319 1518 2319 I GameModeConfig: isGameModeOn = false
12-08 04:36:45.320 1518 2319 I GameModeConfig: isGameModeOn = false
12-08 04:36:45.320 2377 2377 I sysui_multi_action: [757,111,758,2]
12-08 04:36:45.320 2377 2377 I sysui_multi_action: [757,111,758,2]
12-08 04:36:45.322 1518 6026 I sysui_multi_action: [757,127,758,2]
12-08 04:36:45.322 1518 6026 I notification_panel_hidden:
12-08 04:36:45.329 1518 1518 I notification_enqueue: [10082,2377,com.android.systemui,2048,NULL,0,Notification(channel=updateNotification shortcut=null contentView=null vibrate=null sound=null defaults=0x0 flags=0x0 color=0x00000000 vis=PRIVATE),1]
12-08 04:36:45.333 2377 2377 I sysui_multi_action: [757,111,758,1]
12-08 04:36:45.334 2377 2377 I sysui_multi_action: [757,126,758,1,759,126,927,0,928,1,1593,1]
12-08 04:36:45.334 2377 2377 I sysui_multi_action: [757,113,758,1,759,113,927,1,928,1,1593,1]
12-08 04:36:45.334 2377 2377 I sysui_multi_action: [757,0,758,1,759,0,927,2,928,0,1593,1]
12-08 04:36:45.334 2377 2377 I sysui_multi_action: [757,0,758,1,759,0,927,3,928,0,1593,1]
12-08 04:36:45.334 2377 2377 I sysui_multi_action: [757,491,758,1,759,491,927,4,928,0,1311,-1,1593,0]
12-08 04:36:45.334 2377 2377 I sysui_multi_action: [757,0,758,1,759,0,927,5,928,0,1593,0]
12-08 04:36:45.334 2377 2377 I sysui_multi_action: [757,111,758,1]
12-08 04:36:45.334 2377 2377 I sysui_multi_action: [757,126,758,1,759,126,927,0,928,1,1593,1]
12-08 04:36:45.334 2377 2377 I sysui_multi_action: [757,113,758,1,759,113,927,1,928,1,1593,1]
12-08 04:36:45.334 2377 2377 I sysui_multi_action: [757,0,758,1,759,0,927,2,928,0,1593,1]
12-08 04:36:45.334 2377 2377 I sysui_multi_action: [757,0,758,1,759,0,927,3,928,0,1593,1]
12-08 04:36:45.337 1518 1518 I GameModeConfig: isGameModeOn = false
12-08 04:36:45.337 1518 1518 E NotificationService: Muting recently noisy 0|com.android.systemui|2048|null|10082
12-08 04:36:45.339 1518 2002 I input_focus: [Focus leaving 89e55f9 NotificationShade (server),reason=NO_WINDOW]
12-08 04:36:45.339 1518 2002 I input_focus: [Focus entering 87852de com.android.launcher3/com.android.launcher3.uioverrides.QuickstepLauncher (server),reason=setFocusedWindow]
12-08 04:36:45.352 1518 1518 I GameModeConfig: isGameModeOn = false
12-08 04:36:45.352 1518 1518 E NotificationService: Muting recently noisy 0|com.android.systemui|2048|null|10082
12-08 04:36:45.369 1518 1518 I GameModeConfig: isGameModeOn = false
12-08 04:36:45.369 1518 1518 E NotificationService: Muting recently noisy 0|com.android.systemui|2048|null|10082
12-08 04:36:45.386 1518 1518 I GameModeConfig: isGameModeOn = false
12-08 04:36:45.386 1518 1518 E NotificationService: Muting recently noisy 0|com.android.systemui|2048|null|10082
12-08 04:36:45.403 1518 1518 I GameModeConfig: isGameModeOn = false
12-08 04:36:45.404 1518 1518 E NotificationService: Muting recently noisy 0|com.android.systemui|2048|null|10082
12-08 04:36:45.420 1518 1518 I GameModeConfig: isGameModeOn = false
12-08 04:36:45.421 1518 1518 E NotificationService: Muting recently noisy 0|com.android.systemui|2048|null|10082
12-08 04:36:45.436 1518 1518 I GameModeConfig: isGameModeOn = false
12-08 04:36:45.437 1518 1518 E NotificationService: Muting recently noisy 0|com.android.systemui|2048|null|10082
12-08 04:36:45.453 1518 1518 I GameModeConfig: isGameModeOn = false
12-08 04:36:45.454 1518 1518 E NotificationService: Muting recently noisy 0|com.android.systemui|2048|null|10082
12-08 04:36:45.469 1518 1518 I GameModeConfig: isGameModeOn = false
12-08 04:36:45.469 1518 1518 E NotificationService: Muting recently noisy 0|com.android.systemui|2048|null|10082
12-08 04:36:45.485 1518 1518 I GameModeConfig: isGameModeOn = false
12-08 04:36:45.486 1518 1518 E NotificationService: Muting recently noisy 0|com.android.systemui|2048|null|10082
12-08 04:36:45.502 1518 1518 I GameModeConfig: isGameModeOn = false
12-08 04:36:45.502 1518 1518 E NotificationService: Muting recently noisy 0|com.android.systemui|2048|null|10082
12-08 04:36:45.531 1518 1518 I GameModeConfig: isGameModeOn = false
12-08 04:36:45.532 1518 1518 E NotificationService: Muting recently noisy 0|com.android.systemui|2048|null|10082
12-08 04:36:45.581 1518 2376 D CompatibilityChangeReporter: Compat change id reported: 135634846; UID 10082; state: DISABLED
12-08 04:36:45.581 1518 2376 D CompatibilityChangeReporter: Compat change id reported: 177438394; UID 10082; state: DISABLED
12-08 04:36:45.581 1518 2376 D CompatibilityChangeReporter: Compat change id reported: 135772972; UID 10082; state: DISABLED
12-08 04:36:45.581 1518 2376 D CompatibilityChangeReporter: Compat change id reported: 135754954; UID 10082; state: ENABLED
12-08 04:36:45.581 1518 1655 D CompatibilityChangeReporter: Compat change id reported: 143937733; UID 10082; state: ENABLED
12-08 04:36:45.582 2377 2467 I sysui_multi_action: [757,1282,758,4]
12-08 04:36:45.591 1518 1655 I am_proc_start: [0,6644,10082,com.android.systemui:screenshot,service,{com.android.systemui/com.android.systemui.screenshot.TakeScreenshotService}]
12-08 04:36:45.591 1518 1655 I ActivityManager: Start proc 6644:com.android.systemui:screenshot/u0a82 for service {com.android.systemui/com.android.systemui.screenshot.TakeScreenshotService}
12-08 04:36:45.625 1518 2376 I am_proc_bound: [0,6644,com.android.systemui:screenshot]
12-08 04:36:45.746 1518 2376 D CompatibilityChangeReporter: Compat change id reported: 149924527; UID 10082; state: ENABLED
12-08 04:36:45.747 1518 1635 D CompatibilityChangeReporter: Compat change id reported: 132649864; UID 10082; state: DISABLED
12-08 04:36:45.749 1518 2376 D CompatibilityChangeReporter: Compat change id reported: 182734110; UID 10082; state: ENABLED
12-08 04:36:45.752 1518 6026 D CompatibilityChangeReporter: Compat change id reported: 172100307; UID 10082; state: ENABLED
12-08 04:36:45.858 1518 1646 I input_focus: [Focus request 68496b ScreenshotAnimation,reason=UpdateInputWindows]
12-08 04:36:45.889 1518 2002 I input_focus: [Focus leaving 87852de com.android.launcher3/com.android.launcher3.uioverrides.QuickstepLauncher (server),reason=Waiting for window because NOT_VISIBLE]
12-08 04:36:45.906 1518 2002 I input_focus: [Focus entering 68496b ScreenshotAnimation (server),reason=Window became focusable. Previous reason: NOT_VISIBLE]
12-08 04:36:46.914 1518 2002 I input_interaction: Interaction with: 545abb StatusBar (server), edge-swipe (server), swipe-up (server), Screenshot (server), PointerEventDispatcher0 (server),
12-08 04:36:46.919 2377 2377 I sysui_multi_action: [757,803,799,panel_open,802,1]
12-08 04:36:46.921 2377 2377 I sysui_multi_action: [757,1328,758,4,1326,72,1327,5,1329,0]
12-08 04:36:46.942 1518 1646 I input_focus: [Focus request 87852de com.android.launcher3/com.android.launcher3.uioverrides.QuickstepLauncher,reason=UpdateInputWindows]
12-08 04:36:46.960 1518 2002 I input_focus: [Focus leaving 68496b ScreenshotAnimation (server),reason=NOT_FOCUSABLE]
12-08 04:36:46.960 1518 2002 I input_focus: [Focus entering 87852de com.android.launcher3/com.android.launcher3.uioverrides.QuickstepLauncher (server),reason=setFocusedWindow]
12-08 04:36:46.970 1518 5934 D CompatibilityChangeReporter: Compat change id reported: 180326732; UID 10082; state: ENABLED
12-08 04:36:46.994 1518 1635 I sysui_multi_action: [757,127,758,1]
12-08 04:36:46.994 1518 1635 I sysui_multi_action: [757,804,799,note_load,801,3,802,1]
12-08 04:36:46.994 1518 1635 I notification_panel_revealed: 3
12-08 04:36:46.996 1518 2319 I GameModeConfig: isGameModeOn = false
12-08 04:36:46.996 1518 2319 I GameModeConfig: isGameModeOn = false
12-08 04:36:46.996 1518 2319 I GameModeConfig: isGameModeOn = false
12-08 04:36:46.996 1518 2319 I GameModeConfig: isGameModeOn = false
12-08 04:36:46.996 1518 2319 I GameModeConfig: isGameModeOn = false
12-08 04:36:46.997 2377 2377 I sysui_multi_action: [757,111,758,2]
12-08 04:36:46.997 2377 2377 I sysui_multi_action: [757,111,758,2]
12-08 04:36:46.998 1518 1518 I notification_enqueue: [10082,2377,com.android.systemui,2048,NULL,0,Notification(channel=updateNotification shortcut=null contentView=null vibrate=null sound=null defaults=0x0 flags=0x0 color=0x00000000 vis=PRIVATE),1]
12-08 04:36:47.009 1518 1646 I input_focus: [Focus request 89e55f9 NotificationShade,reason=UpdateInputWindows]
12-08 04:36:47.013 2377 2377 I sysui_multi_action: [757,111,758,1]
12-08 04:36:47.013 2377 2377 I sysui_multi_action: [757,126,758,1,759,126,927,0,928,1,1593,0]
12-08 04:36:47.013 2377 2377 I sysui_multi_action: [757,113,758,1,759,113,927,1,928,1,1593,0]
12-08 04:36:47.013 2377 2377 I sysui_multi_action: [757,0,758,1,759,0,927,2,928,0,1593,0]
12-08 04:36:47.013 2377 2377 I sysui_multi_action: [757,0,758,1,759,0,927,3,928,0,1593,0]
12-08 04:36:47.013 2377 2377 I sysui_multi_action: [757,491,758,1,759,491,927,4,928,0,1311,-1,1593,0]
12-08 04:36:47.013 2377 2377 I sysui_multi_action: [757,0,758,1,759,0,927,5,928,0,1593,0]
12-08 04:36:47.013 2377 2377 I sysui_multi_action: [757,111,758,1]
12-08 04:36:47.014 2377 2377 I sysui_multi_action: [757,126,758,1,759,126,927,0,928,1,1593,0]
12-08 04:36:47.014 2377 2377 I sysui_multi_action: [757,113,758,1,759,113,927,1,928,1,1593,0]
12-08 04:36:47.014 2377 2377 I sysui_multi_action: [757,0,758,1,759,0,927,2,928,0,1593,0]
12-08 04:36:47.014 2377 2377 I sysui_multi_action: [757,0,758,1,759,0,927,3,928,0,1593,0]
12-08 04:36:47.021 1518 2319 I GameModeConfig: isGameModeOn = false
12-08 04:36:47.021 1518 2319 I GameModeConfig: isGameModeOn = false
12-08 04:36:47.021 1518 2319 I GameModeConfig: isGameModeOn = false
12-08 04:36:47.021 1518 2319 I GameModeConfig: isGameModeOn = false
12-08 04:36:47.021 1518 2319 I GameModeConfig: isGameModeOn = false
12-08 04:36:47.022 1518 1518 I notification_enqueue: [10082,2377,com.android.systemui,2048,NULL,0,Notification(channel=updateNotification shortcut=null contentView=null vibrate=null sound=null defaults=0x0 flags=0x0 color=0x00000000 vis=PRIVATE),1]
12-08 04:36:47.023 2377 2377 I sysui_multi_action: [757,111,758,2]
12-08 04:36:47.024 2377 2377 I sysui_multi_action: [757,111,758,2]
12-08 04:36:47.026 1518 2002 I input_focus: [Focus leaving 87852de com.android.launcher3/com.android.launcher3.uioverrides.QuickstepLauncher (server),reason=setFocusedWindow]
12-08 04:36:47.026 1518 2002 I input_focus: [Focus entering 89e55f9 NotificationShade (server),reason=setFocusedWindow]
12-08 04:36:47.026 2377 2377 I sysui_multi_action: [757,111,758,1]
12-08 04:36:47.027 2377 2377 I sysui_multi_action: [757,126,758,1,759,126,927,0,928,1,1593,0]
12-08 04:36:47.027 2377 2377 I sysui_multi_action: [757,113,758,1,759,113,927,1,928,1,1593,0]
12-08 04:36:47.027 2377 2377 I sysui_multi_action: [757,0,758,1,759,0,927,2,928,0,1593,0]
12-08 04:36:47.027 2377 2377 I sysui_multi_action: [757,0,758,1,759,0,927,3,928,0,1593,0]
12-08 04:36:47.027 2377 2377 I sysui_multi_action: [757,491,758,1,759,491,927,4,928,0,1311,-1,1593,0]
12-08 04:36:47.027 2377 2377 I sysui_multi_action: [757,0,758,1,759,0,927,5,928,0,1593,0]
12-08 04:36:47.027 2377 2377 I sysui_multi_action: [757,111,758,1]
12-08 04:36:47.027 2377 2377 I sysui_multi_action: [757,126,758,1,759,126,927,0,928,1,1593,0]
12-08 04:36:47.027 2377 2377 I sysui_multi_action: [757,113,758,1,759,113,927,1,928,1,1593,0]
12-08 04:36:47.028 2377 2377 I sysui_multi_action: [757,0,758,1,759,0,927,2,928,0,1593,0]
12-08 04:36:47.028 2377 2377 I sysui_multi_action: [757,0,758,1,759,0,927,3,928,0,1593,0]
12-08 04:36:47.040 2377 2377 I sysui_multi_action: [757,111,758,2]
12-08 04:36:47.040 2377 2377 I sysui_multi_action: [757,111,758,2]
12-08 04:36:47.040 1518 1518 I notification_enqueue: [10082,2377,com.android.systemui,2048,NULL,0,Notification(channel=updateNotification shortcut=null contentView=null vibrate=null sound=null defaults=0x0 flags=0x0 color=0x00000000 vis=PRIVATE),1]
12-08 04:36:47.042 1518 2319 I GameModeConfig: isGameModeOn = false
12-08 04:36:47.042 1518 2319 I GameModeConfig: isGameModeOn = false
12-08 04:36:47.042 1518 2319 I GameModeConfig: isGameModeOn = false
12-08 04:36:47.042 1518 2319 I GameModeConfig: isGameModeOn = false
12-08 04:36:47.042 1518 2319 I GameModeConfig: isGameModeOn = false
12-08 04:36:47.044 2377 2377 I sysui_multi_action: [757,111,758,1]
12-08 04:36:47.044 2377 2377 I sysui_multi_action: [757,126,758,1,759,126,927,0,928,1,1593,0]
12-08 04:36:47.044 2377 2377 I sysui_multi_action: [757,113,758,1,759,113,927,1,928,1,1593,0]
12-08 04:36:47.044 2377 2377 I sysui_multi_action: [757,0,758,1,759,0,927,2,928,0,1593,0]
12-08 04:36:47.044 2377 2377 I sysui_multi_action: [757,0,758,1,759,0,927,3,928,0,1593,0]
12-08 04:36:47.045 2377 2377 I sysui_multi_action: [757,491,758,1,759,491,927,4,928,0,1311,-1,1593,0]
12-08 04:36:47.045 2377 2377 I sysui_multi_action: [757,0,758,1,759,0,927,5,928,0,1593,0]
12-08 04:36:47.045 2377 2377 I sysui_multi_action: [757,111,758,1]
12-08 04:36:47.045 2377 2377 I sysui_multi_action: [757,126,758,1,759,126,927,0,928,1,1593,0]
12-08 04:36:47.045 2377 2377 I sysui_multi_action: [757,113,758,1,759,113,927,1,928,1,1593,0]
12-08 04:36:47.045 2377 2377 I sysui_multi_action: [757,0,758,1,759,0,927,2,928,0,1593,0]
12-08 04:36:47.045 2377 2377 I sysui_multi_action: [757,0,758,1,759,0,927,3,928,0,1593,0]
12-08 04:36:47.202 1518 1518 I GameModeConfig: isGameModeOn = false
12-08 04:36:47.204 1518 1518 I sysui_multi_action: [757,1501,758,1,793,992100,794,0,795,207,796,2048,806,com.android.systemui,857,updateNotification,858,3,947,0,1500,0,1688,1]
12-08 04:36:47.205 1518 1518 I sysui_multi_action: [757,804,799,note_interruptive,801,0,802,1]
12-08 04:36:47.205 1518 1518 I sysui_multi_action: [757,199,758,1,759,2,793,992102,794,0,795,209,796,2048,806,com.android.systemui,857,updateNotification,858,3,947,0,1500,2,1688,1]
12-08 04:36:47.206 1518 1518 I notification_alert: [0|com.android.systemui|2048|null|10082,0,1,0]
12-08 04:36:47.208 1518 1518 W NotificationHistory: Attempted to add notif for locked/gone/disabled user 0
12-08 04:36:47.225 1518 1518 I GameModeConfig: isGameModeOn = false
12-08 04:36:47.226 1518 1518 E NotificationService: Muting recently noisy 0|com.android.systemui|2048|null|10082
12-08 04:36:47.244 1518 1518 I GameModeConfig: isGameModeOn = false
12-08 04:36:47.244 1518 1518 E NotificationService: Muting recently noisy 0|com.android.systemui|2048|null|10082
12-08 04:36:47.527 1518 1635 I sysui_multi_action: [757,128,758,1,793,998926,794,0,795,998926,796,26,798,0,806,android,857,DEVELOPER_IMPORTANT,858,4,947,0,1395,3,1500,998719,1688,1]
12-08 04:36:47.528 1518 1635 I sysui_multi_action: [757,804,799,note_freshness,801,998926,802,1]
12-08 04:36:47.528 1518 1635 I notification_visibility: [-1|android|26|null|1000,1,998926,998926,0,0]
12-08 04:36:47.528 1518 1635 I sysui_multi_action: [757,128,758,1,793,319552,794,0,795,319552,796,4273,798,1,806,com.android.systemui,857,screen_record,858,3,947,0,1395,3,1500,319350,1688,1,1745,680407814]
12-08 04:36:47.528 1518 1635 I sysui_multi_action: [757,804,799,note_freshness,801,319552,802,1]
12-08 04:36:47.528 1518 1635 I notification_visibility: [0|com.android.systemui|4273|null|10082,1,319552,319552,0,1]
12-08 04:36:47.529 1518 1635 I sysui_multi_action: [757,128,758,1,793,1180635,794,0,795,1180635,796,32,798,2,806,android,857,USB,858,1,947,0,1395,3,1500,1180473,1688,1]
12-08 04:36:47.529 1518 1635 I sysui_multi_action: [757,804,799,note_freshness,801,1180635,802,1]
12-08 04:36:47.529 1518 1635 I notification_visibility: [-1|android|32|null|1000,1,1180635,1180635,0,2]
12-08 04:36:49.264 1518 2002 I input_interaction: Interaction with: 68496b ScreenshotAnimation (server), edge-swipe (server), swipe-up (server), PointerEventDispatcher0 (server),
12-08 04:36:49.332 1518 1654 I am_uid_idle: 10067
12-08 04:36:49.429 1518 2299 D CompatibilityChangeReporter: Compat change id reported: 149924527; UID 10065; state: ENABLED
12-08 04:36:49.430 1518 2299 D CompatibilityChangeReporter: Compat change id reported: 132649864; UID 10065; state: DISABLED
12-08 04:36:49.433 1518 2299 D CompatibilityChangeReporter: Compat change id reported: 182734110; UID 1000; state: ENABLED
12-08 04:36:49.435 1518 2299 D CompatibilityChangeReporter: Compat change id reported: 182734110; UID 1000; state: DISABLED
12-08 04:36:49.435 1518 1646 I input_focus: [Focus request 87852de com.android.launcher3/com.android.launcher3.uioverrides.QuickstepLauncher,reason=UpdateInputWindows]
12-08 04:36:49.441 1518 2299 I ActivityTaskManager: START u0 {act=android.intent.action.EDIT dat=content://media/external/images/media/21 typ=image/png flg=0x10008003 cmp=com.android.gallery3d/.filtershow.FilterShowActivity} from uid 10082
12-08 04:36:49.451 1518 2299 I wm_task_created: [23,-1]
12-08 04:36:49.452 1518 2299 W ActivityTaskManager: Can't find TaskDisplayArea to determine support for multi window. Task id=23 attached=false
12-08 04:36:49.456 1518 2299 D CompatibilityChangeReporter: Compat change id reported: 174042980; UID 10065; state: DISABLED
12-08 04:36:49.457 1518 2299 D CompatibilityChangeReporter: Compat change id reported: 184838306; UID 10065; state: DISABLED
12-08 04:36:49.457 1518 2299 D CompatibilityChangeReporter: Compat change id reported: 185004937; UID 10065; state: DISABLED
12-08 04:36:49.458 1518 2299 D CompatibilityChangeReporter: Compat change id reported: 181136395; UID 10065; state: DISABLED
12-08 04:36:49.458 1518 2299 D CompatibilityChangeReporter: Compat change id reported: 174042936; UID 10065; state: DISABLED
12-08 04:36:49.460 1518 2299 I wm_task_moved: [23,1,6]
12-08 04:36:49.460 1518 2299 I wm_task_to_front: [0,23]
12-08 04:36:49.461 2824 2824 I wm_on_top_resumed_lost_called: [73204664,com.android.launcher3.uioverrides.QuickstepLauncher,topStateChangedWhenResumed]
12-08 04:36:49.462 1518 2299 I wm_create_task: [0,23]
12-08 04:36:49.462 1518 2299 I wm_create_activity: [0,93800115,23,com.android.gallery3d/.filtershow.FilterShowActivity,android.intent.action.EDIT,image/png,content://media/external/images/media/21,268468227]
12-08 04:36:49.462 1518 2299 I wm_task_moved: [23,1,6]
12-08 04:36:49.464 1518 2299 I wm_pause_activity: [0,73204664,com.android.launcher3/.uioverrides.QuickstepLauncher,userLeaving=true,pauseBackTasks]
12-08 04:36:49.470 2824 2824 I wm_on_paused_called: [73204664,com.android.launcher3.uioverrides.QuickstepLauncher,performPause]
12-08 04:36:49.472 1518 1635 I ActivityTaskManager: FOREGROUND_APPLICATION_CHANGED to com.android.gallery3d.filtershow.FilterShowActivity
12-08 04:36:49.473 1518 1635 I wm_add_to_stopping: [0,73204664,com.android.launcher3/.uioverrides.QuickstepLauncher,makeInvisible]
12-08 04:36:49.481 1518 1645 I am_uid_running: 10065
12-08 04:36:49.482 1518 1645 D CompatibilityChangeReporter: Compat change id reported: 135634846; UID 10065; state: DISABLED
12-08 04:36:49.482 1518 1645 D CompatibilityChangeReporter: Compat change id reported: 177438394; UID 10065; state: DISABLED
12-08 04:36:49.482 1518 1645 D CompatibilityChangeReporter: Compat change id reported: 135772972; UID 10065; state: DISABLED
12-08 04:36:49.482 1518 1645 D CompatibilityChangeReporter: Compat change id reported: 135754954; UID 10065; state: DISABLED
12-08 04:36:49.484 1518 2002 I input_focus: [Focus leaving 89e55f9 NotificationShade (server),reason=NOT_FOCUSABLE]
12-08 04:36:49.484 1518 2002 I input_focus: [Focus entering 87852de com.android.launcher3/com.android.launcher3.uioverrides.QuickstepLauncher (server),reason=setFocusedWindow]
12-08 04:36:49.484 1518 1655 D CompatibilityChangeReporter: Compat change id reported: 143937733; UID 10065; state: DISABLED
12-08 04:36:49.485 1518 1645 I sysui_multi_action: [757,803,799,window_time_0,802,65]
12-08 04:36:49.497 1518 2002 I input_focus: [Focus leaving 87852de com.android.launcher3/com.android.launcher3.uioverrides.QuickstepLauncher (server),reason=NO_WINDOW]
12-08 04:36:49.498 1518 1655 I am_proc_start: [0,6704,10065,com.android.gallery3d,pre-top-activity,{com.android.gallery3d/com.android.gallery3d.filtershow.FilterShowActivity}]
12-08 04:36:49.498 1518 1655 I ActivityManager: Start proc 6704:com.android.gallery3d/u0a65 for pre-top-activity {com.android.gallery3d/com.android.gallery3d.filtershow.FilterShowActivity}
12-08 04:36:49.500 1518 6705 W ContextImpl: Calling a method in the system process without a qualified user: android.app.ContextImpl.sendBroadcast:1173 com.qualcomm.qti.Performance$SendGameLaunchBroadcast.run:217 java.lang.Thread.run:920
12-08 04:36:49.519 1518 1653 I am_pss : [6605,1000,com.android.settings,20798464,12804096,0,112615424,0,19,7]
12-08 04:36:49.521 1518 2299 I am_proc_bound: [0,6704,com.android.gallery3d]
12-08 04:36:49.526 1518 1653 I am_pss : [6589,10020,com.android.musicfx,5729280,3825664,0,89694208,0,19,5]
12-08 04:36:49.531 1518 2299 I wm_restart_activity: [0,93800115,23,com.android.gallery3d/.filtershow.FilterShowActivity]
12-08 04:36:49.532 1518 2299 I wm_set_resumed_activity: [0,com.android.gallery3d/.filtershow.FilterShowActivity,minimalResumeActivityLocked]
12-08 04:36:49.533 1518 1645 I am_uid_active: 10065
12-08 04:36:49.536 1518 1653 I am_pss : [6008,10090,com.android.music,21943296,15568896,0,147107840,0,19,8]
12-08 04:36:49.545 1518 1653 I am_pss : [6499,10069,com.android.webview:webview_service,19705856,3461120,0,83910656,0,19,5]
12-08 04:36:49.557 4314 4334 W ContextImpl: Calling a method in the system process without a qualified user: android.app.ContextImpl.startService:1816 android.content.ContextWrapper.startService:774 com.thundercomm.gamemode.ingame.services.GameModeActionUtils.startGameModeService:93 com.thundercomm.gamemode.ingame.services.GameModeActionUtils.startGameModeEntry:21 com.thundercomm.gamemode.ingame.services.ActivityMonitoringService$1.onActivityLaunch:127
12-08 04:36:49.561 1518 1518 I GameModeConfig: Current uri is uri = content://com.thundercomm.gamemode.api/gamemode_settings/gamemode_isgaming
12-08 04:36:49.563 1518 1518 I am_uid_active: 10067
12-08 04:36:49.568 1518 1518 I GameModeConfig: isGameModeOn = false
12-08 04:36:49.568 1518 1518 I GameModeConfig: isGameModeOn = false
12-08 04:36:49.568 1518 1518 I GameModeConfig: isDisableVoice = true
12-08 04:36:49.575 6704 6704 I wm_on_create_called: [93800115,com.android.gallery3d.filtershow.FilterShowActivity,performCreate]
12-08 04:36:49.576 6704 6704 I wm_on_start_called: [93800115,com.android.gallery3d.filtershow.FilterShowActivity,handleStartActivity]
12-08 04:36:49.577 6704 6704 I wm_on_resume_called: [93800115,com.android.gallery3d.filtershow.FilterShowActivity,RESUME_ACTIVITY]
12-08 04:36:49.583 4314 4334 W ContextImpl: Calling a method in the system process without a qualified user: android.app.ContextImpl.startService:1816 android.content.ContextWrapper.startService:774 com.thundercomm.gamemode.ingame.services.GameModeActionUtils.startGameModeService:93 com.thundercomm.gamemode.ingame.services.GameModeActionUtils.startGameModeEntry:21 com.thundercomm.gamemode.ingame.services.ActivityMonitoringService$1.onActivityLaunch:127
12-08 04:36:49.585 6704 6704 I wm_on_top_resumed_gained_called: [93800115,com.android.gallery3d.filtershow.FilterShowActivity,topStateChangedWhenResumed]
12-08 04:36:49.589 1518 1518 I GameModeConfig: Current uri is uri = content://com.thundercomm.gamemode.api/gamemode_settings/gamemode_isgaming
12-08 04:36:49.593 1518 1518 I GameModeConfig: isGameModeOn = false
12-08 04:36:49.593 1518 1518 I GameModeConfig: isGameModeOn = false
12-08 04:36:49.593 1518 1518 I GameModeConfig: isDisableVoice = true
12-08 04:36:49.670 1518 1646 I input_focus: [Focus request e40fa91 com.android.gallery3d/com.android.gallery3d.filtershow.FilterShowActivity,reason=UpdateInputWindows]
12-08 04:36:49.753 1518 1642 I sysui_multi_action: [319,322,322,320,325,1208,757,761,758,7,759,2,806,com.android.gallery3d,871,com.android.gallery3d.filtershow.FilterShowActivity,904,com.android.systemui,905,0,945,104,1320,4,1321,1]
12-08 04:36:49.755 1518 1642 I wm_activity_launch_time: [0,93800115,com.android.gallery3d/.filtershow.FilterShowActivity,320]
12-08 04:36:49.759 1518 1645 I wm_stop_activity: [0,73204664,com.android.launcher3/.uioverrides.QuickstepLauncher]
12-08 04:36:49.760 1518 1635 D CompatibilityChangeReporter: Compat change id reported: 182734110; UID 10065; state: DISABLED
12-08 04:36:49.766 1518 2002 I input_focus: [Focus entering e40fa91 com.android.gallery3d/com.android.gallery3d.filtershow.FilterShowActivity (server),reason=Window became focusable. Previous reason: NOT_VISIBLE]
12-08 04:36:49.791 2824 2824 I wm_on_stop_called: [73204664,com.android.launcher3.uioverrides.QuickstepLauncher,STOP_ACTIVITY_ITEM]
12-08 04:36:49.814 1518 2319 I GameModeConfig: isGameModeOn = false
12-08 04:36:49.815 1518 2319 I GameModeConfig: isGameModeOn = false
12-08 04:36:49.815 1518 2319 I GameModeConfig: isGameModeOn = false
12-08 04:36:49.815 1518 2319 I GameModeConfig: isGameModeOn = false
12-08 04:36:49.815 1518 2319 I GameModeConfig: isGameModeOn = false
12-08 04:36:49.816 4314 4334 W ContextImpl: Calling a method in the system process without a qualified user: android.app.ContextImpl.startService:1816 android.content.ContextWrapper.startService:774 com.thundercomm.gamemode.ingame.services.GameModeActionUtils.startGameModeService:93 com.thundercomm.gamemode.ingame.services.GameModeActionUtils.startGameModeEntry:21 com.thundercomm.gamemode.ingame.services.ActivityMonitoringService$1.onActivityLaunch:127
12-08 04:36:49.816 2377 2377 I sysui_multi_action: [757,111,758,2]
12-08 04:36:49.816 2377 2377 I sysui_multi_action: [757,111,758,2]
12-08 04:36:49.816 1518 1518 I notification_enqueue: [10082,2377,com.android.systemui,2048,NULL,0,Notification(channel=updateNotification shortcut=null contentView=null vibrate=null sound=null defaults=0x0 flags=0x0 color=0x00000000 vis=PRIVATE),1]
12-08 04:36:49.818 2377 2377 I sysui_multi_action: [757,111,758,1]
12-08 04:36:49.819 2377 2377 I sysui_multi_action: [757,126,758,1,759,126,927,0,928,1,1593,0]
12-08 04:36:49.819 2377 2377 I sysui_multi_action: [757,113,758,1,759,113,927,1,928,1,1593,0]
12-08 04:36:49.819 2377 2377 I sysui_multi_action: [757,0,758,1,759,0,927,2,928,0,1593,0]
12-08 04:36:49.819 2377 2377 I sysui_multi_action: [757,0,758,1,759,0,927,3,928,0,1593,0]
12-08 04:36:49.819 2377 2377 I sysui_multi_action: [757,491,758,1,759,491,927,4,928,0,1311,-1,1593,0]
12-08 04:36:49.819 2377 2377 I sysui_multi_action: [757,0,758,1,759,0,927,5,928,0,1593,0]
12-08 04:36:49.819 2377 2377 I sysui_multi_action: [757,111,758,1]
12-08 04:36:49.819 2377 2377 I sysui_multi_action: [757,126,758,1,759,126,927,0,928,1,1593,0]
12-08 04:36:49.819 2377 2377 I sysui_multi_action: [757,113,758,1,759,113,927,1,928,1,1593,0]
12-08 04:36:49.819 2377 2377 I sysui_multi_action: [757,0,758,1,759,0,927,2,928,0,1593,0]
12-08 04:36:49.819 2377 2377 I sysui_multi_action: [757,0,758,1,759,0,927,3,928,0,1593,0]
12-08 04:36:49.822 1518 1518 I GameModeConfig: Current uri is uri = content://com.thundercomm.gamemode.api/gamemode_settings/gamemode_isgaming
12-08 04:36:49.823 1518 1518 I GameModeConfig: isGameModeOn = false
12-08 04:36:49.824 1518 1518 I GameModeConfig: isGameModeOn = false
12-08 04:36:49.824 1518 1518 I GameModeConfig: isDisableVoice = true
12-08 04:36:49.827 1518 2319 I GameModeConfig: isGameModeOn = false
12-08 04:36:49.828 1518 2319 I GameModeConfig: isGameModeOn = false
12-08 04:36:49.828 1518 2319 I GameModeConfig: isGameModeOn = false
12-08 04:36:49.828 1518 2319 I GameModeConfig: isGameModeOn = false
12-08 04:36:49.828 1518 2319 I GameModeConfig: isGameModeOn = false
12-08 04:36:49.828 2377 2377 I sysui_multi_action: [757,111,758,2]
12-08 04:36:49.828 2377 2377 I sysui_multi_action: [757,111,758,2]
12-08 04:36:49.828 1518 1518 I notification_enqueue: [10082,2377,com.android.systemui,2048,NULL,0,Notification(channel=updateNotification shortcut=null contentView=null vibrate=null sound=null defaults=0x0 flags=0x0 color=0x00000000 vis=PRIVATE),1]
12-08 04:36:49.832 2377 2377 I sysui_multi_action: [757,111,758,1]
12-08 04:36:49.832 2377 2377 I sysui_multi_action: [757,126,758,1,759,126,927,0,928,1,1593,1]
12-08 04:36:49.832 2377 2377 I sysui_multi_action: [757,113,758,1,759,113,927,1,928,1,1593,1]
12-08 04:36:49.832 2377 2377 I sysui_multi_action: [757,0,758,1,759,0,927,2,928,0,1593,1]
12-08 04:36:49.832 2377 2377 I sysui_multi_action: [757,0,758,1,759,0,927,3,928,0,1593,1]
12-08 04:36:49.833 2377 2377 I sysui_multi_action: [757,491,758,1,759,491,927,4,928,0,1311,-1,1593,1]
12-08 04:36:49.833 2377 2377 I sysui_multi_action: [757,0,758,1,759,0,927,5,928,0,1593,1]
12-08 04:36:49.833 2377 2377 I sysui_multi_action: [757,111,758,1]
12-08 04:36:49.833 2377 2377 I sysui_multi_action: [757,126,758,1,759,126,927,0,928,1,1593,1]
12-08 04:36:49.833 2377 2377 I sysui_multi_action: [757,113,758,1,759,113,927,1,928,1,1593,1]
12-08 04:36:49.833 2377 2377 I sysui_multi_action: [757,0,758,1,759,0,927,2,928,0,1593,1]
12-08 04:36:49.833 2377 2377 I sysui_multi_action: [757,0,758,1,759,0,927,3,928,0,1593,1]
12-08 04:36:49.843 1518 2319 I GameModeConfig: isGameModeOn = false
12-08 04:36:49.844 1518 2319 I GameModeConfig: isGameModeOn = false
12-08 04:36:49.844 1518 2319 I GameModeConfig: isGameModeOn = false
12-08 04:36:49.844 1518 2319 I GameModeConfig: isGameModeOn = false
12-08 04:36:49.844 1518 2319 I GameModeConfig: isGameModeOn = false
12-08 04:36:49.845 2377 2377 I sysui_multi_action: [757,111,758,2]
12-08 04:36:49.846 2377 2377 I sysui_multi_action: [757,111,758,2]
12-08 04:36:49.846 1518 1518 I notification_enqueue: [10082,2377,com.android.systemui,2048,NULL,0,Notification(channel=updateNotification shortcut=null contentView=null vibrate=null sound=null defaults=0x0 flags=0x0 color=0x00000000 vis=PRIVATE),1]
12-08 04:36:49.850 2377 2377 I sysui_multi_action: [757,111,758,1]
12-08 04:36:49.850 2377 2377 I sysui_multi_action: [757,126,758,1,759,126,927,0,928,1,1593,1]
12-08 04:36:49.850 2377 2377 I sysui_multi_action: [757,113,758,1,759,113,927,1,928,1,1593,1]
12-08 04:36:49.851 2377 2377 I sysui_multi_action: [757,0,758,1,759,0,927,2,928,0,1593,1]
12-08 04:36:49.851 2377 2377 I sysui_multi_action: [757,0,758,1,759,0,927,3,928,0,1593,1]
12-08 04:36:49.856 2377 2377 I sysui_multi_action: [757,491,758,1,759,491,927,4,928,0,1311,-1,1593,1]
12-08 04:36:49.856 2377 2377 I sysui_multi_action: [757,0,758,1,759,0,927,5,928,0,1593,1]
12-08 04:36:49.856 2377 2377 I sysui_multi_action: [757,111,758,1]
12-08 04:36:49.856 2377 2377 I sysui_multi_action: [757,126,758,1,759,126,927,0,928,1,1593,1]
12-08 04:36:49.856 2377 2377 I sysui_multi_action: [757,113,758,1,759,113,927,1,928,1,1593,1]
12-08 04:36:49.857 2377 2377 I sysui_multi_action: [757,0,758,1,759,0,927,2,928,0,1593,1]
12-08 04:36:49.857 2377 2377 I sysui_multi_action: [757,0,758,1,759,0,927,3,928,0,1593,1]
12-08 04:36:49.866 2377 2377 I sysui_multi_action: [757,111,758,2]
12-08 04:36:49.866 2377 2377 I sysui_multi_action: [757,111,758,2]
12-08 04:36:49.866 1518 1518 I notification_enqueue: [10082,2377,com.android.systemui,2048,NULL,0,Notification(channel=updateNotification shortcut=null contentView=null vibrate=null sound=null defaults=0x0 flags=0x0 color=0x00000000 vis=PRIVATE),1]
12-08 04:36:49.868 2377 2377 I sysui_multi_action: [757,111,758,1]
12-08 04:36:49.869 2377 2377 I sysui_multi_action: [757,126,758,1,759,126,927,0,928,1,1593,0]
12-08 04:36:49.869 2377 2377 I sysui_multi_action: [757,113,758,1,759,113,927,1,928,1,1593,0]
12-08 04:36:49.869 2377 2377 I sysui_multi_action: [757,0,758,1,759,0,927,2,928,0,1593,0]
12-08 04:36:49.869 2377 2377 I sysui_multi_action: [757,0,758,1,759,0,927,3,928,0,1593,0]
12-08 04:36:49.869 2377 2377 I sysui_multi_action: [757,491,758,1,759,491,927,4,928,0,1311,-1,1593,0]
12-08 04:36:49.869 2377 2377 I sysui_multi_action: [757,0,758,1,759,0,927,5,928,0,1593,0]
12-08 04:36:49.869 2377 2377 I sysui_multi_action: [757,111,758,1]
12-08 04:36:49.869 2377 2377 I sysui_multi_action: [757,126,758,1,759,126,927,0,928,1,1593,0]
12-08 04:36:49.869 2377 2377 I sysui_multi_action: [757,113,758,1,759,113,927,1,928,1,1593,0]
12-08 04:36:49.869 2377 2377 I sysui_multi_action: [757,0,758,1,759,0,927,2,928,0,1593,0]
12-08 04:36:49.869 2377 2377 I sysui_multi_action: [757,0,758,1,759,0,927,3,928,0,1593,0]
12-08 04:36:49.872 1518 2319 I GameModeConfig: isGameModeOn = false
12-08 04:36:49.872 1518 2319 I GameModeConfig: isGameModeOn = false
12-08 04:36:49.873 1518 2319 I GameModeConfig: isGameModeOn = false
12-08 04:36:49.873 1518 2319 I GameModeConfig: isGameModeOn = false
12-08 04:36:49.873 1518 2319 I GameModeConfig: isGameModeOn = false
12-08 04:36:49.877 1518 2319 I GameModeConfig: isGameModeOn = false
12-08 04:36:49.879 1518 2319 I GameModeConfig: isGameModeOn = false
12-08 04:36:49.879 1518 2319 I GameModeConfig: isGameModeOn = false
12-08 04:36:49.879 1518 2319 I GameModeConfig: isGameModeOn = false
12-08 04:36:49.881 1518 2319 I GameModeConfig: isGameModeOn = false
12-08 04:36:49.887 2377 2377 I sysui_multi_action: [757,111,758,2]
12-08 04:36:49.887 1518 1518 I notification_enqueue: [10082,2377,com.android.systemui,2048,NULL,0,Notification(channel=updateNotification shortcut=null contentView=null vibrate=null sound=null defaults=0x0 flags=0x0 color=0x00000000 vis=PRIVATE),1]
12-08 04:36:49.887 2377 2377 I sysui_multi_action: [757,111,758,2]
12-08 04:36:49.889 2377 2377 I sysui_multi_action: [757,111,758,1]
12-08 04:36:49.890 2377 2377 I sysui_multi_action: [757,126,758,1,759,126,927,0,928,1,1593,1]
12-08 04:36:49.890 2377 2377 I sysui_multi_action: [757,113,758,1,759,113,927,1,928,1,1593,0]
12-08 04:36:49.890 2377 2377 I sysui_multi_action: [757,0,758,1,759,0,927,2,928,0,1593,0]
12-08 04:36:49.890 2377 2377 I sysui_multi_action: [757,0,758,1,759,0,927,3,928,0,1593,0]
12-08 04:36:49.890 2377 2377 I sysui_multi_action: [757,491,758,1,759,491,927,4,928,0,1311,-1,1593,1]
12-08 04:36:49.890 2377 2377 I sysui_multi_action: [757,0,758,1,759,0,927,5,928,0,1593,0]
12-08 04:36:49.890 2377 2377 I sysui_multi_action: [757,111,758,1]
12-08 04:36:49.890 2377 2377 I sysui_multi_action: [757,126,758,1,759,126,927,0,928,1,1593,0]
12-08 04:36:49.890 2377 2377 I sysui_multi_action: [757,113,758,1,759,113,927,1,928,1,1593,0]
12-08 04:36:49.890 2377 2377 I sysui_multi_action: [757,0,758,1,759,0,927,2,928,0,1593,0]
12-08 04:36:49.890 2377 2377 I sysui_multi_action: [757,0,758,1,759,0,927,3,928,0,1593,0]
12-08 04:36:49.898 1518 2319 I GameModeConfig: isGameModeOn = false
12-08 04:36:49.899 1518 2319 I GameModeConfig: isGameModeOn = false
12-08 04:36:49.899 1518 2319 I GameModeConfig: isGameModeOn = false
12-08 04:36:49.899 1518 2319 I GameModeConfig: isGameModeOn = false
12-08 04:36:49.899 1518 2319 I GameModeConfig: isGameModeOn = false
12-08 04:36:49.899 2377 2377 I sysui_multi_action: [757,111,758,2]
12-08 04:36:49.899 2377 2377 I sysui_multi_action: [757,111,758,2]
12-08 04:36:49.899 1518 1518 I notification_enqueue: [10082,2377,com.android.systemui,2048,NULL,0,Notification(channel=updateNotification shortcut=null contentView=null vibrate=null sound=null defaults=0x0 flags=0x0 color=0x00000000 vis=PRIVATE),1]
12-08 04:36:49.902 2377 2377 I sysui_multi_action: [757,111,758,1]
12-08 04:36:49.902 2377 2377 I sysui_multi_action: [757,126,758,1,759,126,927,0,928,1,1593,1]
12-08 04:36:49.902 2377 2377 I sysui_multi_action: [757,113,758,1,759,113,927,1,928,1,1593,1]
12-08 04:36:49.902 2377 2377 I sysui_multi_action: [757,0,758,1,759,0,927,2,928,0,1593,1]
12-08 04:36:49.902 2377 2377 I sysui_multi_action: [757,0,758,1,759,0,927,3,928,0,1593,1]
12-08 04:36:49.902 2377 2377 I sysui_multi_action: [757,491,758,1,759,491,927,4,928,0,1311,-1,1593,0]
12-08 04:36:49.902 2377 2377 I sysui_multi_action: [757,0,758,1,759,0,927,5,928,0,1593,0]
12-08 04:36:49.902 2377 2377 I sysui_multi_action: [757,111,758,1]
12-08 04:36:49.902 2377 2377 I sysui_multi_action: [757,126,758,1,759,126,927,0,928,1,1593,1]
12-08 04:36:49.902 2377 2377 I sysui_multi_action: [757,113,758,1,759,113,927,1,928,1,1593,1]
12-08 04:36:49.902 2377 2377 I sysui_multi_action: [757,0,758,1,759,0,927,2,928,0,1593,1]
12-08 04:36:49.903 2377 2377 I sysui_multi_action: [757,0,758,1,759,0,927,3,928,0,1593,1]
12-08 04:36:49.911 1518 2319 I GameModeConfig: isGameModeOn = false
12-08 04:36:49.911 1518 2319 I GameModeConfig: isGameModeOn = false
12-08 04:36:49.911 1518 2319 I GameModeConfig: isGameModeOn = false
12-08 04:36:49.911 1518 2319 I GameModeConfig: isGameModeOn = false
12-08 04:36:49.911 1518 2319 I GameModeConfig: isGameModeOn = false
12-08 04:36:49.912 2377 2377 I sysui_multi_action: [757,111,758,2]
