12-08 04:32:31.507 1518 1654 I am_wtf : [0,1518,system_server,-1,DisplayDeviceConfig,requesting nits when no mapping exists.]
12-08 04:32:31.508 1518 2355 E DisplayDeviceConfig: requesting nits when no mapping exists.
12-08 04:32:31.508 1518 1654 I am_wtf : [0,1518,system_server,-1,DisplayDeviceConfig,requesting nits when no mapping exists.]
12-08 04:32:31.523 1518 2355 E DisplayDeviceConfig: requesting nits when no mapping exists.
12-08 04:32:31.524 1518 2355 E DisplayDeviceConfig: requesting nits when no mapping exists.
12-08 04:32:31.524 1518 1654 I am_wtf : [0,1518,system_server,-1,DisplayDeviceConfig,requesting nits when no mapping exists.]
12-08 04:32:31.524 1518 1654 I am_wtf : [0,1518,system_server,-1,DisplayDeviceConfig,requesting nits when no mapping exists.]
12-08 04:32:31.539 1518 2355 E DisplayDeviceConfig: requesting nits when no mapping exists.
12-08 04:32:31.540 1518 1654 I am_wtf : [0,1518,system_server,-1,DisplayDeviceConfig,requesting nits when no mapping exists.]
12-08 04:32:31.540 1518 2355 E DisplayDeviceConfig: requesting nits when no mapping exists.
12-08 04:32:31.541 1518 1654 I am_wtf : [0,1518,system_server,-1,DisplayDeviceConfig,requesting nits when no mapping exists.]
12-08 04:32:31.556 1518 2355 E DisplayDeviceConfig: requesting nits when no mapping exists.
12-08 04:32:31.557 1518 1654 I am_wtf : [0,1518,system_server,-1,DisplayDeviceConfig,requesting nits when no mapping exists.]
12-08 04:32:31.557 1518 2355 E DisplayDeviceConfig: requesting nits when no mapping exists.
12-08 04:32:31.557 1518 1654 I am_wtf : [0,1518,system_server,-1,DisplayDeviceConfig,requesting nits when no mapping exists.]
12-08 04:32:31.573 1518 2355 E DisplayDeviceConfig: requesting nits when no mapping exists.
12-08 04:32:31.574 1518 2355 E DisplayDeviceConfig: requesting nits when no mapping exists.
12-08 04:32:31.574 1518 1654 I am_wtf : [0,1518,system_server,-1,DisplayDeviceConfig,requesting nits when no mapping exists.]
12-08 04:32:31.575 1518 1654 I am_wtf : [0,1518,system_server,-1,DisplayDeviceConfig,requesting nits when no mapping exists.]
12-08 04:32:31.589 1518 2355 E DisplayDeviceConfig: requesting nits when no mapping exists.
12-08 04:32:31.590 1518 1654 I am_wtf : [0,1518,system_server,-1,DisplayDeviceConfig,requesting nits when no mapping exists.]
12-08 04:32:31.591 1518 2355 E DisplayDeviceConfig: requesting nits when no mapping exists.
12-08 04:32:31.591 1518 1654 I am_wtf : [0,1518,system_server,-1,DisplayDeviceConfig,requesting nits when no mapping exists.]
12-08 04:32:31.607 1518 2355 E DisplayDeviceConfig: requesting nits when no mapping exists.
12-08 04:32:31.607 1518 1654 I am_wtf : [0,1518,system_server,-1,DisplayDeviceConfig,requesting nits when no mapping exists.]
12-08 04:32:31.607 1518 2355 E DisplayDeviceConfig: requesting nits when no mapping exists.
12-08 04:32:31.608 1518 1654 I am_wtf : [0,1518,system_server,-1,DisplayDeviceConfig,requesting nits when no mapping exists.]
12-08 04:32:31.623 1518 2355 E DisplayDeviceConfig: requesting nits when no mapping exists.
12-08 04:32:31.623 1518 2355 E DisplayDeviceConfig: requesting nits when no mapping exists.
12-08 04:32:31.623 1518 1654 I am_wtf : [0,1518,system_server,-1,DisplayDeviceConfig,requesting nits when no mapping exists.]
12-08 04:32:31.624 1518 1654 I am_wtf : [0,1518,system_server,-1,DisplayDeviceConfig,requesting nits when no mapping exists.]
12-08 04:32:31.640 1518 2355 E DisplayDeviceConfig: requesting nits when no mapping exists.
12-08 04:32:31.641 1518 1654 I am_wtf : [0,1518,system_server,-1,DisplayDeviceConfig,requesting nits when no mapping exists.]
12-08 04:32:31.641 1518 2355 E DisplayDeviceConfig: requesting nits when no mapping exists.
12-08 04:32:31.641 1518 1654 I am_wtf : [0,1518,system_server,-1,DisplayDeviceConfig,requesting nits when no mapping exists.]
12-08 04:32:31.657 1518 2355 E DisplayDeviceConfig: requesting nits when no mapping exists.
12-08 04:32:31.658 1518 1654 I am_wtf : [0,1518,system_server,-1,DisplayDeviceConfig,requesting nits when no mapping exists.]
12-08 04:32:31.658 1518 2355 E DisplayDeviceConfig: requesting nits when no mapping exists.
12-08 04:32:31.659 1518 1654 I am_wtf : [0,1518,system_server,-1,DisplayDeviceConfig,requesting nits when no mapping exists.]
12-08 04:32:31.673 1518 2355 E DisplayDeviceConfig: requesting nits when no mapping exists.
12-08 04:32:31.673 1518 2355 E DisplayDeviceConfig: requesting nits when no mapping exists.
12-08 04:32:31.673 1518 1654 I am_wtf : [0,1518,system_server,-1,DisplayDeviceConfig,requesting nits when no mapping exists.]
12-08 04:32:31.674 1518 1654 I am_wtf : [0,1518,system_server,-1,DisplayDeviceConfig,requesting nits when no mapping exists.]
12-08 04:32:31.689 1518 2355 E DisplayDeviceConfig: requesting nits when no mapping exists.
12-08 04:32:31.690 1518 2355 E DisplayDeviceConfig: requesting nits when no mapping exists.
12-08 04:32:31.690 1518 1654 I am_wtf : [0,1518,system_server,-1,DisplayDeviceConfig,requesting nits when no mapping exists.]
12-08 04:32:31.690 1518 1654 I am_wtf : [0,1518,system_server,-1,DisplayDeviceConfig,requesting nits when no mapping exists.]
12-08 04:32:31.706 1518 2355 E DisplayDeviceConfig: requesting nits when no mapping exists.
12-08 04:32:31.707 1518 2355 E DisplayDeviceConfig: requesting nits when no mapping exists.
12-08 04:32:31.707 1518 1654 I am_wtf : [0,1518,system_server,-1,DisplayDeviceConfig,requesting nits when no mapping exists.]
12-08 04:32:31.708 1518 1654 I am_wtf : [0,1518,system_server,-1,DisplayDeviceConfig,requesting nits when no mapping exists.]
12-08 04:32:31.723 1518 2355 E DisplayDeviceConfig: requesting nits when no mapping exists.
12-08 04:32:31.724 1518 2355 E DisplayDeviceConfig: requesting nits when no mapping exists.
12-08 04:32:31.724 1518 1654 I am_wtf : [0,1518,system_server,-1,DisplayDeviceConfig,requesting nits when no mapping exists.]
12-08 04:32:31.725 1518 1654 I am_wtf : [0,1518,system_server,-1,DisplayDeviceConfig,requesting nits when no mapping exists.]
12-08 04:32:31.740 1518 2355 E DisplayDeviceConfig: requesting nits when no mapping exists.
12-08 04:32:31.740 1518 2355 E DisplayDeviceConfig: requesting nits when no mapping exists.
12-08 04:32:31.741 1518 1654 I am_wtf : [0,1518,system_server,-1,DisplayDeviceConfig,requesting nits when no mapping exists.]
12-08 04:32:31.741 1518 1654 I am_wtf : [0,1518,system_server,-1,DisplayDeviceConfig,requesting nits when no mapping exists.]
12-08 04:32:31.757 1518 2355 E DisplayDeviceConfig: requesting nits when no mapping exists.
12-08 04:32:31.757 1518 1654 I am_wtf : [0,1518,system_server,-1,DisplayDeviceConfig,requesting nits when no mapping exists.]
12-08 04:32:31.758 1518 2355 E DisplayDeviceConfig: requesting nits when no mapping exists.
12-08 04:32:31.759 1518 1654 I am_wtf : [0,1518,system_server,-1,DisplayDeviceConfig,requesting nits when no mapping exists.]
12-08 04:32:31.773 1518 2355 E DisplayDeviceConfig: requesting nits when no mapping exists.
12-08 04:32:31.774 1518 2355 E DisplayDeviceConfig: requesting nits when no mapping exists.
12-08 04:32:31.774 1518 1654 I am_wtf : [0,1518,system_server,-1,DisplayDeviceConfig,requesting nits when no mapping exists.]
12-08 04:32:31.775 1518 1654 I am_wtf : [0,1518,system_server,-1,DisplayDeviceConfig,requesting nits when no mapping exists.]
12-08 04:32:31.790 1518 2355 E DisplayDeviceConfig: requesting nits when no mapping exists.
12-08 04:32:31.790 1518 2355 E DisplayDeviceConfig: requesting nits when no mapping exists.
12-08 04:32:31.790 1518 1654 I am_wtf : [0,1518,system_server,-1,DisplayDeviceConfig,requesting nits when no mapping exists.]
12-08 04:32:31.792 1518 1654 I am_wtf : [0,1518,system_server,-1,DisplayDeviceConfig,requesting nits when no mapping exists.]
12-08 04:32:31.807 1518 2355 E DisplayDeviceConfig: requesting nits when no mapping exists.
12-08 04:32:31.807 1518 2355 E DisplayDeviceConfig: requesting nits when no mapping exists.
12-08 04:32:31.808 1518 1654 I am_wtf : [0,1518,system_server,-1,DisplayDeviceConfig,requesting nits when no mapping exists.]
12-08 04:32:31.809 1518 1654 I am_wtf : [0,1518,system_server,-1,DisplayDeviceConfig,requesting nits when no mapping exists.]
12-08 04:32:31.824 1518 2355 E DisplayDeviceConfig: requesting nits when no mapping exists.
12-08 04:32:31.824 1518 2355 E DisplayDeviceConfig: requesting nits when no mapping exists.
12-08 04:32:31.824 1518 1654 I am_wtf : [0,1518,system_server,-1,DisplayDeviceConfig,requesting nits when no mapping exists.]
12-08 04:32:31.826 1518 1654 I am_wtf : [0,1518,system_server,-1,DisplayDeviceConfig,requesting nits when no mapping exists.]
12-08 04:32:31.840 1518 2355 E DisplayDeviceConfig: requesting nits when no mapping exists.
12-08 04:32:31.841 1518 2355 E DisplayDeviceConfig: requesting nits when no mapping exists.
12-08 04:32:31.841 1518 1654 I am_wtf : [0,1518,system_server,-1,DisplayDeviceConfig,requesting nits when no mapping exists.]
12-08 04:32:31.842 1518 1654 I am_wtf : [0,1518,system_server,-1,DisplayDeviceConfig,requesting nits when no mapping exists.]
12-08 04:32:31.857 1518 2355 E DisplayDeviceConfig: requesting nits when no mapping exists.
12-08 04:32:31.857 1518 1654 I am_wtf : [0,1518,system_server,-1,DisplayDeviceConfig,requesting nits when no mapping exists.]
12-08 04:32:31.858 1518 2355 E DisplayDeviceConfig: requesting nits when no mapping exists.
12-08 04:32:31.859 1518 1654 I am_wtf : [0,1518,system_server,-1,DisplayDeviceConfig,requesting nits when no mapping exists.]
12-08 04:32:31.873 1518 2355 E DisplayDeviceConfig: requesting nits when no mapping exists.
12-08 04:32:31.874 1518 1654 I am_wtf : [0,1518,system_server,-1,DisplayDeviceConfig,requesting nits when no mapping exists.]
12-08 04:32:31.875 1518 2355 E DisplayDeviceConfig: requesting nits when no mapping exists.
12-08 04:32:31.876 1518 1654 I am_wtf : [0,1518,system_server,-1,DisplayDeviceConfig,requesting nits when no mapping exists.]
12-08 04:32:33.712 1518 2002 I input_interaction: Interaction with: 89e55f9 NotificationShade (server), edge-swipe (server), swipe-up (server), PointerEventDispatcher0 (server),
12-08 04:32:33.718 1518 1670 V DisplayPowerController[0]: Brightness [1.0] reason changing to: 'manual', previous reason: 'manual [ dim ]'.
12-08 04:32:33.718 1518 1670 I sysui_multi_action: [757,1696,758,6,759,3]
12-08 04:32:33.721 1518 2355 E DisplayDeviceConfig: requesting nits when no mapping exists.
12-08 04:32:33.722 1518 2355 E DisplayDeviceConfig: requesting nits when no mapping exists.
12-08 04:32:33.722 1518 1654 I am_wtf : [0,1518,system_server,-1,DisplayDeviceConfig,requesting nits when no mapping exists.]
12-08 04:32:33.723 1518 1654 I am_wtf : [0,1518,system_server,-1,DisplayDeviceConfig,requesting nits when no mapping exists.]
12-08 04:32:33.738 1518 2355 E DisplayDeviceConfig: requesting nits when no mapping exists.
12-08 04:32:33.739 1518 1654 I am_wtf : [0,1518,system_server,-1,DisplayDeviceConfig,requesting nits when no mapping exists.]
12-08 04:32:33.739 1518 2355 E DisplayDeviceConfig: requesting nits when no mapping exists.
12-08 04:32:33.740 1518 1654 I am_wtf : [0,1518,system_server,-1,DisplayDeviceConfig,requesting nits when no mapping exists.]
12-08 04:32:33.755 1518 2355 E DisplayDeviceConfig: requesting nits when no mapping exists.
12-08 04:32:33.756 1518 1654 I am_wtf : [0,1518,system_server,-1,DisplayDeviceConfig,requesting nits when no mapping exists.]
12-08 04:32:33.756 1518 2355 E DisplayDeviceConfig: requesting nits when no mapping exists.
12-08 04:32:33.756 1518 1654 I am_wtf : [0,1518,system_server,-1,DisplayDeviceConfig,requesting nits when no mapping exists.]
12-08 04:32:33.762 1518 2355 E DisplayDeviceConfig: requesting nits when no mapping exists.
12-08 04:32:33.763 1518 1654 I am_wtf : [0,1518,system_server,-1,DisplayDeviceConfig,requesting nits when no mapping exists.]
12-08 04:32:33.763 1518 2355 E DisplayDeviceConfig: requesting nits when no mapping exists.
12-08 04:32:33.764 1518 1654 I am_wtf : [0,1518,system_server,-1,DisplayDeviceConfig,requesting nits when no mapping exists.]
12-08 04:32:33.778 1518 2355 E DisplayDeviceConfig: requesting nits when no mapping exists.
12-08 04:32:33.779 1518 1654 I am_wtf : [0,1518,system_server,-1,DisplayDeviceConfig,requesting nits when no mapping exists.]
12-08 04:32:33.780 1518 2355 E DisplayDeviceConfig: requesting nits when no mapping exists.
12-08 04:32:33.781 1518 1654 I am_wtf : [0,1518,system_server,-1,DisplayDeviceConfig,requesting nits when no mapping exists.]
12-08 04:32:33.795 1518 2355 E DisplayDeviceConfig: requesting nits when no mapping exists.
12-08 04:32:33.795 1518 2355 E DisplayDeviceConfig: requesting nits when no mapping exists.
12-08 04:32:33.795 1518 1654 I am_wtf : [0,1518,system_server,-1,DisplayDeviceConfig,requesting nits when no mapping exists.]
12-08 04:32:33.796 1518 1654 I am_wtf : [0,1518,system_server,-1,DisplayDeviceConfig,requesting nits when no mapping exists.]
12-08 04:32:33.812 1518 2355 E DisplayDeviceConfig: requesting nits when no mapping exists.
12-08 04:32:33.812 1518 2355 E DisplayDeviceConfig: requesting nits when no mapping exists.
12-08 04:32:33.812 1518 1654 I am_wtf : [0,1518,system_server,-1,DisplayDeviceConfig,requesting nits when no mapping exists.]
12-08 04:32:33.814 1518 1654 I am_wtf : [0,1518,system_server,-1,DisplayDeviceConfig,requesting nits when no mapping exists.]
12-08 04:32:33.828 1518 2355 E DisplayDeviceConfig: requesting nits when no mapping exists.
12-08 04:32:33.829 1518 2355 E DisplayDeviceConfig: requesting nits when no mapping exists.
12-08 04:32:33.829 1518 1654 I am_wtf : [0,1518,system_server,-1,DisplayDeviceConfig,requesting nits when no mapping exists.]
12-08 04:32:33.830 1518 1654 I am_wtf : [0,1518,system_server,-1,DisplayDeviceConfig,requesting nits when no mapping exists.]
12-08 04:32:33.844 1518 3327 I am_uid_active: 10067
12-08 04:32:33.845 1518 2355 E DisplayDeviceConfig: requesting nits when no mapping exists.
12-08 04:32:33.845 1518 2355 E DisplayDeviceConfig: requesting nits when no mapping exists.
12-08 04:32:33.845 1518 1654 I am_wtf : [0,1518,system_server,-1,DisplayDeviceConfig,requesting nits when no mapping exists.]
12-08 04:32:33.846 1518 1654 I am_wtf : [0,1518,system_server,-1,DisplayDeviceConfig,requesting nits when no mapping exists.]
12-08 04:32:33.862 1518 2355 E DisplayDeviceConfig: requesting nits when no mapping exists.
12-08 04:32:33.862 1518 2355 E DisplayDeviceConfig: requesting nits when no mapping exists.
12-08 04:32:33.863 1518 1654 I am_wtf : [0,1518,system_server,-1,DisplayDeviceConfig,requesting nits when no mapping exists.]
12-08 04:32:33.864 1518 1654 I am_wtf : [0,1518,system_server,-1,DisplayDeviceConfig,requesting nits when no mapping exists.]
12-08 04:32:33.879 1518 2355 E DisplayDeviceConfig: requesting nits when no mapping exists.
12-08 04:32:33.880 1518 1654 I am_wtf : [0,1518,system_server,-1,DisplayDeviceConfig,requesting nits when no mapping exists.]
12-08 04:32:33.880 1518 2355 E DisplayDeviceConfig: requesting nits when no mapping exists.
12-08 04:32:33.880 1518 1654 I am_wtf : [0,1518,system_server,-1,DisplayDeviceConfig,requesting nits when no mapping exists.]
12-08 04:32:33.897 1518 2355 E DisplayDeviceConfig: requesting nits when no mapping exists.
12-08 04:32:33.898 1518 2355 E DisplayDeviceConfig: requesting nits when no mapping exists.
12-08 04:32:33.898 1518 1654 I am_wtf : [0,1518,system_server,-1,DisplayDeviceConfig,requesting nits when no mapping exists.]
12-08 04:32:33.899 1518 1654 I am_wtf : [0,1518,system_server,-1,DisplayDeviceConfig,requesting nits when no mapping exists.]
12-08 04:32:33.912 1518 2355 E DisplayDeviceConfig: requesting nits when no mapping exists.
12-08 04:32:33.913 1518 2355 E DisplayDeviceConfig: requesting nits when no mapping exists.
12-08 04:32:33.913 1518 1654 I am_wtf : [0,1518,system_server,-1,DisplayDeviceConfig,requesting nits when no mapping exists.]
12-08 04:32:33.915 1518 1654 I am_wtf : [0,1518,system_server,-1,DisplayDeviceConfig,requesting nits when no mapping exists.]
12-08 04:32:33.929 1518 2355 E DisplayDeviceConfig: requesting nits when no mapping exists.
12-08 04:32:33.930 1518 2355 E DisplayDeviceConfig: requesting nits when no mapping exists.
12-08 04:32:33.930 1518 1654 I am_wtf : [0,1518,system_server,-1,DisplayDeviceConfig,requesting nits when no mapping exists.]
12-08 04:32:33.931 1518 1654 I am_wtf : [0,1518,system_server,-1,DisplayDeviceConfig,requesting nits when no mapping exists.]
12-08 04:32:33.947 1518 2355 E DisplayDeviceConfig: requesting nits when no mapping exists.
12-08 04:32:33.947 1518 2355 E DisplayDeviceConfig: requesting nits when no mapping exists.
12-08 04:32:33.947 1518 1654 I am_wtf : [0,1518,system_server,-1,DisplayDeviceConfig,requesting nits when no mapping exists.]
12-08 04:32:33.949 1518 1654 I am_wtf : [0,1518,system_server,-1,DisplayDeviceConfig,requesting nits when no mapping exists.]
12-08 04:32:33.962 1518 2355 E DisplayDeviceConfig: requesting nits when no mapping exists.
12-08 04:32:33.963 1518 2355 E DisplayDeviceConfig: requesting nits when no mapping exists.
12-08 04:32:33.963 1518 1654 I am_wtf : [0,1518,system_server,-1,DisplayDeviceConfig,requesting nits when no mapping exists.]
12-08 04:32:33.964 1518 1654 I am_wtf : [0,1518,system_server,-1,DisplayDeviceConfig,requesting nits when no mapping exists.]
12-08 04:32:33.979 1518 2355 E DisplayDeviceConfig: requesting nits when no mapping exists.
12-08 04:32:33.979 1518 1654 I am_wtf : [0,1518,system_server,-1,DisplayDeviceConfig,requesting nits when no mapping exists.]
12-08 04:32:33.979 1518 2355 E DisplayDeviceConfig: requesting nits when no mapping exists.
12-08 04:32:33.980 1518 1654 I am_wtf : [0,1518,system_server,-1,DisplayDeviceConfig,requesting nits when no mapping exists.]
12-08 04:32:33.996 1518 2355 E DisplayDeviceConfig: requesting nits when no mapping exists.
12-08 04:32:33.996 1518 2355 E DisplayDeviceConfig: requesting nits when no mapping exists.
12-08 04:32:33.997 1518 1654 I am_wtf : [0,1518,system_server,-1,DisplayDeviceConfig,requesting nits when no mapping exists.]
12-08 04:32:33.998 1518 1654 I am_wtf : [0,1518,system_server,-1,DisplayDeviceConfig,requesting nits when no mapping exists.]
12-08 04:32:34.013 1518 2355 E DisplayDeviceConfig: requesting nits when no mapping exists.
12-08 04:32:34.013 1518 2355 E DisplayDeviceConfig: requesting nits when no mapping exists.
12-08 04:32:34.014 1518 1654 I am_wtf : [0,1518,system_server,-1,DisplayDeviceConfig,requesting nits when no mapping exists.]
12-08 04:32:34.014 1518 1654 I am_wtf : [0,1518,system_server,-1,DisplayDeviceConfig,requesting nits when no mapping exists.]
12-08 04:32:34.029 1518 2355 E DisplayDeviceConfig: requesting nits when no mapping exists.
12-08 04:32:34.030 1518 2355 E DisplayDeviceConfig: requesting nits when no mapping exists.
12-08 04:32:34.030 1518 1654 I am_wtf : [0,1518,system_server,-1,DisplayDeviceConfig,requesting nits when no mapping exists.]
12-08 04:32:34.031 1518 1654 I am_wtf : [0,1518,system_server,-1,DisplayDeviceConfig,requesting nits when no mapping exists.]
12-08 04:32:34.047 1518 2355 E DisplayDeviceConfig: requesting nits when no mapping exists.
12-08 04:32:34.047 1518 2355 E DisplayDeviceConfig: requesting nits when no mapping exists.
12-08 04:32:34.047 1518 1654 I am_wtf : [0,1518,system_server,-1,DisplayDeviceConfig,requesting nits when no mapping exists.]
12-08 04:32:34.048 1518 1654 I am_wtf : [0,1518,system_server,-1,DisplayDeviceConfig,requesting nits when no mapping exists.]
12-08 04:32:34.062 1518 2355 E DisplayDeviceConfig: requesting nits when no mapping exists.
12-08 04:32:34.063 1518 2355 E DisplayDeviceConfig: requesting nits when no mapping exists.
12-08 04:32:34.063 1518 1654 I am_wtf : [0,1518,system_server,-1,DisplayDeviceConfig,requesting nits when no mapping exists.]
12-08 04:32:34.064 1518 1654 I am_wtf : [0,1518,system_server,-1,DisplayDeviceConfig,requesting nits when no mapping exists.]
12-08 04:32:34.079 1518 2355 E DisplayDeviceConfig: requesting nits when no mapping exists.
12-08 04:32:34.080 1518 2355 E DisplayDeviceConfig: requesting nits when no mapping exists.
12-08 04:32:34.080 1518 1654 I am_wtf : [0,1518,system_server,-1,DisplayDeviceConfig,requesting nits when no mapping exists.]
12-08 04:32:34.081 1518 1654 I am_wtf : [0,1518,system_server,-1,DisplayDeviceConfig,requesting nits when no mapping exists.]
12-08 04:32:34.096 1518 2355 E DisplayDeviceConfig: requesting nits when no mapping exists.
12-08 04:32:34.097 1518 1654 I am_wtf : [0,1518,system_server,-1,DisplayDeviceConfig,requesting nits when no mapping exists.]
12-08 04:32:34.097 1518 2355 E DisplayDeviceConfig: requesting nits when no mapping exists.
12-08 04:32:34.098 1518 1654 I am_wtf : [0,1518,system_server,-1,DisplayDeviceConfig,requesting nits when no mapping exists.]
12-08 04:32:34.113 1518 2355 E DisplayDeviceConfig: requesting nits when no mapping exists.
12-08 04:32:34.113 1518 2355 E DisplayDeviceConfig: requesting nits when no mapping exists.
12-08 04:32:34.113 1518 1654 I am_wtf : [0,1518,system_server,-1,DisplayDeviceConfig,requesting nits when no mapping exists.]
12-08 04:32:34.114 1518 1654 I am_wtf : [0,1518,system_server,-1,DisplayDeviceConfig,requesting nits when no mapping exists.]
12-08 04:32:34.129 1518 2355 E DisplayDeviceConfig: requesting nits when no mapping exists.
12-08 04:32:34.130 1518 2355 E DisplayDeviceConfig: requesting nits when no mapping exists.
12-08 04:32:34.130 1518 1654 I am_wtf : [0,1518,system_server,-1,DisplayDeviceConfig,requesting nits when no mapping exists.]
12-08 04:32:34.131 1518 1654 I am_wtf : [0,1518,system_server,-1,DisplayDeviceConfig,requesting nits when no mapping exists.]
12-08 04:32:34.146 1518 2355 E DisplayDeviceConfig: requesting nits when no mapping exists.
12-08 04:32:34.146 1518 2355 E DisplayDeviceConfig: requesting nits when no mapping exists.
12-08 04:32:34.146 1518 1654 I am_wtf : [0,1518,system_server,-1,DisplayDeviceConfig,requesting nits when no mapping exists.]
12-08 04:32:34.147 1518 1654 I am_wtf : [0,1518,system_server,-1,DisplayDeviceConfig,requesting nits when no mapping exists.]
12-08 04:32:34.163 1518 2355 E DisplayDeviceConfig: requesting nits when no mapping exists.
12-08 04:32:34.163 1518 2355 E DisplayDeviceConfig: requesting nits when no mapping exists.
12-08 04:32:34.163 1518 1654 I am_wtf : [0,1518,system_server,-1,DisplayDeviceConfig,requesting nits when no mapping exists.]
12-08 04:32:34.164 1518 1654 I am_wtf : [0,1518,system_server,-1,DisplayDeviceConfig,requesting nits when no mapping exists.]
12-08 04:32:34.180 1518 2355 E DisplayDeviceConfig: requesting nits when no mapping exists.
12-08 04:32:34.181 1518 2355 E DisplayDeviceConfig: requesting nits when no mapping exists.
12-08 04:32:34.181 1518 1654 I am_wtf : [0,1518,system_server,-1,DisplayDeviceConfig,requesting nits when no mapping exists.]
12-08 04:32:34.182 1518 1654 I am_wtf : [0,1518,system_server,-1,DisplayDeviceConfig,requesting nits when no mapping exists.]
12-08 04:32:34.197 1518 2355 E DisplayDeviceConfig: requesting nits when no mapping exists.
12-08 04:32:34.197 1518 2355 E DisplayDeviceConfig: requesting nits when no mapping exists.
12-08 04:32:34.197 1518 1654 I am_wtf : [0,1518,system_server,-1,DisplayDeviceConfig,requesting nits when no mapping exists.]
12-08 04:32:34.198 1518 1654 I am_wtf : [0,1518,system_server,-1,DisplayDeviceConfig,requesting nits when no mapping exists.]
12-08 04:32:34.213 1518 2355 E DisplayDeviceConfig: requesting nits when no mapping exists.
12-08 04:32:34.214 1518 2355 E DisplayDeviceConfig: requesting nits when no mapping exists.
12-08 04:32:34.214 1518 1654 I am_wtf : [0,1518,system_server,-1,DisplayDeviceConfig,requesting nits when no mapping exists.]
12-08 04:32:34.216 1518 1654 I am_wtf : [0,1518,system_server,-1,DisplayDeviceConfig,requesting nits when no mapping exists.]
12-08 04:32:34.229 1518 2355 E DisplayDeviceConfig: requesting nits when no mapping exists.
12-08 04:32:34.230 1518 1654 I am_wtf : [0,1518,system_server,-1,DisplayDeviceConfig,requesting nits when no mapping exists.]
12-08 04:32:34.231 1518 2355 E DisplayDeviceConfig: requesting nits when no mapping exists.
12-08 04:32:34.232 1518 1654 I am_wtf : [0,1518,system_server,-1,DisplayDeviceConfig,requesting nits when no mapping exists.]
12-08 04:32:34.246 1518 2355 E DisplayDeviceConfig: requesting nits when no mapping exists.
12-08 04:32:34.247 1518 2355 E DisplayDeviceConfig: requesting nits when no mapping exists.
12-08 04:32:34.247 1518 1654 I am_wtf : [0,1518,system_server,-1,DisplayDeviceConfig,requesting nits when no mapping exists.]
12-08 04:32:34.248 1518 1654 I am_wtf : [0,1518,system_server,-1,DisplayDeviceConfig,requesting nits when no mapping exists.]
12-08 04:32:34.263 1518 2355 E DisplayDeviceConfig: requesting nits when no mapping exists.
12-08 04:32:34.263 1518 2355 E DisplayDeviceConfig: requesting nits when no mapping exists.
12-08 04:32:34.263 1518 1654 I am_wtf : [0,1518,system_server,-1,DisplayDeviceConfig,requesting nits when no mapping exists.]
12-08 04:32:34.264 1518 1654 I am_wtf : [0,1518,system_server,-1,DisplayDeviceConfig,requesting nits when no mapping exists.]
12-08 04:32:34.280 1518 2355 E DisplayDeviceConfig: requesting nits when no mapping exists.
12-08 04:32:34.281 1518 2355 E DisplayDeviceConfig: requesting nits when no mapping exists.
12-08 04:32:34.281 1518 1654 I am_wtf : [0,1518,system_server,-1,DisplayDeviceConfig,requesting nits when no mapping exists.]
12-08 04:32:34.282 1518 1654 I am_wtf : [0,1518,system_server,-1,DisplayDeviceConfig,requesting nits when no mapping exists.]
12-08 04:32:34.297 1518 2355 E DisplayDeviceConfig: requesting nits when no mapping exists.
12-08 04:32:34.297 1518 2355 E DisplayDeviceConfig: requesting nits when no mapping exists.
12-08 04:32:34.297 1518 1654 I am_wtf : [0,1518,system_server,-1,DisplayDeviceConfig,requesting nits when no mapping exists.]
12-08 04:32:34.298 1518 1654 I am_wtf : [0,1518,system_server,-1,DisplayDeviceConfig,requesting nits when no mapping exists.]
12-08 04:32:34.313 1518 2355 E DisplayDeviceConfig: requesting nits when no mapping exists.
12-08 04:32:34.314 1518 2355 E DisplayDeviceConfig: requesting nits when no mapping exists.
12-08 04:32:34.314 1518 1654 I am_wtf : [0,1518,system_server,-1,DisplayDeviceConfig,requesting nits when no mapping exists.]
12-08 04:32:34.315 1518 1654 I am_wtf : [0,1518,system_server,-1,DisplayDeviceConfig,requesting nits when no mapping exists.]
12-08 04:32:34.330 1518 2355 E DisplayDeviceConfig: requesting nits when no mapping exists.
12-08 04:32:34.330 1518 2355 E DisplayDeviceConfig: requesting nits when no mapping exists.
12-08 04:32:34.331 1518 1654 I am_wtf : [0,1518,system_server,-1,DisplayDeviceConfig,requesting nits when no mapping exists.]
12-08 04:32:34.332 1518 1654 I am_wtf : [0,1518,system_server,-1,DisplayDeviceConfig,requesting nits when no mapping exists.]
12-08 04:32:34.347 1518 2355 E DisplayDeviceConfig: requesting nits when no mapping exists.
12-08 04:32:34.347 1518 2355 E DisplayDeviceConfig: requesting nits when no mapping exists.
12-08 04:32:34.347 1518 1654 I am_wtf : [0,1518,system_server,-1,DisplayDeviceConfig,requesting nits when no mapping exists.]
12-08 04:32:34.348 1518 1654 I am_wtf : [0,1518,system_server,-1,DisplayDeviceConfig,requesting nits when no mapping exists.]
12-08 04:32:34.352 1518 5679 I sysui_multi_action: [757,128,758,2,793,745751,794,76487,795,745751,796,26,798,0,806,android,857,DEVELOPER_IMPORTANT,858,4,947,0,1395,3,1500,745544,1688,1]
12-08 04:32:34.352 1518 5679 I notification_visibility: [-1|android|26|null|1000,0,745751,745751,0,0]
12-08 04:32:34.352 1518 5679 I sysui_multi_action: [757,128,758,2,793,66376,794,65551,795,66376,796,4273,798,1,806,com.android.systemui,857,screen_record,858,3,947,0,1395,3,1500,66174,1688,1,1745,680407814]
12-08 04:32:34.353 1518 5679 I notification_visibility: [0|com.android.systemui|4273|null|10082,0,66376,66376,0,1]
12-08 04:32:34.353 1518 5679 I sysui_multi_action: [757,128,758,2,793,927460,794,76487,795,927460,796,32,798,2,806,android,857,USB,858,1,947,0,1395,3,1500,927298,1688,1]
12-08 04:32:34.353 1518 5679 I notification_visibility: [-1|android|32|null|1000,0,927460,927460,0,2]
12-08 04:32:34.364 1518 2355 E DisplayDeviceConfig: requesting nits when no mapping exists.
12-08 04:32:34.364 1518 2355 E DisplayDeviceConfig: requesting nits when no mapping exists.
12-08 04:32:34.364 1518 1654 I am_wtf : [0,1518,system_server,-1,DisplayDeviceConfig,requesting nits when no mapping exists.]
12-08 04:32:34.365 1518 1654 I am_wtf : [0,1518,system_server,-1,DisplayDeviceConfig,requesting nits when no mapping exists.]
12-08 04:32:34.380 1518 2355 E DisplayDeviceConfig: requesting nits when no mapping exists.
12-08 04:32:34.381 1518 2355 E DisplayDeviceConfig: requesting nits when no mapping exists.
12-08 04:32:34.381 1518 1654 I am_wtf : [0,1518,system_server,-1,DisplayDeviceConfig,requesting nits when no mapping exists.]
12-08 04:32:34.382 1518 1654 I am_wtf : [0,1518,system_server,-1,DisplayDeviceConfig,requesting nits when no mapping exists.]
12-08 04:32:34.397 1518 2355 E DisplayDeviceConfig: requesting nits when no mapping exists.
12-08 04:32:34.398 1518 1654 I am_wtf : [0,1518,system_server,-1,DisplayDeviceConfig,requesting nits when no mapping exists.]
12-08 04:32:34.398 1518 2355 E DisplayDeviceConfig: requesting nits when no mapping exists.
12-08 04:32:34.399 1518 1654 I am_wtf : [0,1518,system_server,-1,DisplayDeviceConfig,requesting nits when no mapping exists.]
12-08 04:32:34.413 1518 2355 E DisplayDeviceConfig: requesting nits when no mapping exists.
12-08 04:32:34.414 1518 2355 E DisplayDeviceConfig: requesting nits when no mapping exists.
12-08 04:32:34.414 1518 1654 I am_wtf : [0,1518,system_server,-1,DisplayDeviceConfig,requesting nits when no mapping exists.]
12-08 04:32:34.416 1518 1654 I am_wtf : [0,1518,system_server,-1,DisplayDeviceConfig,requesting nits when no mapping exists.]
12-08 04:32:34.430 1518 2355 E DisplayDeviceConfig: requesting nits when no mapping exists.
12-08 04:32:34.430 1518 2355 E DisplayDeviceConfig: requesting nits when no mapping exists.
12-08 04:32:34.430 1518 1654 I am_wtf : [0,1518,system_server,-1,DisplayDeviceConfig,requesting nits when no mapping exists.]
12-08 04:32:34.431 1518 1654 I am_wtf : [0,1518,system_server,-1,DisplayDeviceConfig,requesting nits when no mapping exists.]
12-08 04:32:34.449 1518 2355 E DisplayDeviceConfig: requesting nits when no mapping exists.
12-08 04:32:34.449 1518 2355 E DisplayDeviceConfig: requesting nits when no mapping exists.
12-08 04:32:34.449 1518 1654 I am_wtf : [0,1518,system_server,-1,DisplayDeviceConfig,requesting nits when no mapping exists.]
12-08 04:32:34.450 1518 1654 I am_wtf : [0,1518,system_server,-1,DisplayDeviceConfig,requesting nits when no mapping exists.]
12-08 04:32:34.464 1518 2355 E DisplayDeviceConfig: requesting nits when no mapping exists.
12-08 04:32:34.465 1518 2355 E DisplayDeviceConfig: requesting nits when no mapping exists.
12-08 04:32:34.465 1518 1654 I am_wtf : [0,1518,system_server,-1,DisplayDeviceConfig,requesting nits when no mapping exists.]
12-08 04:32:34.466 1518 1654 I am_wtf : [0,1518,system_server,-1,DisplayDeviceConfig,requesting nits when no mapping exists.]
12-08 04:32:34.481 1518 2355 E DisplayDeviceConfig: requesting nits when no mapping exists.
12-08 04:32:34.481 1518 2355 E DisplayDeviceConfig: requesting nits when no mapping exists.
12-08 04:32:34.482 1518 1654 I am_wtf : [0,1518,system_server,-1,DisplayDeviceConfig,requesting nits when no mapping exists.]
12-08 04:32:34.483 1518 1654 I am_wtf : [0,1518,system_server,-1,DisplayDeviceConfig,requesting nits when no mapping exists.]
12-08 04:32:34.498 1518 2355 E DisplayDeviceConfig: requesting nits when no mapping exists.
12-08 04:32:34.498 1518 2355 E DisplayDeviceConfig: requesting nits when no mapping exists.
12-08 04:32:34.498 1518 1654 I am_wtf : [0,1518,system_server,-1,DisplayDeviceConfig,requesting nits when no mapping exists.]
12-08 04:32:34.499 1518 1654 I am_wtf : [0,1518,system_server,-1,DisplayDeviceConfig,requesting nits when no mapping exists.]
12-08 04:32:34.514 1518 2355 E DisplayDeviceConfig: requesting nits when no mapping exists.
12-08 04:32:34.515 1518 2355 E DisplayDeviceConfig: requesting nits when no mapping exists.
12-08 04:32:34.515 1518 1654 I am_wtf : [0,1518,system_server,-1,DisplayDeviceConfig,requesting nits when no mapping exists.]
12-08 04:32:34.516 1518 1654 I am_wtf : [0,1518,system_server,-1,DisplayDeviceConfig,requesting nits when no mapping exists.]
12-08 04:32:34.531 1518 2355 E DisplayDeviceConfig: requesting nits when no mapping exists.
12-08 04:32:34.532 1518 1654 I am_wtf : [0,1518,system_server,-1,DisplayDeviceConfig,requesting nits when no mapping exists.]
12-08 04:32:34.533 1518 2355 E DisplayDeviceConfig: requesting nits when no mapping exists.
12-08 04:32:34.533 1518 1654 I am_wtf : [0,1518,system_server,-1,DisplayDeviceConfig,requesting nits when no mapping exists.]
12-08 04:32:34.549 1518 2355 E DisplayDeviceConfig: requesting nits when no mapping exists.
12-08 04:32:34.550 1518 2355 E DisplayDeviceConfig: requesting nits when no mapping exists.
12-08 04:32:34.550 1518 1654 I am_wtf : [0,1518,system_server,-1,DisplayDeviceConfig,requesting nits when no mapping exists.]
12-08 04:32:34.551 1518 1654 I am_wtf : [0,1518,system_server,-1,DisplayDeviceConfig,requesting nits when no mapping exists.]
12-08 04:32:34.565 1518 2355 E DisplayDeviceConfig: requesting nits when no mapping exists.
12-08 04:32:34.565 1518 2355 E DisplayDeviceConfig: requesting nits when no mapping exists.
12-08 04:32:34.565 1518 1654 I am_wtf : [0,1518,system_server,-1,DisplayDeviceConfig,requesting nits when no mapping exists.]
12-08 04:32:34.567 1518 1654 I am_wtf : [0,1518,system_server,-1,DisplayDeviceConfig,requesting nits when no mapping exists.]
12-08 04:32:34.581 1518 2355 E DisplayDeviceConfig: requesting nits when no mapping exists.
12-08 04:32:34.582 1518 2355 E DisplayDeviceConfig: requesting nits when no mapping exists.
12-08 04:32:34.582 1518 1654 I am_wtf : [0,1518,system_server,-1,DisplayDeviceConfig,requesting nits when no mapping exists.]
12-08 04:32:34.583 1518 1654 I am_wtf : [0,1518,system_server,-1,DisplayDeviceConfig,requesting nits when no mapping exists.]
12-08 04:32:34.598 1518 2355 E DisplayDeviceConfig: requesting nits when no mapping exists.
12-08 04:32:34.598 1518 2355 E DisplayDeviceConfig: requesting nits when no mapping exists.
12-08 04:32:34.598 1518 1654 I am_wtf : [0,1518,system_server,-1,DisplayDeviceConfig,requesting nits when no mapping exists.]
12-08 04:32:34.599 1518 1654 I am_wtf : [0,1518,system_server,-1,DisplayDeviceConfig,requesting nits when no mapping exists.]
12-08 04:32:34.616 1518 2355 E DisplayDeviceConfig: requesting nits when no mapping exists.
12-08 04:32:34.616 1518 1654 I am_wtf : [0,1518,system_server,-1,DisplayDeviceConfig,requesting nits when no mapping exists.]
12-08 04:32:34.616 1518 2355 E DisplayDeviceConfig: requesting nits when no mapping exists.
12-08 04:32:34.617 1518 1654 I am_wtf : [0,1518,system_server,-1,DisplayDeviceConfig,requesting nits when no mapping exists.]
12-08 04:32:34.631 1518 2355 E DisplayDeviceConfig: requesting nits when no mapping exists.
12-08 04:32:34.632 1518 2355 E DisplayDeviceConfig: requesting nits when no mapping exists.
12-08 04:32:34.632 1518 1654 I am_wtf : [0,1518,system_server,-1,DisplayDeviceConfig,requesting nits when no mapping exists.]
12-08 04:32:34.633 1518 1654 I am_wtf : [0,1518,system_server,-1,DisplayDeviceConfig,requesting nits when no mapping exists.]
12-08 04:32:34.649 1518 2355 E DisplayDeviceConfig: requesting nits when no mapping exists.
12-08 04:32:34.650 1518 2355 E DisplayDeviceConfig: requesting nits when no mapping exists.
12-08 04:32:34.650 1518 1654 I am_wtf : [0,1518,system_server,-1,DisplayDeviceConfig,requesting nits when no mapping exists.]
12-08 04:32:34.651 1518 1654 I am_wtf : [0,1518,system_server,-1,DisplayDeviceConfig,requesting nits when no mapping exists.]
12-08 04:32:34.664 1518 2355 E DisplayDeviceConfig: requesting nits when no mapping exists.
12-08 04:32:34.665 1518 2355 E DisplayDeviceConfig: requesting nits when no mapping exists.
12-08 04:32:34.665 1518 1654 I am_wtf : [0,1518,system_server,-1,DisplayDeviceConfig,requesting nits when no mapping exists.]
12-08 04:32:34.666 1518 1654 I am_wtf : [0,1518,system_server,-1,DisplayDeviceConfig,requesting nits when no mapping exists.]
12-08 04:32:34.681 1518 2355 E DisplayDeviceConfig: requesting nits when no mapping exists.
12-08 04:32:34.682 1518 2355 E DisplayDeviceConfig: requesting nits when no mapping exists.
12-08 04:32:34.682 1518 1654 I am_wtf : [0,1518,system_server,-1,DisplayDeviceConfig,requesting nits when no mapping exists.]
12-08 04:32:34.683 1518 1654 I am_wtf : [0,1518,system_server,-1,DisplayDeviceConfig,requesting nits when no mapping exists.]
12-08 04:32:36.454 1518 1518 I service_manager_stats: [225,117,5398]
12-08 04:32:36.784 1518 1752 I commit_sys_config_file: [settings-2-0,12]
12-08 04:32:37.129 1284 5796 I liblog : 2
12-08 04:32:40.821 1518 1752 I commit_sys_config_file: [settings-2-0,7]
12-08 04:32:42.174 1518 1752 I commit_sys_config_file: [settings-2-0,7]
12-08 04:32:44.200 1518 1752 I commit_sys_config_file: [settings-2-0,12]
12-08 04:32:45.116 1518 1752 I commit_sys_config_file: [settings-2-0,9]
12-08 04:32:49.799 1518 5679 I sysui_multi_action: [757,128,758,1,793,761197,794,0,795,761197,796,26,798,0,806,android,857,DEVELOPER_IMPORTANT,858,4,947,0,1395,3,1500,760990,1688,1]
12-08 04:32:49.799 1518 5679 I sysui_multi_action: [757,804,799,note_freshness,801,761197,802,1]
12-08 04:32:49.799 1518 5679 I notification_visibility: [-1|android|26|null|1000,1,761197,761197,0,0]
12-08 04:32:49.799 1518 5679 I sysui_multi_action: [757,128,758,1,793,81823,794,0,795,81823,796,4273,798,1,806,com.android.systemui,857,screen_record,858,3,947,0,1395,3,1500,81621,1688,1,1745,680407814]
12-08 04:32:49.799 1518 5679 I sysui_multi_action: [757,804,799,note_freshness,801,81823,802,1]
12-08 04:32:49.799 1518 5679 I notification_visibility: [0|com.android.systemui|4273|null|10082,1,81823,81823,0,1]
12-08 04:32:49.800 1518 5679 I sysui_multi_action: [757,128,758,1,793,942906,794,0,795,942906,796,32,798,2,806,android,857,USB,858,1,947,0,1395,3,1500,942744,1688,1]
12-08 04:32:49.800 1518 5679 I sysui_multi_action: [757,804,799,note_freshness,801,942906,802,1]
12-08 04:32:49.800 1518 5679 I notification_visibility: [-1|android|32|null|1000,1,942906,942906,0,2]
12-08 04:32:53.127 1518 1653 I am_pss : [2824,10080,com.android.launcher3,110544896,99430400,0,245166080,0,2,11]
12-08 04:32:53.612 1518 5679 I sysui_multi_action: [757,128,758,2,793,765011,794,3814,795,765011,796,26,798,0,806,android,857,DEVELOPER_IMPORTANT,858,4,947,0,1395,3,1500,764804,1688,1]
12-08 04:32:53.612 1518 5679 I notification_visibility: [-1|android|26|null|1000,0,765011,765011,0,0]
12-08 04:32:53.612 1518 5679 I sysui_multi_action: [757,128,758,2,793,85636,794,3813,795,85636,796,4273,798,1,806,com.android.systemui,857,screen_record,858,3,947,0,1395,3,1500,85434,1688,1,1745,680407814]
12-08 04:32:53.612 1518 5679 I notification_visibility: [0|com.android.systemui|4273|null|10082,0,85636,85636,0,1]
12-08 04:32:53.613 1518 5679 I sysui_multi_action: [757,128,758,2,793,946720,794,3814,795,946720,796,32,798,2,806,android,857,USB,858,1,947,0,1395,3,1500,946558,1688,1]
12-08 04:32:53.613 1518 5679 I notification_visibility: [-1|android|32|null|1000,0,946720,946720,0,2]
12-08 04:32:55.635 1518 1752 I commit_sys_config_file: [settings-2-0,9]
12-08 04:32:57.695 1518 6026 I sysui_multi_action: [757,128,758,1,793,769094,794,0,795,769094,796,26,798,0,806,android,857,DEVELOPER_IMPORTANT,858,4,947,0,1395,3,1500,768887,1688,1]
12-08 04:32:57.696 1518 6026 I sysui_multi_action: [757,804,799,note_freshness,801,769094,802,1]
12-08 04:32:57.696 1518 6026 I notification_visibility: [-1|android|26|null|1000,1,769094,769094,0,0]
12-08 04:32:57.696 1518 6026 I sysui_multi_action: [757,128,758,1,793,89720,794,0,795,89720,796,4273,798,1,806,com.android.systemui,857,screen_record,858,3,947,0,1395,3,1500,89518,1688,1,1745,680407814]
12-08 04:32:57.696 1518 6026 I sysui_multi_action: [757,804,799,note_freshness,801,89720,802,1]
12-08 04:32:57.696 1518 6026 I notification_visibility: [0|com.android.systemui|4273|null|10082,1,89720,89720,0,1]
12-08 04:32:57.697 1518 6026 I sysui_multi_action: [757,128,758,1,793,950804,794,0,795,950804,796,32,798,2,806,android,857,USB,858,1,947,0,1395,3,1500,950642,1688,1]
12-08 04:32:57.697 1518 6026 I sysui_multi_action: [757,804,799,note_freshness,801,950804,802,1]
12-08 04:32:57.697 1518 6026 I notification_visibility: [-1|android|32|null|1000,1,950804,950804,0,2]
12-08 04:32:59.216 1518 6026 I sysui_multi_action: [757,128,758,2,793,770615,794,1521,795,770615,796,26,798,0,806,android,857,DEVELOPER_IMPORTANT,858,4,947,0,1395,3,1500,770408,1688,1]
12-08 04:32:59.217 1518 6026 I notification_visibility: [-1|android|26|null|1000,0,770615,770615,0,0]
12-08 04:32:59.217 1518 6026 I sysui_multi_action: [757,128,758,2,793,91241,794,1521,795,91241,796,4273,798,1,806,com.android.systemui,857,screen_record,858,3,947,0,1395,3,1500,91039,1688,1,1745,680407814]
12-08 04:32:59.217 1518 6026 I notification_visibility: [0|com.android.systemui|4273|null|10082,0,91241,91241,0,1]
12-08 04:32:59.217 1518 6026 I sysui_multi_action: [757,128,758,2,793,952324,794,1520,795,952324,796,32,798,2,806,android,857,USB,858,1,947,0,1395,3,1500,952162,1688,1]
12-08 04:32:59.217 1518 6026 I notification_visibility: [-1|android|32|null|1000,0,952324,952324,0,2]
12-08 04:33:02.144 1518 1752 I commit_sys_config_file: [settings-2-0,13]
12-08 04:33:04.576 1518 1752 I commit_sys_config_file: [settings-2-0,6]
12-08 04:33:07.887 1518 6026 I sysui_multi_action: [757,128,758,1,793,779286,794,0,795,779286,796,26,798,0,806,android,857,DEVELOPER_IMPORTANT,858,4,947,0,1395,3,1500,779079,1688,1]
12-08 04:33:07.887 1518 6026 I sysui_multi_action: [757,804,799,note_freshness,801,779286,802,1]
12-08 04:33:07.887 1518 6026 I notification_visibility: [-1|android|26|null|1000,1,779286,779286,0,0]
12-08 04:33:07.887 1518 6026 I sysui_multi_action: [757,128,758,1,793,99911,794,0,795,99911,796,4273,798,1,806,com.android.systemui,857,screen_record,858,3,947,0,1395,3,1500,99709,1688,1,1745,680407814]
12-08 04:33:07.888 1518 6026 I sysui_multi_action: [757,804,799,note_freshness,801,99911,802,1]
12-08 04:33:07.888 1518 6026 I notification_visibility: [0|com.android.systemui|4273|null|10082,1,99911,99911,0,1]
12-08 04:33:07.888 1518 6026 I sysui_multi_action: [757,128,758,1,793,960995,794,0,795,960995,796,32,798,2,806,android,857,USB,858,1,947,0,1395,3,1500,960833,1688,1]
12-08 04:33:07.888 1518 6026 I sysui_multi_action: [757,804,799,note_freshness,801,960995,802,1]
12-08 04:33:07.888 1518 6026 I notification_visibility: [-1|android|32|null|1000,1,960995,960995,0,2]
12-08 04:33:10.423 1518 5679 I sysui_multi_action: [757,128,758,2,793,781822,794,2536,795,781822,796,26,798,0,806,android,857,DEVELOPER_IMPORTANT,858,4,947,0,1395,3,1500,781615,1688,1]
12-08 04:33:10.423 1518 5679 I notification_visibility: [-1|android|26|null|1000,0,781822,781822,0,0]
12-08 04:33:10.424 1518 5679 I sysui_multi_action: [757,128,758,2,793,102448,794,2537,795,102448,796,4273,798,1,806,com.android.systemui,857,screen_record,858,3,947,0,1395,3,1500,102246,1688,1,1745,680407814]
12-08 04:33:10.424 1518 5679 I notification_visibility: [0|com.android.systemui|4273|null|10082,0,102448,102448,0,1]
12-08 04:33:10.424 1518 5679 I sysui_multi_action: [757,128,758,2,793,963531,794,2536,795,963531,796,32,798,2,806,android,857,USB,858,1,947,0,1395,3,1500,963369,1688,1]
12-08 04:33:10.424 1518 5679 I notification_visibility: [-1|android|32|null|1000,0,963531,963531,0,2]
12-08 04:33:12.464 1518 5679 I sysui_multi_action: [757,128,758,1,793,783863,794,0,795,783863,796,26,798,0,806,android,857,DEVELOPER_IMPORTANT,858,4,947,0,1395,3,1500,783656,1688,1]
12-08 04:33:12.464 1518 5679 I sysui_multi_action: [757,804,799,note_freshness,801,783863,802,1]
12-08 04:33:12.465 1518 5679 I notification_visibility: [-1|android|26|null|1000,1,783863,783863,0,0]
12-08 04:33:12.465 1518 5679 I sysui_multi_action: [757,128,758,1,793,104489,794,0,795,104489,796,4273,798,1,806,com.android.systemui,857,screen_record,858,3,947,0,1395,3,1500,104287,1688,1,1745,680407814]
12-08 04:33:12.465 1518 5679 I sysui_multi_action: [757,804,799,note_freshness,801,104489,802,1]
12-08 04:33:12.465 1518 5679 I notification_visibility: [0|com.android.systemui|4273|null|10082,1,104489,104489,0,1]
12-08 04:33:12.465 1518 5679 I sysui_multi_action: [757,128,758,1,793,965572,794,0,795,965572,796,32,798,2,806,android,857,USB,858,1,947,0,1395,3,1500,965410,1688,1]
12-08 04:33:12.466 1518 5679 I sysui_multi_action: [757,804,799,note_freshness,801,965572,802,1]
12-08 04:33:12.466 1518 5679 I notification_visibility: [-1|android|32|null|1000,1,965572,965572,0,2]
12-08 04:33:14.016 1518 3327 I sysui_multi_action: [757,128,758,2,793,785415,794,1552,795,785415,796,26,798,0,806,android,857,DEVELOPER_IMPORTANT,858,4,947,0,1395,3,1500,785208,1688,1]
12-08 04:33:14.016 1518 3327 I notification_visibility: [-1|android|26|null|1000,0,785415,785415,0,0]
12-08 04:33:14.016 1518 3327 I sysui_multi_action: [757,128,758,2,793,106040,794,1551,795,106040,796,4273,798,1,806,com.android.systemui,857,screen_record,858,3,947,0,1395,3,1500,105838,1688,1,1745,680407814]
12-08 04:33:14.016 1518 3327 I notification_visibility: [0|com.android.systemui|4273|null|10082,0,106040,106040,0,1]
12-08 04:33:14.017 1518 3327 I sysui_multi_action: [757,128,758,2,793,967124,794,1552,795,967124,796,32,798,2,806,android,857,USB,858,1,947,0,1395,3,1500,966962,1688,1]
12-08 04:33:14.017 1518 3327 I notification_visibility: [-1|android|32|null|1000,0,967124,967124,0,2]
12-08 04:33:39.680 1518 3327 I sysui_multi_action: [757,128,758,1,793,811079,794,0,795,811079,796,26,798,0,806,android,857,DEVELOPER_IMPORTANT,858,4,947,0,1395,3,1500,810872,1688,1]
12-08 04:33:39.680 1518 3327 I sysui_multi_action: [757,804,799,note_freshness,801,811079,802,1]
12-08 04:33:39.681 1518 3327 I notification_visibility: [-1|android|26|null|1000,1,811079,811079,0,0]
12-08 04:33:39.681 1518 3327 I sysui_multi_action: [757,128,758,1,793,131705,794,0,795,131705,796,4273,798,1,806,com.android.systemui,857,screen_record,858,3,947,0,1395,3,1500,131503,1688,1,1745,680407814]
12-08 04:33:39.681 1518 3327 I sysui_multi_action: [757,804,799,note_freshness,801,131705,802,1]
12-08 04:33:39.681 1518 3327 I notification_visibility: [0|com.android.systemui|4273|null|10082,1,131705,131705,0,1]
12-08 04:33:39.681 1518 3327 I sysui_multi_action: [757,128,758,1,793,992788,794,0,795,992788,796,32,798,2,806,android,857,USB,858,1,947,0,1395,3,1500,992626,1688,1]
12-08 04:33:39.681 1518 3327 I sysui_multi_action: [757,804,799,note_freshness,801,992788,802,1]
12-08 04:33:39.681 1518 3327 I notification_visibility: [-1|android|32|null|1000,1,992788,992788,0,2]
12-08 04:33:41.241 1518 2319 I GameModeConfig: isGameModeOn = false
12-08 04:33:41.242 1518 2319 I GameModeConfig: isGameModeOn = false
12-08 04:33:41.242 1518 2319 I GameModeConfig: isGameModeOn = false
12-08 04:33:41.242 1518 2319 I GameModeConfig: isGameModeOn = false
12-08 04:33:41.242 1518 2319 I GameModeConfig: isGameModeOn = false
12-08 04:33:41.244 1518 1518 I notification_enqueue: [10082,2377,com.android.systemui,2048,NULL,0,Notification(channel=updateNotification shortcut=null contentView=null vibrate=null sound=null defaults=0x0 flags=0x0 color=0x00000000 vis=PRIVATE),1]
12-08 04:33:41.244 2377 2377 I sysui_multi_action: [757,111,758,2]
12-08 04:33:41.245 2377 2377 I sysui_multi_action: [757,111,758,2]
12-08 04:33:41.251 2377 2377 I sysui_multi_action: [757,111,758,1]
12-08 04:33:41.252 2377 2377 I sysui_multi_action: [757,126,758,1,759,126,927,0,928,1,1593,0]
12-08 04:33:41.252 2377 2377 I sysui_multi_action: [757,113,758,1,759,113,927,1,928,1,1593,0]
12-08 04:33:41.252 2377 2377 I sysui_multi_action: [757,0,758,1,759,0,927,2,928,0,1593,0]
12-08 04:33:41.252 2377 2377 I sysui_multi_action: [757,0,758,1,759,0,927,3,928,0,1593,0]
12-08 04:33:41.253 2377 2377 I sysui_multi_action: [757,491,758,1,759,491,927,4,928,0,1311,-1,1593,0]
12-08 04:33:41.253 2377 2377 I sysui_multi_action: [757,0,758,1,759,0,927,5,928,0,1593,0]
12-08 04:33:41.253 2377 2377 I sysui_multi_action: [757,122,758,1,759,122,927,6,928,1,1593,0]
12-08 04:33:41.253 2377 2377 I sysui_multi_action: [757,0,758,1,759,0,927,7,1593,0]
12-08 04:33:41.253 2377 2377 I sysui_multi_action: [757,111,758,1]
12-08 04:33:41.253 2377 2377 I sysui_multi_action: [757,126,758,1,759,126,927,0,928,1,1593,0]
12-08 04:33:41.253 2377 2377 I sysui_multi_action: [757,113,758,1,759,113,927,1,928,1,1593,0]
12-08 04:33:41.254 2377 2377 I sysui_multi_action: [757,0,758,1,759,0,927,2,928,0,1593,0]
12-08 04:33:41.254 2377 2377 I sysui_multi_action: [757,0,758,1,759,0,927,3,928,0,1593,0]
12-08 04:33:41.266 1518 2319 I GameModeConfig: isGameModeOn = false
12-08 04:33:41.266 1518 2319 I GameModeConfig: isGameModeOn = false
12-08 04:33:41.267 1518 2319 I GameModeConfig: isGameModeOn = false
12-08 04:33:41.267 1518 2319 I GameModeConfig: isGameModeOn = false
12-08 04:33:41.267 1518 2319 I GameModeConfig: isGameModeOn = false
12-08 04:33:41.268 2377 2377 I sysui_multi_action: [757,111,758,2]
12-08 04:33:41.268 2377 2377 I sysui_multi_action: [757,111,758,2]
12-08 04:33:41.269 1518 1518 I notification_enqueue: [10082,2377,com.android.systemui,2048,NULL,0,Notification(channel=updateNotification shortcut=null contentView=null vibrate=null sound=null defaults=0x0 flags=0x0 color=0x00000000 vis=PRIVATE),1]
12-08 04:33:41.273 2377 2377 I sysui_multi_action: [757,111,758,1]
12-08 04:33:41.273 2377 2377 I sysui_multi_action: [757,126,758,1,759,126,927,0,928,1,1593,1]
