12-08 04:17:15.055 1518 1654 D CompatibilityChangeReporter: Compat change id reported: 135754954; UID 10081; state: ENABLED
12-08 04:17:15.056 1518 1655 D CompatibilityChangeReporter: Compat change id reported: 143937733; UID 10081; state: ENABLED
12-08 04:17:15.099 1518 2469 I commit_sys_config_file: [appops,18]
12-08 04:17:15.130 1518 1678 I commit_sys_config_file: [package-user-0,3]
12-08 04:17:15.131 1518 1678 I commit_sys_config_file: [package,58]
12-08 04:17:15.131 1518 1655 W ActivityManager: Slow operation: 78ms so far, now at startProcess: done updating battery stats
12-08 04:17:15.131 1518 1655 I am_proc_start: [0,4440,10081,com.qti.ltebc,broadcast,{com.qti.ltebc/com.qualcomm.ltebc.LTEBroadcastAlarmReceiver}]
12-08 04:17:15.132 1518 1655 W ActivityManager: Slow operation: 78ms so far, now at startProcess: building log message
12-08 04:17:15.132 1518 1655 I ActivityManager: Start proc 4440:com.qti.ltebc/u0a81 for broadcast {com.qti.ltebc/com.qualcomm.ltebc.LTEBroadcastAlarmReceiver}
12-08 04:17:15.132 1518 1655 W ActivityManager: Slow operation: 78ms so far, now at startProcess: starting to update pids map
12-08 04:17:15.134 1518 1655 W ActivityManager: Slow operation: 81ms so far, now at startProcess: done updating pids map
12-08 04:17:15.135 1518 2736 I am_proc_bound: [0,4440,com.qti.ltebc]
12-08 04:17:15.135 1518 4088 W NotificationService: Toast already killed. pkg=com.hht.lebocast token=android.os.BinderProxy@17590e9
12-08 04:17:15.136 1518 2736 D CompatibilityChangeReporter: Compat change id reported: 168419799; UID 10081; state: DISABLED
12-08 04:17:15.138 1518 2736 D CompatibilityChangeReporter: Compat change id reported: 181136395; UID 1000; state: DISABLED
12-08 04:17:15.139 1518 2736 D CompatibilityChangeReporter: Compat change id reported: 174042936; UID 1000; state: DISABLED
12-08 04:17:15.140 1518 2736 I am_uid_active: 10081
12-08 04:17:15.154 1518 1642 D CompanionDeviceManagerService: onPackageModified(packageName = com.android.stk)
12-08 04:17:15.165 1518 1518 I Telecom : DefaultDialerCache: Refreshing default dialer for user 0: now null: DDC.oR@ABM
12-08 04:17:15.169 1518 1642 D CompanionDeviceManagerService: onPackageModified(packageName = com.android.calendar)
12-08 04:17:15.170 1518 1518 I Telecom : DefaultDialerCache: Refreshing default dialer for user 0: now null: DDC.oR@ABQ
12-08 04:17:15.171 1518 1642 D CompanionDeviceManagerService: onPackageModified(packageName = com.android.gallery3d)
12-08 04:17:15.172 1518 1518 I Telecom : DefaultDialerCache: Refreshing default dialer for user 0: now null: DDC.oR@ABU
12-08 04:17:15.180 1518 1642 D CompanionDeviceManagerService: onPackageModified(packageName = com.android.inputmethod.latin)
12-08 04:17:15.180 1518 1642 D CompanionDeviceManagerService: onPackageModified(packageName = com.android.settings)
12-08 04:17:15.181 1518 1642 D CompanionDeviceManagerService: onPackageModified(packageName = com.android.systemui)
12-08 04:17:15.182 1518 1642 D CompanionDeviceManagerService: onPackageModified(packageName = com.android.permissioncontroller)
12-08 04:17:15.182 1518 1518 I Telecom : DefaultDialerCache: Refreshing default dialer for user 0: now null: DDC.oR@ABY
12-08 04:17:15.184 1518 1518 I Telecom : DefaultDialerCache: Refreshing default dialer for user 0: now null: DDC.oR@ABc
12-08 04:17:15.185 1518 1518 I Telecom : DefaultDialerCache: Refreshing default dialer for user 0: now null: DDC.oR@ABg
12-08 04:17:15.185 1518 1642 D CompanionDeviceManagerService: onPackageModified(packageName = com.android.traceur)
12-08 04:17:15.187 1518 1518 I Telecom : DefaultDialerCache: Refreshing default dialer for user 0: now null: DDC.oR@ABk
12-08 04:17:15.188 1518 1642 D CompanionDeviceManagerService: onPackageModified(packageName = com.android.bluetooth)
12-08 04:17:15.188 1518 1518 I Telecom : DefaultDialerCache: Refreshing default dialer for user 0: now null: DDC.oR@ABo
12-08 04:17:15.191 1518 1518 I Telecom : DefaultDialerCache: Refreshing default dialer for user 0: now null: DDC.oR@ABs
12-08 04:17:15.206 1518 1653 W VoiceInteractionManager: no available voice recognition services found for user 0
12-08 04:17:15.217 1518 1653 W VoiceInteractionManager: no available voice recognition services found for user 0
12-08 04:17:15.230 1518 1653 W VoiceInteractionManager: no available voice recognition services found for user 0
12-08 04:17:15.253 1518 1653 W VoiceInteractionManager: no available voice recognition services found for user 0
12-08 04:17:15.259 1518 1653 W VoiceInteractionManager: no available voice recognition services found for user 0
12-08 04:17:15.262 1518 1653 W VoiceInteractionManager: no available voice recognition services found for user 0
12-08 04:17:15.265 1518 1653 W VoiceInteractionManager: no available voice recognition services found for user 0
12-08 04:17:15.273 1518 1653 W VoiceInteractionManager: no available voice recognition services found for user 0
12-08 04:17:15.280 1518 1653 W VoiceInteractionManager: no available voice recognition services found for user 0
12-08 04:17:15.339 502 515 I auditd : type=1401 audit(0.0:363): op=security_compute_sid invalid_context=u:r:np_thundercomm_tlog_pstore:s0 scontext=u:r:init:s0 tcontext=u:object_r:np_thundercomm_tlog_pstore_exec:s0 tclass=process
12-08 04:17:15.531 1518 2422 I am_uid_running: 10054
12-08 04:17:15.532 1518 2422 D CompatibilityChangeReporter: Compat change id reported: 135634846; UID 10054; state: DISABLED
12-08 04:17:15.532 1518 2422 D CompatibilityChangeReporter: Compat change id reported: 177438394; UID 10054; state: DISABLED
12-08 04:17:15.532 1518 2422 D CompatibilityChangeReporter: Compat change id reported: 135772972; UID 10054; state: DISABLED
12-08 04:17:15.533 1518 2422 D CompatibilityChangeReporter: Compat change id reported: 135754954; UID 10054; state: DISABLED
12-08 04:17:15.534 1518 1655 D CompatibilityChangeReporter: Compat change id reported: 143937733; UID 10054; state: DISABLED
12-08 04:17:15.554 1518 1655 I am_proc_start: [0,4485,10054,com.qualcomm.qti.qms.service.trustzoneaccess,service,{com.qualcomm.qti.qms.service.trustzoneaccess/com.qualcomm.qti.qms.service.trustzoneaccess.TZAccessService}]
12-08 04:17:15.554 1518 1655 I ActivityManager: Start proc 4485:com.qualcomm.qti.qms.service.trustzoneaccess/u0a54 for service {com.qualcomm.qti.qms.service.trustzoneaccess/com.qualcomm.qti.qms.service.trustzoneaccess.TZAccessService}
12-08 04:17:15.594 1518 2422 I am_proc_bound: [0,4485,com.qualcomm.qti.qms.service.trustzoneaccess]
12-08 04:17:15.596 1518 2422 D CompatibilityChangeReporter: Compat change id reported: 168419799; UID 10054; state: DISABLED
12-08 04:17:15.716 1518 2463 I ActivityManager: Process com.qti.ltebc (pid 4440) has died: cch+5 CEM
12-08 04:17:15.717 1518 2463 I am_proc_died: [0,4440,com.qti.ltebc,905,19]
12-08 04:17:15.717 1518 2463 I am_uid_stopped: 10081
12-08 04:17:16.246 1518 2319 I GameModeConfig: isGameModeOn = false
12-08 04:17:17.759 4540 4540 I auditd : type=1400 audit(0.0:364): avc: denied { read } for comm="ls" name="/" dev="dm-5" ino=2 scontext=u:r:system_app:s0 tcontext=u:object_r:rootfs:s0 tclass=dir permissive=0
12-08 04:17:17.807 4544 4544 I auditd : type=1400 audit(0.0:365): avc: denied { read } for comm="ls" name="/" dev="dm-5" ino=2 scontext=u:r:system_app:s0 tcontext=u:object_r:rootfs:s0 tclass=dir permissive=0
12-08 04:17:18.271 1518 1653 I sysui_multi_action: [757,1717,758,1,759,0]
12-08 04:17:18.272 1518 1653 I sysui_multi_action: [757,1717,758,2,759,0]
12-08 04:17:18.272 1518 1653 I sysui_multi_action: [757,1717,758,3,759,0]
12-08 04:17:20.427 1518 2319 I GameModeConfig: isGameModeOn = false
12-08 04:17:23.067 1518 1654 I ActivityManager: Waited long enough for: ServiceRecord{7b01610 u0 com.qti.diagservices/.QTIDiagServices}
12-08 04:17:25.236 1518 4088 W OverlayManager: service 'idmap' died
12-08 04:17:25.360 1518 1654 I ActivityManager: Waited long enough for: ServiceRecord{f2b8a2d u0 com.thundercomm.gamemode/.ingame.services.ActivityMonitoringService}
12-08 04:17:25.387 1518 4088 I snet_event_log: [172655291,-1,]
12-08 04:17:25.394 1518 1654 I ActivityManager: Waited long enough for: ServiceRecord{d92fe55 u0 com.thundercomm.gamemode/.ingame.services.GameModeService}
12-08 04:17:25.871 1518 1518 W WindowManager: removeWindowToken: Attempted to remove non-existing token: android.os.Binder@109b4cf
12-08 04:17:27.066 1518 1653 I am_pss : [2380,10094,com.android.permissioncontroller,14704640,12800000,0,104316928,0,6,11]
12-08 04:17:27.078 1518 1653 I am_pss : [3278,10086,com.qualcomm.qtil.aptxui,6901760,5521408,0,90861568,0,19,10]
12-08 04:17:27.089 1518 1653 I am_pss : [3083,10066,com.android.deskclock,10446848,8728576,0,100749312,0,19,9]
12-08 04:17:27.097 1518 1653 I am_pss : [3082,10096,android.ext.services,7109632,5402624,0,95956992,0,5,7]
12-08 04:17:27.105 1518 1653 I am_pss : [2824,10080,com.android.launcher3,14579712,12599296,0,106315776,0,5,7]
12-08 04:17:27.113 1518 1653 I am_pss : [2808,1000,com.android.settings:CryptKeeper,13870080,5160960,0,116768768,0,19,7]
12-08 04:17:27.654 1518 1653 I am_pss : [3523,1000,com.android.provision,16440320,8830976,0,129826816,0,14,12]
12-08 04:17:27.667 1518 1653 I am_pss : [3712,10029,com.android.externalstorage,5514240,3969024,0,92598272,0,19,9]
12-08 04:17:27.676 1518 1653 I am_pss : [3493,10078,com.qualcomm.location.XT,6098944,4575232,0,92581888,0,6,7]
12-08 04:17:27.686 1518 1653 I am_pss : [2932,1000,com.android.settings,22978560,13750272,0,137179136,0,19,8]
12-08 04:17:27.693 1518 1653 I am_pss : [3739,10030,com.android.managedprovisioning,8912896,7413760,0,95502336,0,19,5]
12-08 04:17:27.704 1518 1653 I am_pss : [3724,10035,com.baidu.input,83662848,76341248,0,201252864,0,7,9]
12-08 04:17:27.711 1518 1653 I am_pss : [3539,10019,com.android.documentsui,13202432,11034624,0,108191744,0,19,7]
12-08 04:17:27.717 1518 1653 I am_pss : [3460,1000,com.android.keychain,7974912,6496256,0,93663232,0,19,5]
12-08 04:17:27.913 1518 1653 I am_pss : [3855,10021,com.android.traceur,10045440,8560640,0,95952896,0,19,11]
12-08 04:17:28.208 1518 1653 I am_pss : [3930,10064,com.android.calendar,7335936,5652480,0,95830016,0,19,12]
12-08 04:17:28.221 1518 1653 I am_pss : [3892,1000,com.qti.diagservices,5595136,3796992,0,94429184,0,10,10]
12-08 04:17:28.361 1518 1653 I am_pss : [3954,10025,com.hryt.hiphishowfsecontrol,18153472,15212544,0,106590208,0,19,12]
12-08 04:17:28.528 1518 1653 I am_pss : [4038,1000,com.android.dynsystem,5152768,3670016,0,89923584,0,19,9]
12-08 04:17:28.956 1518 1653 I am_pss : [4060,1000,com.android.dynsystem:dynsystem,5429248,3809280,0,90910720,0,19,11]
12-08 04:17:29.168 1518 1653 I am_pss : [4119,10090,com.android.music,7280640,5353472,0,93351936,0,19,9]
12-08 04:17:29.276 1518 1653 I am_pss : [4161,10060,com.android.onetimeinitializer,4861952,3444736,0,89513984,0,19,10]
12-08 04:17:29.363 1518 1653 I am_pss : [4178,10022,com.android.packageinstaller,6998016,5615616,0,91086848,0,19,9]
12-08 04:17:29.612 1518 1653 I am_pss : [4197,2000,com.android.shell,5527552,4120576,0,90202112,0,19,11]
12-08 04:17:30.079 1518 1653 I am_pss : [4213,1001,com.android.phone,7467008,5632000,0,93155328,0,19,11]
12-08 04:17:30.099 1518 1653 I am_pss : [4271,1000,com.android.localtransport,5139456,3674112,0,90947584,0,19,7]
12-08 04:17:30.201 1518 1653 I am_pss : [4292,10058,com.qualcomm.qti.qms.service.connectionsecurity,18380800,4145152,0,77299712,0,19,9]
12-08 04:17:30.384 1518 1653 I am_pss : [4314,1000,com.thundercomm.gamemode,16199680,12869632,0,116244480,0,10,12]
12-08 04:17:35.142 1518 2323 I volume_changed: [3,13,10,39,AS.AudioService]
12-08 04:17:35.148 1518 2323 I volume_changed: [3,13,10,39,AS.AudioService]
12-08 04:17:35.154 1518 2323 I volume_changed: [3,13,10,39,AS.AudioService]
12-08 04:17:35.394 1518 1752 I commit_sys_config_file: [settings-0-0,12]
12-08 04:17:35.876 1518 1752 I commit_sys_config_file: [settings-1-0,9]
12-08 04:17:41.566 1518 2303 I netstats_mobile_sample: [0,0,0,0,0,0,0,0,0,0,0,0,1670444261566]
12-08 04:17:41.566 1518 2303 I netstats_wifi_sample: [0,0,0,0,0,0,0,0,0,0,0,0,1670444261566]
12-08 04:17:41.568 1518 1653 I am_pss : [3473,10095,com.android.providers.media.module,19874816,16191488,0,126156800,0,0,10]
12-08 04:17:41.580 1518 1653 I am_pss : [2360,1002,com.android.bluetooth,30880768,24768512,0,140083200,0,0,10]
12-08 04:17:41.587 1518 1653 I am_pss : [3159,10073,com.qualcomm.location,9406464,7266304,0,101412864,0,0,6]
12-08 04:17:41.594 1518 1653 I am_pss : [2603,1001,.dataservices,7330816,5791744,0,93540352,0,0,6]
12-08 04:17:41.600 1518 1653 I am_pss : [2511,1073,com.android.networkstack.process,10371072,8212480,0,104169472,0,0,6]
12-08 04:17:41.615 1518 1653 I am_pss : [2377,10082,com.android.systemui,132525056,107974656,0,293822464,0,0,11]
12-08 04:17:41.634 1518 1653 I am_pss : [1518,1000,system,205145088,110718976,0,519712768,0,0,17]
12-08 04:17:41.925 1210 1210 I wificond: Regulatory domain changed to country: CN on wiphy_index: 0
12-08 04:17:41.929 1210 1210 I wificond: 2.4Ghz frequencies: 2412 2417 2422 2427 2432 2437 2442 2447 2452 2457 2462 2467 2472
12-08 04:17:41.929 1210 1210 I wificond: 5Ghz non-DFS frequencies: 5180 5200 5220 5240 5745 5765 5785 5805 5825
12-08 04:17:41.930 1210 1210 I wificond: 5Ghz DFS frequencies: 5260 5280 5300 5320
12-08 04:17:41.930 1210 1210 I wificond: 6Ghz frequencies:
12-08 04:17:41.930 1210 1210 I wificond: 60Ghz frequencies:
12-08 04:17:42.839 1284 3033 I liblog : 32
12-08 04:18:05.047 1518 1653 I am_pss : [3493,10078,com.qualcomm.location.XT,6098944,4575232,0,92581888,0,6,7]
12-08 04:18:05.058 1518 1653 I am_pss : [3724,10035,com.baidu.input,83662848,76341248,0,201252864,0,7,10]
12-08 04:18:05.065 1518 1653 I am_pss : [3082,10096,android.ext.services,7109632,5402624,0,95956992,0,5,7]
12-08 04:18:05.072 1518 1653 I am_pss : [2824,10080,com.android.launcher3,14579712,12599296,0,106315776,0,5,6]
12-08 04:18:13.015 1518 1654 I am_uid_idle: 10067
12-08 04:18:15.171 1518 1653 I am_pss : [3473,10095,com.android.providers.media.module,19852288,16191488,0,126156800,0,0,11]
12-08 04:18:15.183 1518 1653 I am_pss : [3159,10073,com.qualcomm.location,9406464,7266304,0,101412864,0,0,10]
12-08 04:18:27.056 1518 1654 I am_uid_idle: 10019
12-08 04:18:27.639 1518 1654 I am_uid_idle: 10034
12-08 04:18:27.761 1518 1654 I am_uid_idle: 10018
12-08 04:18:27.786 1518 1654 I am_uid_idle: 10021
12-08 04:18:28.192 1518 1654 I am_uid_idle: 10025
12-08 04:18:28.346 1518 1654 I am_uid_idle: 10064
12-08 04:18:28.351 1518 1654 I am_uid_idle: 10066
12-08 04:18:28.515 1518 1654 I am_uid_idle: 10065
12-08 04:18:28.942 1518 1654 I am_uid_idle: 10030
12-08 04:18:28.953 1518 1654 I am_uid_idle: 10090
12-08 04:18:29.155 1518 1654 I am_uid_idle: 10060
12-08 04:18:29.263 1518 1654 I am_uid_idle: 10022
12-08 04:18:29.364 1518 1654 I am_uid_idle: 10023
12-08 04:18:29.403 1518 1654 I am_uid_idle: 2000
12-08 04:18:30.095 1518 1654 I am_uid_idle: 10089
12-08 04:18:30.104 1518 1654 I am_uid_idle: 10058
12-08 04:18:30.205 1518 1654 I am_uid_idle: 10086
12-08 04:18:52.835 1284 3033 I liblog : 36
12-08 04:19:15.157 1518 1654 I am_uid_idle: 10094
12-08 04:19:34.739 1518 2002 I input_interaction: Interaction with: 77790c com.thundercomm.tcsetupwizard/com.thundercomm.tcsetupwizard.TcSetupStartActivity (server), edge-swipe (server), swipe-up (server), PointerEventDispatcher0 (server),
12-08 04:19:34.748 1518 4088 I ActivityTaskManager: START u0 {cmp=com.thundercomm.tcsetupwizard/.TcSetupSecondActivity} from uid 1000
12-08 04:19:34.752 1518 4088 D CompatibilityChangeReporter: Compat change id reported: 174042980; UID 1000; state: DISABLED
12-08 04:19:34.754 1518 4088 I wm_task_moved: [1,1,5]
12-08 04:19:34.754 1518 4088 I wm_set_resumed_activity: [0,com.thundercomm.tcsetupwizard/.TcSetupStartActivity,positionChildAt]
12-08 04:19:34.754 1518 4088 I wm_task_moved: [9,1,2147483647]
12-08 04:19:34.754 1518 4088 I wm_create_activity: [0,189341653,9,com.thundercomm.tcsetupwizard/.TcSetupSecondActivity,NULL,NULL,NULL,0]
12-08 04:19:34.756 1518 4088 I wm_pause_activity: [0,200896159,com.thundercomm.tcsetupwizard/.TcSetupStartActivity,userLeaving=true,resumeTopActivityInnerLocked]
12-08 04:19:34.763 2646 2646 I wm_on_top_resumed_lost_called: [200896159,com.thundercomm.tcsetupwizard.TcSetupStartActivity,topStateChangedWhenResumed]
12-08 04:19:34.764 2646 2646 I wm_on_paused_called: [200896159,com.thundercomm.tcsetupwizard.TcSetupStartActivity,performPause]
12-08 04:19:34.766 1518 2736 I ActivityTaskManager: FOREGROUND_APPLICATION_CHANGED to com.thundercomm.tcsetupwizard.TcSetupSecondActivity
12-08 04:19:34.766 1518 2736 I ActivityTaskManager: The Process com.thundercomm.tcsetupwizard Already Exists in BG. So sending its PID: 2646
12-08 04:19:34.767 1518 2736 W ActivityTaskManager: Tried to set launchTime (0) < mLastActivityLaunchTime (26745)
12-08 04:19:34.767 1518 2736 I wm_add_to_stopping: [0,200896159,com.thundercomm.tcsetupwizard/.TcSetupStartActivity,makeInvisible]
12-08 04:19:34.769 1518 2736 I wm_restart_activity: [0,189341653,9,com.thundercomm.tcsetupwizard/.TcSetupSecondActivity]
12-08 04:19:34.771 1518 2736 I wm_set_resumed_activity: [0,com.thundercomm.tcsetupwizard/.TcSetupSecondActivity,minimalResumeActivityLocked]
12-08 04:19:34.776 1518 1645 I sysui_multi_action: [757,803,799,window_time_0,802,148]
12-08 04:19:34.794 1518 2002 I input_focus: [Focus leaving 77790c com.thundercomm.tcsetupwizard/com.thundercomm.tcsetupwizard.TcSetupStartActivity (server),reason=NO_WINDOW]
12-08 04:19:34.795 1518 1653 I am_pss : [2646,1000,com.thundercomm.tcsetupwizard,38773760,34119680,0,148545536,0,1,7]
12-08 04:19:34.803 1518 1653 I am_pss : [3523,1000,com.android.provision,16417792,8830976,0,129826816,0,14,6]
12-08 04:19:34.810 1518 1653 I am_pss : [2380,10094,com.android.permissioncontroller,14496768,12382208,0,105717760,0,19,6]
12-08 04:19:34.817 1518 1653 I am_pss : [4485,10054,com.qualcomm.qti.qms.service.trustzoneaccess,5404672,3821568,0,91258880,0,19,5]
12-08 04:19:34.824 1518 1653 I am_pss : [3816,10034,com.android.providers.calendar,7088128,5320704,0,97873920,0,19,5]
12-08 04:19:34.831 1518 1653 I am_pss : [4061,10065,com.android.gallery3d,8182784,6578176,0,95154176,0,19,6]
12-08 04:19:34.838 1518 1653 I am_pss : [3445,10023,android.process.media,10591232,8482816,0,104185856,0,10,6]
12-08 04:19:34.844 1518 1653 I am_pss : [3712,10029,com.android.externalstorage,5514240,3969024,0,92598272,0,19,6]
12-08 04:19:34.851 1518 1653 I am_pss : [4314,1000,com.thundercomm.gamemode,16223232,12902400,0,116277248,0,10,6]
12-08 04:19:34.857 1518 1653 I am_pss : [3047,10067,com.thundercomm.gamemode.provider,7483392,5820416,0,96423936,0,19,5]
12-08 04:19:34.863 1518 1653 I am_pss : [3278,10086,com.qualcomm.qtil.aptxui,6901760,5521408,0,90861568,0,19,5]
12-08 04:19:34.868 1518 1653 I am_pss : [4292,10058,com.qualcomm.qti.qms.service.connectionsecurity,18379776,4145152,0,77299712,0,19,4]
12-08 04:19:34.874 1518 1653 I am_pss : [2950,10089,com.qualcomm.qti.qccauthmgr,6036480,4341760,0,95326208,0,19,5]
12-08 04:19:34.879 4314 4334 W ContextImpl: Calling a method in the system process without a qualified user: android.app.ContextImpl.startService:1816 android.content.ContextWrapper.startService:774 com.thundercomm.gamemode.ingame.services.GameModeActionUtils.startGameModeService:93 com.thundercomm.gamemode.ingame.services.GameModeActionUtils.startGameModeEntry:21 com.thundercomm.gamemode.ingame.services.ActivityMonitoringService$1.onActivityLaunch:127
12-08 04:19:34.880 1518 1653 I am_pss : [4271,1000,com.android.localtransport,5139456,3674112,0,90947584,0,19,5]
12-08 04:19:34.885 1518 1518 I GameModeConfig: Current uri is uri = content://com.thundercomm.gamemode.api/gamemode_settings/gamemode_isgaming
12-08 04:19:34.886 1518 1518 I am_uid_active: 10067
12-08 04:19:34.886 1518 1653 I am_pss : [4213,1001,com.android.phone,7467008,5632000,0,93155328,0,19,6]
12-08 04:19:34.888 1518 1518 I GameModeConfig: isGameModeOn = false
12-08 04:19:34.889 1518 1518 I GameModeConfig: isGameModeOn = false
12-08 04:19:34.889 1518 1518 I GameModeConfig: isDisableVoice = true
12-08 04:19:34.892 1518 1653 I am_pss : [4197,2000,com.android.shell,5527552,4120576,0,90202112,0,19,6]
12-08 04:19:34.901 1518 1653 I am_pss : [2932,1000,com.android.settings,22974464,13750272,0,137179136,0,19,7]
12-08 04:19:34.907 1518 1653 I am_pss : [3659,10018,android.process.acore,12832768,9420800,0,117006336,0,19,5]
12-08 04:19:34.908 505 505 I auditd : avc: denied { find } for interface=vendor.qti.qspmhal::IQspmhal sid=u:r:mediaserver:s0 pid=1205 scontext=u:r:mediaserver:s0 tcontext=u:object_r:vendor_hal_qspmhal_hwservice:s0 tclass=hwservice_manager permissive=0
12-08 04:19:34.914 1518 1653 I am_pss : [4178,10022,com.android.packageinstaller,6998016,5615616,0,91086848,0,19,5]
12-08 04:19:34.921 1518 1653 I am_pss : [4161,10060,com.android.onetimeinitializer,4861952,3444736,0,89513984,0,19,5]
12-08 04:19:34.928 1518 1653 I am_pss : [4119,10090,com.android.music,7280640,5353472,0,93351936,0,19,6]
12-08 04:19:34.934 1518 1653 I am_pss : [3739,10030,com.android.managedprovisioning,8912896,7413760,0,95502336,0,19,5]
12-08 04:19:34.940 1518 1653 I am_pss : [4060,1000,com.android.dynsystem:dynsystem,5429248,3809280,0,90910720,0,19,4]
12-08 04:19:34.945 1518 1653 I am_pss : [4038,1000,com.android.dynsystem,5153792,3670016,0,89923584,0,19,4]
12-08 04:19:34.951 1518 1653 I am_pss : [3083,10066,com.android.deskclock,10446848,8728576,0,100749312,0,19,5]
12-08 04:19:34.957 1518 1653 I am_pss : [3930,10064,com.android.calendar,7335936,5652480,0,95830016,0,19,5]
12-08 04:19:34.964 1518 1653 I am_pss : [3954,10025,com.hryt.hiphishowfsecontrol,18129920,15212544,0,106590208,0,19,6]
12-08 04:19:34.970 1518 1653 I am_pss : [3892,1000,com.qti.diagservices,5595136,3796992,0,94429184,0,10,5]
12-08 04:19:34.976 1518 1653 I am_pss : [3855,10021,com.android.traceur,10045440,8560640,0,95952896,0,19,5]
12-08 04:19:34.981 1518 1653 I am_pss : [3539,10019,com.android.documentsui,11975680,9814016,0,106971136,0,19,5]
12-08 04:19:34.987 1518 1653 I am_pss : [3460,1000,com.android.keychain,7974912,6496256,0,93663232,0,19,5]
12-08 04:19:34.993 1518 1653 I am_pss : [3413,10087,com.qualcomm.qti.workloadclassifier,12334080,10194944,0,104439808,0,0,6]
12-08 04:19:35.000 1518 1653 I am_pss : [3407,10085,com.qualcomm.qti.qccnetstat,5733376,4243456,0,91058176,0,0,5]
12-08 04:19:35.008 1518 1653 I am_pss : [3381,10076,com.qualcomm.qti.services.systemhelper:systemhelper_service,5977088,4423680,0,93360128,0,0,5]
12-08 04:19:35.015 1518 1653 I am_pss : [3366,10057,.pasr,5032960,3633152,0,89018368,0,0,5]
12-08 04:19:35.022 1518 1653 I am_pss : [3338,10059,ts.car.uart,5813248,4411392,0,90140672,0,0,5]
12-08 04:19:35.029 1518 1653 I am_pss : [3302,10083,com.hht.lebocast,36613120,17625088,0,109416448,0,0,6]
12-08 04:19:35.035 1518 1653 I am_pss : [2807,1000,com.qualcomm.qti.qdma,9272320,6549504,0,105996288,0,0,6]
12-08 04:19:35.041 1518 1653 I am_pss : [2798,1000,com.thundercomm.tcservice,8051712,6426624,0,95928320,0,0,5]
12-08 04:19:35.048 1518 1653 I am_pss : [2763,1000,com.thundercomm.remotecontrolservice,9314304,7319552,0,101134336,0,0,4]
12-08 04:19:35.055 1518 1653 I am_pss : [2720,1068,com.android.se,5437440,3973120,0,91283456,0,0,5]
12-08 04:19:35.061 1518 1653 I am_pss : [2673,10088,com.qti.qualcomm.mstatssystemservice,5067776,3661824,0,89436160,0,0,5]
12-08 04:19:35.067 1518 1653 I am_pss : [2643,1000,com.tc.logclient,7129088,5386240,0,97738752,0,0,5]
12-08 04:19:35.074 1518 1653 I am_pss : [2662,1000,vendor.qti.qesdk.sysservice,5228544,3743744,0,90914816,0,0,5]
12-08 04:19:35.079 1518 1653 I am_pss : [2635,1000,com.thundercomm.tchttpserver,7752704,6316032,0,93143040,0,0,5]
12-08 04:19:35.085 1518 1653 I am_pss : [2604,10055,.qtidataservices,5523456,4079616,0,91189248,0,0,5]
12-08 04:19:35.087 1518 1752 I commit_sys_config_file: [settings-1-0,8]
12-08 04:19:35.093 1518 1653 I am_pss : [2594,1000,com.thundercomm.microsettings,34938880,32055296,0,128360448,0,0,6]
12-08 04:19:35.099 1518 1653 I am_pss : [2576,1000,com.thundercomm.microservice,8491008,7008256,0,94642176,0,0,5]
12-08 04:19:35.161 1518 2002 I input_interaction: Interaction with: edge-swipe (server), swipe-up (server), PointerEventDispatcher0 (server),
12-08 04:19:35.284 1518 3327 I commit_sys_config_file: [settings-0-0,3]
12-08 04:19:35.289 1518 3327 I commit_sys_config_file: [settings-2-0,4]
12-08 04:19:35.289 2646 2646 I wm_on_create_called: [189341653,com.thundercomm.tcsetupwizard.TcSetupSecondActivity,performCreate]
12-08 04:19:35.290 2646 2646 I wm_on_start_called: [189341653,com.thundercomm.tcsetupwizard.TcSetupSecondActivity,handleStartActivity]
12-08 04:19:35.290 1518 1518 I LockSettingsService: Reporting device setup complete to IGateKeeperService
12-08 04:19:35.290 2646 2646 I wm_on_resume_called: [189341653,com.thundercomm.tcsetupwizard.TcSetupSecondActivity,RESUME_ACTIVITY]
12-08 04:19:35.294 2646 2646 I view_enqueue_input_event: [Motion - Cancel,com.thundercomm.tcsetupwizard/com.thundercomm.tcsetupwizard.TcSetupStartActivity]
12-08 04:19:35.295 2646 2646 I wm_on_top_resumed_gained_called: [189341653,com.thundercomm.tcsetupwizard.TcSetupSecondActivity,topStateChangedWhenResumed]
12-08 04:19:35.302 1518 1646 I input_focus: [Focus request 5cb43f2 com.thundercomm.tcsetupwizard/com.thundercomm.tcsetupwizard.TcSetupSecondActivity,reason=UpdateInputWindows]
12-08 04:19:35.307 516 516 I auditd : type=1400 audit(0.0:366): avc: denied { read } for comm="qseecomd" name="/" dev="tmpfs" ino=13323 scontext=u:r:tee:s0 tcontext=u:object_r:tmpfs:s0 tclass=dir permissive=0
12-08 04:19:35.320 2360 3625 I liblog : 345
12-08 04:19:35.333 1518 1654 W BroadcastQueue: Background execution not allowed: receiving Intent { act=android.intent.action.USER_PRESENT flg=0x24200010 } to com.microsoft.emmx/org.chromium.chrome.browser.sharing.click_to_call.ClickToCallMessageHandler$PhoneUnlockedReceiver
12-08 04:19:35.392 1518 1518 I DevicePolicyManager: Set ro.organization_owned property to false
12-08 04:19:35.392 1518 1646 I ActivityRecord: real home.....com.thundercomm.tcsetupwizard/.TcSetupSecondActivity
12-08 04:19:35.393 1518 1646 I WindowManager: ******* TELLING SURFACE FLINGER WE ARE BOOTED!
12-08 04:19:35.394 1518 1642 I wm_activity_launch_time: [0,189341653,com.thundercomm.tcsetupwizard/.TcSetupSecondActivity,630]
12-08 04:19:35.398 1518 1645 D ColorDisplayService: setUp: currentUser=0
12-08 04:19:35.399 1518 1653 D PinnerService: pinRangeStream: null
12-08 04:19:35.400 1518 1653 D PinnerService: pinRangeStream: null
12-08 04:19:35.401 1518 1653 D PinnerService: pinRangeStream: null
12-08 04:19:35.413 1518 2002 I input_focus: [Focus entering 5cb43f2 com.thundercomm.tcsetupwizard/com.thundercomm.tcsetupwizard.TcSetupSecondActivity (server),reason=Window became focusable. Previous reason: NOT_VISIBLE]
12-08 04:19:35.413 1518 1645 I configuration_changed: 536871936
12-08 04:19:35.414 1518 1645 I ActivityTaskManager: Config changes=20000400 {1.0 ?mcc?mnc [zh_CN] ldltr sw720dp w1706dp h656dp 240dpi lrg long hdr land finger -keyb/v/h -nav/h winConfig={ mBounds=Rect(0, 0 - 2560, 1080) mAppBounds=Rect(0, 0 - 2560, 1056) mMaxBounds=Rect(0, 0 - 2560, 1080) mWindowingMode=fullscreen mDisplayWindowingMode=fullscreen mActivityType=undefined mAlwaysOnTop=undefined mRotation=ROTATION_0} s.16 fontWeightAdjustment=0}
12-08 04:19:35.423 1518 1645 I WindowManager: Override config changes=20000400 {1.0 ?mcc?mnc [zh_CN] ldltr sw720dp w1706dp h656dp 240dpi lrg long hdr land finger -keyb/v/h -nav/h winConfig={ mBounds=Rect(0, 0 - 2560, 1080) mAppBounds=Rect(0, 0 - 2560, 1056) mMaxBounds=Rect(0, 0 - 2560, 1080) mWindowingMode=fullscreen mDisplayWindowingMode=fullscreen mActivityType=undefined mAlwaysOnTop=undefined mRotation=ROTATION_0} s.16 fontWeightAdjustment=0} for displayId=0
12-08 04:19:35.430 1518 1645 D ColorDisplayService: onNightDisplayAutoModeChanged: autoMode=0
12-08 04:19:35.430 1518 1645 I ColorDisplayService: Turning off night display
12-08 04:19:35.430 1518 1645 D ColorDisplayService: Setting bright color reduction level: 50
12-08 04:19:35.431 1518 1670 V DisplayPowerController[0]: Brightness [1.0] manual adjustment.
12-08 04:19:35.801 1518 1645 I wm_stop_activity: [0,200896159,com.thundercomm.tcsetupwizard/.TcSetupStartActivity]
12-08 04:19:35.854 2646 2646 I wm_on_stop_called: [200896159,com.thundercomm.tcsetupwizard.TcSetupStartActivity,STOP_ACTIVITY_ITEM]
12-08 04:19:35.881 1518 2002 I input_interaction: Interaction with: 5cb43f2 com.thundercomm.tcsetupwizard/com.thundercomm.tcsetupwizard.TcSetupSecondActivity (server), edge-swipe (server), swipe-up (server), PointerEventDispatcher0 (server),
12-08 04:19:37.778 1518 2736 I wm_finish_activity: [0,189341653,9,com.thundercomm.tcsetupwizard/.TcSetupSecondActivity,app-request]
12-08 04:19:37.780 1518 2736 I wm_pause_activity: [0,189341653,com.thundercomm.tcsetupwizard/.TcSetupSecondActivity,userLeaving=false,finish]
12-08 04:19:37.784 2646 2646 I wm_on_top_resumed_lost_called: [189341653,com.thundercomm.tcsetupwizard.TcSetupSecondActivity,topStateChangedWhenResumed]
12-08 04:19:37.784 2646 2646 I wm_on_paused_called: [189341653,com.thundercomm.tcsetupwizard.TcSetupSecondActivity,performPause]
12-08 04:19:37.785 1518 2736 I wm_add_to_stopping: [0,189341653,com.thundercomm.tcsetupwizard/.TcSetupSecondActivity,completeFinishing]
12-08 04:19:37.787 1518 2736 I ActivityTaskManager: FOREGROUND_APPLICATION_CHANGED to com.thundercomm.tcsetupwizard.TcSetupStartActivity
12-08 04:19:37.789 1518 2736 I wm_set_resumed_activity: [0,com.thundercomm.tcsetupwizard/.TcSetupStartActivity,resumeTopActivityInnerLocked]
12-08 04:19:37.792 1518 2736 I wm_resume_activity: [0,200896159,9,com.thundercomm.tcsetupwizard/.TcSetupStartActivity]
12-08 04:19:37.798 1518 1645 I sysui_multi_action: [757,803,799,window_time_0,802,3]
12-08 04:19:37.800 1518 2736 I wm_finish_activity: [0,200896159,9,com.thundercomm.tcsetupwizard/.TcSetupStartActivity,app-request]
12-08 04:19:37.801 1518 2736 I wm_pause_activity: [0,200896159,com.thundercomm.tcsetupwizard/.TcSetupStartActivity,userLeaving=false,finish]
12-08 04:19:37.803 1518 2002 I input_focus: [Focus leaving 5cb43f2 com.thundercomm.tcsetupwizard/com.thundercomm.tcsetupwizard.TcSetupSecondActivity (server),reason=NO_WINDOW]
12-08 04:19:37.803 2646 2646 I wm_on_activity_result_called: [200896159,com.thundercomm.tcsetupwizard.TcSetupStartActivity,ACTIVITY_RESULT]
12-08 04:19:37.804 2646 2646 I wm_on_restart_called: [200896159,com.thundercomm.tcsetupwizard.TcSetupStartActivity,performRestartActivity]
12-08 04:19:37.807 1518 2422 I wm_add_to_stopping: [0,200896159,com.thundercomm.tcsetupwizard/.TcSetupStartActivity,completeFinishing]
12-08 04:19:37.808 1518 2422 I ActivityTaskManager: FOREGROUND_APPLICATION_CHANGED to com.android.provision.DefaultActivity
12-08 04:19:37.809 1518 2422 I wm_set_resumed_activity: [0,com.android.provision/.DefaultActivity,resumeTopActivityInnerLocked]
12-08 04:19:37.815 1518 2422 I wm_resume_activity: [0,46975172,9,com.android.provision/.DefaultActivity]
12-08 04:19:37.819 1518 1645 I sysui_multi_action: [757,803,799,window_time_0,802,0]
12-08 04:19:37.831 1518 2422 I commit_sys_config_file: [settings-0-0,6]
12-08 04:19:37.834 4314 4334 W ContextImpl: Calling a method in the system process without a qualified user: android.app.ContextImpl.startService:1816 android.content.ContextWrapper.startService:774 com.thundercomm.gamemode.ingame.services.GameModeActionUtils.startGameModeService:93 com.thundercomm.gamemode.ingame.services.GameModeActionUtils.startGameModeEntry:21 com.thundercomm.gamemode.ingame.services.ActivityMonitoringService$1.onActivityLaunch:127
12-08 04:19:37.834 1518 3327 I commit_sys_config_file: [settings-2-0,3]
12-08 04:19:37.836 1518 3327 I wm_finish_activity: [0,46975172,9,com.android.provision/.DefaultActivity,app-request]
12-08 04:19:37.836 1518 3327 I wm_task_moved: [1,1,5]
12-08 04:19:37.837 1518 3327 I wm_set_resumed_activity: [0,com.android.provision/.DefaultActivity,positionChildAt]
12-08 04:19:37.837 1518 3327 I wm_task_moved: [9,1,2147483647]
12-08 04:19:37.838 1518 3327 I wm_pause_activity: [0,46975172,com.android.provision/.DefaultActivity,userLeaving=false,finish]
12-08 04:19:37.840 3523 3523 I wm_on_activity_result_called: [46975172,com.android.provision.DefaultActivity,ACTIVITY_RESULT]
12-08 04:19:37.840 3523 3523 I wm_on_restart_called: [46975172,com.android.provision.DefaultActivity,performRestartActivity]
12-08 04:19:37.846 1518 2736 I ActivityTaskManager: START u0 {act=android.intent.action.MAIN cat=[android.intent.category.HOME] flg=0x10000100 cmp=com.android.launcher3/.uioverrides.QuickstepLauncher (has extras)} from uid 0
12-08 04:19:37.848 1518 1518 I GameModeConfig: Current uri is uri = content://com.thundercomm.gamemode.api/gamemode_settings/gamemode_isgaming
12-08 04:19:37.850 1518 1518 I GameModeConfig: isGameModeOn = false
12-08 04:19:37.850 1518 1518 I GameModeConfig: isGameModeOn = false
12-08 04:19:37.851 1518 1518 I GameModeConfig: isDisableVoice = true
12-08 04:19:37.851 1518 2736 D CompatibilityChangeReporter: Compat change id reported: 184838306; UID 10080; state: DISABLED
12-08 04:19:37.853 1518 2736 D CompatibilityChangeReporter: Compat change id reported: 185004937; UID 10080; state: DISABLED
12-08 04:19:37.854 1518 2736 D CompatibilityChangeReporter: Compat change id reported: 181136395; UID 10080; state: DISABLED
12-08 04:19:37.854 1518 2736 D CompatibilityChangeReporter: Compat change id reported: 174042936; UID 10080; state: DISABLED
12-08 04:19:37.855 1518 2736 D CompatibilityChangeReporter: Compat change id reported: 174042980; UID 10080; state: DISABLED
12-08 04:19:37.858 1518 2736 I wm_task_created: [10,-1]
12-08 04:19:37.859 1518 2736 I wm_task_moved: [10,1,2147483647]
12-08 04:19:37.859 1518 1653 D PinnerService: pinRangeStream: null
12-08 04:19:37.860 1518 2736 I wm_task_moved: [1,1,5]
12-08 04:19:37.860 1518 2736 I wm_create_task: [0,10]
12-08 04:19:37.860 1518 2736 I wm_create_activity: [0,73204664,10,com.android.launcher3/.uioverrides.QuickstepLauncher,android.intent.action.MAIN,NULL,NULL,268435712]
12-08 04:19:37.860 1518 2736 I wm_task_moved: [1,1,5]
12-08 04:19:37.860 1518 2736 I wm_task_moved: [10,1,2147483647]
12-08 04:19:37.860 1518 2736 I wm_task_to_front: [0,10]
12-08 04:19:37.863 1518 2736 I ActivityTaskManager: FOREGROUND_APPLICATION_CHANGED to com.android.launcher3.uioverrides.QuickstepLauncher
12-08 04:19:37.863 1518 2736 I ActivityTaskManager: The Process com.android.launcher3 Already Exists in BG. So sending its PID: 2824
12-08 04:19:37.864 1518 2736 I wm_restart_activity: [0,73204664,10,com.android.launcher3/.uioverrides.QuickstepLauncher]
12-08 04:19:37.864 1518 2736 I wm_set_resumed_activity: [0,com.android.launcher3/.uioverrides.QuickstepLauncher,minimalResumeActivityLocked]
12-08 04:19:37.869 1518 1653 D PinnerService: pinRangeStream: null
12-08 04:19:37.869 1518 1653 D PinnerService: pinRangeStream: null
12-08 04:19:37.875 1518 1645 I sysui_multi_action: [757,803,799,window_time_0,802,0]
12-08 04:19:37.880 4314 4334 W ContextImpl: Calling a method in the system process without a qualified user: android.app.ContextImpl.startService:1816 android.content.ContextWrapper.startService:774 com.thundercomm.gamemode.ingame.services.GameModeActionUtils.startGameModeService:93 com.thundercomm.gamemode.ingame.services.GameModeActionUtils.startGameModeEntry:21 com.thundercomm.gamemode.ingame.services.ActivityMonitoringService$1.onActivityLaunch:127
12-08 04:19:37.887 1518 1518 I GameModeConfig: Current uri is uri = content://com.thundercomm.gamemode.api/gamemode_settings/gamemode_isgaming
12-08 04:19:37.889 1518 1518 I GameModeConfig: isGameModeOn = false
12-08 04:19:37.889 1518 1518 I GameModeConfig: isGameModeOn = false
12-08 04:19:37.889 1518 1518 I GameModeConfig: isDisableVoice = true
12-08 04:19:37.975 4314 4334 W ContextImpl: Calling a method in the system process without a qualified user: android.app.ContextImpl.startService:1816 android.content.ContextWrapper.startService:774 com.thundercomm.gamemode.ingame.services.GameModeActionUtils.startGameModeService:93 com.thundercomm.gamemode.ingame.services.GameModeActionUtils.startGameModeEntry:21 com.thundercomm.gamemode.ingame.services.ActivityMonitoringService$1.onActivityLaunch:127
12-08 04:19:37.980 1518 1518 I GameModeConfig: Current uri is uri = content://com.thundercomm.gamemode.api/gamemode_settings/gamemode_isgaming
12-08 04:19:37.983 1518 1518 I GameModeConfig: isGameModeOn = false
12-08 04:19:37.984 1518 1518 I GameModeConfig: isGameModeOn = false
12-08 04:19:37.984 1518 1518 I GameModeConfig: isDisableVoice = true
12-08 04:19:38.063 2824 2899 D ActivityThread: Loading provider com.android.launcher3.settings: com.android.launcher3.LauncherProvider
12-08 04:19:38.067 2824 2824 I wm_on_create_called: [73204664,com.android.launcher3.uioverrides.QuickstepLauncher,performCreate]
12-08 04:19:38.068 2824 2824 I wm_on_start_called: [73204664,com.android.launcher3.uioverrides.QuickstepLauncher,handleStartActivity]
12-08 04:19:38.068 2824 2824 I wm_on_resume_called: [73204664,com.android.launcher3.uioverrides.QuickstepLauncher,RESUME_ACTIVITY]
12-08 04:19:38.073 2824 2824 I wm_on_top_resumed_gained_called: [73204664,com.android.launcher3.uioverrides.QuickstepLauncher,topStateChangedWhenResumed]
12-08 04:19:38.093 1518 1646 I input_focus: [Focus request 87852de com.android.launcher3/com.android.launcher3.uioverrides.QuickstepLauncher,reason=UpdateInputWindows]
12-08 04:19:38.120 1518 1646 I ActivityRecord: real home.....com.android.launcher3/.uioverrides.QuickstepLauncher
12-08 04:19:38.120 1518 1646 I WindowManager: ******* TELLING SURFACE FLINGER WE ARE BOOTED!
12-08 04:19:38.125 1518 1642 I sysui_multi_action: [319,274,322,273,325,177,757,761,758,8,759,2,806,com.android.launcher3,871,com.android.launcher3.uioverrides.QuickstepLauncher,905,0,1320,4,1321,1]
12-08 04:19:38.125 1518 3327 I wm_destroy_activity: [0,46975172,9,com.android.provision/.DefaultActivity,finish-idle]
12-08 04:19:38.125 3523 3523 I wm_on_destroy_called: [46975172,com.android.provision.DefaultActivity,performDestroy]
12-08 04:19:38.126 1518 1642 I wm_activity_launch_time: [0,73204664,com.android.launcher3/.uioverrides.QuickstepLauncher,273]
12-08 04:19:38.136 1518 2002 I input_focus: [Focus entering 87852de com.android.launcher3/com.android.launcher3.uioverrides.QuickstepLauncher (server),reason=Window became focusable. Previous reason: NOT_VISIBLE]
12-08 04:19:38.145 4314 4334 W ContextImpl: Calling a method in the system process without a qualified user: android.app.ContextImpl.startService:1816 android.content.ContextWrapper.startService:774 com.thundercomm.gamemode.ingame.services.GameModeActionUtils.startGameModeService:93 com.thundercomm.gamemode.ingame.services.GameModeActionUtils.startGameModeEntry:21 com.thundercomm.gamemode.ingame.services.ActivityMonitoringService$1.onActivityLaunch:127
12-08 04:19:38.150 1518 1518 I GameModeConfig: Current uri is uri = content://com.thundercomm.gamemode.api/gamemode_settings/gamemode_isgaming
12-08 04:19:38.152 1518 1518 I GameModeConfig: isGameModeOn = false
12-08 04:19:38.155 1518 1518 I GameModeConfig: isGameModeOn = false
12-08 04:19:38.155 1518 1518 I GameModeConfig: isDisableVoice = true
12-08 04:19:38.270 1518 1752 I commit_sys_config_file: [settings-1-0,8]
12-08 04:19:38.355 1518 1645 I wm_destroy_activity: [0,200896159,9,com.thundercomm.tcsetupwizard/.TcSetupStartActivity,finish-imm:idle]
12-08 04:19:38.355 1518 1645 I wm_destroy_activity: [0,189341653,9,com.thundercomm.tcsetupwizard/.TcSetupSecondActivity,finish-imm:idle]
12-08 04:19:38.457 1518 1645 D ColorDisplayService: NightDisplayTintController Animation cancelled: false to matrix:
12-08 04:19:38.457 1518 1645 D ColorDisplayService: 1.000000 0.000000 0.000000 0.000000 0.000000 1.000000 0.000000 0.000000 0.000000 0.000000 1.000000 0.000000 0.000000 0.000000 0.000000 1.000000 min matrix coefficients:
12-08 04:19:38.457 1518 1645 D ColorDisplayService: 1.000000 0.000000 0.000000 0.000000 0.000000 1.000000 0.000000 0.000000 0.000000 0.000000 1.000000 0.000000 0.000000 0.000000 0.000000 1.000000 max matrix coefficients:
12-08 04:19:38.457 1518 1645 D ColorDisplayService: 1.000000 0.000000 0.000000 0.000000 0.000000 1.000000 0.000000 0.000000 0.000000 0.000000 1.000000 0.000000 0.000000 0.000000 0.000000 1.000000
12-08 04:19:38.478 2646 2646 I wm_on_destroy_called: [200896159,com.thundercomm.tcsetupwizard.TcSetupStartActivity,performDestroy]
12-08 04:19:38.482 2646 2646 I wm_on_stop_called: [189341653,com.thundercomm.tcsetupwizard.TcSetupSecondActivity,LIFECYCLER_STOP_ACTIVITY]
12-08 04:19:38.482 2646 2646 I wm_on_destroy_called: [189341653,com.thundercomm.tcsetupwizard.TcSetupSecondActivity,performDestroy]
12-08 04:19:38.493 2646 2646 E ActivityThread: Activity com.thundercomm.tcsetupwizard.TcSetupStartActivity has leaked IntentReceiver com.thundercomm.tcsetupwizard.TcSetupStartActivity$1@db35c9a that was originally registered here. Are you missing a call to unregisterReceiver()?
12-08 04:19:38.493 2646 2646 E ActivityThread: android.app.IntentReceiverLeaked: Activity com.thundercomm.tcsetupwizard.TcSetupStartActivity has leaked IntentReceiver com.thundercomm.tcsetupwizard.TcSetupStartActivity$1@db35c9a that was originally registered here. Are you missing a call to unregisterReceiver()?
12-08 04:19:38.493 2646 2646 E ActivityThread: at android.app.LoadedApk$ReceiverDispatcher.(LoadedApk.java:1717)
12-08 04:19:38.493 2646 2646 E ActivityThread: at android.app.LoadedApk.getReceiverDispatcher(LoadedApk.java:1494)
12-08 04:19:38.493 2646 2646 E ActivityThread: at android.app.ContextImpl.registerReceiverInternal(ContextImpl.java:1757)
12-08 04:19:38.493 2646 2646 E ActivityThread: at android.app.ContextImpl.registerReceiver(ContextImpl.java:1723)
12-08 04:19:38.493 2646 2646 E ActivityThread: at android.app.ContextImpl.registerReceiver(ContextImpl.java:1711)
12-08 04:19:38.493 2646 2646 E ActivityThread: at android.content.ContextWrapper.registerReceiver(ContextWrapper.java:724)
12-08 04:19:38.493 2646 2646 E ActivityThread: at com.thundercomm.tcsetupwizard.TcSetupStartActivity.onCreate(TcSetupStartActivity.java:84)
12-08 04:19:38.493 2646 2646 E ActivityThread: at android.app.Activity.performCreate(Activity.java:8070)
12-08 04:19:38.493 2646 2646 E ActivityThread: at android.app.Activity.performCreate(Activity.java:8050)
12-08 04:19:38.493 2646 2646 E ActivityThread: at android.app.Instrumentation.callActivityOnCreate(Instrumentation.java:1330)
12-08 04:19:38.493 2646 2646 E ActivityThread: at android.app.ActivityThread.performLaunchActivity(ActivityThread.java:3609)
12-08 04:19:38.493 2646 2646 E ActivityThread: at android.app.ActivityThread.handleLaunchActivity(ActivityThread.java:3793)
12-08 04:19:38.493 2646 2646 E ActivityThread: at android.app.servertransaction.LaunchActivityItem.execute(LaunchActivityItem.java:103)
12-08 04:19:38.493 2646 2646 E ActivityThread: at android.app.servertransaction.TransactionExecutor.executeCallbacks(TransactionExecutor.java:135)
12-08 04:19:38.493 2646 2646 E ActivityThread: at android.app.servertransaction.TransactionExecutor.execute(TransactionExecutor.java:95)
12-08 04:19:38.493 2646 2646 E ActivityThread: at android.app.ActivityThread$H.handleMessage(ActivityThread.java:2211)
12-08 04:19:38.493 2646 2646 E ActivityThread: at android.os.Handler.dispatchMessage(Handler.java:106)
12-08 04:19:38.493 2646 2646 E ActivityThread: at android.os.Looper.loopOnce(Looper.java:201)
12-08 04:19:38.493 2646 2646 E ActivityThread: at android.os.Looper.loop(Looper.java:288)
12-08 04:19:38.493 2646 2646 E ActivityThread: at android.app.ActivityThread.main(ActivityThread.java:7880)
12-08 04:19:38.493 2646 2646 E ActivityThread: at java.lang.reflect.Method.invoke(Native Method)
12-08 04:19:38.493 2646 2646 E ActivityThread: at com.android.internal.os.RuntimeInit$MethodAndArgsCaller.run(RuntimeInit.java:548)
12-08 04:19:38.493 2646 2646 E ActivityThread: at com.android.internal.os.ZygoteInit.main(ZygoteInit.java:1009)
12-08 04:19:38.494 1518 1635 I wm_task_removed: [9,cleanUpResourcesForDestroy]
12-08 04:19:38.495 1518 1635 I wm_task_removed: [9,removeChild:removeChild last r=ActivityRecord{b491fd5 u0 com.thundercomm.tcsetupwizard/.TcSetupSecondActivity t-1 f}} in t=Task{a3d9895 #9 type=home A=1000:com.android.provision U=0 visible=false mode=fullscreen translucent=true sz=0}]
12-08 04:19:38.495 1518 1635 I wm_task_removed: [9,removeChild]
12-08 04:19:38.844 1518 1642 D CompanionDeviceManagerService: onPackageModified(packageName = com.android.provision)
12-08 04:19:38.845 1518 1645 I sysui_multi_action: [757,803,799,window_time_0,802,1]
12-08 04:19:38.851 1518 1518 I Telecom : DefaultDialerCache: Refreshing default dialer for user 0: now null: DDC.oR@AB0
12-08 04:19:38.860 1518 1642 I am_uid_active: 10094
12-08 04:19:38.872 1518 1653 W VoiceInteractionManager: no available voice recognition services found for user 0
12-08 04:19:38.928 1518 1518 W CarrierConfigManager: Error getting config for subId -1 ICarrierConfigLoader is null
12-08 04:19:38.928 1518 1518 I Telecom : PhoneAccountRegistrar: getSimCallManager: SimCallManager for subId -1 queried, returning: null: TSI.gSCMFU@AB4
12-08 04:19:38.934 1518 1518 W CarrierConfigManager: Error getting config for subId -1 ICarrierConfigLoader is null
12-08 04:19:38.934 1518 1518 I Telecom : PhoneAccountRegistrar: getSimCallManager: SimCallManager for subId -1 queried, returning: null: TSI.gSCMFU@AB8
12-08 04:19:38.948 4314 4334 W ContextImpl: Calling a method in the system process without a qualified user: android.app.ContextImpl.startService:1816 android.content.ContextWrapper.startService:774 com.thundercomm.gamemode.ingame.services.GameModeActionUtils.startGameModeService:93 com.thundercomm.gamemode.ingame.services.GameModeActionUtils.startGameModeEntry:21 com.thundercomm.gamemode.ingame.services.ActivityMonitoringService$1.onActivityLaunch:127
12-08 04:19:38.950 1518 1518 I GameModeConfig: Current uri is uri = content://com.thundercomm.gamemode.api/gamemode_settings/gamemode_isgaming
12-08 04:19:38.952 1518 1518 I GameModeConfig: isGameModeOn = false
12-08 04:19:38.953 1518 1518 I GameModeConfig: isGameModeOn = false
12-08 04:19:38.953 1518 1518 I GameModeConfig: isDisableVoice = true
12-08 04:19:46.420 1518 2002 I input_interaction: Interaction with: 87852de com.android.launcher3/com.android.launcher3.uioverrides.QuickstepLauncher (server), 4649e44 com.android.systemui.ImageWallpaper (server), edge-swipe (server), swipe-up (server), PointerEventDispatcher0 (server),
12-08 04:19:46.498 1518 4088 I ActivityTaskManager: START u0 {act=android.intent.action.MAIN cat=[android.intent.category.LAUNCHER] flg=0x10200000 cmp=com.android.settings/.Settings bnds=[2308,740][2494,940]} from uid 10080
12-08 04:19:46.508 1518 4088 I wm_task_created: [11,-1]
12-08 04:19:46.508 1518 4088 W ActivityTaskManager: Can't find TaskDisplayArea to determine support for multi window. Task id=11 attached=false
12-08 04:19:46.512 1518 4088 I wm_task_moved: [11,1,6]
12-08 04:19:46.512 1518 4088 I wm_task_to_front: [0,11]
12-08 04:19:46.513 1518 4088 I wm_create_task: [0,11]
12-08 04:19:46.513 1518 4088 I wm_create_activity: [0,186126676,11,com.android.settings/.Settings,android.intent.action.MAIN,NULL,NULL,270532608]
12-08 04:19:46.513 1518 4088 I wm_task_moved: [11,1,6]
12-08 04:19:46.516 1518 4088 I wm_pause_activity: [0,73204664,com.android.launcher3/.uioverrides.QuickstepLauncher,userLeaving=true,pauseBackTasks]
12-08 04:19:46.523 2824 2824 I wm_on_top_resumed_lost_called: [73204664,com.android.launcher3.uioverrides.QuickstepLauncher,topStateChangedWhenResumed]
12-08 04:19:46.524 2824 2824 I wm_on_paused_called: [73204664,com.android.launcher3.uioverrides.QuickstepLauncher,performPause]
12-08 04:19:46.526 1518 4088 I ActivityTaskManager: FOREGROUND_APPLICATION_CHANGED to com.android.settings.homepage.SettingsHomepageActivity
12-08 04:19:46.528 1518 4088 I ActivityTaskManager: The Process com.android.settings Already Exists in BG. So sending its PID: 2932
12-08 04:19:46.528 1518 4088 W ActivityTaskManager: Tried to set launchTime (0) < mLastActivityLaunchTime (25339)
12-08 04:19:46.528 1518 4088 I wm_add_to_stopping: [0,73204664,com.android.launcher3/.uioverrides.QuickstepLauncher,makeInvisible]
12-08 04:19:46.529 2377 2451 W StartingSurfaceDrawer: Window background is transparent, fill background with black color
12-08 04:19:46.530 1518 4088 I wm_restart_activity: [0,186126676,11,com.android.settings/.Settings]
12-08 04:19:46.532 1518 4088 I wm_set_resumed_activity: [0,com.android.settings/.Settings,minimalResumeActivityLocked]
12-08 04:19:46.547 1518 1645 I sysui_multi_action: [757,803,799,window_time_0,802,8]
12-08 04:19:46.556 1518 2002 I input_focus: [Focus leaving 87852de com.android.launcher3/com.android.launcher3.uioverrides.QuickstepLauncher (server),reason=NO_WINDOW]
12-08 04:19:46.556 4314 4334 W ContextImpl: Calling a method in the system process without a qualified user: android.app.ContextImpl.startService:1816 android.content.ContextWrapper.startService:774 com.thundercomm.gamemode.ingame.services.GameModeActionUtils.startGameModeService:93 com.thundercomm.gamemode.ingame.services.GameModeActionUtils.startGameModeEntry:21 com.thundercomm.gamemode.ingame.services.ActivityMonitoringService$1.onActivityLaunch:127
12-08 04:19:46.562 1518 1518 I GameModeConfig: Current uri is uri = content://com.thundercomm.gamemode.api/gamemode_settings/gamemode_isgaming
12-08 04:19:46.567 1518 1518 I GameModeConfig: isGameModeOn = false
12-08 04:19:46.567 1518 1518 I GameModeConfig: isGameModeOn = false
12-08 04:19:46.567 1518 1518 I GameModeConfig: isDisableVoice = true
