12-08 04:17:05.394 1518 1518 I ActivityTaskManager: Config changes=4000 {1.0 ?mcc?mnc [zh_CN] ldltr sw720dp w1706dp h624dp 240dpi lrg long hdr land finger -keyb/v/h -nav/h winConfig={ mBounds=Rect(0, 0 - 2560, 1080) mAppBounds=Rect(0, 0 - 2560, 1008) mMaxBounds=Rect(0, 0 - 2560, 1080) mWindowingMode=fullscreen mDisplayWindowingMode=fullscreen mActivityType=undefined mAlwaysOnTop=undefined mRotation=ROTATION_0} s.10 fontWeightAdjustment=0}
12-08 04:17:05.395 1518 1518 I WindowManager: Override config changes=4000 {1.0 ?mcc?mnc [zh_CN] ldltr sw720dp w1706dp h624dp 240dpi lrg long hdr land finger -keyb/v/h -nav/h winConfig={ mBounds=Rect(0, 0 - 2560, 1080) mAppBounds=Rect(0, 0 - 2560, 1008) mMaxBounds=Rect(0, 0 - 2560, 1080) mWindowingMode=fullscreen mDisplayWindowingMode=fullscreen mActivityType=undefined mAlwaysOnTop=undefined mRotation=ROTATION_0} s.10 fontWeightAdjustment=0} for displayId=0
12-08 04:17:05.397 1518 1655 I am_proc_start: [0,2511,1073,com.android.networkstack.process,service,{com.android.networkstack/com.android.server.NetworkStackService}]
12-08 04:17:05.397 1518 1655 I ActivityManager: Start proc 2511:com.android.networkstack.process/1073 for service {com.android.networkstack/com.android.server.NetworkStackService}
12-08 04:17:05.397 1518 1653 I netstats_mobile_sample: [0,0,0,0,0,0,0,0,0,0,0,0,1670444225397]
12-08 04:17:05.397 1518 1653 I netstats_wifi_sample: [0,0,0,0,0,0,0,0,0,0,0,0,1670444225397]
12-08 04:17:05.400 1518 1518 I SystemServerTiming: MakeTelephonyRegistryReady
12-08 04:17:05.400 1518 1518 D TelephonyRegistry: systemRunning register for intents
12-08 04:17:05.400 1518 1518 I SystemServerTiming: MakeMediaRouterServiceReady
12-08 04:17:05.401 1518 1518 I SystemServerTiming: MakeMmsServiceReady
12-08 04:17:05.401 1518 1518 I MmsServiceBroker: Delay connecting to MmsService until an API is called
12-08 04:17:05.401 1518 1518 I SystemServerTiming: IncidentDaemonReady
12-08 04:17:05.401 1518 2422 W PackageManager: Loading a package that does not exist for the calling user. package=null, user=0
12-08 04:17:05.402 1518 1518 I SystemServerTiming: MakeIncrementalServiceReady
12-08 04:17:05.402 1518 1518 I SystemServerTiming: getCurrentUser
12-08 04:17:05.402 1518 1518 I ActivityManager: Current user:0
12-08 04:17:05.402 1518 1518 I SystemServerTiming: ActivityManagerStartApps
12-08 04:17:05.402 1518 1518 I ssm_user_starting: 0
12-08 04:17:05.402 1518 1518 I SystemServerTiming: ssm.StartUser-0
12-08 04:17:05.402 1518 1518 I SystemServiceManager: Calling onStartUser 0
12-08 04:17:05.402 1518 1518 I SystemServerTiming: ssm.onStartUser-0_com.android.server.security.FileIntegrityService
12-08 04:17:05.402 1518 1518 I SystemServerTiming: ssm.onStartUser-0_com.android.server.pm.Installer
12-08 04:17:05.402 1518 1518 I SystemServerTiming: ssm.onStartUser-0_com.android.server.os.DeviceIdentifiersPolicyService
12-08 04:17:05.402 1518 1518 I SystemServerTiming: ssm.onStartUser-0_com.android.server.uri.UriGrantsManagerService$Lifecycle
12-08 04:17:05.402 1518 1518 I SystemServerTiming: ssm.onStartUser-0_com.android.server.powerstats.PowerStatsService
12-08 04:17:05.402 1518 1518 I SystemServerTiming: ssm.onStartUser-0_com.android.server.wm.ActivityTaskManagerService$Lifecycle
12-08 04:17:05.402 1518 1518 I SystemServerTiming: ssm.onStartUser-0_com.android.server.am.ActivityManagerService$Lifecycle
12-08 04:17:05.402 1518 1518 I SystemServerTiming: ssm.onStartUser-0_com.android.server.pm.DataLoaderManagerService
12-08 04:17:05.402 1518 1518 I SystemServerTiming: ssm.onStartUser-0_com.android.server.power.PowerManagerService
12-08 04:17:05.402 1518 1518 I SystemServerTiming: ssm.onStartUser-0_com.android.server.power.ThermalManagerService
12-08 04:17:05.402 1518 1518 I SystemServerTiming: ssm.onStartUser-0_com.android.server.power.hint.HintManagerService
12-08 04:17:05.402 1518 1518 I SystemServerTiming: ssm.onStartUser-0_com.android.server.recoverysystem.RecoverySystemService$Lifecycle
12-08 04:17:05.402 1518 1518 I SystemServerTiming: ssm.onStartUser-0_com.android.server.lights.LightsService
12-08 04:17:05.402 1518 1518 I SystemServerTiming: ssm.onStartUser-0_com.android.server.display.DisplayManagerService
12-08 04:17:05.402 1518 1518 I SystemServerTiming: ssm.onStartUser-0_com.android.server.pm.verify.domain.DomainVerificationService
12-08 04:17:05.402 1518 1518 I SystemServerTiming: ssm.onStartUser-0_com.android.server.pm.PackageInstallerService$Lifecycle
12-08 04:17:05.402 1518 1518 I SystemServerTiming: ssm.onStartUser-0_com.android.server.pm.UserManagerService$LifeCycle
12-08 04:17:05.402 1518 1518 I SystemServerTiming: ssm.onStartUser-0_com.android.server.om.OverlayManagerService
12-08 04:17:05.402 1518 1518 I SystemServerTiming: ssm.onStartUser-0_com.android.server.SensorPrivacyService
12-08 04:17:05.402 1518 1518 I SystemServerTiming: ssm.onStartUser-0_com.android.server.sensors.SensorService
12-08 04:17:05.402 1518 1518 I SystemServerTiming: ssm.onStartUser-0_com.android.server.SystemConfigService
12-08 04:17:05.402 1518 1518 I SystemServerTiming: ssm.onStartUser-0_com.android.server.BatteryService
12-08 04:17:05.402 1518 1518 I SystemServerTiming: ssm.onStartUser-0_com.android.server.usage.UsageStatsService
12-08 04:17:05.402 1518 1518 I SystemServerTiming: ssm.onStartUser-0_com.android.server.webkit.WebViewUpdateService
12-08 04:17:05.402 1518 1518 I SystemServerTiming: ssm.onStartUser-0_com.android.server.CachedDeviceStateService
12-08 04:17:05.402 1518 1518 I SystemServerTiming: ssm.onStartUser-0_com.android.server.BinderCallsStatsService$LifeCycle
12-08 04:17:05.403 1518 1518 I SystemServerTiming: ssm.onStartUser-0_com.android.server.LooperStatsService$Lifecycle
12-08 04:17:05.403 1518 1518 I SystemServerTiming: ssm.onStartUser-0_com.android.server.rollback.RollbackManagerService
12-08 04:17:05.403 1518 1518 I SystemServerTiming: ssm.onStartUser-0_com.android.server.os.NativeTombstoneManagerService
12-08 04:17:05.403 1518 1518 I SystemServerTiming: ssm.onStartUser-0_com.android.server.os.BugreportManagerService
12-08 04:17:05.403 1518 1518 I SystemServerTiming: ssm.onStartUser-0_com.android.server.gpu.GpuService
12-08 04:17:05.403 1518 1518 I SystemServerTiming: ssm.onStartUser-0_com.android.server.security.KeyChainSystemService
12-08 04:17:05.403 1518 1518 I SystemServerTiming: ssm.onStartUser-0_com.android.server.telecom.TelecomLoaderService
12-08 04:17:05.403 1518 1518 I SystemServerTiming: ssm.onStartUser-0_com.android.server.accounts.AccountManagerService$Lifecycle
12-08 04:17:05.403 1518 1518 I SystemServerTiming: ssm.onStartUser-0_com.android.server.content.ContentService$Lifecycle
12-08 04:17:05.403 1518 1518 I SystemServerTiming: ssm.onStartUser-0_com.android.server.DropBoxManagerService
12-08 04:17:05.403 1518 1518 I SystemServerTiming: ssm.onStartUser-0_com.android.role.RoleService
12-08 04:17:05.409 1518 1653 I service_manager_slow: [10,phone]
12-08 04:17:05.409 1518 2465 I sysui_multi_action: [757,856,758,1,806,com.android.systemui,857,empty_media_style_id,858,4]
12-08 04:17:05.411 1518 1635 I am_proc_bound: [0,2486,WebViewLoader-arm64-v8a]
12-08 04:17:05.415 1518 2465 W PackageManager: Loading a package that does not exist for the calling user. package=null, user=0
12-08 04:17:05.420 1518 2465 I ActivityManager: Process WebViewLoader-armeabi-v7a (pid 2484) has died: psvc PER
12-08 04:17:05.422 1518 2465 I am_proc_died: [0,2484,WebViewLoader-armeabi-v7a,-700,0]
12-08 04:17:05.423 1518 1662 E KernelCpuSpeedReader: Failed to read cpu-freq: /sys/devices/system/cpu/cpu4/cpufreq/stats/time_in_state: open failed: ENOENT (No such file or directory)
12-08 04:17:05.423 1518 1662 E KernelCpuSpeedReader: Failed to read cpu-freq: /sys/devices/system/cpu/cpu0/cpufreq/stats/time_in_state: open failed: ENOENT (No such file or directory)
12-08 04:17:05.426 1518 2465 I am_low_memory: 5
12-08 04:17:05.426 1518 2422 I am_proc_bound: [0,2511,com.android.networkstack.process]
12-08 04:17:05.427 1518 2422 D CompatibilityChangeReporter: Compat change id reported: 168419799; UID 1073; state: DISABLED
12-08 04:17:05.427 1518 1653 I netstats_mobile_sample: [0,0,0,0,0,0,0,0,0,0,0,0,1670444225427]
12-08 04:17:05.427 1518 1653 I netstats_wifi_sample: [0,0,0,0,0,0,0,0,0,0,0,0,1670444225427]
12-08 04:17:05.427 1518 2422 I am_uid_active: 1073
12-08 04:17:05.429 1518 2422 D CompatibilityChangeReporter: Compat change id reported: 168419799; UID 1073; state: DISABLED
12-08 04:17:05.433 1518 2422 I sysui_multi_action: [757,1243,758,4,806,com.android.gallery3d,1241,android.permission.WRITE_EXTERNAL_STORAGE]
12-08 04:17:05.435 1518 1653 I netstats_mobile_sample: [0,0,0,0,0,0,0,0,0,0,0,0,1670444225435]
12-08 04:17:05.435 1518 1653 I netstats_wifi_sample: [0,0,0,0,0,0,0,0,0,0,0,0,1670444225435]
12-08 04:17:05.437 1518 2465 I sysui_multi_action: [757,1243,758,4,806,com.android.gallery3d,1241,android.permission.READ_EXTERNAL_STORAGE]
12-08 04:17:05.443 1518 2376 I ActivityManager: Process WebViewLoader-arm64-v8a (pid 2486) has died: psvc PER
12-08 04:17:05.444 1518 1653 I netstats_mobile_sample: [0,0,0,0,0,0,0,0,0,0,0,0,1670444225444]
12-08 04:17:05.444 1518 1653 I netstats_wifi_sample: [0,0,0,0,0,0,0,0,0,0,0,0,1670444225444]
12-08 04:17:05.444 1518 2376 I am_proc_died: [0,2486,WebViewLoader-arm64-v8a,-700,0]
12-08 04:17:05.445 1518 2376 I am_uid_stopped: 1037
12-08 04:17:05.447 1518 2376 I am_low_memory: 5
12-08 04:17:05.449 1518 1635 D Fingerprint21: Daemon was null, reconnecting, current operation: null
12-08 04:17:05.450 1518 1635 D Fingerprint21: Fingerprint HAL ready, HAL ID: 5326416
12-08 04:17:05.452 1518 1653 I netstats_mobile_sample: [0,0,0,0,0,0,0,0,0,0,0,0,1670444225452]
12-08 04:17:05.452 1518 1653 I netstats_wifi_sample: [0,0,0,0,0,0,0,0,0,0,0,0,1670444225452]
12-08 04:17:05.463 1518 2422 I sysui_multi_action: [757,856,758,1,806,com.android.networkstack,857,connected_note_loud,858,4]
12-08 04:17:05.463 1518 2422 I sysui_multi_action: [757,856,758,1,806,com.android.networkstack,857,connected_note,858,3]
12-08 04:17:05.467 1518 1653 I service_manager_slow: [11,alarm]
12-08 04:17:05.469 1518 1653 I netstats_mobile_sample: [0,0,0,0,0,0,0,0,0,0,0,0,1670444225469]
12-08 04:17:05.469 1518 1653 I netstats_wifi_sample: [0,0,0,0,0,0,0,0,0,0,0,0,1670444225469]
12-08 04:17:05.472 1518 1653 I netstats_mobile_sample: [0,0,0,0,0,0,0,0,0,0,0,0,1670444225472]
12-08 04:17:05.472 1518 1653 I netstats_wifi_sample: [0,0,0,0,0,0,0,0,0,0,0,0,1670444225472]
12-08 04:17:05.472 1518 2465 I sysui_multi_action: [757,856,758,1,806,com.android.networkstack.tethering,857,TETHERING_STATUS,858,2]
12-08 04:17:05.474 1518 1653 I netstats_mobile_sample: [0,0,0,0,0,0,0,0,0,0,0,0,1670444225474]
12-08 04:17:05.474 1518 1653 I netstats_wifi_sample: [0,0,0,0,0,0,0,0,0,0,0,0,1670444225474]
12-08 04:17:05.477 1518 1653 I netstats_mobile_sample: [0,0,0,0,0,0,0,0,0,0,0,0,1670444225477]
12-08 04:17:05.477 1518 1653 I netstats_wifi_sample: [0,0,0,0,0,0,0,0,0,0,0,0,1670444225477]
12-08 04:17:05.478 1518 1518 W SystemServiceManager: Service com.android.role.RoleService took 75 ms in onStartUser-0
12-08 04:17:05.478 1518 1518 I SystemServerTiming: ssm.onStartUser-0_com.android.server.vibrator.VibratorManagerService$Lifecycle
12-08 04:17:05.478 1518 1518 I SystemServerTiming: ssm.onStartUser-0_com.android.server.alarm.AlarmManagerService
12-08 04:17:05.478 1518 1518 I SystemServerTiming: ssm.onStartUser-0_com.android.server.devicestate.DeviceStateManagerService
12-08 04:17:05.478 1518 1518 I SystemServerTiming: ssm.onStartUser-0_com.android.server.camera.CameraServiceProxy
12-08 04:17:05.478 1518 1518 I SystemServerTiming: ssm.onStartUser-0_com.android.server.BluetoothService
12-08 04:17:05.478 1518 1518 I SystemServerTiming: ssm.onStartUser-0_com.android.server.connectivity.IpConnectivityMetrics
12-08 04:17:05.478 1518 1518 I SystemServerTiming: ssm.onStartUser-0_com.android.server.net.watchlist.NetworkWatchlistService$Lifecycle
12-08 04:17:05.478 1518 1518 I SystemServerTiming: ssm.onStartUser-0_com.android.server.PinnerService
12-08 04:17:05.478 1518 1518 I SystemServerTiming: ssm.onStartUser-0_com.google.android.startop.iorap.IorapForwardingService
12-08 04:17:05.478 1518 1518 I SystemServerTiming: ssm.onStartUser-0_com.android.server.ActivityTriggerService
12-08 04:17:05.478 1518 1518 I SystemServerTiming: ssm.onStartUser-0_com.android.server.integrity.AppIntegrityManagerService
12-08 04:17:05.478 1518 1518 I SystemServerTiming: ssm.onStartUser-0_com.android.server.inputmethod.InputMethodManagerService$Lifecycle
12-08 04:17:05.478 1518 1518 I SystemServerTiming: ssm.onStartUser-0_com.android.server.accessibility.AccessibilityManagerService$Lifecycle
12-08 04:17:05.478 1518 1518 I SystemServerTiming: ssm.onStartUser-0_com.android.server.StorageManagerService$Lifecycle
12-08 04:17:05.479 1518 1518 V StorageManagerService: Package com.sohu.inputmethod.sogou.car has legacy storage
12-08 04:17:05.479 1518 1518 V StorageManagerService: Package android.frameworkres.overlay does not have legacy storage
12-08 04:17:05.479 1518 1518 V StorageManagerService: Package com.android.cts.priv.ctsshim does not have legacy storage
12-08 04:17:05.479 1518 1518 V StorageManagerService: Package com.thundercomm.gamemode.provider does not have legacy storage
12-08 04:17:05.479 1518 1518 V StorageManagerService: Package com.thundercomm.gamemode does not have legacy storage
12-08 04:17:05.479 1518 1518 V StorageManagerService: Package com.thundercomm.microservice does not have legacy storage
12-08 04:17:05.479 1518 1518 V StorageManagerService: Package com.android.dynsystem does not have legacy storage
12-08 04:17:05.479 1518 1518 V StorageManagerService: Package com.hht.lebocast does not have legacy storage
12-08 04:17:05.479 1518 1518 V StorageManagerService: Package com.android.providers.calendar does not have legacy storage
12-08 04:17:05.479 1518 1518 V StorageManagerService: Package com.android.providers.media does not have legacy storage
12-08 04:17:05.479 1518 1518 V StorageManagerService: Package com.android.internal.systemui.navbar.gestural_wide_back does not have legacy storage
12-08 04:17:05.479 1518 1518 V StorageManagerService: Package com.android.wallpapercropper does not have legacy storage
12-08 04:17:05.479 1518 1518 V StorageManagerService: Package com.thundercomm.microsettings does not have legacy storage
12-08 04:17:05.479 1518 1518 V StorageManagerService: Package com.qualcomm.qti.gpudrivers.kona.api30 does not have legacy storage
12-08 04:17:05.479 1518 1518 V StorageManagerService: Package com.android.documentsui does not have legacy storage
12-08 04:17:05.479 1518 1518 V StorageManagerService: Package com.android.externalstorage does not have legacy storage
12-08 04:17:05.479 1518 1518 V StorageManagerService: Package com.android.htmlviewer does not have legacy storage
12-08 04:17:05.479 1518 1518 V StorageManagerService: Package com.qualcomm.qti.uceShimService does not have legacy storage
12-08 04:17:05.479 1518 1518 V StorageManagerService: Package com.android.companiondevicemanager does not have legacy storage
12-08 04:17:05.479 1518 1518 V StorageManagerService: Package com.qualcomm.qti.qms.service.connectionsecurity does not have legacy storage
12-08 04:17:05.479 1518 1518 V StorageManagerService: Package com.android.providers.downloads does not have legacy storage
12-08 04:17:05.479 1518 1518 V StorageManagerService: Package com.android.internal.systemui.onehanded.gestural does not have legacy storage
12-08 04:17:05.479 1518 1518 V StorageManagerService: Package vendor.qti.hardware.cacert.server does not have legacy storage
12-08 04:17:05.479 1518 1518 V StorageManagerService: Package com.thundercomm.tchttpserver does not have legacy storage
12-08 04:17:05.479 1518 1518 V StorageManagerService: Package vendor.qti.iwlan does not have legacy storage
12-08 04:17:05.479 1518 1518 V StorageManagerService: Package com.android.soundrecorder does not have legacy storage
12-08 04:17:05.479 1518 1518 V StorageManagerService: Package com.tc.logclient does not have legacy storage
12-08 04:17:05.479 1518 1518 V StorageManagerService: Package android.qvaoverlay.common does not have legacy storage
12-08 04:17:05.479 1518 1518 V StorageManagerService: Package com.android.providers.downloads.ui does not have legacy storage
12-08 04:17:05.479 1518 1518 V StorageManagerService: Package com.android.pacprocessor does not have legacy storage
12-08 04:17:05.479 1518 1518 V StorageManagerService: Package com.android.networkstack does not have legacy storage
12-08 04:17:05.480 1518 1518 V StorageManagerService: Package android.overlay.common does not have legacy storage
12-08 04:17:05.480 1518 1518 V StorageManagerService: Package com.android.connectivity.resources does not have legacy storage
12-08 04:17:05.480 1518 1518 V StorageManagerService: Package com.android.modulemetadata does not have legacy storage
12-08 04:17:05.480 1518 1518 V StorageManagerService: Package com.android.certinstaller does not have legacy storage
12-08 04:17:05.480 1518 1518 V StorageManagerService: Package android does not have legacy storage
12-08 04:17:05.480 1518 1518 V StorageManagerService: Package com.qualcomm.wfd.service does not have legacy storage
12-08 04:17:05.480 1518 1518 V StorageManagerService: Package com.thundercomm.tcsetupwizard does not have legacy storage
12-08 04:17:05.480 1518 1518 V StorageManagerService: Package ts.car.uart does not have legacy storage
12-08 04:17:05.480 1518 1518 V StorageManagerService: Package com.android.egg does not have legacy storage
12-08 04:17:05.480 1518 1518 V StorageManagerService: Package com.android.mtp does not have legacy storage
12-08 04:17:05.480 1518 1518 V StorageManagerService: Package com.android.nfc does not have legacy storage
12-08 04:17:05.480 1518 1518 V StorageManagerService: Package com.android.stk does not have legacy storage
12-08 04:17:05.480 1518 1518 V StorageManagerService: Package com.android.launcher3 does not have legacy storage
12-08 04:17:05.480 1518 1518 V StorageManagerService: Package com.android.backupconfirm does not have legacy storage
12-08 04:17:05.480 1518 1518 V StorageManagerService: Package vendor.qti.qesdk.sysservice does not have legacy storage
12-08 04:17:05.480 1518 1518 V StorageManagerService: Package com.hryt.hiphishowfsecontrol does not have legacy storage
12-08 04:17:05.480 1518 1518 V StorageManagerService: Package com.android.provision does not have legacy storage
12-08 04:17:05.480 1518 1518 V StorageManagerService: Package android.overlay.target does not have legacy storage
12-08 04:17:05.480 1518 1518 V StorageManagerService: Package com.microsoft.emmx does not have legacy storage
12-08 04:17:05.480 1518 1518 V StorageManagerService: Package com.qti.pasrservice does not have legacy storage
12-08 04:17:05.480 1518 1518 V StorageManagerService: Package com.android.settings.intelligence does not have legacy storage
12-08 04:17:05.480 1518 1518 V StorageManagerService: Package com.android.calendar does not have legacy storage
12-08 04:17:05.480 1518 1518 V StorageManagerService: Package com.android.internal.systemui.navbar.gestural_extra_wide_back does not have legacy storage
12-08 04:17:05.480 1518 1518 V StorageManagerService: Package com.qualcomm.qti.dynamicddsservice does not have legacy storage
12-08 04:17:05.480 1518 1518 V StorageManagerService: Package com.qualcomm.qti.xrvd.service does not have legacy storage
12-08 04:17:05.480 1518 1518 V StorageManagerService: Package com.android.providers.settings does not have legacy storage
12-08 04:17:05.480 1518 1518 V StorageManagerService: Package com.android.sharedstoragebackup does not have legacy storage
12-08 04:17:05.480 1518 1518 V StorageManagerService: Package com.android.printspooler does not have legacy storage
12-08 04:17:05.480 1518 1518 V StorageManagerService: Package com.qti.qualcomm.mstatssystemservice does not have legacy storage
12-08 04:17:05.480 1518 1518 V StorageManagerService: Package com.qualcomm.qti.services.systemhelper does not have legacy storage
12-08 04:17:05.480 1518 1518 V StorageManagerService: Package com.android.wifi.resources.overlay.common does not have legacy storage
12-08 04:17:05.480 1518 1518 V StorageManagerService: Package com.android.dreams.basic does not have legacy storage
12-08 04:17:05.480 1518 1518 V StorageManagerService: Package com.android.webview does not have legacy storage
12-08 04:17:05.480 1518 1518 V StorageManagerService: Package com.android.se does not have legacy storage
12-08 04:17:05.480 1518 1518 V StorageManagerService: Package com.android.inputdevices does not have legacy storage
12-08 04:17:05.480 1518 1518 V StorageManagerService: Package com.android.bips does not have legacy storage
12-08 04:17:05.480 1518 1518 V StorageManagerService: Package com.qti.dpmserviceapp does not have legacy storage
12-08 04:17:05.480 1518 1518 V StorageManagerService: Package com.thundercomm.remotecontrolservice does not have legacy storage
12-08 04:17:05.481 1518 1518 V StorageManagerService: Package com.android.musicfx does not have legacy storage
12-08 04:17:05.481 1518 1518 V StorageManagerService: Package com.android.settings.overlay.common does not have legacy storage
12-08 04:17:05.481 1518 1518 V StorageManagerService: Package com.qualcomm.qti.qccnetstat does not have legacy storage
12-08 04:17:05.481 1518 1518 V StorageManagerService: Package android.ext.shared does not have legacy storage
12-08 04:17:05.481 1518 1518 V StorageManagerService: Package com.android.onetimeinitializer does not have legacy storage
12-08 04:17:05.481 1518 1518 V StorageManagerService: Package com.android.server.telecom does not have legacy storage
12-08 04:17:05.481 1518 1518 V StorageManagerService: Package com.android.keychain does not have legacy storage
12-08 04:17:05.481 1518 1518 V StorageManagerService: Package com.qti.snapdragon.qdcm_ff does not have legacy storage
12-08 04:17:05.481 1518 1518 V StorageManagerService: Package com.android.wifi.resources.overlay.target does not have legacy storage
12-08 04:17:05.481 1518 1518 V StorageManagerService: Package com.android.printservice.recommendation does not have legacy storage
12-08 04:17:05.481 1518 1518 V StorageManagerService: Package com.thundercomm.mcuupgrade does not have legacy storage
12-08 04:17:05.481 1518 1518 V StorageManagerService: Package com.android.gallery3d has legacy storage
12-08 04:17:05.481 1518 1518 V StorageManagerService: Package android.ext.services does not have legacy storage
12-08 04:17:05.481 1518 1518 V StorageManagerService: Package com.android.wifi.resources does not have legacy storage
12-08 04:17:05.481 1518 1518 V StorageManagerService: Package com.baidu.input does not have legacy storage
12-08 04:17:05.481 1518 1518 V StorageManagerService: Package com.android.systemui.overlay.common does not have legacy storage
12-08 04:17:05.481 1518 1518 V StorageManagerService: Package com.android.cameraextensions does not have legacy storage
12-08 04:17:05.481 1518 1518 V StorageManagerService: Package com.thundercomm.tcservice does not have legacy storage
12-08 04:17:05.481 1518 1518 V StorageManagerService: Package com.android.localtransport does not have legacy storage
12-08 04:17:05.481 1518 1518 V StorageManagerService: Package com.android.packageinstaller does not have legacy storage
12-08 04:17:05.481 1518 1518 V StorageManagerService: Package com.qualcomm.qti.devicestatisticsservice does not have legacy storage
12-08 04:17:05.481 1518 1518 V StorageManagerService: Package com.android.theme.font.notoserifsource does not have legacy storage
12-08 04:17:05.481 1518 1518 V StorageManagerService: Package com.android.proxyhandler does not have legacy storage
12-08 04:17:05.481 1518 1518 V StorageManagerService: Package com.android.internal.display.cutout.emulation.waterfall does not have legacy storage
12-08 04:17:05.481 1518 1518 V StorageManagerService: Package com.qualcomm.qti.workloadclassifier does not have legacy storage
12-08 04:17:05.481 1518 1518 V StorageManagerService: Package com.android.inputmethod.latin does not have legacy storage
12-08 04:17:05.481 1518 1518 V StorageManagerService: Package com.android.providers.settings.overlay does not have legacy storage
12-08 04:17:05.481 1518 1518 V StorageManagerService: Package com.android.managedprovisioning does not have legacy storage
12-08 04:17:05.481 1518 1518 V StorageManagerService: Package com.android.networkstack.tethering does not have legacy storage
12-08 04:17:05.481 1518 1518 V StorageManagerService: Package com.android.soundpicker does not have legacy storage
12-08 04:17:05.481 1518 1518 V StorageManagerService: Package com.android.dreams.phototable does not have legacy storage
12-08 04:17:05.481 1518 1518 V StorageManagerService: Package com.thundercomm.screensaver does not have legacy storage
12-08 04:17:05.481 1518 1518 V StorageManagerService: Package com.android.wallpaper.livepicker does not have legacy storage
12-08 04:17:05.481 1518 1518 V StorageManagerService: Package com.android.apps.tag does not have legacy storage
12-08 04:17:05.481 1518 1518 V StorageManagerService: Package com.android.storagemanager does not have legacy storage
12-08 04:17:05.481 1518 1518 V StorageManagerService: Package com.android.bookmarkprovider does not have legacy storage
12-08 04:17:05.481 1518 1518 V StorageManagerService: Package com.android.settings does not have legacy storage
12-08 04:17:05.481 1518 1518 V StorageManagerService: Package com.android.networkstack.permissionconfig does not have legacy storage
12-08 04:17:05.482 1518 1518 V StorageManagerService: Package com.qualcomm.location does not have legacy storage
12-08 04:17:05.482 1518 1518 V StorageManagerService: Package com.android.cts.ctsshim does not have legacy storage
12-08 04:17:05.482 1518 1518 V StorageManagerService: Package com.qti.diagservices does not have legacy storage
12-08 04:17:05.482 1518 1518 V StorageManagerService: Package com.android.vpndialogs does not have legacy storage
12-08 04:17:05.482 1518 1518 V StorageManagerService: Package com.qualcomm.location.XT does not have legacy storage
12-08 04:17:05.482 1518 1518 V StorageManagerService: Package com.android.music does not have legacy storage
12-08 04:17:05.482 1518 1518 V StorageManagerService: Package com.android.shell does not have legacy storage
12-08 04:17:05.482 1518 1518 V StorageManagerService: Package com.android.wallpaperbackup does not have legacy storage
12-08 04:17:05.482 1518 1518 V StorageManagerService: Package com.android.providers.userdictionary does not have legacy storage
12-08 04:17:05.482 1518 1518 V StorageManagerService: Package com.android.providers.media.module does not have legacy storage
12-08 04:17:05.482 1518 1518 V StorageManagerService: Package com.android.emergency does not have legacy storage
12-08 04:17:05.482 1518 1518 V StorageManagerService: Package com.android.hotspot2.osulogin does not have legacy storage
12-08 04:17:05.482 1518 1518 V StorageManagerService: Package com.qualcomm.qti.qdma does not have legacy storage
12-08 04:17:05.482 1518 1518 V StorageManagerService: Package com.qualcomm.qti.xrcb does not have legacy storage
12-08 04:17:05.482 1518 1518 V StorageManagerService: Package com.android.internal.systemui.navbar.gestural does not have legacy storage
12-08 04:17:05.482 1518 1518 V StorageManagerService: Package com.android.location.fused does not have legacy storage
12-08 04:17:05.482 1518 1518 V StorageManagerService: Package com.android.deskclock does not have legacy storage
12-08 04:17:05.482 1518 1518 V StorageManagerService: Package com.android.systemui does not have legacy storage
12-08 04:17:05.482 1518 1518 V StorageManagerService: Package com.android.bluetoothmidiservice does not have legacy storage
12-08 04:17:05.482 1518 1518 V StorageManagerService: Package com.qti.ltebc does not have legacy storage
12-08 04:17:05.482 1518 1518 V StorageManagerService: Package com.android.permissioncontroller does not have legacy storage
12-08 04:17:05.482 1518 1518 V StorageManagerService: Package com.android.traceur does not have legacy storage
12-08 04:17:05.482 1518 1518 V StorageManagerService: Package com.qualcomm.qti.qccauthmgr does not have legacy storage
12-08 04:17:05.482 1518 1518 V StorageManagerService: Package com.qualcomm.qti.qms.service.trustzoneaccess does not have legacy storage
12-08 04:17:05.482 1518 1518 V StorageManagerService: Package com.qualcomm.qtil.aptxui does not have legacy storage
12-08 04:17:05.482 1518 1518 V StorageManagerService: Package com.android.bluetooth does not have legacy storage
12-08 04:17:05.482 1518 1518 V StorageManagerService: Package com.qualcomm.timeservice does not have legacy storage
12-08 04:17:05.482 1518 1518 V StorageManagerService: Package com.qualcomm.embms does not have legacy storage
12-08 04:17:05.482 1518 1518 V StorageManagerService: Package com.android.providers.contacts does not have legacy storage
12-08 04:17:05.482 1518 1518 V StorageManagerService: Package com.android.captiveportallogin does not have legacy storage
12-08 04:17:05.482 1518 1518 V StorageManagerService: Package com.android.internal.systemui.navbar.gestural_narrow_back does not have legacy storage
12-08 04:17:05.482 1518 1518 V StorageManagerService: Package com.android.cellbroadcastreceiver.overlay.common does not have legacy storage
12-08 04:17:05.482 1518 1518 I SystemServerTiming: ssm.onStartUser-0_com.android.server.usage.StorageStatsService$Lifecycle
12-08 04:17:05.482 1518 1518 I SystemServerTiming: ssm.onStartUser-0_com.android.server.UiModeManagerService
12-08 04:17:05.482 1518 1518 I SystemServerTiming: ssm.onStartUser-0_com.android.server.locksettings.LockSettingsService$Lifecycle
12-08 04:17:05.482 1518 1518 I SystemServerTiming: ssm.onStartUser-0_com.android.server.PersistentDataBlockService
12-08 04:17:05.483 1518 1518 I SystemServerTiming: ssm.onStartUser-0_com.android.server.testharness.TestHarnessModeService
12-08 04:17:05.483 1518 1518 I SystemServerTiming: ssm.onStartUser-0_com.android.server.oemlock.OemLockService
12-08 04:17:05.483 1518 1518 I SystemServerTiming: ssm.onStartUser-0_com.android.server.DeviceIdleController
12-08 04:17:05.483 1518 1518 I SystemServerTiming: ssm.onStartUser-0_com.android.server.devicepolicy.DevicePolicyManagerService$Lifecycle
12-08 04:17:05.483 1518 1752 I commit_sys_config_file: [settings-0-0,0]
12-08 04:17:05.483 1518 1518 I SystemServerTiming: ssm.onStartUser-0_com.android.server.texttospeech.TextToSpeechManagerService
12-08 04:17:05.483 1518 1518 I SystemServerTiming: ssm.onStartUser-0_com.android.server.speech.SpeechRecognitionManagerService
12-08 04:17:05.483 1518 1518 I SystemServerTiming: ssm.onStartUser-0_com.android.server.searchui.SearchUiManagerService
12-08 04:17:05.483 1518 1518 I SystemServerTiming: ssm.onStartUser-0_com.android.server.smartspace.SmartspaceManagerService
12-08 04:17:05.483 1518 1518 I SystemServerTiming: ssm.onStartUser-0_com.android.server.graphics.fonts.FontManagerService$Lifecycle
12-08 04:17:05.483 1518 1518 I SystemServerTiming: ssm.onStartUser-0_com.android.server.textservices.TextServicesManagerService$Lifecycle
12-08 04:17:05.483 1518 1518 I SystemServerTiming: ssm.onStartUser-0_com.android.server.textclassifier.TextClassificationManagerService$Lifecycle
12-08 04:17:05.483 1518 1518 I SystemServerTiming: ssm.onStartUser-0_com.android.server.NetworkScoreService$Lifecycle
12-08 04:17:05.483 1518 1518 I SystemServerTiming: ssm.onStartUser-0_com.android.server.wifi.WifiService
12-08 04:17:05.483 1518 1518 I SystemServerTiming: ssm.onStartUser-0_com.android.server.wifi.scanner.WifiScanningService
12-08 04:17:05.483 1518 1518 I SystemServerTiming: ssm.onStartUser-0_com.android.server.wifi.rtt.RttService
12-08 04:17:05.483 1518 1518 I SystemServerTiming: ssm.onStartUser-0_com.android.server.wifi.aware.WifiAwareService
12-08 04:17:05.483 1518 1518 I SystemServerTiming: ssm.onStartUser-0_com.android.server.wifi.p2p.WifiP2pService
12-08 04:17:05.483 1518 1518 I SystemServerTiming: ssm.onStartUser-0_com.android.server.ethernet.EthernetService
12-08 04:17:05.483 1518 1518 I SystemServerTiming: ssm.onStartUser-0_com.android.server.ConnectivityServiceInitializer
12-08 04:17:05.483 1518 1518 I SystemServerTiming: ssm.onStartUser-0_com.android.server.notification.NotificationManagerService
12-08 04:17:05.483 1518 1518 I SystemServerTiming: ssm.onStartUser-0_com.android.server.storage.DeviceStorageMonitorService
12-08 04:17:05.483 1518 1518 I SystemServerTiming: ssm.onStartUser-0_com.android.server.location.LocationManagerService$Lifecycle
12-08 04:17:05.484 1518 1518 I SystemServerTiming: ssm.onStartUser-0_com.android.server.timedetector.TimeDetectorService$Lifecycle
12-08 04:17:05.484 1518 1518 I SystemServerTiming: ssm.onStartUser-0_com.android.server.timezonedetector.TimeZoneDetectorService$Lifecycle
12-08 04:17:05.484 1518 1518 I SystemServerTiming: ssm.onStartUser-0_com.android.server.timezonedetector.location.LocationTimeZoneManagerService$Lifecycle
12-08 04:17:05.484 1518 1518 I SystemServerTiming: ssm.onStartUser-0_com.android.server.search.SearchManagerService$Lifecycle
12-08 04:17:05.484 1518 1518 I SystemServerTiming: ssm.onStartUser-0_com.android.server.wallpaper.WallpaperManagerService$Lifecycle
12-08 04:17:05.484 1518 1518 I SystemServerTiming: ssm.onStartUser-0_com.android.server.audio.AudioService$Lifecycle
12-08 04:17:05.484 1518 1518 I SystemServerTiming: ssm.onStartUser-0_com.android.server.soundtrigger_middleware.SoundTriggerMiddlewareService$Lifecycle
12-08 04:17:05.484 1518 1518 I SystemServerTiming: ssm.onStartUser-0_com.android.server.DockObserver
12-08 04:17:05.484 1518 1518 I SystemServerTiming: ssm.onStartUser-0_com.android.server.midi.MidiService$Lifecycle
12-08 04:17:05.484 1518 1518 I SystemServerTiming: ssm.onStartUser-0_com.android.server.adb.AdbService$Lifecycle
12-08 04:17:05.484 1518 1518 I SystemServerTiming: ssm.onStartUser-0_com.android.server.usb.UsbService$Lifecycle
12-08 04:17:05.484 1518 1518 I SystemServerTiming: ssm.onStartUser-0_com.android.server.twilight.TwilightService
12-08 04:17:05.484 1518 1518 I SystemServerTiming: ssm.onStartUser-0_com.android.server.display.color.ColorDisplayService
12-08 04:17:05.484 1518 1518 I SystemServerTiming: ssm.onStartUser-0_com.android.server.job.JobSchedulerService
12-08 04:17:05.484 1518 1518 I SystemServerTiming: ssm.onStartUser-0_com.android.server.soundtrigger.SoundTriggerService
12-08 04:17:05.484 1518 1518 I SystemServerTiming: ssm.onStartUser-0_com.android.server.trust.TrustManagerService
12-08 04:17:05.484 1518 1518 I SystemServerTiming: ssm.onStartUser-0_com.android.server.backup.BackupManagerService$Lifecycle
12-08 04:17:05.484 1518 1518 I SystemServerTiming: ssm.onStartUser-0_com.android.server.appwidget.AppWidgetService
12-08 04:17:05.484 1518 1518 I SystemServerTiming: ssm.onStartUser-0_com.android.server.voiceinteraction.VoiceInteractionManagerService
12-08 04:17:05.484 1518 1518 W VoiceInteractionManager: no available voice recognition services found for user 0
12-08 04:17:05.484 1518 1518 I SystemServerTiming: ssm.onStartUser-0_com.android.server.apphibernation.AppHibernationService
12-08 04:17:05.484 1518 2465 D CompatibilityChangeReporter: Compat change id reported: 182478738; UID 1073; state: DISABLED
12-08 04:17:05.484 1518 1518 I SystemServerTiming: ssm.onStartUser-0_com.android.server.GestureLauncherService
12-08 04:17:05.484 1518 1518 I SystemServerTiming: ssm.onStartUser-0_com.android.server.SensorNotificationService
12-08 04:17:05.484 1518 1518 I SystemServerTiming: ssm.onStartUser-0_com.android.server.emergency.EmergencyAffordanceService
12-08 04:17:05.484 1518 1518 I SystemServerTiming: ssm.onStartUser-0_com.android.server.blob.BlobStoreManagerService
12-08 04:17:05.484 1518 1518 I SystemServerTiming: ssm.onStartUser-0_com.android.server.dreams.DreamManagerService
12-08 04:17:05.484 1518 1518 I SystemServerTiming: ssm.onStartUser-0_com.android.server.companion.CompanionDeviceManagerService
12-08 04:17:05.484 1518 1518 I SystemServerTiming: ssm.onStartUser-0_com.android.server.restrictions.RestrictionsManagerService
12-08 04:17:05.484 1518 1518 I SystemServerTiming: ssm.onStartUser-0_com.android.server.media.MediaSessionService
12-08 04:17:05.484 1518 1518 I SystemServerTiming: ssm.onStartUser-0_com.android.server.media.MediaResourceMonitorService
12-08 04:17:05.484 1518 1518 I SystemServerTiming: ssm.onStartUser-0_com.android.server.biometrics.sensors.fingerprint.FingerprintService
12-08 04:17:05.484 1518 1518 I SystemServerTiming: ssm.onStartUser-0_com.android.server.biometrics.BiometricService
12-08 04:17:05.484 1518 1518 I SystemServerTiming: ssm.onStartUser-0_com.android.server.biometrics.AuthService
12-08 04:17:05.484 1518 1518 I SystemServerTiming: ssm.onStartUser-0_com.android.server.pm.ShortcutService$Lifecycle
12-08 04:17:05.484 1518 1518 I SystemServerTiming: ssm.onStartUser-0_com.android.server.pm.LauncherAppsService
12-08 04:17:05.484 1518 1518 I SystemServerTiming: ssm.onStartUser-0_com.android.server.pm.CrossProfileAppsService
12-08 04:17:05.484 1518 1518 I SystemServerTiming: ssm.onStartUser-0_com.android.server.people.PeopleService
12-08 04:17:05.484 1518 1518 I SystemServerTiming: ssm.onStartUser-0_com.android.server.media.metrics.MediaMetricsManagerService
12-08 04:17:05.484 1518 1518 I SystemServerTiming: ssm.onStartUser-0_com.android.server.media.projection.MediaProjectionManagerService
12-08 04:17:05.484 1518 1518 I SystemServerTiming: ssm.onStartUser-0_com.android.server.slice.SliceManagerService$Lifecycle
12-08 04:17:05.484 1518 1518 I SystemServerTiming: ssm.onStartUser-0_com.android.server.stats.StatsCompanion$Lifecycle
12-08 04:17:05.484 1518 1518 I SystemServerTiming: ssm.onStartUser-0_com.android.server.scheduling.RebootReadinessManagerService$Lifecycle
12-08 04:17:05.484 1518 1518 I SystemServerTiming: ssm.onStartUser-0_com.android.server.stats.pull.StatsPullAtomService
12-08 04:17:05.484 1518 1518 I SystemServerTiming: ssm.onStartUser-0_com.android.server.incident.IncidentCompanionService
12-08 04:17:05.484 1518 1518 I SystemServerTiming: ssm.onStartUser-0_com.android.server.MmsServiceBroker
12-08 04:17:05.484 1518 1518 I SystemServerTiming: ssm.onStartUser-0_com.android.server.autofill.AutofillManagerService
12-08 04:17:05.484 1518 1518 I SystemServerTiming: ssm.onStartUser-0_com.android.server.clipboard.ClipboardService
12-08 04:17:05.484 1518 1518 I SystemServerTiming: ssm.onStartUser-0_com.android.server.appbinding.AppBindingService$Lifecycle
12-08 04:17:05.484 1518 1518 W AppBindingService: [Default SMS app] u0 Target package not found
12-08 04:17:05.484 1518 1518 I SystemServerTiming: ssm.onStartUser-0_com.android.server.tracing.TracingServiceProxy
12-08 04:17:05.484 1518 1518 I SystemServerTiming: ssm.onStartUser-0_com.android.server.policy.PermissionPolicyService
12-08 04:17:05.484 1518 1518 I SystemServerTiming: ssm.onStartUser-0_com.android.server.pm.StagingManager$Lifecycle
12-08 04:17:05.484 1518 1518 I SystemServerTiming: ssm.onStartUser-0_com.android.server.app.GameManagerService$Lifecycle
12-08 04:17:05.485 1518 1518 V GameManagerService: Settings file doesn't exists, skip reading
12-08 04:17:05.485 1518 1518 I SystemServerTiming: ssm.onStartUser-0_com.android.server.appsearch.AppSearchManagerService
12-08 04:17:05.485 1518 1518 I SystemServerTiming: ssm.onStartUser-0_com.android.server.media.MediaCommunicationService
12-08 04:17:05.485 1518 1518 I SystemServerTiming: startPersistentApps
12-08 04:17:05.486 1518 1518 D CompatibilityChangeReporter: Compat change id reported: 135634846; UID 1000; state: DISABLED
12-08 04:17:05.486 1518 1518 D CompatibilityChangeReporter: Compat change id reported: 177438394; UID 1000; state: DISABLED
12-08 04:17:05.486 1518 1518 D CompatibilityChangeReporter: Compat change id reported: 135772972; UID 1000; state: DISABLED
12-08 04:17:05.486 1518 1518 D CompatibilityChangeReporter: Compat change id reported: 135754954; UID 1000; state: ENABLED
12-08 04:17:05.486 1518 1655 W ActivityManager: com.android.keychain inode == 0 (b/152760674)
12-08 04:17:05.487 1518 1518 I am_uid_running: 1001
12-08 04:17:05.487 1518 1518 D CompatibilityChangeReporter: Compat change id reported: 135634846; UID 1001; state: DISABLED
12-08 04:17:05.487 1518 1518 D CompatibilityChangeReporter: Compat change id reported: 177438394; UID 1001; state: DISABLED
12-08 04:17:05.487 1518 1518 D CompatibilityChangeReporter: Compat change id reported: 135772972; UID 1001; state: DISABLED
12-08 04:17:05.487 1518 1518 D CompatibilityChangeReporter: Compat change id reported: 135754954; UID 1001; state: ENABLED
12-08 04:17:05.487 1518 1653 I netstats_mobile_sample: [0,0,0,0,0,0,0,0,0,0,0,0,1670444225487]
12-08 04:17:05.487 1518 1653 I netstats_wifi_sample: [0,0,0,0,0,0,0,0,0,0,0,0,1670444225487]
12-08 04:17:05.487 1518 1518 I am_uid_running: 10055
12-08 04:17:05.487 1518 1518 D CompatibilityChangeReporter: Compat change id reported: 135634846; UID 10055; state: DISABLED
12-08 04:17:05.487 1518 1518 D CompatibilityChangeReporter: Compat change id reported: 177438394; UID 10055; state: DISABLED
12-08 04:17:05.488 1518 1518 D CompatibilityChangeReporter: Compat change id reported: 135772972; UID 10055; state: DISABLED
12-08 04:17:05.488 1518 1518 D CompatibilityChangeReporter: Compat change id reported: 135754954; UID 10055; state: DISABLED
12-08 04:17:05.490 1518 1518 I am_uid_running: 10088
12-08 04:17:05.490 1518 1518 D CompatibilityChangeReporter: Compat change id reported: 135634846; UID 10088; state: DISABLED
12-08 04:17:05.490 1518 1518 D CompatibilityChangeReporter: Compat change id reported: 177438394; UID 10088; state: DISABLED
12-08 04:17:05.490 1518 1518 D CompatibilityChangeReporter: Compat change id reported: 135772972; UID 10088; state: DISABLED
12-08 04:17:05.490 1518 1518 D CompatibilityChangeReporter: Compat change id reported: 135754954; UID 10088; state: DISABLED
12-08 04:17:05.490 1518 1518 I am_uid_running: 1068
12-08 04:17:05.490 1518 1518 D CompatibilityChangeReporter: Compat change id reported: 135634846; UID 1068; state: DISABLED
12-08 04:17:05.492 1518 1518 I am_uid_running: 10063
12-08 04:17:05.492 1518 1518 D CompatibilityChangeReporter: Compat change id reported: 135634846; UID 10063; state: DISABLED
12-08 04:17:05.492 1518 1518 D CompatibilityChangeReporter: Compat change id reported: 177438394; UID 10063; state: DISABLED
12-08 04:17:05.492 1518 1518 D CompatibilityChangeReporter: Compat change id reported: 135772972; UID 10063; state: DISABLED
12-08 04:17:05.492 1518 1518 D CompatibilityChangeReporter: Compat change id reported: 135754954; UID 10063; state: ENABLED
12-08 04:17:05.492 1518 1752 I commit_sys_config_file: [settings-2-0,0]
12-08 04:17:05.493 1518 1518 I SystemServerTiming: startHomeOnAllDisplays
12-08 04:17:05.493 1518 1518 I ActivityTaskManager: START u0 {act=android.intent.action.MAIN cat=[android.intent.category.HOME] flg=0x10000100 cmp=com.android.settings/.CryptKeeper (has extras)} from uid 0
12-08 04:17:05.497 1518 1518 D CompatibilityChangeReporter: Compat change id reported: 174042980; UID 1000; state: DISABLED
12-08 04:17:05.499 1518 1653 I netstats_mobile_sample: [0,0,0,0,0,0,0,0,0,0,0,0,1670444225499]
12-08 04:17:05.499 1518 1653 I netstats_wifi_sample: [0,0,0,0,0,0,0,0,0,0,0,0,1670444225499]
12-08 04:17:05.499 1518 1518 I wm_task_created: [7,-1]
12-08 04:17:05.500 1518 1518 I wm_task_moved: [7,1,2147483647]
12-08 04:17:05.500 1518 1518 I wm_task_moved: [1,1,5]
12-08 04:17:05.500 1518 1518 I wm_create_task: [0,7]
12-08 04:17:05.500 1518 1518 I wm_create_activity: [0,198564447,7,com.android.settings/.CryptKeeper,android.intent.action.MAIN,NULL,NULL,276824320]
12-08 04:17:05.501 1518 1518 I wm_task_moved: [1,1,5]
12-08 04:17:05.501 1518 1518 I wm_task_moved: [7,1,2147483647]
12-08 04:17:05.501 1518 1518 I wm_task_to_front: [0,7]
12-08 04:17:05.503 1518 1653 I netstats_mobile_sample: [0,0,0,0,0,0,0,0,0,0,0,0,1670444225503]
12-08 04:17:05.503 1518 1653 I netstats_wifi_sample: [0,0,0,0,0,0,0,0,0,0,0,0,1670444225503]
12-08 04:17:05.507 1518 2592 W ContextImpl: Calling a method in the system process without a qualified user: android.app.ContextImpl.bindService:1895 android.content.ContextWrapper.bindService:810 com.qualcomm.qti.activityextension.ActivityNotifier.bindToDynamicDDSService:103 com.qualcomm.qti.activityextension.ActivityNotifier.handleSendActivityInvokeNotification:184 com.qualcomm.qti.activityextension.ActivityNotifier.access$300:26
12-08 04:17:05.507 1518 1518 D CompatibilityChangeReporter: Compat change id reported: 168419799; UID 1000; state: DISABLED
12-08 04:17:05.507 1518 1653 I netstats_mobile_sample: [0,0,0,0,0,0,0,0,0,0,0,0,1670444225507]
12-08 04:17:05.507 1518 1653 I netstats_wifi_sample: [0,0,0,0,0,0,0,0,0,0,0,0,1670444225507]
12-08 04:17:05.507 1518 1518 I ActivityTaskManager: FOREGROUND_APPLICATION_CHANGED to com.android.settings.CryptKeeper
12-08 04:17:05.508 1518 1518 I SystemServerTiming: showSystemReadyErrorDialogs
12-08 04:17:05.509 1518 1653 I netstats_mobile_sample: [0,0,0,0,0,0,0,0,0,0,0,0,1670444225509]
12-08 04:17:05.509 1518 1653 I netstats_wifi_sample: [0,0,0,0,0,0,0,0,0,0,0,0,1670444225509]
12-08 04:17:05.511 1518 1653 I netstats_mobile_sample: [0,0,0,0,0,0,0,0,0,0,0,0,1670444225511]
12-08 04:17:05.511 1518 1653 I netstats_wifi_sample: [0,0,0,0,0,0,0,0,0,0,0,0,1670444225511]
12-08 04:17:05.511 1518 1653 D TelephonyRegistry: listen oscl: mHasNotifySubscriptionInfoChangedOccurred==false no callback
12-08 04:17:05.511 1518 1653 D CountryDetector: Using custom country detector class: com.android.server.location.ComprehensiveCountryDetector
12-08 04:17:05.511 1518 1653 E CountryDetector: Could not instantiate the custom country detector class
12-08 04:17:05.511 1518 1653 D CountryDetector: Using default country detector
12-08 04:17:05.533 1518 1518 I SystemServerTiming: sendUserStartBroadcast
12-08 04:17:05.533 1518 1518 I SystemServerTiming: resumeTopActivities
12-08 04:17:05.534 1518 1518 I SystemServerTiming: sendUserSwitchBroadcasts
12-08 04:17:05.534 1518 1518 I uc_send_user_broadcast: [0,android.intent.action.USER_FOREGROUND]
12-08 04:17:05.534 1518 1518 I uc_send_user_broadcast: [0,android.intent.action.USER_SWITCHED]
12-08 04:17:05.534 1518 1518 I SystemServerTiming: setBinderProxies
12-08 04:17:05.534 1518 1518 I SystemServerTiming: StartSystemUI
12-08 04:17:05.534 1518 1655 I am_proc_start: [0,2576,1000,com.thundercomm.microservice,added application,com.thundercomm.microservice]
12-08 04:17:05.534 1518 1655 I ActivityManager: Start proc 2576:com.thundercomm.microservice/1000 for added application com.thundercomm.microservice
12-08 04:17:05.534 1518 1655 W ActivityManager: com.android.keychain inode == 0 (b/152760674)
12-08 04:17:05.534 1518 2422 I am_proc_bound: [0,2576,com.thundercomm.microservice]
12-08 04:17:05.537 1518 2592 W ContextImpl: Calling a method in the system process without a qualified user: android.app.ContextImpl.bindService:1895 android.content.ContextWrapper.bindService:810 com.qualcomm.qti.activityextension.ActivityNotifier.bindToDynamicDDSService:103 com.qualcomm.qti.activityextension.ActivityNotifier.handleSendActivityInvokeNotification:184 com.qualcomm.qti.activityextension.ActivityNotifier.access$300:26
12-08 04:17:05.538 1518 1655 W ActivityManager: Slow operation: 52ms so far, now at startProcess: returned from zygote!
12-08 04:17:05.538 1518 1655 W ActivityManager: Slow operation: 52ms so far, now at startProcess: done updating battery stats
12-08 04:17:05.538 1518 1655 I am_proc_start: [0,2594,1000,com.thundercomm.microsettings,added application,com.thundercomm.microsettings]
12-08 04:17:05.538 1518 1655 W ActivityManager: Slow operation: 52ms so far, now at startProcess: building log message
12-08 04:17:05.538 1518 1655 I ActivityManager: Start proc 2594:com.thundercomm.microsettings/1000 for added application com.thundercomm.microsettings
12-08 04:17:05.538 1518 1655 W ActivityManager: Slow operation: 52ms so far, now at startProcess: starting to update pids map
12-08 04:17:05.538 1518 1655 W ActivityManager: Slow operation: 52ms so far, now at startProcess: done updating pids map
12-08 04:17:05.538 1518 1655 W ActivityManager: Slow operation: 52ms so far, now at startProcess: asking zygote to start proc
12-08 04:17:05.538 1518 1655 W ActivityManager: com.qualcomm.qti.dynamicddsservice inode == 0 (b/152760674)
12-08 04:17:05.540 1518 1518 I SystemServerTiming: startMicroService
12-08 04:17:05.541 1518 1518 I SystemServerTiming: startRemoteControlService
12-08 04:17:05.541 1518 1518 I SystemServerTiming: startTcService
12-08 04:17:05.541 1518 2422 I sysui_multi_action: [757,856,758,1,806,com.android.systemui,857,ALR,858,4]
12-08 04:17:05.541 1518 2422 I sysui_multi_action: [757,856,758,1,806,com.android.systemui,857,GEN,858,1]
12-08 04:17:05.541 1518 2422 I sysui_multi_action: [757,856,758,1,806,com.android.systemui,857,DSK,858,2]
12-08 04:17:05.542 1518 1645 D CompatibilityChangeReporter: Compat change id reported: 135634846; UID 1000; state: DISABLED
12-08 04:17:05.542 1518 2422 I sysui_multi_action: [757,856,758,1,806,com.android.systemui,857,SCN_HEADSUP,858,4]
12-08 04:17:05.542 1518 1645 D CompatibilityChangeReporter: Compat change id reported: 177438394; UID 1000; state: DISABLED
12-08 04:17:05.542 1518 2422 I sysui_multi_action: [757,856,758,1,806,com.android.systemui,857,BAT,858,5]
12-08 04:17:05.542 1518 1645 D CompatibilityChangeReporter: Compat change id reported: 135772972; UID 1000; state: DISABLED
12-08 04:17:05.542 1518 2422 I sysui_multi_action: [757,856,758,1,806,com.android.systemui,857,HNT,858,3]
12-08 04:17:05.542 1518 1645 D CompatibilityChangeReporter: Compat change id reported: 135754954; UID 1000; state: ENABLED
