12-09 10:45:56.359 1509 1605 I am_wtf : [0,1509,system_server,-1,DisplayDeviceConfig,requesting nits when no mapping exists.]
12-09 10:45:56.374 1509 1927 E DisplayDeviceConfig: requesting nits when no mapping exists.
12-09 10:45:56.375 1509 1605 I am_wtf : [0,1509,system_server,-1,DisplayDeviceConfig,requesting nits when no mapping exists.]
12-09 10:45:56.375 1509 1927 E DisplayDeviceConfig: requesting nits when no mapping exists.
12-09 10:45:56.376 1509 1605 I am_wtf : [0,1509,system_server,-1,DisplayDeviceConfig,requesting nits when no mapping exists.]
12-09 10:45:56.391 1509 1927 E DisplayDeviceConfig: requesting nits when no mapping exists.
12-09 10:45:56.391 1509 1927 E DisplayDeviceConfig: requesting nits when no mapping exists.
12-09 10:45:56.392 1509 1605 I am_wtf : [0,1509,system_server,-1,DisplayDeviceConfig,requesting nits when no mapping exists.]
12-09 10:45:56.393 1509 1605 I am_wtf : [0,1509,system_server,-1,DisplayDeviceConfig,requesting nits when no mapping exists.]
12-09 10:45:56.408 1509 1927 E DisplayDeviceConfig: requesting nits when no mapping exists.
12-09 10:45:56.408 1509 1927 E DisplayDeviceConfig: requesting nits when no mapping exists.
12-09 10:45:56.408 1509 1605 I am_wtf : [0,1509,system_server,-1,DisplayDeviceConfig,requesting nits when no mapping exists.]
12-09 10:45:56.409 1509 1605 I am_wtf : [0,1509,system_server,-1,DisplayDeviceConfig,requesting nits when no mapping exists.]
12-09 10:45:56.424 1509 1927 E DisplayDeviceConfig: requesting nits when no mapping exists.
12-09 10:45:56.425 1509 1927 E DisplayDeviceConfig: requesting nits when no mapping exists.
12-09 10:45:56.425 1509 1605 I am_wtf : [0,1509,system_server,-1,DisplayDeviceConfig,requesting nits when no mapping exists.]
12-09 10:45:56.426 1509 1605 I am_wtf : [0,1509,system_server,-1,DisplayDeviceConfig,requesting nits when no mapping exists.]
12-09 10:45:56.441 1509 1927 E DisplayDeviceConfig: requesting nits when no mapping exists.
12-09 10:45:56.442 1509 1927 E DisplayDeviceConfig: requesting nits when no mapping exists.
12-09 10:45:56.442 1509 1605 I am_wtf : [0,1509,system_server,-1,DisplayDeviceConfig,requesting nits when no mapping exists.]
12-09 10:45:56.443 1509 1605 I am_wtf : [0,1509,system_server,-1,DisplayDeviceConfig,requesting nits when no mapping exists.]
12-09 10:45:56.458 1509 1927 E DisplayDeviceConfig: requesting nits when no mapping exists.
12-09 10:45:56.458 1509 1927 E DisplayDeviceConfig: requesting nits when no mapping exists.
12-09 10:45:56.458 1509 1605 I am_wtf : [0,1509,system_server,-1,DisplayDeviceConfig,requesting nits when no mapping exists.]
12-09 10:45:56.459 1509 1605 I am_wtf : [0,1509,system_server,-1,DisplayDeviceConfig,requesting nits when no mapping exists.]
12-09 10:45:56.474 1509 1927 E DisplayDeviceConfig: requesting nits when no mapping exists.
12-09 10:45:56.475 1509 1927 E DisplayDeviceConfig: requesting nits when no mapping exists.
12-09 10:45:56.475 1509 1605 I am_wtf : [0,1509,system_server,-1,DisplayDeviceConfig,requesting nits when no mapping exists.]
12-09 10:45:56.476 1509 1605 I am_wtf : [0,1509,system_server,-1,DisplayDeviceConfig,requesting nits when no mapping exists.]
12-09 10:45:56.491 1509 1927 E DisplayDeviceConfig: requesting nits when no mapping exists.
12-09 10:45:56.491 1509 1927 E DisplayDeviceConfig: requesting nits when no mapping exists.
12-09 10:45:56.491 1509 1605 I am_wtf : [0,1509,system_server,-1,DisplayDeviceConfig,requesting nits when no mapping exists.]
12-09 10:45:56.492 1509 1605 I am_wtf : [0,1509,system_server,-1,DisplayDeviceConfig,requesting nits when no mapping exists.]
12-09 10:45:56.508 1509 1927 E DisplayDeviceConfig: requesting nits when no mapping exists.
12-09 10:45:56.508 1509 1927 E DisplayDeviceConfig: requesting nits when no mapping exists.
12-09 10:45:56.509 1509 1605 I am_wtf : [0,1509,system_server,-1,DisplayDeviceConfig,requesting nits when no mapping exists.]
12-09 10:45:56.509 1509 1605 I am_wtf : [0,1509,system_server,-1,DisplayDeviceConfig,requesting nits when no mapping exists.]
12-09 10:45:56.524 1509 1927 E DisplayDeviceConfig: requesting nits when no mapping exists.
12-09 10:45:56.525 1509 1927 E DisplayDeviceConfig: requesting nits when no mapping exists.
12-09 10:45:56.525 1509 1605 I am_wtf : [0,1509,system_server,-1,DisplayDeviceConfig,requesting nits when no mapping exists.]
12-09 10:45:56.526 1509 1605 I am_wtf : [0,1509,system_server,-1,DisplayDeviceConfig,requesting nits when no mapping exists.]
12-09 10:45:56.541 1509 1927 E DisplayDeviceConfig: requesting nits when no mapping exists.
12-09 10:45:56.542 1509 1927 E DisplayDeviceConfig: requesting nits when no mapping exists.
12-09 10:45:56.542 1509 1605 I am_wtf : [0,1509,system_server,-1,DisplayDeviceConfig,requesting nits when no mapping exists.]
12-09 10:45:56.543 1509 1605 I am_wtf : [0,1509,system_server,-1,DisplayDeviceConfig,requesting nits when no mapping exists.]
12-09 10:45:56.558 1509 1927 E DisplayDeviceConfig: requesting nits when no mapping exists.
12-09 10:45:56.558 1509 1927 E DisplayDeviceConfig: requesting nits when no mapping exists.
12-09 10:45:56.558 1509 1605 I am_wtf : [0,1509,system_server,-1,DisplayDeviceConfig,requesting nits when no mapping exists.]
12-09 10:45:56.560 1509 1605 I am_wtf : [0,1509,system_server,-1,DisplayDeviceConfig,requesting nits when no mapping exists.]
12-09 10:45:56.575 1509 1927 E DisplayDeviceConfig: requesting nits when no mapping exists.
12-09 10:45:56.575 1509 1927 E DisplayDeviceConfig: requesting nits when no mapping exists.
12-09 10:45:56.575 1509 1605 I am_wtf : [0,1509,system_server,-1,DisplayDeviceConfig,requesting nits when no mapping exists.]
12-09 10:45:56.577 1509 1605 I am_wtf : [0,1509,system_server,-1,DisplayDeviceConfig,requesting nits when no mapping exists.]
12-09 10:45:56.591 1509 1927 E DisplayDeviceConfig: requesting nits when no mapping exists.
12-09 10:45:56.592 1509 1605 I am_wtf : [0,1509,system_server,-1,DisplayDeviceConfig,requesting nits when no mapping exists.]
12-09 10:45:56.592 1509 1927 E DisplayDeviceConfig: requesting nits when no mapping exists.
12-09 10:45:56.593 1509 1605 I am_wtf : [0,1509,system_server,-1,DisplayDeviceConfig,requesting nits when no mapping exists.]
12-09 10:45:56.608 1509 1927 E DisplayDeviceConfig: requesting nits when no mapping exists.
12-09 10:45:56.608 1509 1927 E DisplayDeviceConfig: requesting nits when no mapping exists.
12-09 10:45:56.609 1509 1605 I am_wtf : [0,1509,system_server,-1,DisplayDeviceConfig,requesting nits when no mapping exists.]
12-09 10:45:56.609 1509 1605 I am_wtf : [0,1509,system_server,-1,DisplayDeviceConfig,requesting nits when no mapping exists.]
12-09 10:45:56.625 1509 1927 E DisplayDeviceConfig: requesting nits when no mapping exists.
12-09 10:45:56.625 1509 1927 E DisplayDeviceConfig: requesting nits when no mapping exists.
12-09 10:45:56.626 1509 1605 I am_wtf : [0,1509,system_server,-1,DisplayDeviceConfig,requesting nits when no mapping exists.]
12-09 10:45:56.626 1509 1605 I am_wtf : [0,1509,system_server,-1,DisplayDeviceConfig,requesting nits when no mapping exists.]
12-09 10:45:56.641 1509 1927 E DisplayDeviceConfig: requesting nits when no mapping exists.
12-09 10:45:56.642 1509 1927 E DisplayDeviceConfig: requesting nits when no mapping exists.
12-09 10:45:56.642 1509 1605 I am_wtf : [0,1509,system_server,-1,DisplayDeviceConfig,requesting nits when no mapping exists.]
12-09 10:45:56.643 1509 1605 I am_wtf : [0,1509,system_server,-1,DisplayDeviceConfig,requesting nits when no mapping exists.]
12-09 10:45:56.658 1509 1927 E DisplayDeviceConfig: requesting nits when no mapping exists.
12-09 10:45:56.659 1509 1927 E DisplayDeviceConfig: requesting nits when no mapping exists.
12-09 10:45:56.659 1509 1605 I am_wtf : [0,1509,system_server,-1,DisplayDeviceConfig,requesting nits when no mapping exists.]
12-09 10:45:56.660 1509 1605 I am_wtf : [0,1509,system_server,-1,DisplayDeviceConfig,requesting nits when no mapping exists.]
12-09 10:45:56.675 1509 1927 E DisplayDeviceConfig: requesting nits when no mapping exists.
12-09 10:45:56.675 1509 1927 E DisplayDeviceConfig: requesting nits when no mapping exists.
12-09 10:45:56.675 1509 1605 I am_wtf : [0,1509,system_server,-1,DisplayDeviceConfig,requesting nits when no mapping exists.]
12-09 10:45:56.676 1509 1605 I am_wtf : [0,1509,system_server,-1,DisplayDeviceConfig,requesting nits when no mapping exists.]
12-09 10:45:56.692 1509 1927 E DisplayDeviceConfig: requesting nits when no mapping exists.
12-09 10:45:56.692 1509 1927 E DisplayDeviceConfig: requesting nits when no mapping exists.
12-09 10:45:56.692 1509 1605 I am_wtf : [0,1509,system_server,-1,DisplayDeviceConfig,requesting nits when no mapping exists.]
12-09 10:45:56.693 1509 1605 I am_wtf : [0,1509,system_server,-1,DisplayDeviceConfig,requesting nits when no mapping exists.]
12-09 10:45:56.708 1509 1927 E DisplayDeviceConfig: requesting nits when no mapping exists.
12-09 10:45:56.709 1509 1927 E DisplayDeviceConfig: requesting nits when no mapping exists.
12-09 10:45:56.709 1509 1605 I am_wtf : [0,1509,system_server,-1,DisplayDeviceConfig,requesting nits when no mapping exists.]
12-09 10:45:56.710 1509 1605 I am_wtf : [0,1509,system_server,-1,DisplayDeviceConfig,requesting nits when no mapping exists.]
12-09 10:45:56.711 1509 1605 I service_manager_stats: [100,47,54013]
12-09 10:45:56.725 1509 1927 E DisplayDeviceConfig: requesting nits when no mapping exists.
12-09 10:45:56.725 1509 1927 E DisplayDeviceConfig: requesting nits when no mapping exists.
12-09 10:45:56.725 1509 1605 I am_wtf : [0,1509,system_server,-1,DisplayDeviceConfig,requesting nits when no mapping exists.]
12-09 10:45:56.726 1509 1605 I am_wtf : [0,1509,system_server,-1,DisplayDeviceConfig,requesting nits when no mapping exists.]
12-09 10:45:56.742 1509 1927 E DisplayDeviceConfig: requesting nits when no mapping exists.
12-09 10:45:56.742 1509 1927 E DisplayDeviceConfig: requesting nits when no mapping exists.
12-09 10:45:56.742 1509 1605 I am_wtf : [0,1509,system_server,-1,DisplayDeviceConfig,requesting nits when no mapping exists.]
12-09 10:45:56.743 1509 1605 I am_wtf : [0,1509,system_server,-1,DisplayDeviceConfig,requesting nits when no mapping exists.]
12-09 10:45:56.758 1509 1927 E DisplayDeviceConfig: requesting nits when no mapping exists.
12-09 10:45:56.759 1509 1927 E DisplayDeviceConfig: requesting nits when no mapping exists.
12-09 10:45:56.759 1509 1605 I am_wtf : [0,1509,system_server,-1,DisplayDeviceConfig,requesting nits when no mapping exists.]
12-09 10:45:56.760 1509 1605 I am_wtf : [0,1509,system_server,-1,DisplayDeviceConfig,requesting nits when no mapping exists.]
12-09 10:45:56.775 1509 1927 E DisplayDeviceConfig: requesting nits when no mapping exists.
12-09 10:45:56.776 1509 1927 E DisplayDeviceConfig: requesting nits when no mapping exists.
12-09 10:45:56.776 1509 1605 I am_wtf : [0,1509,system_server,-1,DisplayDeviceConfig,requesting nits when no mapping exists.]
12-09 10:45:56.778 1509 1605 I am_wtf : [0,1509,system_server,-1,DisplayDeviceConfig,requesting nits when no mapping exists.]
12-09 10:45:56.792 1509 1927 E DisplayDeviceConfig: requesting nits when no mapping exists.
12-09 10:45:56.792 1509 1927 E DisplayDeviceConfig: requesting nits when no mapping exists.
12-09 10:45:56.792 1509 1605 I am_wtf : [0,1509,system_server,-1,DisplayDeviceConfig,requesting nits when no mapping exists.]
12-09 10:45:56.794 1509 1605 I am_wtf : [0,1509,system_server,-1,DisplayDeviceConfig,requesting nits when no mapping exists.]
12-09 10:45:56.808 1509 1927 E DisplayDeviceConfig: requesting nits when no mapping exists.
12-09 10:45:56.809 1509 1927 E DisplayDeviceConfig: requesting nits when no mapping exists.
12-09 10:45:56.809 1509 1605 I am_wtf : [0,1509,system_server,-1,DisplayDeviceConfig,requesting nits when no mapping exists.]
12-09 10:45:56.810 1509 1605 I am_wtf : [0,1509,system_server,-1,DisplayDeviceConfig,requesting nits when no mapping exists.]
12-09 10:45:56.825 1509 1927 E DisplayDeviceConfig: requesting nits when no mapping exists.
12-09 10:45:56.826 1509 1605 I am_wtf : [0,1509,system_server,-1,DisplayDeviceConfig,requesting nits when no mapping exists.]
12-09 10:45:56.827 1509 1927 E DisplayDeviceConfig: requesting nits when no mapping exists.
12-09 10:45:56.828 1509 1605 I am_wtf : [0,1509,system_server,-1,DisplayDeviceConfig,requesting nits when no mapping exists.]
12-09 10:45:56.842 1509 1927 E DisplayDeviceConfig: requesting nits when no mapping exists.
12-09 10:45:56.843 1509 1927 E DisplayDeviceConfig: requesting nits when no mapping exists.
12-09 10:45:56.843 1509 1605 I am_wtf : [0,1509,system_server,-1,DisplayDeviceConfig,requesting nits when no mapping exists.]
12-09 10:45:56.844 1509 1605 I am_wtf : [0,1509,system_server,-1,DisplayDeviceConfig,requesting nits when no mapping exists.]
12-09 10:45:56.858 1509 1927 E DisplayDeviceConfig: requesting nits when no mapping exists.
12-09 10:45:56.859 1509 1927 E DisplayDeviceConfig: requesting nits when no mapping exists.
12-09 10:45:56.859 1509 1605 I am_wtf : [0,1509,system_server,-1,DisplayDeviceConfig,requesting nits when no mapping exists.]
12-09 10:45:56.860 1509 1605 I am_wtf : [0,1509,system_server,-1,DisplayDeviceConfig,requesting nits when no mapping exists.]
12-09 10:45:56.875 1509 1927 E DisplayDeviceConfig: requesting nits when no mapping exists.
12-09 10:45:56.876 1509 1605 I am_wtf : [0,1509,system_server,-1,DisplayDeviceConfig,requesting nits when no mapping exists.]
12-09 10:45:56.876 1509 1927 E DisplayDeviceConfig: requesting nits when no mapping exists.
12-09 10:45:56.877 1509 1605 I am_wtf : [0,1509,system_server,-1,DisplayDeviceConfig,requesting nits when no mapping exists.]
12-09 10:45:56.892 1509 1927 E DisplayDeviceConfig: requesting nits when no mapping exists.
12-09 10:45:56.893 1509 1605 I am_wtf : [0,1509,system_server,-1,DisplayDeviceConfig,requesting nits when no mapping exists.]
12-09 10:45:56.894 1509 1927 E DisplayDeviceConfig: requesting nits when no mapping exists.
12-09 10:45:56.895 1509 1605 I am_wtf : [0,1509,system_server,-1,DisplayDeviceConfig,requesting nits when no mapping exists.]
12-09 10:45:57.203 0 0 I auditd : type=1400 audit(0.0:20643): avc: denied { kill } for comm="swapper/0" capability=5 scontext=u:r:kernel:s0 tcontext=u:r:kernel:s0 tclass=capability permissive=0
12-09 10:45:58.203 0 0 I auditd : type=1400 audit(0.0:20644): avc: denied { kill } for comm="swapper/0" capability=5 scontext=u:r:kernel:s0 tcontext=u:r:kernel:s0 tclass=capability permissive=0
12-09 10:45:59.203 0 0 I auditd : type=1400 audit(0.0:20645): avc: denied { kill } for comm="swapper/0" capability=5 scontext=u:r:kernel:s0 tcontext=u:r:kernel:s0 tclass=capability permissive=0
12-09 10:46:00.203 0 0 I auditd : type=1400 audit(0.0:20646): avc: denied { kill } for comm="swapper/0" capability=5 scontext=u:r:kernel:s0 tcontext=u:r:kernel:s0 tclass=capability permissive=0
12-09 10:46:01.203 0 0 I auditd : type=1400 audit(0.0:20647): avc: denied { kill } for comm="swapper/0" capability=5 scontext=u:r:kernel:s0 tcontext=u:r:kernel:s0 tclass=capability permissive=0
12-09 10:46:02.203 0 0 I auditd : type=1400 audit(0.0:20648): avc: denied { kill } for comm="swapper/0" capability=5 scontext=u:r:kernel:s0 tcontext=u:r:kernel:s0 tclass=capability permissive=0
12-09 10:46:02.898 1509 1621 I PowerManagerService: Napping display group (groupId=0, uid=1000)...
12-09 10:46:02.899 1509 1621 I PowerManagerService: Nap time (uid 1000)...
12-09 10:46:02.900 1509 1621 I DreamManagerService: Entering dreamland.
12-09 10:46:02.905 1509 1621 I PowerManagerService: Dreaming...
12-09 10:46:02.909 1509 1594 I DreamController: Starting dream: name=ComponentInfo{com.thundercomm.screensaver/com.thundercomm.screensaver.service.SystemScreensaverDream}, isTest=false, canDoze=false, userId=0
12-09 10:46:02.909 1509 1594 I sysui_multi_action: [757,222,758,1]
12-09 10:46:02.912 1509 1594 I am_uid_active: 10051
12-09 10:46:02.924 1509 6785 I ActivityTaskManager: START u0 {flg=0x10000000 pkg=com.thundercomm.screensaver cmp=com.thundercomm.screensaver/android.service.dreams.DreamActivity (has extras)} from uid 10051
12-09 10:46:02.928 1509 6785 I wm_task_created: [162,-1]
12-09 10:46:02.928 1509 6785 W ActivityTaskManager: Can't find TaskDisplayArea to determine support for multi window. Task id=162 attached=false
12-09 10:46:02.932 1509 6785 I wm_task_moved: [162,1,7]
12-09 10:46:02.932 1509 6785 I wm_task_to_front: [0,162]
12-09 10:46:02.933 1509 6785 I wm_create_task: [0,162]
12-09 10:46:02.933 1509 6785 I wm_create_activity: [0,41103713,162,com.thundercomm.screensaver/android.service.dreams.DreamActivity,NULL,NULL,NULL,276824064]
12-09 10:46:02.933 1509 6785 I wm_task_moved: [162,1,7]
12-09 10:46:02.933 19875 19875 I wm_on_top_resumed_lost_called: [44385528,com.android.settings.homepage.SettingsHomepageActivity,topStateChangedWhenResumed]
12-09 10:46:02.935 1509 6785 I wm_pause_activity: [0,44385528,com.android.settings/.homepage.SettingsHomepageActivity,userLeaving=true,pauseBackTasks]
12-09 10:46:02.940 19875 19875 I sysui_multi_action: [757,35,758,2,1089,60468]
12-09 10:46:02.941 19875 19875 I sysui_multi_action: [757,103,758,2,1089,60192]
12-09 10:46:02.942 19875 19875 I wm_on_paused_called: [44385528,com.android.settings.homepage.SettingsHomepageActivity,performPause]
12-09 10:46:02.943 1509 7695 I ActivityTaskManager: FOREGROUND_APPLICATION_CHANGED to android.service.dreams.DreamActivity
12-09 10:46:02.943 1509 7695 I ActivityTaskManager: The Process com.thundercomm.screensaver Already Exists in BG. So sending its PID: 5084
12-09 10:46:02.943 1509 7695 W ActivityTaskManager: Tried to set launchTime (0) < mLastActivityLaunchTime (19211114)
12-09 10:46:02.944 1509 7695 I wm_add_to_stopping: [0,44385528,com.android.settings/.homepage.SettingsHomepageActivity,makeInvisible]
12-09 10:46:02.945 1509 7695 I wm_restart_activity: [0,41103713,162,com.thundercomm.screensaver/android.service.dreams.DreamActivity]
12-09 10:46:02.945 1509 1604 I am_pss : [19875,1000,com.android.settings,156262400,144556032,0,285700096,0,2,16]
12-09 10:46:02.946 1509 7695 I wm_set_resumed_activity: [0,com.thundercomm.screensaver/android.service.dreams.DreamActivity,minimalResumeActivityLocked]
12-09 10:46:02.957 1509 1604 I am_pss : [18806,10084,com.android.music,41757696,35446784,0,162066432,0,18,8]
12-09 10:46:02.958 1509 1597 I sysui_multi_action: [757,803,799,window_time_0,802,61]
12-09 10:46:02.958 5084 5084 I wm_on_create_called: [41103713,android.service.dreams.DreamActivity,performCreate]
12-09 10:46:02.958 5084 5084 I wm_on_start_called: [41103713,android.service.dreams.DreamActivity,handleStartActivity]
12-09 10:46:02.959 5084 5084 I wm_on_resume_called: [41103713,android.service.dreams.DreamActivity,RESUME_ACTIVITY]
12-09 10:46:02.959 1509 1680 I input_focus: [Focus leaving 4474eed com.android.settings/com.android.settings.homepage.SettingsHomepageActivity (server),reason=NO_WINDOW]
12-09 10:46:02.962 1509 7695 W WindowManager: Failed looking up window session=Session{94bf14e 5084:u0a10051} callers=com.android.server.wm.WindowManagerService.windowForClientLocked:5628 com.android.server.wm.Session.insetsModified:629 android.view.IWindowSession$Stub.onTransact:1151
12-09 10:46:02.963 5084 5084 I wm_on_top_resumed_gained_called: [41103713,android.service.dreams.DreamActivity,topStateChangedWhenResumed]
12-09 10:46:02.964 1509 1604 I am_pss : [17027,1000,com.qti.diagservices,5986304,3788800,0,93704192,0,10,5]
12-09 10:46:02.969 12356 12373 W ContextImpl: Calling a method in the system process without a qualified user: android.app.ContextImpl.startService:1816 android.content.ContextWrapper.startService:774 com.thundercomm.gamemode.ingame.services.GameModeActionUtils.startGameModeService:99 com.thundercomm.gamemode.ingame.services.GameModeActionUtils.startGameModeEntry:22 com.thundercomm.gamemode.ingame.services.ActivityMonitoringService$1.onActivityLaunch:127
12-09 10:46:02.976 1509 1509 I GameModeConfig: Current uri is uri = content://com.thundercomm.gamemode.api/gamemode_settings/gamemode_isgaming
12-09 10:46:02.985 1509 1509 I GameModeConfig: isGameModeOn = false
12-09 10:46:02.985 1509 1509 I GameModeConfig: isGameModeOn = false
12-09 10:46:02.985 1509 1509 I GameModeConfig: isDisableVoice = true
12-09 10:46:02.991 1509 1737 I GameModeConfig: isGameModeOn = false
12-09 10:46:02.991 1509 1598 I input_focus: [Focus request 7164d74 com.thundercomm.screensaver/android.service.dreams.DreamActivity,reason=UpdateInputWindows]
12-09 10:46:02.992 1509 1737 I GameModeConfig: isGameModeOn = false
12-09 10:46:02.992 1509 1737 I GameModeConfig: isGameModeOn = false
12-09 10:46:02.992 1509 1737 I GameModeConfig: isGameModeOn = false
12-09 10:46:02.994 1509 1509 I notification_enqueue: [10082,1962,com.android.systemui,2048,NULL,0,Notification(channel=updateNotification shortcut=null contentView=null vibrate=null sound=null defaults=0x0 flags=0x0 color=0x00000000 vis=PRIVATE),1]
12-09 10:46:02.996 1962 1962 I sysui_multi_action: [757,111,758,2]
12-09 10:46:02.996 1962 1962 I sysui_multi_action: [757,111,758,2]
12-09 10:46:03.015 1509 1621 V DisplayPowerController[0]: Brightness [1.0] reason changing to: 'manual', previous reason: 'manual [ dim ]'.
12-09 10:46:03.015 1509 1621 I sysui_multi_action: [757,1696,758,6,759,3]
12-09 10:46:03.019 1509 1594 I sysui_multi_action: [319,86,322,80,325,19572,757,761,758,8,759,2,806,com.thundercomm.screensaver,871,android.service.dreams.DreamActivity,904,com.thundercomm.screensaver,905,0,1320,8,1321,5]
12-09 10:46:03.019 1509 1594 I wm_activity_launch_time: [0,41103713,com.thundercomm.screensaver/android.service.dreams.DreamActivity,80]
12-09 10:46:03.022 1962 1962 I sysui_multi_action: [757,111,758,1]
12-09 10:46:03.022 1962 1962 I sysui_multi_action: [757,126,758,1,759,126,927,0,928,0,1593,1]
12-09 10:46:03.022 1962 1962 I sysui_multi_action: [757,113,758,1,759,113,927,1,928,1,1593,1]
12-09 10:46:03.022 1962 1962 I sysui_multi_action: [757,0,758,1,759,0,927,2,928,0,1593,1]
12-09 10:46:03.022 1962 1962 I sysui_multi_action: [757,0,758,1,759,0,927,3,928,0,1593,1]
12-09 10:46:03.022 1962 1962 I sysui_multi_action: [757,491,758,1,759,491,927,4,928,0,1311,-1,1593,0]
12-09 10:46:03.023 1962 1962 I sysui_multi_action: [757,0,758,1,759,0,927,5,928,0,1593,0]
12-09 10:46:03.023 1962 1962 I sysui_multi_action: [757,120,758,1,759,120,927,6,928,1,1593,0]
12-09 10:46:03.023 1962 1962 I sysui_multi_action: [757,111,758,1]
12-09 10:46:03.023 1962 1962 I sysui_multi_action: [757,126,758,1,759,126,927,0,928,0,1593,1]
12-09 10:46:03.023 1962 1962 I sysui_multi_action: [757,113,758,1,759,113,927,1,928,1,1593,1]
12-09 10:46:03.023 1962 1962 I sysui_multi_action: [757,0,758,1,759,0,927,2,928,0,1593,1]
12-09 10:46:03.023 1962 1962 I sysui_multi_action: [757,0,758,1,759,0,927,3,928,0,1593,1]
12-09 10:46:03.026 1509 1927 E DisplayDeviceConfig: requesting nits when no mapping exists.
12-09 10:46:03.027 1509 1927 E DisplayDeviceConfig: requesting nits when no mapping exists.
12-09 10:46:03.027 1509 1605 I am_wtf : [0,1509,system_server,-1,DisplayDeviceConfig,requesting nits when no mapping exists.]
12-09 10:46:03.032 1509 1605 I am_wtf : [0,1509,system_server,-1,DisplayDeviceConfig,requesting nits when no mapping exists.]
12-09 10:46:03.043 1509 1680 I input_focus: [Focus entering 7164d74 com.thundercomm.screensaver/android.service.dreams.DreamActivity (server),reason=Window became focusable. Previous reason: NOT_VISIBLE]
12-09 10:46:03.043 1509 1927 E DisplayDeviceConfig: requesting nits when no mapping exists.
12-09 10:46:03.046 1509 1927 E DisplayDeviceConfig: requesting nits when no mapping exists.
12-09 10:46:03.046 1509 1605 I am_wtf : [0,1509,system_server,-1,DisplayDeviceConfig,requesting nits when no mapping exists.]
12-09 10:46:03.047 1509 1605 I am_wtf : [0,1509,system_server,-1,DisplayDeviceConfig,requesting nits when no mapping exists.]
12-09 10:46:03.058 12356 12373 W ContextImpl: Calling a method in the system process without a qualified user: android.app.ContextImpl.startService:1816 android.content.ContextWrapper.startService:774 com.thundercomm.gamemode.ingame.services.GameModeActionUtils.startGameModeService:99 com.thundercomm.gamemode.ingame.services.GameModeActionUtils.startGameModeEntry:22 com.thundercomm.gamemode.ingame.services.ActivityMonitoringService$1.onActivityLaunch:127
12-09 10:46:03.059 1509 1927 E DisplayDeviceConfig: requesting nits when no mapping exists.
12-09 10:46:03.060 1509 1927 E DisplayDeviceConfig: requesting nits when no mapping exists.
12-09 10:46:03.060 1509 1605 I am_wtf : [0,1509,system_server,-1,DisplayDeviceConfig,requesting nits when no mapping exists.]
12-09 10:46:03.064 1509 1509 I GameModeConfig: Current uri is uri = content://com.thundercomm.gamemode.api/gamemode_settings/gamemode_isgaming
12-09 10:46:03.066 1509 1509 I GameModeConfig: isGameModeOn = false
12-09 10:46:03.067 1509 1509 I GameModeConfig: isGameModeOn = false
12-09 10:46:03.067 1509 1509 I GameModeConfig: isDisableVoice = true
12-09 10:46:03.068 1509 1605 I am_wtf : [0,1509,system_server,-1,DisplayDeviceConfig,requesting nits when no mapping exists.]
12-09 10:46:03.078 1509 1927 E DisplayDeviceConfig: requesting nits when no mapping exists.
12-09 10:46:03.078 1509 1927 E DisplayDeviceConfig: requesting nits when no mapping exists.
12-09 10:46:03.079 1509 1605 I am_wtf : [0,1509,system_server,-1,DisplayDeviceConfig,requesting nits when no mapping exists.]
12-09 10:46:03.081 1509 1605 I am_wtf : [0,1509,system_server,-1,DisplayDeviceConfig,requesting nits when no mapping exists.]
12-09 10:46:03.095 1509 1927 E DisplayDeviceConfig: requesting nits when no mapping exists.
12-09 10:46:03.095 1509 1927 E DisplayDeviceConfig: requesting nits when no mapping exists.
12-09 10:46:03.095 1509 1605 I am_wtf : [0,1509,system_server,-1,DisplayDeviceConfig,requesting nits when no mapping exists.]
12-09 10:46:03.099 1509 1605 I am_wtf : [0,1509,system_server,-1,DisplayDeviceConfig,requesting nits when no mapping exists.]
12-09 10:46:03.110 1509 1927 E DisplayDeviceConfig: requesting nits when no mapping exists.
12-09 10:46:03.110 1509 1927 E DisplayDeviceConfig: requesting nits when no mapping exists.
12-09 10:46:03.110 1509 1605 I am_wtf : [0,1509,system_server,-1,DisplayDeviceConfig,requesting nits when no mapping exists.]
12-09 10:46:03.111 1509 1605 I am_wtf : [0,1509,system_server,-1,DisplayDeviceConfig,requesting nits when no mapping exists.]
12-09 10:46:03.126 1509 1927 E DisplayDeviceConfig: requesting nits when no mapping exists.
12-09 10:46:03.127 1509 1927 E DisplayDeviceConfig: requesting nits when no mapping exists.
12-09 10:46:03.127 1509 1605 I am_wtf : [0,1509,system_server,-1,DisplayDeviceConfig,requesting nits when no mapping exists.]
12-09 10:46:03.132 1509 1605 I am_wtf : [0,1509,system_server,-1,DisplayDeviceConfig,requesting nits when no mapping exists.]
12-09 10:46:03.143 1509 1927 E DisplayDeviceConfig: requesting nits when no mapping exists.
12-09 10:46:03.143 1509 1927 E DisplayDeviceConfig: requesting nits when no mapping exists.
12-09 10:46:03.143 1509 1605 I am_wtf : [0,1509,system_server,-1,DisplayDeviceConfig,requesting nits when no mapping exists.]
12-09 10:46:03.144 1509 1605 I am_wtf : [0,1509,system_server,-1,DisplayDeviceConfig,requesting nits when no mapping exists.]
12-09 10:46:03.160 1509 1927 E DisplayDeviceConfig: requesting nits when no mapping exists.
12-09 10:46:03.161 1509 1605 I am_wtf : [0,1509,system_server,-1,DisplayDeviceConfig,requesting nits when no mapping exists.]
12-09 10:46:03.161 1509 1927 E DisplayDeviceConfig: requesting nits when no mapping exists.
12-09 10:46:03.162 1509 1605 I am_wtf : [0,1509,system_server,-1,DisplayDeviceConfig,requesting nits when no mapping exists.]
12-09 10:46:03.177 1509 1927 E DisplayDeviceConfig: requesting nits when no mapping exists.
12-09 10:46:03.177 1509 1605 I am_wtf : [0,1509,system_server,-1,DisplayDeviceConfig,requesting nits when no mapping exists.]
12-09 10:46:03.179 1509 1927 E DisplayDeviceConfig: requesting nits when no mapping exists.
12-09 10:46:03.179 1509 1605 I am_wtf : [0,1509,system_server,-1,DisplayDeviceConfig,requesting nits when no mapping exists.]
12-09 10:46:03.193 1509 1927 E DisplayDeviceConfig: requesting nits when no mapping exists.
12-09 10:46:03.195 1509 1605 I am_wtf : [0,1509,system_server,-1,DisplayDeviceConfig,requesting nits when no mapping exists.]
12-09 10:46:03.196 1509 1927 E DisplayDeviceConfig: requesting nits when no mapping exists.
12-09 10:46:03.197 1509 1605 I am_wtf : [0,1509,system_server,-1,DisplayDeviceConfig,requesting nits when no mapping exists.]
12-09 10:46:03.198 1509 1509 I GameModeConfig: isGameModeOn = false
12-09 10:46:03.210 1509 1927 E DisplayDeviceConfig: requesting nits when no mapping exists.
12-09 10:46:03.211 1509 1605 I am_wtf : [0,1509,system_server,-1,DisplayDeviceConfig,requesting nits when no mapping exists.]
12-09 10:46:03.212 1509 1927 E DisplayDeviceConfig: requesting nits when no mapping exists.
12-09 10:46:03.212 1509 1605 I am_wtf : [0,1509,system_server,-1,DisplayDeviceConfig,requesting nits when no mapping exists.]
12-09 10:46:03.226 1509 1927 E DisplayDeviceConfig: requesting nits when no mapping exists.
12-09 10:46:03.227 1509 1927 E DisplayDeviceConfig: requesting nits when no mapping exists.
12-09 10:46:03.227 1509 1605 I am_wtf : [0,1509,system_server,-1,DisplayDeviceConfig,requesting nits when no mapping exists.]
12-09 10:46:03.228 1509 1605 I am_wtf : [0,1509,system_server,-1,DisplayDeviceConfig,requesting nits when no mapping exists.]
12-09 10:46:03.243 1509 1927 E DisplayDeviceConfig: requesting nits when no mapping exists.
12-09 10:46:03.244 1509 1927 E DisplayDeviceConfig: requesting nits when no mapping exists.
12-09 10:46:03.245 1509 1605 I am_wtf : [0,1509,system_server,-1,DisplayDeviceConfig,requesting nits when no mapping exists.]
12-09 10:46:03.245 1509 1605 I am_wtf : [0,1509,system_server,-1,DisplayDeviceConfig,requesting nits when no mapping exists.]
12-09 10:46:03.260 1509 1927 E DisplayDeviceConfig: requesting nits when no mapping exists.
12-09 10:46:03.260 1509 1927 E DisplayDeviceConfig: requesting nits when no mapping exists.
12-09 10:46:03.261 1509 1605 I am_wtf : [0,1509,system_server,-1,DisplayDeviceConfig,requesting nits when no mapping exists.]
12-09 10:46:03.261 1509 1605 I am_wtf : [0,1509,system_server,-1,DisplayDeviceConfig,requesting nits when no mapping exists.]
12-09 10:46:03.277 1509 1927 E DisplayDeviceConfig: requesting nits when no mapping exists.
12-09 10:46:03.277 1509 1605 I am_wtf : [0,1509,system_server,-1,DisplayDeviceConfig,requesting nits when no mapping exists.]
12-09 10:46:03.277 1509 1927 E DisplayDeviceConfig: requesting nits when no mapping exists.
12-09 10:46:03.278 1509 1605 I am_wtf : [0,1509,system_server,-1,DisplayDeviceConfig,requesting nits when no mapping exists.]
12-09 10:46:03.298 1509 1927 E DisplayDeviceConfig: requesting nits when no mapping exists.
12-09 10:46:03.299 1509 1605 I am_wtf : [0,1509,system_server,-1,DisplayDeviceConfig,requesting nits when no mapping exists.]
12-09 10:46:03.300 1509 1927 E DisplayDeviceConfig: requesting nits when no mapping exists.
12-09 10:46:03.301 1509 1605 I am_wtf : [0,1509,system_server,-1,DisplayDeviceConfig,requesting nits when no mapping exists.]
12-09 10:46:03.312 1509 1927 E DisplayDeviceConfig: requesting nits when no mapping exists.
12-09 10:46:03.312 1509 1927 E DisplayDeviceConfig: requesting nits when no mapping exists.
12-09 10:46:03.312 1509 1605 I am_wtf : [0,1509,system_server,-1,DisplayDeviceConfig,requesting nits when no mapping exists.]
12-09 10:46:03.313 1509 1605 I am_wtf : [0,1509,system_server,-1,DisplayDeviceConfig,requesting nits when no mapping exists.]
12-09 10:46:03.327 1509 1927 E DisplayDeviceConfig: requesting nits when no mapping exists.
12-09 10:46:03.331 1509 1927 E DisplayDeviceConfig: requesting nits when no mapping exists.
12-09 10:46:03.332 1509 1605 I am_wtf : [0,1509,system_server,-1,DisplayDeviceConfig,requesting nits when no mapping exists.]
12-09 10:46:03.333 1509 1605 I am_wtf : [0,1509,system_server,-1,DisplayDeviceConfig,requesting nits when no mapping exists.]
12-09 10:46:03.343 1509 1927 E DisplayDeviceConfig: requesting nits when no mapping exists.
12-09 10:46:03.343 1509 1605 I am_wtf : [0,1509,system_server,-1,DisplayDeviceConfig,requesting nits when no mapping exists.]
12-09 10:46:03.343 1509 1927 E DisplayDeviceConfig: requesting nits when no mapping exists.
12-09 10:46:03.344 1509 1605 I am_wtf : [0,1509,system_server,-1,DisplayDeviceConfig,requesting nits when no mapping exists.]
12-09 10:46:03.362 1509 1927 E DisplayDeviceConfig: requesting nits when no mapping exists.
12-09 10:46:03.363 1509 1927 E DisplayDeviceConfig: requesting nits when no mapping exists.
12-09 10:46:03.363 1509 1605 I am_wtf : [0,1509,system_server,-1,DisplayDeviceConfig,requesting nits when no mapping exists.]
12-09 10:46:03.363 1509 1605 I am_wtf : [0,1509,system_server,-1,DisplayDeviceConfig,requesting nits when no mapping exists.]
12-09 10:46:03.379 1509 1927 E DisplayDeviceConfig: requesting nits when no mapping exists.
12-09 10:46:03.380 1509 1927 E DisplayDeviceConfig: requesting nits when no mapping exists.
12-09 10:46:03.380 1509 1605 I am_wtf : [0,1509,system_server,-1,DisplayDeviceConfig,requesting nits when no mapping exists.]
12-09 10:46:03.381 1509 1605 I am_wtf : [0,1509,system_server,-1,DisplayDeviceConfig,requesting nits when no mapping exists.]
12-09 10:46:03.395 1509 1927 E DisplayDeviceConfig: requesting nits when no mapping exists.
12-09 10:46:03.396 1509 1605 I am_wtf : [0,1509,system_server,-1,DisplayDeviceConfig,requesting nits when no mapping exists.]
12-09 10:46:03.396 1509 1927 E DisplayDeviceConfig: requesting nits when no mapping exists.
12-09 10:46:03.397 1509 1605 I am_wtf : [0,1509,system_server,-1,DisplayDeviceConfig,requesting nits when no mapping exists.]
12-09 10:46:03.410 1509 1927 E DisplayDeviceConfig: requesting nits when no mapping exists.
12-09 10:46:03.411 1509 1927 E DisplayDeviceConfig: requesting nits when no mapping exists.
12-09 10:46:03.415 1509 1605 I am_wtf : [0,1509,system_server,-1,DisplayDeviceConfig,requesting nits when no mapping exists.]
12-09 10:46:03.416 1509 1605 I am_wtf : [0,1509,system_server,-1,DisplayDeviceConfig,requesting nits when no mapping exists.]
12-09 10:46:03.427 1509 1927 E DisplayDeviceConfig: requesting nits when no mapping exists.
12-09 10:46:03.427 1509 1605 I am_wtf : [0,1509,system_server,-1,DisplayDeviceConfig,requesting nits when no mapping exists.]
12-09 10:46:03.427 1509 1927 E DisplayDeviceConfig: requesting nits when no mapping exists.
12-09 10:46:03.428 1509 1605 I am_wtf : [0,1509,system_server,-1,DisplayDeviceConfig,requesting nits when no mapping exists.]
12-09 10:46:03.444 1509 1927 E DisplayDeviceConfig: requesting nits when no mapping exists.
12-09 10:46:03.446 1509 1605 I am_wtf : [0,1509,system_server,-1,DisplayDeviceConfig,requesting nits when no mapping exists.]
12-09 10:46:03.447 1509 1927 E DisplayDeviceConfig: requesting nits when no mapping exists.
12-09 10:46:03.447 1509 1605 I am_wtf : [0,1509,system_server,-1,DisplayDeviceConfig,requesting nits when no mapping exists.]
12-09 10:46:03.462 1509 1927 E DisplayDeviceConfig: requesting nits when no mapping exists.
12-09 10:46:03.463 1509 1927 E DisplayDeviceConfig: requesting nits when no mapping exists.
12-09 10:46:03.463 1509 1605 I am_wtf : [0,1509,system_server,-1,DisplayDeviceConfig,requesting nits when no mapping exists.]
12-09 10:46:03.463 1509 1605 I am_wtf : [0,1509,system_server,-1,DisplayDeviceConfig,requesting nits when no mapping exists.]
12-09 10:46:03.477 1509 1927 E DisplayDeviceConfig: requesting nits when no mapping exists.
12-09 10:46:03.478 1509 1927 E DisplayDeviceConfig: requesting nits when no mapping exists.
12-09 10:46:03.483 1509 1605 I am_wtf : [0,1509,system_server,-1,DisplayDeviceConfig,requesting nits when no mapping exists.]
12-09 10:46:03.484 1509 1605 I am_wtf : [0,1509,system_server,-1,DisplayDeviceConfig,requesting nits when no mapping exists.]
12-09 10:46:03.493 1509 1927 E DisplayDeviceConfig: requesting nits when no mapping exists.
12-09 10:46:03.494 1509 1927 E DisplayDeviceConfig: requesting nits when no mapping exists.
12-09 10:46:03.494 1509 1605 I am_wtf : [0,1509,system_server,-1,DisplayDeviceConfig,requesting nits when no mapping exists.]
12-09 10:46:03.495 1509 1605 I am_wtf : [0,1509,system_server,-1,DisplayDeviceConfig,requesting nits when no mapping exists.]
12-09 10:46:03.511 1509 1927 E DisplayDeviceConfig: requesting nits when no mapping exists.
12-09 10:46:03.511 1509 1605 I am_wtf : [0,1509,system_server,-1,DisplayDeviceConfig,requesting nits when no mapping exists.]
12-09 10:46:03.512 1509 1927 E DisplayDeviceConfig: requesting nits when no mapping exists.
12-09 10:46:03.513 1509 1605 I am_wtf : [0,1509,system_server,-1,DisplayDeviceConfig,requesting nits when no mapping exists.]
12-09 10:46:03.516 1509 1597 I wm_stop_activity: [0,44385528,com.android.settings/.homepage.SettingsHomepageActivity]
12-09 10:46:03.527 1509 1927 E DisplayDeviceConfig: requesting nits when no mapping exists.
12-09 10:46:03.527 1509 1605 I am_wtf : [0,1509,system_server,-1,DisplayDeviceConfig,requesting nits when no mapping exists.]
12-09 10:46:03.528 1509 1927 E DisplayDeviceConfig: requesting nits when no mapping exists.
12-09 10:46:03.529 1509 1605 I am_wtf : [0,1509,system_server,-1,DisplayDeviceConfig,requesting nits when no mapping exists.]
12-09 10:46:03.545 1509 1927 E DisplayDeviceConfig: requesting nits when no mapping exists.
12-09 10:46:03.546 1509 1927 E DisplayDeviceConfig: requesting nits when no mapping exists.
12-09 10:46:03.546 1509 1605 I am_wtf : [0,1509,system_server,-1,DisplayDeviceConfig,requesting nits when no mapping exists.]
12-09 10:46:03.547 1509 1605 I am_wtf : [0,1509,system_server,-1,DisplayDeviceConfig,requesting nits when no mapping exists.]
12-09 10:46:03.557 19875 19875 I wm_on_stop_called: [44385528,com.android.settings.homepage.SettingsHomepageActivity,STOP_ACTIVITY_ITEM]
12-09 10:46:03.560 1509 1927 E DisplayDeviceConfig: requesting nits when no mapping exists.
12-09 10:46:03.561 1509 1927 E DisplayDeviceConfig: requesting nits when no mapping exists.
12-09 10:46:03.565 1509 1605 I am_wtf : [0,1509,system_server,-1,DisplayDeviceConfig,requesting nits when no mapping exists.]
12-09 10:46:03.569 1509 1605 I am_wtf : [0,1509,system_server,-1,DisplayDeviceConfig,requesting nits when no mapping exists.]
12-09 10:46:03.574 1509 1927 E DisplayDeviceConfig: requesting nits when no mapping exists.
12-09 10:46:03.575 1509 1927 E DisplayDeviceConfig: requesting nits when no mapping exists.
12-09 10:46:03.575 1509 1605 I am_wtf : [0,1509,system_server,-1,DisplayDeviceConfig,requesting nits when no mapping exists.]
12-09 10:46:03.575 1509 1605 I am_wtf : [0,1509,system_server,-1,DisplayDeviceConfig,requesting nits when no mapping exists.]
12-09 10:46:03.576 12356 12373 W ContextImpl: Calling a method in the system process without a qualified user: android.app.ContextImpl.startService:1816 android.content.ContextWrapper.startService:774 com.thundercomm.gamemode.ingame.services.GameModeActionUtils.startGameModeService:99 com.thundercomm.gamemode.ingame.services.GameModeActionUtils.startGameModeEntry:22 com.thundercomm.gamemode.ingame.services.ActivityMonitoringService$1.onActivityLaunch:127
12-09 10:46:03.585 1509 1509 I GameModeConfig: Current uri is uri = content://com.thundercomm.gamemode.api/gamemode_settings/gamemode_isgaming
12-09 10:46:03.588 1509 1509 I GameModeConfig: isGameModeOn = false
12-09 10:46:03.588 1509 1509 I GameModeConfig: isGameModeOn = false
12-09 10:46:03.588 1509 1509 I GameModeConfig: isDisableVoice = true
12-09 10:46:03.591 1509 1927 E DisplayDeviceConfig: requesting nits when no mapping exists.
12-09 10:46:03.592 1509 1927 E DisplayDeviceConfig: requesting nits when no mapping exists.
12-09 10:46:03.592 1509 1605 I am_wtf : [0,1509,system_server,-1,DisplayDeviceConfig,requesting nits when no mapping exists.]
12-09 10:46:03.592 1509 1605 I am_wtf : [0,1509,system_server,-1,DisplayDeviceConfig,requesting nits when no mapping exists.]
12-09 10:46:03.608 1509 1927 E DisplayDeviceConfig: requesting nits when no mapping exists.
12-09 10:46:03.609 1509 1927 E DisplayDeviceConfig: requesting nits when no mapping exists.
12-09 10:46:03.609 1509 1605 I am_wtf : [0,1509,system_server,-1,DisplayDeviceConfig,requesting nits when no mapping exists.]
12-09 10:46:03.610 1509 1605 I am_wtf : [0,1509,system_server,-1,DisplayDeviceConfig,requesting nits when no mapping exists.]
12-09 10:46:03.625 1509 1927 E DisplayDeviceConfig: requesting nits when no mapping exists.
12-09 10:46:03.626 1509 1927 E DisplayDeviceConfig: requesting nits when no mapping exists.
12-09 10:46:03.626 1509 1605 I am_wtf : [0,1509,system_server,-1,DisplayDeviceConfig,requesting nits when no mapping exists.]
12-09 10:46:03.627 1509 1605 I am_wtf : [0,1509,system_server,-1,DisplayDeviceConfig,requesting nits when no mapping exists.]
12-09 10:46:03.642 1509 1927 E DisplayDeviceConfig: requesting nits when no mapping exists.
12-09 10:46:03.642 1509 1927 E DisplayDeviceConfig: requesting nits when no mapping exists.
12-09 10:46:03.642 1509 1605 I am_wtf : [0,1509,system_server,-1,DisplayDeviceConfig,requesting nits when no mapping exists.]
12-09 10:46:03.643 1509 1605 I am_wtf : [0,1509,system_server,-1,DisplayDeviceConfig,requesting nits when no mapping exists.]
12-09 10:46:03.658 1509 1927 E DisplayDeviceConfig: requesting nits when no mapping exists.
12-09 10:46:03.659 1509 1927 E DisplayDeviceConfig: requesting nits when no mapping exists.
12-09 10:46:03.659 1509 1605 I am_wtf : [0,1509,system_server,-1,DisplayDeviceConfig,requesting nits when no mapping exists.]
12-09 10:46:03.659 1509 1605 I am_wtf : [0,1509,system_server,-1,DisplayDeviceConfig,requesting nits when no mapping exists.]
12-09 10:46:03.660 1509 1605 I service_manager_stats: [100,60,6949]
12-09 10:46:03.675 1509 1927 E DisplayDeviceConfig: requesting nits when no mapping exists.
12-09 10:46:03.675 1509 1605 I am_wtf : [0,1509,system_server,-1,DisplayDeviceConfig,requesting nits when no mapping exists.]
12-09 10:46:03.676 1509 1927 E DisplayDeviceConfig: requesting nits when no mapping exists.
12-09 10:46:03.676 1509 1605 I am_wtf : [0,1509,system_server,-1,DisplayDeviceConfig,requesting nits when no mapping exists.]
12-09 10:46:03.692 1509 1927 E DisplayDeviceConfig: requesting nits when no mapping exists.
12-09 10:46:03.692 1509 1605 I am_wtf : [0,1509,system_server,-1,DisplayDeviceConfig,requesting nits when no mapping exists.]
12-09 10:46:03.692 1509 1927 E DisplayDeviceConfig: requesting nits when no mapping exists.
12-09 10:46:03.693 1509 1605 I am_wtf : [0,1509,system_server,-1,DisplayDeviceConfig,requesting nits when no mapping exists.]
12-09 10:46:03.708 1509 1927 E DisplayDeviceConfig: requesting nits when no mapping exists.
12-09 10:46:03.709 1509 1927 E DisplayDeviceConfig: requesting nits when no mapping exists.
12-09 10:46:03.709 1509 1605 I am_wtf : [0,1509,system_server,-1,DisplayDeviceConfig,requesting nits when no mapping exists.]
12-09 10:46:03.709 1509 1605 I am_wtf : [0,1509,system_server,-1,DisplayDeviceConfig,requesting nits when no mapping exists.]
12-09 10:46:03.725 1509 1927 E DisplayDeviceConfig: requesting nits when no mapping exists.
12-09 10:46:03.725 1509 1605 I am_wtf : [0,1509,system_server,-1,DisplayDeviceConfig,requesting nits when no mapping exists.]
12-09 10:46:03.726 1509 1927 E DisplayDeviceConfig: requesting nits when no mapping exists.
12-09 10:46:03.727 1509 1605 I am_wtf : [0,1509,system_server,-1,DisplayDeviceConfig,requesting nits when no mapping exists.]
12-09 10:46:03.742 1509 1927 E DisplayDeviceConfig: requesting nits when no mapping exists.
12-09 10:46:03.742 1509 1605 I am_wtf : [0,1509,system_server,-1,DisplayDeviceConfig,requesting nits when no mapping exists.]
12-09 10:46:03.743 1509 1927 E DisplayDeviceConfig: requesting nits when no mapping exists.
12-09 10:46:03.743 1509 1605 I am_wtf : [0,1509,system_server,-1,DisplayDeviceConfig,requesting nits when no mapping exists.]
12-09 10:46:03.759 1509 1927 E DisplayDeviceConfig: requesting nits when no mapping exists.
12-09 10:46:03.759 1509 1605 I am_wtf : [0,1509,system_server,-1,DisplayDeviceConfig,requesting nits when no mapping exists.]
12-09 10:46:03.759 1509 1927 E DisplayDeviceConfig: requesting nits when no mapping exists.
12-09 10:46:03.760 1509 1605 I am_wtf : [0,1509,system_server,-1,DisplayDeviceConfig,requesting nits when no mapping exists.]
12-09 10:46:03.762 1509 1680 I input_interaction: Interaction with: 7164d74 com.thundercomm.screensaver/android.service.dreams.DreamActivity (server), edge-swipe (server), swipe-up (server), PointerEventDispatcher0 (server),
12-09 10:46:03.765 1509 5539 I wm_finish_activity: [0,41103713,162,com.thundercomm.screensaver/android.service.dreams.DreamActivity,finish-activity]
12-09 10:46:03.765 1509 5539 I wm_task_moved: [161,1,6]
12-09 10:46:03.765 1509 5539 I wm_task_to_front: [0,161]
12-09 10:46:03.766 1509 5539 I wm_focused_root_task: [0,0,161,162,finish-top adjustFocusToNextFocusableTask]
12-09 10:46:03.766 1509 5539 I wm_pause_activity: [0,41103713,com.thundercomm.screensaver/android.service.dreams.DreamActivity,userLeaving=false,finish]
12-09 10:46:03.770 1509 7695 I DreamManagerService: Gently waking up from dream.
12-09 10:46:03.771 1509 1594 I DreamManagerService: Performing gentle wake from dream.
12-09 10:46:03.771 5084 5084 I wm_on_top_resumed_lost_called: [41103713,android.service.dreams.DreamActivity,topStateChangedWhenResumed]
12-09 10:46:03.772 5084 5084 I wm_on_paused_called: [41103713,android.service.dreams.DreamActivity,performPause]
12-09 10:46:03.773 1509 1597 I sysui_multi_action: [757,803,799,window_time_0,802,1]
12-09 10:46:03.773 1509 7695 I wm_add_to_stopping: [0,41103713,com.thundercomm.screensaver/android.service.dreams.DreamActivity,completeFinishing]
12-09 10:46:03.774 1509 7695 I ActivityTaskManager: FOREGROUND_APPLICATION_CHANGED to com.android.settings.homepage.SettingsHomepageActivity
12-09 10:46:03.777 1509 7695 I wm_set_resumed_activity: [0,com.android.settings/.homepage.SettingsHomepageActivity,resumeTopActivityInnerLocked]
12-09 10:46:03.778 1509 7695 I wm_resume_activity: [0,44385528,161,com.android.settings/.homepage.SettingsHomepageActivity]
12-09 10:46:03.785 1509 1597 I sysui_multi_action: [757,803,799,window_time_0,802,0]
12-09 10:46:03.787 1509 1927 E DisplayDeviceConfig: requesting nits when no mapping exists.
12-09 10:46:03.788 1509 1605 I am_wtf : [0,1509,system_server,-1,DisplayDeviceConfig,requesting nits when no mapping exists.]
12-09 10:46:03.788 1509 1927 E DisplayDeviceConfig: requesting nits when no mapping exists.
12-09 10:46:03.789 1509 1605 I am_wtf : [0,1509,system_server,-1,DisplayDeviceConfig,requesting nits when no mapping exists.]
12-09 10:46:03.794 1509 1927 E DisplayDeviceConfig: requesting nits when no mapping exists.
12-09 10:46:03.794 1509 1605 I am_wtf : [0,1509,system_server,-1,DisplayDeviceConfig,requesting nits when no mapping exists.]
12-09 10:46:03.795 1509 1927 E DisplayDeviceConfig: requesting nits when no mapping exists.
12-09 10:46:03.795 1509 1605 I am_wtf : [0,1509,system_server,-1,DisplayDeviceConfig,requesting nits when no mapping exists.]
12-09 10:46:03.796 5084 5084 I view_enqueue_input_event: [Motion - Cancel,com.thundercomm.screensaver/android.service.dreams.DreamActivity]
12-09 10:46:03.797 1509 1680 I input_focus: [Focus leaving 7164d74 com.thundercomm.screensaver/android.service.dreams.DreamActivity (server),reason=NO_WINDOW]
12-09 10:46:03.797 1509 1680 I input_interaction: Interaction with: edge-swipe (server), swipe-up (server), PointerEventDispatcher0 (server),
12-09 10:46:03.797 19875 19875 I wm_on_restart_called: [44385528,com.android.settings.homepage.SettingsHomepageActivity,performRestartActivity]
12-09 10:46:03.803 12356 12373 W ContextImpl: Calling a method in the system process without a qualified user: android.app.ContextImpl.startService:1816 android.content.ContextWrapper.startService:774 com.thundercomm.gamemode.ingame.services.GameModeActionUtils.startGameModeService:99 com.thundercomm.gamemode.ingame.services.GameModeActionUtils.startGameModeEntry:22 com.thundercomm.gamemode.ingame.services.ActivityMonitoringService$1.onActivityLaunch:127
12-09 10:46:03.805 19875 19875 I wm_on_start_called: [44385528,com.android.settings.homepage.SettingsHomepageActivity,handleStartActivity]
12-09 10:46:03.805 19875 19875 I snet_event_log: [120484087,-1,]
12-09 10:46:03.806 19875 19875 I wm_on_resume_called: [44385528,com.android.settings.homepage.SettingsHomepageActivity,RESUME_ACTIVITY]
12-09 10:46:03.806 19875 19875 I sysui_multi_action: [757,35,758,1,833,0,1089,0]
12-09 10:46:03.807 19875 19875 I sysui_multi_action: [757,103,758,1,833,0,1089,0]
12-09 10:46:03.809 19875 19875 I wm_on_top_resumed_gained_called: [44385528,com.android.settings.homepage.SettingsHomepageActivity,topWhenResuming]
12-09 10:46:03.811 1509 1927 E DisplayDeviceConfig: requesting nits when no mapping exists.
12-09 10:46:03.811 1509 1927 E DisplayDeviceConfig: requesting nits when no mapping exists.
12-09 10:46:03.811 1509 1605 I am_wtf : [0,1509,system_server,-1,DisplayDeviceConfig,requesting nits when no mapping exists.]
12-09 10:46:03.812 1509 1605 I am_wtf : [0,1509,system_server,-1,DisplayDeviceConfig,requesting nits when no mapping exists.]
12-09 10:46:03.815 1509 1509 I GameModeConfig: Current uri is uri = content://com.thundercomm.gamemode.api/gamemode_settings/gamemode_isgaming
12-09 10:46:03.817 1509 1509 I GameModeConfig: isGameModeOn = false
12-09 10:46:03.817 1509 1509 I GameModeConfig: isGameModeOn = false
12-09 10:46:03.817 1509 1509 I GameModeConfig: isDisableVoice = true
