12-09 10:32:57.640 1509 1927 E DisplayDeviceConfig: requesting nits when no mapping exists.
12-09 10:32:57.640 1509 1927 E DisplayDeviceConfig: requesting nits when no mapping exists.
12-09 10:32:57.658 1509 1927 E DisplayDeviceConfig: requesting nits when no mapping exists.
12-09 10:32:57.659 1509 1927 E DisplayDeviceConfig: requesting nits when no mapping exists.
12-09 10:32:57.671 12356 12373 W ContextImpl: Calling a method in the system process without a qualified user: android.app.ContextImpl.startService:1816 android.content.ContextWrapper.startService:774 com.thundercomm.gamemode.ingame.services.GameModeActionUtils.startGameModeService:99 com.thundercomm.gamemode.ingame.services.GameModeActionUtils.startGameModeEntry:22 com.thundercomm.gamemode.ingame.services.ActivityMonitoringService$1.onActivityLaunch:127
12-09 10:32:57.677 1509 1927 E DisplayDeviceConfig: requesting nits when no mapping exists.
12-09 10:32:57.678 1509 1927 E DisplayDeviceConfig: requesting nits when no mapping exists.
12-09 10:32:57.680 1509 1509 I GameModeConfig: Current uri is uri = content://com.thundercomm.gamemode.api/gamemode_settings/gamemode_isgaming
12-09 10:32:57.681 1509 1509 I GameModeConfig: isGameModeOn = false
12-09 10:32:57.682 1509 1509 I GameModeConfig: isGameModeOn = false
12-09 10:32:57.682 1509 1509 I GameModeConfig: isDisableVoice = true
12-09 10:32:57.691 1509 1927 E DisplayDeviceConfig: requesting nits when no mapping exists.
12-09 10:32:57.692 1509 1927 E DisplayDeviceConfig: requesting nits when no mapping exists.
12-09 10:32:57.706 1509 1927 E DisplayDeviceConfig: requesting nits when no mapping exists.
12-09 10:32:57.706 1509 1927 E DisplayDeviceConfig: requesting nits when no mapping exists.
12-09 10:32:57.724 1509 1927 E DisplayDeviceConfig: requesting nits when no mapping exists.
12-09 10:32:57.726 1509 1927 E DisplayDeviceConfig: requesting nits when no mapping exists.
12-09 10:32:57.740 1509 1927 E DisplayDeviceConfig: requesting nits when no mapping exists.
12-09 10:32:57.741 1509 1927 E DisplayDeviceConfig: requesting nits when no mapping exists.
12-09 10:32:57.756 1509 1927 E DisplayDeviceConfig: requesting nits when no mapping exists.
12-09 10:32:57.757 1509 1927 E DisplayDeviceConfig: requesting nits when no mapping exists.
12-09 10:32:57.775 1509 1927 E DisplayDeviceConfig: requesting nits when no mapping exists.
12-09 10:32:57.776 1509 1927 E DisplayDeviceConfig: requesting nits when no mapping exists.
12-09 10:32:57.791 1509 1927 E DisplayDeviceConfig: requesting nits when no mapping exists.
12-09 10:32:57.791 1509 1927 E DisplayDeviceConfig: requesting nits when no mapping exists.
12-09 10:32:57.808 1509 1927 E DisplayDeviceConfig: requesting nits when no mapping exists.
12-09 10:32:57.809 1509 1927 E DisplayDeviceConfig: requesting nits when no mapping exists.
12-09 10:32:57.810 1509 1509 I GameModeConfig: isGameModeOn = false
12-09 10:32:57.827 1509 1927 E DisplayDeviceConfig: requesting nits when no mapping exists.
12-09 10:32:57.828 1509 1927 E DisplayDeviceConfig: requesting nits when no mapping exists.
12-09 10:32:57.840 1509 1927 E DisplayDeviceConfig: requesting nits when no mapping exists.
12-09 10:32:57.840 1509 1927 E DisplayDeviceConfig: requesting nits when no mapping exists.
12-09 10:32:57.856 1509 1927 E DisplayDeviceConfig: requesting nits when no mapping exists.
12-09 10:32:57.857 1509 1927 E DisplayDeviceConfig: requesting nits when no mapping exists.
12-09 10:32:57.873 1509 1927 E DisplayDeviceConfig: requesting nits when no mapping exists.
12-09 10:32:57.874 1509 1927 E DisplayDeviceConfig: requesting nits when no mapping exists.
12-09 10:32:57.891 1509 1927 E DisplayDeviceConfig: requesting nits when no mapping exists.
12-09 10:32:57.893 1509 1927 E DisplayDeviceConfig: requesting nits when no mapping exists.
12-09 10:32:57.907 1509 1927 E DisplayDeviceConfig: requesting nits when no mapping exists.
12-09 10:32:57.907 1509 1927 E DisplayDeviceConfig: requesting nits when no mapping exists.
12-09 10:32:57.924 1509 1927 E DisplayDeviceConfig: requesting nits when no mapping exists.
12-09 10:32:57.925 1509 1927 E DisplayDeviceConfig: requesting nits when no mapping exists.
12-09 10:32:57.942 1509 1927 E DisplayDeviceConfig: requesting nits when no mapping exists.
12-09 10:32:57.942 1509 1927 E DisplayDeviceConfig: requesting nits when no mapping exists.
12-09 10:32:57.958 1509 1927 E DisplayDeviceConfig: requesting nits when no mapping exists.
12-09 10:32:57.959 1509 1927 E DisplayDeviceConfig: requesting nits when no mapping exists.
12-09 10:32:57.975 1509 1927 E DisplayDeviceConfig: requesting nits when no mapping exists.
12-09 10:32:57.976 1509 1927 E DisplayDeviceConfig: requesting nits when no mapping exists.
12-09 10:32:57.990 1509 1927 E DisplayDeviceConfig: requesting nits when no mapping exists.
12-09 10:32:57.990 1509 1927 E DisplayDeviceConfig: requesting nits when no mapping exists.
12-09 10:32:58.007 1509 1927 E DisplayDeviceConfig: requesting nits when no mapping exists.
12-09 10:32:58.008 1509 1927 E DisplayDeviceConfig: requesting nits when no mapping exists.
12-09 10:32:58.024 1509 1927 E DisplayDeviceConfig: requesting nits when no mapping exists.
12-09 10:32:58.024 1509 1927 E DisplayDeviceConfig: requesting nits when no mapping exists.
12-09 10:32:58.041 1509 1927 E DisplayDeviceConfig: requesting nits when no mapping exists.
12-09 10:32:58.042 1509 1927 E DisplayDeviceConfig: requesting nits when no mapping exists.
12-09 10:32:58.059 1509 1927 E DisplayDeviceConfig: requesting nits when no mapping exists.
12-09 10:32:58.059 1509 1927 E DisplayDeviceConfig: requesting nits when no mapping exists.
12-09 10:32:58.074 1509 1927 E DisplayDeviceConfig: requesting nits when no mapping exists.
12-09 10:32:58.075 1509 1927 E DisplayDeviceConfig: requesting nits when no mapping exists.
12-09 10:32:58.092 1509 1927 E DisplayDeviceConfig: requesting nits when no mapping exists.
12-09 10:32:58.093 1509 1927 E DisplayDeviceConfig: requesting nits when no mapping exists.
12-09 10:32:58.107 1509 1927 E DisplayDeviceConfig: requesting nits when no mapping exists.
12-09 10:32:58.108 1509 1927 E DisplayDeviceConfig: requesting nits when no mapping exists.
12-09 10:32:58.126 1509 1927 E DisplayDeviceConfig: requesting nits when no mapping exists.
12-09 10:32:58.126 1509 1927 E DisplayDeviceConfig: requesting nits when no mapping exists.
12-09 10:32:58.144 1509 1927 E DisplayDeviceConfig: requesting nits when no mapping exists.
12-09 10:32:58.145 1509 1927 E DisplayDeviceConfig: requesting nits when no mapping exists.
12-09 10:32:58.157 1509 1927 E DisplayDeviceConfig: requesting nits when no mapping exists.
12-09 10:32:58.158 1509 1927 E DisplayDeviceConfig: requesting nits when no mapping exists.
12-09 10:32:58.175 1509 1927 E DisplayDeviceConfig: requesting nits when no mapping exists.
12-09 10:32:58.175 1509 1927 E DisplayDeviceConfig: requesting nits when no mapping exists.
12-09 10:32:58.188 1509 1927 E DisplayDeviceConfig: requesting nits when no mapping exists.
12-09 10:32:58.189 1509 1927 E DisplayDeviceConfig: requesting nits when no mapping exists.
12-09 10:32:58.189 12356 12373 W ContextImpl: Calling a method in the system process without a qualified user: android.app.ContextImpl.startService:1816 android.content.ContextWrapper.startService:774 com.thundercomm.gamemode.ingame.services.GameModeActionUtils.startGameModeService:99 com.thundercomm.gamemode.ingame.services.GameModeActionUtils.startGameModeEntry:22 com.thundercomm.gamemode.ingame.services.ActivityMonitoringService$1.onActivityLaunch:127
12-09 10:32:58.194 1509 1509 I GameModeConfig: Current uri is uri = content://com.thundercomm.gamemode.api/gamemode_settings/gamemode_isgaming
12-09 10:32:58.196 1509 1509 I GameModeConfig: isGameModeOn = false
12-09 10:32:58.196 1509 1509 I GameModeConfig: isGameModeOn = false
12-09 10:32:58.196 1509 1509 I GameModeConfig: isDisableVoice = true
12-09 10:32:58.205 1509 1927 E DisplayDeviceConfig: requesting nits when no mapping exists.
12-09 10:32:58.205 1509 1927 E DisplayDeviceConfig: requesting nits when no mapping exists.
12-09 10:32:58.222 1509 1927 E DisplayDeviceConfig: requesting nits when no mapping exists.
12-09 10:32:58.223 1509 1927 E DisplayDeviceConfig: requesting nits when no mapping exists.
12-09 10:32:58.240 1509 1927 E DisplayDeviceConfig: requesting nits when no mapping exists.
12-09 10:32:58.241 1509 1927 E DisplayDeviceConfig: requesting nits when no mapping exists.
12-09 10:32:58.256 1509 1927 E DisplayDeviceConfig: requesting nits when no mapping exists.
12-09 10:32:58.257 1509 1927 E DisplayDeviceConfig: requesting nits when no mapping exists.
12-09 10:32:58.272 1509 1927 E DisplayDeviceConfig: requesting nits when no mapping exists.
12-09 10:32:58.273 1509 1927 E DisplayDeviceConfig: requesting nits when no mapping exists.
12-09 10:32:58.289 1509 1927 E DisplayDeviceConfig: requesting nits when no mapping exists.
12-09 10:32:58.289 1509 1927 E DisplayDeviceConfig: requesting nits when no mapping exists.
12-09 10:32:58.306 1509 1927 E DisplayDeviceConfig: requesting nits when no mapping exists.
12-09 10:32:58.306 1509 1927 E DisplayDeviceConfig: requesting nits when no mapping exists.
12-09 10:32:58.322 1509 1927 E DisplayDeviceConfig: requesting nits when no mapping exists.
12-09 10:32:58.323 1509 1927 E DisplayDeviceConfig: requesting nits when no mapping exists.
12-09 10:32:58.339 1509 1927 E DisplayDeviceConfig: requesting nits when no mapping exists.
12-09 10:32:58.340 1509 1927 E DisplayDeviceConfig: requesting nits when no mapping exists.
12-09 10:32:58.356 1509 1927 E DisplayDeviceConfig: requesting nits when no mapping exists.
12-09 10:32:58.357 1509 1927 E DisplayDeviceConfig: requesting nits when no mapping exists.
12-09 10:32:58.372 1509 1927 E DisplayDeviceConfig: requesting nits when no mapping exists.
12-09 10:32:58.374 1509 1927 E DisplayDeviceConfig: requesting nits when no mapping exists.
12-09 10:32:58.389 1509 1927 E DisplayDeviceConfig: requesting nits when no mapping exists.
12-09 10:32:58.391 1509 1927 E DisplayDeviceConfig: requesting nits when no mapping exists.
12-09 10:32:58.406 1509 1927 E DisplayDeviceConfig: requesting nits when no mapping exists.
12-09 10:32:58.406 1509 1927 E DisplayDeviceConfig: requesting nits when no mapping exists.
12-09 10:32:58.423 1509 1927 E DisplayDeviceConfig: requesting nits when no mapping exists.
12-09 10:32:58.424 1509 1927 E DisplayDeviceConfig: requesting nits when no mapping exists.
12-09 10:32:58.440 1509 1927 E DisplayDeviceConfig: requesting nits when no mapping exists.
12-09 10:32:58.440 1509 1927 E DisplayDeviceConfig: requesting nits when no mapping exists.
12-09 10:32:58.456 1509 1927 E DisplayDeviceConfig: requesting nits when no mapping exists.
12-09 10:32:58.457 1509 1927 E DisplayDeviceConfig: requesting nits when no mapping exists.
12-09 10:32:58.472 1509 1927 E DisplayDeviceConfig: requesting nits when no mapping exists.
12-09 10:32:58.473 1509 1927 E DisplayDeviceConfig: requesting nits when no mapping exists.
12-09 10:32:58.490 1509 1927 E DisplayDeviceConfig: requesting nits when no mapping exists.
12-09 10:32:58.491 1509 1927 E DisplayDeviceConfig: requesting nits when no mapping exists.
12-09 10:32:58.506 1509 1927 E DisplayDeviceConfig: requesting nits when no mapping exists.
12-09 10:32:58.508 1509 1927 E DisplayDeviceConfig: requesting nits when no mapping exists.
12-09 10:32:58.523 1509 1927 E DisplayDeviceConfig: requesting nits when no mapping exists.
12-09 10:32:58.524 1509 1927 E DisplayDeviceConfig: requesting nits when no mapping exists.
12-09 10:32:58.540 1509 1927 E DisplayDeviceConfig: requesting nits when no mapping exists.
12-09 10:32:58.541 1509 1927 E DisplayDeviceConfig: requesting nits when no mapping exists.
12-09 10:32:58.556 1509 1927 E DisplayDeviceConfig: requesting nits when no mapping exists.
12-09 10:32:58.558 1509 1927 E DisplayDeviceConfig: requesting nits when no mapping exists.
12-09 10:32:58.573 1509 1927 E DisplayDeviceConfig: requesting nits when no mapping exists.
12-09 10:32:58.574 1509 1927 E DisplayDeviceConfig: requesting nits when no mapping exists.
12-09 10:32:58.589 1509 1927 E DisplayDeviceConfig: requesting nits when no mapping exists.
12-09 10:32:58.591 1509 1927 E DisplayDeviceConfig: requesting nits when no mapping exists.
12-09 10:33:07.858 1509 1737 I GameModeConfig: isGameModeOn = false
12-09 10:34:02.199 1509 6636 I DreamManagerService: Gently waking up from dream.
12-09 10:34:02.200 1509 1594 I DreamManagerService: Performing gentle wake from dream.
12-09 10:34:02.202 1509 2041 I ActivityTaskManager: FOREGROUND_APPLICATION_CHANGED to com.android.settings.homepage.SettingsHomepageActivity
12-09 10:34:02.238 12356 12373 W ContextImpl: Calling a method in the system process without a qualified user: android.app.ContextImpl.startService:1816 android.content.ContextWrapper.startService:774 com.thundercomm.gamemode.ingame.services.GameModeActionUtils.startGameModeService:99 com.thundercomm.gamemode.ingame.services.GameModeActionUtils.startGameModeEntry:22 com.thundercomm.gamemode.ingame.services.ActivityMonitoringService$1.onActivityLaunch:127
12-09 10:34:02.246 1509 1509 I GameModeConfig: Current uri is uri = content://com.thundercomm.gamemode.api/gamemode_settings/gamemode_isgaming
12-09 10:34:02.250 1509 1509 I GameModeConfig: isGameModeOn = false
12-09 10:34:02.250 1509 1509 I GameModeConfig: isGameModeOn = false
12-09 10:34:02.250 1509 1509 I GameModeConfig: isDisableVoice = true
12-09 10:34:02.266 1509 1621 I PowerManagerService: Powering on display group fromDreaming (groupId=0, uid=1000, reason=WAKE_REASON_UNKNOWN, details=android.server.power:DREAM_FINISHED)...
12-09 10:34:02.266 1509 1621 I PowerManagerService: Waking up from Dreaming (uid=1000, reason=WAKE_REASON_UNKNOWN, details=android.server.power:DREAM_FINISHED)...
12-09 10:34:02.316 12356 12373 W ContextImpl: Calling a method in the system process without a qualified user: android.app.ContextImpl.startService:1816 android.content.ContextWrapper.startService:774 com.thundercomm.gamemode.ingame.services.GameModeActionUtils.startGameModeService:99 com.thundercomm.gamemode.ingame.services.GameModeActionUtils.startGameModeEntry:22 com.thundercomm.gamemode.ingame.services.ActivityMonitoringService$1.onActivityLaunch:127
12-09 10:34:02.321 1509 1509 I GameModeConfig: Current uri is uri = content://com.thundercomm.gamemode.api/gamemode_settings/gamemode_isgaming
12-09 10:34:02.323 1509 1509 I GameModeConfig: isGameModeOn = false
12-09 10:34:02.323 1509 1509 I GameModeConfig: isGameModeOn = false
12-09 10:34:02.323 1509 1509 I GameModeConfig: isDisableVoice = true
12-09 10:34:02.399 1509 1666 D ActivityManager: freezing 16304 android:ui
12-09 10:34:02.399 1509 1666 E ActivityManager: Unable to freeze binder for 16304 android:ui
12-09 10:34:02.400 1509 1666 D ActivityManager: froze 16304 android:ui
12-09 10:34:02.400 1509 1666 E ActivityManager: Unable to freeze binder for 16304 android:ui
12-09 10:34:02.401 1509 1666 I ActivityManager: Killing 16304:android:ui/1000 (adj 915): Unable to freeze binder interface
12-09 10:34:02.808 1509 2041 I DreamManagerService: Leaving dreamland.
12-09 10:34:02.809 1509 1594 I DreamManagerService: Performing gentle wake from dream.
12-09 10:34:02.809 1509 1594 I DreamController: Stopping dream: name=ComponentInfo{com.thundercomm.screensaver/com.thundercomm.screensaver.service.SystemScreensaverDream}, isTest=false, canDoze=false, userId=0, reason='finished self'(from 'finished self')
12-09 10:34:02.815 12356 12373 W ContextImpl: Calling a method in the system process without a qualified user: android.app.ContextImpl.startService:1816 android.content.ContextWrapper.startService:774 com.thundercomm.gamemode.ingame.services.GameModeActionUtils.startGameModeService:99 com.thundercomm.gamemode.ingame.services.GameModeActionUtils.startGameModeEntry:22 com.thundercomm.gamemode.ingame.services.ActivityMonitoringService$1.onActivityLaunch:127
12-09 10:34:02.820 1509 1509 I GameModeConfig: Current uri is uri = content://com.thundercomm.gamemode.api/gamemode_settings/gamemode_isgaming
12-09 10:34:02.821 1509 1509 I GameModeConfig: isGameModeOn = false
12-09 10:34:02.822 1509 1509 I GameModeConfig: isGameModeOn = false
12-09 10:34:02.822 1509 1509 I GameModeConfig: isDisableVoice = true
12-09 10:34:02.830 1509 1598 W ActivityTaskManager: Can't find TaskDisplayArea to determine support for multi window. Task id=149 attached=false
12-09 10:34:05.592 16969 16969 W CarrierConfigManager: Error getting config for subId -1 ICarrierConfigLoader is null
12-09 10:34:05.598 1509 7695 E UserRestrictionsUtils: Unknown restriction queried by uid 1000 (com.thundercomm.microsettings et al): null
12-09 10:34:05.644 1509 2100 D TelephonyRegistry: listen oscl: mHasNotifySubscriptionInfoChangedOccurred==false no callback
12-09 10:34:05.649 1509 2100 D TelephonyRegistry: listen oscl: mHasNotifySubscriptionInfoChangedOccurred==false no callback
12-09 10:34:06.884 1509 6636 E UserRestrictionsUtils: Unknown restriction queried by uid 1000 (com.thundercomm.microsettings et al): null
12-09 10:34:10.881 824 824 D android.hardware.wifi@1.0-service: Initialize legacy HAL
12-09 10:34:10.882 824 824 I android.hardware.wifi@1.0-service: Wifi HAL started
12-09 10:34:11.004 824 824 D android.hardware.wifi@1.0-service: Waiting for the driver ready
12-09 10:34:11.006 824 824 D android.hardware.wifi@1.0-service: Starting legacy HAL
12-09 10:34:11.898 1190 1190 I wificond: Regulatory domain changed to country: CN on wiphy_index: 0
12-09 10:34:11.900 1190 1190 I wificond: 2.4Ghz frequencies: 2412 2417 2422 2427 2432 2437 2442 2447 2452 2457 2462 2467 2472
12-09 10:34:11.900 1190 1190 I wificond: 5Ghz non-DFS frequencies: 5180 5200 5220 5240 5745 5765 5785 5805 5825
12-09 10:34:11.900 1190 1190 I wificond: 5Ghz DFS frequencies: 5260 5280 5300 5320
12-09 10:34:11.900 1190 1190 I wificond: 6Ghz frequencies:
12-09 10:34:11.900 1190 1190 I wificond: 60Ghz frequencies:
12-09 10:34:11.908 824 17169 D android.hardware.wifi@1.0-service: Starting legacy HAL event loop
12-09 10:34:11.909 824 824 I android.hardware.wifi@1.0-service: Adding interface handle for wifi-aware0
12-09 10:34:11.909 824 824 I android.hardware.wifi@1.0-service: Adding interface handle for p2p0
12-09 10:34:11.909 824 824 I android.hardware.wifi@1.0-service: Adding interface handle for wlan0
12-09 10:34:11.909 824 824 D android.hardware.wifi@1.0-service: Legacy HAL start complete
12-09 10:34:11.909 824 824 W android.hardware.wifi@1.0-service: No active wlan interfaces in use! Using default
12-09 10:34:11.909 824 824 W android.hardware.wifi@1.0-service: No active wlan interfaces in use! Using default
12-09 10:34:11.910 824 824 I android.hardware.wifi@1.0-service: Configured chip in mode 3
12-09 10:34:11.910 824 824 W android.hardware.wifi@1.0-service: No active wlan interfaces in use! Using default
12-09 10:34:11.915 824 824 W android.hardware.wifi@1.0-service: No active wlan interfaces in use! Using default
12-09 10:34:11.927 824 824 I android.hardware.wifi@1.0-service: Adding interface handle for wifi-aware0
12-09 10:34:11.927 824 824 I android.hardware.wifi@1.0-service: Adding interface handle for wlan1
12-09 10:34:11.927 824 824 I android.hardware.wifi@1.0-service: Adding interface handle for p2p0
12-09 10:34:11.927 824 824 I android.hardware.wifi@1.0-service: Adding interface handle for wlan0
12-09 10:34:11.931 1190 1190 I wificond: createApInterface: wiphy_index 0 iface_name wlan1
12-09 10:34:11.932 1190 1190 I wificond: add channel type 0 support at wiphy index: 0
12-09 10:34:11.932 1190 1190 I wificond: add channel type 1 support at wiphy index: 0
12-09 10:34:11.948 824 824 D android.hardware.wifi@1.0-service: Successfully SetMacAddress.
12-09 10:34:11.979 1509 1709 D CompatibilityChangeReporter: Compat change id reported: 171306433; UID 1000; state: ENABLED
12-09 10:34:14.139 1190 1190 I wificond: Regulatory domain changed to country: CN on wiphy_index: 0
12-09 10:34:14.145 1190 1190 I wificond: 2.4Ghz frequencies: 2412 2417 2422 2427 2432 2437 2442 2447 2452 2457 2462 2467 2472
12-09 10:34:14.145 1190 1190 I wificond: 5Ghz non-DFS frequencies: 5180 5200 5220 5240 5745 5765 5785 5805 5825
12-09 10:34:14.145 1190 1190 I wificond: 5Ghz DFS frequencies: 5260 5280 5300 5320
12-09 10:34:14.145 1190 1190 I wificond: 6Ghz frequencies:
12-09 10:34:14.145 1190 1190 I wificond: 60Ghz frequencies:
12-09 10:34:14.598 1190 1190 I wificond: New channel on frequency: 2462 with bandwidth: 20MHz with HT
12-09 10:34:32.863 824 824 I android.hardware.wifi@1.0-service: Adding interface handle for wifi-aware0
12-09 10:34:32.863 824 824 I android.hardware.wifi@1.0-service: Adding interface handle for p2p0
12-09 10:34:32.863 824 824 I android.hardware.wifi@1.0-service: Adding interface handle for wlan0
12-09 10:34:32.863 824 824 W android.hardware.wifi@1.0-service: No active wlan interfaces in use! Using default
12-09 10:34:32.867 1190 1190 E wificond: Could not read interface state for wlan1 (No such device)
12-09 10:34:32.867 1190 1190 I wificond: tearDownApInterface: erasing wiphy_index for iface_name wlan1
12-09 10:34:32.867 1190 1190 I wificond: remove channel type 0 support at wiphy index 0
12-09 10:34:32.867 1190 1190 I wificond: remove channel type 1 support at wiphy index 0
12-09 10:34:32.871 824 824 E android.hardware.wifi@1.0-service: Failed to open directory: Permission denied
12-09 10:34:32.871 824 824 E android.hardware.wifi@1.0-service: Error occurred while deleting old tombstone files
12-09 10:34:32.871 824 824 E android.hardware.wifi@1.0-service: Error writing files to flash
12-09 10:34:32.872 824 824 E android.hardware.wifi@1.0-service: Stopping legacy HAL
12-09 10:34:32.872 824 824 E android.hardware.wifi@1.0-service: Legacy HAL trigger wifi cleanup
12-09 10:34:32.873 824 17169 I android.hardware.wifi@1.0-service: Legacy HAL stop complete callback received
12-09 10:34:32.927 824 17169 E android.hardware.wifi@1.0-service: SetWifiUpState(false) completed
12-09 10:34:32.927 824 17169 E android.hardware.wifi@1.0-service: Legacy HAL Wifi event loop exited
12-09 10:34:32.927 824 17169 E android.hardware.wifi@1.0-service: Legacy HAL event loop terminated
12-09 10:34:32.928 824 824 D android.hardware.wifi@1.0-service: Legacy HAL stop complete
12-09 10:34:32.929 824 824 I android.hardware.wifi@1.0-service: Wifi HAL stopped
12-09 10:34:33.025 824 824 D android.hardware.wifi@1.0-service: Initialize legacy HAL
12-09 10:34:33.026 824 824 I android.hardware.wifi@1.0-service: Wifi HAL started
12-09 10:34:33.133 824 824 D android.hardware.wifi@1.0-service: Waiting for the driver ready
12-09 10:34:33.134 824 824 D android.hardware.wifi@1.0-service: Starting legacy HAL
12-09 10:34:33.150 824 824 I android.hardware.wifi@1.0-service: Adding interface handle for wifi-aware0
12-09 10:34:33.150 824 824 I android.hardware.wifi@1.0-service: Adding interface handle for p2p0
12-09 10:34:33.150 824 824 I android.hardware.wifi@1.0-service: Adding interface handle for wlan0
12-09 10:34:33.150 824 824 D android.hardware.wifi@1.0-service: Legacy HAL start complete
12-09 10:34:33.150 824 824 W android.hardware.wifi@1.0-service: No active wlan interfaces in use! Using default
12-09 10:34:33.150 824 824 W android.hardware.wifi@1.0-service: No active wlan interfaces in use! Using default
12-09 10:34:33.152 824 17402 D android.hardware.wifi@1.0-service: Starting legacy HAL event loop
12-09 10:34:33.152 824 824 I android.hardware.wifi@1.0-service: Configured chip in mode 3
12-09 10:34:33.152 824 824 W android.hardware.wifi@1.0-service: No active wlan interfaces in use! Using default
12-09 10:34:33.159 824 824 W android.hardware.wifi@1.0-service: No active wlan interfaces in use! Using default
12-09 10:34:33.166 824 824 I android.hardware.wifi@1.0-service: Adding interface handle for wifi-aware0
12-09 10:34:33.166 824 824 I android.hardware.wifi@1.0-service: Adding interface handle for wlan1
12-09 10:34:33.166 824 824 I android.hardware.wifi@1.0-service: Adding interface handle for p2p0
12-09 10:34:33.166 824 824 I android.hardware.wifi@1.0-service: Adding interface handle for wlan0
12-09 10:34:33.173 1190 1190 I wificond: createApInterface: wiphy_index 0 iface_name wlan1
12-09 10:34:33.175 1190 1190 I wificond: add channel type 0 support at wiphy index: 0
12-09 10:34:33.175 1190 1190 I wificond: add channel type 1 support at wiphy index: 0
12-09 10:34:33.184 824 824 D android.hardware.wifi@1.0-service: Successfully SetMacAddress.
12-09 10:34:35.470 1190 1190 I wificond: New channel on frequency: 2412 with bandwidth: 20MHz with HT
12-09 10:34:35.835 824 824 I android.hardware.wifi@1.0-service: Adding interface handle for wifi-aware0
12-09 10:34:35.835 824 824 I android.hardware.wifi@1.0-service: Adding interface handle for p2p0
12-09 10:34:35.835 824 824 I android.hardware.wifi@1.0-service: Adding interface handle for wlan0
12-09 10:34:35.835 824 824 W android.hardware.wifi@1.0-service: No active wlan interfaces in use! Using default
12-09 10:34:35.839 1190 1190 E wificond: Could not read interface state for wlan1 (No such device)
12-09 10:34:35.839 1190 1190 I wificond: tearDownApInterface: erasing wiphy_index for iface_name wlan1
12-09 10:34:35.839 1190 1190 I wificond: remove channel type 0 support at wiphy index 0
12-09 10:34:35.839 1190 1190 I wificond: remove channel type 1 support at wiphy index 0
12-09 10:34:35.842 824 824 E android.hardware.wifi@1.0-service: Failed to open directory: Permission denied
12-09 10:34:35.842 824 824 E android.hardware.wifi@1.0-service: Error occurred while deleting old tombstone files
12-09 10:34:35.842 824 824 E android.hardware.wifi@1.0-service: Error writing files to flash
12-09 10:34:35.843 824 824 E android.hardware.wifi@1.0-service: Stopping legacy HAL
12-09 10:34:35.843 824 824 E android.hardware.wifi@1.0-service: Legacy HAL trigger wifi cleanup
12-09 10:34:35.844 824 17402 I android.hardware.wifi@1.0-service: Legacy HAL stop complete callback received
12-09 10:34:35.894 824 17402 E android.hardware.wifi@1.0-service: SetWifiUpState(false) completed
12-09 10:34:35.894 824 17402 E android.hardware.wifi@1.0-service: Legacy HAL Wifi event loop exited
12-09 10:34:35.894 824 17402 E android.hardware.wifi@1.0-service: Legacy HAL event loop terminated
12-09 10:34:35.895 824 824 D android.hardware.wifi@1.0-service: Legacy HAL stop complete
12-09 10:34:35.895 824 824 I android.hardware.wifi@1.0-service: Wifi HAL stopped
12-09 10:34:36.617 824 824 D android.hardware.wifi@1.0-service: Initialize legacy HAL
12-09 10:34:36.618 824 824 I android.hardware.wifi@1.0-service: Wifi HAL started
12-09 10:34:36.731 824 824 D android.hardware.wifi@1.0-service: Waiting for the driver ready
12-09 10:34:36.734 824 824 D android.hardware.wifi@1.0-service: Starting legacy HAL
12-09 10:34:36.756 824 824 I android.hardware.wifi@1.0-service: Adding interface handle for wifi-aware0
12-09 10:34:36.756 824 824 I android.hardware.wifi@1.0-service: Adding interface handle for p2p0
12-09 10:34:36.756 824 824 I android.hardware.wifi@1.0-service: Adding interface handle for wlan0
12-09 10:34:36.756 824 824 D android.hardware.wifi@1.0-service: Legacy HAL start complete
12-09 10:34:36.756 824 824 W android.hardware.wifi@1.0-service: No active wlan interfaces in use! Using default
12-09 10:34:36.757 824 824 W android.hardware.wifi@1.0-service: No active wlan interfaces in use! Using default
12-09 10:34:36.757 824 17449 D android.hardware.wifi@1.0-service: Starting legacy HAL event loop
12-09 10:34:36.758 824 824 I android.hardware.wifi@1.0-service: Configured chip in mode 3
12-09 10:34:36.758 824 824 W android.hardware.wifi@1.0-service: No active wlan interfaces in use! Using default
12-09 10:34:36.765 824 824 W android.hardware.wifi@1.0-service: No active wlan interfaces in use! Using default
12-09 10:34:36.783 824 824 I android.hardware.wifi@1.0-service: Adding interface handle for wifi-aware0
12-09 10:34:36.783 824 824 I android.hardware.wifi@1.0-service: Adding interface handle for wlan1
12-09 10:34:36.783 824 824 I android.hardware.wifi@1.0-service: Adding interface handle for p2p0
12-09 10:34:36.783 824 824 I android.hardware.wifi@1.0-service: Adding interface handle for wlan0
12-09 10:34:36.791 1190 1190 I wificond: createApInterface: wiphy_index 0 iface_name wlan1
12-09 10:34:36.792 1190 1190 I wificond: add channel type 0 support at wiphy index: 0
12-09 10:34:36.792 1190 1190 I wificond: add channel type 1 support at wiphy index: 0
12-09 10:34:36.804 824 824 D android.hardware.wifi@1.0-service: Successfully SetMacAddress.
12-09 10:34:39.351 1190 1190 I wificond: New channel on frequency: 2462 with bandwidth: 20MHz with HT
12-09 10:35:51.719 1509 1621 V DisplayPowerController[0]: Brightness [0.05] reason changing to: 'manual [ dim ]', previous reason: 'manual'.
12-09 10:35:51.720 1509 1621 W PowerManagerService: Screen on took 109454 ms
12-09 10:35:51.723 1509 1927 E DisplayDeviceConfig: requesting nits when no mapping exists.
12-09 10:35:51.724 1509 1927 E DisplayDeviceConfig: requesting nits when no mapping exists.
12-09 10:35:51.725 1509 1605 I DropBoxManagerService: add tag=system_server_wtf isTagEnabled=true flags=0x2
12-09 10:35:51.729 1509 1605 I DropBoxManagerService: add tag=system_server_wtf isTagEnabled=true flags=0x2
12-09 10:35:51.739 1509 1927 E DisplayDeviceConfig: requesting nits when no mapping exists.
12-09 10:35:51.740 1509 1927 E DisplayDeviceConfig: requesting nits when no mapping exists.
12-09 10:35:51.740 1509 1605 I DropBoxManagerService: add tag=system_server_wtf isTagEnabled=true flags=0x2
12-09 10:35:51.742 1509 1605 I DropBoxManagerService: add tag=system_server_wtf isTagEnabled=true flags=0x2
12-09 10:35:51.755 1509 1927 E DisplayDeviceConfig: requesting nits when no mapping exists.
12-09 10:35:51.756 1509 1927 E DisplayDeviceConfig: requesting nits when no mapping exists.
12-09 10:35:51.757 1509 1605 I DropBoxManagerService: add tag=system_server_wtf isTagEnabled=true flags=0x2
12-09 10:35:51.772 1509 1927 E DisplayDeviceConfig: requesting nits when no mapping exists.
12-09 10:35:51.773 1509 1927 E DisplayDeviceConfig: requesting nits when no mapping exists.
12-09 10:35:51.789 1509 1927 E DisplayDeviceConfig: requesting nits when no mapping exists.
12-09 10:35:51.790 1509 1927 E DisplayDeviceConfig: requesting nits when no mapping exists.
12-09 10:35:51.806 1509 1927 E DisplayDeviceConfig: requesting nits when no mapping exists.
12-09 10:35:51.807 1509 1927 E DisplayDeviceConfig: requesting nits when no mapping exists.
12-09 10:35:51.822 1509 1927 E DisplayDeviceConfig: requesting nits when no mapping exists.
12-09 10:35:51.823 1509 1927 E DisplayDeviceConfig: requesting nits when no mapping exists.
12-09 10:35:51.839 1509 1927 E DisplayDeviceConfig: requesting nits when no mapping exists.
12-09 10:35:51.840 1509 1927 E DisplayDeviceConfig: requesting nits when no mapping exists.
12-09 10:35:51.856 1509 1927 E DisplayDeviceConfig: requesting nits when no mapping exists.
12-09 10:35:51.856 1509 1927 E DisplayDeviceConfig: requesting nits when no mapping exists.
12-09 10:35:51.873 1509 1927 E DisplayDeviceConfig: requesting nits when no mapping exists.
12-09 10:35:51.873 1509 1927 E DisplayDeviceConfig: requesting nits when no mapping exists.
12-09 10:35:51.889 1509 1927 E DisplayDeviceConfig: requesting nits when no mapping exists.
12-09 10:35:51.890 1509 1927 E DisplayDeviceConfig: requesting nits when no mapping exists.
12-09 10:35:51.906 1509 1927 E DisplayDeviceConfig: requesting nits when no mapping exists.
12-09 10:35:51.907 1509 1927 E DisplayDeviceConfig: requesting nits when no mapping exists.
12-09 10:35:51.923 1509 1927 E DisplayDeviceConfig: requesting nits when no mapping exists.
12-09 10:35:51.924 1509 1927 E DisplayDeviceConfig: requesting nits when no mapping exists.
12-09 10:35:51.939 1509 1927 E DisplayDeviceConfig: requesting nits when no mapping exists.
12-09 10:35:51.940 1509 1927 E DisplayDeviceConfig: requesting nits when no mapping exists.
12-09 10:35:51.956 1509 1927 E DisplayDeviceConfig: requesting nits when no mapping exists.
12-09 10:35:51.957 1509 1927 E DisplayDeviceConfig: requesting nits when no mapping exists.
12-09 10:35:51.973 1509 1927 E DisplayDeviceConfig: requesting nits when no mapping exists.
12-09 10:35:51.973 1509 1927 E DisplayDeviceConfig: requesting nits when no mapping exists.
12-09 10:35:51.989 1509 1927 E DisplayDeviceConfig: requesting nits when no mapping exists.
12-09 10:35:51.990 1509 1927 E DisplayDeviceConfig: requesting nits when no mapping exists.
12-09 10:35:52.006 1509 1927 E DisplayDeviceConfig: requesting nits when no mapping exists.
12-09 10:35:52.008 1509 1927 E DisplayDeviceConfig: requesting nits when no mapping exists.
12-09 10:35:52.023 1509 1927 E DisplayDeviceConfig: requesting nits when no mapping exists.
12-09 10:35:52.024 1509 1927 E DisplayDeviceConfig: requesting nits when no mapping exists.
12-09 10:35:52.040 1509 1927 E DisplayDeviceConfig: requesting nits when no mapping exists.
12-09 10:35:52.041 1509 1927 E DisplayDeviceConfig: requesting nits when no mapping exists.
12-09 10:35:52.056 1509 1927 E DisplayDeviceConfig: requesting nits when no mapping exists.
12-09 10:35:52.057 1509 1927 E DisplayDeviceConfig: requesting nits when no mapping exists.
12-09 10:35:52.073 1509 1927 E DisplayDeviceConfig: requesting nits when no mapping exists.
12-09 10:35:52.074 1509 1927 E DisplayDeviceConfig: requesting nits when no mapping exists.
12-09 10:35:52.090 1509 1927 E DisplayDeviceConfig: requesting nits when no mapping exists.
12-09 10:35:52.090 1509 1927 E DisplayDeviceConfig: requesting nits when no mapping exists.
12-09 10:35:52.107 1509 1927 E DisplayDeviceConfig: requesting nits when no mapping exists.
12-09 10:35:52.107 1509 1927 E DisplayDeviceConfig: requesting nits when no mapping exists.
12-09 10:35:52.123 1509 1927 E DisplayDeviceConfig: requesting nits when no mapping exists.
12-09 10:35:52.125 1509 1927 E DisplayDeviceConfig: requesting nits when no mapping exists.
12-09 10:35:52.140 1509 1927 E DisplayDeviceConfig: requesting nits when no mapping exists.
12-09 10:35:52.140 1509 1927 E DisplayDeviceConfig: requesting nits when no mapping exists.
12-09 10:35:52.156 1509 1927 E DisplayDeviceConfig: requesting nits when no mapping exists.
12-09 10:35:52.157 1509 1927 E DisplayDeviceConfig: requesting nits when no mapping exists.
12-09 10:35:52.178 1509 1927 E DisplayDeviceConfig: requesting nits when no mapping exists.
12-09 10:35:52.179 1509 1927 E DisplayDeviceConfig: requesting nits when no mapping exists.
12-09 10:35:52.190 1509 1927 E DisplayDeviceConfig: requesting nits when no mapping exists.
12-09 10:35:52.191 1509 1927 E DisplayDeviceConfig: requesting nits when no mapping exists.
12-09 10:35:52.207 1509 1927 E DisplayDeviceConfig: requesting nits when no mapping exists.
12-09 10:35:52.209 1509 1927 E DisplayDeviceConfig: requesting nits when no mapping exists.
12-09 10:35:52.223 1509 1927 E DisplayDeviceConfig: requesting nits when no mapping exists.
12-09 10:35:52.224 1509 1927 E DisplayDeviceConfig: requesting nits when no mapping exists.
12-09 10:35:52.240 1509 1927 E DisplayDeviceConfig: requesting nits when no mapping exists.
12-09 10:35:52.242 1509 1927 E DisplayDeviceConfig: requesting nits when no mapping exists.
12-09 10:35:52.257 1509 1927 E DisplayDeviceConfig: requesting nits when no mapping exists.
12-09 10:35:52.257 1509 1927 E DisplayDeviceConfig: requesting nits when no mapping exists.
12-09 10:35:52.274 1509 1927 E DisplayDeviceConfig: requesting nits when no mapping exists.
12-09 10:35:52.274 1509 1927 E DisplayDeviceConfig: requesting nits when no mapping exists.
12-09 10:35:52.290 1509 1927 E DisplayDeviceConfig: requesting nits when no mapping exists.
12-09 10:35:52.291 1509 1927 E DisplayDeviceConfig: requesting nits when no mapping exists.
12-09 10:35:52.307 1509 1927 E DisplayDeviceConfig: requesting nits when no mapping exists.
12-09 10:35:52.308 1509 1927 E DisplayDeviceConfig: requesting nits when no mapping exists.
12-09 10:35:52.324 1509 1927 E DisplayDeviceConfig: requesting nits when no mapping exists.
12-09 10:35:52.324 1509 1927 E DisplayDeviceConfig: requesting nits when no mapping exists.
12-09 10:35:52.340 1509 1927 E DisplayDeviceConfig: requesting nits when no mapping exists.
12-09 10:35:52.342 1509 1927 E DisplayDeviceConfig: requesting nits when no mapping exists.
12-09 10:35:52.358 1509 1927 E DisplayDeviceConfig: requesting nits when no mapping exists.
12-09 10:35:52.358 1509 1927 E DisplayDeviceConfig: requesting nits when no mapping exists.
12-09 10:35:52.374 1509 1927 E DisplayDeviceConfig: requesting nits when no mapping exists.
12-09 10:35:52.375 1509 1927 E DisplayDeviceConfig: requesting nits when no mapping exists.
12-09 10:35:52.391 1509 1927 E DisplayDeviceConfig: requesting nits when no mapping exists.
12-09 10:35:52.392 1509 1927 E DisplayDeviceConfig: requesting nits when no mapping exists.
12-09 10:35:52.407 1509 1927 E DisplayDeviceConfig: requesting nits when no mapping exists.
12-09 10:35:52.408 1509 1927 E DisplayDeviceConfig: requesting nits when no mapping exists.
12-09 10:35:52.424 1509 1927 E DisplayDeviceConfig: requesting nits when no mapping exists.
12-09 10:35:52.424 1509 1927 E DisplayDeviceConfig: requesting nits when no mapping exists.
12-09 10:35:52.440 1509 1927 E DisplayDeviceConfig: requesting nits when no mapping exists.
12-09 10:35:52.441 1509 1927 E DisplayDeviceConfig: requesting nits when no mapping exists.
12-09 10:35:52.457 1509 1927 E DisplayDeviceConfig: requesting nits when no mapping exists.
12-09 10:35:52.458 1509 1927 E DisplayDeviceConfig: requesting nits when no mapping exists.
12-09 10:35:52.474 1509 1927 E DisplayDeviceConfig: requesting nits when no mapping exists.
12-09 10:35:52.474 1509 1927 E DisplayDeviceConfig: requesting nits when no mapping exists.
12-09 10:35:52.491 1509 1927 E DisplayDeviceConfig: requesting nits when no mapping exists.
12-09 10:35:52.492 1509 1927 E DisplayDeviceConfig: requesting nits when no mapping exists.
12-09 10:35:52.508 1509 1927 E DisplayDeviceConfig: requesting nits when no mapping exists.
12-09 10:35:52.508 1509 1927 E DisplayDeviceConfig: requesting nits when no mapping exists.
12-09 10:35:52.525 1509 1927 E DisplayDeviceConfig: requesting nits when no mapping exists.
12-09 10:35:52.526 1509 1927 E DisplayDeviceConfig: requesting nits when no mapping exists.
12-09 10:35:52.542 1509 1927 E DisplayDeviceConfig: requesting nits when no mapping exists.
12-09 10:35:52.542 1509 1927 E DisplayDeviceConfig: requesting nits when no mapping exists.
12-09 10:35:52.558 1509 1927 E DisplayDeviceConfig: requesting nits when no mapping exists.
12-09 10:35:52.560 1509 1927 E DisplayDeviceConfig: requesting nits when no mapping exists.
12-09 10:35:52.575 1509 1927 E DisplayDeviceConfig: requesting nits when no mapping exists.
12-09 10:35:52.576 1509 1927 E DisplayDeviceConfig: requesting nits when no mapping exists.
12-09 10:35:52.591 1509 1927 E DisplayDeviceConfig: requesting nits when no mapping exists.
12-09 10:35:52.592 1509 1927 E DisplayDeviceConfig: requesting nits when no mapping exists.
12-09 10:35:52.607 1509 1927 E DisplayDeviceConfig: requesting nits when no mapping exists.
12-09 10:35:52.608 1509 1927 E DisplayDeviceConfig: requesting nits when no mapping exists.
12-09 10:35:52.625 1509 1927 E DisplayDeviceConfig: requesting nits when no mapping exists.
12-09 10:35:52.628 1509 1927 E DisplayDeviceConfig: requesting nits when no mapping exists.
12-09 10:35:52.644 1509 1927 E DisplayDeviceConfig: requesting nits when no mapping exists.
12-09 10:35:52.644 1509 1927 E DisplayDeviceConfig: requesting nits when no mapping exists.
12-09 10:35:52.659 1509 1927 E DisplayDeviceConfig: requesting nits when no mapping exists.
12-09 10:35:52.661 1509 1927 E DisplayDeviceConfig: requesting nits when no mapping exists.
12-09 10:35:52.675 1509 1927 E DisplayDeviceConfig: requesting nits when no mapping exists.
12-09 10:35:52.676 1509 1927 E DisplayDeviceConfig: requesting nits when no mapping exists.
12-09 10:35:58.671 1509 1621 I PowerManagerService: Napping display group (groupId=0, uid=1000)...
12-09 10:35:58.671 1509 1621 I PowerManagerService: Nap time (uid 1000)...
12-09 10:35:58.673 1509 1621 I DreamManagerService: Entering dreamland.
12-09 10:35:58.677 1509 1621 I PowerManagerService: Dreaming...
12-09 10:35:58.693 1509 1594 I DreamController: Starting dream: name=ComponentInfo{com.thundercomm.screensaver/com.thundercomm.screensaver.service.SystemScreensaverDream}, isTest=false, canDoze=false, userId=0
12-09 10:35:58.705 1509 2104 I ActivityTaskManager: START u0 {flg=0x10000000 pkg=com.thundercomm.screensaver cmp=com.thundercomm.screensaver/android.service.dreams.DreamActivity (has extras)} from uid 10051
12-09 10:35:58.707 1509 2104 W ActivityTaskManager: Can't find TaskDisplayArea to determine support for multi window. Task id=150 attached=false
12-09 10:35:58.726 1509 5539 I ActivityTaskManager: FOREGROUND_APPLICATION_CHANGED to android.service.dreams.DreamActivity
12-09 10:35:58.726 1509 5539 I ActivityTaskManager: The Process com.thundercomm.screensaver Already Exists in BG. So sending its PID: 5084
12-09 10:35:58.726 1509 5539 W ActivityTaskManager: Tried to set launchTime (0) < mLastActivityLaunchTime (18786946)
12-09 10:35:58.760 12356 12373 W ContextImpl: Calling a method in the system process without a qualified user: android.app.ContextImpl.startService:1816 android.content.ContextWrapper.startService:774 com.thundercomm.gamemode.ingame.services.GameModeActionUtils.startGameModeService:99 com.thundercomm.gamemode.ingame.services.GameModeActionUtils.startGameModeEntry:22 com.thundercomm.gamemode.ingame.services.ActivityMonitoringService$1.onActivityLaunch:127
12-09 10:35:58.771 1509 1509 I GameModeConfig: Current uri is uri = content://com.thundercomm.gamemode.api/gamemode_settings/gamemode_isgaming
12-09 10:35:58.775 1509 1509 I GameModeConfig: isGameModeOn = false
12-09 10:35:58.775 1509 1509 I GameModeConfig: isGameModeOn = false
12-09 10:35:58.775 1509 1509 I GameModeConfig: isDisableVoice = true
12-09 10:35:58.803 1509 1737 I GameModeConfig: isGameModeOn = false
12-09 10:35:58.806 1509 1737 I GameModeConfig: isGameModeOn = false
12-09 10:35:58.806 1509 1737 I GameModeConfig: isGameModeOn = false
12-09 10:35:58.806 1509 1737 I GameModeConfig: isGameModeOn = false
12-09 10:35:58.831 1509 1621 V DisplayPowerController[0]: Brightness [1.0] reason changing to: 'manual', previous reason: 'manual [ dim ]'.
12-09 10:35:58.843 1509 1927 E DisplayDeviceConfig: requesting nits when no mapping exists.
12-09 10:35:58.844 1509 1927 E DisplayDeviceConfig: requesting nits when no mapping exists.
12-09 10:35:58.849 12356 12373 W ContextImpl: Calling a method in the system process without a qualified user: android.app.ContextImpl.startService:1816 android.content.ContextWrapper.startService:774 com.thundercomm.gamemode.ingame.services.GameModeActionUtils.startGameModeService:99 com.thundercomm.gamemode.ingame.services.GameModeActionUtils.startGameModeEntry:22 com.thundercomm.gamemode.ingame.services.ActivityMonitoringService$1.onActivityLaunch:127
12-09 10:35:58.852 1509 1509 I GameModeConfig: Current uri is uri = content://com.thundercomm.gamemode.api/gamemode_settings/gamemode_isgaming
12-09 10:35:58.856 1509 1509 I GameModeConfig: isGameModeOn = false
12-09 10:35:58.858 1509 1927 E DisplayDeviceConfig: requesting nits when no mapping exists.
12-09 10:35:58.859 1509 1927 E DisplayDeviceConfig: requesting nits when no mapping exists.
12-09 10:35:58.859 1509 1509 I GameModeConfig: isGameModeOn = false
12-09 10:35:58.859 1509 1509 I GameModeConfig: isDisableVoice = true
12-09 10:35:58.877 1509 1927 E DisplayDeviceConfig: requesting nits when no mapping exists.
12-09 10:35:58.877 1509 1927 E DisplayDeviceConfig: requesting nits when no mapping exists.
12-09 10:35:58.892 1509 1927 E DisplayDeviceConfig: requesting nits when no mapping exists.
12-09 10:35:58.893 1509 1927 E DisplayDeviceConfig: requesting nits when no mapping exists.
12-09 10:35:58.908 1509 1927 E DisplayDeviceConfig: requesting nits when no mapping exists.
12-09 10:35:58.908 1509 1927 E DisplayDeviceConfig: requesting nits when no mapping exists.
12-09 10:35:58.925 1509 1927 E DisplayDeviceConfig: requesting nits when no mapping exists.
12-09 10:35:58.926 1509 1927 E DisplayDeviceConfig: requesting nits when no mapping exists.
12-09 10:35:58.942 1509 1927 E DisplayDeviceConfig: requesting nits when no mapping exists.
12-09 10:35:58.942 1509 1927 E DisplayDeviceConfig: requesting nits when no mapping exists.
12-09 10:35:58.959 1509 1927 E DisplayDeviceConfig: requesting nits when no mapping exists.
12-09 10:35:58.961 1509 1927 E DisplayDeviceConfig: requesting nits when no mapping exists.
12-09 10:35:58.976 1509 1927 E DisplayDeviceConfig: requesting nits when no mapping exists.
12-09 10:35:58.979 1509 1927 E DisplayDeviceConfig: requesting nits when no mapping exists.
12-09 10:35:58.992 1509 1927 E DisplayDeviceConfig: requesting nits when no mapping exists.
12-09 10:35:58.992 1509 1927 E DisplayDeviceConfig: requesting nits when no mapping exists.
12-09 10:35:59.009 1509 1927 E DisplayDeviceConfig: requesting nits when no mapping exists.
12-09 10:35:59.009 1509 1927 E DisplayDeviceConfig: requesting nits when no mapping exists.
12-09 10:35:59.016 1509 1509 I GameModeConfig: isGameModeOn = false
12-09 10:35:59.025 1509 1927 E DisplayDeviceConfig: requesting nits when no mapping exists.
12-09 10:35:59.026 1509 1927 E DisplayDeviceConfig: requesting nits when no mapping exists.
12-09 10:35:59.042 1509 1927 E DisplayDeviceConfig: requesting nits when no mapping exists.
12-09 10:35:59.043 1509 1927 E DisplayDeviceConfig: requesting nits when no mapping exists.
12-09 10:35:59.058 1509 1927 E DisplayDeviceConfig: requesting nits when no mapping exists.
12-09 10:35:59.059 1509 1927 E DisplayDeviceConfig: requesting nits when no mapping exists.
12-09 10:35:59.075 1509 1927 E DisplayDeviceConfig: requesting nits when no mapping exists.
12-09 10:35:59.075 1509 1927 E DisplayDeviceConfig: requesting nits when no mapping exists.
12-09 10:35:59.092 1509 1927 E DisplayDeviceConfig: requesting nits when no mapping exists.
12-09 10:35:59.093 1509 1927 E DisplayDeviceConfig: requesting nits when no mapping exists.
12-09 10:35:59.110 1509 1927 E DisplayDeviceConfig: requesting nits when no mapping exists.
12-09 10:35:59.110 1509 1927 E DisplayDeviceConfig: requesting nits when no mapping exists.
12-09 10:35:59.125 1509 1927 E DisplayDeviceConfig: requesting nits when no mapping exists.
12-09 10:35:59.126 1509 1927 E DisplayDeviceConfig: requesting nits when no mapping exists.
12-09 10:35:59.142 1509 1927 E DisplayDeviceConfig: requesting nits when no mapping exists.
12-09 10:35:59.143 1509 1927 E DisplayDeviceConfig: requesting nits when no mapping exists.
12-09 10:35:59.159 1509 1927 E DisplayDeviceConfig: requesting nits when no mapping exists.
12-09 10:35:59.159 1509 1927 E DisplayDeviceConfig: requesting nits when no mapping exists.
12-09 10:35:59.178 1509 1927 E DisplayDeviceConfig: requesting nits when no mapping exists.
12-09 10:35:59.178 1509 1927 E DisplayDeviceConfig: requesting nits when no mapping exists.
12-09 10:35:59.194 1509 1927 E DisplayDeviceConfig: requesting nits when no mapping exists.
12-09 10:35:59.195 1509 1927 E DisplayDeviceConfig: requesting nits when no mapping exists.
12-09 10:35:59.209 1509 1927 E DisplayDeviceConfig: requesting nits when no mapping exists.
12-09 10:35:59.211 1509 1927 E DisplayDeviceConfig: requesting nits when no mapping exists.
12-09 10:35:59.225 1509 1927 E DisplayDeviceConfig: requesting nits when no mapping exists.
12-09 10:35:59.226 1509 1927 E DisplayDeviceConfig: requesting nits when no mapping exists.
12-09 10:35:59.242 1509 1927 E DisplayDeviceConfig: requesting nits when no mapping exists.
12-09 10:35:59.242 1509 1927 E DisplayDeviceConfig: requesting nits when no mapping exists.
12-09 10:35:59.259 1509 1927 E DisplayDeviceConfig: requesting nits when no mapping exists.
12-09 10:35:59.259 1509 1927 E DisplayDeviceConfig: requesting nits when no mapping exists.
12-09 10:35:59.275 1509 1927 E DisplayDeviceConfig: requesting nits when no mapping exists.
12-09 10:35:59.276 1509 1927 E DisplayDeviceConfig: requesting nits when no mapping exists.
12-09 10:35:59.294 1509 1927 E DisplayDeviceConfig: requesting nits when no mapping exists.
12-09 10:35:59.296 1509 1927 E DisplayDeviceConfig: requesting nits when no mapping exists.
12-09 10:35:59.309 1509 1927 E DisplayDeviceConfig: requesting nits when no mapping exists.
12-09 10:35:59.310 1509 1927 E DisplayDeviceConfig: requesting nits when no mapping exists.
12-09 10:35:59.328 1509 1927 E DisplayDeviceConfig: requesting nits when no mapping exists.
12-09 10:35:59.329 1509 1927 E DisplayDeviceConfig: requesting nits when no mapping exists.
12-09 10:35:59.343 1509 1927 E DisplayDeviceConfig: requesting nits when no mapping exists.
12-09 10:35:59.344 1509 1927 E DisplayDeviceConfig: requesting nits when no mapping exists.
12-09 10:35:59.359 1509 1927 E DisplayDeviceConfig: requesting nits when no mapping exists.
12-09 10:35:59.360 1509 1927 E DisplayDeviceConfig: requesting nits when no mapping exists.
12-09 10:35:59.376 1509 1927 E DisplayDeviceConfig: requesting nits when no mapping exists.
12-09 10:35:59.376 1509 1927 E DisplayDeviceConfig: requesting nits when no mapping exists.
12-09 10:35:59.390 1509 1927 E DisplayDeviceConfig: requesting nits when no mapping exists.
12-09 10:35:59.391 1509 1927 E DisplayDeviceConfig: requesting nits when no mapping exists.
