12-09 10:35:59.396 12356 12373 W ContextImpl: Calling a method in the system process without a qualified user: android.app.ContextImpl.startService:1816 android.content.ContextWrapper.startService:774 com.thundercomm.gamemode.ingame.services.GameModeActionUtils.startGameModeService:99 com.thundercomm.gamemode.ingame.services.GameModeActionUtils.startGameModeEntry:22 com.thundercomm.gamemode.ingame.services.ActivityMonitoringService$1.onActivityLaunch:127
12-09 10:35:59.400 1509 1509 I GameModeConfig: Current uri is uri = content://com.thundercomm.gamemode.api/gamemode_settings/gamemode_isgaming
12-09 10:35:59.402 1509 1509 I GameModeConfig: isGameModeOn = false
12-09 10:35:59.402 1509 1509 I GameModeConfig: isGameModeOn = false
12-09 10:35:59.402 1509 1509 I GameModeConfig: isDisableVoice = true
12-09 10:35:59.407 1509 1927 E DisplayDeviceConfig: requesting nits when no mapping exists.
12-09 10:35:59.407 1509 1927 E DisplayDeviceConfig: requesting nits when no mapping exists.
12-09 10:35:59.424 1509 1927 E DisplayDeviceConfig: requesting nits when no mapping exists.
12-09 10:35:59.424 1509 1927 E DisplayDeviceConfig: requesting nits when no mapping exists.
12-09 10:35:59.441 1509 1927 E DisplayDeviceConfig: requesting nits when no mapping exists.
12-09 10:35:59.441 1509 1927 E DisplayDeviceConfig: requesting nits when no mapping exists.
12-09 10:35:59.458 1509 1927 E DisplayDeviceConfig: requesting nits when no mapping exists.
12-09 10:35:59.459 1509 1927 E DisplayDeviceConfig: requesting nits when no mapping exists.
12-09 10:35:59.474 1509 1927 E DisplayDeviceConfig: requesting nits when no mapping exists.
12-09 10:35:59.476 1509 1927 E DisplayDeviceConfig: requesting nits when no mapping exists.
12-09 10:35:59.491 1509 1927 E DisplayDeviceConfig: requesting nits when no mapping exists.
12-09 10:35:59.492 1509 1927 E DisplayDeviceConfig: requesting nits when no mapping exists.
12-09 10:35:59.507 1509 1927 E DisplayDeviceConfig: requesting nits when no mapping exists.
12-09 10:35:59.508 1509 1927 E DisplayDeviceConfig: requesting nits when no mapping exists.
12-09 10:35:59.524 1509 1927 E DisplayDeviceConfig: requesting nits when no mapping exists.
12-09 10:35:59.525 1509 1927 E DisplayDeviceConfig: requesting nits when no mapping exists.
12-09 10:35:59.541 1509 1927 E DisplayDeviceConfig: requesting nits when no mapping exists.
12-09 10:35:59.541 1509 1927 E DisplayDeviceConfig: requesting nits when no mapping exists.
12-09 10:35:59.558 1509 1927 E DisplayDeviceConfig: requesting nits when no mapping exists.
12-09 10:35:59.558 1509 1927 E DisplayDeviceConfig: requesting nits when no mapping exists.
12-09 10:35:59.574 1509 1927 E DisplayDeviceConfig: requesting nits when no mapping exists.
12-09 10:35:59.575 1509 1927 E DisplayDeviceConfig: requesting nits when no mapping exists.
12-09 10:35:59.591 1509 1927 E DisplayDeviceConfig: requesting nits when no mapping exists.
12-09 10:35:59.592 1509 1927 E DisplayDeviceConfig: requesting nits when no mapping exists.
12-09 10:35:59.608 1509 1927 E DisplayDeviceConfig: requesting nits when no mapping exists.
12-09 10:35:59.609 1509 1927 E DisplayDeviceConfig: requesting nits when no mapping exists.
12-09 10:35:59.626 1509 1927 E DisplayDeviceConfig: requesting nits when no mapping exists.
12-09 10:35:59.627 1509 1927 E DisplayDeviceConfig: requesting nits when no mapping exists.
12-09 10:35:59.641 1509 1927 E DisplayDeviceConfig: requesting nits when no mapping exists.
12-09 10:35:59.642 1509 1927 E DisplayDeviceConfig: requesting nits when no mapping exists.
12-09 10:35:59.659 1509 1927 E DisplayDeviceConfig: requesting nits when no mapping exists.
12-09 10:35:59.661 1509 1927 E DisplayDeviceConfig: requesting nits when no mapping exists.
12-09 10:35:59.676 1509 1927 E DisplayDeviceConfig: requesting nits when no mapping exists.
12-09 10:35:59.677 1509 1927 E DisplayDeviceConfig: requesting nits when no mapping exists.
12-09 10:35:59.691 1509 1927 E DisplayDeviceConfig: requesting nits when no mapping exists.
12-09 10:35:59.692 1509 1927 E DisplayDeviceConfig: requesting nits when no mapping exists.
12-09 10:35:59.708 1509 1927 E DisplayDeviceConfig: requesting nits when no mapping exists.
12-09 10:35:59.708 1509 1927 E DisplayDeviceConfig: requesting nits when no mapping exists.
12-09 10:35:59.725 1509 1927 E DisplayDeviceConfig: requesting nits when no mapping exists.
12-09 10:35:59.726 1509 1927 E DisplayDeviceConfig: requesting nits when no mapping exists.
12-09 10:35:59.742 1509 1927 E DisplayDeviceConfig: requesting nits when no mapping exists.
12-09 10:35:59.744 1509 1927 E DisplayDeviceConfig: requesting nits when no mapping exists.
12-09 10:35:59.759 1509 1927 E DisplayDeviceConfig: requesting nits when no mapping exists.
12-09 10:35:59.760 1509 1927 E DisplayDeviceConfig: requesting nits when no mapping exists.
12-09 10:35:59.775 1509 1927 E DisplayDeviceConfig: requesting nits when no mapping exists.
12-09 10:35:59.776 1509 1927 E DisplayDeviceConfig: requesting nits when no mapping exists.
12-09 10:35:59.791 1509 1927 E DisplayDeviceConfig: requesting nits when no mapping exists.
12-09 10:35:59.792 1509 1927 E DisplayDeviceConfig: requesting nits when no mapping exists.
12-09 10:36:09.031 1509 1737 I GameModeConfig: isGameModeOn = false
12-09 10:36:15.893 1509 7695 I DreamManagerService: Gently waking up from dream.
12-09 10:36:15.895 1509 1594 I DreamManagerService: Performing gentle wake from dream.
12-09 10:36:15.897 1509 6639 I ActivityTaskManager: FOREGROUND_APPLICATION_CHANGED to com.android.settings.homepage.SettingsHomepageActivity
12-09 10:36:15.918 12356 12373 W ContextImpl: Calling a method in the system process without a qualified user: android.app.ContextImpl.startService:1816 android.content.ContextWrapper.startService:774 com.thundercomm.gamemode.ingame.services.GameModeActionUtils.startGameModeService:99 com.thundercomm.gamemode.ingame.services.GameModeActionUtils.startGameModeEntry:22 com.thundercomm.gamemode.ingame.services.ActivityMonitoringService$1.onActivityLaunch:127
12-09 10:36:15.924 1509 1509 I GameModeConfig: Current uri is uri = content://com.thundercomm.gamemode.api/gamemode_settings/gamemode_isgaming
12-09 10:36:15.930 1509 1509 I GameModeConfig: isGameModeOn = false
12-09 10:36:15.931 1509 1509 I GameModeConfig: isGameModeOn = false
12-09 10:36:15.931 1509 1509 I GameModeConfig: isDisableVoice = true
12-09 10:36:15.993 1509 1621 I PowerManagerService: Powering on display group fromDreaming (groupId=0, uid=1000, reason=WAKE_REASON_UNKNOWN, details=android.server.power:DREAM_FINISHED)...
12-09 10:36:15.993 1509 1621 I PowerManagerService: Waking up from Dreaming (uid=1000, reason=WAKE_REASON_UNKNOWN, details=android.server.power:DREAM_FINISHED)...
12-09 10:36:16.020 12356 12373 W ContextImpl: Calling a method in the system process without a qualified user: android.app.ContextImpl.startService:1816 android.content.ContextWrapper.startService:774 com.thundercomm.gamemode.ingame.services.GameModeActionUtils.startGameModeService:99 com.thundercomm.gamemode.ingame.services.GameModeActionUtils.startGameModeEntry:22 com.thundercomm.gamemode.ingame.services.ActivityMonitoringService$1.onActivityLaunch:127
12-09 10:36:16.024 1509 1509 I GameModeConfig: Current uri is uri = content://com.thundercomm.gamemode.api/gamemode_settings/gamemode_isgaming
12-09 10:36:16.025 1509 1509 I GameModeConfig: isGameModeOn = false
12-09 10:36:16.025 1509 1509 I GameModeConfig: isGameModeOn = false
12-09 10:36:16.025 1509 1509 I GameModeConfig: isDisableVoice = true
12-09 10:36:16.502 12356 12373 W ContextImpl: Calling a method in the system process without a qualified user: android.app.ContextImpl.startService:1816 android.content.ContextWrapper.startService:774 com.thundercomm.gamemode.ingame.services.GameModeActionUtils.startGameModeService:99 com.thundercomm.gamemode.ingame.services.GameModeActionUtils.startGameModeEntry:22 com.thundercomm.gamemode.ingame.services.ActivityMonitoringService$1.onActivityLaunch:127
12-09 10:36:16.508 1509 1509 I GameModeConfig: Current uri is uri = content://com.thundercomm.gamemode.api/gamemode_settings/gamemode_isgaming
12-09 10:36:16.509 1509 1509 I GameModeConfig: isGameModeOn = false
12-09 10:36:16.510 1509 1509 I GameModeConfig: isGameModeOn = false
12-09 10:36:16.510 1509 1509 I GameModeConfig: isDisableVoice = true
12-09 10:36:16.513 1509 2435 I DreamManagerService: Leaving dreamland.
12-09 10:36:16.514 1509 1594 I DreamManagerService: Performing gentle wake from dream.
12-09 10:36:16.514 1509 1594 I DreamController: Stopping dream: name=ComponentInfo{com.thundercomm.screensaver/com.thundercomm.screensaver.service.SystemScreensaverDream}, isTest=false, canDoze=false, userId=0, reason='finished self'(from 'finished self')
12-09 10:36:16.530 1509 1598 W ActivityTaskManager: Can't find TaskDisplayArea to determine support for multi window. Task id=150 attached=false
12-09 10:36:18.538 824 824 I android.hardware.wifi@1.0-service: Adding interface handle for wifi-aware0
12-09 10:36:18.538 824 824 I android.hardware.wifi@1.0-service: Adding interface handle for p2p0
12-09 10:36:18.538 824 824 I android.hardware.wifi@1.0-service: Adding interface handle for wlan0
12-09 10:36:18.538 824 824 W android.hardware.wifi@1.0-service: No active wlan interfaces in use! Using default
12-09 10:36:18.541 1190 1190 E wificond: Could not read interface state for wlan1 (No such device)
12-09 10:36:18.541 1190 1190 I wificond: tearDownApInterface: erasing wiphy_index for iface_name wlan1
12-09 10:36:18.541 1190 1190 I wificond: remove channel type 0 support at wiphy index 0
12-09 10:36:18.541 1190 1190 I wificond: remove channel type 1 support at wiphy index 0
12-09 10:36:18.543 824 824 E android.hardware.wifi@1.0-service: Failed to open directory: Permission denied
12-09 10:36:18.543 824 824 E android.hardware.wifi@1.0-service: Error occurred while deleting old tombstone files
12-09 10:36:18.543 824 824 E android.hardware.wifi@1.0-service: Error writing files to flash
12-09 10:36:18.544 824 824 E android.hardware.wifi@1.0-service: Stopping legacy HAL
12-09 10:36:18.544 824 824 E android.hardware.wifi@1.0-service: Legacy HAL trigger wifi cleanup
12-09 10:36:18.545 824 17449 I android.hardware.wifi@1.0-service: Legacy HAL stop complete callback received
12-09 10:36:18.594 824 17449 E android.hardware.wifi@1.0-service: SetWifiUpState(false) completed
12-09 10:36:18.594 824 17449 E android.hardware.wifi@1.0-service: Legacy HAL Wifi event loop exited
12-09 10:36:18.594 824 17449 E android.hardware.wifi@1.0-service: Legacy HAL event loop terminated
12-09 10:36:18.595 824 824 D android.hardware.wifi@1.0-service: Legacy HAL stop complete
12-09 10:36:18.596 824 824 I android.hardware.wifi@1.0-service: Wifi HAL stopped
12-09 10:36:18.674 824 824 D android.hardware.wifi@1.0-service: Initialize legacy HAL
12-09 10:36:18.675 824 824 I android.hardware.wifi@1.0-service: Wifi HAL started
12-09 10:36:18.784 824 824 D android.hardware.wifi@1.0-service: Waiting for the driver ready
12-09 10:36:18.785 824 824 D android.hardware.wifi@1.0-service: Starting legacy HAL
12-09 10:36:18.799 824 18220 D android.hardware.wifi@1.0-service: Starting legacy HAL event loop
12-09 10:36:18.800 824 824 I android.hardware.wifi@1.0-service: Adding interface handle for wifi-aware0
12-09 10:36:18.800 824 824 I android.hardware.wifi@1.0-service: Adding interface handle for p2p0
12-09 10:36:18.800 824 824 I android.hardware.wifi@1.0-service: Adding interface handle for wlan0
12-09 10:36:18.800 824 824 D android.hardware.wifi@1.0-service: Legacy HAL start complete
12-09 10:36:18.800 824 824 W android.hardware.wifi@1.0-service: No active wlan interfaces in use! Using default
12-09 10:36:18.800 824 824 W android.hardware.wifi@1.0-service: No active wlan interfaces in use! Using default
12-09 10:36:18.801 824 824 I android.hardware.wifi@1.0-service: Configured chip in mode 3
12-09 10:36:18.801 824 824 W android.hardware.wifi@1.0-service: No active wlan interfaces in use! Using default
12-09 10:36:18.806 824 824 W android.hardware.wifi@1.0-service: No active wlan interfaces in use! Using default
12-09 10:36:18.820 824 824 I android.hardware.wifi@1.0-service: Adding interface handle for wifi-aware0
12-09 10:36:18.820 824 824 I android.hardware.wifi@1.0-service: Adding interface handle for wlan1
12-09 10:36:18.820 824 824 I android.hardware.wifi@1.0-service: Adding interface handle for p2p0
12-09 10:36:18.820 824 824 I android.hardware.wifi@1.0-service: Adding interface handle for wlan0
12-09 10:36:18.824 1190 1190 I wificond: createApInterface: wiphy_index 0 iface_name wlan1
12-09 10:36:18.825 1190 1190 I wificond: add channel type 0 support at wiphy index: 0
12-09 10:36:18.825 1190 1190 I wificond: add channel type 1 support at wiphy index: 0
12-09 10:36:18.842 824 824 D android.hardware.wifi@1.0-service: Successfully SetMacAddress.
12-09 10:36:19.922 1509 1666 D ActivityManager: freezing 14611 com.android.gallery3d
12-09 10:36:19.922 1509 1666 E ActivityManager: Unable to freeze binder for 14611 com.android.gallery3d
12-09 10:36:19.925 1509 1666 D ActivityManager: froze 14611 com.android.gallery3d
12-09 10:36:19.925 1509 1666 E ActivityManager: Unable to freeze binder for 14611 com.android.gallery3d
12-09 10:36:19.926 1509 1666 I ActivityManager: Killing 14611:com.android.gallery3d/u0a71 (adj 900): Unable to freeze binder interface
12-09 10:36:20.008 1509 1597 W ActivityManager: setHasOverlayUi called on unknown pid: 14611
12-09 10:36:21.391 1190 1190 I wificond: New channel on frequency: 2462 with bandwidth: 20MHz with HT
12-09 10:36:22.399 16969 16969 E ActivityThread: Failed to find provider info for com.google.android.gms.nearby.fastpair
12-09 10:36:22.399 16969 18207 E ActivityThread: Failed to find provider info for com.google.android.gms.nearby.fastpair
12-09 10:36:23.297 16969 16969 W CarrierConfigManager: Error getting config for subId -1 ICarrierConfigLoader is null
12-09 10:36:23.302 1509 2104 E UserRestrictionsUtils: Unknown restriction queried by uid 1000 (com.thundercomm.microsettings et al): null
12-09 10:36:23.347 1509 5539 D TelephonyRegistry: listen oscl: mHasNotifySubscriptionInfoChangedOccurred==false no callback
12-09 10:36:23.351 1509 5539 D TelephonyRegistry: listen oscl: mHasNotifySubscriptionInfoChangedOccurred==false no callback
12-09 10:36:23.957 16969 16969 E ActivityThread: Failed to find provider info for com.google.android.gms.nearby.fastpair
12-09 10:36:23.958 16969 18207 E ActivityThread: Failed to find provider info for com.google.android.gms.nearby.fastpair
12-09 10:36:24.860 16969 16969 W CarrierConfigManager: Error getting config for subId -1 ICarrierConfigLoader is null
12-09 10:36:24.867 1509 5539 E UserRestrictionsUtils: Unknown restriction queried by uid 1000 (com.thundercomm.microsettings et al): null
12-09 10:36:24.908 1509 2104 D TelephonyRegistry: listen oscl: mHasNotifySubscriptionInfoChangedOccurred==false no callback
12-09 10:36:24.912 1509 2104 D TelephonyRegistry: listen oscl: mHasNotifySubscriptionInfoChangedOccurred==false no callback
12-09 10:36:25.535 16969 16969 E ActivityThread: Failed to find provider info for com.google.android.gms.nearby.fastpair
12-09 10:36:25.536 16969 18207 E ActivityThread: Failed to find provider info for com.google.android.gms.nearby.fastpair
12-09 10:36:27.122 1509 5539 E UserRestrictionsUtils: Unknown restriction queried by uid 1000 (com.thundercomm.microsettings et al): null
12-09 10:36:27.123 1509 5539 E UserRestrictionsUtils: Unknown restriction queried by uid 1000 (com.thundercomm.microsettings et al): null
12-09 10:36:27.858 1509 5539 E UserRestrictionsUtils: Unknown restriction queried by uid 1000 (com.thundercomm.microsettings et al): null
12-09 10:36:29.192 1509 6785 E UserRestrictionsUtils: Unknown restriction queried by uid 1000 (com.thundercomm.microsettings et al): null
12-09 10:36:29.193 1509 6785 E UserRestrictionsUtils: Unknown restriction queried by uid 1000 (com.thundercomm.microsettings et al): null
12-09 10:36:29.193 1509 6785 E UserRestrictionsUtils: Unknown restriction queried by uid 1000 (com.thundercomm.microsettings et al): null
12-09 10:36:29.193 1509 6785 E UserRestrictionsUtils: Unknown restriction queried by uid 1000 (com.thundercomm.microsettings et al): null
12-09 10:36:29.194 1509 6785 E UserRestrictionsUtils: Unknown restriction queried by uid 1000 (com.thundercomm.microsettings et al): null
12-09 10:36:29.194 1509 6785 E UserRestrictionsUtils: Unknown restriction queried by uid 1000 (com.thundercomm.microsettings et al): null
12-09 10:36:29.196 1509 6785 E UserRestrictionsUtils: Unknown restriction queried by uid 1000 (com.thundercomm.microsettings et al): null
12-09 10:36:30.339 1509 13961 E UserRestrictionsUtils: Unknown restriction queried by uid 1000 (com.thundercomm.microsettings et al): null
12-09 10:36:30.340 1509 13961 E UserRestrictionsUtils: Unknown restriction queried by uid 1000 (com.thundercomm.microsettings et al): null
12-09 10:36:31.568 1509 13961 E UserRestrictionsUtils: Unknown restriction queried by uid 1000 (com.thundercomm.microsettings et al): null
12-09 10:36:31.568 1509 13961 E UserRestrictionsUtils: Unknown restriction queried by uid 1000 (com.thundercomm.microsettings et al): null
12-09 10:36:31.570 1509 13961 E UserRestrictionsUtils: Unknown restriction queried by uid 1000 (com.thundercomm.microsettings et al): null
12-09 10:36:31.570 1509 13961 E UserRestrictionsUtils: Unknown restriction queried by uid 1000 (com.thundercomm.microsettings et al): null
12-09 10:36:31.571 1509 13961 E UserRestrictionsUtils: Unknown restriction queried by uid 1000 (com.thundercomm.microsettings et al): null
12-09 10:36:31.571 1509 13961 E UserRestrictionsUtils: Unknown restriction queried by uid 1000 (com.thundercomm.microsettings et al): null
12-09 10:36:31.572 1509 13961 E UserRestrictionsUtils: Unknown restriction queried by uid 1000 (com.thundercomm.microsettings et al): null
12-09 10:36:32.785 1509 13961 E UserRestrictionsUtils: Unknown restriction queried by uid 1000 (com.thundercomm.microsettings et al): null
12-09 10:36:32.785 1509 13961 E UserRestrictionsUtils: Unknown restriction queried by uid 1000 (com.thundercomm.microsettings et al): null
12-09 10:36:32.787 1509 13961 E UserRestrictionsUtils: Unknown restriction queried by uid 1000 (com.thundercomm.microsettings et al): null
12-09 10:36:37.482 1509 13961 I ActivityTaskManager: START u0 {act=android.intent.action.MAIN cmp=com.android.settings/.SubSettings (has extras)} from uid 1000
12-09 10:36:37.502 1509 13961 I ActivityTaskManager: FOREGROUND_APPLICATION_CHANGED to com.android.settings.SubSettings
12-09 10:36:37.503 1509 13961 I ActivityTaskManager: The Process com.android.settings Already Exists in BG. So sending its PID: 16969
12-09 10:36:37.505 1509 13961 W ActivityTaskManager: Tried to set launchTime (0) < mLastActivityLaunchTime (18712439)
12-09 10:36:37.535 1509 2104 I ActivityTaskManager: START u0 {act=android.intent.action.MAIN cmp=com.android.settings/.homepage.SettingsHomepageActivity (has extras)} from uid 1000
12-09 10:36:37.552 1509 13961 W ActivityTaskManager: Duplicate finish request for r=ActivityRecord{3b63813 u0 com.android.settings/.SubSettings t146 f}}
12-09 10:36:37.562 1509 13961 I ActivityTaskManager: FOREGROUND_APPLICATION_CHANGED to com.android.settings.homepage.SettingsHomepageActivity
12-09 10:36:37.680 12356 12373 W ContextImpl: Calling a method in the system process without a qualified user: android.app.ContextImpl.startService:1816 android.content.ContextWrapper.startService:774 com.thundercomm.gamemode.ingame.services.GameModeActionUtils.startGameModeService:99 com.thundercomm.gamemode.ingame.services.GameModeActionUtils.startGameModeEntry:22 com.thundercomm.gamemode.ingame.services.ActivityMonitoringService$1.onActivityLaunch:127
12-09 10:36:37.689 1509 1509 I GameModeConfig: Current uri is uri = content://com.thundercomm.gamemode.api/gamemode_settings/gamemode_isgaming
12-09 10:36:37.692 1509 1509 I GameModeConfig: isGameModeOn = false
12-09 10:36:37.692 1509 1509 I GameModeConfig: isGameModeOn = false
12-09 10:36:37.692 1509 1509 I GameModeConfig: isDisableVoice = true
12-09 10:36:37.788 16969 16969 E ActivityThread: Failed to find provider info for com.google.android.setupwizard.partner
12-09 10:36:37.789 16969 16969 E ActivityThread: Failed to find provider info for com.google.android.setupwizard.partner
12-09 10:36:37.789 16969 16969 E ActivityThread: Failed to find provider info for com.google.android.setupwizard.partner
12-09 10:36:37.804 16969 16969 E ActivityThread: Failed to find provider info for com.google.android.setupwizard.partner
12-09 10:36:37.804 16969 16969 E ActivityThread: Failed to find provider info for com.google.android.setupwizard.partner
12-09 10:36:37.805 16969 16969 E ActivityThread: Failed to find provider info for com.google.android.setupwizard.partner
12-09 10:36:37.805 16969 16969 E ActivityThread: Failed to find provider info for com.google.android.setupwizard.partner
12-09 10:36:37.806 16969 16969 E ActivityThread: Failed to find provider info for com.google.android.setupwizard.partner
12-09 10:36:37.807 16969 16969 E ActivityThread: Failed to find provider info for com.google.android.setupwizard.partner
12-09 10:36:37.808 16969 16969 E ActivityThread: Failed to find provider info for com.google.android.setupwizard.partner
12-09 10:36:37.809 16969 16969 E ActivityThread: Failed to find provider info for com.google.android.setupwizard.partner
12-09 10:36:37.809 16969 16969 E ActivityThread: Failed to find provider info for com.google.android.setupwizard.partner
12-09 10:36:37.809 16969 16969 E ActivityThread: Failed to find provider info for com.google.android.setupwizard.partner
12-09 10:36:37.809 16969 16969 E ActivityThread: Failed to find provider info for com.google.android.setupwizard.partner
12-09 10:36:37.826 16969 16969 E ActivityThread: Failed to find provider info for com.google.android.setupwizard.partner
12-09 10:36:37.826 16969 16969 E ActivityThread: Failed to find provider info for com.google.android.setupwizard.partner
12-09 10:36:37.826 16969 16969 E ActivityThread: Failed to find provider info for com.google.android.setupwizard.partner
12-09 10:36:37.826 16969 16969 E ActivityThread: Failed to find provider info for com.google.android.setupwizard.partner
12-09 10:36:37.826 16969 16969 E ActivityThread: Failed to find provider info for com.google.android.setupwizard.partner
12-09 10:36:37.827 16969 16969 E ActivityThread: Failed to find provider info for com.google.android.setupwizard.partner
12-09 10:36:37.827 16969 16969 E ActivityThread: Failed to find provider info for com.google.android.setupwizard.partner
12-09 10:36:40.680 1509 7753 I ActivityTaskManager: START u0 {act=android.intent.action.MAIN cmp=com.android.settings/.SubSettings (has extras)} from uid 1000
12-09 10:36:40.694 1509 6785 I ActivityTaskManager: FOREGROUND_APPLICATION_CHANGED to com.android.settings.SubSettings
12-09 10:36:40.694 1509 6785 I ActivityTaskManager: The Process com.android.settings Already Exists in BG. So sending its PID: 16969
12-09 10:36:40.694 1509 6785 W ActivityTaskManager: Tried to set launchTime (0) < mLastActivityLaunchTime (19006892)
12-09 10:36:40.729 1509 7753 I ActivityTaskManager: START u0 {act=android.intent.action.MAIN cmp=com.android.settings/.homepage.SettingsHomepageActivity (has extras)} from uid 1000
12-09 10:36:40.741 1509 7753 W ActivityTaskManager: Duplicate finish request for r=ActivityRecord{f58c6bd u0 com.android.settings/.SubSettings t146 f}}
12-09 10:36:40.751 1509 6785 I ActivityTaskManager: FOREGROUND_APPLICATION_CHANGED to com.android.settings.homepage.SettingsHomepageActivity
12-09 10:36:40.861 12356 12373 W ContextImpl: Calling a method in the system process without a qualified user: android.app.ContextImpl.startService:1816 android.content.ContextWrapper.startService:774 com.thundercomm.gamemode.ingame.services.GameModeActionUtils.startGameModeService:99 com.thundercomm.gamemode.ingame.services.GameModeActionUtils.startGameModeEntry:22 com.thundercomm.gamemode.ingame.services.ActivityMonitoringService$1.onActivityLaunch:127
12-09 10:36:40.867 1509 1509 I GameModeConfig: Current uri is uri = content://com.thundercomm.gamemode.api/gamemode_settings/gamemode_isgaming
12-09 10:36:40.870 1509 1509 I GameModeConfig: isGameModeOn = false
12-09 10:36:40.870 1509 1509 I GameModeConfig: isGameModeOn = false
12-09 10:36:40.870 1509 1509 I GameModeConfig: isDisableVoice = true
12-09 10:36:40.979 16969 16969 E ActivityThread: Failed to find provider info for com.google.android.setupwizard.partner
12-09 10:36:40.980 16969 16969 E ActivityThread: Failed to find provider info for com.google.android.setupwizard.partner
12-09 10:36:40.987 16969 16969 E ActivityThread: Failed to find provider info for com.google.android.setupwizard.partner
12-09 10:36:40.987 16969 16969 E ActivityThread: Failed to find provider info for com.google.android.setupwizard.partner
12-09 10:36:40.987 16969 16969 E ActivityThread: Failed to find provider info for com.google.android.setupwizard.partner
12-09 10:36:40.988 16969 16969 E ActivityThread: Failed to find provider info for com.google.android.setupwizard.partner
12-09 10:36:40.989 16969 16969 E ActivityThread: Failed to find provider info for com.google.android.setupwizard.partner
12-09 10:36:40.990 16969 16969 E ActivityThread: Failed to find provider info for com.google.android.setupwizard.partner
12-09 10:36:40.991 16969 16969 E ActivityThread: Failed to find provider info for com.google.android.setupwizard.partner
12-09 10:36:40.992 16969 16969 E ActivityThread: Failed to find provider info for com.google.android.setupwizard.partner
12-09 10:36:40.992 16969 16969 E ActivityThread: Failed to find provider info for com.google.android.setupwizard.partner
12-09 10:36:40.993 16969 16969 E ActivityThread: Failed to find provider info for com.google.android.setupwizard.partner
12-09 10:36:40.993 16969 16969 E ActivityThread: Failed to find provider info for com.google.android.setupwizard.partner
12-09 10:36:40.998 16969 16969 E ActivityThread: Failed to find provider info for com.google.android.setupwizard.partner
12-09 10:36:40.998 16969 16969 E ActivityThread: Failed to find provider info for com.google.android.setupwizard.partner
12-09 10:36:40.998 16969 16969 E ActivityThread: Failed to find provider info for com.google.android.setupwizard.partner
12-09 10:36:40.998 16969 16969 E ActivityThread: Failed to find provider info for com.google.android.setupwizard.partner
12-09 10:36:40.999 16969 16969 E ActivityThread: Failed to find provider info for com.google.android.setupwizard.partner
12-09 10:36:40.999 16969 16969 E ActivityThread: Failed to find provider info for com.google.android.setupwizard.partner
12-09 10:36:40.999 16969 16969 E ActivityThread: Failed to find provider info for com.google.android.setupwizard.partner
12-09 10:36:41.504 1509 2730 E TaskPersister: File error accessing recents directory (directory doesn't exist?).
12-09 10:36:42.897 1509 6785 I ActivityTaskManager: START u0 {act=android.intent.action.MAIN cmp=com.android.settings/.SubSettings (has extras)} from uid 1000
12-09 10:36:42.910 1509 6785 I ActivityTaskManager: FOREGROUND_APPLICATION_CHANGED to com.android.settings.SubSettings
12-09 10:36:42.910 1509 6785 I ActivityTaskManager: The Process com.android.settings Already Exists in BG. So sending its PID: 16969
12-09 10:36:42.910 1509 6785 W ActivityTaskManager: Tried to set launchTime (0) < mLastActivityLaunchTime (19010081)
12-09 10:36:42.930 1509 6632 I ActivityTaskManager: START u0 {act=android.intent.action.MAIN cmp=com.android.settings/.homepage.SettingsHomepageActivity (has extras)} from uid 1000
12-09 10:36:42.945 1509 6632 W ActivityTaskManager: Duplicate finish request for r=ActivityRecord{de4c0b0 u0 com.android.settings/.SubSettings t146 f}}
12-09 10:36:42.949 1509 15980 I ActivityTaskManager: FOREGROUND_APPLICATION_CHANGED to com.android.settings.homepage.SettingsHomepageActivity
12-09 10:36:43.061 12356 12373 W ContextImpl: Calling a method in the system process without a qualified user: android.app.ContextImpl.startService:1816 android.content.ContextWrapper.startService:774 com.thundercomm.gamemode.ingame.services.GameModeActionUtils.startGameModeService:99 com.thundercomm.gamemode.ingame.services.GameModeActionUtils.startGameModeEntry:22 com.thundercomm.gamemode.ingame.services.ActivityMonitoringService$1.onActivityLaunch:127
12-09 10:36:43.068 1509 1509 I GameModeConfig: Current uri is uri = content://com.thundercomm.gamemode.api/gamemode_settings/gamemode_isgaming
12-09 10:36:43.070 1509 1509 I GameModeConfig: isGameModeOn = false
12-09 10:36:43.070 1509 1509 I GameModeConfig: isGameModeOn = false
12-09 10:36:43.070 1509 1509 I GameModeConfig: isDisableVoice = true
12-09 10:36:43.164 16969 16969 E ActivityThread: Failed to find provider info for com.google.android.setupwizard.partner
12-09 10:36:43.164 16969 16969 E ActivityThread: Failed to find provider info for com.google.android.setupwizard.partner
12-09 10:36:43.171 16969 16969 E ActivityThread: Failed to find provider info for com.google.android.setupwizard.partner
12-09 10:36:43.172 16969 16969 E ActivityThread: Failed to find provider info for com.google.android.setupwizard.partner
12-09 10:36:43.172 16969 16969 E ActivityThread: Failed to find provider info for com.google.android.setupwizard.partner
12-09 10:36:43.173 16969 16969 E ActivityThread: Failed to find provider info for com.google.android.setupwizard.partner
12-09 10:36:43.174 16969 16969 E ActivityThread: Failed to find provider info for com.google.android.setupwizard.partner
12-09 10:36:43.175 16969 16969 E ActivityThread: Failed to find provider info for com.google.android.setupwizard.partner
12-09 10:36:43.176 16969 16969 E ActivityThread: Failed to find provider info for com.google.android.setupwizard.partner
12-09 10:36:43.176 16969 16969 E ActivityThread: Failed to find provider info for com.google.android.setupwizard.partner
12-09 10:36:43.176 16969 16969 E ActivityThread: Failed to find provider info for com.google.android.setupwizard.partner
12-09 10:36:43.177 16969 16969 E ActivityThread: Failed to find provider info for com.google.android.setupwizard.partner
12-09 10:36:43.177 16969 16969 E ActivityThread: Failed to find provider info for com.google.android.setupwizard.partner
12-09 10:36:43.182 16969 16969 E ActivityThread: Failed to find provider info for com.google.android.setupwizard.partner
12-09 10:36:43.183 16969 16969 E ActivityThread: Failed to find provider info for com.google.android.setupwizard.partner
12-09 10:36:43.183 16969 16969 E ActivityThread: Failed to find provider info for com.google.android.setupwizard.partner
12-09 10:36:43.183 16969 16969 E ActivityThread: Failed to find provider info for com.google.android.setupwizard.partner
12-09 10:36:43.184 16969 16969 E ActivityThread: Failed to find provider info for com.google.android.setupwizard.partner
12-09 10:36:43.184 16969 16969 E ActivityThread: Failed to find provider info for com.google.android.setupwizard.partner
12-09 10:36:43.184 16969 16969 E ActivityThread: Failed to find provider info for com.google.android.setupwizard.partner
12-09 10:36:45.421 1509 15980 E UserRestrictionsUtils: Unknown restriction queried by uid 1000 (com.thundercomm.microsettings et al): null
12-09 10:36:45.422 1509 15980 E UserRestrictionsUtils: Unknown restriction queried by uid 1000 (com.thundercomm.microsettings et al): null
12-09 10:36:46.092 1509 15980 E UserRestrictionsUtils: Unknown restriction queried by uid 1000 (com.thundercomm.microsettings et al): null
12-09 10:36:46.092 1509 15980 E UserRestrictionsUtils: Unknown restriction queried by uid 1000 (com.thundercomm.microsettings et al): null
12-09 10:36:46.093 1509 15980 E UserRestrictionsUtils: Unknown restriction queried by uid 1000 (com.thundercomm.microsettings et al): null
12-09 10:36:46.094 1509 15980 E UserRestrictionsUtils: Unknown restriction queried by uid 1000 (com.thundercomm.microsettings et al): null
12-09 10:36:46.094 1509 15980 E UserRestrictionsUtils: Unknown restriction queried by uid 1000 (com.thundercomm.microsettings et al): null
12-09 10:36:46.094 1509 15980 E UserRestrictionsUtils: Unknown restriction queried by uid 1000 (com.thundercomm.microsettings et al): null
12-09 10:36:46.096 1509 15980 E UserRestrictionsUtils: Unknown restriction queried by uid 1000 (com.thundercomm.microsettings et al): null
12-09 10:36:46.412 1509 2730 E TaskPersister: File error accessing recents directory (directory doesn't exist?).
12-09 10:36:46.604 1509 6785 E UserRestrictionsUtils: Unknown restriction queried by uid 1000 (com.thundercomm.microsettings et al): null
12-09 10:36:46.605 1509 6785 E UserRestrictionsUtils: Unknown restriction queried by uid 1000 (com.thundercomm.microsettings et al): null
12-09 10:36:46.606 1509 6785 E UserRestrictionsUtils: Unknown restriction queried by uid 1000 (com.thundercomm.microsettings et al): null
12-09 10:36:46.606 1509 6785 E UserRestrictionsUtils: Unknown restriction queried by uid 1000 (com.thundercomm.microsettings et al): null
12-09 10:36:46.607 1509 6785 E UserRestrictionsUtils: Unknown restriction queried by uid 1000 (com.thundercomm.microsettings et al): null
12-09 10:36:46.607 1509 6785 E UserRestrictionsUtils: Unknown restriction queried by uid 1000 (com.thundercomm.microsettings et al): null
12-09 10:36:46.608 1509 6785 E UserRestrictionsUtils: Unknown restriction queried by uid 1000 (com.thundercomm.microsettings et al): null
12-09 10:36:46.985 1509 6785 E UserRestrictionsUtils: Unknown restriction queried by uid 1000 (com.thundercomm.microsettings et al): null
12-09 10:36:46.985 1509 6785 E UserRestrictionsUtils: Unknown restriction queried by uid 1000 (com.thundercomm.microsettings et al): null
12-09 10:36:46.986 1509 6785 E UserRestrictionsUtils: Unknown restriction queried by uid 1000 (com.thundercomm.microsettings et al): null
12-09 10:36:52.592 1509 6785 I ActivityTaskManager: START u0 {act=android.intent.action.MAIN cmp=com.android.settings/.SubSettings (has extras)} from uid 1000
12-09 10:36:52.607 1509 6632 I ActivityTaskManager: FOREGROUND_APPLICATION_CHANGED to com.android.settings.SubSettings
12-09 10:36:52.607 1509 6632 I ActivityTaskManager: The Process com.android.settings Already Exists in BG. So sending its PID: 16969
12-09 10:36:52.608 1509 6632 W ActivityTaskManager: Tried to set launchTime (0) < mLastActivityLaunchTime (19012298)
12-09 10:36:52.633 1509 6632 I ActivityTaskManager: START u0 {act=android.intent.action.MAIN cmp=com.android.settings/.homepage.SettingsHomepageActivity (has extras)} from uid 1000
12-09 10:36:52.646 1509 6632 W ActivityTaskManager: Duplicate finish request for r=ActivityRecord{15558e9 u0 com.android.settings/.SubSettings t146 f}}
12-09 10:36:52.652 1509 13961 I ActivityTaskManager: FOREGROUND_APPLICATION_CHANGED to com.android.settings.homepage.SettingsHomepageActivity
12-09 10:36:52.765 12356 12373 W ContextImpl: Calling a method in the system process without a qualified user: android.app.ContextImpl.startService:1816 android.content.ContextWrapper.startService:774 com.thundercomm.gamemode.ingame.services.GameModeActionUtils.startGameModeService:99 com.thundercomm.gamemode.ingame.services.GameModeActionUtils.startGameModeEntry:22 com.thundercomm.gamemode.ingame.services.ActivityMonitoringService$1.onActivityLaunch:127
12-09 10:36:52.769 1509 1509 I GameModeConfig: Current uri is uri = content://com.thundercomm.gamemode.api/gamemode_settings/gamemode_isgaming
12-09 10:36:52.774 1509 1509 I GameModeConfig: isGameModeOn = false
12-09 10:36:52.774 1509 1509 I GameModeConfig: isGameModeOn = false
12-09 10:36:52.774 1509 1509 I GameModeConfig: isDisableVoice = true
12-09 10:36:52.863 16969 16969 E ActivityThread: Failed to find provider info for com.google.android.setupwizard.partner
12-09 10:36:52.864 16969 16969 E ActivityThread: Failed to find provider info for com.google.android.setupwizard.partner
12-09 10:36:52.874 16969 16969 E ActivityThread: Failed to find provider info for com.google.android.setupwizard.partner
12-09 10:36:52.874 16969 16969 E ActivityThread: Failed to find provider info for com.google.android.setupwizard.partner
12-09 10:36:52.875 16969 16969 E ActivityThread: Failed to find provider info for com.google.android.setupwizard.partner
12-09 10:36:52.875 16969 16969 E ActivityThread: Failed to find provider info for com.google.android.setupwizard.partner
12-09 10:36:52.877 16969 16969 E ActivityThread: Failed to find provider info for com.google.android.setupwizard.partner
12-09 10:36:52.877 16969 16969 E ActivityThread: Failed to find provider info for com.google.android.setupwizard.partner
12-09 10:36:52.879 16969 16969 E ActivityThread: Failed to find provider info for com.google.android.setupwizard.partner
12-09 10:36:52.879 16969 16969 E ActivityThread: Failed to find provider info for com.google.android.setupwizard.partner
12-09 10:36:52.880 16969 16969 E ActivityThread: Failed to find provider info for com.google.android.setupwizard.partner
12-09 10:36:52.880 16969 16969 E ActivityThread: Failed to find provider info for com.google.android.setupwizard.partner
12-09 10:36:52.881 16969 16969 E ActivityThread: Failed to find provider info for com.google.android.setupwizard.partner
12-09 10:36:52.895 16969 16969 E ActivityThread: Failed to find provider info for com.google.android.setupwizard.partner
12-09 10:36:52.896 16969 16969 E ActivityThread: Failed to find provider info for com.google.android.setupwizard.partner
12-09 10:36:52.896 16969 16969 E ActivityThread: Failed to find provider info for com.google.android.setupwizard.partner
12-09 10:36:52.896 16969 16969 E ActivityThread: Failed to find provider info for com.google.android.setupwizard.partner
12-09 10:36:52.896 16969 16969 E ActivityThread: Failed to find provider info for com.google.android.setupwizard.partner
12-09 10:36:52.897 16969 16969 E ActivityThread: Failed to find provider info for com.google.android.setupwizard.partner
12-09 10:36:52.897 16969 16969 E ActivityThread: Failed to find provider info for com.google.android.setupwizard.partner
12-09 10:36:56.112 1509 2730 E TaskPersister: File error accessing recents directory (directory doesn't exist?).
12-09 10:36:56.331 1509 13961 E UserRestrictionsUtils: Unknown restriction queried by uid 1000 (com.thundercomm.microsettings et al): null
12-09 10:36:56.332 1509 13961 E UserRestrictionsUtils: Unknown restriction queried by uid 1000 (com.thundercomm.microsettings et al): null
12-09 10:36:56.333 1509 13961 E UserRestrictionsUtils: Unknown restriction queried by uid 1000 (com.thundercomm.microsettings et al): null
12-09 10:36:56.844 1509 15980 E UserRestrictionsUtils: Unknown restriction queried by uid 1000 (com.thundercomm.microsettings et al): null
12-09 10:36:56.845 1509 15980 E UserRestrictionsUtils: Unknown restriction queried by uid 1000 (com.thundercomm.microsettings et al): null
12-09 10:36:56.846 1509 15980 E UserRestrictionsUtils: Unknown restriction queried by uid 1000 (com.thundercomm.microsettings et al): null
12-09 10:36:56.846 1509 15980 E UserRestrictionsUtils: Unknown restriction queried by uid 1000 (com.thundercomm.microsettings et al): null
12-09 10:36:56.847 1509 15980 E UserRestrictionsUtils: Unknown restriction queried by uid 1000 (com.thundercomm.microsettings et al): null
12-09 10:36:56.847 1509 15980 E UserRestrictionsUtils: Unknown restriction queried by uid 1000 (com.thundercomm.microsettings et al): null
12-09 10:36:56.848 1509 15980 E UserRestrictionsUtils: Unknown restriction queried by uid 1000 (com.thundercomm.microsettings et al): null
12-09 10:36:57.415 1509 15980 E UserRestrictionsUtils: Unknown restriction queried by uid 1000 (com.thundercomm.microsettings et al): null
12-09 10:36:57.415 1509 15980 E UserRestrictionsUtils: Unknown restriction queried by uid 1000 (com.thundercomm.microsettings et al): null
12-09 10:36:57.416 1509 15980 E UserRestrictionsUtils: Unknown restriction queried by uid 1000 (com.thundercomm.microsettings et al): null
12-09 10:36:57.417 1509 15980 E UserRestrictionsUtils: Unknown restriction queried by uid 1000 (com.thundercomm.microsettings et al): null
12-09 10:36:57.417 1509 15980 E UserRestrictionsUtils: Unknown restriction queried by uid 1000 (com.thundercomm.microsettings et al): null
12-09 10:36:57.417 1509 15980 E UserRestrictionsUtils: Unknown restriction queried by uid 1000 (com.thundercomm.microsettings et al): null
12-09 10:36:57.418 1509 15980 E UserRestrictionsUtils: Unknown restriction queried by uid 1000 (com.thundercomm.microsettings et al): null
12-09 10:36:57.811 1509 15980 E UserRestrictionsUtils: Unknown restriction queried by uid 1000 (com.thundercomm.microsettings et al): null
12-09 10:36:57.812 1509 15980 E UserRestrictionsUtils: Unknown restriction queried by uid 1000 (com.thundercomm.microsettings et al): null
12-09 10:36:58.131 1509 15980 E UserRestrictionsUtils: Unknown restriction queried by uid 1000 (com.thundercomm.microsettings et al): null
12-09 10:36:58.131 1509 15980 E UserRestrictionsUtils: Unknown restriction queried by uid 1000 (com.thundercomm.microsettings et al): null
12-09 10:36:58.498 1509 15980 E UserRestrictionsUtils: Unknown restriction queried by uid 1000 (com.thundercomm.microsettings et al): null
12-09 10:36:58.499 1509 15980 E UserRestrictionsUtils: Unknown restriction queried by uid 1000 (com.thundercomm.microsettings et al): null
12-09 10:36:58.887 1509 15980 E UserRestrictionsUtils: Unknown restriction queried by uid 1000 (com.thundercomm.microsettings et al): null
12-09 10:36:58.887 1509 15980 E UserRestrictionsUtils: Unknown restriction queried by uid 1000 (com.thundercomm.microsettings et al): null
12-09 10:36:58.888 1509 15980 E UserRestrictionsUtils: Unknown restriction queried by uid 1000 (com.thundercomm.microsettings et al): null
12-09 10:36:58.888 1509 15980 E UserRestrictionsUtils: Unknown restriction queried by uid 1000 (com.thundercomm.microsettings et al): null
12-09 10:36:58.889 1509 15980 E UserRestrictionsUtils: Unknown restriction queried by uid 1000 (com.thundercomm.microsettings et al): null
12-09 10:36:58.889 1509 15980 E UserRestrictionsUtils: Unknown restriction queried by uid 1000 (com.thundercomm.microsettings et al): null
12-09 10:36:58.891 1509 15980 E UserRestrictionsUtils: Unknown restriction queried by uid 1000 (com.thundercomm.microsettings et al): null
12-09 10:36:59.388 1509 6785 E UserRestrictionsUtils: Unknown restriction queried by uid 1000 (com.thundercomm.microsettings et al): null
12-09 10:36:59.389 1509 6785 E UserRestrictionsUtils: Unknown restriction queried by uid 1000 (com.thundercomm.microsettings et al): null
12-09 10:36:59.389 1509 6785 E UserRestrictionsUtils: Unknown restriction queried by uid 1000 (com.thundercomm.microsettings et al): null
12-09 10:36:59.390 1509 6785 E UserRestrictionsUtils: Unknown restriction queried by uid 1000 (com.thundercomm.microsettings et al): null
12-09 10:36:59.390 1509 6785 E UserRestrictionsUtils: Unknown restriction queried by uid 1000 (com.thundercomm.microsettings et al): null
12-09 10:36:59.391 1509 6785 E UserRestrictionsUtils: Unknown restriction queried by uid 1000 (com.thundercomm.microsettings et al): null
12-09 10:36:59.392 1509 6785 E UserRestrictionsUtils: Unknown restriction queried by uid 1000 (com.thundercomm.microsettings et al): null
12-09 10:36:59.699 1509 6785 E UserRestrictionsUtils: Unknown restriction queried by uid 1000 (com.thundercomm.microsettings et al): null
12-09 10:36:59.699 1509 6785 E UserRestrictionsUtils: Unknown restriction queried by uid 1000 (com.thundercomm.microsettings et al): null
12-09 10:37:00.032 1509 6785 E UserRestrictionsUtils: Unknown restriction queried by uid 1000 (com.thundercomm.microsettings et al): null
12-09 10:37:00.032 1509 6785 E UserRestrictionsUtils: Unknown restriction queried by uid 1000 (com.thundercomm.microsettings et al): null
12-09 10:37:00.453 1509 6785 E UserRestrictionsUtils: Unknown restriction queried by uid 1000 (com.thundercomm.microsettings et al): null
12-09 10:37:00.453 1509 6785 E UserRestrictionsUtils: Unknown restriction queried by uid 1000 (com.thundercomm.microsettings et al): null
12-09 10:37:00.454 1509 6785 E UserRestrictionsUtils: Unknown restriction queried by uid 1000 (com.thundercomm.microsettings et al): null
12-09 10:37:00.455 1509 6785 E UserRestrictionsUtils: Unknown restriction queried by uid 1000 (com.thundercomm.microsettings et al): null
12-09 10:37:00.455 1509 6785 E UserRestrictionsUtils: Unknown restriction queried by uid 1000 (com.thundercomm.microsettings et al): null
12-09 10:37:00.456 1509 6785 E UserRestrictionsUtils: Unknown restriction queried by uid 1000 (com.thundercomm.microsettings et al): null
12-09 10:37:00.456 1509 6785 E UserRestrictionsUtils: Unknown restriction queried by uid 1000 (com.thundercomm.microsettings et al): null
12-09 10:37:00.905 1509 6785 E UserRestrictionsUtils: Unknown restriction queried by uid 1000 (com.thundercomm.microsettings et al): null
12-09 10:37:00.906 1509 6785 E UserRestrictionsUtils: Unknown restriction queried by uid 1000 (com.thundercomm.microsettings et al): null
12-09 10:37:00.907 1509 6785 E UserRestrictionsUtils: Unknown restriction queried by uid 1000 (com.thundercomm.microsettings et al): null
12-09 10:37:00.907 1509 6785 E UserRestrictionsUtils: Unknown restriction queried by uid 1000 (com.thundercomm.microsettings et al): null
12-09 10:37:00.908 1509 6785 E UserRestrictionsUtils: Unknown restriction queried by uid 1000 (com.thundercomm.microsettings et al): null
12-09 10:37:00.908 1509 6785 E UserRestrictionsUtils: Unknown restriction queried by uid 1000 (com.thundercomm.microsettings et al): null
12-09 10:37:00.909 1509 6785 E UserRestrictionsUtils: Unknown restriction queried by uid 1000 (com.thundercomm.microsettings et al): null
12-09 10:37:01.833 1509 6785 E UserRestrictionsUtils: Unknown restriction queried by uid 1000 (com.thundercomm.microsettings et al): null
12-09 10:37:01.833 1509 6785 E UserRestrictionsUtils: Unknown restriction queried by uid 1000 (com.thundercomm.microsettings et al): null
12-09 10:37:01.834 1509 6785 E UserRestrictionsUtils: Unknown restriction queried by uid 1000 (com.thundercomm.microsettings et al): null
12-09 10:37:04.221 1509 1605 W BroadcastQueue: Permission Denial: broadcasting Intent { act=android.net.conn.CONNECTIVITY_CHANGE flg=0x4200010 (has extras) } from null (pid=-1, uid=-1) requires android.permission.CHANGE_NETWORK_STATE due to registered receiver BroadcastFilter{26404fe 1000/u0 ReceiverList{e10c8b9 16969 com.android.settings/1000/u0 remote:d09aa80}}
12-09 10:37:04.221 1509 1605 W BroadcastQueue: Permission Denial: broadcasting Intent { act=android.net.wifi.STATE_CHANGE flg=0x4000010 (has extras) } from null (pid=-1, uid=-1) requires android.permission.CHANGE_NETWORK_STATE due to registered receiver BroadcastFilter{26404fe 1000/u0 ReceiverList{e10c8b9 16969 com.android.settings/1000/u0 remote:d09aa80}}
12-09 10:37:04.221 1509 1605 W BroadcastQueue: Permission Denial: broadcasting Intent { act=android.net.conn.CONNECTIVITY_CHANGE flg=0x4200010 (has extras) } from null (pid=-1, uid=-1) requires android.permission.CHANGE_NETWORK_STATE due to registered receiver BroadcastFilter{b6c3775 1000/u0 ReceiverList{e9eeeac 16969 com.android.settings/1000/u0 remote:88fb45f}}
12-09 10:37:04.221 1509 1605 W BroadcastQueue: Permission Denial: broadcasting Intent { act=android.net.wifi.STATE_CHANGE flg=0x4000010 (has extras) } from null (pid=-1, uid=-1) requires android.permission.CHANGE_NETWORK_STATE due to registered receiver BroadcastFilter{b6c3775 1000/u0 ReceiverList{e9eeeac 16969 com.android.settings/1000/u0 remote:88fb45f}}
12-09 10:37:04.226 16969 16969 W FeatureConnector: [ImsConnector, 0] connect: not supported.
12-09 10:37:14.006 1509 1737 I GameModeConfig: isGameModeOn = false
12-09 10:37:14.006 1509 1737 I GameModeConfig: isGameModeOn = false
12-09 10:37:14.006 1509 1737 I GameModeConfig: isGameModeOn = false
12-09 10:37:14.006 1509 1737 I GameModeConfig: isGameModeOn = false
12-09 10:37:14.040 1509 1737 I GameModeConfig: isGameModeOn = false
12-09 10:37:14.041 1509 1737 I GameModeConfig: isGameModeOn = false
12-09 10:37:14.041 1509 1737 I GameModeConfig: isGameModeOn = false
12-09 10:37:14.041 1509 1737 I GameModeConfig: isGameModeOn = false
12-09 10:37:14.061 1509 1737 I GameModeConfig: isGameModeOn = false
12-09 10:37:14.061 1509 1737 I GameModeConfig: isGameModeOn = false
12-09 10:37:14.061 1509 1737 I GameModeConfig: isGameModeOn = false
12-09 10:37:14.062 1509 1737 I GameModeConfig: isGameModeOn = false
12-09 10:37:14.078 1509 1737 I GameModeConfig: isGameModeOn = false
12-09 10:37:14.079 1509 1737 I GameModeConfig: isGameModeOn = false
12-09 10:37:14.079 1509 1737 I GameModeConfig: isGameModeOn = false
12-09 10:37:14.079 1509 1737 I GameModeConfig: isGameModeOn = false
12-09 10:37:14.091 1509 1737 I GameModeConfig: isGameModeOn = false
12-09 10:37:14.092 1509 1737 I GameModeConfig: isGameModeOn = false
12-09 10:37:14.092 1509 1737 I GameModeConfig: isGameModeOn = false
12-09 10:37:14.093 1509 1737 I GameModeConfig: isGameModeOn = false
12-09 10:37:14.106 1509 1737 I GameModeConfig: isGameModeOn = false
12-09 10:37:14.107 1509 1737 I GameModeConfig: isGameModeOn = false
12-09 10:37:14.107 1509 1737 I GameModeConfig: isGameModeOn = false
12-09 10:37:14.107 1509 1737 I GameModeConfig: isGameModeOn = false
12-09 10:37:14.122 1509 1737 I GameModeConfig: isGameModeOn = false
12-09 10:37:14.123 1509 1737 I GameModeConfig: isGameModeOn = false
12-09 10:37:14.123 1509 1737 I GameModeConfig: isGameModeOn = false
12-09 10:37:14.123 1509 1737 I GameModeConfig: isGameModeOn = false
12-09 10:37:14.140 1509 1737 I GameModeConfig: isGameModeOn = false
