12-09 10:37:59.157 1962 1962 I sysui_multi_action: [757,491,758,1,759,491,927,4,928,0,1311,-1,1593,0]
12-09 10:37:59.157 1962 1962 I sysui_multi_action: [757,0,758,1,759,0,927,5,928,0,1593,0]
12-09 10:37:59.157 1962 1962 I sysui_multi_action: [757,120,758,1,759,120,927,6,928,1,1593,0]
12-09 10:37:59.157 1962 1962 I sysui_multi_action: [757,111,758,1]
12-09 10:37:59.157 1962 1962 I sysui_multi_action: [757,126,758,1,759,126,927,0,928,0,1593,1]
12-09 10:37:59.157 1962 1962 I sysui_multi_action: [757,113,758,1,759,113,927,1,928,1,1593,1]
12-09 10:37:59.157 1962 1962 I sysui_multi_action: [757,0,758,1,759,0,927,2,928,0,1593,1]
12-09 10:37:59.158 1962 1962 I sysui_multi_action: [757,0,758,1,759,0,927,3,928,0,1593,1]
12-09 10:37:59.169 1509 1737 I GameModeConfig: isGameModeOn = false
12-09 10:37:59.169 1509 1737 I GameModeConfig: isGameModeOn = false
12-09 10:37:59.170 1509 1737 I GameModeConfig: isGameModeOn = false
12-09 10:37:59.170 1509 1737 I GameModeConfig: isGameModeOn = false
12-09 10:37:59.171 1962 1962 I sysui_multi_action: [757,111,758,2]
12-09 10:37:59.171 1962 1962 I sysui_multi_action: [757,111,758,2]
12-09 10:37:59.171 1509 1509 I notification_enqueue: [10082,1962,com.android.systemui,2048,NULL,0,Notification(channel=updateNotification shortcut=null contentView=null vibrate=null sound=null defaults=0x0 flags=0x0 color=0x00000000 vis=PRIVATE),1]
12-09 10:37:59.174 1962 1962 I sysui_multi_action: [757,111,758,1]
12-09 10:37:59.174 1962 1962 I sysui_multi_action: [757,126,758,1,759,126,927,0,928,0,1593,1]
12-09 10:37:59.174 1962 1962 I sysui_multi_action: [757,113,758,1,759,113,927,1,928,1,1593,1]
12-09 10:37:59.174 1962 1962 I sysui_multi_action: [757,0,758,1,759,0,927,2,928,0,1593,1]
12-09 10:37:59.174 1962 1962 I sysui_multi_action: [757,0,758,1,759,0,927,3,928,0,1593,1]
12-09 10:37:59.175 1962 1962 I sysui_multi_action: [757,491,758,1,759,491,927,4,928,0,1311,-1,1593,0]
12-09 10:37:59.175 1962 1962 I sysui_multi_action: [757,0,758,1,759,0,927,5,928,0,1593,0]
12-09 10:37:59.175 1962 1962 I sysui_multi_action: [757,120,758,1,759,120,927,6,928,1,1593,0]
12-09 10:37:59.175 1962 1962 I sysui_multi_action: [757,111,758,1]
12-09 10:37:59.175 1962 1962 I sysui_multi_action: [757,126,758,1,759,126,927,0,928,0,1593,1]
12-09 10:37:59.175 1962 1962 I sysui_multi_action: [757,113,758,1,759,113,927,1,928,1,1593,1]
12-09 10:37:59.175 1962 1962 I sysui_multi_action: [757,0,758,1,759,0,927,2,928,0,1593,1]
12-09 10:37:59.175 1962 1962 I sysui_multi_action: [757,0,758,1,759,0,927,3,928,0,1593,1]
12-09 10:37:59.189 1509 1737 I GameModeConfig: isGameModeOn = false
12-09 10:37:59.189 1509 1737 I GameModeConfig: isGameModeOn = false
12-09 10:37:59.189 1509 1737 I GameModeConfig: isGameModeOn = false
12-09 10:37:59.189 1509 1737 I GameModeConfig: isGameModeOn = false
12-09 10:37:59.190 1962 1962 I sysui_multi_action: [757,111,758,2]
12-09 10:37:59.190 1962 1962 I sysui_multi_action: [757,111,758,2]
12-09 10:37:59.190 1509 1509 I notification_enqueue: [10082,1962,com.android.systemui,2048,NULL,0,Notification(channel=updateNotification shortcut=null contentView=null vibrate=null sound=null defaults=0x0 flags=0x0 color=0x00000000 vis=PRIVATE),1]
12-09 10:37:59.194 1962 1962 I sysui_multi_action: [757,111,758,1]
12-09 10:37:59.194 1962 1962 I sysui_multi_action: [757,126,758,1,759,126,927,0,928,0,1593,1]
12-09 10:37:59.194 1962 1962 I sysui_multi_action: [757,113,758,1,759,113,927,1,928,1,1593,1]
12-09 10:37:59.194 1962 1962 I sysui_multi_action: [757,0,758,1,759,0,927,2,928,0,1593,1]
12-09 10:37:59.194 1962 1962 I sysui_multi_action: [757,0,758,1,759,0,927,3,928,0,1593,1]
12-09 10:37:59.194 1962 1962 I sysui_multi_action: [757,491,758,1,759,491,927,4,928,0,1311,-1,1593,0]
12-09 10:37:59.194 1962 1962 I sysui_multi_action: [757,0,758,1,759,0,927,5,928,0,1593,0]
12-09 10:37:59.194 1962 1962 I sysui_multi_action: [757,120,758,1,759,120,927,6,928,1,1593,0]
12-09 10:37:59.195 1962 1962 I sysui_multi_action: [757,111,758,1]
12-09 10:37:59.195 1962 1962 I sysui_multi_action: [757,126,758,1,759,126,927,0,928,0,1593,1]
12-09 10:37:59.195 1962 1962 I sysui_multi_action: [757,113,758,1,759,113,927,1,928,1,1593,1]
12-09 10:37:59.195 1962 1962 I sysui_multi_action: [757,0,758,1,759,0,927,2,928,0,1593,1]
12-09 10:37:59.195 1962 1962 I sysui_multi_action: [757,0,758,1,759,0,927,3,928,0,1593,1]
12-09 10:37:59.207 1509 1737 I GameModeConfig: isGameModeOn = false
12-09 10:37:59.207 1509 1737 I GameModeConfig: isGameModeOn = false
12-09 10:37:59.208 1509 1737 I GameModeConfig: isGameModeOn = false
12-09 10:37:59.208 1509 1737 I GameModeConfig: isGameModeOn = false
12-09 10:37:59.209 1962 1962 I sysui_multi_action: [757,111,758,2]
12-09 10:37:59.209 1962 1962 I sysui_multi_action: [757,111,758,2]
12-09 10:37:59.209 1509 1509 I notification_enqueue: [10082,1962,com.android.systemui,2048,NULL,0,Notification(channel=updateNotification shortcut=null contentView=null vibrate=null sound=null defaults=0x0 flags=0x0 color=0x00000000 vis=PRIVATE),1]
12-09 10:37:59.212 1962 1962 I sysui_multi_action: [757,111,758,1]
12-09 10:37:59.212 1962 1962 I sysui_multi_action: [757,126,758,1,759,126,927,0,928,0,1593,1]
12-09 10:37:59.212 1962 1962 I sysui_multi_action: [757,113,758,1,759,113,927,1,928,1,1593,1]
12-09 10:37:59.212 1962 1962 I sysui_multi_action: [757,0,758,1,759,0,927,2,928,0,1593,1]
12-09 10:37:59.212 1962 1962 I sysui_multi_action: [757,0,758,1,759,0,927,3,928,0,1593,1]
12-09 10:37:59.212 1962 1962 I sysui_multi_action: [757,491,758,1,759,491,927,4,928,0,1311,-1,1593,0]
12-09 10:37:59.213 1962 1962 I sysui_multi_action: [757,0,758,1,759,0,927,5,928,0,1593,0]
12-09 10:37:59.213 1962 1962 I sysui_multi_action: [757,120,758,1,759,120,927,6,928,1,1593,0]
12-09 10:37:59.213 1962 1962 I sysui_multi_action: [757,111,758,1]
12-09 10:37:59.213 1962 1962 I sysui_multi_action: [757,126,758,1,759,126,927,0,928,0,1593,1]
12-09 10:37:59.213 1962 1962 I sysui_multi_action: [757,113,758,1,759,113,927,1,928,1,1593,1]
12-09 10:37:59.213 1962 1962 I sysui_multi_action: [757,0,758,1,759,0,927,2,928,0,1593,1]
12-09 10:37:59.213 1962 1962 I sysui_multi_action: [757,0,758,1,759,0,927,3,928,0,1593,1]
12-09 10:37:59.268 1509 1509 I GameModeConfig: isGameModeOn = false
12-09 10:37:59.295 1509 1509 I GameModeConfig: isGameModeOn = false
12-09 10:37:59.296 1509 1509 E NotificationService: Muting recently noisy 0|com.android.systemui|2048|null|10082
12-09 10:37:59.322 1509 1509 I GameModeConfig: isGameModeOn = false
12-09 10:37:59.322 1509 1509 E NotificationService: Muting recently noisy 0|com.android.systemui|2048|null|10082
12-09 10:37:59.341 1509 1509 I GameModeConfig: isGameModeOn = false
12-09 10:37:59.342 1509 1509 E NotificationService: Muting recently noisy 0|com.android.systemui|2048|null|10082
12-09 10:37:59.355 1509 1509 I GameModeConfig: isGameModeOn = false
12-09 10:37:59.355 1509 1509 E NotificationService: Muting recently noisy 0|com.android.systemui|2048|null|10082
12-09 10:37:59.373 1509 1509 I GameModeConfig: isGameModeOn = false
12-09 10:37:59.373 1509 1509 E NotificationService: Muting recently noisy 0|com.android.systemui|2048|null|10082
12-09 10:37:59.392 1509 1509 I GameModeConfig: isGameModeOn = false
12-09 10:37:59.392 1509 1509 E NotificationService: Muting recently noisy 0|com.android.systemui|2048|null|10082
12-09 10:37:59.412 1509 1509 I GameModeConfig: isGameModeOn = false
12-09 10:37:59.412 1509 1509 E NotificationService: Muting recently noisy 0|com.android.systemui|2048|null|10082
12-09 10:37:59.602 1509 7695 I sysui_multi_action: [757,128,758,1,793,5438162,794,0,795,5438162,796,26,798,0,806,android,857,DEVELOPER_IMPORTANT,858,4,947,0,1395,2,1500,5437950,1688,1]
12-09 10:37:59.602 1509 7695 I sysui_multi_action: [757,804,799,note_freshness,801,5438162,802,1]
12-09 10:37:59.602 1509 7695 I notification_visibility: [-1|android|26|null|1000,1,5438162,5438162,0,0]
12-09 10:37:59.602 1509 7695 I sysui_multi_action: [757,128,758,1,793,19078128,794,0,795,19078128,796,32,798,1,806,android,857,USB,858,1,947,0,1395,2,1500,19077886,1688,1]
12-09 10:37:59.602 1509 7695 I sysui_multi_action: [757,804,799,note_freshness,801,19078128,802,1]
12-09 10:37:59.602 1509 7695 I notification_visibility: [-1|android|32|null|1000,1,19078128,19078128,0,1]
12-09 10:38:00.203 0 0 I auditd : type=1400 audit(0.0:20099): avc: denied { kill } for comm="swapper/1" capability=5 scontext=u:r:kernel:s0 tcontext=u:r:kernel:s0 tclass=capability permissive=0
12-09 10:38:00.776 1509 1680 I input_interaction: Interaction with: 990558b NotificationShade (server), edge-swipe (server), swipe-up (server), PointerEventDispatcher0 (server),
12-09 10:38:01.100 1509 1737 I GameModeConfig: isGameModeOn = false
12-09 10:38:01.101 1509 1737 I GameModeConfig: isGameModeOn = false
12-09 10:38:01.101 1509 1737 I GameModeConfig: isGameModeOn = false
12-09 10:38:01.101 1509 1737 I GameModeConfig: isGameModeOn = false
12-09 10:38:01.102 1962 1962 I sysui_multi_action: [757,111,758,2]
12-09 10:38:01.102 1962 1962 I sysui_multi_action: [757,111,758,2]
12-09 10:38:01.103 1509 1509 I notification_enqueue: [10082,1962,com.android.systemui,2048,NULL,0,Notification(channel=updateNotification shortcut=null contentView=null vibrate=null sound=null defaults=0x0 flags=0x0 color=0x00000000 vis=PRIVATE),1]
12-09 10:38:01.116 1962 1962 I sysui_multi_action: [757,111,758,1]
12-09 10:38:01.116 1962 1962 I sysui_multi_action: [757,126,758,1,759,126,927,0,928,0,1593,1]
12-09 10:38:01.116 1962 1962 I sysui_multi_action: [757,113,758,1,759,113,927,1,928,1,1593,1]
12-09 10:38:01.116 1962 1962 I sysui_multi_action: [757,0,758,1,759,0,927,2,928,0,1593,1]
12-09 10:38:01.116 1962 1962 I sysui_multi_action: [757,0,758,1,759,0,927,3,928,0,1593,1]
12-09 10:38:01.117 1962 1962 I sysui_multi_action: [757,491,758,1,759,491,927,4,928,0,1311,-1,1593,0]
12-09 10:38:01.117 1962 1962 I sysui_multi_action: [757,0,758,1,759,0,927,5,928,0,1593,0]
12-09 10:38:01.117 1962 1962 I sysui_multi_action: [757,120,758,1,759,120,927,6,928,1,1593,0]
12-09 10:38:01.117 1962 1962 I sysui_multi_action: [757,111,758,1]
12-09 10:38:01.118 1962 1962 I sysui_multi_action: [757,126,758,1,759,126,927,0,928,0,1593,1]
12-09 10:38:01.118 1962 1962 I sysui_multi_action: [757,113,758,1,759,113,927,1,928,1,1593,1]
12-09 10:38:01.118 1962 1962 I sysui_multi_action: [757,0,758,1,759,0,927,2,928,0,1593,1]
12-09 10:38:01.118 1962 1962 I sysui_multi_action: [757,0,758,1,759,0,927,3,928,0,1593,1]
12-09 10:38:01.131 1509 1737 I GameModeConfig: isGameModeOn = false
12-09 10:38:01.131 1509 1737 I GameModeConfig: isGameModeOn = false
12-09 10:38:01.131 1509 1737 I GameModeConfig: isGameModeOn = false
12-09 10:38:01.131 1509 1737 I GameModeConfig: isGameModeOn = false
12-09 10:38:01.133 1509 1509 I notification_enqueue: [10082,1962,com.android.systemui,2048,NULL,0,Notification(channel=updateNotification shortcut=null contentView=null vibrate=null sound=null defaults=0x0 flags=0x0 color=0x00000000 vis=PRIVATE),1]
12-09 10:38:01.134 1962 1962 I sysui_multi_action: [757,111,758,2]
12-09 10:38:01.134 1962 1962 I sysui_multi_action: [757,111,758,2]
12-09 10:38:01.140 1962 1962 I sysui_multi_action: [757,111,758,1]
12-09 10:38:01.140 1962 1962 I sysui_multi_action: [757,126,758,1,759,126,927,0,928,0,1593,1]
12-09 10:38:01.141 1962 1962 I sysui_multi_action: [757,113,758,1,759,113,927,1,928,1,1593,1]
12-09 10:38:01.141 1962 1962 I sysui_multi_action: [757,0,758,1,759,0,927,2,928,0,1593,1]
12-09 10:38:01.141 1962 1962 I sysui_multi_action: [757,0,758,1,759,0,927,3,928,0,1593,1]
12-09 10:38:01.141 1962 1962 I sysui_multi_action: [757,491,758,1,759,491,927,4,928,0,1311,-1,1593,0]
12-09 10:38:01.141 1962 1962 I sysui_multi_action: [757,0,758,1,759,0,927,5,928,0,1593,0]
12-09 10:38:01.141 1962 1962 I sysui_multi_action: [757,120,758,1,759,120,927,6,928,1,1593,0]
12-09 10:38:01.141 1962 1962 I sysui_multi_action: [757,111,758,1]
12-09 10:38:01.142 1962 1962 I sysui_multi_action: [757,126,758,1,759,126,927,0,928,0,1593,1]
12-09 10:38:01.142 1962 1962 I sysui_multi_action: [757,113,758,1,759,113,927,1,928,1,1593,1]
12-09 10:38:01.142 1962 1962 I sysui_multi_action: [757,0,758,1,759,0,927,2,928,0,1593,1]
12-09 10:38:01.142 1962 1962 I sysui_multi_action: [757,0,758,1,759,0,927,3,928,0,1593,1]
12-09 10:38:01.152 1509 1737 I GameModeConfig: isGameModeOn = false
12-09 10:38:01.152 1509 1737 I GameModeConfig: isGameModeOn = false
12-09 10:38:01.153 1509 1737 I GameModeConfig: isGameModeOn = false
12-09 10:38:01.153 1509 1737 I GameModeConfig: isGameModeOn = false
12-09 10:38:01.154 1962 1962 I sysui_multi_action: [757,111,758,2]
12-09 10:38:01.154 1962 1962 I sysui_multi_action: [757,111,758,2]
12-09 10:38:01.154 1509 1509 I notification_enqueue: [10082,1962,com.android.systemui,2048,NULL,0,Notification(channel=updateNotification shortcut=null contentView=null vibrate=null sound=null defaults=0x0 flags=0x0 color=0x00000000 vis=PRIVATE),1]
12-09 10:38:01.158 1962 1962 I sysui_multi_action: [757,111,758,1]
12-09 10:38:01.158 1962 1962 I sysui_multi_action: [757,126,758,1,759,126,927,0,928,0,1593,1]
12-09 10:38:01.158 1962 1962 I sysui_multi_action: [757,113,758,1,759,113,927,1,928,1,1593,1]
12-09 10:38:01.158 1962 1962 I sysui_multi_action: [757,0,758,1,759,0,927,2,928,0,1593,1]
12-09 10:38:01.158 1962 1962 I sysui_multi_action: [757,0,758,1,759,0,927,3,928,0,1593,1]
12-09 10:38:01.159 1962 1962 I sysui_multi_action: [757,491,758,1,759,491,927,4,928,0,1311,-1,1593,0]
12-09 10:38:01.159 1962 1962 I sysui_multi_action: [757,0,758,1,759,0,927,5,928,0,1593,0]
12-09 10:38:01.159 1962 1962 I sysui_multi_action: [757,120,758,1,759,120,927,6,928,1,1593,0]
12-09 10:38:01.159 1962 1962 I sysui_multi_action: [757,111,758,1]
12-09 10:38:01.159 1962 1962 I sysui_multi_action: [757,126,758,1,759,126,927,0,928,0,1593,1]
12-09 10:38:01.159 1962 1962 I sysui_multi_action: [757,113,758,1,759,113,927,1,928,1,1593,1]
12-09 10:38:01.159 1962 1962 I sysui_multi_action: [757,0,758,1,759,0,927,2,928,0,1593,1]
12-09 10:38:01.159 1962 1962 I sysui_multi_action: [757,0,758,1,759,0,927,3,928,0,1593,1]
12-09 10:38:01.169 1509 1737 I GameModeConfig: isGameModeOn = false
12-09 10:38:01.169 1509 1737 I GameModeConfig: isGameModeOn = false
12-09 10:38:01.169 1509 1737 I GameModeConfig: isGameModeOn = false
12-09 10:38:01.170 1509 1737 I GameModeConfig: isGameModeOn = false
12-09 10:38:01.170 1962 1962 I sysui_multi_action: [757,111,758,2]
12-09 10:38:01.170 1509 1509 I notification_enqueue: [10082,1962,com.android.systemui,2048,NULL,0,Notification(channel=updateNotification shortcut=null contentView=null vibrate=null sound=null defaults=0x0 flags=0x0 color=0x00000000 vis=PRIVATE),1]
12-09 10:38:01.171 1962 1962 I sysui_multi_action: [757,111,758,2]
12-09 10:38:01.174 1962 1962 I sysui_multi_action: [757,111,758,1]
12-09 10:38:01.174 1962 1962 I sysui_multi_action: [757,126,758,1,759,126,927,0,928,0,1593,1]
12-09 10:38:01.174 1962 1962 I sysui_multi_action: [757,113,758,1,759,113,927,1,928,1,1593,1]
12-09 10:38:01.174 1962 1962 I sysui_multi_action: [757,0,758,1,759,0,927,2,928,0,1593,1]
12-09 10:38:01.174 1962 1962 I sysui_multi_action: [757,0,758,1,759,0,927,3,928,0,1593,1]
12-09 10:38:01.174 1962 1962 I sysui_multi_action: [757,491,758,1,759,491,927,4,928,0,1311,-1,1593,0]
12-09 10:38:01.174 1962 1962 I sysui_multi_action: [757,0,758,1,759,0,927,5,928,0,1593,0]
12-09 10:38:01.174 1962 1962 I sysui_multi_action: [757,120,758,1,759,120,927,6,928,1,1593,0]
12-09 10:38:01.174 1962 1962 I sysui_multi_action: [757,111,758,1]
12-09 10:38:01.174 1962 1962 I sysui_multi_action: [757,126,758,1,759,126,927,0,928,0,1593,1]
12-09 10:38:01.174 1962 1962 I sysui_multi_action: [757,113,758,1,759,113,927,1,928,1,1593,1]
12-09 10:38:01.174 1962 1962 I sysui_multi_action: [757,0,758,1,759,0,927,2,928,0,1593,1]
12-09 10:38:01.174 1962 1962 I sysui_multi_action: [757,0,758,1,759,0,927,3,928,0,1593,1]
12-09 10:38:01.183 1509 1737 I GameModeConfig: isGameModeOn = false
12-09 10:38:01.184 1509 1737 I GameModeConfig: isGameModeOn = false
12-09 10:38:01.184 1509 1737 I GameModeConfig: isGameModeOn = false
12-09 10:38:01.184 1509 1737 I GameModeConfig: isGameModeOn = false
12-09 10:38:01.185 1962 1962 I sysui_multi_action: [757,111,758,2]
12-09 10:38:01.185 1509 1509 I notification_enqueue: [10082,1962,com.android.systemui,2048,NULL,0,Notification(channel=updateNotification shortcut=null contentView=null vibrate=null sound=null defaults=0x0 flags=0x0 color=0x00000000 vis=PRIVATE),1]
12-09 10:38:01.185 1962 1962 I sysui_multi_action: [757,111,758,2]
12-09 10:38:01.188 1962 1962 I sysui_multi_action: [757,111,758,1]
12-09 10:38:01.188 1962 1962 I sysui_multi_action: [757,126,758,1,759,126,927,0,928,0,1593,1]
12-09 10:38:01.188 1962 1962 I sysui_multi_action: [757,113,758,1,759,113,927,1,928,1,1593,1]
12-09 10:38:01.188 1962 1962 I sysui_multi_action: [757,0,758,1,759,0,927,2,928,0,1593,1]
12-09 10:38:01.188 1962 1962 I sysui_multi_action: [757,0,758,1,759,0,927,3,928,0,1593,1]
12-09 10:38:01.188 1962 1962 I sysui_multi_action: [757,491,758,1,759,491,927,4,928,0,1311,-1,1593,0]
12-09 10:38:01.188 1962 1962 I sysui_multi_action: [757,0,758,1,759,0,927,5,928,0,1593,0]
12-09 10:38:01.188 1962 1962 I sysui_multi_action: [757,120,758,1,759,120,927,6,928,1,1593,0]
12-09 10:38:01.188 1962 1962 I sysui_multi_action: [757,111,758,1]
12-09 10:38:01.189 1962 1962 I sysui_multi_action: [757,126,758,1,759,126,927,0,928,0,1593,1]
12-09 10:38:01.189 1962 1962 I sysui_multi_action: [757,113,758,1,759,113,927,1,928,1,1593,1]
12-09 10:38:01.189 1962 1962 I sysui_multi_action: [757,0,758,1,759,0,927,2,928,0,1593,1]
12-09 10:38:01.189 1962 1962 I sysui_multi_action: [757,0,758,1,759,0,927,3,928,0,1593,1]
12-09 10:38:01.200 1509 1737 I GameModeConfig: isGameModeOn = false
12-09 10:38:01.200 1509 1737 I GameModeConfig: isGameModeOn = false
12-09 10:38:01.200 1509 1737 I GameModeConfig: isGameModeOn = false
12-09 10:38:01.200 1509 1737 I GameModeConfig: isGameModeOn = false
12-09 10:38:01.201 1962 1962 I sysui_multi_action: [757,111,758,2]
12-09 10:38:01.201 1962 1962 I sysui_multi_action: [757,111,758,2]
12-09 10:38:01.201 1509 1509 I notification_enqueue: [10082,1962,com.android.systemui,2048,NULL,0,Notification(channel=updateNotification shortcut=null contentView=null vibrate=null sound=null defaults=0x0 flags=0x0 color=0x00000000 vis=PRIVATE),1]
12-09 10:38:01.204 1962 1962 I sysui_multi_action: [757,111,758,1]
12-09 10:38:01.204 1962 1962 I sysui_multi_action: [757,126,758,1,759,126,927,0,928,0,1593,1]
12-09 10:38:01.204 1962 1962 I sysui_multi_action: [757,113,758,1,759,113,927,1,928,1,1593,1]
12-09 10:38:01.204 1962 1962 I sysui_multi_action: [757,0,758,1,759,0,927,2,928,0,1593,1]
12-09 10:38:01.204 1962 1962 I sysui_multi_action: [757,0,758,1,759,0,927,3,928,0,1593,1]
12-09 10:38:01.204 1962 1962 I sysui_multi_action: [757,491,758,1,759,491,927,4,928,0,1311,-1,1593,0]
12-09 10:38:01.204 1962 1962 I sysui_multi_action: [757,0,758,1,759,0,927,5,928,0,1593,0]
12-09 10:38:01.204 1962 1962 I sysui_multi_action: [757,120,758,1,759,120,927,6,928,1,1593,0]
12-09 10:38:01.204 1962 1962 I sysui_multi_action: [757,111,758,1]
12-09 10:38:01.204 1962 1962 I sysui_multi_action: [757,126,758,1,759,126,927,0,928,0,1593,1]
12-09 10:38:01.204 1962 1962 I sysui_multi_action: [757,113,758,1,759,113,927,1,928,1,1593,1]
12-09 10:38:01.204 1962 1962 I sysui_multi_action: [757,0,758,1,759,0,927,2,928,0,1593,1]
12-09 10:38:01.204 1962 1962 I sysui_multi_action: [757,0,758,1,759,0,927,3,928,0,1593,1]
12-09 10:38:01.203 0 0 I auditd : type=1400 audit(0.0:20100): avc: denied { kill } for comm="swapper/1" capability=5 scontext=u:r:kernel:s0 tcontext=u:r:kernel:s0 tclass=capability permissive=0
12-09 10:38:01.216 1509 1737 I GameModeConfig: isGameModeOn = false
12-09 10:38:01.217 1509 1737 I GameModeConfig: isGameModeOn = false
12-09 10:38:01.217 1509 1737 I GameModeConfig: isGameModeOn = false
12-09 10:38:01.217 1509 1737 I GameModeConfig: isGameModeOn = false
12-09 10:38:01.218 1962 1962 I sysui_multi_action: [757,111,758,2]
12-09 10:38:01.218 1509 1509 I notification_enqueue: [10082,1962,com.android.systemui,2048,NULL,0,Notification(channel=updateNotification shortcut=null contentView=null vibrate=null sound=null defaults=0x0 flags=0x0 color=0x00000000 vis=PRIVATE),1]
12-09 10:38:01.218 1962 1962 I sysui_multi_action: [757,111,758,2]
12-09 10:38:01.221 1962 1962 I sysui_multi_action: [757,111,758,1]
12-09 10:38:01.221 1962 1962 I sysui_multi_action: [757,126,758,1,759,126,927,0,928,0,1593,1]
12-09 10:38:01.221 1962 1962 I sysui_multi_action: [757,113,758,1,759,113,927,1,928,1,1593,1]
12-09 10:38:01.221 1962 1962 I sysui_multi_action: [757,0,758,1,759,0,927,2,928,0,1593,1]
12-09 10:38:01.222 1962 1962 I sysui_multi_action: [757,0,758,1,759,0,927,3,928,0,1593,1]
12-09 10:38:01.222 1962 1962 I sysui_multi_action: [757,491,758,1,759,491,927,4,928,0,1311,-1,1593,0]
12-09 10:38:01.222 1962 1962 I sysui_multi_action: [757,0,758,1,759,0,927,5,928,0,1593,0]
12-09 10:38:01.222 1962 1962 I sysui_multi_action: [757,120,758,1,759,120,927,6,928,1,1593,0]
12-09 10:38:01.222 1962 1962 I sysui_multi_action: [757,111,758,1]
12-09 10:38:01.222 1962 1962 I sysui_multi_action: [757,126,758,1,759,126,927,0,928,0,1593,1]
12-09 10:38:01.222 1962 1962 I sysui_multi_action: [757,113,758,1,759,113,927,1,928,1,1593,1]
12-09 10:38:01.222 1962 1962 I sysui_multi_action: [757,0,758,1,759,0,927,2,928,0,1593,1]
12-09 10:38:01.222 1962 1962 I sysui_multi_action: [757,0,758,1,759,0,927,3,928,0,1593,1]
12-09 10:38:01.233 1509 1737 I GameModeConfig: isGameModeOn = false
12-09 10:38:01.234 1509 1737 I GameModeConfig: isGameModeOn = false
12-09 10:38:01.234 1509 1737 I GameModeConfig: isGameModeOn = false
12-09 10:38:01.234 1509 1737 I GameModeConfig: isGameModeOn = false
12-09 10:38:01.234 1962 1962 I sysui_multi_action: [757,111,758,2]
12-09 10:38:01.235 1509 1509 I notification_enqueue: [10082,1962,com.android.systemui,2048,NULL,0,Notification(channel=updateNotification shortcut=null contentView=null vibrate=null sound=null defaults=0x0 flags=0x0 color=0x00000000 vis=PRIVATE),1]
12-09 10:38:01.235 1962 1962 I sysui_multi_action: [757,111,758,2]
12-09 10:38:01.238 1962 1962 I sysui_multi_action: [757,111,758,1]
12-09 10:38:01.238 1962 1962 I sysui_multi_action: [757,126,758,1,759,126,927,0,928,0,1593,1]
12-09 10:38:01.238 1962 1962 I sysui_multi_action: [757,113,758,1,759,113,927,1,928,1,1593,1]
12-09 10:38:01.238 1962 1962 I sysui_multi_action: [757,0,758,1,759,0,927,2,928,0,1593,1]
12-09 10:38:01.238 1962 1962 I sysui_multi_action: [757,0,758,1,759,0,927,3,928,0,1593,1]
12-09 10:38:01.238 1962 1962 I sysui_multi_action: [757,491,758,1,759,491,927,4,928,0,1311,-1,1593,0]
12-09 10:38:01.238 1962 1962 I sysui_multi_action: [757,0,758,1,759,0,927,5,928,0,1593,0]
12-09 10:38:01.238 1962 1962 I sysui_multi_action: [757,120,758,1,759,120,927,6,928,1,1593,0]
12-09 10:38:01.238 1962 1962 I sysui_multi_action: [757,111,758,1]
12-09 10:38:01.238 1962 1962 I sysui_multi_action: [757,126,758,1,759,126,927,0,928,0,1593,1]
12-09 10:38:01.239 1962 1962 I sysui_multi_action: [757,113,758,1,759,113,927,1,928,1,1593,1]
12-09 10:38:01.239 1962 1962 I sysui_multi_action: [757,0,758,1,759,0,927,2,928,0,1593,1]
12-09 10:38:01.239 1962 1962 I sysui_multi_action: [757,0,758,1,759,0,927,3,928,0,1593,1]
12-09 10:38:01.250 1509 1737 I GameModeConfig: isGameModeOn = false
12-09 10:38:01.250 1509 1737 I GameModeConfig: isGameModeOn = false
12-09 10:38:01.250 1509 1737 I GameModeConfig: isGameModeOn = false
12-09 10:38:01.250 1509 1737 I GameModeConfig: isGameModeOn = false
12-09 10:38:01.251 1962 1962 I sysui_multi_action: [757,111,758,2]
12-09 10:38:01.251 1962 1962 I sysui_multi_action: [757,111,758,2]
12-09 10:38:01.251 1509 1509 I notification_enqueue: [10082,1962,com.android.systemui,2048,NULL,0,Notification(channel=updateNotification shortcut=null contentView=null vibrate=null sound=null defaults=0x0 flags=0x0 color=0x00000000 vis=PRIVATE),1]
12-09 10:38:01.254 1962 1962 I sysui_multi_action: [757,111,758,1]
12-09 10:38:01.254 1962 1962 I sysui_multi_action: [757,126,758,1,759,126,927,0,928,0,1593,1]
12-09 10:38:01.255 1962 1962 I sysui_multi_action: [757,113,758,1,759,113,927,1,928,1,1593,1]
12-09 10:38:01.255 1962 1962 I sysui_multi_action: [757,0,758,1,759,0,927,2,928,0,1593,1]
12-09 10:38:01.255 1962 1962 I sysui_multi_action: [757,0,758,1,759,0,927,3,928,0,1593,1]
12-09 10:38:01.255 1962 1962 I sysui_multi_action: [757,491,758,1,759,491,927,4,928,0,1311,-1,1593,0]
12-09 10:38:01.255 1962 1962 I sysui_multi_action: [757,0,758,1,759,0,927,5,928,0,1593,0]
12-09 10:38:01.255 1962 1962 I sysui_multi_action: [757,120,758,1,759,120,927,6,928,1,1593,0]
12-09 10:38:01.255 1962 1962 I sysui_multi_action: [757,111,758,1]
12-09 10:38:01.255 1962 1962 I sysui_multi_action: [757,126,758,1,759,126,927,0,928,0,1593,1]
12-09 10:38:01.255 1962 1962 I sysui_multi_action: [757,113,758,1,759,113,927,1,928,1,1593,1]
12-09 10:38:01.255 1962 1962 I sysui_multi_action: [757,0,758,1,759,0,927,2,928,0,1593,1]
12-09 10:38:01.255 1962 1962 I sysui_multi_action: [757,0,758,1,759,0,927,3,928,0,1593,1]
12-09 10:38:01.267 1509 1737 I GameModeConfig: isGameModeOn = false
12-09 10:38:01.267 1509 1737 I GameModeConfig: isGameModeOn = false
12-09 10:38:01.267 1509 1737 I GameModeConfig: isGameModeOn = false
12-09 10:38:01.267 1509 1737 I GameModeConfig: isGameModeOn = false
12-09 10:38:01.268 1962 1962 I sysui_multi_action: [757,111,758,2]
12-09 10:38:01.268 1962 1962 I sysui_multi_action: [757,111,758,2]
12-09 10:38:01.268 1509 1509 I notification_enqueue: [10082,1962,com.android.systemui,2048,NULL,0,Notification(channel=updateNotification shortcut=null contentView=null vibrate=null sound=null defaults=0x0 flags=0x0 color=0x00000000 vis=PRIVATE),1]
12-09 10:38:01.271 1962 1962 I sysui_multi_action: [757,111,758,1]
12-09 10:38:01.271 1962 1962 I sysui_multi_action: [757,126,758,1,759,126,927,0,928,0,1593,1]
12-09 10:38:01.271 1962 1962 I sysui_multi_action: [757,113,758,1,759,113,927,1,928,1,1593,1]
12-09 10:38:01.271 1962 1962 I sysui_multi_action: [757,0,758,1,759,0,927,2,928,0,1593,1]
12-09 10:38:01.271 1962 1962 I sysui_multi_action: [757,0,758,1,759,0,927,3,928,0,1593,1]
12-09 10:38:01.271 1962 1962 I sysui_multi_action: [757,491,758,1,759,491,927,4,928,0,1311,-1,1593,0]
12-09 10:38:01.271 1962 1962 I sysui_multi_action: [757,0,758,1,759,0,927,5,928,0,1593,0]
12-09 10:38:01.271 1962 1962 I sysui_multi_action: [757,120,758,1,759,120,927,6,928,1,1593,0]
12-09 10:38:01.272 1962 1962 I sysui_multi_action: [757,111,758,1]
12-09 10:38:01.272 1962 1962 I sysui_multi_action: [757,126,758,1,759,126,927,0,928,0,1593,1]
12-09 10:38:01.272 1962 1962 I sysui_multi_action: [757,113,758,1,759,113,927,1,928,1,1593,1]
12-09 10:38:01.272 1962 1962 I sysui_multi_action: [757,0,758,1,759,0,927,2,928,0,1593,1]
12-09 10:38:01.272 1962 1962 I sysui_multi_action: [757,0,758,1,759,0,927,3,928,0,1593,1]
12-09 10:38:01.283 1509 1737 I GameModeConfig: isGameModeOn = false
12-09 10:38:01.284 1509 1737 I GameModeConfig: isGameModeOn = false
12-09 10:38:01.284 1509 1737 I GameModeConfig: isGameModeOn = false
12-09 10:38:01.284 1509 1737 I GameModeConfig: isGameModeOn = false
12-09 10:38:01.284 1962 1962 I sysui_multi_action: [757,111,758,2]
12-09 10:38:01.284 1509 1509 I notification_enqueue: [10082,1962,com.android.systemui,2048,NULL,0,Notification(channel=updateNotification shortcut=null contentView=null vibrate=null sound=null defaults=0x0 flags=0x0 color=0x00000000 vis=PRIVATE),1]
12-09 10:38:01.284 1962 1962 I sysui_multi_action: [757,111,758,2]
12-09 10:38:01.287 1962 1962 I sysui_multi_action: [757,111,758,1]
12-09 10:38:01.288 1962 1962 I sysui_multi_action: [757,126,758,1,759,126,927,0,928,0,1593,1]
12-09 10:38:01.288 1962 1962 I sysui_multi_action: [757,113,758,1,759,113,927,1,928,1,1593,1]
12-09 10:38:01.288 1962 1962 I sysui_multi_action: [757,0,758,1,759,0,927,2,928,0,1593,1]
12-09 10:38:01.288 1962 1962 I sysui_multi_action: [757,0,758,1,759,0,927,3,928,0,1593,1]
12-09 10:38:01.288 1962 1962 I sysui_multi_action: [757,491,758,1,759,491,927,4,928,0,1311,-1,1593,0]
12-09 10:38:01.288 1962 1962 I sysui_multi_action: [757,0,758,1,759,0,927,5,928,0,1593,0]
12-09 10:38:01.288 1962 1962 I sysui_multi_action: [757,120,758,1,759,120,927,6,928,1,1593,0]
12-09 10:38:01.288 1962 1962 I sysui_multi_action: [757,111,758,1]
12-09 10:38:01.288 1962 1962 I sysui_multi_action: [757,126,758,1,759,126,927,0,928,0,1593,1]
12-09 10:38:01.288 1962 1962 I sysui_multi_action: [757,113,758,1,759,113,927,1,928,1,1593,1]
12-09 10:38:01.288 1962 1962 I sysui_multi_action: [757,0,758,1,759,0,927,2,928,0,1593,1]
12-09 10:38:01.288 1962 1962 I sysui_multi_action: [757,0,758,1,759,0,927,3,928,0,1593,1]
12-09 10:38:01.300 1509 1737 I GameModeConfig: isGameModeOn = false
12-09 10:38:01.300 1509 1737 I GameModeConfig: isGameModeOn = false
12-09 10:38:01.301 1509 1737 I GameModeConfig: isGameModeOn = false
12-09 10:38:01.301 1509 1737 I GameModeConfig: isGameModeOn = false
12-09 10:38:01.301 1962 1962 I sysui_multi_action: [757,111,758,2]
12-09 10:38:01.302 1962 1962 I sysui_multi_action: [757,111,758,2]
12-09 10:38:01.303 1509 1509 I notification_enqueue: [10082,1962,com.android.systemui,2048,NULL,0,Notification(channel=updateNotification shortcut=null contentView=null vibrate=null sound=null defaults=0x0 flags=0x0 color=0x00000000 vis=PRIVATE),1]
12-09 10:38:01.305 1962 1962 I sysui_multi_action: [757,111,758,1]
12-09 10:38:01.305 1509 1509 I GameModeConfig: isGameModeOn = false
12-09 10:38:01.305 1962 1962 I sysui_multi_action: [757,126,758,1,759,126,927,0,928,0,1593,1]
12-09 10:38:01.305 1962 1962 I sysui_multi_action: [757,113,758,1,759,113,927,1,928,1,1593,1]
12-09 10:38:01.305 1962 1962 I sysui_multi_action: [757,0,758,1,759,0,927,2,928,0,1593,1]
12-09 10:38:01.305 1962 1962 I sysui_multi_action: [757,0,758,1,759,0,927,3,928,0,1593,1]
12-09 10:38:01.305 1962 1962 I sysui_multi_action: [757,491,758,1,759,491,927,4,928,0,1311,-1,1593,0]
12-09 10:38:01.305 1962 1962 I sysui_multi_action: [757,0,758,1,759,0,927,5,928,0,1593,0]
12-09 10:38:01.305 1962 1962 I sysui_multi_action: [757,120,758,1,759,120,927,6,928,1,1593,0]
12-09 10:38:01.305 1962 1962 I sysui_multi_action: [757,111,758,1]
12-09 10:38:01.305 1962 1962 I sysui_multi_action: [757,126,758,1,759,126,927,0,928,0,1593,1]
12-09 10:38:01.305 1962 1962 I sysui_multi_action: [757,113,758,1,759,113,927,1,928,1,1593,1]
12-09 10:38:01.305 1962 1962 I sysui_multi_action: [757,0,758,1,759,0,927,2,928,0,1593,1]
12-09 10:38:01.305 1962 1962 I sysui_multi_action: [757,0,758,1,759,0,927,3,928,0,1593,1]
12-09 10:38:01.317 1509 1737 I GameModeConfig: isGameModeOn = false
12-09 10:38:01.317 1509 1737 I GameModeConfig: isGameModeOn = false
12-09 10:38:01.317 1509 1737 I GameModeConfig: isGameModeOn = false
12-09 10:38:01.317 1509 1737 I GameModeConfig: isGameModeOn = false
12-09 10:38:01.318 1962 1962 I sysui_multi_action: [757,111,758,2]
12-09 10:38:01.318 1962 1962 I sysui_multi_action: [757,111,758,2]
12-09 10:38:01.318 1509 1509 I notification_enqueue: [10082,1962,com.android.systemui,2048,NULL,0,Notification(channel=updateNotification shortcut=null contentView=null vibrate=null sound=null defaults=0x0 flags=0x0 color=0x00000000 vis=PRIVATE),1]
12-09 10:38:01.321 1962 1962 I sysui_multi_action: [757,111,758,1]
12-09 10:38:01.321 1962 1962 I sysui_multi_action: [757,126,758,1,759,126,927,0,928,0,1593,1]
12-09 10:38:01.321 1962 1962 I sysui_multi_action: [757,113,758,1,759,113,927,1,928,1,1593,1]
12-09 10:38:01.321 1962 1962 I sysui_multi_action: [757,0,758,1,759,0,927,2,928,0,1593,1]
12-09 10:38:01.321 1962 1962 I sysui_multi_action: [757,0,758,1,759,0,927,3,928,0,1593,1]
12-09 10:38:01.321 1962 1962 I sysui_multi_action: [757,491,758,1,759,491,927,4,928,0,1311,-1,1593,0]
12-09 10:38:01.321 1962 1962 I sysui_multi_action: [757,0,758,1,759,0,927,5,928,0,1593,0]
12-09 10:38:01.321 1962 1962 I sysui_multi_action: [757,120,758,1,759,120,927,6,928,1,1593,0]
12-09 10:38:01.321 1962 1962 I sysui_multi_action: [757,111,758,1]
12-09 10:38:01.321 1962 1962 I sysui_multi_action: [757,126,758,1,759,126,927,0,928,0,1593,1]
12-09 10:38:01.321 1962 1962 I sysui_multi_action: [757,113,758,1,759,113,927,1,928,1,1593,1]
12-09 10:38:01.322 1962 1962 I sysui_multi_action: [757,0,758,1,759,0,927,2,928,0,1593,1]
12-09 10:38:01.322 1962 1962 I sysui_multi_action: [757,0,758,1,759,0,927,3,928,0,1593,1]
12-09 10:38:01.333 1509 1737 I GameModeConfig: isGameModeOn = false
12-09 10:38:01.334 1509 1737 I GameModeConfig: isGameModeOn = false
12-09 10:38:01.334 1509 1737 I GameModeConfig: isGameModeOn = false
12-09 10:38:01.334 1509 1737 I GameModeConfig: isGameModeOn = false
12-09 10:38:01.335 1962 1962 I sysui_multi_action: [757,111,758,2]
12-09 10:38:01.335 1509 1509 I notification_enqueue: [10082,1962,com.android.systemui,2048,NULL,0,Notification(channel=updateNotification shortcut=null contentView=null vibrate=null sound=null defaults=0x0 flags=0x0 color=0x00000000 vis=PRIVATE),1]
12-09 10:38:01.335 1962 1962 I sysui_multi_action: [757,111,758,2]
12-09 10:38:01.336 1509 1509 I GameModeConfig: isGameModeOn = false
12-09 10:38:01.336 1509 1509 E NotificationService: Muting recently noisy 0|com.android.systemui|2048|null|10082
12-09 10:38:01.338 1962 1962 I sysui_multi_action: [757,111,758,1]
12-09 10:38:01.338 1962 1962 I sysui_multi_action: [757,126,758,1,759,126,927,0,928,0,1593,1]
12-09 10:38:01.338 1962 1962 I sysui_multi_action: [757,113,758,1,759,113,927,1,928,1,1593,1]
12-09 10:38:01.339 1962 1962 I sysui_multi_action: [757,0,758,1,759,0,927,2,928,0,1593,1]
12-09 10:38:01.339 1962 1962 I sysui_multi_action: [757,0,758,1,759,0,927,3,928,0,1593,1]
12-09 10:38:01.339 1962 1962 I sysui_multi_action: [757,491,758,1,759,491,927,4,928,0,1311,-1,1593,0]
12-09 10:38:01.339 1962 1962 I sysui_multi_action: [757,0,758,1,759,0,927,5,928,0,1593,0]
12-09 10:38:01.339 1962 1962 I sysui_multi_action: [757,120,758,1,759,120,927,6,928,1,1593,0]
12-09 10:38:01.339 1962 1962 I sysui_multi_action: [757,111,758,1]
12-09 10:38:01.339 1962 1962 I sysui_multi_action: [757,126,758,1,759,126,927,0,928,0,1593,1]
12-09 10:38:01.339 1962 1962 I sysui_multi_action: [757,113,758,1,759,113,927,1,928,1,1593,1]
12-09 10:38:01.339 1962 1962 I sysui_multi_action: [757,0,758,1,759,0,927,2,928,0,1593,1]
12-09 10:38:01.339 1962 1962 I sysui_multi_action: [757,0,758,1,759,0,927,3,928,0,1593,1]
12-09 10:38:01.350 1509 1737 I GameModeConfig: isGameModeOn = false
12-09 10:38:01.350 1509 1737 I GameModeConfig: isGameModeOn = false
12-09 10:38:01.350 1509 1737 I GameModeConfig: isGameModeOn = false
12-09 10:38:01.351 1509 1737 I GameModeConfig: isGameModeOn = false
12-09 10:38:01.351 1962 1962 I sysui_multi_action: [757,111,758,2]
12-09 10:38:01.351 1509 1509 I notification_enqueue: [10082,1962,com.android.systemui,2048,NULL,0,Notification(channel=updateNotification shortcut=null contentView=null vibrate=null sound=null defaults=0x0 flags=0x0 color=0x00000000 vis=PRIVATE),1]
12-09 10:38:01.351 1962 1962 I sysui_multi_action: [757,111,758,2]
12-09 10:38:01.354 1962 1962 I sysui_multi_action: [757,111,758,1]
12-09 10:38:01.354 1962 1962 I sysui_multi_action: [757,126,758,1,759,126,927,0,928,0,1593,1]
12-09 10:38:01.354 1962 1962 I sysui_multi_action: [757,113,758,1,759,113,927,1,928,1,1593,1]
12-09 10:38:01.354 1962 1962 I sysui_multi_action: [757,0,758,1,759,0,927,2,928,0,1593,1]
12-09 10:38:01.355 1962 1962 I sysui_multi_action: [757,0,758,1,759,0,927,3,928,0,1593,1]
12-09 10:38:01.355 1962 1962 I sysui_multi_action: [757,491,758,1,759,491,927,4,928,0,1311,-1,1593,0]
12-09 10:38:01.355 1962 1962 I sysui_multi_action: [757,0,758,1,759,0,927,5,928,0,1593,0]
12-09 10:38:01.355 1962 1962 I sysui_multi_action: [757,120,758,1,759,120,927,6,928,1,1593,0]
12-09 10:38:01.355 1962 1962 I sysui_multi_action: [757,111,758,1]
12-09 10:38:01.355 1962 1962 I sysui_multi_action: [757,126,758,1,759,126,927,0,928,0,1593,1]
12-09 10:38:01.355 1962 1962 I sysui_multi_action: [757,113,758,1,759,113,927,1,928,1,1593,1]
12-09 10:38:01.355 1962 1962 I sysui_multi_action: [757,0,758,1,759,0,927,2,928,0,1593,1]
12-09 10:38:01.355 1962 1962 I sysui_multi_action: [757,0,758,1,759,0,927,3,928,0,1593,1]
12-09 10:38:01.356 1509 1509 I GameModeConfig: isGameModeOn = false
12-09 10:38:01.356 1509 1509 E NotificationService: Muting recently noisy 0|com.android.systemui|2048|null|10082
12-09 10:38:01.367 1509 1737 I GameModeConfig: isGameModeOn = false
12-09 10:38:01.367 1509 1737 I GameModeConfig: isGameModeOn = false
12-09 10:38:01.367 1509 1737 I GameModeConfig: isGameModeOn = false
12-09 10:38:01.367 1509 1737 I GameModeConfig: isGameModeOn = false
12-09 10:38:01.368 1962 1962 I sysui_multi_action: [757,111,758,2]
12-09 10:38:01.368 1509 1509 I notification_enqueue: [10082,1962,com.android.systemui,2048,NULL,0,Notification(channel=updateNotification shortcut=null contentView=null vibrate=null sound=null defaults=0x0 flags=0x0 color=0x00000000 vis=PRIVATE),1]
12-09 10:38:01.368 1962 1962 I sysui_multi_action: [757,111,758,2]
12-09 10:38:01.371 1962 1962 I sysui_multi_action: [757,111,758,1]
12-09 10:38:01.371 1962 1962 I sysui_multi_action: [757,126,758,1,759,126,927,0,928,0,1593,1]
12-09 10:38:01.371 1962 1962 I sysui_multi_action: [757,113,758,1,759,113,927,1,928,1,1593,1]
12-09 10:38:01.371 1962 1962 I sysui_multi_action: [757,0,758,1,759,0,927,2,928,0,1593,1]
12-09 10:38:01.371 1962 1962 I sysui_multi_action: [757,0,758,1,759,0,927,3,928,0,1593,1]
12-09 10:38:01.371 1962 1962 I sysui_multi_action: [757,491,758,1,759,491,927,4,928,0,1311,-1,1593,0]
12-09 10:38:01.371 1962 1962 I sysui_multi_action: [757,0,758,1,759,0,927,5,928,0,1593,0]
12-09 10:38:01.371 1962 1962 I sysui_multi_action: [757,120,758,1,759,120,927,6,928,1,1593,0]
12-09 10:38:01.372 1962 1962 I sysui_multi_action: [757,111,758,1]
12-09 10:38:01.372 1962 1962 I sysui_multi_action: [757,126,758,1,759,126,927,0,928,0,1593,1]
12-09 10:38:01.372 1962 1962 I sysui_multi_action: [757,113,758,1,759,113,927,1,928,1,1593,1]
12-09 10:38:01.372 1962 1962 I sysui_multi_action: [757,0,758,1,759,0,927,2,928,0,1593,1]
12-09 10:38:01.372 1962 1962 I sysui_multi_action: [757,0,758,1,759,0,927,3,928,0,1593,1]
12-09 10:38:01.376 1509 1509 I GameModeConfig: isGameModeOn = false
12-09 10:38:01.376 1509 1509 E NotificationService: Muting recently noisy 0|com.android.systemui|2048|null|10082
12-09 10:38:01.384 1962 1962 I sysui_multi_action: [757,111,758,2]
12-09 10:38:01.384 1962 1962 I sysui_multi_action: [757,111,758,2]
12-09 10:38:01.384 1509 1509 I notification_enqueue: [10082,1962,com.android.systemui,2048,NULL,0,Notification(channel=updateNotification shortcut=null contentView=null vibrate=null sound=null defaults=0x0 flags=0x0 color=0x00000000 vis=PRIVATE),1]
12-09 10:38:01.386 1509 1737 I GameModeConfig: isGameModeOn = false
12-09 10:38:01.386 1509 1737 I GameModeConfig: isGameModeOn = false
12-09 10:38:01.386 1509 1737 I GameModeConfig: isGameModeOn = false
12-09 10:38:01.386 1509 1737 I GameModeConfig: isGameModeOn = false
12-09 10:38:01.386 1962 1962 I sysui_multi_action: [757,111,758,1]
12-09 10:38:01.387 1962 1962 I sysui_multi_action: [757,126,758,1,759,126,927,0,928,0,1593,1]
12-09 10:38:01.387 1962 1962 I sysui_multi_action: [757,113,758,1,759,113,927,1,928,1,1593,1]
12-09 10:38:01.387 1962 1962 I sysui_multi_action: [757,0,758,1,759,0,927,2,928,0,1593,1]
12-09 10:38:01.387 1962 1962 I sysui_multi_action: [757,0,758,1,759,0,927,3,928,0,1593,1]
12-09 10:38:01.387 1962 1962 I sysui_multi_action: [757,491,758,1,759,491,927,4,928,0,1311,-1,1593,0]
12-09 10:38:01.387 1962 1962 I sysui_multi_action: [757,0,758,1,759,0,927,5,928,0,1593,0]
12-09 10:38:01.387 1962 1962 I sysui_multi_action: [757,120,758,1,759,120,927,6,928,1,1593,0]
12-09 10:38:01.387 1962 1962 I sysui_multi_action: [757,111,758,1]
12-09 10:38:01.387 1962 1962 I sysui_multi_action: [757,126,758,1,759,126,927,0,928,0,1593,1]
12-09 10:38:01.387 1962 1962 I sysui_multi_action: [757,113,758,1,759,113,927,1,928,1,1593,1]
12-09 10:38:01.387 1962 1962 I sysui_multi_action: [757,0,758,1,759,0,927,2,928,0,1593,1]
12-09 10:38:01.387 1962 1962 I sysui_multi_action: [757,0,758,1,759,0,927,3,928,0,1593,1]
12-09 10:38:01.387 1509 1509 I GameModeConfig: isGameModeOn = false
12-09 10:38:01.388 1509 1509 E NotificationService: Muting recently noisy 0|com.android.systemui|2048|null|10082
12-09 10:38:01.400 1509 1737 I GameModeConfig: isGameModeOn = false
12-09 10:38:01.400 1509 1737 I GameModeConfig: isGameModeOn = false
12-09 10:38:01.400 1509 1737 I GameModeConfig: isGameModeOn = false
12-09 10:38:01.401 1509 1737 I GameModeConfig: isGameModeOn = false
12-09 10:38:01.401 1962 1962 I sysui_multi_action: [757,111,758,2]
12-09 10:38:01.401 1509 1509 I notification_enqueue: [10082,1962,com.android.systemui,2048,NULL,0,Notification(channel=updateNotification shortcut=null contentView=null vibrate=null sound=null defaults=0x0 flags=0x0 color=0x00000000 vis=PRIVATE),1]
12-09 10:38:01.401 1962 1962 I sysui_multi_action: [757,111,758,2]
12-09 10:38:01.403 1509 1509 I GameModeConfig: isGameModeOn = false
12-09 10:38:01.404 1509 1509 E NotificationService: Muting recently noisy 0|com.android.systemui|2048|null|10082
12-09 10:38:01.404 1962 1962 I sysui_multi_action: [757,111,758,1]
12-09 10:38:01.404 1962 1962 I sysui_multi_action: [757,126,758,1,759,126,927,0,928,0,1593,1]
12-09 10:38:01.405 1962 1962 I sysui_multi_action: [757,113,758,1,759,113,927,1,928,1,1593,1]
12-09 10:38:01.405 1962 1962 I sysui_multi_action: [757,0,758,1,759,0,927,2,928,0,1593,1]
12-09 10:38:01.405 1962 1962 I sysui_multi_action: [757,0,758,1,759,0,927,3,928,0,1593,1]
12-09 10:38:01.405 1962 1962 I sysui_multi_action: [757,491,758,1,759,491,927,4,928,0,1311,-1,1593,0]
12-09 10:38:01.405 1962 1962 I sysui_multi_action: [757,0,758,1,759,0,927,5,928,0,1593,0]
12-09 10:38:01.405 1962 1962 I sysui_multi_action: [757,120,758,1,759,120,927,6,928,1,1593,0]
12-09 10:38:01.405 1962 1962 I sysui_multi_action: [757,111,758,1]
12-09 10:38:01.405 1962 1962 I sysui_multi_action: [757,126,758,1,759,126,927,0,928,0,1593,1]
12-09 10:38:01.405 1962 1962 I sysui_multi_action: [757,113,758,1,759,113,927,1,928,1,1593,1]
12-09 10:38:01.405 1962 1962 I sysui_multi_action: [757,0,758,1,759,0,927,2,928,0,1593,1]
12-09 10:38:01.405 1962 1962 I sysui_multi_action: [757,0,758,1,759,0,927,3,928,0,1593,1]
12-09 10:38:01.417 1509 1737 I GameModeConfig: isGameModeOn = false
12-09 10:38:01.417 1509 1737 I GameModeConfig: isGameModeOn = false
12-09 10:38:01.417 1509 1737 I GameModeConfig: isGameModeOn = false
12-09 10:38:01.417 1509 1737 I GameModeConfig: isGameModeOn = false
12-09 10:38:01.418 1962 1962 I sysui_multi_action: [757,111,758,2]
12-09 10:38:01.418 1509 1509 I notification_enqueue: [10082,1962,com.android.systemui,2048,NULL,0,Notification(channel=updateNotification shortcut=null contentView=null vibrate=null sound=null defaults=0x0 flags=0x0 color=0x00000000 vis=PRIVATE),1]
12-09 10:38:01.418 1962 1962 I sysui_multi_action: [757,111,758,2]
12-09 10:38:01.420 1509 1509 I GameModeConfig: isGameModeOn = false
12-09 10:38:01.420 1509 1509 E NotificationService: Muting recently noisy 0|com.android.systemui|2048|null|10082
12-09 10:38:01.420 1962 1962 I sysui_multi_action: [757,111,758,1]
12-09 10:38:01.420 1962 1962 I sysui_multi_action: [757,126,758,1,759,126,927,0,928,0,1593,1]
12-09 10:38:01.421 1962 1962 I sysui_multi_action: [757,113,758,1,759,113,927,1,928,1,1593,1]
12-09 10:38:01.421 1962 1962 I sysui_multi_action: [757,0,758,1,759,0,927,2,928,0,1593,1]
12-09 10:38:01.421 1962 1962 I sysui_multi_action: [757,0,758,1,759,0,927,3,928,0,1593,1]
12-09 10:38:01.421 1962 1962 I sysui_multi_action: [757,491,758,1,759,491,927,4,928,0,1311,-1,1593,0]
12-09 10:38:01.421 1962 1962 I sysui_multi_action: [757,0,758,1,759,0,927,5,928,0,1593,0]
12-09 10:38:01.421 1962 1962 I sysui_multi_action: [757,120,758,1,759,120,927,6,928,1,1593,0]
12-09 10:38:01.421 1962 1962 I sysui_multi_action: [757,111,758,1]
12-09 10:38:01.421 1962 1962 I sysui_multi_action: [757,126,758,1,759,126,927,0,928,0,1593,1]
12-09 10:38:01.421 1962 1962 I sysui_multi_action: [757,113,758,1,759,113,927,1,928,1,1593,1]
12-09 10:38:01.421 1962 1962 I sysui_multi_action: [757,0,758,1,759,0,927,2,928,0,1593,1]
12-09 10:38:01.421 1962 1962 I sysui_multi_action: [757,0,758,1,759,0,927,3,928,0,1593,1]
12-09 10:38:01.433 1509 1737 I GameModeConfig: isGameModeOn = false
12-09 10:38:01.434 1509 1737 I GameModeConfig: isGameModeOn = false
12-09 10:38:01.434 1509 1737 I GameModeConfig: isGameModeOn = false
12-09 10:38:01.434 1509 1737 I GameModeConfig: isGameModeOn = false
12-09 10:38:01.435 1962 1962 I sysui_multi_action: [757,111,758,2]
12-09 10:38:01.435 1509 1509 I notification_enqueue: [10082,1962,com.android.systemui,2048,NULL,0,Notification(channel=updateNotification shortcut=null contentView=null vibrate=null sound=null defaults=0x0 flags=0x0 color=0x00000000 vis=PRIVATE),1]
12-09 10:38:01.435 1962 1962 I sysui_multi_action: [757,111,758,2]
12-09 10:38:01.436 1509 1509 I GameModeConfig: isGameModeOn = false
12-09 10:38:01.436 1509 1509 E NotificationService: Muting recently noisy 0|com.android.systemui|2048|null|10082
12-09 10:38:01.447 1509 1598 I input_focus: [Focus request e069207 com.android.launcher3/com.android.launcher3.uioverrides.QuickstepLauncher,reason=UpdateInputWindows]
12-09 10:38:01.448 1962 1962 I sysui_multi_action: [757,111,758,1]
12-09 10:38:01.448 1962 1962 I sysui_multi_action: [757,126,758,1,759,126,927,0,928,0,1593,1]
12-09 10:38:01.448 1962 1962 I sysui_multi_action: [757,113,758,1,759,113,927,1,928,1,1593,1]
12-09 10:38:01.448 1962 1962 I sysui_multi_action: [757,0,758,1,759,0,927,2,928,0,1593,1]
12-09 10:38:01.448 1962 1962 I sysui_multi_action: [757,0,758,1,759,0,927,3,928,0,1593,1]
12-09 10:38:01.448 1962 1962 I sysui_multi_action: [757,491,758,1,759,491,927,4,928,0,1311,-1,1593,0]
12-09 10:38:01.448 1962 1962 I sysui_multi_action: [757,0,758,1,759,0,927,5,928,0,1593,0]
12-09 10:38:01.448 1962 1962 I sysui_multi_action: [757,120,758,1,759,120,927,6,928,1,1593,0]
12-09 10:38:01.449 1962 1962 I sysui_multi_action: [757,111,758,1]
12-09 10:38:01.449 1962 1962 I sysui_multi_action: [757,126,758,1,759,126,927,0,928,0,1593,1]
12-09 10:38:01.449 1962 1962 I sysui_multi_action: [757,113,758,1,759,113,927,1,928,1,1593,1]
12-09 10:38:01.449 1962 1962 I sysui_multi_action: [757,0,758,1,759,0,927,2,928,0,1593,1]
12-09 10:38:01.449 1962 1962 I sysui_multi_action: [757,0,758,1,759,0,927,3,928,0,1593,1]
12-09 10:38:01.453 1509 1509 I GameModeConfig: isGameModeOn = false
12-09 10:38:01.453 1509 1509 E NotificationService: Muting recently noisy 0|com.android.systemui|2048|null|10082
12-09 10:38:01.457 1962 1962 I sysui_multi_action: [757,111,758,2]
12-09 10:38:01.457 1962 1962 I sysui_multi_action: [757,111,758,2]
12-09 10:38:01.457 1509 1509 I notification_enqueue: [10082,1962,com.android.systemui,2048,NULL,0,Notification(channel=updateNotification shortcut=null contentView=null vibrate=null sound=null defaults=0x0 flags=0x0 color=0x00000000 vis=PRIVATE),1]
12-09 10:38:01.459 1509 2774 I sysui_multi_action: [757,128,758,2,793,5440020,794,1858,795,5440020,796,26,798,0,806,android,857,DEVELOPER_IMPORTANT,858,4,947,0,1395,2,1500,5439808,1688,1]
12-09 10:38:01.459 1509 2774 I notification_visibility: [-1|android|26|null|1000,0,5440020,5440020,0,0]
12-09 10:38:01.459 1509 2774 I sysui_multi_action: [757,128,758,2,793,19079985,794,1857,795,19079985,796,32,798,1,806,android,857,USB,858,1,947,0,1395,2,1500,19079743,1688,1]
12-09 10:38:01.459 1509 2774 I notification_visibility: [-1|android|32|null|1000,0,19079985,19079985,0,1]
12-09 10:38:01.459 1509 2774 I sysui_multi_action: [757,127,758,2]
12-09 10:38:01.459 1509 2774 I notification_panel_hidden:
12-09 10:38:01.470 1509 1509 I GameModeConfig: isGameModeOn = false
12-09 10:38:01.470 1509 1509 E NotificationService: Muting recently noisy 0|com.android.systemui|2048|null|10082
12-09 10:38:01.472 1509 1737 I GameModeConfig: isGameModeOn = false
12-09 10:38:01.472 1509 1737 I GameModeConfig: isGameModeOn = false
12-09 10:38:01.472 1509 1737 I GameModeConfig: isGameModeOn = false
12-09 10:38:01.472 1509 1737 I GameModeConfig: isGameModeOn = false
12-09 10:38:01.472 1962 1962 I sysui_multi_action: [757,111,758,1]
12-09 10:38:01.472 1962 1962 I sysui_multi_action: [757,126,758,1,759,126,927,0,928,0,1593,1]
12-09 10:38:01.472 1962 1962 I sysui_multi_action: [757,113,758,1,759,113,927,1,928,1,1593,1]
12-09 10:38:01.472 1962 1962 I sysui_multi_action: [757,0,758,1,759,0,927,2,928,0,1593,1]
12-09 10:38:01.472 1962 1962 I sysui_multi_action: [757,0,758,1,759,0,927,3,928,0,1593,1]
12-09 10:38:01.472 1962 1962 I sysui_multi_action: [757,491,758,1,759,491,927,4,928,0,1311,-1,1593,0]
12-09 10:38:01.472 1962 1962 I sysui_multi_action: [757,0,758,1,759,0,927,5,928,0,1593,0]
12-09 10:38:01.472 1962 1962 I sysui_multi_action: [757,120,758,1,759,120,927,6,928,1,1593,0]
12-09 10:38:01.473 1962 1962 I sysui_multi_action: [757,111,758,1]
12-09 10:38:01.473 1962 1962 I sysui_multi_action: [757,126,758,1,759,126,927,0,928,0,1593,1]
12-09 10:38:01.473 1509 1680 I input_focus: [Focus leaving 990558b NotificationShade (server),reason=NO_WINDOW]
12-09 10:38:01.473 1962 1962 I sysui_multi_action: [757,113,758,1,759,113,927,1,928,1,1593,1]
12-09 10:38:01.473 1962 1962 I sysui_multi_action: [757,0,758,1,759,0,927,2,928,0,1593,1]
12-09 10:38:01.473 1509 1680 I input_focus: [Focus entering e069207 com.android.launcher3/com.android.launcher3.uioverrides.QuickstepLauncher (server),reason=setFocusedWindow]
12-09 10:38:01.473 1962 1962 I sysui_multi_action: [757,0,758,1,759,0,927,3,928,0,1593,1]
12-09 10:38:01.486 1509 1509 I GameModeConfig: isGameModeOn = false
12-09 10:38:01.486 1509 1509 E NotificationService: Muting recently noisy 0|com.android.systemui|2048|null|10082
12-09 10:38:01.505 1509 1509 I GameModeConfig: isGameModeOn = false
