12-09 10:37:38.605 12356 12373 W ContextImpl: Calling a method in the system process without a qualified user: android.app.ContextImpl.startService:1816 android.content.ContextWrapper.startService:774 com.thundercomm.gamemode.ingame.services.GameModeActionUtils.startGameModeService:99 com.thundercomm.gamemode.ingame.services.GameModeActionUtils.startGameModeEntry:22 com.thundercomm.gamemode.ingame.services.ActivityMonitoringService$1.onActivityLaunch:127
12-09 10:37:38.606 1962 1962 I sysui_multi_action: [757,491,758,1,759,491,927,4,928,0,1311,-1,1593,0]
12-09 10:37:38.606 1509 1594 I sysui_multi_action: [319,68,321,65,322,144,325,19067,757,761,758,8,759,1,806,com.android.gallery3d,871,com.android.gallery3d.app.GalleryActivity,904,com.android.launcher3,905,0,1320,8,1321,5]
12-09 10:37:38.606 1962 1962 I sysui_multi_action: [757,0,758,1,759,0,927,5,928,0,1593,0]
12-09 10:37:38.606 1962 1962 I sysui_multi_action: [757,120,758,1,759,120,927,6,928,1,1593,0]
12-09 10:37:38.606 1962 1962 I sysui_multi_action: [757,111,758,1]
12-09 10:37:38.607 1962 1962 I sysui_multi_action: [757,126,758,1,759,126,927,0,928,0,1593,1]
12-09 10:37:38.607 1962 1962 I sysui_multi_action: [757,113,758,1,759,113,927,1,928,1,1593,1]
12-09 10:37:38.607 1962 1962 I sysui_multi_action: [757,0,758,1,759,0,927,2,928,0,1593,1]
12-09 10:37:38.607 1962 1962 I sysui_multi_action: [757,0,758,1,759,0,927,3,928,0,1593,1]
12-09 10:37:38.607 1509 1594 I wm_activity_launch_time: [0,163556396,com.android.gallery3d/.app.GalleryActivity,144]
12-09 10:37:38.613 1509 1509 I GameModeConfig: Current uri is uri = content://com.thundercomm.gamemode.api/gamemode_settings/gamemode_isgaming
12-09 10:37:38.616 1509 1680 I input_focus: [Focus entering c050e60 com.android.gallery3d/com.android.gallery3d.app.GalleryActivity (server),reason=Window became focusable. Previous reason: NOT_VISIBLE]
12-09 10:37:38.617 1509 1509 I GameModeConfig: isGameModeOn = false
12-09 10:37:38.617 1509 1509 I GameModeConfig: isGameModeOn = false
12-09 10:37:38.617 1509 1509 I GameModeConfig: isDisableVoice = true
12-09 10:37:38.778 1509 1509 I GameModeConfig: isGameModeOn = false
12-09 10:37:38.878 1509 1597 I wm_stop_activity: [0,12743551,com.android.launcher3/.uioverrides.QuickstepLauncher]
12-09 10:37:38.894 1509 1604 I am_pss : [18854,10069,com.android.calendar,6302720,4018176,0,91762688,0,19,6]
12-09 10:37:38.905 1509 1604 I am_pss : [18821,10067,com.android.deskclock,9048064,6184960,0,95965184,0,19,6]
12-09 10:37:38.914 1509 1604 I am_pss : [18826,10061,com.android.soundrecorder,5792768,3973120,0,89071616,0,19,6]
12-09 10:37:38.922 1509 2100 W FreeFormWindowHelper: exitRecentTasks type=0
12-09 10:37:38.964 2529 2529 I wm_on_stop_called: [12743551,com.android.launcher3.uioverrides.QuickstepLauncher,STOP_ACTIVITY_ITEM]
12-09 10:37:38.983 12356 12373 W ContextImpl: Calling a method in the system process without a qualified user: android.app.ContextImpl.startService:1816 android.content.ContextWrapper.startService:774 com.thundercomm.gamemode.ingame.services.GameModeActionUtils.startGameModeService:99 com.thundercomm.gamemode.ingame.services.GameModeActionUtils.startGameModeEntry:22 com.thundercomm.gamemode.ingame.services.ActivityMonitoringService$1.onActivityLaunch:127
12-09 10:37:38.986 1509 1509 I GameModeConfig: Current uri is uri = content://com.thundercomm.gamemode.api/gamemode_settings/gamemode_isgaming
12-09 10:37:38.988 1509 1509 I GameModeConfig: isGameModeOn = false
12-09 10:37:38.988 1509 1509 I GameModeConfig: isGameModeOn = false
12-09 10:37:38.988 1509 1509 I GameModeConfig: isDisableVoice = true
12-09 10:37:39.014 1509 2730 E TaskPersister: File error accessing recents directory (directory doesn't exist?).
12-09 10:37:39.203 0 0 I auditd : type=1400 audit(0.0:20081): avc: denied { kill } for comm="swapper/0" capability=5 scontext=u:r:kernel:s0 tcontext=u:r:kernel:s0 tclass=capability permissive=0
12-09 10:37:39.666 1509 1680 I input_interaction: Interaction with: c050e60 com.android.gallery3d/com.android.gallery3d.app.GalleryActivity (server), edge-swipe (server), swipe-up (server), PointerEventDispatcher0 (server),
12-09 10:37:39.681 1509 5541 I wm_task_moved: [39,0,0]
12-09 10:37:39.682 1509 5541 I wm_task_moved: [39,0,7]
12-09 10:37:39.685 18810 18810 I view_enqueue_input_event: [Motion - Cancel,com.android.gallery3d/com.android.gallery3d.app.GalleryActivity]
12-09 10:37:39.688 1509 1680 I input_interaction: Interaction with: edge-swipe (server), swipe-up (server), PointerEventDispatcher0 (server),
12-09 10:37:39.698 2529 2529 I wm_on_restart_called: [12743551,com.android.launcher3.uioverrides.QuickstepLauncher,performRestartActivity]
12-09 10:37:39.718 2529 2529 I wm_on_start_called: [12743551,com.android.launcher3.uioverrides.QuickstepLauncher,handleStartActivity]
12-09 10:37:39.719 1509 1598 I input_focus: [Focus request recents_animation_input_consumer,reason=UpdateInputWindows]
12-09 10:37:39.733 12356 12373 W ContextImpl: Calling a method in the system process without a qualified user: android.app.ContextImpl.startService:1816 android.content.ContextWrapper.startService:774 com.thundercomm.gamemode.ingame.services.GameModeActionUtils.startGameModeService:99 com.thundercomm.gamemode.ingame.services.GameModeActionUtils.startGameModeEntry:22 com.thundercomm.gamemode.ingame.services.ActivityMonitoringService$1.onActivityLaunch:127
12-09 10:37:39.735 1509 1680 I input_focus: [Focus leaving c050e60 com.android.gallery3d/com.android.gallery3d.app.GalleryActivity (server),reason=NOT_FOCUSABLE]
12-09 10:37:39.736 1509 1680 I input_focus: [Focus entering recents_animation_input_consumer (server),reason=setFocusedWindow]
12-09 10:37:39.737 1509 1509 I GameModeConfig: Current uri is uri = content://com.thundercomm.gamemode.api/gamemode_settings/gamemode_isgaming
12-09 10:37:39.740 2529 2529 I sysui_latency: [1,69]
12-09 10:37:39.740 1509 1509 I GameModeConfig: isGameModeOn = false
12-09 10:37:39.742 1509 1509 I GameModeConfig: isGameModeOn = false
12-09 10:37:39.742 1509 1509 I GameModeConfig: isDisableVoice = true
12-09 10:37:39.746 1509 1737 I GameModeConfig: isGameModeOn = false
12-09 10:37:39.747 1509 1737 I GameModeConfig: isGameModeOn = false
12-09 10:37:39.747 1509 1737 I GameModeConfig: isGameModeOn = false
12-09 10:37:39.747 1509 1737 I GameModeConfig: isGameModeOn = false
12-09 10:37:39.748 1509 1509 I notification_enqueue: [10082,1962,com.android.systemui,2048,NULL,0,Notification(channel=updateNotification shortcut=null contentView=null vibrate=null sound=null defaults=0x0 flags=0x0 color=0x00000000 vis=PRIVATE),1]
12-09 10:37:39.753 1509 1594 I sysui_multi_action: [319,22,322,66,325,19069,757,761,758,9,759,5,806,com.android.launcher3,871,com.android.launcher3.uioverrides.QuickstepLauncher,904,com.android.launcher3,905,0,1320,8,1321,5]
12-09 10:37:39.755 1962 1962 I sysui_multi_action: [757,111,758,2]
12-09 10:37:39.755 1962 1962 I sysui_multi_action: [757,111,758,2]
12-09 10:37:39.762 1962 1962 I sysui_multi_action: [757,111,758,1]
12-09 10:37:39.762 1962 1962 I sysui_multi_action: [757,126,758,1,759,126,927,0,928,0,1593,0]
12-09 10:37:39.762 1962 1962 I sysui_multi_action: [757,113,758,1,759,113,927,1,928,1,1593,0]
12-09 10:37:39.762 1962 1962 I sysui_multi_action: [757,0,758,1,759,0,927,2,928,0,1593,0]
12-09 10:37:39.762 1962 1962 I sysui_multi_action: [757,0,758,1,759,0,927,3,928,0,1593,0]
12-09 10:37:39.763 1962 1962 I sysui_multi_action: [757,491,758,1,759,491,927,4,928,0,1311,-1,1593,0]
12-09 10:37:39.763 1962 1962 I sysui_multi_action: [757,0,758,1,759,0,927,5,928,0,1593,0]
12-09 10:37:39.763 1962 1962 I sysui_multi_action: [757,120,758,1,759,120,927,6,928,1,1593,0]
12-09 10:37:39.763 1962 1962 I sysui_multi_action: [757,111,758,1]
12-09 10:37:39.763 1962 1962 I sysui_multi_action: [757,126,758,1,759,126,927,0,928,0,1593,0]
12-09 10:37:39.763 1962 1962 I sysui_multi_action: [757,113,758,1,759,113,927,1,928,1,1593,0]
12-09 10:37:39.763 1962 1962 I sysui_multi_action: [757,0,758,1,759,0,927,2,928,0,1593,0]
12-09 10:37:39.763 1962 1962 I sysui_multi_action: [757,0,758,1,759,0,927,3,928,0,1593,0]
12-09 10:37:39.772 1509 6785 W ActivityTaskManager: getTaskSnapshot: taskId=3146 not found
12-09 10:37:39.776 1509 5541 W ActivityTaskManager: getTaskSnapshot: taskId=2146 not found
12-09 10:37:39.777 1509 6785 W ActivityTaskManager: getTaskSnapshot: taskId=1146 not found
12-09 10:37:39.920 1509 1665 I commit_sys_config_file: [settings-1-0,5]
12-09 10:37:39.951 1509 1509 I GameModeConfig: isGameModeOn = false
12-09 10:37:40.050 1509 1604 I sysui_latency: [8,77]
12-09 10:37:40.203 0 0 I auditd : type=1400 audit(0.0:20082): avc: denied { kill } for comm="swapper/2" capability=5 scontext=u:r:kernel:s0 tcontext=u:r:kernel:s0 tclass=capability permissive=0
12-09 10:37:40.361 1509 6785 I wm_task_moved: [39,1,8]
12-09 10:37:40.362 1509 6785 I wm_focused_root_task: [0,0,39,139,RecentsAnimation.onAnimationFinished()]
12-09 10:37:40.362 18810 18810 I wm_on_top_resumed_lost_called: [163556396,com.android.gallery3d.app.GalleryActivity,topStateChangedWhenResumed]
12-09 10:37:40.363 1509 6785 I wm_pause_activity: [0,163556396,com.android.gallery3d/.app.GalleryActivity,userLeaving=false,pauseBackTasks]
12-09 10:37:40.363 1509 6785 I ActivityTaskManager: FOREGROUND_APPLICATION_CHANGED to com.android.launcher3.uioverrides.QuickstepLauncher
12-09 10:37:40.363 1509 6785 I wm_set_resumed_activity: [0,com.android.launcher3/.uioverrides.QuickstepLauncher,resumeTopActivityInnerLocked]
12-09 10:37:40.364 1509 6785 I wm_resume_activity: [0,12743551,40,com.android.launcher3/.uioverrides.QuickstepLauncher]
12-09 10:37:40.364 1509 6785 I wm_add_to_stopping: [0,163556396,com.android.gallery3d/.app.GalleryActivity,makeInvisible]
12-09 10:37:40.367 2529 2529 I wm_on_resume_called: [12743551,com.android.launcher3.uioverrides.QuickstepLauncher,RESUME_ACTIVITY]
12-09 10:37:40.371 1509 1598 I input_focus: [Focus request e069207 com.android.launcher3/com.android.launcher3.uioverrides.QuickstepLauncher,reason=UpdateInputWindows]
12-09 10:37:40.375 1509 1597 I sysui_multi_action: [757,803,799,window_time_0,802,2]
12-09 10:37:40.376 1509 1597 I wm_stop_activity: [0,163556396,com.android.gallery3d/.app.GalleryActivity]
12-09 10:37:40.376 1509 1597 I sysui_multi_action: [757,803,799,window_time_0,802,0]
12-09 10:37:40.379 18810 18810 I wm_on_paused_called: [163556396,com.android.gallery3d.app.GalleryActivity,performPause]
12-09 10:37:40.389 1509 1680 I input_focus: [Focus leaving recents_animation_input_consumer (server),reason=NOT_VISIBLE]
12-09 10:37:40.389 1509 1680 I input_focus: [Focus entering e069207 com.android.launcher3/com.android.launcher3.uioverrides.QuickstepLauncher (server),reason=setFocusedWindow]
12-09 10:37:40.403 18810 18810 I wm_on_stop_called: [163556396,com.android.gallery3d.app.GalleryActivity,STOP_ACTIVITY_ITEM]
12-09 10:37:40.406 1509 1604 I am_pss : [18916,10028,com.android.musicfx,5694464,3866624,0,89767936,0,19,5]
12-09 10:37:40.428 2529 2529 I wm_on_top_resumed_gained_called: [12743551,com.android.launcher3.uioverrides.QuickstepLauncher,topStateChangedWhenResumed]
12-09 10:37:40.489 12356 12373 W ContextImpl: Calling a method in the system process without a qualified user: android.app.ContextImpl.startService:1816 android.content.ContextWrapper.startService:774 com.thundercomm.gamemode.ingame.services.GameModeActionUtils.startGameModeService:99 com.thundercomm.gamemode.ingame.services.GameModeActionUtils.startGameModeEntry:22 com.thundercomm.gamemode.ingame.services.ActivityMonitoringService$1.onActivityLaunch:127
12-09 10:37:40.497 1509 1509 I GameModeConfig: Current uri is uri = content://com.thundercomm.gamemode.api/gamemode_settings/gamemode_isgaming
12-09 10:37:40.498 1509 1509 I GameModeConfig: isGameModeOn = false
12-09 10:37:40.499 1509 1509 I GameModeConfig: isGameModeOn = false
12-09 10:37:40.499 1509 1509 I GameModeConfig: isDisableVoice = true
12-09 10:37:40.596 1509 1665 I commit_sys_config_file: [settings-1-0,6]
12-09 10:37:40.815 1509 1737 I GameModeConfig: isGameModeOn = false
12-09 10:37:40.856 1509 1737 I GameModeConfig: isGameModeOn = false
12-09 10:37:41.027 1509 1737 I GameModeConfig: isGameModeOn = false
12-09 10:37:41.058 1509 1737 I GameModeConfig: isGameModeOn = false
12-09 10:37:41.203 0 0 I auditd : type=1400 audit(0.0:20083): avc: denied { kill } for comm="swapper/2" capability=5 scontext=u:r:kernel:s0 tcontext=u:r:kernel:s0 tclass=capability permissive=0
12-09 10:37:42.203 0 0 I auditd : type=1400 audit(0.0:20084): avc: denied { kill } for comm="swapper/2" capability=5 scontext=u:r:kernel:s0 tcontext=u:r:kernel:s0 tclass=capability permissive=0
12-09 10:37:43.203 0 0 I auditd : type=1400 audit(0.0:20085): avc: denied { kill } for comm="swapper/2" capability=5 scontext=u:r:kernel:s0 tcontext=u:r:kernel:s0 tclass=capability permissive=0
12-09 10:37:44.203 0 0 I auditd : type=1400 audit(0.0:20086): avc: denied { kill } for comm="swapper/2" capability=5 scontext=u:r:kernel:s0 tcontext=u:r:kernel:s0 tclass=capability permissive=0
12-09 10:37:45.045 1509 1737 I GameModeConfig: isGameModeOn = false
12-09 10:37:45.076 1509 1737 I GameModeConfig: isGameModeOn = false
12-09 10:37:45.203 0 0 I auditd : type=1400 audit(0.0:20087): avc: denied { kill } for comm="swapper/2" capability=5 scontext=u:r:kernel:s0 tcontext=u:r:kernel:s0 tclass=capability permissive=0
12-09 10:37:46.203 0 0 I auditd : type=1400 audit(0.0:20088): avc: denied { kill } for comm="swapper/2" capability=5 scontext=u:r:kernel:s0 tcontext=u:r:kernel:s0 tclass=capability permissive=0
12-09 10:37:47.203 0 0 I auditd : type=1400 audit(0.0:20089): avc: denied { kill } for comm="swapper/2" capability=5 scontext=u:r:kernel:s0 tcontext=u:r:kernel:s0 tclass=capability permissive=0
12-09 10:37:48.203 0 0 I auditd : type=1400 audit(0.0:20090): avc: denied { kill } for comm="swapper/2" capability=5 scontext=u:r:kernel:s0 tcontext=u:r:kernel:s0 tclass=capability permissive=0
12-09 10:37:48.582 1509 1737 I GameModeConfig: isGameModeOn = false
12-09 10:37:48.779 1509 1737 I GameModeConfig: isGameModeOn = false
12-09 10:37:49.203 0 0 I auditd : type=1400 audit(0.0:20091): avc: denied { kill } for comm="swapper/2" capability=5 scontext=u:r:kernel:s0 tcontext=u:r:kernel:s0 tclass=capability permissive=0
12-09 10:37:49.752 1509 1737 I GameModeConfig: isGameModeOn = false
12-09 10:37:49.952 1509 1737 I GameModeConfig: isGameModeOn = false
12-09 10:37:50.203 0 0 I auditd : type=1400 audit(0.0:20092): avc: denied { kill } for comm="swapper/2" capability=5 scontext=u:r:kernel:s0 tcontext=u:r:kernel:s0 tclass=capability permissive=0
12-09 10:37:51.203 0 0 I auditd : type=1400 audit(0.0:20093): avc: denied { kill } for comm="swapper/2" capability=5 scontext=u:r:kernel:s0 tcontext=u:r:kernel:s0 tclass=capability permissive=0
12-09 10:37:52.203 0 0 I auditd : type=1400 audit(0.0:20094): avc: denied { kill } for comm="swapper/2" capability=5 scontext=u:r:kernel:s0 tcontext=u:r:kernel:s0 tclass=capability permissive=0
12-09 10:37:53.203 0 0 I auditd : type=1400 audit(0.0:20095): avc: denied { kill } for comm="swapper/2" capability=5 scontext=u:r:kernel:s0 tcontext=u:r:kernel:s0 tclass=capability permissive=0
12-09 10:37:53.527 1509 1680 I input_interaction: Interaction with: e069207 com.android.launcher3/com.android.launcher3.uioverrides.QuickstepLauncher (server), 3f8408a com.android.systemui.ImageWallpaper (server), edge-swipe (server), swipe-up (server), PointerEventDispatcher0 (server),
12-09 10:37:53.771 1509 2100 I ActivityTaskManager: START u0 {act=android.intent.action.MAIN cat=[android.intent.category.LAUNCHER] flg=0x10200000 cmp=com.android.music/.VideoBrowserActivity bnds=[2308,540][2494,740]} from uid 10076
12-09 10:37:53.777 1509 2100 I wm_task_created: [154,-1]
12-09 10:37:53.778 1509 2100 W ActivityTaskManager: Can't find TaskDisplayArea to determine support for multi window. Task id=154 attached=false
12-09 10:37:53.788 1509 2100 I wm_task_moved: [154,1,9]
12-09 10:37:53.789 1509 2100 I wm_task_to_front: [0,154]
12-09 10:37:53.789 1509 2100 I wm_create_task: [0,154]
12-09 10:37:53.789 1509 2100 I wm_create_activity: [0,35440881,154,com.android.music/.VideoBrowserActivity,android.intent.action.MAIN,NULL,NULL,270532608]
12-09 10:37:53.789 1509 2100 I wm_task_moved: [154,1,9]
12-09 10:37:53.791 1509 2100 D CompatibilityChangeReporter: Compat change id reported: 168419799; UID 10084; state: DISABLED
12-09 10:37:53.792 1509 2100 I wm_pause_activity: [0,12743551,com.android.launcher3/.uioverrides.QuickstepLauncher,userLeaving=true,pauseBackTasks]
12-09 10:37:53.799 2529 2529 I wm_on_top_resumed_lost_called: [12743551,com.android.launcher3.uioverrides.QuickstepLauncher,topStateChangedWhenResumed]
12-09 10:37:53.803 2529 2529 I wm_on_paused_called: [12743551,com.android.launcher3.uioverrides.QuickstepLauncher,performPause]
12-09 10:37:53.804 1509 2774 I ActivityTaskManager: FOREGROUND_APPLICATION_CHANGED to com.android.music.VideoBrowserActivity
12-09 10:37:53.805 1509 2774 I ActivityTaskManager: The Process com.android.music Already Exists in BG. So sending its PID: 18806
12-09 10:37:53.805 1509 2774 W ActivityTaskManager: Tried to set launchTime (0) < mLastActivityLaunchTime (19064347)
12-09 10:37:53.805 1509 2774 I wm_add_to_stopping: [0,12743551,com.android.launcher3/.uioverrides.QuickstepLauncher,makeInvisible]
12-09 10:37:53.806 1509 2774 I wm_restart_activity: [0,35440881,154,com.android.music/.VideoBrowserActivity]
12-09 10:37:53.807 1509 2774 I wm_set_resumed_activity: [0,com.android.music/.VideoBrowserActivity,minimalResumeActivityLocked]
12-09 10:37:53.818 1509 1597 I sysui_multi_action: [757,803,799,window_time_0,802,14]
12-09 10:37:53.825 12356 12373 W ContextImpl: Calling a method in the system process without a qualified user: android.app.ContextImpl.startService:1816 android.content.ContextWrapper.startService:774 com.thundercomm.gamemode.ingame.services.GameModeActionUtils.startGameModeService:99 com.thundercomm.gamemode.ingame.services.GameModeActionUtils.startGameModeEntry:22 com.thundercomm.gamemode.ingame.services.ActivityMonitoringService$1.onActivityLaunch:127
12-09 10:37:53.832 1509 1509 I GameModeConfig: Current uri is uri = content://com.thundercomm.gamemode.api/gamemode_settings/gamemode_isgaming
12-09 10:37:53.835 1509 1680 I input_focus: [Focus leaving e069207 com.android.launcher3/com.android.launcher3.uioverrides.QuickstepLauncher (server),reason=NO_WINDOW]
12-09 10:37:53.836 1509 1509 I GameModeConfig: isGameModeOn = false
12-09 10:37:53.836 1509 1509 I GameModeConfig: isGameModeOn = false
12-09 10:37:53.836 1509 1509 I GameModeConfig: isDisableVoice = true
12-09 10:37:53.842 1509 1604 I am_pss : [18806,10084,com.android.music,46469120,40673280,0,167022592,0,2,9]
12-09 10:37:53.860 1509 1604 I am_pss : [16969,1000,com.android.settings,162501632,148213760,0,299634688,0,16,16]
12-09 10:37:53.868 18806 18806 I wm_on_create_called: [35440881,com.android.music.VideoBrowserActivity,performCreate]
12-09 10:37:53.869 18806 18806 I wm_on_start_called: [35440881,com.android.music.VideoBrowserActivity,handleStartActivity]
12-09 10:37:53.869 18806 18806 I wm_on_resume_called: [35440881,com.android.music.VideoBrowserActivity,RESUME_ACTIVITY]
12-09 10:37:53.872 18806 18806 I wm_on_top_resumed_gained_called: [35440881,com.android.music.VideoBrowserActivity,topStateChangedWhenResumed]
12-09 10:37:53.879 1509 1598 I input_focus: [Focus request 74be7c8 com.android.music/com.android.music.VideoBrowserActivity,reason=UpdateInputWindows]
12-09 10:37:53.893 1509 1594 I sysui_multi_action: [319,73,321,68,322,116,325,19083,757,761,758,8,759,1,806,com.android.music,871,com.android.music.VideoBrowserActivity,904,com.android.launcher3,905,0,1320,8,1321,5]
12-09 10:37:53.895 1509 1594 I wm_activity_launch_time: [0,35440881,com.android.music/.VideoBrowserActivity,116]
12-09 10:37:53.904 1509 1680 I input_focus: [Focus entering 74be7c8 com.android.music/com.android.music.VideoBrowserActivity (server),reason=setFocusedWindow]
12-09 10:37:53.922 12356 12373 W ContextImpl: Calling a method in the system process without a qualified user: android.app.ContextImpl.startService:1816 android.content.ContextWrapper.startService:774 com.thundercomm.gamemode.ingame.services.GameModeActionUtils.startGameModeService:99 com.thundercomm.gamemode.ingame.services.GameModeActionUtils.startGameModeEntry:22 com.thundercomm.gamemode.ingame.services.ActivityMonitoringService$1.onActivityLaunch:127
12-09 10:37:53.926 1509 1509 I GameModeConfig: Current uri is uri = content://com.thundercomm.gamemode.api/gamemode_settings/gamemode_isgaming
12-09 10:37:53.928 1509 1509 I GameModeConfig: isGameModeOn = false
12-09 10:37:53.931 1509 1509 I GameModeConfig: isGameModeOn = false
12-09 10:37:53.931 1509 1509 I GameModeConfig: isDisableVoice = true
12-09 10:37:54.203 0 0 I auditd : type=1400 audit(0.0:20096): avc: denied { kill } for comm="swapper/2" capability=5 scontext=u:r:kernel:s0 tcontext=u:r:kernel:s0 tclass=capability permissive=0
12-09 10:37:54.427 1509 1597 I wm_stop_activity: [0,12743551,com.android.launcher3/.uioverrides.QuickstepLauncher]
12-09 10:37:54.481 1509 6785 W FreeFormWindowHelper: exitRecentTasks type=0
12-09 10:37:54.533 2529 2529 I wm_on_stop_called: [12743551,com.android.launcher3.uioverrides.QuickstepLauncher,STOP_ACTIVITY_ITEM]
12-09 10:37:54.554 12356 12373 W ContextImpl: Calling a method in the system process without a qualified user: android.app.ContextImpl.startService:1816 android.content.ContextWrapper.startService:774 com.thundercomm.gamemode.ingame.services.GameModeActionUtils.startGameModeService:99 com.thundercomm.gamemode.ingame.services.GameModeActionUtils.startGameModeEntry:22 com.thundercomm.gamemode.ingame.services.ActivityMonitoringService$1.onActivityLaunch:127
12-09 10:37:54.560 1509 1509 I GameModeConfig: Current uri is uri = content://com.thundercomm.gamemode.api/gamemode_settings/gamemode_isgaming
12-09 10:37:54.566 1509 1509 I GameModeConfig: isGameModeOn = false
12-09 10:37:54.566 1509 1509 I GameModeConfig: isGameModeOn = false
12-09 10:37:54.566 1509 1509 I GameModeConfig: isDisableVoice = true
12-09 10:37:54.638 1509 1680 I input_interaction: Interaction with: 74be7c8 com.android.music/com.android.music.VideoBrowserActivity (server), edge-swipe (server), swipe-up (server), PointerEventDispatcher0 (server),
12-09 10:37:55.203 0 0 I auditd : type=1400 audit(0.0:20097): avc: denied { kill } for comm="swapper/2" capability=5 scontext=u:r:kernel:s0 tcontext=u:r:kernel:s0 tclass=capability permissive=0
12-09 10:37:55.857 18806 18806 I view_enqueue_input_event: [Motion - Cancel,com.android.music/com.android.music.VideoBrowserActivity]
12-09 10:37:55.859 1509 1680 I input_interaction: Interaction with: edge-swipe (server), swipe-up (server), PointerEventDispatcher0 (server),
12-09 10:37:56.055 1509 6786 I sysui_multi_action: [757,803,799,key_back_press,802,1]
12-09 10:37:56.058 1509 1680 I input_interaction: Interaction with: 74be7c8 com.android.music/com.android.music.VideoBrowserActivity (server), PointerEventDispatcher0 (server),
12-09 10:37:56.062 1509 6786 I wm_finish_activity: [0,35440881,154,com.android.music/.VideoBrowserActivity,app-request]
12-09 10:37:56.063 1509 6786 I wm_task_moved: [39,1,9]
12-09 10:37:56.064 1509 6786 I wm_task_moved: [40,1,2147483647]
12-09 10:37:56.064 1509 6786 I wm_task_to_front: [0,40]
12-09 10:37:56.064 1509 6786 I wm_focused_root_task: [0,0,39,154,finish-top adjustFocusToNextFocusableTask]
12-09 10:37:56.065 1509 6786 I wm_set_resumed_activity: [0,com.android.launcher3/.uioverrides.QuickstepLauncher,finish-top adjustFocusToNextFocusableTask]
12-09 10:37:56.071 1509 6786 I wm_pause_activity: [0,35440881,com.android.music/.VideoBrowserActivity,userLeaving=false,finish]
12-09 10:37:56.074 18806 18806 I wm_on_top_resumed_lost_called: [35440881,com.android.music.VideoBrowserActivity,topStateChangedWhenResumed]
12-09 10:37:56.085 18806 18806 I wm_on_paused_called: [35440881,com.android.music.VideoBrowserActivity,performPause]
12-09 10:37:56.088 1509 6786 I wm_add_to_stopping: [0,35440881,com.android.music/.VideoBrowserActivity,completeFinishing]
12-09 10:37:56.089 1509 6786 I ActivityTaskManager: FOREGROUND_APPLICATION_CHANGED to com.android.launcher3.uioverrides.QuickstepLauncher
12-09 10:37:56.090 1509 6786 I wm_set_resumed_activity: [0,com.android.launcher3/.uioverrides.QuickstepLauncher,resumeTopActivityInnerLocked]
12-09 10:37:56.091 1509 6786 I wm_resume_activity: [0,12743551,40,com.android.launcher3/.uioverrides.QuickstepLauncher]
12-09 10:37:56.101 1509 1597 I sysui_multi_action: [757,803,799,window_time_0,802,2]
12-09 10:37:56.112 1509 1680 I input_focus: [Focus leaving 74be7c8 com.android.music/com.android.music.VideoBrowserActivity (server),reason=NO_WINDOW]
12-09 10:37:56.114 2529 2529 I wm_on_restart_called: [12743551,com.android.launcher3.uioverrides.QuickstepLauncher,performRestartActivity]
12-09 10:37:56.115 2529 2529 I wm_on_start_called: [12743551,com.android.launcher3.uioverrides.QuickstepLauncher,handleStartActivity]
12-09 10:37:56.115 2529 2529 I wm_on_resume_called: [12743551,com.android.launcher3.uioverrides.QuickstepLauncher,RESUME_ACTIVITY]
12-09 10:37:56.115 2529 2529 I wm_on_top_resumed_gained_called: [12743551,com.android.launcher3.uioverrides.QuickstepLauncher,topWhenResuming]
12-09 10:37:56.122 12356 12373 W ContextImpl: Calling a method in the system process without a qualified user: android.app.ContextImpl.startService:1816 android.content.ContextWrapper.startService:774 com.thundercomm.gamemode.ingame.services.GameModeActionUtils.startGameModeService:99 com.thundercomm.gamemode.ingame.services.GameModeActionUtils.startGameModeEntry:22 com.thundercomm.gamemode.ingame.services.ActivityMonitoringService$1.onActivityLaunch:127
12-09 10:37:56.136 1509 1509 I GameModeConfig: Current uri is uri = content://com.thundercomm.gamemode.api/gamemode_settings/gamemode_isgaming
12-09 10:37:56.141 1509 1509 I GameModeConfig: isGameModeOn = false
12-09 10:37:56.142 1509 1509 I GameModeConfig: isGameModeOn = false
12-09 10:37:56.142 1509 1509 I GameModeConfig: isDisableVoice = true
12-09 10:37:56.143 1509 1598 I input_focus: [Focus request e069207 com.android.launcher3/com.android.launcher3.uioverrides.QuickstepLauncher,reason=UpdateInputWindows]
12-09 10:37:56.178 1509 1680 I input_focus: [Focus entering e069207 com.android.launcher3/com.android.launcher3.uioverrides.QuickstepLauncher (server),reason=Window became focusable. Previous reason: NOT_VISIBLE]
12-09 10:37:56.202 12356 12373 W ContextImpl: Calling a method in the system process without a qualified user: android.app.ContextImpl.startService:1816 android.content.ContextWrapper.startService:774 com.thundercomm.gamemode.ingame.services.GameModeActionUtils.startGameModeService:99 com.thundercomm.gamemode.ingame.services.GameModeActionUtils.startGameModeEntry:22 com.thundercomm.gamemode.ingame.services.ActivityMonitoringService$1.onActivityLaunch:127
12-09 10:37:56.206 1509 1509 I GameModeConfig: Current uri is uri = content://com.thundercomm.gamemode.api/gamemode_settings/gamemode_isgaming
12-09 10:37:56.213 1509 1509 I GameModeConfig: isGameModeOn = false
12-09 10:37:56.216 1509 1509 I GameModeConfig: isGameModeOn = false
12-09 10:37:56.216 1509 1509 I GameModeConfig: isDisableVoice = true
12-09 10:37:56.515 1509 1597 I wm_destroy_activity: [0,35440881,154,com.android.music/.VideoBrowserActivity,finish-imm:idle]
12-09 10:37:56.531 12356 12373 W ContextImpl: Calling a method in the system process without a qualified user: android.app.ContextImpl.startService:1816 android.content.ContextWrapper.startService:774 com.thundercomm.gamemode.ingame.services.GameModeActionUtils.startGameModeService:99 com.thundercomm.gamemode.ingame.services.GameModeActionUtils.startGameModeEntry:22 com.thundercomm.gamemode.ingame.services.ActivityMonitoringService$1.onActivityLaunch:127
12-09 10:37:56.537 1509 1509 I GameModeConfig: Current uri is uri = content://com.thundercomm.gamemode.api/gamemode_settings/gamemode_isgaming
12-09 10:37:56.540 1509 1509 I GameModeConfig: isGameModeOn = false
12-09 10:37:56.540 1509 1509 I GameModeConfig: isGameModeOn = false
12-09 10:37:56.540 1509 1509 I GameModeConfig: isDisableVoice = true
12-09 10:37:56.542 18806 18806 I wm_on_stop_called: [35440881,com.android.music.VideoBrowserActivity,LIFECYCLER_STOP_ACTIVITY]
12-09 10:37:56.544 18806 18806 I wm_on_destroy_called: [35440881,com.android.music.VideoBrowserActivity,performDestroy]
12-09 10:37:56.550 1509 6785 I wm_task_removed: [154,removeChild:removeChild last r=ActivityRecord{21cc8f1 u0 com.android.music/.VideoBrowserActivity t-1 f}} in t=Task{19b4062 #154 type=standard A=10084:android.task.video U=0 visible=false mode=fullscreen translucent=true sz=0}]
12-09 10:37:56.550 1509 6785 I wm_task_removed: [154,removeChild]
12-09 10:37:56.552 1509 1598 W ActivityTaskManager: Can't find TaskDisplayArea to determine support for multi window. Task id=154 attached=false
12-09 10:37:56.552 1509 1598 W ActivityTaskManager: Can't find TaskDisplayArea to determine support for multi window. Task id=154 attached=false
12-09 10:37:56.953 1509 1680 I input_interaction: Interaction with: e069207 com.android.launcher3/com.android.launcher3.uioverrides.QuickstepLauncher (server), 3f8408a com.android.systemui.ImageWallpaper (server), edge-swipe (server), swipe-up (server), PointerEventDispatcher0 (server),
12-09 10:37:57.008 1509 1680 I input_interaction: Interaction with: edge-swipe (server), swipe-up (server), PointerEventDispatcher0 (server),
12-09 10:37:57.012 2529 2529 I view_enqueue_input_event: [Motion - Cancel,com.android.launcher3/com.android.launcher3.uioverrides.QuickstepLauncher]
12-09 10:37:57.020 1509 2100 W ActivityTaskManager: getTaskSnapshot: taskId=3146 not found
12-09 10:37:57.021 1509 2100 W ActivityTaskManager: getTaskSnapshot: taskId=2146 not found
12-09 10:37:57.021 1509 2100 W ActivityTaskManager: getTaskSnapshot: taskId=1146 not found
12-09 10:37:57.182 1509 1665 I commit_sys_config_file: [settings-1-0,6]
12-09 10:37:57.203 0 0 I auditd : type=1400 audit(0.0:20098): avc: denied { kill } for comm="swapper/0" capability=5 scontext=u:r:kernel:s0 tcontext=u:r:kernel:s0 tclass=capability permissive=0
12-09 10:37:57.308 1509 2730 E TaskPersister: File error accessing recents directory (directory doesn't exist?).
12-09 10:37:57.621 1509 1665 I commit_sys_config_file: [settings-1-0,11]
12-09 10:37:58.225 1509 1680 I input_interaction: Interaction with: e069207 com.android.launcher3/com.android.launcher3.uioverrides.QuickstepLauncher (server), 3f8408a com.android.systemui.ImageWallpaper (server), edge-swipe (server), swipe-up (server), PointerEventDispatcher0 (server),
12-09 10:37:58.779 1509 2774 I wm_finish_activity: [0,263670370,146,com.android.settings/.homepage.SettingsHomepageActivity,recent-task-trimmed]
12-09 10:37:58.782 1509 2774 I wm_destroy_activity: [0,263670370,146,com.android.settings/.homepage.SettingsHomepageActivity,finish-imm:finishIfPossible]
12-09 10:37:58.785 1509 2774 I wm_finish_activity: [0,18652598,152,com.android.music/.MusicBrowserActivity,recent-task-trimmed]
12-09 10:37:58.785 1509 1597 I ActivityManager: Killing 16969:com.android.settings/1000 (adj 900): remove task
12-09 10:37:58.785 1509 1597 I am_kill : [0,16969,com.android.settings,900,remove task]
12-09 10:37:58.789 1509 2774 I wm_destroy_activity: [0,18652598,152,com.android.music/.MusicBrowserActivity,finish-imm:finishIfPossible]
12-09 10:37:58.791 1509 2774 I wm_finish_activity: [0,163556396,139,com.android.gallery3d/.app.GalleryActivity,recent-task-trimmed]
12-09 10:37:58.793 1509 2774 I wm_destroy_activity: [0,163556396,139,com.android.gallery3d/.app.GalleryActivity,finish-imm:finishIfPossible]
12-09 10:37:58.799 1509 1597 I sysui_multi_action: [757,803,799,window_time_0,802,3]
12-09 10:37:58.802 1509 2730 E TaskPersister: File error accessing recents directory (directory doesn't exist?).
12-09 10:37:58.805 18810 18810 I wm_on_destroy_called: [163556396,com.android.gallery3d.app.GalleryActivity,performDestroy]
12-09 10:37:58.806 1509 1597 I sysui_multi_action: [757,803,799,window_time_0,802,0]
12-09 10:37:58.807 18806 18806 I wm_on_destroy_called: [18652598,com.android.music.MusicBrowserActivity,performDestroy]
12-09 10:37:58.808 1509 1597 I ActivityManager: Killing 18810:com.android.gallery3d/u0a71 (adj 0): remove task
12-09 10:37:58.808 1509 1597 I am_kill : [0,18810,com.android.gallery3d,0,remove task]
12-09 10:37:58.814 1509 1597 I sysui_multi_action: [757,803,799,window_time_0,802,0]
12-09 10:37:58.816 1509 1604 W UsageStatsService: Unexpected activity event reported! (com.android.music/com.android.music.MusicBrowserActivity event : 23 instanceId : 235794769)
12-09 10:37:58.816 1509 2100 I wm_task_removed: [152,removeChild:removeChild last r=ActivityRecord{11c9db6 u0 com.android.music/.MusicBrowserActivity t-1 f}} in t=Task{8cac515 #152 type=standard A=10084:android.task.music U=0 visible=false mode=fullscreen translucent=true sz=0}]
12-09 10:37:58.816 1509 2100 I wm_task_removed: [152,removeChild]
12-09 10:37:58.823 1509 1598 W ActivityTaskManager: Can't find TaskDisplayArea to determine support for multi window. Task id=152 attached=false
12-09 10:37:58.823 1509 1598 W ActivityTaskManager: Can't find TaskDisplayArea to determine support for multi window. Task id=152 attached=false
12-09 10:37:58.829 1509 2730 E TaskPersister: File error accessing recents directory (directory doesn't exist?).
12-09 10:37:58.855 1509 16669 I WindowManager: WIN DEATH: Window{c050e60 u0 com.android.gallery3d/com.android.gallery3d.app.GalleryActivity}
12-09 10:37:58.857 1509 2100 I am_proc_died: [0,18810,com.android.gallery3d,0,10]
12-09 10:37:58.859 1509 2100 I am_uid_stopped: 10071
12-09 10:37:58.860 1509 2100 I wm_task_removed: [139,removeChild:removeChild last r=ActivityRecord{9bfac2c u0 com.android.gallery3d/.app.GalleryActivity t-1 f}} in t=Task{5303d24 #139 type=standard A=10071:com.android.gallery3d U=0 visible=false mode=fullscreen translucent=true sz=0}]
12-09 10:37:58.860 1509 2100 I wm_task_removed: [139,removeChild]
12-09 10:37:58.862 1509 1597 W ActivityManager: setHasOverlayUi called on unknown pid: 18810
12-09 10:37:58.862 1509 1598 W ActivityTaskManager: Can't find TaskDisplayArea to determine support for multi window. Task id=139 attached=false
12-09 10:37:58.862 1509 1598 W ActivityTaskManager: Can't find TaskDisplayArea to determine support for multi window. Task id=139 attached=false
12-09 10:37:58.865 1509 1597 W ActivityManager: ProcessRecord{f35f9d3 16969:com.android.settings/1000} is attached to a previous process
12-09 10:37:58.866 1509 1597 W ActivityManager: Existing proc ProcessRecord{f35f9d3 16969:com.android.settings/1000} was killed 79ms ago when adding ProcessRecord{28235d 0:com.android.settings/1000}
12-09 10:37:58.867 1509 1597 D CompatibilityChangeReporter: Compat change id reported: 135634846; UID 1000; state: DISABLED
12-09 10:37:58.867 1509 1597 D CompatibilityChangeReporter: Compat change id reported: 177438394; UID 1000; state: DISABLED
12-09 10:37:58.867 1509 1597 D CompatibilityChangeReporter: Compat change id reported: 135772972; UID 1000; state: DISABLED
12-09 10:37:58.867 1509 1597 D CompatibilityChangeReporter: Compat change id reported: 135754954; UID 1000; state: ENABLED
12-09 10:37:58.868 1509 1597 I am_uid_running: 10071
12-09 10:37:58.868 1509 1597 D CompatibilityChangeReporter: Compat change id reported: 135634846; UID 10071; state: DISABLED
12-09 10:37:58.868 1509 1597 D CompatibilityChangeReporter: Compat change id reported: 177438394; UID 10071; state: DISABLED
12-09 10:37:58.868 1509 1597 D CompatibilityChangeReporter: Compat change id reported: 135772972; UID 10071; state: DISABLED
12-09 10:37:58.868 1509 1597 D CompatibilityChangeReporter: Compat change id reported: 135754954; UID 10071; state: DISABLED
12-09 10:37:58.876 1509 1604 I am_pss : [17027,1000,com.qti.diagservices,6045696,3788800,0,93704192,0,10,6]
12-09 10:37:58.877 1509 1604 W UsageStatsService: Unexpected activity event reported! (com.android.gallery3d/com.android.gallery3d.app.GalleryActivity event : 23 instanceId : 102400057)
12-09 10:37:58.902 12356 12373 W ContextImpl: Calling a method in the system process without a qualified user: android.app.ContextImpl.startService:1816 android.content.ContextWrapper.startService:774 com.thundercomm.gamemode.ingame.services.GameModeActionUtils.startGameModeService:99 com.thundercomm.gamemode.ingame.services.GameModeActionUtils.startGameModeEntry:22 com.thundercomm.gamemode.ingame.services.ActivityMonitoringService$1.onActivityLaunch:127
12-09 10:37:58.906 1509 1509 I GameModeConfig: Current uri is uri = content://com.thundercomm.gamemode.api/gamemode_settings/gamemode_isgaming
12-09 10:37:58.908 1509 1509 I GameModeConfig: isGameModeOn = false
12-09 10:37:58.908 1509 1509 I GameModeConfig: isGameModeOn = false
12-09 10:37:58.908 1509 1509 I GameModeConfig: isDisableVoice = true
12-09 10:37:58.915 1509 5541 I WindowManager: WIN DEATH: Window{5461b5e u0 com.android.settings/com.android.settings.homepage.SettingsHomepageActivity}
12-09 10:37:58.915 1509 2774 I am_proc_died: [0,16969,com.android.settings,900,18]
12-09 10:37:58.920 1509 1606 W ActivityManager: Slow operation: 54ms so far, now at startProcess: asking zygote to start proc
12-09 10:37:58.922 1509 2774 I wm_task_removed: [146,removeChild:removeChild last r=ActivityRecord{fb74a62 u0 com.android.settings/.homepage.SettingsHomepageActivity t-1 f}} in t=Task{fd9cfc5 #146 type=standard A=1000:com.android.settings.root U=0 visible=false mode=fullscreen translucent=true sz=0}]
12-09 10:37:58.922 1509 2774 I wm_task_removed: [146,removeChild]
12-09 10:37:58.926 1509 1598 W ActivityTaskManager: Can't find TaskDisplayArea to determine support for multi window. Task id=146 attached=false
12-09 10:37:58.926 1509 1598 W ActivityTaskManager: Can't find TaskDisplayArea to determine support for multi window. Task id=146 attached=false
12-09 10:37:58.926 1509 1597 W ActivityManager: setHasOverlayUi called on unknown pid: 16969
12-09 10:37:58.929 1509 1606 W ActivityManager: Slow operation: 63ms so far, now at startProcess: returned from zygote!
12-09 10:37:58.929 1509 1606 W ActivityManager: Slow operation: 63ms so far, now at startProcess: done updating battery stats
12-09 10:37:58.929 1509 1606 I am_proc_start: [0,19364,1000,com.android.settings,NULL,]
12-09 10:37:58.929 1509 1606 W ActivityManager: Slow operation: 63ms so far, now at startProcess: building log message
12-09 10:37:58.929 1509 1606 I ActivityManager: Start proc 19364:com.android.settings/1000 for null
12-09 10:37:58.929 1509 1606 W ActivityManager: Slow operation: 63ms so far, now at startProcess: starting to update pids map
12-09 10:37:58.930 1509 1606 W ActivityManager: Slow operation: 64ms so far, now at startProcess: done updating pids map
12-09 10:37:58.930 1509 1606 W ActivityManager: Slow operation: 62ms so far, now at startProcess: asking zygote to start proc
12-09 10:37:58.930 1509 1606 D CompatibilityChangeReporter: Compat change id reported: 143937733; UID 10071; state: DISABLED
12-09 10:37:58.938 1509 1604 I am_pss : [18854,10069,com.android.calendar,6365184,4018176,0,91762688,0,19,5]
12-09 10:37:58.938 1509 1606 W ActivityManager: Slow operation: 70ms so far, now at startProcess: returned from zygote!
12-09 10:37:58.938 1509 1606 W ActivityManager: Slow operation: 70ms so far, now at startProcess: done updating battery stats
12-09 10:37:58.938 1509 1606 I am_proc_start: [0,19365,10071,com.android.gallery3d,NULL,]
12-09 10:37:58.938 1509 1606 W ActivityManager: Slow operation: 70ms so far, now at startProcess: building log message
12-09 10:37:58.938 1509 1606 I ActivityManager: Start proc 19365:com.android.gallery3d/u0a71 for null
12-09 10:37:58.938 1509 1606 W ActivityManager: Slow operation: 70ms so far, now at startProcess: starting to update pids map
12-09 10:37:58.939 1509 1606 W ActivityManager: Slow operation: 70ms so far, now at startProcess: done updating pids map
12-09 10:37:58.946 1509 1604 I am_pss : [18821,10067,com.android.deskclock,9082880,6184960,0,95965184,0,19,5]
12-09 10:37:58.953 1509 1604 I am_pss : [18826,10061,com.android.soundrecorder,5811200,3973120,0,89071616,0,19,4]
12-09 10:37:58.954 1509 1604 W UsageStatsService: Unexpected activity event reported! (com.android.settings/com.android.settings.homepage.SettingsHomepageActivity event : 23 instanceId : 232912173)
12-09 10:37:58.957 1509 2774 I am_proc_bound: [0,19364,com.android.settings]
12-09 10:37:58.966 1509 2774 I am_proc_bound: [0,19365,com.android.gallery3d]
12-09 10:37:59.033 1509 1680 I input_interaction: Interaction with: 2891114 StatusBar (server), edge-swipe (server), swipe-up (server), PointerEventDispatcher0 (server),
12-09 10:37:59.037 1962 1962 I sysui_multi_action: [757,803,799,panel_open,802,1]
12-09 10:37:59.039 1962 1962 I sysui_multi_action: [757,1328,758,4,1326,66,1327,1,1329,0]
12-09 10:37:59.054 1509 1774 I sysui_multi_action: [757,127,758,1]
12-09 10:37:59.054 1509 1774 I sysui_multi_action: [757,804,799,note_load,801,2,802,1]
12-09 10:37:59.054 1509 1774 I notification_panel_revealed: 2
12-09 10:37:59.057 1962 1962 I sysui_multi_action: [757,111,758,2]
12-09 10:37:59.057 1509 1509 I notification_enqueue: [10082,1962,com.android.systemui,2048,NULL,0,Notification(channel=updateNotification shortcut=null contentView=null vibrate=null sound=null defaults=0x0 flags=0x0 color=0x00000000 vis=PRIVATE),1]
12-09 10:37:59.057 1962 1962 I sysui_multi_action: [757,111,758,2]
12-09 10:37:59.061 1509 1737 I GameModeConfig: isGameModeOn = false
12-09 10:37:59.061 1509 1737 I GameModeConfig: isGameModeOn = false
12-09 10:37:59.061 1509 1737 I GameModeConfig: isGameModeOn = false
12-09 10:37:59.061 1509 1737 I GameModeConfig: isGameModeOn = false
12-09 10:37:59.075 1509 1598 I input_focus: [Focus request 990558b NotificationShade,reason=UpdateInputWindows]
12-09 10:37:59.078 1962 1962 I sysui_multi_action: [757,111,758,1]
12-09 10:37:59.078 1962 1962 I sysui_multi_action: [757,126,758,1,759,126,927,0,928,0,1593,1]
12-09 10:37:59.078 1962 1962 I sysui_multi_action: [757,113,758,1,759,113,927,1,928,1,1593,1]
12-09 10:37:59.078 1962 1962 I sysui_multi_action: [757,0,758,1,759,0,927,2,928,0,1593,1]
12-09 10:37:59.078 1962 1962 I sysui_multi_action: [757,0,758,1,759,0,927,3,928,0,1593,1]
12-09 10:37:59.079 1962 1962 I sysui_multi_action: [757,491,758,1,759,491,927,4,928,0,1311,-1,1593,0]
12-09 10:37:59.079 1962 1962 I sysui_multi_action: [757,0,758,1,759,0,927,5,928,0,1593,0]
12-09 10:37:59.079 1962 1962 I sysui_multi_action: [757,120,758,1,759,120,927,6,928,1,1593,0]
12-09 10:37:59.079 1962 1962 I sysui_multi_action: [757,111,758,1]
12-09 10:37:59.079 1962 1962 I sysui_multi_action: [757,126,758,1,759,126,927,0,928,0,1593,1]
12-09 10:37:59.079 1962 1962 I sysui_multi_action: [757,113,758,1,759,113,927,1,928,1,1593,1]
12-09 10:37:59.079 1962 1962 I sysui_multi_action: [757,0,758,1,759,0,927,2,928,0,1593,1]
12-09 10:37:59.079 1962 1962 I sysui_multi_action: [757,0,758,1,759,0,927,3,928,0,1593,1]
12-09 10:37:59.092 1509 1737 I GameModeConfig: isGameModeOn = false
12-09 10:37:59.092 1509 1737 I GameModeConfig: isGameModeOn = false
12-09 10:37:59.092 1509 1737 I GameModeConfig: isGameModeOn = false
12-09 10:37:59.092 1509 1737 I GameModeConfig: isGameModeOn = false
12-09 10:37:59.093 1962 1962 I sysui_multi_action: [757,111,758,2]
12-09 10:37:59.093 1509 1509 I notification_enqueue: [10082,1962,com.android.systemui,2048,NULL,0,Notification(channel=updateNotification shortcut=null contentView=null vibrate=null sound=null defaults=0x0 flags=0x0 color=0x00000000 vis=PRIVATE),1]
12-09 10:37:59.093 1962 1962 I sysui_multi_action: [757,111,758,2]
12-09 10:37:59.098 1962 1962 I sysui_multi_action: [757,111,758,1]
12-09 10:37:59.098 1962 1962 I sysui_multi_action: [757,126,758,1,759,126,927,0,928,0,1593,1]
12-09 10:37:59.098 1962 1962 I sysui_multi_action: [757,113,758,1,759,113,927,1,928,1,1593,1]
12-09 10:37:59.099 1962 1962 I sysui_multi_action: [757,0,758,1,759,0,927,2,928,0,1593,1]
12-09 10:37:59.099 1962 1962 I sysui_multi_action: [757,0,758,1,759,0,927,3,928,0,1593,1]
12-09 10:37:59.099 1962 1962 I sysui_multi_action: [757,491,758,1,759,491,927,4,928,0,1311,-1,1593,0]
12-09 10:37:59.099 1962 1962 I sysui_multi_action: [757,0,758,1,759,0,927,5,928,0,1593,0]
12-09 10:37:59.099 1962 1962 I sysui_multi_action: [757,120,758,1,759,120,927,6,928,1,1593,0]
12-09 10:37:59.099 1962 1962 I sysui_multi_action: [757,111,758,1]
12-09 10:37:59.099 1962 1962 I sysui_multi_action: [757,126,758,1,759,126,927,0,928,0,1593,1]
12-09 10:37:59.099 1962 1962 I sysui_multi_action: [757,113,758,1,759,113,927,1,928,1,1593,1]
12-09 10:37:59.099 1962 1962 I sysui_multi_action: [757,0,758,1,759,0,927,2,928,0,1593,1]
12-09 10:37:59.099 1962 1962 I sysui_multi_action: [757,0,758,1,759,0,927,3,928,0,1593,1]
12-09 10:37:59.101 1509 1680 I input_focus: [Focus leaving e069207 com.android.launcher3/com.android.launcher3.uioverrides.QuickstepLauncher (server),reason=setFocusedWindow]
12-09 10:37:59.101 1509 1680 I input_focus: [Focus entering 990558b NotificationShade (server),reason=setFocusedWindow]
12-09 10:37:59.116 1509 1737 I GameModeConfig: isGameModeOn = false
12-09 10:37:59.116 1509 1737 I GameModeConfig: isGameModeOn = false
12-09 10:37:59.117 1509 1737 I GameModeConfig: isGameModeOn = false
12-09 10:37:59.117 1509 1737 I GameModeConfig: isGameModeOn = false
12-09 10:37:59.118 1962 1962 I sysui_multi_action: [757,111,758,2]
12-09 10:37:59.118 1962 1962 I sysui_multi_action: [757,111,758,2]
12-09 10:37:59.120 1509 1509 I notification_enqueue: [10082,1962,com.android.systemui,2048,NULL,0,Notification(channel=updateNotification shortcut=null contentView=null vibrate=null sound=null defaults=0x0 flags=0x0 color=0x00000000 vis=PRIVATE),1]
12-09 10:37:59.123 1962 1962 I sysui_multi_action: [757,111,758,1]
12-09 10:37:59.123 1962 1962 I sysui_multi_action: [757,126,758,1,759,126,927,0,928,0,1593,1]
12-09 10:37:59.123 1962 1962 I sysui_multi_action: [757,113,758,1,759,113,927,1,928,1,1593,1]
12-09 10:37:59.123 1962 1962 I sysui_multi_action: [757,0,758,1,759,0,927,2,928,0,1593,1]
12-09 10:37:59.123 1962 1962 I sysui_multi_action: [757,0,758,1,759,0,927,3,928,0,1593,1]
12-09 10:37:59.123 1962 1962 I sysui_multi_action: [757,491,758,1,759,491,927,4,928,0,1311,-1,1593,0]
12-09 10:37:59.123 1962 1962 I sysui_multi_action: [757,0,758,1,759,0,927,5,928,0,1593,0]
12-09 10:37:59.123 1962 1962 I sysui_multi_action: [757,120,758,1,759,120,927,6,928,1,1593,0]
12-09 10:37:59.123 1962 1962 I sysui_multi_action: [757,111,758,1]
12-09 10:37:59.124 1962 1962 I sysui_multi_action: [757,126,758,1,759,126,927,0,928,0,1593,1]
12-09 10:37:59.124 1962 1962 I sysui_multi_action: [757,113,758,1,759,113,927,1,928,1,1593,1]
12-09 10:37:59.124 1962 1962 I sysui_multi_action: [757,0,758,1,759,0,927,2,928,0,1593,1]
12-09 10:37:59.124 1962 1962 I sysui_multi_action: [757,0,758,1,759,0,927,3,928,0,1593,1]
12-09 10:37:59.136 1509 1737 I GameModeConfig: isGameModeOn = false
12-09 10:37:59.136 1509 1737 I GameModeConfig: isGameModeOn = false
12-09 10:37:59.136 1509 1737 I GameModeConfig: isGameModeOn = false
12-09 10:37:59.136 1509 1737 I GameModeConfig: isGameModeOn = false
12-09 10:37:59.137 1962 1962 I sysui_multi_action: [757,111,758,2]
12-09 10:37:59.137 1962 1962 I sysui_multi_action: [757,111,758,2]
12-09 10:37:59.138 1509 1509 I notification_enqueue: [10082,1962,com.android.systemui,2048,NULL,0,Notification(channel=updateNotification shortcut=null contentView=null vibrate=null sound=null defaults=0x0 flags=0x0 color=0x00000000 vis=PRIVATE),1]
12-09 10:37:59.141 1962 1962 I sysui_multi_action: [757,111,758,1]
12-09 10:37:59.141 1962 1962 I sysui_multi_action: [757,126,758,1,759,126,927,0,928,0,1593,1]
12-09 10:37:59.141 1962 1962 I sysui_multi_action: [757,113,758,1,759,113,927,1,928,1,1593,1]
12-09 10:37:59.141 1962 1962 I sysui_multi_action: [757,0,758,1,759,0,927,2,928,0,1593,1]
12-09 10:37:59.141 1962 1962 I sysui_multi_action: [757,0,758,1,759,0,927,3,928,0,1593,1]
12-09 10:37:59.141 1962 1962 I sysui_multi_action: [757,491,758,1,759,491,927,4,928,0,1311,-1,1593,1]
12-09 10:37:59.142 1962 1962 I sysui_multi_action: [757,0,758,1,759,0,927,5,928,0,1593,1]
12-09 10:37:59.142 1962 1962 I sysui_multi_action: [757,120,758,1,759,120,927,6,928,1,1593,1]
12-09 10:37:59.142 1962 1962 I sysui_multi_action: [757,111,758,1]
12-09 10:37:59.142 1962 1962 I sysui_multi_action: [757,126,758,1,759,126,927,0,928,0,1593,0]
12-09 10:37:59.142 1962 1962 I sysui_multi_action: [757,113,758,1,759,113,927,1,928,1,1593,0]
12-09 10:37:59.142 1962 1962 I sysui_multi_action: [757,0,758,1,759,0,927,2,928,0,1593,0]
12-09 10:37:59.142 1962 1962 I sysui_multi_action: [757,0,758,1,759,0,927,3,928,0,1593,0]
12-09 10:37:59.152 1509 1737 I GameModeConfig: isGameModeOn = false
12-09 10:37:59.152 1509 1737 I GameModeConfig: isGameModeOn = false
12-09 10:37:59.152 1509 1737 I GameModeConfig: isGameModeOn = false
12-09 10:37:59.153 1509 1737 I GameModeConfig: isGameModeOn = false
12-09 10:37:59.153 1962 1962 I sysui_multi_action: [757,111,758,2]
12-09 10:37:59.153 1509 1509 I notification_enqueue: [10082,1962,com.android.systemui,2048,NULL,0,Notification(channel=updateNotification shortcut=null contentView=null vibrate=null sound=null defaults=0x0 flags=0x0 color=0x00000000 vis=PRIVATE),1]
12-09 10:37:59.153 1962 1962 I sysui_multi_action: [757,111,758,2]
12-09 10:37:59.157 1962 1962 I sysui_multi_action: [757,111,758,1]
12-09 10:37:59.157 1962 1962 I sysui_multi_action: [757,126,758,1,759,126,927,0,928,0,1593,0]
12-09 10:37:59.157 1962 1962 I sysui_multi_action: [757,113,758,1,759,113,927,1,928,1,1593,1]
12-09 10:37:59.157 1962 1962 I sysui_multi_action: [757,0,758,1,759,0,927,2,928,0,1593,1]
12-09 10:37:59.157 1962 1962 I sysui_multi_action: [757,0,758,1,759,0,927,3,928,0,1593,1]
