12-09 10:56:16.084 1509 16954 E UserRestrictionsUtils: Unknown restriction queried by uid 1000 (com.thundercomm.microsettings et al): null
12-09 10:56:16.084 1509 16954 E UserRestrictionsUtils: Unknown restriction queried by uid 1000 (com.thundercomm.microsettings et al): null
12-09 10:56:16.084 1509 16954 E UserRestrictionsUtils: Unknown restriction queried by uid 1000 (com.thundercomm.microsettings et al): null
12-09 10:56:16.085 1509 16954 E UserRestrictionsUtils: Unknown restriction queried by uid 1000 (com.thundercomm.microsettings et al): null
12-09 10:56:16.085 1509 16954 E UserRestrictionsUtils: Unknown restriction queried by uid 1000 (com.thundercomm.microsettings et al): null
12-09 10:56:16.085 1509 16954 E UserRestrictionsUtils: Unknown restriction queried by uid 1000 (com.thundercomm.microsettings et al): null
12-09 10:56:16.085 1509 16954 E UserRestrictionsUtils: Unknown restriction queried by uid 1000 (com.thundercomm.microsettings et al): null
12-09 10:56:16.085 1509 16954 E UserRestrictionsUtils: Unknown restriction queried by uid 1000 (com.thundercomm.microsettings et al): null
12-09 10:56:16.085 1509 16954 E UserRestrictionsUtils: Unknown restriction queried by uid 1000 (com.thundercomm.microsettings et al): null
12-09 10:56:16.085 1509 16954 E UserRestrictionsUtils: Unknown restriction queried by uid 1000 (com.thundercomm.microsettings et al): null
12-09 10:56:16.085 1509 16954 E UserRestrictionsUtils: Unknown restriction queried by uid 1000 (com.thundercomm.microsettings et al): null
12-09 10:56:16.102 20354 20354 I wm_on_start_called: [264617406,com.android.settings.Settings,handleStartActivity]
12-09 10:56:16.103 20354 20354 I snet_event_log: [120484087,-1,]
12-09 10:56:16.104 20354 20354 I wm_on_resume_called: [264617406,com.android.settings.Settings,RESUME_ACTIVITY]
12-09 10:56:16.108 20354 20354 I sysui_multi_action: [757,35,758,1,833,0,1089,28]
12-09 10:56:16.116 20354 20354 I sysui_multi_action: [757,1729,758,4,854,isParalleledControllers:false,1089,36]
12-09 10:56:16.128 20354 20354 I wm_on_top_resumed_gained_called: [264617406,com.android.settings.Settings,topStateChangedWhenResumed]
12-09 10:56:16.153 1509 1598 I input_focus: [Focus request 27047f6 com.android.settings/com.android.settings.Settings,reason=UpdateInputWindows]
12-09 10:56:16.190 1509 1598 I sysui_multi_action: [324,0,757,1090,758,12,806,com.android.settings,871,com.android.settings.Settings,1091,349]
12-09 10:56:16.195 1509 1594 I sysui_multi_action: [319,64,321,60,322,349,325,20185,757,761,758,7,759,1,806,com.android.settings,871,com.android.settings.Settings,904,com.android.launcher3,905,0,945,93,1320,8,1321,5]
12-09 10:56:16.196 1509 1594 I wm_activity_launch_time: [0,264617406,com.android.settings/.Settings,349]
12-09 10:56:16.200 1509 1680 I input_focus: [Focus entering 27047f6 com.android.settings/com.android.settings.Settings (server),reason=Window became focusable. Previous reason: NOT_VISIBLE]
12-09 10:56:16.213 20354 20354 W CarrierConfigManager: Error getting config for subId -1 ICarrierConfigLoader is null
12-09 10:56:16.216 1509 6786 E UserRestrictionsUtils: Unknown restriction queried by uid 1000 (com.thundercomm.microsettings et al): null
12-09 10:56:16.248 20354 20354 I sysui_multi_action: [757,746,758,1,833,0,1089,44]
12-09 10:56:16.249 1509 2435 D TelephonyRegistry: listen oscl: mHasNotifySubscriptionInfoChangedOccurred==false no callback
12-09 10:56:16.254 1509 6786 D TelephonyRegistry: listen oscl: mHasNotifySubscriptionInfoChangedOccurred==false no callback
12-09 10:56:16.261 20354 20354 I sysui_multi_action: [757,1729,758,4,854,isParalleledControllers:false,1089,57]
12-09 10:56:16.438 1509 1597 I wm_stop_activity: [0,12743551,com.android.launcher3/.uioverrides.QuickstepLauncher]
12-09 10:56:16.464 2529 2529 I wm_on_stop_called: [12743551,com.android.launcher3.uioverrides.QuickstepLauncher,STOP_ACTIVITY_ITEM]
12-09 10:56:16.475 12356 12373 W ContextImpl: Calling a method in the system process without a qualified user: android.app.ContextImpl.startService:1816 android.content.ContextWrapper.startService:774 com.thundercomm.gamemode.ingame.services.GameModeActionUtils.startGameModeService:99 com.thundercomm.gamemode.ingame.services.GameModeActionUtils.startGameModeEntry:22 com.thundercomm.gamemode.ingame.services.ActivityMonitoringService$1.onActivityLaunch:127
12-09 10:56:16.481 1509 1509 I GameModeConfig: Current uri is uri = content://com.thundercomm.gamemode.api/gamemode_settings/gamemode_isgaming
12-09 10:56:16.482 1509 1509 I GameModeConfig: isGameModeOn = false
12-09 10:56:16.483 1509 1509 I GameModeConfig: isGameModeOn = false
12-09 10:56:16.483 1509 1509 I GameModeConfig: isDisableVoice = true
12-09 10:56:17.191 1509 1680 I input_interaction: Interaction with: 27047f6 com.android.settings/com.android.settings.Settings (server), PointerEventDispatcher0 (server),
12-09 10:56:17.768 1509 1509 I service_manager_slow: [11,phone]
12-09 10:56:18.203 0 0 I auditd : type=1400 audit(0.0:21378): avc: denied { kill } for comm="swapper/1" capability=5 scontext=u:r:kernel:s0 tcontext=u:r:kernel:s0 tclass=capability permissive=0
12-09 10:56:18.485 1509 2730 E TaskPersister: File error accessing recents directory (directory doesn't exist?).
12-09 10:56:18.527 1509 1680 I input_interaction: Interaction with: 27047f6 com.android.settings/com.android.settings.Settings (server), edge-swipe (server), swipe-up (server), PointerEventDispatcher0 (server),
12-09 10:56:18.616 20354 20354 I sysui_multi_action: [757,830,758,4,833,0,854,top_level_apps,1089,0]
12-09 10:56:18.728 20354 20354 I sysui_multi_action: [757,746,758,2,1089,2479]
12-09 10:56:18.801 20354 20354 I sysui_multi_action: [757,65,758,1,833,0,1089,56]
12-09 10:56:18.812 20354 20354 I sysui_multi_action: [757,1729,758,4,854,isParalleledControllers:false,1089,67]
12-09 10:56:19.203 0 0 I auditd : type=1400 audit(0.0:21379): avc: denied { kill } for comm="swapper/1" capability=5 scontext=u:r:kernel:s0 tcontext=u:r:kernel:s0 tclass=capability permissive=0
12-09 10:56:19.590 1509 1680 I input_interaction: Interaction with: 27047f6 com.android.settings/com.android.settings.Settings (server), PointerEventDispatcher0 (server),
12-09 10:56:20.203 0 0 I auditd : type=1400 audit(0.0:21380): avc: denied { kill } for comm="swapper/1" capability=5 scontext=u:r:kernel:s0 tcontext=u:r:kernel:s0 tclass=capability permissive=0
12-09 10:56:20.233 1509 1680 I input_interaction: Interaction with: 27047f6 com.android.settings/com.android.settings.Settings (server), edge-swipe (server), swipe-up (server), PointerEventDispatcher0 (server),
12-09 10:56:20.335 20354 20354 I sysui_multi_action: [757,830,758,4,833,0,854,special_access,1089,0]
12-09 10:56:20.345 20354 20354 I sysui_multi_action: [757,65,758,2,1089,1543]
12-09 10:56:20.376 20354 20354 I sysui_multi_action: [757,351,758,1,833,0,1089,28]
12-09 10:56:20.377 20354 20354 I sysui_multi_action: [757,1729,758,4,854,isParalleledControllers:false,1089,29]
12-09 10:56:21.203 0 0 I auditd : type=1400 audit(0.0:21381): avc: denied { kill } for comm="swapper/1" capability=5 scontext=u:r:kernel:s0 tcontext=u:r:kernel:s0 tclass=capability permissive=0
12-09 10:56:21.291 1509 1509 I service_manager_stats: [100,124,80766]
12-09 10:56:21.372 20354 20354 I sysui_multi_action: [757,830,758,4,833,0,854,manage_external_storage,1089,0]
12-09 10:56:21.380 20354 20354 I sysui_multi_action: [757,351,758,2,1089,1003]
12-09 10:56:21.435 20354 20354 I sysui_multi_action: [757,65,758,1,833,0,1089,54]
12-09 10:56:22.203 0 0 I auditd : type=1400 audit(0.0:21382): avc: denied { kill } for comm="swapper/1" capability=5 scontext=u:r:kernel:s0 tcontext=u:r:kernel:s0 tclass=capability permissive=0
12-09 10:56:23.203 0 0 I auditd : type=1400 audit(0.0:21383): avc: denied { kill } for comm="swapper/1" capability=5 scontext=u:r:kernel:s0 tcontext=u:r:kernel:s0 tclass=capability permissive=0
12-09 10:56:24.203 0 0 I auditd : type=1400 audit(0.0:21384): avc: denied { kill } for comm="swapper/1" capability=5 scontext=u:r:kernel:s0 tcontext=u:r:kernel:s0 tclass=capability permissive=0
12-09 10:56:25.203 0 0 I auditd : type=1400 audit(0.0:21385): avc: denied { kill } for comm="swapper/1" capability=5 scontext=u:r:kernel:s0 tcontext=u:r:kernel:s0 tclass=capability permissive=0
12-09 10:56:25.648 20354 20354 I sysui_multi_action: [757,830,758,4,833,0,854,top_level_notification,1089,0]
12-09 10:56:25.753 20354 20354 I sysui_multi_action: [757,65,758,2,1089,4317]
12-09 10:56:25.782 1509 16954 E UserRestrictionsUtils: Unknown restriction queried by uid 1000 (com.thundercomm.microsettings et al): null
12-09 10:56:25.783 1509 16954 E UserRestrictionsUtils: Unknown restriction queried by uid 1000 (com.thundercomm.microsettings et al): null
12-09 10:56:25.806 20354 20354 I sysui_multi_action: [757,337,758,1,833,0,1089,45]
12-09 10:56:25.809 20354 20354 I sysui_multi_action: [757,1729,758,4,854,isParalleledControllers:false,1089,49]
12-09 10:56:26.140 20354 20354 I sysui_multi_action: [757,830,758,4,833,0,854,top_level_apps,1089,0]
12-09 10:56:26.203 0 0 I auditd : type=1400 audit(0.0:21386): avc: denied { kill } for comm="swapper/1" capability=5 scontext=u:r:kernel:s0 tcontext=u:r:kernel:s0 tclass=capability permissive=0
12-09 10:56:26.242 20354 20354 I sysui_multi_action: [757,337,758,2,1089,436]
12-09 10:56:26.282 20354 20354 I sysui_multi_action: [757,65,758,1,833,0,1089,35]
12-09 10:56:26.287 20354 20354 I sysui_multi_action: [757,1729,758,4,854,isParalleledControllers:false,1089,41]
12-09 10:56:27.203 0 0 I auditd : type=1400 audit(0.0:21387): avc: denied { kill } for comm="swapper/1" capability=5 scontext=u:r:kernel:s0 tcontext=u:r:kernel:s0 tclass=capability permissive=0
12-09 10:56:27.494 1509 1680 I input_interaction: Interaction with: 27047f6 com.android.settings/com.android.settings.Settings (server), PointerEventDispatcher0 (server),
12-09 10:56:28.088 1509 1680 I input_interaction: Interaction with: 27047f6 com.android.settings/com.android.settings.Settings (server), edge-swipe (server), swipe-up (server), PointerEventDispatcher0 (server),
12-09 10:56:28.188 20354 20354 I sysui_multi_action: [757,830,758,4,833,0,854,special_access,1089,0]
12-09 10:56:28.196 20354 20354 I sysui_multi_action: [757,65,758,2,1089,1915]
12-09 10:56:28.203 0 0 I auditd : type=1400 audit(0.0:21388): avc: denied { kill } for comm="swapper/1" capability=5 scontext=u:r:kernel:s0 tcontext=u:r:kernel:s0 tclass=capability permissive=0
12-09 10:56:28.220 20354 20354 I sysui_multi_action: [757,351,758,1,833,0,1089,21]
12-09 10:56:28.222 20354 20354 I sysui_multi_action: [757,1729,758,4,854,isParalleledControllers:false,1089,23]
12-09 10:56:29.203 0 0 I auditd : type=1400 audit(0.0:21389): avc: denied { kill } for comm="swapper/1" capability=5 scontext=u:r:kernel:s0 tcontext=u:r:kernel:s0 tclass=capability permissive=0
12-09 10:56:29.871 20354 20354 I sysui_multi_action: [757,830,758,4,833,0,854,manage_external_storage,1089,0]
12-09 10:56:29.881 20354 20354 I sysui_multi_action: [757,351,758,2,1089,1662]
12-09 10:56:29.926 20354 20354 I sysui_multi_action: [757,65,758,1,833,0,1089,44]
12-09 10:56:30.203 0 0 I auditd : type=1400 audit(0.0:21390): avc: denied { kill } for comm="swapper/1" capability=5 scontext=u:r:kernel:s0 tcontext=u:r:kernel:s0 tclass=capability permissive=0
12-09 10:56:31.203 0 0 I auditd : type=1400 audit(0.0:21391): avc: denied { kill } for comm="swapper/1" capability=5 scontext=u:r:kernel:s0 tcontext=u:r:kernel:s0 tclass=capability permissive=0
12-09 10:56:32.031 1509 1598 I input_focus: [Focus request 4a5d660 PopupWindow:e180658,reason=UpdateInputWindows]
12-09 10:56:32.057 1509 1680 I input_focus: [Focus leaving 27047f6 com.android.settings/com.android.settings.Settings (server),reason=setFocusedWindow]
12-09 10:56:32.057 1509 1680 I input_focus: [Focus entering 4a5d660 PopupWindow:e180658 (server),reason=setFocusedWindow]
12-09 10:56:32.203 0 0 I auditd : type=1400 audit(0.0:21392): avc: denied { kill } for comm="swapper/1" capability=5 scontext=u:r:kernel:s0 tcontext=u:r:kernel:s0 tclass=capability permissive=0
12-09 10:56:32.755 1509 1680 I input_interaction: Interaction with: 4a5d660 PopupWindow:e180658 (server), edge-swipe (server), swipe-up (server), PointerEventDispatcher0 (server),
12-09 10:56:32.890 20354 20354 I menu_item_selected: [0,显示系统程序]
12-09 10:56:32.915 1509 1598 I input_focus: [Focus request 27047f6 com.android.settings/com.android.settings.Settings,reason=UpdateInputWindows]
12-09 10:56:32.945 1509 1680 I input_focus: [Focus leaving 4a5d660 PopupWindow:e180658 (server),reason=NOT_FOCUSABLE]
12-09 10:56:32.945 1509 1680 I input_focus: [Focus entering 27047f6 com.android.settings/com.android.settings.Settings (server),reason=setFocusedWindow]
12-09 10:56:33.203 0 0 I auditd : type=1400 audit(0.0:21393): avc: denied { kill } for comm="swapper/1" capability=5 scontext=u:r:kernel:s0 tcontext=u:r:kernel:s0 tclass=capability permissive=0
12-09 10:56:34.203 0 0 I auditd : type=1400 audit(0.0:21394): avc: denied { kill } for comm="swapper/1" capability=5 scontext=u:r:kernel:s0 tcontext=u:r:kernel:s0 tclass=capability permissive=0
12-09 10:56:34.587 1509 1680 I input_interaction: Interaction with: 27047f6 com.android.settings/com.android.settings.Settings (server), edge-swipe (server), swipe-up (server), PointerEventDispatcher0 (server),
12-09 10:56:34.762 1509 1598 I input_focus: [Focus request 77be242 PopupWindow:4106ceb,reason=UpdateInputWindows]
12-09 10:56:34.781 1509 1680 I input_focus: [Focus leaving 27047f6 com.android.settings/com.android.settings.Settings (server),reason=setFocusedWindow]
12-09 10:56:34.781 1509 1680 I input_focus: [Focus entering 77be242 PopupWindow:4106ceb (server),reason=setFocusedWindow]
12-09 10:56:35.203 0 0 I auditd : type=1400 audit(0.0:21395): avc: denied { kill } for comm="swapper/1" capability=5 scontext=u:r:kernel:s0 tcontext=u:r:kernel:s0 tclass=capability permissive=0
12-09 10:56:35.458 1509 1680 I input_interaction: Interaction with: 77be242 PopupWindow:4106ceb (server), edge-swipe (server), swipe-up (server), PointerEventDispatcher0 (server),
12-09 10:56:35.590 20354 20354 I menu_item_selected: [0,隐藏系统程序]
12-09 10:56:35.611 1509 1598 I input_focus: [Focus request 27047f6 com.android.settings/com.android.settings.Settings,reason=UpdateInputWindows]
12-09 10:56:35.634 1509 1680 I input_focus: [Focus leaving 77be242 PopupWindow:4106ceb (server),reason=NOT_FOCUSABLE]
12-09 10:56:35.634 1509 1680 I input_focus: [Focus entering 27047f6 com.android.settings/com.android.settings.Settings (server),reason=setFocusedWindow]
12-09 10:56:36.203 0 0 I auditd : type=1400 audit(0.0:21396): avc: denied { kill } for comm="swapper/1" capability=5 scontext=u:r:kernel:s0 tcontext=u:r:kernel:s0 tclass=capability permissive=0
12-09 10:56:36.720 1509 1680 I input_interaction: Interaction with: 27047f6 com.android.settings/com.android.settings.Settings (server), edge-swipe (server), swipe-up (server), PointerEventDispatcher0 (server),
12-09 10:56:36.841 20354 20354 I menu_item_selected: [0,搜索]
12-09 10:56:36.843 20354 20354 E AndroidRuntime: FATAL EXCEPTION: main
12-09 10:56:36.843 20354 20354 E AndroidRuntime: Process: com.android.settings, PID: 20354
12-09 10:56:36.843 20354 20354 E AndroidRuntime: java.lang.NullPointerException: Attempt to invoke virtual method 'void com.google.android.material.appbar.AppBarLayout.setExpanded(boolean, boolean)' on a null object reference
12-09 10:56:36.843 20354 20354 E AndroidRuntime: at com.android.settings.applications.manageapplications.ManageApplications.onMenuItemActionExpand(ManageApplications.java:685)
12-09 10:56:36.843 20354 20354 E AndroidRuntime: at com.android.internal.view.menu.MenuItemImpl.expandActionView(MenuItemImpl.java:777)
12-09 10:56:36.843 20354 20354 E AndroidRuntime: at com.android.internal.view.menu.MenuBuilder.performItemAction(MenuBuilder.java:940)
12-09 10:56:36.843 20354 20354 E AndroidRuntime: at com.android.internal.view.menu.MenuBuilder.performItemAction(MenuBuilder.java:925)
12-09 10:56:36.843 20354 20354 E AndroidRuntime: at android.widget.ActionMenuView.invokeItem(ActionMenuView.java:620)
12-09 10:56:36.843 20354 20354 E AndroidRuntime: at com.android.internal.view.menu.ActionMenuItemView.onClick(ActionMenuItemView.java:149)
12-09 10:56:36.843 20354 20354 E AndroidRuntime: at android.view.View.performClick(View.java:7441)
12-09 10:56:36.843 20354 20354 E AndroidRuntime: at android.view.View.performClickInternal(View.java:7418)
12-09 10:56:36.843 20354 20354 E AndroidRuntime: at android.view.View.access$3700(View.java:835)
12-09 10:56:36.843 20354 20354 E AndroidRuntime: at android.view.View$PerformClick.run(View.java:28681)
12-09 10:56:36.843 20354 20354 E AndroidRuntime: at android.os.Handler.handleCallback(Handler.java:938)
12-09 10:56:36.843 20354 20354 E AndroidRuntime: at android.os.Handler.dispatchMessage(Handler.java:99)
12-09 10:56:36.843 20354 20354 E AndroidRuntime: at android.os.Looper.loopOnce(Looper.java:201)
12-09 10:56:36.843 20354 20354 E AndroidRuntime: at android.os.Looper.loop(Looper.java:288)
12-09 10:56:36.843 20354 20354 E AndroidRuntime: at android.app.ActivityThread.main(ActivityThread.java:7880)
12-09 10:56:36.843 20354 20354 E AndroidRuntime: at java.lang.reflect.Method.invoke(Native Method)
12-09 10:56:36.843 20354 20354 E AndroidRuntime: at com.android.internal.os.RuntimeInit$MethodAndArgsCaller.run(RuntimeInit.java:548)
12-09 10:56:36.843 20354 20354 E AndroidRuntime: at com.android.internal.os.ZygoteInit.main(ZygoteInit.java:1009)
12-09 10:56:36.845 1509 6786 I am_crash: [20354,0,com.android.settings,952745541,java.lang.NullPointerException,Attempt to invoke virtual method 'void com.google.android.material.appbar.AppBarLayout.setExpanded(boolean, boolean)' on a null object reference,ManageApplications.java,685]
12-09 10:56:36.849 1509 6786 W ActivityTaskManager: Force finishing activity com.android.settings/.Settings
12-09 10:56:36.849 1509 20417 I DropBoxManagerService: add tag=system_app_crash isTagEnabled=true flags=0x2
12-09 10:56:36.849 1509 6786 I wm_finish_activity: [0,264617406,168,com.android.settings/.Settings,force-crash]
12-09 10:56:36.850 1509 6786 I wm_task_moved: [39,1,6]
12-09 10:56:36.852 1509 6786 I wm_task_moved: [40,1,2147483647]
12-09 10:56:36.852 1509 6786 I wm_task_to_front: [0,40]
12-09 10:56:36.852 1509 6786 I wm_focused_root_task: [0,0,39,168,finish-top adjustFocusToNextFocusableTask]
12-09 10:56:36.853 1509 6786 I wm_set_resumed_activity: [0,com.android.launcher3/.uioverrides.QuickstepLauncher,finish-top adjustFocusToNextFocusableTask]
12-09 10:56:36.872 1509 6786 I wm_pause_activity: [0,264617406,com.android.settings/.Settings,userLeaving=false,finish]
12-09 10:56:36.881 1509 6786 I sysui_multi_action: [757,316,758,4,759,-1]
12-09 10:56:36.899 1509 1680 I input_focus: [Focus leaving 27047f6 com.android.settings/com.android.settings.Settings (server),reason=NO_WINDOW]
12-09 10:56:36.925 1509 2041 I WindowManager: WIN DEATH: Window{27047f6 u0 com.android.settings/com.android.settings.Settings}
12-09 10:56:36.926 1509 6786 I ActivityManager: Process com.android.settings (pid 20354) has died: fg TOP
12-09 10:56:36.926 1509 6786 I am_proc_died: [0,20354,com.android.settings,0,2]
12-09 10:56:36.940 1509 6786 I wm_task_removed: [168,removeChild:removeChild last r=ActivityRecord{fc5bdbe u0 com.android.settings/.Settings t-1 f}} in t=Task{6383c58 #168 type=standard A=1000:com.android.settings.root U=0 visible=false mode=fullscreen translucent=true sz=0}]
12-09 10:56:36.940 1509 6786 I wm_task_removed: [168,removeChild]
12-09 10:56:36.943 1509 6786 I ActivityTaskManager: FOREGROUND_APPLICATION_CHANGED to com.android.launcher3.uioverrides.QuickstepLauncher
12-09 10:56:36.943 1509 6786 I wm_set_resumed_activity: [0,com.android.launcher3/.uioverrides.QuickstepLauncher,resumeTopActivityInnerLocked]
12-09 10:56:36.945 1509 6786 I wm_resume_activity: [0,12743551,40,com.android.launcher3/.uioverrides.QuickstepLauncher]
12-09 10:56:36.948 1509 6786 W ActivityTaskManager: Can't find TaskDisplayArea to determine support for multi window. Task id=168 attached=false
12-09 10:56:36.948 1509 6786 W ActivityTaskManager: Can't find TaskDisplayArea to determine support for multi window. Task id=168 attached=false
12-09 10:56:36.951 1509 1597 W ActivityManager: setHasOverlayUi called on unknown pid: 20354
12-09 10:56:36.955 2529 2529 I wm_on_restart_called: [12743551,com.android.launcher3.uioverrides.QuickstepLauncher,performRestartActivity]
12-09 10:56:36.955 2529 2529 I wm_on_start_called: [12743551,com.android.launcher3.uioverrides.QuickstepLauncher,handleStartActivity]
12-09 10:56:36.956 2529 2529 I wm_on_resume_called: [12743551,com.android.launcher3.uioverrides.QuickstepLauncher,RESUME_ACTIVITY]
12-09 10:56:36.966 12356 12373 W ContextImpl: Calling a method in the system process without a qualified user: android.app.ContextImpl.startService:1816 android.content.ContextWrapper.startService:774 com.thundercomm.gamemode.ingame.services.GameModeActionUtils.startGameModeService:99 com.thundercomm.gamemode.ingame.services.GameModeActionUtils.startGameModeEntry:22 com.thundercomm.gamemode.ingame.services.ActivityMonitoringService$1.onActivityLaunch:127
12-09 10:56:36.970 1509 1598 I input_focus: [Focus request e069207 com.android.launcher3/com.android.launcher3.uioverrides.QuickstepLauncher,reason=UpdateInputWindows]
12-09 10:56:36.972 1509 1604 I am_pss : [20236,10020,android.process.acore,12703744,8916992,0,115957760,0,19,6]
12-09 10:56:36.976 1509 1509 I GameModeConfig: Current uri is uri = content://com.thundercomm.gamemode.api/gamemode_settings/gamemode_isgaming
12-09 10:56:36.983 1509 1680 I input_focus: [Focus entering e069207 com.android.launcher3/com.android.launcher3.uioverrides.QuickstepLauncher (server),reason=setFocusedWindow]
12-09 10:56:36.984 1509 1509 I GameModeConfig: isGameModeOn = false
12-09 10:56:36.985 1509 1509 I GameModeConfig: isGameModeOn = false
12-09 10:56:36.985 1509 1509 I GameModeConfig: isDisableVoice = true
12-09 10:56:37.203 0 0 I auditd : type=1400 audit(0.0:21397): avc: denied { kill } for comm="swapper/1" capability=5 scontext=u:r:kernel:s0 tcontext=u:r:kernel:s0 tclass=capability permissive=0
12-09 10:56:37.353 1509 1597 W ActivityTaskManager: Activity top resumed state loss timeout for ActivityRecord{fc5bdbe u0 com.android.settings/.Settings t-1 f}}
12-09 10:56:37.354 2529 2529 I wm_on_top_resumed_gained_called: [12743551,com.android.launcher3.uioverrides.QuickstepLauncher,topStateChangedWhenResumed]
12-09 10:56:37.619 1509 1605 I am_uid_idle: 10020
12-09 10:56:38.203 0 0 I auditd : type=1400 audit(0.0:21398): avc: denied { kill } for comm="swapper/1" capability=5 scontext=u:r:kernel:s0 tcontext=u:r:kernel:s0 tclass=capability permissive=0
12-09 10:56:38.840 1509 1680 I input_interaction: Interaction with: e069207 com.android.launcher3/com.android.launcher3.uioverrides.QuickstepLauncher (server), 3f8408a com.android.systemui.ImageWallpaper (server), edge-swipe (server), swipe-up (server), PointerEventDispatcher0 (server),
12-09 10:56:38.964 1509 2041 I ActivityTaskManager: START u0 {act=android.intent.action.MAIN cat=[android.intent.category.LAUNCHER] flg=0x10200000 cmp=com.android.settings/.Settings bnds=[2308,740][2494,940]} from uid 10076
12-09 10:56:38.970 1509 2041 I wm_task_created: [169,-1]
12-09 10:56:38.970 1509 2041 W ActivityTaskManager: Can't find TaskDisplayArea to determine support for multi window. Task id=169 attached=false
12-09 10:56:38.974 1509 2041 I wm_task_moved: [169,1,6]
12-09 10:56:38.974 1509 2041 I wm_task_to_front: [0,169]
12-09 10:56:38.975 1509 2041 I wm_create_task: [0,169]
12-09 10:56:38.975 1509 2041 I wm_create_activity: [0,55022223,169,com.android.settings/.Settings,android.intent.action.MAIN,NULL,NULL,270532608]
12-09 10:56:38.975 1509 2041 I wm_task_moved: [169,1,6]
12-09 10:56:38.978 1509 2041 I wm_pause_activity: [0,12743551,com.android.launcher3/.uioverrides.QuickstepLauncher,userLeaving=true,pauseBackTasks]
12-09 10:56:38.987 2529 2529 I wm_on_top_resumed_lost_called: [12743551,com.android.launcher3.uioverrides.QuickstepLauncher,topStateChangedWhenResumed]
12-09 10:56:38.990 2529 2529 I wm_on_paused_called: [12743551,com.android.launcher3.uioverrides.QuickstepLauncher,performPause]
12-09 10:56:38.991 1509 6639 I ActivityTaskManager: FOREGROUND_APPLICATION_CHANGED to com.android.settings.homepage.SettingsHomepageActivity
12-09 10:56:38.992 1509 6639 I wm_add_to_stopping: [0,12743551,com.android.launcher3/.uioverrides.QuickstepLauncher,makeInvisible]
12-09 10:56:38.999 1509 1597 D CompatibilityChangeReporter: Compat change id reported: 135634846; UID 1000; state: DISABLED
12-09 10:56:38.999 1509 1597 D CompatibilityChangeReporter: Compat change id reported: 177438394; UID 1000; state: DISABLED
12-09 10:56:38.999 1509 1597 D CompatibilityChangeReporter: Compat change id reported: 135772972; UID 1000; state: DISABLED
12-09 10:56:38.999 1509 1597 D CompatibilityChangeReporter: Compat change id reported: 135754954; UID 1000; state: ENABLED
12-09 10:56:39.001 1509 1597 I sysui_multi_action: [757,803,799,window_time_0,802,23]
12-09 10:56:39.020 1509 1606 I am_proc_start: [0,20422,1000,com.android.settings,pre-top-activity,{com.android.settings/com.android.settings.Settings}]
12-09 10:56:39.020 1509 1606 I ActivityManager: Start proc 20422:com.android.settings/1000 for pre-top-activity {com.android.settings/com.android.settings.Settings}
12-09 10:56:39.021 1509 1680 I input_focus: [Focus leaving e069207 com.android.launcher3/com.android.launcher3.uioverrides.QuickstepLauncher (server),reason=NO_WINDOW]
12-09 10:56:39.022 1509 20423 W ContextImpl: Calling a method in the system process without a qualified user: android.app.ContextImpl.sendBroadcast:1173 com.qualcomm.qti.Performance$SendGameLaunchBroadcast.run:217 java.lang.Thread.run:920
12-09 10:56:39.041 1509 2041 I am_proc_bound: [0,20422,com.android.settings]
12-09 10:56:39.043 1509 2041 I wm_restart_activity: [0,55022223,169,com.android.settings/.Settings]
12-09 10:56:39.044 1509 2041 I wm_set_resumed_activity: [0,com.android.settings/.Settings,minimalResumeActivityLocked]
12-09 10:56:39.050 12356 12373 W ContextImpl: Calling a method in the system process without a qualified user: android.app.ContextImpl.startService:1816 android.content.ContextWrapper.startService:774 com.thundercomm.gamemode.ingame.services.GameModeActionUtils.startGameModeService:99 com.thundercomm.gamemode.ingame.services.GameModeActionUtils.startGameModeEntry:22 com.thundercomm.gamemode.ingame.services.ActivityMonitoringService$1.onActivityLaunch:127
12-09 10:56:39.060 1509 1509 I GameModeConfig: Current uri is uri = content://com.thundercomm.gamemode.api/gamemode_settings/gamemode_isgaming
12-09 10:56:39.064 1509 1509 I GameModeConfig: isGameModeOn = false
12-09 10:56:39.064 1509 1509 I GameModeConfig: isGameModeOn = false
12-09 10:56:39.064 1509 1509 I GameModeConfig: isDisableVoice = true
12-09 10:56:39.099 12356 12373 W ContextImpl: Calling a method in the system process without a qualified user: android.app.ContextImpl.startService:1816 android.content.ContextWrapper.startService:774 com.thundercomm.gamemode.ingame.services.GameModeActionUtils.startGameModeService:99 com.thundercomm.gamemode.ingame.services.GameModeActionUtils.startGameModeEntry:22 com.thundercomm.gamemode.ingame.services.ActivityMonitoringService$1.onActivityLaunch:127
12-09 10:56:39.105 1509 1509 I GameModeConfig: Current uri is uri = content://com.thundercomm.gamemode.api/gamemode_settings/gamemode_isgaming
12-09 10:56:39.108 1509 1509 I GameModeConfig: isGameModeOn = false
12-09 10:56:39.108 1509 1509 I GameModeConfig: isGameModeOn = false
12-09 10:56:39.108 1509 1509 I GameModeConfig: isDisableVoice = true
12-09 10:56:39.189 20422 20422 I wm_on_create_called: [55022223,com.android.settings.Settings,performCreate]
12-09 10:56:39.195 1509 2041 E UserRestrictionsUtils: Unknown restriction queried by uid 1000 (com.thundercomm.microsettings et al): null
12-09 10:56:39.195 1509 2041 E UserRestrictionsUtils: Unknown restriction queried by uid 1000 (com.thundercomm.microsettings et al): null
12-09 10:56:39.195 1509 2041 E UserRestrictionsUtils: Unknown restriction queried by uid 1000 (com.thundercomm.microsettings et al): null
12-09 10:56:39.196 1509 2041 E UserRestrictionsUtils: Unknown restriction queried by uid 1000 (com.thundercomm.microsettings et al): null
12-09 10:56:39.196 1509 2041 E UserRestrictionsUtils: Unknown restriction queried by uid 1000 (com.thundercomm.microsettings et al): null
12-09 10:56:39.196 1509 2041 E UserRestrictionsUtils: Unknown restriction queried by uid 1000 (com.thundercomm.microsettings et al): null
12-09 10:56:39.196 1509 2041 E UserRestrictionsUtils: Unknown restriction queried by uid 1000 (com.thundercomm.microsettings et al): null
12-09 10:56:39.196 1509 2041 E UserRestrictionsUtils: Unknown restriction queried by uid 1000 (com.thundercomm.microsettings et al): null
12-09 10:56:39.196 1509 2041 E UserRestrictionsUtils: Unknown restriction queried by uid 1000 (com.thundercomm.microsettings et al): null
12-09 10:56:39.196 1509 2041 E UserRestrictionsUtils: Unknown restriction queried by uid 1000 (com.thundercomm.microsettings et al): null
12-09 10:56:39.196 1509 2041 E UserRestrictionsUtils: Unknown restriction queried by uid 1000 (com.thundercomm.microsettings et al): null
12-09 10:56:39.196 1509 2041 E UserRestrictionsUtils: Unknown restriction queried by uid 1000 (com.thundercomm.microsettings et al): null
12-09 10:56:39.197 1509 2041 E UserRestrictionsUtils: Unknown restriction queried by uid 1000 (com.thundercomm.microsettings et al): null
12-09 10:56:39.197 1509 2041 E UserRestrictionsUtils: Unknown restriction queried by uid 1000 (com.thundercomm.microsettings et al): null
12-09 10:56:39.197 1509 2041 E UserRestrictionsUtils: Unknown restriction queried by uid 1000 (com.thundercomm.microsettings et al): null
12-09 10:56:39.197 1509 2041 E UserRestrictionsUtils: Unknown restriction queried by uid 1000 (com.thundercomm.microsettings et al): null
12-09 10:56:39.197 1509 2041 E UserRestrictionsUtils: Unknown restriction queried by uid 1000 (com.thundercomm.microsettings et al): null
12-09 10:56:39.197 1509 2041 E UserRestrictionsUtils: Unknown restriction queried by uid 1000 (com.thundercomm.microsettings et al): null
12-09 10:56:39.213 20422 20422 I wm_on_start_called: [55022223,com.android.settings.Settings,handleStartActivity]
12-09 10:56:39.213 20422 20422 I snet_event_log: [120484087,-1,]
12-09 10:56:39.214 20422 20422 I wm_on_resume_called: [55022223,com.android.settings.Settings,RESUME_ACTIVITY]
12-09 10:56:39.216 20422 20422 I sysui_multi_action: [757,35,758,1,833,0,1089,26]
12-09 10:56:39.228 20422 20422 I sysui_multi_action: [757,1729,758,4,854,isParalleledControllers:false,1089,38]
12-09 10:56:39.239 20422 20422 I wm_on_top_resumed_gained_called: [55022223,com.android.settings.Settings,topStateChangedWhenResumed]
12-09 10:56:39.264 1509 1598 I input_focus: [Focus request 976e814 com.android.settings/com.android.settings.Settings,reason=UpdateInputWindows]
12-09 10:56:39.303 1509 1598 I sysui_multi_action: [324,0,757,1090,758,12,806,com.android.settings,871,com.android.settings.Settings,1091,340]
12-09 10:56:39.313 1509 1594 I sysui_multi_action: [319,60,321,56,322,340,325,20208,757,761,758,7,759,1,806,com.android.settings,871,com.android.settings.Settings,904,com.android.launcher3,905,0,945,79,1320,8,1321,5]
12-09 10:56:39.314 1509 1594 I wm_activity_launch_time: [0,55022223,com.android.settings/.Settings,340]
12-09 10:56:39.323 1509 1680 I input_focus: [Focus entering 976e814 com.android.settings/com.android.settings.Settings (server),reason=Window became focusable. Previous reason: NOT_VISIBLE]
12-09 10:56:39.350 20422 20422 W CarrierConfigManager: Error getting config for subId -1 ICarrierConfigLoader is null
12-09 10:56:39.355 1509 2041 E UserRestrictionsUtils: Unknown restriction queried by uid 1000 (com.thundercomm.microsettings et al): null
12-09 10:56:39.386 20422 20422 I sysui_multi_action: [757,746,758,1,833,0,1089,57]
12-09 10:56:39.387 1509 2041 D TelephonyRegistry: listen oscl: mHasNotifySubscriptionInfoChangedOccurred==false no callback
12-09 10:56:39.391 1509 6786 D TelephonyRegistry: listen oscl: mHasNotifySubscriptionInfoChangedOccurred==false no callback
12-09 10:56:39.401 20422 20422 I sysui_multi_action: [757,1729,758,4,854,isParalleledControllers:false,1089,72]
12-09 10:56:39.559 1509 1597 I wm_stop_activity: [0,12743551,com.android.launcher3/.uioverrides.QuickstepLauncher]
12-09 10:56:39.582 2529 2529 I wm_on_stop_called: [12743551,com.android.launcher3.uioverrides.QuickstepLauncher,STOP_ACTIVITY_ITEM]
12-09 10:56:39.600 12356 12373 W ContextImpl: Calling a method in the system process without a qualified user: android.app.ContextImpl.startService:1816 android.content.ContextWrapper.startService:774 com.thundercomm.gamemode.ingame.services.GameModeActionUtils.startGameModeService:99 com.thundercomm.gamemode.ingame.services.GameModeActionUtils.startGameModeEntry:22 com.thundercomm.gamemode.ingame.services.ActivityMonitoringService$1.onActivityLaunch:127
12-09 10:56:39.606 1509 1509 I GameModeConfig: Current uri is uri = content://com.thundercomm.gamemode.api/gamemode_settings/gamemode_isgaming
12-09 10:56:39.607 1509 1509 I GameModeConfig: isGameModeOn = false
12-09 10:56:39.608 1509 1509 I GameModeConfig: isGameModeOn = false
12-09 10:56:39.608 1509 1509 I GameModeConfig: isDisableVoice = true
12-09 10:56:40.955 1509 2730 E TaskPersister: File error accessing recents directory (directory doesn't exist?).
12-09 10:56:41.203 0 0 I auditd : type=1400 audit(0.0:21399): avc: denied { kill } for comm="swapper/1" capability=5 scontext=u:r:kernel:s0 tcontext=u:r:kernel:s0 tclass=capability permissive=0
12-09 10:56:41.467 1509 1680 I input_interaction: Interaction with: 976e814 com.android.settings/com.android.settings.Settings (server), edge-swipe (server), swipe-up (server), PointerEventDispatcher0 (server),
12-09 10:56:41.536 20422 20422 I sysui_multi_action: [757,830,758,4,833,0,854,top_level_apps,1089,0]
12-09 10:56:41.647 20422 20422 I sysui_multi_action: [757,746,758,2,1089,2260]
12-09 10:56:41.730 20422 20422 I sysui_multi_action: [757,65,758,1,833,0,1089,64]
12-09 10:56:41.753 20422 20422 I sysui_multi_action: [757,1729,758,4,854,isParalleledControllers:false,1089,88]
12-09 10:56:42.203 0 0 I auditd : type=1400 audit(0.0:21400): avc: denied { kill } for comm="swapper/1" capability=5 scontext=u:r:kernel:s0 tcontext=u:r:kernel:s0 tclass=capability permissive=0
12-09 10:56:42.309 1509 1680 I input_interaction: Interaction with: 976e814 com.android.settings/com.android.settings.Settings (server), PointerEventDispatcher0 (server),
12-09 10:56:43.431 1509 1680 I input_interaction: Interaction with: 976e814 com.android.settings/com.android.settings.Settings (server), edge-swipe (server), swipe-up (server), PointerEventDispatcher0 (server),
12-09 10:56:43.528 20422 20422 I sysui_multi_action: [757,830,758,4,833,0,854,special_access,1089,0]
12-09 10:56:43.537 20422 20422 I sysui_multi_action: [757,65,758,2,1089,1808]
12-09 10:56:43.566 20422 20422 I sysui_multi_action: [757,351,758,1,833,0,1089,26]
12-09 10:56:43.567 20422 20422 I sysui_multi_action: [757,1729,758,4,854,isParalleledControllers:false,1089,28]
12-09 10:56:46.406 20422 20422 I sysui_multi_action: [757,830,758,4,833,0,854,device_administrators,1089,0]
12-09 10:56:46.409 20422 20422 I sysui_multi_action: [757,351,758,2,1089,2844]
12-09 10:56:46.431 20422 20422 I sysui_multi_action: [757,516,758,1,833,0,1089,21]
12-09 10:56:46.433 20422 20422 I sysui_multi_action: [757,1729,758,4,854,isParalleledControllers:false,1089,23]
12-09 10:56:47.203 0 0 I auditd : type=1400 audit(0.0:21401): avc: denied { kill } for comm="swapper/3" capability=5 scontext=u:r:kernel:s0 tcontext=u:r:kernel:s0 tclass=capability permissive=0
12-09 10:56:48.203 0 0 I auditd : type=1400 audit(0.0:21402): avc: denied { kill } for comm="swapper/3" capability=5 scontext=u:r:kernel:s0 tcontext=u:r:kernel:s0 tclass=capability permissive=0
12-09 10:56:52.203 0 0 I auditd : type=1400 audit(0.0:21403): avc: denied { kill } for comm="swapper/2" capability=5 scontext=u:r:kernel:s0 tcontext=u:r:kernel:s0 tclass=capability permissive=0
12-09 10:56:52.658 20422 20422 I sysui_multi_action: [757,516,758,2,1089,6226]
12-09 10:56:52.675 20422 20422 I sysui_multi_action: [757,351,758,1,833,0,1089,0]
12-09 10:56:54.203 0 0 I auditd : type=1400 audit(0.0:21404): avc: denied { kill } for comm="swapper/2" capability=5 scontext=u:r:kernel:s0 tcontext=u:r:kernel:s0 tclass=capability permissive=0
12-09 10:56:55.203 0 0 I auditd : type=1400 audit(0.0:21405): avc: denied { kill } for comm="swapper/2" capability=5 scontext=u:r:kernel:s0 tcontext=u:r:kernel:s0 tclass=capability permissive=0
12-09 10:56:55.305 20422 20422 I sysui_multi_action: [757,830,758,4,833,0,854,system_alert_window_app_list,1089,0]
12-09 10:56:55.314 20422 20422 I sysui_multi_action: [757,351,758,2,1089,2639]
12-09 10:56:55.362 20422 20422 I sysui_multi_action: [757,65,758,1,833,0,1089,47]
12-09 10:56:58.203 0 0 I auditd : type=1400 audit(0.0:21406): avc: denied { kill } for comm="swapper/2" capability=5 scontext=u:r:kernel:s0 tcontext=u:r:kernel:s0 tclass=capability permissive=0
12-09 10:56:58.736 20422 20422 I sysui_multi_action: [757,221,758,1,833,0,1089,43]
12-09 10:57:00.203 0 0 I auditd : type=1400 audit(0.0:21407): avc: denied { kill } for comm="swapper/2" capability=5 scontext=u:r:kernel:s0 tcontext=u:r:kernel:s0 tclass=capability permissive=0
12-09 10:57:02.203 0 0 I auditd : type=1400 audit(0.0:21408): avc: denied { kill } for comm="swapper/1" capability=5 scontext=u:r:kernel:s0 tcontext=u:r:kernel:s0 tclass=capability permissive=0
12-09 10:57:04.203 0 0 I auditd : type=1400 audit(0.0:21409): avc: denied { kill } for comm="swapper/1" capability=5 scontext=u:r:kernel:s0 tcontext=u:r:kernel:s0 tclass=capability permissive=0
12-09 10:57:04.823 20422 20422 I sysui_multi_action: [757,771,758,4,854,com.android.music,1089,0]
12-09 10:57:04.827 20422 20422 I sysui_multi_action: [757,830,758,4,833,0,854,app_ops_settings_switch,1089,0]
12-09 10:57:05.203 0 0 I auditd : type=1400 audit(0.0:21410): avc: denied { kill } for comm="swapper/1" capability=5 scontext=u:r:kernel:s0 tcontext=u:r:kernel:s0 tclass=capability permissive=0
12-09 10:57:06.126 20422 20422 I sysui_multi_action: [757,221,758,2,1089,7389]
12-09 10:57:06.203 19775 19775 I auditd : type=1400 audit(0.0:21411): avc: denied { kill } for comm="kworker/u17:0" capability=5 scontext=u:r:kernel:s0 tcontext=u:r:kernel:s0 tclass=capability permissive=0
12-09 10:57:07.203 0 0 I auditd : type=1400 audit(0.0:21412): avc: denied { kill } for comm="swapper/1" capability=5 scontext=u:r:kernel:s0 tcontext=u:r:kernel:s0 tclass=capability permissive=0
12-09 10:57:08.203 0 0 I auditd : type=1400 audit(0.0:21413): avc: denied { kill } for comm="swapper/1" capability=5 scontext=u:r:kernel:s0 tcontext=u:r:kernel:s0 tclass=capability permissive=0
12-09 10:57:09.203 0 0 I auditd : type=1400 audit(0.0:21414): avc: denied { kill } for comm="swapper/1" capability=5 scontext=u:r:kernel:s0 tcontext=u:r:kernel:s0 tclass=capability permissive=0
12-09 10:57:10.203 0 0 I auditd : type=1400 audit(0.0:21415): avc: denied { kill } for comm="swapper/1" capability=5 scontext=u:r:kernel:s0 tcontext=u:r:kernel:s0 tclass=capability permissive=0
12-09 10:57:11.203 0 0 I auditd : type=1400 audit(0.0:21416): avc: denied { kill } for comm="swapper/1" capability=5 scontext=u:r:kernel:s0 tcontext=u:r:kernel:s0 tclass=capability permissive=0
12-09 10:57:12.203 0 0 I auditd : type=1400 audit(0.0:21417): avc: denied { kill } for comm="swapper/1" capability=5 scontext=u:r:kernel:s0 tcontext=u:r:kernel:s0 tclass=capability permissive=0
12-09 10:57:13.203 0 0 I auditd : type=1400 audit(0.0:21418): avc: denied { kill } for comm="swapper/1" capability=5 scontext=u:r:kernel:s0 tcontext=u:r:kernel:s0 tclass=capability permissive=0
12-09 10:57:14.203 0 0 I auditd : type=1400 audit(0.0:21419): avc: denied { kill } for comm="swapper/1" capability=5 scontext=u:r:kernel:s0 tcontext=u:r:kernel:s0 tclass=capability permissive=0
12-09 10:57:14.854 1509 20418 I commit_sys_config_file: [appops,20224073]
12-09 10:57:15.203 0 0 I auditd : type=1400 audit(0.0:21420): avc: denied { kill } for comm="swapper/1" capability=5 scontext=u:r:kernel:s0 tcontext=u:r:kernel:s0 tclass=capability permissive=0
12-09 10:57:16.102 1509 1598 I input_focus: [Focus request 1bcccd PopupWindow:f934373,reason=UpdateInputWindows]
12-09 10:57:16.130 1509 1680 I input_focus: [Focus leaving 976e814 com.android.settings/com.android.settings.Settings (server),reason=setFocusedWindow]
12-09 10:57:16.130 1509 1680 I input_focus: [Focus entering 1bcccd PopupWindow:f934373 (server),reason=setFocusedWindow]
12-09 10:57:16.998 1509 1680 I input_interaction: Interaction with: 1bcccd PopupWindow:f934373 (server), edge-swipe (server), swipe-up (server), PointerEventDispatcher0 (server),
12-09 10:57:17.131 20422 20422 I menu_item_selected: [0,显示系统程序]
12-09 10:57:17.157 1509 1598 I input_focus: [Focus request 976e814 com.android.settings/com.android.settings.Settings,reason=UpdateInputWindows]
12-09 10:57:17.182 1509 1680 I input_focus: [Focus leaving 1bcccd PopupWindow:f934373 (server),reason=NOT_FOCUSABLE]
12-09 10:57:17.182 1509 1680 I input_focus: [Focus entering 976e814 com.android.settings/com.android.settings.Settings (server),reason=setFocusedWindow]
12-09 10:57:17.203 0 0 I auditd : type=1400 audit(0.0:21421): avc: denied { kill } for comm="swapper/1" capability=5 scontext=u:r:kernel:s0 tcontext=u:r:kernel:s0 tclass=capability permissive=0
12-09 10:57:18.091 1509 1680 I input_interaction: Interaction with: 976e814 com.android.settings/com.android.settings.Settings (server), edge-swipe (server), swipe-up (server), PointerEventDispatcher0 (server),
12-09 10:57:18.259 1509 1598 I input_focus: [Focus request 8976c94 PopupWindow:c26d8b,reason=UpdateInputWindows]
12-09 10:57:18.286 1509 1680 I input_focus: [Focus leaving 976e814 com.android.settings/com.android.settings.Settings (server),reason=setFocusedWindow]
12-09 10:57:18.286 1509 1680 I input_focus: [Focus entering 8976c94 PopupWindow:c26d8b (server),reason=setFocusedWindow]
12-09 10:57:19.177 1509 1680 I input_interaction: Interaction with: 8976c94 PopupWindow:c26d8b (server), edge-swipe (server), swipe-up (server), PointerEventDispatcher0 (server),
12-09 10:57:19.340 20422 20422 I menu_item_selected: [0,隐藏系统程序]
12-09 10:57:19.360 1509 1598 I input_focus: [Focus request 976e814 com.android.settings/com.android.settings.Settings,reason=UpdateInputWindows]
12-09 10:57:19.389 1509 1680 I input_focus: [Focus leaving 8976c94 PopupWindow:c26d8b (server),reason=NOT_FOCUSABLE]
12-09 10:57:19.389 1509 1680 I input_focus: [Focus entering 976e814 com.android.settings/com.android.settings.Settings (server),reason=setFocusedWindow]
12-09 10:57:20.203 0 0 I auditd : type=1400 audit(0.0:21422): avc: denied { kill } for comm="swapper/1" capability=5 scontext=u:r:kernel:s0 tcontext=u:r:kernel:s0 tclass=capability permissive=0
12-09 10:57:22.203 0 0 I auditd : type=1400 audit(0.0:21423): avc: denied { kill } for comm="swapper/1" capability=5 scontext=u:r:kernel:s0 tcontext=u:r:kernel:s0 tclass=capability permissive=0
12-09 10:57:23.203 0 0 I auditd : type=1400 audit(0.0:21424): avc: denied { kill } for comm="swapper/1" capability=5 scontext=u:r:kernel:s0 tcontext=u:r:kernel:s0 tclass=capability permissive=0
12-09 10:57:24.203 0 0 I auditd : type=1400 audit(0.0:21425): avc: denied { kill } for comm="swapper/1" capability=5 scontext=u:r:kernel:s0 tcontext=u:r:kernel:s0 tclass=capability permissive=0
12-09 10:57:25.203 0 0 I auditd : type=1400 audit(0.0:21426): avc: denied { kill } for comm="swapper/1" capability=5 scontext=u:r:kernel:s0 tcontext=u:r:kernel:s0 tclass=capability permissive=0
12-09 10:57:26.203 0 0 I auditd : type=1400 audit(0.0:21427): avc: denied { kill } for comm="swapper/1" capability=5 scontext=u:r:kernel:s0 tcontext=u:r:kernel:s0 tclass=capability permissive=0
12-09 10:57:27.203 0 0 I auditd : type=1400 audit(0.0:21428): avc: denied { kill } for comm="swapper/1" capability=5 scontext=u:r:kernel:s0 tcontext=u:r:kernel:s0 tclass=capability permissive=0
12-09 10:57:28.203 0 0 I auditd : type=1400 audit(0.0:21429): avc: denied { kill } for comm="swapper/1" capability=5 scontext=u:r:kernel:s0 tcontext=u:r:kernel:s0 tclass=capability permissive=0
12-09 10:57:29.203 0 0 I auditd : type=1400 audit(0.0:21430): avc: denied { kill } for comm="swapper/1" capability=5 scontext=u:r:kernel:s0 tcontext=u:r:kernel:s0 tclass=capability permissive=0
12-09 10:57:30.203 0 0 I auditd : type=1400 audit(0.0:21431): avc: denied { kill } for comm="swapper/1" capability=5 scontext=u:r:kernel:s0 tcontext=u:r:kernel:s0 tclass=capability permissive=0
12-09 10:57:31.203 0 0 I auditd : type=1400 audit(0.0:21432): avc: denied { kill } for comm="swapper/1" capability=5 scontext=u:r:kernel:s0 tcontext=u:r:kernel:s0 tclass=capability permissive=0
12-09 10:57:32.203 0 0 I auditd : type=1400 audit(0.0:21433): avc: denied { kill } for comm="swapper/1" capability=5 scontext=u:r:kernel:s0 tcontext=u:r:kernel:s0 tclass=capability permissive=0
12-09 10:57:33.203 0 0 I auditd : type=1400 audit(0.0:21434): avc: denied { kill } for comm="swapper/1" capability=5 scontext=u:r:kernel:s0 tcontext=u:r:kernel:s0 tclass=capability permissive=0
12-09 10:57:34.203 0 0 I auditd : type=1400 audit(0.0:21435): avc: denied { kill } for comm="swapper/1" capability=5 scontext=u:r:kernel:s0 tcontext=u:r:kernel:s0 tclass=capability permissive=0
12-09 10:57:35.203 0 0 I auditd : type=1400 audit(0.0:21436): avc: denied { kill } for comm="swapper/1" capability=5 scontext=u:r:kernel:s0 tcontext=u:r:kernel:s0 tclass=capability permissive=0
12-09 10:57:36.203 0 0 I auditd : type=1400 audit(0.0:21437): avc: denied { kill } for comm="swapper/1" capability=5 scontext=u:r:kernel:s0 tcontext=u:r:kernel:s0 tclass=capability permissive=0
12-09 10:57:37.203 0 0 I auditd : type=1400 audit(0.0:21438): avc: denied { kill } for comm="swapper/1" capability=5 scontext=u:r:kernel:s0 tcontext=u:r:kernel:s0 tclass=capability permissive=0
12-09 10:57:38.203 0 0 I auditd : type=1400 audit(0.0:21439): avc: denied { kill } for comm="swapper/1" capability=5 scontext=u:r:kernel:s0 tcontext=u:r:kernel:s0 tclass=capability permissive=0
12-09 10:57:39.203 0 0 I auditd : type=1400 audit(0.0:21440): avc: denied { kill } for comm="swapper/1" capability=5 scontext=u:r:kernel:s0 tcontext=u:r:kernel:s0 tclass=capability permissive=0
12-09 10:57:40.203 0 0 I auditd : type=1400 audit(0.0:21441): avc: denied { kill } for comm="swapper/1" capability=5 scontext=u:r:kernel:s0 tcontext=u:r:kernel:s0 tclass=capability permissive=0
12-09 10:57:41.203 0 0 I auditd : type=1400 audit(0.0:21442): avc: denied { kill } for comm="swapper/1" capability=5 scontext=u:r:kernel:s0 tcontext=u:r:kernel:s0 tclass=capability permissive=0
12-09 10:57:42.203 0 0 I auditd : type=1400 audit(0.0:21443): avc: denied { kill } for comm="swapper/1" capability=5 scontext=u:r:kernel:s0 tcontext=u:r:kernel:s0 tclass=capability permissive=0
12-09 10:57:43.014 1509 1605 I am_uid_idle: 10064
12-09 10:57:43.203 0 0 I auditd : type=1400 audit(0.0:21444): avc: denied { kill } for comm="swapper/1" capability=5 scontext=u:r:kernel:s0 tcontext=u:r:kernel:s0 tclass=capability permissive=0
12-09 10:57:44.203 0 0 I auditd : type=1400 audit(0.0:21445): avc: denied { kill } for comm="swapper/1" capability=5 scontext=u:r:kernel:s0 tcontext=u:r:kernel:s0 tclass=capability permissive=0
12-09 10:57:45.202 1509 1605 I am_uid_idle: 10088
12-09 10:57:45.203 0 0 I auditd : type=1400 audit(0.0:21446): avc: denied { kill } for comm="swapper/1" capability=5 scontext=u:r:kernel:s0 tcontext=u:r:kernel:s0 tclass=capability permissive=0
12-09 10:57:46.203 0 0 I auditd : type=1400 audit(0.0:21447): avc: denied { kill } for comm="swapper/1" capability=5 scontext=u:r:kernel:s0 tcontext=u:r:kernel:s0 tclass=capability permissive=0
12-09 10:57:47.203 0 0 I auditd : type=1400 audit(0.0:21448): avc: denied { kill } for comm="swapper/1" capability=5 scontext=u:r:kernel:s0 tcontext=u:r:kernel:s0 tclass=capability permissive=0
12-09 10:57:48.203 0 0 I auditd : type=1400 audit(0.0:21449): avc: denied { kill } for comm="swapper/1" capability=5 scontext=u:r:kernel:s0 tcontext=u:r:kernel:s0 tclass=capability permissive=0
12-09 10:57:49.203 0 0 I auditd : type=1400 audit(0.0:21450): avc: denied { kill } for comm="swapper/1" capability=5 scontext=u:r:kernel:s0 tcontext=u:r:kernel:s0 tclass=capability permissive=0
12-09 10:57:50.203 0 0 I auditd : type=1400 audit(0.0:21451): avc: denied { kill } for comm="swapper/1" capability=5 scontext=u:r:kernel:s0 tcontext=u:r:kernel:s0 tclass=capability permissive=0
12-09 10:57:51.203 0 0 I auditd : type=1400 audit(0.0:21452): avc: denied { kill } for comm="swapper/1" capability=5 scontext=u:r:kernel:s0 tcontext=u:r:kernel:s0 tclass=capability permissive=0
12-09 10:57:52.203 0 0 I auditd : type=1400 audit(0.0:21453): avc: denied { kill } for comm="swapper/1" capability=5 scontext=u:r:kernel:s0 tcontext=u:r:kernel:s0 tclass=capability permissive=0
12-09 10:57:53.203 0 0 I auditd : type=1400 audit(0.0:21454): avc: denied { kill } for comm="swapper/1" capability=5 scontext=u:r:kernel:s0 tcontext=u:r:kernel:s0 tclass=capability permissive=0
12-09 10:57:54.203 0 0 I auditd : type=1400 audit(0.0:21455): avc: denied { kill } for comm="swapper/1" capability=5 scontext=u:r:kernel:s0 tcontext=u:r:kernel:s0 tclass=capability permissive=0
12-09 10:57:55.203 0 0 I auditd : type=1400 audit(0.0:21456): avc: denied { kill } for comm="swapper/1" capability=5 scontext=u:r:kernel:s0 tcontext=u:r:kernel:s0 tclass=capability permissive=0
