12-09 10:55:00.729 1509 1598 I input_focus: [Focus request 4474eed com.android.settings/com.android.settings.homepage.SettingsHomepageActivity,reason=UpdateInputWindows]
12-09 10:55:00.754 1509 1680 I input_focus: [Focus entering 4474eed com.android.settings/com.android.settings.homepage.SettingsHomepageActivity (server),reason=setFocusedWindow]
12-09 10:55:01.158 1509 1680 I input_interaction: Interaction with: 4474eed com.android.settings/com.android.settings.homepage.SettingsHomepageActivity (server), edge-swipe (server), swipe-up (server), PointerEventDispatcher0 (server),
12-09 10:55:01.203 0 0 I auditd : type=1400 audit(0.0:21224): avc: denied { kill } for comm="swapper/2" capability=5 scontext=u:r:kernel:s0 tcontext=u:r:kernel:s0 tclass=capability permissive=0
12-09 10:55:01.279 19875 19875 I sysui_multi_action: [757,830,758,4,833,0,854,game_settings_gpu_custom_aliasing,1089,0]
12-09 10:55:01.329 1509 1598 I input_focus: [Focus request 6178f51 com.android.settings/com.android.settings.homepage.SettingsHomepageActivity,reason=UpdateInputWindows]
12-09 10:55:01.358 1509 1680 I input_focus: [Focus leaving 4474eed com.android.settings/com.android.settings.homepage.SettingsHomepageActivity (server),reason=setFocusedWindow]
12-09 10:55:01.361 1509 1680 I input_focus: [Focus entering 6178f51 com.android.settings/com.android.settings.homepage.SettingsHomepageActivity (server),reason=setFocusedWindow]
12-09 10:55:02.203 0 0 I auditd : type=1400 audit(0.0:21225): avc: denied { kill } for comm="swapper/2" capability=5 scontext=u:r:kernel:s0 tcontext=u:r:kernel:s0 tclass=capability permissive=0
12-09 10:55:02.438 1509 1680 I input_interaction: Interaction with: 6178f51 com.android.settings/com.android.settings.homepage.SettingsHomepageActivity (server), edge-swipe (server), swipe-up (server), PointerEventDispatcher0 (server),
12-09 10:55:02.634 1509 1598 I input_focus: [Focus request 4474eed com.android.settings/com.android.settings.homepage.SettingsHomepageActivity,reason=UpdateInputWindows]
12-09 10:55:02.660 1509 1680 I input_focus: [Focus entering 4474eed com.android.settings/com.android.settings.homepage.SettingsHomepageActivity (server),reason=setFocusedWindow]
12-09 10:55:03.203 0 0 I auditd : type=1400 audit(0.0:21226): avc: denied { kill } for comm="swapper/2" capability=5 scontext=u:r:kernel:s0 tcontext=u:r:kernel:s0 tclass=capability permissive=0
12-09 10:55:03.666 1509 1680 I input_interaction: Interaction with: 4474eed com.android.settings/com.android.settings.homepage.SettingsHomepageActivity (server), edge-swipe (server), swipe-up (server), PointerEventDispatcher0 (server),
12-09 10:55:03.790 19875 19875 I sysui_multi_action: [757,830,758,4,833,0,854,top_level_system,1089,0]
12-09 10:55:03.893 19875 19875 I sysui_multi_action: [757,3000,758,2,1089,14504]
12-09 10:55:03.931 19875 19875 I sysui_multi_action: [757,744,758,1,833,0,1089,27]
12-09 10:55:03.934 19875 19875 I sysui_multi_action: [757,1729,758,4,854,isParalleledControllers:false,1089,33]
12-09 10:55:04.203 0 0 I auditd : type=1400 audit(0.0:21227): avc: denied { kill } for comm="swapper/2" capability=5 scontext=u:r:kernel:s0 tcontext=u:r:kernel:s0 tclass=capability permissive=0
12-09 10:55:05.751 19875 19875 I sysui_multi_action: [757,830,758,4,833,0,854,top_level_game,1089,0]
12-09 10:55:05.854 19875 19875 I sysui_multi_action: [757,744,758,2,1089,1925]
12-09 10:55:05.889 19875 19875 I sysui_multi_action: [757,3000,758,1,833,0,1089,29]
12-09 10:55:05.889 19875 19875 I sysui_multi_action: [757,1729,758,4,854,isParalleledControllers:false,1089,30]
12-09 10:55:06.203 0 0 I auditd : type=1400 audit(0.0:21228): avc: denied { kill } for comm="swapper/2" capability=5 scontext=u:r:kernel:s0 tcontext=u:r:kernel:s0 tclass=capability permissive=0
12-09 10:55:07.203 0 0 I auditd : type=1400 audit(0.0:21229): avc: denied { kill } for comm="swapper/2" capability=5 scontext=u:r:kernel:s0 tcontext=u:r:kernel:s0 tclass=capability permissive=0
12-09 10:55:07.504 1509 1509 I GameModeConfig: Current uri is uri = content://com.thundercomm.gamemode.api/gamemode_settings/gamemode_enable
12-09 10:55:07.511 19875 19875 I sysui_multi_action: [757,830,758,4,833,0,854,game_setting_switch,1089,0]
12-09 10:55:07.511 1509 1509 I GameModeConfig: isGameModeOn = false
12-09 10:55:07.511 1509 1509 I GameModeConfig: isGameModeOn = false
12-09 10:55:07.511 1509 1509 I GameModeConfig: isDisableVoice = true
12-09 10:55:08.203 0 0 I auditd : type=1400 audit(0.0:21230): avc: denied { kill } for comm="swapper/2" capability=5 scontext=u:r:kernel:s0 tcontext=u:r:kernel:s0 tclass=capability permissive=0
12-09 10:55:08.693 1509 2100 I ActivityTaskManager: moveTaskToBack: Task{9c23d3 #161 type=standard A=1000:com.android.settings.root U=0 visible=true mode=fullscreen translucent=false sz=1}
12-09 10:55:08.693 1509 2100 I wm_task_moved: [161,0,0]
12-09 10:55:08.699 1509 2100 I wm_focused_root_task: [0,0,39,161,moveTaskToBackLocked]
12-09 10:55:08.700 1509 2100 I wm_add_to_stopping: [0,44385528,com.android.settings/.homepage.SettingsHomepageActivity,makeInvisible]
12-09 10:55:08.704 1509 2100 I wm_pause_activity: [0,44385528,com.android.settings/.homepage.SettingsHomepageActivity,userLeaving=false,pauseBackTasks]
12-09 10:55:08.714 1509 2100 I ActivityTaskManager: FOREGROUND_APPLICATION_CHANGED to com.android.launcher3.uioverrides.QuickstepLauncher
12-09 10:55:08.716 1509 2100 I wm_set_resumed_activity: [0,com.android.launcher3/.uioverrides.QuickstepLauncher,resumeTopActivityInnerLocked]
12-09 10:55:08.718 1509 2100 I wm_resume_activity: [0,12743551,40,com.android.launcher3/.uioverrides.QuickstepLauncher]
12-09 10:55:08.722 19875 19875 I wm_on_top_resumed_lost_called: [44385528,com.android.settings.homepage.SettingsHomepageActivity,topStateChangedWhenResumed]
12-09 10:55:08.733 2529 2529 I wm_on_restart_called: [12743551,com.android.launcher3.uioverrides.QuickstepLauncher,performRestartActivity]
12-09 10:55:08.735 1509 1597 I sysui_multi_action: [757,803,799,window_time_0,802,27]
12-09 10:55:08.736 19875 19875 I sysui_multi_action: [757,35,758,2,1089,27066]
12-09 10:55:08.737 19875 19875 I sysui_multi_action: [757,3000,758,2,1089,2849]
12-09 10:55:08.738 19875 19875 I wm_on_paused_called: [44385528,com.android.settings.homepage.SettingsHomepageActivity,performPause]
12-09 10:55:08.735 2529 2529 I wm_on_start_called: [12743551,com.android.launcher3.uioverrides.QuickstepLauncher,handleStartActivity]
12-09 10:55:08.742 1509 1680 I input_focus: [Focus leaving 4474eed com.android.settings/com.android.settings.homepage.SettingsHomepageActivity (server),reason=NO_WINDOW]
12-09 10:55:08.744 2529 2529 I wm_on_resume_called: [12743551,com.android.launcher3.uioverrides.QuickstepLauncher,RESUME_ACTIVITY]
12-09 10:55:08.747 12356 12373 W ContextImpl: Calling a method in the system process without a qualified user: android.app.ContextImpl.startService:1816 android.content.ContextWrapper.startService:774 com.thundercomm.gamemode.ingame.services.GameModeActionUtils.startGameModeService:99 com.thundercomm.gamemode.ingame.services.GameModeActionUtils.startGameModeEntry:22 com.thundercomm.gamemode.ingame.services.ActivityMonitoringService$1.onActivityLaunch:127
12-09 10:55:08.751 1509 1598 I input_focus: [Focus request e069207 com.android.launcher3/com.android.launcher3.uioverrides.QuickstepLauncher,reason=UpdateInputWindows]
12-09 10:55:08.751 1509 1509 I GameModeConfig: Current uri is uri = content://com.thundercomm.gamemode.api/gamemode_settings/gamemode_isgaming
12-09 10:55:08.759 2529 2529 I wm_on_top_resumed_gained_called: [12743551,com.android.launcher3.uioverrides.QuickstepLauncher,topStateChangedWhenResumed]
12-09 10:55:08.761 1509 1509 I GameModeConfig: isGameModeOn = false
12-09 10:55:08.761 1509 1604 I am_pss : [20185,10084,com.android.music,7223296,4902912,0,91058176,0,19,5]
12-09 10:55:08.762 1509 1509 I GameModeConfig: isGameModeOn = false
12-09 10:55:08.762 1509 1509 I GameModeConfig: isDisableVoice = true
12-09 10:55:08.773 1509 1680 I input_focus: [Focus entering e069207 com.android.launcher3/com.android.launcher3.uioverrides.QuickstepLauncher (server),reason=setFocusedWindow]
12-09 10:55:08.821 12356 12373 W ContextImpl: Calling a method in the system process without a qualified user: android.app.ContextImpl.startService:1816 android.content.ContextWrapper.startService:774 com.thundercomm.gamemode.ingame.services.GameModeActionUtils.startGameModeService:99 com.thundercomm.gamemode.ingame.services.GameModeActionUtils.startGameModeEntry:22 com.thundercomm.gamemode.ingame.services.ActivityMonitoringService$1.onActivityLaunch:127
12-09 10:55:08.831 1509 1509 I GameModeConfig: Current uri is uri = content://com.thundercomm.gamemode.api/gamemode_settings/gamemode_isgaming
12-09 10:55:08.834 1509 1509 I GameModeConfig: isGameModeOn = false
12-09 10:55:08.835 1509 1509 I GameModeConfig: isGameModeOn = false
12-09 10:55:08.835 1509 1509 I GameModeConfig: isDisableVoice = true
12-09 10:55:09.129 1509 1597 I wm_stop_activity: [0,44385528,com.android.settings/.homepage.SettingsHomepageActivity]
12-09 10:55:09.161 19875 19875 I wm_on_stop_called: [44385528,com.android.settings.homepage.SettingsHomepageActivity,STOP_ACTIVITY_ITEM]
12-09 10:55:09.182 12356 12373 W ContextImpl: Calling a method in the system process without a qualified user: android.app.ContextImpl.startService:1816 android.content.ContextWrapper.startService:774 com.thundercomm.gamemode.ingame.services.GameModeActionUtils.startGameModeService:99 com.thundercomm.gamemode.ingame.services.GameModeActionUtils.startGameModeEntry:22 com.thundercomm.gamemode.ingame.services.ActivityMonitoringService$1.onActivityLaunch:127
12-09 10:55:09.185 1509 1509 I GameModeConfig: Current uri is uri = content://com.thundercomm.gamemode.api/gamemode_settings/gamemode_isgaming
12-09 10:55:09.187 1509 1509 I GameModeConfig: isGameModeOn = false
12-09 10:55:09.187 1509 1509 I GameModeConfig: isGameModeOn = false
12-09 10:55:09.187 1509 1509 I GameModeConfig: isDisableVoice = true
12-09 10:55:09.203 20184 20184 I auditd : type=1400 audit(0.0:21231): avc: denied { kill } for comm="kworker/u17:5" capability=5 scontext=u:r:kernel:s0 tcontext=u:r:kernel:s0 tclass=capability permissive=0
12-09 10:55:09.788 1509 1680 I input_interaction: Interaction with: e069207 com.android.launcher3/com.android.launcher3.uioverrides.QuickstepLauncher (server), 3f8408a com.android.systemui.ImageWallpaper (server), edge-swipe (server), swipe-up (server), PointerEventDispatcher0 (server),
12-09 10:55:10.203 0 0 I auditd : type=1400 audit(0.0:21232): avc: denied { kill } for comm="swapper/2" capability=5 scontext=u:r:kernel:s0 tcontext=u:r:kernel:s0 tclass=capability permissive=0
12-09 10:55:11.146 1509 5541 I ActivityTaskManager: START u0 {act=android.intent.action.MAIN cat=[android.intent.category.LAUNCHER] flg=0x10200000 cmp=com.android.settings/.Settings bnds=[2308,740][2494,940]} from uid 10076
12-09 10:55:11.148 1509 5541 I wm_task_moved: [161,1,6]
12-09 10:55:11.148 1509 5541 I wm_task_to_front: [0,161]
12-09 10:55:11.149 1509 5541 I wm_focused_root_task: [0,0,161,39,bringingFoundTaskToFront]
12-09 10:55:11.150 1509 5541 I wm_set_resumed_activity: [0,com.android.settings/.homepage.SettingsHomepageActivity,bringingFoundTaskToFront]
12-09 10:55:11.150 1509 5541 I wm_new_intent: [0,44385528,161,com.android.settings/.homepage.SettingsHomepageActivity,android.settings.WIFI_SETTINGS,NULL,NULL,335544320]
12-09 10:55:11.152 1509 5541 I wm_pause_activity: [0,12743551,com.android.launcher3/.uioverrides.QuickstepLauncher,userLeaving=true,pauseBackTasks]
12-09 10:55:11.162 2529 2529 I wm_on_top_resumed_lost_called: [12743551,com.android.launcher3.uioverrides.QuickstepLauncher,topStateChangedWhenResumed]
12-09 10:55:11.172 2529 2529 I wm_on_paused_called: [12743551,com.android.launcher3.uioverrides.QuickstepLauncher,performPause]
12-09 10:55:11.173 1509 15980 I ActivityTaskManager: FOREGROUND_APPLICATION_CHANGED to com.android.settings.homepage.SettingsHomepageActivity
12-09 10:55:11.175 1509 15980 I wm_set_resumed_activity: [0,com.android.settings/.homepage.SettingsHomepageActivity,resumeTopActivityInnerLocked]
12-09 10:55:11.176 1509 15980 I wm_add_to_stopping: [0,12743551,com.android.launcher3/.uioverrides.QuickstepLauncher,makeInvisible]
12-09 10:55:11.179 1509 15980 I wm_resume_activity: [0,44385528,161,com.android.settings/.homepage.SettingsHomepageActivity]
12-09 10:55:11.193 1509 1597 I sysui_multi_action: [757,803,799,window_time_0,802,2]
12-09 10:55:11.196 19875 19875 I wm_on_restart_called: [44385528,com.android.settings.homepage.SettingsHomepageActivity,performRestartActivity]
12-09 10:55:11.198 19875 19875 I wm_on_start_called: [44385528,com.android.settings.homepage.SettingsHomepageActivity,handleStartActivity]
12-09 10:55:11.198 19875 19875 I snet_event_log: [120484087,-1,]
12-09 10:55:11.199 19875 19875 I wm_on_resume_called: [44385528,com.android.settings.homepage.SettingsHomepageActivity,RESUME_ACTIVITY]
12-09 10:55:11.199 19875 19875 I sysui_multi_action: [757,35,758,1,833,0,1089,0]
12-09 10:55:11.200 19875 19875 I sysui_multi_action: [757,3000,758,1,833,0,1089,0]
12-09 10:55:11.201 19875 19875 I wm_on_top_resumed_gained_called: [44385528,com.android.settings.homepage.SettingsHomepageActivity,topWhenResuming]
12-09 10:55:11.203 12356 12373 W ContextImpl: Calling a method in the system process without a qualified user: android.app.ContextImpl.startService:1816 android.content.ContextWrapper.startService:774 com.thundercomm.gamemode.ingame.services.GameModeActionUtils.startGameModeService:99 com.thundercomm.gamemode.ingame.services.GameModeActionUtils.startGameModeEntry:22 com.thundercomm.gamemode.ingame.services.ActivityMonitoringService$1.onActivityLaunch:127
12-09 10:55:11.205 1509 1613 W BatteryExternalStatsWorker: error reading modem stats:ERROR_PHONE_NOT_AVAILABLE
12-09 10:55:11.210 1509 1680 I input_focus: [Focus leaving e069207 com.android.launcher3/com.android.launcher3.uioverrides.QuickstepLauncher (server),reason=NO_WINDOW]
12-09 10:55:11.211 1509 1509 I GameModeConfig: Current uri is uri = content://com.thundercomm.gamemode.api/gamemode_settings/gamemode_isgaming
12-09 10:55:11.217 1509 1598 I input_focus: [Focus request 4474eed com.android.settings/com.android.settings.homepage.SettingsHomepageActivity,reason=UpdateInputWindows]
12-09 10:55:11.221 1509 1509 I GameModeConfig: isGameModeOn = false
12-09 10:55:11.222 1509 1509 I GameModeConfig: isGameModeOn = false
12-09 10:55:11.222 1509 1509 I GameModeConfig: isDisableVoice = true
12-09 10:55:11.234 1509 1594 I sysui_multi_action: [319,39,321,35,322,80,325,20120,757,761,758,9,759,4,806,com.android.settings,871,com.android.settings.homepage.SettingsHomepageActivity,904,com.android.settings,905,0,1320,8,1321,5]
12-09 10:55:11.237 1509 1613 E KernelCpuSpeedReader: Failed to read cpu-freq: /sys/devices/system/cpu/cpu4/cpufreq/stats/time_in_state: open failed: ENOENT (No such file or directory)
12-09 10:55:11.237 1509 1613 E KernelCpuSpeedReader: Failed to read cpu-freq: /sys/devices/system/cpu/cpu0/cpufreq/stats/time_in_state: open failed: ENOENT (No such file or directory)
12-09 10:55:11.235 566 566 I auditd : type=1400 audit(0.0:21233): avc: denied { read } for comm="Binder:566_2" name="wakeup58" dev="sysfs" ino=71848 scontext=u:r:system_suspend:s0 tcontext=u:object_r:sysfs:s0 tclass=dir permissive=0
12-09 10:55:11.235 566 566 I auditd : type=1400 audit(0.0:21234): avc: denied { read } for comm="Binder:566_2" name="wakeup48" dev="sysfs" ino=67173 scontext=u:r:system_suspend:s0 tcontext=u:object_r:sysfs:s0 tclass=dir permissive=0
12-09 10:55:11.235 566 566 I auditd : type=1400 audit(0.0:21235): avc: denied { read } for comm="Binder:566_2" name="wakeup4" dev="sysfs" ino=47032 scontext=u:r:system_suspend:s0 tcontext=u:object_r:sysfs:s0 tclass=dir permissive=0
12-09 10:55:11.235 566 566 I auditd : type=1400 audit(0.0:21236): avc: denied { read } for comm="Binder:566_2" name="wakeup76" dev="sysfs" ino=76711 scontext=u:r:system_suspend:s0 tcontext=u:object_r:sysfs:s0 tclass=dir permissive=0
12-09 10:55:11.235 566 566 I auditd : type=1400 audit(0.0:21237): avc: denied { read } for comm="Binder:566_2" name="wakeup28" dev="sysfs" ino=53097 scontext=u:r:system_suspend:s0 tcontext=u:object_r:sysfs:s0 tclass=dir permissive=0
12-09 10:55:11.235 566 566 I auditd : type=1400 audit(0.0:21238): avc: denied { read } for comm="Binder:566_2" name="wakeup56" dev="sysfs" ino=71776 scontext=u:r:system_suspend:s0 tcontext=u:object_r:sysfs:s0 tclass=dir permissive=0
12-09 10:55:11.235 566 566 I auditd : type=1400 audit(0.0:21239): avc: denied { read } for comm="Binder:566_2" name="wakeup2" dev="sysfs" ino=46556 scontext=u:r:system_suspend:s0 tcontext=u:object_r:sysfs:s0 tclass=dir permissive=0
12-09 10:55:11.244 1509 1680 I input_focus: [Focus entering 4474eed com.android.settings/com.android.settings.homepage.SettingsHomepageActivity (server),reason=Window became focusable. Previous reason: NOT_VISIBLE]
12-09 10:55:11.235 566 566 I auditd : type=1400 audit(0.0:21240): avc: denied { read } for comm="Binder:566_2" name="wakeup36" dev="sysfs" ino=58610 scontext=u:r:system_suspend:s0 tcontext=u:object_r:sysfs:s0 tclass=dir permissive=0
12-09 10:55:11.239 566 566 I auditd : type=1400 audit(0.0:21241): avc: denied { read } for comm="Binder:566_2" name="wakeup54" dev="sysfs" ino=71704 scontext=u:r:system_suspend:s0 tcontext=u:object_r:sysfs:s0 tclass=dir permissive=0
12-09 10:55:11.272 1509 1613 W BatteryExternalStatsWorker: error reading modem stats:ERROR_PHONE_NOT_AVAILABLE
12-09 10:55:11.277 1509 1613 E KernelCpuSpeedReader: Failed to read cpu-freq: /sys/devices/system/cpu/cpu4/cpufreq/stats/time_in_state: open failed: ENOENT (No such file or directory)
12-09 10:55:11.282 1509 1613 E KernelCpuSpeedReader: Failed to read cpu-freq: /sys/devices/system/cpu/cpu0/cpufreq/stats/time_in_state: open failed: ENOENT (No such file or directory)
12-09 10:55:11.291 12356 12373 W ContextImpl: Calling a method in the system process without a qualified user: android.app.ContextImpl.startService:1816 android.content.ContextWrapper.startService:774 com.thundercomm.gamemode.ingame.services.GameModeActionUtils.startGameModeService:99 com.thundercomm.gamemode.ingame.services.GameModeActionUtils.startGameModeEntry:22 com.thundercomm.gamemode.ingame.services.ActivityMonitoringService$1.onActivityLaunch:127
12-09 10:55:11.302 1509 1509 I GameModeConfig: Current uri is uri = content://com.thundercomm.gamemode.api/gamemode_settings/gamemode_isgaming
12-09 10:55:11.304 1509 1509 I GameModeConfig: isGameModeOn = false
12-09 10:55:11.307 1509 1509 I GameModeConfig: isGameModeOn = false
12-09 10:55:11.307 1509 1509 I GameModeConfig: isDisableVoice = true
12-09 10:55:11.738 1509 1597 I wm_stop_activity: [0,12743551,com.android.launcher3/.uioverrides.QuickstepLauncher]
12-09 10:55:11.770 2529 2529 I wm_on_stop_called: [12743551,com.android.launcher3.uioverrides.QuickstepLauncher,STOP_ACTIVITY_ITEM]
12-09 10:55:11.804 12356 12373 W ContextImpl: Calling a method in the system process without a qualified user: android.app.ContextImpl.startService:1816 android.content.ContextWrapper.startService:774 com.thundercomm.gamemode.ingame.services.GameModeActionUtils.startGameModeService:99 com.thundercomm.gamemode.ingame.services.GameModeActionUtils.startGameModeEntry:22 com.thundercomm.gamemode.ingame.services.ActivityMonitoringService$1.onActivityLaunch:127
12-09 10:55:11.809 1509 1509 I GameModeConfig: Current uri is uri = content://com.thundercomm.gamemode.api/gamemode_settings/gamemode_isgaming
12-09 10:55:11.810 1509 1509 I GameModeConfig: isGameModeOn = false
12-09 10:55:11.810 1509 1509 I GameModeConfig: isGameModeOn = false
12-09 10:55:11.810 1509 1509 I GameModeConfig: isDisableVoice = true
12-09 10:55:12.022 1509 1680 I input_interaction: Interaction with: 4474eed com.android.settings/com.android.settings.homepage.SettingsHomepageActivity (server), edge-swipe (server), swipe-up (server), PointerEventDispatcher0 (server),
12-09 10:55:12.134 19875 19875 I sysui_multi_action: [757,830,758,4,833,0,854,top_level_system,1089,0]
12-09 10:55:12.237 19875 19875 I sysui_multi_action: [757,3000,758,2,1089,1036]
12-09 10:55:12.262 19875 19875 I sysui_multi_action: [757,744,758,1,833,0,1089,19]
12-09 10:55:12.264 19875 19875 I sysui_multi_action: [757,1729,758,4,854,isParalleledControllers:false,1089,22]
12-09 10:55:13.203 0 0 I auditd : type=1400 audit(0.0:21332): avc: denied { kill } for comm="swapper/1" capability=5 scontext=u:r:kernel:s0 tcontext=u:r:kernel:s0 tclass=capability permissive=0
12-09 10:55:13.379 19875 19875 I sysui_multi_action: [757,830,758,4,833,0,854,language_input_settings,1089,0]
12-09 10:55:13.388 19875 19875 I sysui_multi_action: [757,744,758,2,1089,1126]
12-09 10:55:13.427 19875 19875 I sysui_multi_action: [757,750,758,1,833,0,1089,37]
12-09 10:55:13.429 1509 7753 I am_uid_running: 10020
12-09 10:55:13.430 1509 7753 D CompatibilityChangeReporter: Compat change id reported: 135634846; UID 10020; state: DISABLED
12-09 10:55:13.430 1509 7753 D CompatibilityChangeReporter: Compat change id reported: 177438394; UID 10020; state: DISABLED
12-09 10:55:13.430 1509 7753 D CompatibilityChangeReporter: Compat change id reported: 135772972; UID 10020; state: DISABLED
12-09 10:55:13.430 1509 7753 D CompatibilityChangeReporter: Compat change id reported: 135754954; UID 10020; state: ENABLED
12-09 10:55:13.431 1509 1606 D CompatibilityChangeReporter: Compat change id reported: 143937733; UID 10020; state: ENABLED
12-09 10:55:13.449 1509 1606 I am_proc_start: [0,20236,10020,android.process.acore,content provider,{com.android.providers.userdictionary/com.android.providers.userdictionary.UserDictionaryProvider}]
12-09 10:55:13.449 1509 1606 I ActivityManager: Start proc 20236:android.process.acore/u0a20 for content provider {com.android.providers.userdictionary/com.android.providers.userdictionary.UserDictionaryProvider}
12-09 10:55:13.484 1509 7753 I am_proc_bound: [0,20236,android.process.acore]
12-09 10:55:13.489 1509 7753 D CompatibilityChangeReporter: Compat change id reported: 168419799; UID 10020; state: DISABLED
12-09 10:55:13.491 1509 7753 I am_uid_active: 10020
12-09 10:55:13.551 1509 7753 D CountryDetector: The first listener is added
12-09 10:55:13.574 1509 1604 I service_manager_slow: [18,isub]
12-09 10:55:13.598 19875 19875 I sysui_multi_action: [757,1729,758,4,854,isParalleledControllers:false,1089,208]
12-09 10:55:14.183 1509 2730 E TaskPersister: File error accessing recents directory (directory doesn't exist?).
12-09 10:55:14.203 0 0 I auditd : type=1400 audit(0.0:21333): avc: denied { kill } for comm="swapper/1" capability=5 scontext=u:r:kernel:s0 tcontext=u:r:kernel:s0 tclass=capability permissive=0
12-09 10:55:14.253 1509 7753 I ActivityTaskManager: START u0 {act=android.intent.action.MAIN cmp=com.android.settings/.SubSettings (has extras)} from uid 1000
12-09 10:55:14.256 1509 7753 I wm_task_moved: [161,1,6]
12-09 10:55:14.256 1509 7753 I wm_set_resumed_activity: [0,com.android.settings/.homepage.SettingsHomepageActivity,positionChildAt]
12-09 10:55:14.256 1509 7753 I wm_create_activity: [0,64590605,161,com.android.settings/.SubSettings,android.intent.action.MAIN,NULL,NULL,0]
12-09 10:55:14.258 1509 7753 I wm_pause_activity: [0,44385528,com.android.settings/.homepage.SettingsHomepageActivity,userLeaving=true,resumeTopActivityInnerLocked]
12-09 10:55:14.263 19875 19875 I sysui_multi_action: [757,830,758,4,833,0,854,phone_language,1089,0]
12-09 10:55:14.264 19875 19875 I wm_on_top_resumed_lost_called: [44385528,com.android.settings.homepage.SettingsHomepageActivity,topStateChangedWhenResumed]
12-09 10:55:14.266 19875 19875 I sysui_multi_action: [757,35,758,2,1089,3066]
12-09 10:55:14.266 19875 19875 I sysui_multi_action: [757,750,758,2,1089,840]
12-09 10:55:14.267 19875 19875 I wm_on_paused_called: [44385528,com.android.settings.homepage.SettingsHomepageActivity,performPause]
12-09 10:55:14.268 1509 7156 I ActivityTaskManager: FOREGROUND_APPLICATION_CHANGED to com.android.settings.SubSettings
12-09 10:55:14.268 1509 7156 I ActivityTaskManager: The Process com.android.settings Already Exists in BG. So sending its PID: 19875
12-09 10:55:14.269 1509 7156 W ActivityTaskManager: Tried to set launchTime (0) < mLastActivityLaunchTime (19511700)
12-09 10:55:14.270 1509 7156 I wm_add_to_stopping: [0,44385528,com.android.settings/.homepage.SettingsHomepageActivity,makeInvisible]
12-09 10:55:14.272 1509 7156 I wm_restart_activity: [0,64590605,161,com.android.settings/.SubSettings]
12-09 10:55:14.274 1509 7156 I wm_set_resumed_activity: [0,com.android.settings/.SubSettings,minimalResumeActivityLocked]
12-09 10:55:14.280 1509 1597 I sysui_multi_action: [757,803,799,window_time_0,802,3]
12-09 10:55:14.290 1509 7156 I am_uid_active: 10088
12-09 10:55:14.296 1509 7156 I ActivityTaskManager: START u0 {act=android.intent.action.MAIN cmp=com.android.settings/.homepage.SettingsHomepageActivity (has extras)} from uid 1000
12-09 10:55:14.297 1509 7156 I wm_finish_activity: [0,64590605,161,com.android.settings/.SubSettings,clear-task-stack]
12-09 10:55:14.303 1509 7156 I wm_pause_activity: [0,64590605,com.android.settings/.SubSettings,userLeaving=false,finish]
12-09 10:55:14.304 1509 1680 I input_focus: [Focus leaving 4474eed com.android.settings/com.android.settings.homepage.SettingsHomepageActivity (server),reason=NO_WINDOW]
12-09 10:55:14.304 1509 7156 I wm_new_intent: [0,44385528,161,com.android.settings/.homepage.SettingsHomepageActivity,android.settings.WIFI_SETTINGS,NULL,NULL,335544320]
12-09 10:55:14.304 1509 7156 I wm_task_moved: [161,1,6]
12-09 10:55:14.310 1509 7753 W ActivityTaskManager: Duplicate finish request for r=ActivityRecord{3d9930d u0 com.android.settings/.SubSettings t161 f}}
12-09 10:55:14.311 19875 19875 I wm_on_create_called: [64590605,com.android.settings.SubSettings,performCreate]
12-09 10:55:14.315 1509 6785 I wm_add_to_stopping: [0,64590605,com.android.settings/.SubSettings,completeFinishing]
12-09 10:55:14.316 1509 6785 I ActivityTaskManager: FOREGROUND_APPLICATION_CHANGED to com.android.settings.homepage.SettingsHomepageActivity
12-09 10:55:14.317 1509 6785 I wm_set_resumed_activity: [0,com.android.settings/.homepage.SettingsHomepageActivity,resumeTopActivityInnerLocked]
12-09 10:55:14.318 1509 6785 I wm_resume_activity: [0,44385528,161,com.android.settings/.homepage.SettingsHomepageActivity]
12-09 10:55:14.326 1509 1598 I input_focus: [Focus request 4474eed com.android.settings/com.android.settings.homepage.SettingsHomepageActivity,reason=UpdateInputWindows]
12-09 10:55:14.326 1509 1597 I sysui_multi_action: [757,803,799,window_time_0,802,0]
12-09 10:55:14.327 19875 19875 I wm_on_resume_called: [44385528,com.android.settings.homepage.SettingsHomepageActivity,RESUME_ACTIVITY]
12-09 10:55:14.328 19875 19875 I sysui_multi_action: [757,35,758,1,833,0,1089,0]
12-09 10:55:14.328 19875 19875 I sysui_multi_action: [757,750,758,1,833,0,1089,0]
12-09 10:55:14.336 19875 19875 I wm_on_top_resumed_gained_called: [44385528,com.android.settings.homepage.SettingsHomepageActivity,topWhenResuming]
12-09 10:55:14.352 1509 1680 I input_focus: [Focus entering 4474eed com.android.settings/com.android.settings.homepage.SettingsHomepageActivity (server),reason=Window became focusable. Previous reason: NO_WINDOW]
12-09 10:55:14.352 1509 7156 I wm_destroy_activity: [0,64590605,161,com.android.settings/.SubSettings,finish-imm:idle]
12-09 10:55:14.367 19875 19875 I wm_on_destroy_called: [64590605,com.android.settings.SubSettings,performDestroy]
12-09 10:55:14.428 12356 12373 W ContextImpl: Calling a method in the system process without a qualified user: android.app.ContextImpl.startService:1816 android.content.ContextWrapper.startService:774 com.thundercomm.gamemode.ingame.services.GameModeActionUtils.startGameModeService:99 com.thundercomm.gamemode.ingame.services.GameModeActionUtils.startGameModeEntry:22 com.thundercomm.gamemode.ingame.services.ActivityMonitoringService$1.onActivityLaunch:127
12-09 10:55:14.433 1509 1509 I GameModeConfig: Current uri is uri = content://com.thundercomm.gamemode.api/gamemode_settings/gamemode_isgaming
12-09 10:55:14.445 1509 1509 I GameModeConfig: isGameModeOn = false
12-09 10:55:14.446 1509 1509 I GameModeConfig: isGameModeOn = false
12-09 10:55:14.446 1509 1509 I GameModeConfig: isDisableVoice = true
12-09 10:55:14.630 19875 19875 I sysui_multi_action: [757,344,758,1,833,0,1089,102]
12-09 10:55:15.203 0 0 I auditd : type=1400 audit(0.0:21334): avc: denied { kill } for comm="swapper/1" capability=5 scontext=u:r:kernel:s0 tcontext=u:r:kernel:s0 tclass=capability permissive=0
12-09 10:55:15.877 19875 19875 I sysui_multi_action: [757,830,758,4,833,0,854,add_language,1089,0]
12-09 10:55:16.203 0 0 I auditd : type=1400 audit(0.0:21335): avc: denied { kill } for comm="swapper/1" capability=5 scontext=u:r:kernel:s0 tcontext=u:r:kernel:s0 tclass=capability permissive=0
12-09 10:55:17.203 0 0 I auditd : type=1400 audit(0.0:21336): avc: denied { kill } for comm="swapper/1" capability=5 scontext=u:r:kernel:s0 tcontext=u:r:kernel:s0 tclass=capability permissive=0
12-09 10:55:17.786 1509 2730 E TaskPersister: File error accessing recents directory (directory doesn't exist?).
12-09 10:55:18.203 0 0 I auditd : type=1400 audit(0.0:21337): avc: denied { kill } for comm="swapper/1" capability=5 scontext=u:r:kernel:s0 tcontext=u:r:kernel:s0 tclass=capability permissive=0
12-09 10:55:18.416 19875 19875 I sysui_multi_action: [757,344,758,2,1089,3786]
12-09 10:55:19.413 19875 19875 I sysui_multi_action: [757,830,758,4,833,0,854,virtual_keyboard_pref,1089,0]
12-09 10:55:19.416 19875 19875 I sysui_multi_action: [757,750,758,2,1089,5088]
12-09 10:55:19.449 19875 19875 I sysui_multi_action: [757,345,758,1,833,0,1089,30]
12-09 10:55:19.450 19875 19875 I sysui_multi_action: [757,1729,758,4,854,isParalleledControllers:false,1089,31]
12-09 10:55:20.575 19875 19875 I sysui_multi_action: [757,345,758,2,1089,1126]
12-09 10:55:20.596 19875 19875 I sysui_multi_action: [757,750,758,1,833,0,1089,0]
12-09 10:55:21.203 0 0 I auditd : type=1400 audit(0.0:21338): avc: denied { kill } for comm="swapper/2" capability=5 scontext=u:r:kernel:s0 tcontext=u:r:kernel:s0 tclass=capability permissive=0
12-09 10:55:21.365 19875 19875 I sysui_multi_action: [757,830,758,4,833,0,854,physical_keyboard_pref,1089,0]
12-09 10:55:21.375 19875 19875 I sysui_multi_action: [757,750,758,2,1089,779]
12-09 10:55:21.397 19875 19875 I sysui_multi_action: [757,346,758,1,833,0,1089,19]
12-09 10:55:22.159 19875 19875 I sysui_multi_action: [757,346,758,2,1089,763]
12-09 10:55:22.178 19875 19875 I sysui_multi_action: [757,750,758,1,833,0,1089,0]
12-09 10:55:22.203 0 0 I auditd : type=1400 audit(0.0:21339): avc: denied { kill } for comm="swapper/2" capability=5 scontext=u:r:kernel:s0 tcontext=u:r:kernel:s0 tclass=capability permissive=0
12-09 10:55:23.015 19875 19875 I sysui_multi_action: [757,830,758,4,833,0,854,spellcheckers_settings,1089,0]
12-09 10:55:23.023 19875 19875 I sysui_multi_action: [757,750,758,2,1089,845]
12-09 10:55:23.044 19875 19875 I sysui_multi_action: [757,59,758,1,833,0,1089,19]
12-09 10:55:23.203 0 0 I auditd : type=1400 audit(0.0:21340): avc: denied { kill } for comm="swapper/2" capability=5 scontext=u:r:kernel:s0 tcontext=u:r:kernel:s0 tclass=capability permissive=0
12-09 10:55:24.203 0 0 I auditd : type=1400 audit(0.0:21341): avc: denied { kill } for comm="swapper/2" capability=5 scontext=u:r:kernel:s0 tcontext=u:r:kernel:s0 tclass=capability permissive=0
12-09 10:55:25.071 19875 19875 I sysui_multi_action: [757,830,758,4,833,0,854,default_spellchecker,1089,0]
12-09 10:55:25.123 1509 1598 I input_focus: [Focus request 1ae55b1 com.android.settings/com.android.settings.homepage.SettingsHomepageActivity,reason=UpdateInputWindows]
12-09 10:55:25.146 1509 1680 I input_focus: [Focus leaving 4474eed com.android.settings/com.android.settings.homepage.SettingsHomepageActivity (server),reason=setFocusedWindow]
12-09 10:55:25.147 1509 1680 I input_focus: [Focus entering 1ae55b1 com.android.settings/com.android.settings.homepage.SettingsHomepageActivity (server),reason=setFocusedWindow]
12-09 10:55:26.103 1509 1680 I input_interaction: Interaction with: 1ae55b1 com.android.settings/com.android.settings.homepage.SettingsHomepageActivity (server), edge-swipe (server), swipe-up (server), PointerEventDispatcher0 (server),
12-09 10:55:26.196 1509 1598 I input_focus: [Focus request 4474eed com.android.settings/com.android.settings.homepage.SettingsHomepageActivity,reason=UpdateInputWindows]
12-09 10:55:26.203 0 0 I auditd : type=1400 audit(0.0:21342): avc: denied { kill } for comm="swapper/2" capability=5 scontext=u:r:kernel:s0 tcontext=u:r:kernel:s0 tclass=capability permissive=0
12-09 10:55:26.216 1509 1680 I input_focus: [Focus entering 4474eed com.android.settings/com.android.settings.homepage.SettingsHomepageActivity (server),reason=setFocusedWindow]
12-09 10:55:26.811 1509 1680 I input_interaction: Interaction with: 4474eed com.android.settings/com.android.settings.homepage.SettingsHomepageActivity (server), edge-swipe (server), swipe-up (server), PointerEventDispatcher0 (server),
12-09 10:55:26.921 19875 19875 I sysui_multi_action: [757,59,758,2,1089,3877]
12-09 10:55:26.940 19875 19875 I sysui_multi_action: [757,750,758,1,833,0,1089,0]
12-09 10:55:27.203 0 0 I auditd : type=1400 audit(0.0:21343): avc: denied { kill } for comm="swapper/2" capability=5 scontext=u:r:kernel:s0 tcontext=u:r:kernel:s0 tclass=capability permissive=0
12-09 10:55:27.842 19875 19875 I sysui_multi_action: [757,830,758,4,833,0,854,key_user_dictionary_settings,1089,0]
12-09 10:55:27.849 19875 19875 I sysui_multi_action: [757,750,758,2,1089,909]
12-09 10:55:27.885 19875 19875 I sysui_multi_action: [757,61,758,1,833,0,1089,33]
12-09 10:55:27.886 19875 19875 I sysui_multi_action: [757,1729,758,4,854,isParalleledControllers:false,1089,34]
12-09 10:55:28.203 0 0 I auditd : type=1400 audit(0.0:21344): avc: denied { kill } for comm="swapper/2" capability=5 scontext=u:r:kernel:s0 tcontext=u:r:kernel:s0 tclass=capability permissive=0
12-09 10:55:28.836 19875 19875 I sysui_multi_action: [757,830,758,4,833,0,854,all_languages,1089,0]
12-09 10:55:28.839 19875 19875 I sysui_multi_action: [757,61,758,2,1089,954]
12-09 10:55:28.870 19875 19875 I sysui_multi_action: [757,514,758,1,833,0,1089,0]
12-09 10:55:29.203 0 0 I auditd : type=1400 audit(0.0:21345): avc: denied { kill } for comm="swapper/2" capability=5 scontext=u:r:kernel:s0 tcontext=u:r:kernel:s0 tclass=capability permissive=0
12-09 10:55:29.793 19875 19875 I sysui_multi_action: [757,514,758,2,1089,922]
12-09 10:55:29.820 19875 19875 I sysui_multi_action: [757,61,758,1,833,0,1089,0]
12-09 10:55:30.329 19875 19875 I sysui_multi_action: [757,830,758,4,833,0,854,zh_CN,1089,0]
12-09 10:55:30.342 19875 19875 I sysui_multi_action: [757,61,758,2,1089,523]
12-09 10:55:30.363 19875 19875 I sysui_multi_action: [757,514,758,1,833,0,1089,0]
12-09 10:55:30.928 19875 19875 I sysui_multi_action: [757,514,758,2,1089,566]
12-09 10:55:30.956 19875 19875 I sysui_multi_action: [757,61,758,1,833,0,1089,0]
12-09 10:55:31.203 0 0 I auditd : type=1400 audit(0.0:21346): avc: denied { kill } for comm="swapper/1" capability=5 scontext=u:r:kernel:s0 tcontext=u:r:kernel:s0 tclass=capability permissive=0
12-09 10:55:31.462 19875 19875 I sysui_multi_action: [757,61,758,2,1089,506]
12-09 10:55:31.477 19875 19875 I sysui_multi_action: [757,750,758,1,833,0,1089,0]
12-09 10:55:32.203 0 0 I auditd : type=1400 audit(0.0:21347): avc: denied { kill } for comm="swapper/1" capability=5 scontext=u:r:kernel:s0 tcontext=u:r:kernel:s0 tclass=capability permissive=0
12-09 10:55:32.759 19875 19875 I sysui_multi_action: [757,830,758,4,833,0,854,pointer_speed,1089,0]
12-09 10:55:32.804 1509 1598 I input_focus: [Focus request 77001e8 com.android.settings/com.android.settings.homepage.SettingsHomepageActivity,reason=UpdateInputWindows]
12-09 10:55:32.832 1509 1680 I input_focus: [Focus leaving 4474eed com.android.settings/com.android.settings.homepage.SettingsHomepageActivity (server),reason=setFocusedWindow]
12-09 10:55:32.832 1509 1680 I input_focus: [Focus entering 77001e8 com.android.settings/com.android.settings.homepage.SettingsHomepageActivity (server),reason=setFocusedWindow]
12-09 10:55:34.094 1509 1680 I input_interaction: Interaction with: 77001e8 com.android.settings/com.android.settings.homepage.SettingsHomepageActivity (server), edge-swipe (server), swipe-up (server), PointerEventDispatcher0 (server),
12-09 10:55:34.203 0 0 I auditd : type=1400 audit(0.0:21348): avc: denied { kill } for comm="swapper/2" capability=5 scontext=u:r:kernel:s0 tcontext=u:r:kernel:s0 tclass=capability permissive=0
12-09 10:55:34.236 1509 1598 I input_focus: [Focus request 4474eed com.android.settings/com.android.settings.homepage.SettingsHomepageActivity,reason=UpdateInputWindows]
12-09 10:55:34.253 1509 1680 I input_focus: [Focus entering 4474eed com.android.settings/com.android.settings.homepage.SettingsHomepageActivity (server),reason=setFocusedWindow]
12-09 10:55:35.203 0 0 I auditd : type=1400 audit(0.0:21349): avc: denied { kill } for comm="swapper/2" capability=5 scontext=u:r:kernel:s0 tcontext=u:r:kernel:s0 tclass=capability permissive=0
12-09 10:55:35.398 1509 1680 I input_interaction: Interaction with: 2891114 StatusBar (server), edge-swipe (server), swipe-up (server), PointerEventDispatcher0 (server),
12-09 10:55:35.410 1962 1962 I sysui_multi_action: [757,803,799,panel_open,802,1]
12-09 10:55:35.414 1962 1962 I sysui_multi_action: [757,1328,758,4,1326,38,1327,3,1329,0]
12-09 10:55:35.478 1509 6785 I sysui_multi_action: [757,127,758,1]
12-09 10:55:35.478 1509 6785 I sysui_multi_action: [757,804,799,note_load,801,2,802,1]
12-09 10:55:35.478 1509 6785 I notification_panel_revealed: 2
12-09 10:55:35.481 1509 1737 I GameModeConfig: isGameModeOn = false
12-09 10:55:35.481 1509 1737 I GameModeConfig: isGameModeOn = false
12-09 10:55:35.481 1509 1737 I GameModeConfig: isGameModeOn = false
12-09 10:55:35.482 1509 1737 I GameModeConfig: isGameModeOn = false
12-09 10:55:35.483 1962 1962 I sysui_multi_action: [757,111,758,2]
12-09 10:55:35.483 1509 1509 I notification_enqueue: [10082,1962,com.android.systemui,2048,NULL,0,Notification(channel=updateNotification shortcut=null contentView=null vibrate=null sound=null defaults=0x0 flags=0x0 color=0x00000000 vis=PRIVATE),1]
12-09 10:55:35.483 1962 1962 I sysui_multi_action: [757,111,758,2]
12-09 10:55:35.497 1509 1598 I input_focus: [Focus request 990558b NotificationShade,reason=UpdateInputWindows]
12-09 10:55:35.501 1962 1962 I sysui_multi_action: [757,111,758,1]
12-09 10:55:35.502 1962 1962 I sysui_multi_action: [757,126,758,1,759,126,927,0,928,0,1593,0]
12-09 10:55:35.502 1962 1962 I sysui_multi_action: [757,113,758,1,759,113,927,1,928,1,1593,0]
12-09 10:55:35.502 1962 1962 I sysui_multi_action: [757,0,758,1,759,0,927,2,928,0,1593,0]
12-09 10:55:35.502 1962 1962 I sysui_multi_action: [757,0,758,1,759,0,927,3,928,0,1593,0]
12-09 10:55:35.503 1962 1962 I sysui_multi_action: [757,491,758,1,759,491,927,4,928,0,1311,-1,1593,0]
12-09 10:55:35.503 1962 1962 I sysui_multi_action: [757,0,758,1,759,0,927,5,928,0,1593,0]
12-09 10:55:35.503 1962 1962 I sysui_multi_action: [757,120,758,1,759,120,927,6,928,1,1593,0]
12-09 10:55:35.503 1962 1962 I sysui_multi_action: [757,111,758,1]
12-09 10:55:35.503 1962 1962 I sysui_multi_action: [757,126,758,1,759,126,927,0,928,0,1593,0]
12-09 10:55:35.503 1962 1962 I sysui_multi_action: [757,113,758,1,759,113,927,1,928,1,1593,0]
12-09 10:55:35.503 1962 1962 I sysui_multi_action: [757,0,758,1,759,0,927,2,928,0,1593,0]
12-09 10:55:35.503 1962 1962 I sysui_multi_action: [757,0,758,1,759,0,927,3,928,0,1593,0]
12-09 10:55:35.516 1962 1962 I sysui_multi_action: [757,111,758,2]
12-09 10:55:35.516 1962 1962 I sysui_multi_action: [757,111,758,2]
12-09 10:55:35.516 1509 1509 I notification_enqueue: [10082,1962,com.android.systemui,2048,NULL,0,Notification(channel=updateNotification shortcut=null contentView=null vibrate=null sound=null defaults=0x0 flags=0x0 color=0x00000000 vis=PRIVATE),1]
12-09 10:55:35.520 1962 1962 I sysui_multi_action: [757,111,758,1]
12-09 10:55:35.520 1962 1962 I sysui_multi_action: [757,126,758,1,759,126,927,0,928,0,1593,0]
12-09 10:55:35.520 1962 1962 I sysui_multi_action: [757,113,758,1,759,113,927,1,928,1,1593,0]
12-09 10:55:35.520 1962 1962 I sysui_multi_action: [757,0,758,1,759,0,927,2,928,0,1593,0]
12-09 10:55:35.520 1962 1962 I sysui_multi_action: [757,0,758,1,759,0,927,3,928,0,1593,0]
12-09 10:55:35.521 1962 1962 I sysui_multi_action: [757,491,758,1,759,491,927,4,928,0,1311,-1,1593,0]
12-09 10:55:35.521 1962 1962 I sysui_multi_action: [757,0,758,1,759,0,927,5,928,0,1593,0]
12-09 10:55:35.521 1962 1962 I sysui_multi_action: [757,120,758,1,759,120,927,6,928,1,1593,0]
12-09 10:55:35.521 1962 1962 I sysui_multi_action: [757,111,758,1]
12-09 10:55:35.521 1962 1962 I sysui_multi_action: [757,126,758,1,759,126,927,0,928,0,1593,0]
12-09 10:55:35.521 1509 1737 I GameModeConfig: isGameModeOn = false
12-09 10:55:35.521 1962 1962 I sysui_multi_action: [757,113,758,1,759,113,927,1,928,1,1593,0]
12-09 10:55:35.521 1962 1962 I sysui_multi_action: [757,0,758,1,759,0,927,2,928,0,1593,0]
12-09 10:55:35.522 1509 1737 I GameModeConfig: isGameModeOn = false
12-09 10:55:35.522 1962 1962 I sysui_multi_action: [757,0,758,1,759,0,927,3,928,0,1593,0]
12-09 10:55:35.522 1509 1737 I GameModeConfig: isGameModeOn = false
12-09 10:55:35.522 1509 1737 I GameModeConfig: isGameModeOn = false
12-09 10:55:35.523 1509 1680 I input_focus: [Focus leaving 4474eed com.android.settings/com.android.settings.homepage.SettingsHomepageActivity (server),reason=setFocusedWindow]
12-09 10:55:35.523 1509 1680 I input_focus: [Focus entering 990558b NotificationShade (server),reason=setFocusedWindow]
12-09 10:55:35.535 1509 1737 I GameModeConfig: isGameModeOn = false
12-09 10:55:35.535 1509 1737 I GameModeConfig: isGameModeOn = false
12-09 10:55:35.535 1509 1737 I GameModeConfig: isGameModeOn = false
12-09 10:55:35.535 1509 1737 I GameModeConfig: isGameModeOn = false
12-09 10:55:35.536 1962 1962 I sysui_multi_action: [757,111,758,2]
12-09 10:55:35.536 1962 1962 I sysui_multi_action: [757,111,758,2]
12-09 10:55:35.539 1509 1509 I notification_enqueue: [10082,1962,com.android.systemui,2048,NULL,0,Notification(channel=updateNotification shortcut=null contentView=null vibrate=null sound=null defaults=0x0 flags=0x0 color=0x00000000 vis=PRIVATE),1]
12-09 10:55:35.541 1962 1962 I sysui_multi_action: [757,111,758,1]
12-09 10:55:35.541 1962 1962 I sysui_multi_action: [757,126,758,1,759,126,927,0,928,0,1593,0]
12-09 10:55:35.541 1962 1962 I sysui_multi_action: [757,113,758,1,759,113,927,1,928,1,1593,0]
12-09 10:55:35.541 1962 1962 I sysui_multi_action: [757,0,758,1,759,0,927,2,928,0,1593,0]
12-09 10:55:35.541 1962 1962 I sysui_multi_action: [757,0,758,1,759,0,927,3,928,0,1593,0]
12-09 10:55:35.542 1962 1962 I sysui_multi_action: [757,491,758,1,759,491,927,4,928,0,1311,-1,1593,0]
12-09 10:55:35.542 1962 1962 I sysui_multi_action: [757,0,758,1,759,0,927,5,928,0,1593,0]
12-09 10:55:35.542 1962 1962 I sysui_multi_action: [757,120,758,1,759,120,927,6,928,1,1593,0]
12-09 10:55:35.542 1962 1962 I sysui_multi_action: [757,111,758,1]
12-09 10:55:35.542 1962 1962 I sysui_multi_action: [757,126,758,1,759,126,927,0,928,0,1593,0]
12-09 10:55:35.542 1962 1962 I sysui_multi_action: [757,113,758,1,759,113,927,1,928,1,1593,0]
12-09 10:55:35.542 1962 1962 I sysui_multi_action: [757,0,758,1,759,0,927,2,928,0,1593,0]
12-09 10:55:35.543 1962 1962 I sysui_multi_action: [757,0,758,1,759,0,927,3,928,0,1593,0]
12-09 10:55:35.686 1509 1509 I GameModeConfig: isGameModeOn = false
12-09 10:55:35.720 1509 1509 I GameModeConfig: isGameModeOn = false
12-09 10:55:35.720 1509 1509 E NotificationService: Muting recently noisy 0|com.android.systemui|2048|null|10082
12-09 10:55:35.740 1509 1509 I GameModeConfig: isGameModeOn = false
12-09 10:55:35.741 1509 1509 E NotificationService: Muting recently noisy 0|com.android.systemui|2048|null|10082
12-09 10:55:36.021 1509 7156 I sysui_multi_action: [757,128,758,1,793,6494582,794,0,795,6494582,796,26,798,0,806,android,857,DEVELOPER_IMPORTANT,858,4,947,0,1395,2,1500,6494370,1688,1]
12-09 10:55:36.021 1509 7156 I sysui_multi_action: [757,804,799,note_freshness,801,6494582,802,1]
12-09 10:55:36.021 1509 7156 I notification_visibility: [-1|android|26|null|1000,1,6494582,6494582,0,0]
12-09 10:55:36.022 1509 7156 I sysui_multi_action: [757,128,758,1,793,20134547,794,0,795,20134547,796,32,798,1,806,android,857,USB,858,1,947,0,1395,2,1500,20134305,1688,1]
12-09 10:55:36.022 1509 7156 I sysui_multi_action: [757,804,799,note_freshness,801,20134547,802,1]
12-09 10:55:36.022 1509 7156 I notification_visibility: [-1|android|32|null|1000,1,20134547,20134547,0,1]
12-09 10:55:36.203 0 0 I auditd : type=1400 audit(0.0:21350): avc: denied { kill } for comm="swapper/2" capability=5 scontext=u:r:kernel:s0 tcontext=u:r:kernel:s0 tclass=capability permissive=0
12-09 10:55:38.203 0 0 I auditd : type=1400 audit(0.0:21351): avc: denied { kill } for comm="swapper/3" capability=5 scontext=u:r:kernel:s0 tcontext=u:r:kernel:s0 tclass=capability permissive=0
12-09 10:55:40.203 0 0 I auditd : type=1400 audit(0.0:21352): avc: denied { kill } for comm="swapper/2" capability=5 scontext=u:r:kernel:s0 tcontext=u:r:kernel:s0 tclass=capability permissive=0
12-09 10:55:41.203 0 0 I auditd : type=1400 audit(0.0:21353): avc: denied { kill } for comm="swapper/2" capability=5 scontext=u:r:kernel:s0 tcontext=u:r:kernel:s0 tclass=capability permissive=0
12-09 10:55:42.203 0 0 I auditd : type=1400 audit(0.0:21354): avc: denied { kill } for comm="swapper/2" capability=5 scontext=u:r:kernel:s0 tcontext=u:r:kernel:s0 tclass=capability permissive=0
12-09 10:55:44.979 1509 1680 I input_interaction: Interaction with: 990558b NotificationShade (server), edge-swipe (server), swipe-up (server), PointerEventDispatcher0 (server),
12-09 10:55:45.160 1509 1737 I GameModeConfig: isGameModeOn = false
12-09 10:55:45.161 1509 1737 I GameModeConfig: isGameModeOn = false
12-09 10:55:45.161 1509 1737 I GameModeConfig: isGameModeOn = false
12-09 10:55:45.161 1509 1737 I GameModeConfig: isGameModeOn = false
12-09 10:55:45.167 1962 1962 I sysui_multi_action: [757,111,758,2]
12-09 10:55:45.167 1962 1962 I sysui_multi_action: [757,111,758,2]
12-09 10:55:45.169 1509 1509 I notification_enqueue: [10082,1962,com.android.systemui,2048,NULL,0,Notification(channel=updateNotification shortcut=null contentView=null vibrate=null sound=null defaults=0x0 flags=0x0 color=0x00000000 vis=PRIVATE),1]
12-09 10:55:45.174 1962 1962 I sysui_multi_action: [757,111,758,1]
12-09 10:55:45.174 1962 1962 I sysui_multi_action: [757,126,758,1,759,126,927,0,928,0,1593,1]
12-09 10:55:45.175 1962 1962 I sysui_multi_action: [757,113,758,1,759,113,927,1,928,1,1593,1]
12-09 10:55:45.175 1962 1962 I sysui_multi_action: [757,0,758,1,759,0,927,2,928,0,1593,1]
12-09 10:55:45.175 1962 1962 I sysui_multi_action: [757,0,758,1,759,0,927,3,928,0,1593,1]
12-09 10:55:45.175 1962 1962 I sysui_multi_action: [757,491,758,1,759,491,927,4,928,0,1311,-1,1593,0]
12-09 10:55:45.175 1962 1962 I sysui_multi_action: [757,0,758,1,759,0,927,5,928,0,1593,0]
12-09 10:55:45.175 1962 1962 I sysui_multi_action: [757,120,758,1,759,120,927,6,928,1,1593,0]
12-09 10:55:45.176 1962 1962 I sysui_multi_action: [757,111,758,1]
12-09 10:55:45.176 1962 1962 I sysui_multi_action: [757,126,758,1,759,126,927,0,928,0,1593,1]
12-09 10:55:45.176 1962 1962 I sysui_multi_action: [757,113,758,1,759,113,927,1,928,1,1593,1]
12-09 10:55:45.176 1962 1962 I sysui_multi_action: [757,0,758,1,759,0,927,2,928,0,1593,1]
12-09 10:55:45.176 1962 1962 I sysui_multi_action: [757,0,758,1,759,0,927,3,928,0,1593,1]
12-09 10:55:45.190 1509 1737 I GameModeConfig: isGameModeOn = false
12-09 10:55:45.191 1509 1737 I GameModeConfig: isGameModeOn = false
12-09 10:55:45.191 1509 1737 I GameModeConfig: isGameModeOn = false
12-09 10:55:45.191 1509 1737 I GameModeConfig: isGameModeOn = false
12-09 10:55:45.192 1962 1962 I sysui_multi_action: [757,111,758,2]
12-09 10:55:45.192 1509 1509 I notification_enqueue: [10082,1962,com.android.systemui,2048,NULL,0,Notification(channel=updateNotification shortcut=null contentView=null vibrate=null sound=null defaults=0x0 flags=0x0 color=0x00000000 vis=PRIVATE),1]
12-09 10:55:45.192 1962 1962 I sysui_multi_action: [757,111,758,2]
12-09 10:55:45.196 1962 1962 I sysui_multi_action: [757,111,758,1]
12-09 10:55:45.196 1962 1962 I sysui_multi_action: [757,126,758,1,759,126,927,0,928,0,1593,0]
12-09 10:55:45.196 1962 1962 I sysui_multi_action: [757,113,758,1,759,113,927,1,928,1,1593,0]
12-09 10:55:45.196 1962 1962 I sysui_multi_action: [757,0,758,1,759,0,927,2,928,0,1593,0]
12-09 10:55:45.196 1962 1962 I sysui_multi_action: [757,0,758,1,759,0,927,3,928,0,1593,0]
12-09 10:55:45.197 1962 1962 I sysui_multi_action: [757,491,758,1,759,491,927,4,928,0,1311,-1,1593,0]
12-09 10:55:45.197 1962 1962 I sysui_multi_action: [757,0,758,1,759,0,927,5,928,0,1593,0]
12-09 10:55:45.197 1962 1962 I sysui_multi_action: [757,120,758,1,759,120,927,6,928,1,1593,0]
12-09 10:55:45.197 1962 1962 I sysui_multi_action: [757,111,758,1]
12-09 10:55:45.197 1962 1962 I sysui_multi_action: [757,126,758,1,759,126,927,0,928,0,1593,0]
12-09 10:55:45.197 1962 1962 I sysui_multi_action: [757,113,758,1,759,113,927,1,928,1,1593,0]
12-09 10:55:45.197 1962 1962 I sysui_multi_action: [757,0,758,1,759,0,927,2,928,0,1593,0]
12-09 10:55:45.197 1962 1962 I sysui_multi_action: [757,0,758,1,759,0,927,3,928,0,1593,1]
12-09 10:55:45.206 1509 1737 I GameModeConfig: isGameModeOn = false
12-09 10:55:45.206 1509 1737 I GameModeConfig: isGameModeOn = false
12-09 10:55:45.206 1509 1737 I GameModeConfig: isGameModeOn = false
12-09 10:55:45.206 1509 1737 I GameModeConfig: isGameModeOn = false
