12-09 10:52:08.203 0 0 I auditd : type=1400 audit(0.0:21058): avc: denied { kill } for comm="swapper/0" capability=5 scontext=u:r:kernel:s0 tcontext=u:r:kernel:s0 tclass=capability permissive=0
12-09 10:52:08.978 1509 1621 V DisplayPowerController[0]: Brightness [0.05] reason changing to: 'manual [ dim ]', previous reason: 'manual'.
12-09 10:52:08.979 1509 1621 I sysui_multi_action: [757,1696,758,6,759,2]
12-09 10:52:08.980 1509 1621 W PowerManagerService: Screen on took 62822 ms
12-09 10:52:08.982 1509 1927 E DisplayDeviceConfig: requesting nits when no mapping exists.
12-09 10:52:08.982 1509 1927 E DisplayDeviceConfig: requesting nits when no mapping exists.
12-09 10:52:08.983 1509 1605 I am_wtf : [0,1509,system_server,-1,DisplayDeviceConfig,requesting nits when no mapping exists.]
12-09 10:52:08.984 1509 1605 I DropBoxManagerService: add tag=system_server_wtf isTagEnabled=true flags=0x2
12-09 10:52:08.986 1509 1605 I am_wtf : [0,1509,system_server,-1,DisplayDeviceConfig,requesting nits when no mapping exists.]
12-09 10:52:08.987 1509 1605 I DropBoxManagerService: add tag=system_server_wtf isTagEnabled=true flags=0x2
12-09 10:52:08.998 1509 1927 E DisplayDeviceConfig: requesting nits when no mapping exists.
12-09 10:52:08.998 1509 1927 E DisplayDeviceConfig: requesting nits when no mapping exists.
12-09 10:52:08.998 1509 1605 I am_wtf : [0,1509,system_server,-1,DisplayDeviceConfig,requesting nits when no mapping exists.]
12-09 10:52:09.000 1509 1605 I DropBoxManagerService: add tag=system_server_wtf isTagEnabled=true flags=0x2
12-09 10:52:09.001 1509 1605 I am_wtf : [0,1509,system_server,-1,DisplayDeviceConfig,requesting nits when no mapping exists.]
12-09 10:52:09.002 1509 1605 I DropBoxManagerService: add tag=system_server_wtf isTagEnabled=true flags=0x2
12-09 10:52:09.014 1509 1927 E DisplayDeviceConfig: requesting nits when no mapping exists.
12-09 10:52:09.015 1509 1927 E DisplayDeviceConfig: requesting nits when no mapping exists.
12-09 10:52:09.015 1509 1605 I am_wtf : [0,1509,system_server,-1,DisplayDeviceConfig,requesting nits when no mapping exists.]
12-09 10:52:09.016 1509 1605 I DropBoxManagerService: add tag=system_server_wtf isTagEnabled=true flags=0x2
12-09 10:52:09.018 1509 1605 I am_wtf : [0,1509,system_server,-1,DisplayDeviceConfig,requesting nits when no mapping exists.]
12-09 10:52:09.019 1509 1927 E DisplayDeviceConfig: requesting nits when no mapping exists.
12-09 10:52:09.020 1509 1605 I am_wtf : [0,1509,system_server,-1,DisplayDeviceConfig,requesting nits when no mapping exists.]
12-09 10:52:09.020 1509 1927 E DisplayDeviceConfig: requesting nits when no mapping exists.
12-09 10:52:09.021 1509 1605 I am_wtf : [0,1509,system_server,-1,DisplayDeviceConfig,requesting nits when no mapping exists.]
12-09 10:52:09.035 1509 1927 E DisplayDeviceConfig: requesting nits when no mapping exists.
12-09 10:52:09.036 1509 1927 E DisplayDeviceConfig: requesting nits when no mapping exists.
12-09 10:52:09.036 1509 1605 I am_wtf : [0,1509,system_server,-1,DisplayDeviceConfig,requesting nits when no mapping exists.]
12-09 10:52:09.037 1509 1605 I am_wtf : [0,1509,system_server,-1,DisplayDeviceConfig,requesting nits when no mapping exists.]
12-09 10:52:09.052 1509 1927 E DisplayDeviceConfig: requesting nits when no mapping exists.
12-09 10:52:09.053 1509 1927 E DisplayDeviceConfig: requesting nits when no mapping exists.
12-09 10:52:09.053 1509 1605 I am_wtf : [0,1509,system_server,-1,DisplayDeviceConfig,requesting nits when no mapping exists.]
12-09 10:52:09.053 1509 1605 I am_wtf : [0,1509,system_server,-1,DisplayDeviceConfig,requesting nits when no mapping exists.]
12-09 10:52:09.069 1509 1927 E DisplayDeviceConfig: requesting nits when no mapping exists.
12-09 10:52:09.069 1509 1927 E DisplayDeviceConfig: requesting nits when no mapping exists.
12-09 10:52:09.070 1509 1605 I am_wtf : [0,1509,system_server,-1,DisplayDeviceConfig,requesting nits when no mapping exists.]
12-09 10:52:09.072 1509 1605 I am_wtf : [0,1509,system_server,-1,DisplayDeviceConfig,requesting nits when no mapping exists.]
12-09 10:52:09.086 1509 1927 E DisplayDeviceConfig: requesting nits when no mapping exists.
12-09 10:52:09.086 1509 1927 E DisplayDeviceConfig: requesting nits when no mapping exists.
12-09 10:52:09.086 1509 1605 I am_wtf : [0,1509,system_server,-1,DisplayDeviceConfig,requesting nits when no mapping exists.]
12-09 10:52:09.088 1509 1605 I am_wtf : [0,1509,system_server,-1,DisplayDeviceConfig,requesting nits when no mapping exists.]
12-09 10:52:09.103 1509 1927 E DisplayDeviceConfig: requesting nits when no mapping exists.
12-09 10:52:09.104 1509 1927 E DisplayDeviceConfig: requesting nits when no mapping exists.
12-09 10:52:09.104 1509 1605 I am_wtf : [0,1509,system_server,-1,DisplayDeviceConfig,requesting nits when no mapping exists.]
12-09 10:52:09.105 1509 1605 I am_wtf : [0,1509,system_server,-1,DisplayDeviceConfig,requesting nits when no mapping exists.]
12-09 10:52:09.119 1509 1927 E DisplayDeviceConfig: requesting nits when no mapping exists.
12-09 10:52:09.120 1509 1927 E DisplayDeviceConfig: requesting nits when no mapping exists.
12-09 10:52:09.120 1509 1605 I am_wtf : [0,1509,system_server,-1,DisplayDeviceConfig,requesting nits when no mapping exists.]
12-09 10:52:09.121 1509 1605 I am_wtf : [0,1509,system_server,-1,DisplayDeviceConfig,requesting nits when no mapping exists.]
12-09 10:52:09.136 1509 1927 E DisplayDeviceConfig: requesting nits when no mapping exists.
12-09 10:52:09.137 1509 1927 E DisplayDeviceConfig: requesting nits when no mapping exists.
12-09 10:52:09.137 1509 1605 I am_wtf : [0,1509,system_server,-1,DisplayDeviceConfig,requesting nits when no mapping exists.]
12-09 10:52:09.138 1509 1605 I am_wtf : [0,1509,system_server,-1,DisplayDeviceConfig,requesting nits when no mapping exists.]
12-09 10:52:09.153 1509 1927 E DisplayDeviceConfig: requesting nits when no mapping exists.
12-09 10:52:09.154 1509 1927 E DisplayDeviceConfig: requesting nits when no mapping exists.
12-09 10:52:09.154 1509 1605 I am_wtf : [0,1509,system_server,-1,DisplayDeviceConfig,requesting nits when no mapping exists.]
12-09 10:52:09.155 1509 1605 I am_wtf : [0,1509,system_server,-1,DisplayDeviceConfig,requesting nits when no mapping exists.]
12-09 10:52:09.169 1509 1927 E DisplayDeviceConfig: requesting nits when no mapping exists.
12-09 10:52:09.170 1509 1605 I am_wtf : [0,1509,system_server,-1,DisplayDeviceConfig,requesting nits when no mapping exists.]
12-09 10:52:09.170 1509 1927 E DisplayDeviceConfig: requesting nits when no mapping exists.
12-09 10:52:09.171 1509 1605 I am_wtf : [0,1509,system_server,-1,DisplayDeviceConfig,requesting nits when no mapping exists.]
12-09 10:52:09.186 1509 1927 E DisplayDeviceConfig: requesting nits when no mapping exists.
12-09 10:52:09.187 1509 1605 I am_wtf : [0,1509,system_server,-1,DisplayDeviceConfig,requesting nits when no mapping exists.]
12-09 10:52:09.187 1509 1927 E DisplayDeviceConfig: requesting nits when no mapping exists.
12-09 10:52:09.187 1509 1605 I am_wtf : [0,1509,system_server,-1,DisplayDeviceConfig,requesting nits when no mapping exists.]
12-09 10:52:09.203 1509 1927 E DisplayDeviceConfig: requesting nits when no mapping exists.
12-09 10:52:09.203 1509 1605 I am_wtf : [0,1509,system_server,-1,DisplayDeviceConfig,requesting nits when no mapping exists.]
12-09 10:52:09.203 1509 1927 E DisplayDeviceConfig: requesting nits when no mapping exists.
12-09 10:52:09.204 1509 1605 I am_wtf : [0,1509,system_server,-1,DisplayDeviceConfig,requesting nits when no mapping exists.]
12-09 10:52:09.203 352 352 I auditd : type=1400 audit(0.0:21059): avc: denied { kill } for comm="irq/382-atmel_m" capability=5 scontext=u:r:kernel:s0 tcontext=u:r:kernel:s0 tclass=capability permissive=0
12-09 10:52:09.220 1509 1927 E DisplayDeviceConfig: requesting nits when no mapping exists.
12-09 10:52:09.220 1509 1605 I am_wtf : [0,1509,system_server,-1,DisplayDeviceConfig,requesting nits when no mapping exists.]
12-09 10:52:09.220 1509 1927 E DisplayDeviceConfig: requesting nits when no mapping exists.
12-09 10:52:09.221 1509 1605 I am_wtf : [0,1509,system_server,-1,DisplayDeviceConfig,requesting nits when no mapping exists.]
12-09 10:52:09.236 1509 1927 E DisplayDeviceConfig: requesting nits when no mapping exists.
12-09 10:52:09.237 1509 1605 I am_wtf : [0,1509,system_server,-1,DisplayDeviceConfig,requesting nits when no mapping exists.]
12-09 10:52:09.237 1509 1927 E DisplayDeviceConfig: requesting nits when no mapping exists.
12-09 10:52:09.238 1509 1605 I am_wtf : [0,1509,system_server,-1,DisplayDeviceConfig,requesting nits when no mapping exists.]
12-09 10:52:09.253 1509 1927 E DisplayDeviceConfig: requesting nits when no mapping exists.
12-09 10:52:09.254 1509 1605 I am_wtf : [0,1509,system_server,-1,DisplayDeviceConfig,requesting nits when no mapping exists.]
12-09 10:52:09.254 1509 1927 E DisplayDeviceConfig: requesting nits when no mapping exists.
12-09 10:52:09.255 1509 1605 I am_wtf : [0,1509,system_server,-1,DisplayDeviceConfig,requesting nits when no mapping exists.]
12-09 10:52:09.270 1509 1927 E DisplayDeviceConfig: requesting nits when no mapping exists.
12-09 10:52:09.270 1509 1605 I am_wtf : [0,1509,system_server,-1,DisplayDeviceConfig,requesting nits when no mapping exists.]
12-09 10:52:09.270 1509 1927 E DisplayDeviceConfig: requesting nits when no mapping exists.
12-09 10:52:09.271 1509 1605 I am_wtf : [0,1509,system_server,-1,DisplayDeviceConfig,requesting nits when no mapping exists.]
12-09 10:52:09.287 1509 1927 E DisplayDeviceConfig: requesting nits when no mapping exists.
12-09 10:52:09.287 1509 1605 I am_wtf : [0,1509,system_server,-1,DisplayDeviceConfig,requesting nits when no mapping exists.]
12-09 10:52:09.287 1509 1927 E DisplayDeviceConfig: requesting nits when no mapping exists.
12-09 10:52:09.288 1509 1605 I am_wtf : [0,1509,system_server,-1,DisplayDeviceConfig,requesting nits when no mapping exists.]
12-09 10:52:09.303 1509 1927 E DisplayDeviceConfig: requesting nits when no mapping exists.
12-09 10:52:09.304 1509 1605 I am_wtf : [0,1509,system_server,-1,DisplayDeviceConfig,requesting nits when no mapping exists.]
12-09 10:52:09.304 1509 1927 E DisplayDeviceConfig: requesting nits when no mapping exists.
12-09 10:52:09.305 1509 1605 I am_wtf : [0,1509,system_server,-1,DisplayDeviceConfig,requesting nits when no mapping exists.]
12-09 10:52:09.320 1509 1927 E DisplayDeviceConfig: requesting nits when no mapping exists.
12-09 10:52:09.321 1509 1605 I am_wtf : [0,1509,system_server,-1,DisplayDeviceConfig,requesting nits when no mapping exists.]
12-09 10:52:09.321 1509 1927 E DisplayDeviceConfig: requesting nits when no mapping exists.
12-09 10:52:09.322 1509 1605 I am_wtf : [0,1509,system_server,-1,DisplayDeviceConfig,requesting nits when no mapping exists.]
12-09 10:52:09.337 1509 1927 E DisplayDeviceConfig: requesting nits when no mapping exists.
12-09 10:52:09.337 1509 1605 I am_wtf : [0,1509,system_server,-1,DisplayDeviceConfig,requesting nits when no mapping exists.]
12-09 10:52:09.337 1509 1927 E DisplayDeviceConfig: requesting nits when no mapping exists.
12-09 10:52:09.338 1509 1605 I am_wtf : [0,1509,system_server,-1,DisplayDeviceConfig,requesting nits when no mapping exists.]
12-09 10:52:09.353 1509 1927 E DisplayDeviceConfig: requesting nits when no mapping exists.
12-09 10:52:09.354 1509 1605 I am_wtf : [0,1509,system_server,-1,DisplayDeviceConfig,requesting nits when no mapping exists.]
12-09 10:52:09.354 1509 1927 E DisplayDeviceConfig: requesting nits when no mapping exists.
12-09 10:52:09.355 1509 1605 I am_wtf : [0,1509,system_server,-1,DisplayDeviceConfig,requesting nits when no mapping exists.]
12-09 10:52:09.356 1509 1605 I service_manager_stats: [100,71,71856]
12-09 10:52:09.370 1509 1927 E DisplayDeviceConfig: requesting nits when no mapping exists.
12-09 10:52:09.370 1509 1605 I am_wtf : [0,1509,system_server,-1,DisplayDeviceConfig,requesting nits when no mapping exists.]
12-09 10:52:09.371 1509 1927 E DisplayDeviceConfig: requesting nits when no mapping exists.
12-09 10:52:09.371 1509 1605 I am_wtf : [0,1509,system_server,-1,DisplayDeviceConfig,requesting nits when no mapping exists.]
12-09 10:52:09.387 1509 1927 E DisplayDeviceConfig: requesting nits when no mapping exists.
12-09 10:52:09.387 1509 1605 I am_wtf : [0,1509,system_server,-1,DisplayDeviceConfig,requesting nits when no mapping exists.]
12-09 10:52:09.387 1509 1927 E DisplayDeviceConfig: requesting nits when no mapping exists.
12-09 10:52:09.388 1509 1605 I am_wtf : [0,1509,system_server,-1,DisplayDeviceConfig,requesting nits when no mapping exists.]
12-09 10:52:09.404 1509 1927 E DisplayDeviceConfig: requesting nits when no mapping exists.
12-09 10:52:09.404 1509 1605 I am_wtf : [0,1509,system_server,-1,DisplayDeviceConfig,requesting nits when no mapping exists.]
12-09 10:52:09.404 1509 1927 E DisplayDeviceConfig: requesting nits when no mapping exists.
12-09 10:52:09.405 1509 1605 I am_wtf : [0,1509,system_server,-1,DisplayDeviceConfig,requesting nits when no mapping exists.]
12-09 10:52:09.420 1509 1927 E DisplayDeviceConfig: requesting nits when no mapping exists.
12-09 10:52:09.421 1509 1605 I am_wtf : [0,1509,system_server,-1,DisplayDeviceConfig,requesting nits when no mapping exists.]
12-09 10:52:09.421 1509 1927 E DisplayDeviceConfig: requesting nits when no mapping exists.
12-09 10:52:09.421 1509 1605 I am_wtf : [0,1509,system_server,-1,DisplayDeviceConfig,requesting nits when no mapping exists.]
12-09 10:52:09.437 1509 1927 E DisplayDeviceConfig: requesting nits when no mapping exists.
12-09 10:52:09.437 1509 1927 E DisplayDeviceConfig: requesting nits when no mapping exists.
12-09 10:52:09.437 1509 1605 I am_wtf : [0,1509,system_server,-1,DisplayDeviceConfig,requesting nits when no mapping exists.]
12-09 10:52:09.438 1509 1605 I am_wtf : [0,1509,system_server,-1,DisplayDeviceConfig,requesting nits when no mapping exists.]
12-09 10:52:09.453 1509 1927 E DisplayDeviceConfig: requesting nits when no mapping exists.
12-09 10:52:09.454 1509 1927 E DisplayDeviceConfig: requesting nits when no mapping exists.
12-09 10:52:09.454 1509 1605 I am_wtf : [0,1509,system_server,-1,DisplayDeviceConfig,requesting nits when no mapping exists.]
12-09 10:52:09.455 1509 1605 I am_wtf : [0,1509,system_server,-1,DisplayDeviceConfig,requesting nits when no mapping exists.]
12-09 10:52:09.470 1509 1927 E DisplayDeviceConfig: requesting nits when no mapping exists.
12-09 10:52:09.471 1509 1605 I am_wtf : [0,1509,system_server,-1,DisplayDeviceConfig,requesting nits when no mapping exists.]
12-09 10:52:09.471 1509 1927 E DisplayDeviceConfig: requesting nits when no mapping exists.
12-09 10:52:09.472 1509 1605 I am_wtf : [0,1509,system_server,-1,DisplayDeviceConfig,requesting nits when no mapping exists.]
12-09 10:52:09.487 1509 1927 E DisplayDeviceConfig: requesting nits when no mapping exists.
12-09 10:52:09.488 1509 1927 E DisplayDeviceConfig: requesting nits when no mapping exists.
12-09 10:52:09.488 1509 1605 I am_wtf : [0,1509,system_server,-1,DisplayDeviceConfig,requesting nits when no mapping exists.]
12-09 10:52:09.489 1509 1605 I am_wtf : [0,1509,system_server,-1,DisplayDeviceConfig,requesting nits when no mapping exists.]
12-09 10:52:09.504 1509 1927 E DisplayDeviceConfig: requesting nits when no mapping exists.
12-09 10:52:09.504 1509 1605 I am_wtf : [0,1509,system_server,-1,DisplayDeviceConfig,requesting nits when no mapping exists.]
12-09 10:52:09.504 1509 1927 E DisplayDeviceConfig: requesting nits when no mapping exists.
12-09 10:52:09.505 1509 1605 I am_wtf : [0,1509,system_server,-1,DisplayDeviceConfig,requesting nits when no mapping exists.]
12-09 10:52:09.521 1509 1927 E DisplayDeviceConfig: requesting nits when no mapping exists.
12-09 10:52:09.521 1509 1605 I am_wtf : [0,1509,system_server,-1,DisplayDeviceConfig,requesting nits when no mapping exists.]
12-09 10:52:09.521 1509 1927 E DisplayDeviceConfig: requesting nits when no mapping exists.
12-09 10:52:09.522 1509 1605 I am_wtf : [0,1509,system_server,-1,DisplayDeviceConfig,requesting nits when no mapping exists.]
12-09 10:52:09.537 1509 1927 E DisplayDeviceConfig: requesting nits when no mapping exists.
12-09 10:52:09.538 1509 1605 I am_wtf : [0,1509,system_server,-1,DisplayDeviceConfig,requesting nits when no mapping exists.]
12-09 10:52:09.538 1509 1927 E DisplayDeviceConfig: requesting nits when no mapping exists.
12-09 10:52:09.538 1509 1605 I am_wtf : [0,1509,system_server,-1,DisplayDeviceConfig,requesting nits when no mapping exists.]
12-09 10:52:09.554 1509 1927 E DisplayDeviceConfig: requesting nits when no mapping exists.
12-09 10:52:09.554 1509 1605 I am_wtf : [0,1509,system_server,-1,DisplayDeviceConfig,requesting nits when no mapping exists.]
12-09 10:52:09.554 1509 1927 E DisplayDeviceConfig: requesting nits when no mapping exists.
12-09 10:52:09.555 1509 1605 I am_wtf : [0,1509,system_server,-1,DisplayDeviceConfig,requesting nits when no mapping exists.]
12-09 10:52:09.570 1509 1927 E DisplayDeviceConfig: requesting nits when no mapping exists.
12-09 10:52:09.571 1509 1605 I am_wtf : [0,1509,system_server,-1,DisplayDeviceConfig,requesting nits when no mapping exists.]
12-09 10:52:09.571 1509 1927 E DisplayDeviceConfig: requesting nits when no mapping exists.
12-09 10:52:09.572 1509 1605 I am_wtf : [0,1509,system_server,-1,DisplayDeviceConfig,requesting nits when no mapping exists.]
12-09 10:52:09.587 1509 1927 E DisplayDeviceConfig: requesting nits when no mapping exists.
12-09 10:52:09.588 1509 1605 I am_wtf : [0,1509,system_server,-1,DisplayDeviceConfig,requesting nits when no mapping exists.]
12-09 10:52:09.588 1509 1927 E DisplayDeviceConfig: requesting nits when no mapping exists.
12-09 10:52:09.588 1509 1605 I am_wtf : [0,1509,system_server,-1,DisplayDeviceConfig,requesting nits when no mapping exists.]
12-09 10:52:09.604 1509 1927 E DisplayDeviceConfig: requesting nits when no mapping exists.
12-09 10:52:09.605 1509 1605 I am_wtf : [0,1509,system_server,-1,DisplayDeviceConfig,requesting nits when no mapping exists.]
12-09 10:52:09.605 1509 1927 E DisplayDeviceConfig: requesting nits when no mapping exists.
12-09 10:52:09.606 1509 1605 I am_wtf : [0,1509,system_server,-1,DisplayDeviceConfig,requesting nits when no mapping exists.]
12-09 10:52:09.621 1509 1927 E DisplayDeviceConfig: requesting nits when no mapping exists.
12-09 10:52:09.621 1509 1605 I am_wtf : [0,1509,system_server,-1,DisplayDeviceConfig,requesting nits when no mapping exists.]
12-09 10:52:09.621 1509 1927 E DisplayDeviceConfig: requesting nits when no mapping exists.
12-09 10:52:09.622 1509 1605 I am_wtf : [0,1509,system_server,-1,DisplayDeviceConfig,requesting nits when no mapping exists.]
12-09 10:52:09.637 1509 1927 E DisplayDeviceConfig: requesting nits when no mapping exists.
12-09 10:52:09.638 1509 1605 I am_wtf : [0,1509,system_server,-1,DisplayDeviceConfig,requesting nits when no mapping exists.]
12-09 10:52:09.638 1509 1927 E DisplayDeviceConfig: requesting nits when no mapping exists.
12-09 10:52:09.639 1509 1605 I am_wtf : [0,1509,system_server,-1,DisplayDeviceConfig,requesting nits when no mapping exists.]
12-09 10:52:09.654 1509 1927 E DisplayDeviceConfig: requesting nits when no mapping exists.
12-09 10:52:09.655 1509 1605 I am_wtf : [0,1509,system_server,-1,DisplayDeviceConfig,requesting nits when no mapping exists.]
12-09 10:52:09.656 1509 1927 E DisplayDeviceConfig: requesting nits when no mapping exists.
12-09 10:52:09.656 1509 1605 I am_wtf : [0,1509,system_server,-1,DisplayDeviceConfig,requesting nits when no mapping exists.]
12-09 10:52:09.671 1509 1927 E DisplayDeviceConfig: requesting nits when no mapping exists.
12-09 10:52:09.671 1509 1927 E DisplayDeviceConfig: requesting nits when no mapping exists.
12-09 10:52:09.671 1509 1605 I am_wtf : [0,1509,system_server,-1,DisplayDeviceConfig,requesting nits when no mapping exists.]
12-09 10:52:09.672 1509 1605 I am_wtf : [0,1509,system_server,-1,DisplayDeviceConfig,requesting nits when no mapping exists.]
12-09 10:52:09.687 1509 1927 E DisplayDeviceConfig: requesting nits when no mapping exists.
12-09 10:52:09.688 1509 1605 I am_wtf : [0,1509,system_server,-1,DisplayDeviceConfig,requesting nits when no mapping exists.]
12-09 10:52:09.688 1509 1927 E DisplayDeviceConfig: requesting nits when no mapping exists.
12-09 10:52:09.688 1509 1605 I am_wtf : [0,1509,system_server,-1,DisplayDeviceConfig,requesting nits when no mapping exists.]
12-09 10:52:09.704 1509 1927 E DisplayDeviceConfig: requesting nits when no mapping exists.
12-09 10:52:09.705 1509 1605 I am_wtf : [0,1509,system_server,-1,DisplayDeviceConfig,requesting nits when no mapping exists.]
12-09 10:52:09.705 1509 1927 E DisplayDeviceConfig: requesting nits when no mapping exists.
12-09 10:52:09.706 1509 1605 I am_wtf : [0,1509,system_server,-1,DisplayDeviceConfig,requesting nits when no mapping exists.]
12-09 10:52:09.721 1509 1927 E DisplayDeviceConfig: requesting nits when no mapping exists.
12-09 10:52:09.721 1509 1927 E DisplayDeviceConfig: requesting nits when no mapping exists.
12-09 10:52:09.721 1509 1605 I am_wtf : [0,1509,system_server,-1,DisplayDeviceConfig,requesting nits when no mapping exists.]
12-09 10:52:09.722 1509 1605 I am_wtf : [0,1509,system_server,-1,DisplayDeviceConfig,requesting nits when no mapping exists.]
12-09 10:52:09.738 1509 1927 E DisplayDeviceConfig: requesting nits when no mapping exists.
12-09 10:52:09.738 1509 1605 I am_wtf : [0,1509,system_server,-1,DisplayDeviceConfig,requesting nits when no mapping exists.]
12-09 10:52:09.738 1509 1927 E DisplayDeviceConfig: requesting nits when no mapping exists.
12-09 10:52:09.739 1509 1605 I am_wtf : [0,1509,system_server,-1,DisplayDeviceConfig,requesting nits when no mapping exists.]
12-09 10:52:09.754 1509 1927 E DisplayDeviceConfig: requesting nits when no mapping exists.
12-09 10:52:09.755 1509 1927 E DisplayDeviceConfig: requesting nits when no mapping exists.
12-09 10:52:09.755 1509 1605 I am_wtf : [0,1509,system_server,-1,DisplayDeviceConfig,requesting nits when no mapping exists.]
12-09 10:52:09.756 1509 1605 I am_wtf : [0,1509,system_server,-1,DisplayDeviceConfig,requesting nits when no mapping exists.]
12-09 10:52:09.771 1509 1927 E DisplayDeviceConfig: requesting nits when no mapping exists.
12-09 10:52:09.771 1509 1605 I am_wtf : [0,1509,system_server,-1,DisplayDeviceConfig,requesting nits when no mapping exists.]
12-09 10:52:09.771 1509 1927 E DisplayDeviceConfig: requesting nits when no mapping exists.
12-09 10:52:09.772 1509 1605 I am_wtf : [0,1509,system_server,-1,DisplayDeviceConfig,requesting nits when no mapping exists.]
12-09 10:52:09.788 1509 1927 E DisplayDeviceConfig: requesting nits when no mapping exists.
12-09 10:52:09.789 1509 1927 E DisplayDeviceConfig: requesting nits when no mapping exists.
12-09 10:52:09.790 1509 1605 I am_wtf : [0,1509,system_server,-1,DisplayDeviceConfig,requesting nits when no mapping exists.]
12-09 10:52:09.791 1509 1605 I am_wtf : [0,1509,system_server,-1,DisplayDeviceConfig,requesting nits when no mapping exists.]
12-09 10:52:09.805 1509 1927 E DisplayDeviceConfig: requesting nits when no mapping exists.
12-09 10:52:09.805 1509 1927 E DisplayDeviceConfig: requesting nits when no mapping exists.
12-09 10:52:09.805 1509 1605 I am_wtf : [0,1509,system_server,-1,DisplayDeviceConfig,requesting nits when no mapping exists.]
12-09 10:52:09.807 1509 1605 I am_wtf : [0,1509,system_server,-1,DisplayDeviceConfig,requesting nits when no mapping exists.]
12-09 10:52:09.821 1509 1927 E DisplayDeviceConfig: requesting nits when no mapping exists.
12-09 10:52:09.822 1509 1605 I am_wtf : [0,1509,system_server,-1,DisplayDeviceConfig,requesting nits when no mapping exists.]
12-09 10:52:09.824 1509 1927 E DisplayDeviceConfig: requesting nits when no mapping exists.
12-09 10:52:09.825 1509 1605 I am_wtf : [0,1509,system_server,-1,DisplayDeviceConfig,requesting nits when no mapping exists.]
12-09 10:52:09.838 1509 1927 E DisplayDeviceConfig: requesting nits when no mapping exists.
12-09 10:52:09.839 1509 1605 I am_wtf : [0,1509,system_server,-1,DisplayDeviceConfig,requesting nits when no mapping exists.]
12-09 10:52:09.840 1509 1927 E DisplayDeviceConfig: requesting nits when no mapping exists.
12-09 10:52:09.841 1509 1605 I am_wtf : [0,1509,system_server,-1,DisplayDeviceConfig,requesting nits when no mapping exists.]
12-09 10:52:09.855 1509 1927 E DisplayDeviceConfig: requesting nits when no mapping exists.
12-09 10:52:09.856 1509 1605 I am_wtf : [0,1509,system_server,-1,DisplayDeviceConfig,requesting nits when no mapping exists.]
12-09 10:52:09.856 1509 1927 E DisplayDeviceConfig: requesting nits when no mapping exists.
12-09 10:52:09.857 1509 1605 I am_wtf : [0,1509,system_server,-1,DisplayDeviceConfig,requesting nits when no mapping exists.]
12-09 10:52:09.871 1509 1927 E DisplayDeviceConfig: requesting nits when no mapping exists.
12-09 10:52:09.872 1509 1605 I am_wtf : [0,1509,system_server,-1,DisplayDeviceConfig,requesting nits when no mapping exists.]
12-09 10:52:09.872 1509 1927 E DisplayDeviceConfig: requesting nits when no mapping exists.
12-09 10:52:09.873 1509 1605 I am_wtf : [0,1509,system_server,-1,DisplayDeviceConfig,requesting nits when no mapping exists.]
12-09 10:52:09.887 1509 1927 E DisplayDeviceConfig: requesting nits when no mapping exists.
12-09 10:52:09.888 1509 1605 I am_wtf : [0,1509,system_server,-1,DisplayDeviceConfig,requesting nits when no mapping exists.]
12-09 10:52:09.888 1509 1927 E DisplayDeviceConfig: requesting nits when no mapping exists.
12-09 10:52:09.888 1509 1605 I am_wtf : [0,1509,system_server,-1,DisplayDeviceConfig,requesting nits when no mapping exists.]
12-09 10:52:09.905 1509 1927 E DisplayDeviceConfig: requesting nits when no mapping exists.
12-09 10:52:09.906 1509 1605 I am_wtf : [0,1509,system_server,-1,DisplayDeviceConfig,requesting nits when no mapping exists.]
12-09 10:52:09.908 1509 1927 E DisplayDeviceConfig: requesting nits when no mapping exists.
12-09 10:52:09.909 1509 1605 I am_wtf : [0,1509,system_server,-1,DisplayDeviceConfig,requesting nits when no mapping exists.]
12-09 10:52:09.922 1509 1927 E DisplayDeviceConfig: requesting nits when no mapping exists.
12-09 10:52:09.922 1509 1605 I am_wtf : [0,1509,system_server,-1,DisplayDeviceConfig,requesting nits when no mapping exists.]
12-09 10:52:09.923 1509 1927 E DisplayDeviceConfig: requesting nits when no mapping exists.
12-09 10:52:09.924 1509 1605 I am_wtf : [0,1509,system_server,-1,DisplayDeviceConfig,requesting nits when no mapping exists.]
12-09 10:52:09.938 1509 1927 E DisplayDeviceConfig: requesting nits when no mapping exists.
12-09 10:52:09.939 1509 1605 I am_wtf : [0,1509,system_server,-1,DisplayDeviceConfig,requesting nits when no mapping exists.]
12-09 10:52:09.939 1509 1927 E DisplayDeviceConfig: requesting nits when no mapping exists.
12-09 10:52:09.940 1509 1605 I am_wtf : [0,1509,system_server,-1,DisplayDeviceConfig,requesting nits when no mapping exists.]
12-09 10:52:10.203 0 0 I auditd : type=1400 audit(0.0:21060): avc: denied { kill } for comm="swapper/0" capability=5 scontext=u:r:kernel:s0 tcontext=u:r:kernel:s0 tclass=capability permissive=0
12-09 10:52:11.203 0 0 I auditd : type=1400 audit(0.0:21061): avc: denied { kill } for comm="swapper/0" capability=5 scontext=u:r:kernel:s0 tcontext=u:r:kernel:s0 tclass=capability permissive=0
12-09 10:52:12.203 0 0 I auditd : type=1400 audit(0.0:21062): avc: denied { kill } for comm="swapper/0" capability=5 scontext=u:r:kernel:s0 tcontext=u:r:kernel:s0 tclass=capability permissive=0
12-09 10:52:13.203 352 352 I auditd : type=1400 audit(0.0:21063): avc: denied { kill } for comm="irq/382-atmel_m" capability=5 scontext=u:r:kernel:s0 tcontext=u:r:kernel:s0 tclass=capability permissive=0
12-09 10:52:14.203 0 0 I auditd : type=1400 audit(0.0:21064): avc: denied { kill } for comm="swapper/0" capability=5 scontext=u:r:kernel:s0 tcontext=u:r:kernel:s0 tclass=capability permissive=0
12-09 10:52:15.203 0 0 I auditd : type=1400 audit(0.0:21065): avc: denied { kill } for comm="swapper/0" capability=5 scontext=u:r:kernel:s0 tcontext=u:r:kernel:s0 tclass=capability permissive=0
12-09 10:52:15.972 1509 1621 I PowerManagerService: Napping display group (groupId=0, uid=1000)...
12-09 10:52:15.972 1509 1621 I PowerManagerService: Nap time (uid 1000)...
12-09 10:52:15.974 1509 1621 I DreamManagerService: Entering dreamland.
12-09 10:52:15.981 1509 1621 I PowerManagerService: Dreaming...
12-09 10:52:15.983 1509 1594 I DreamController: Starting dream: name=ComponentInfo{com.thundercomm.screensaver/com.thundercomm.screensaver.service.SystemScreensaverDream}, isTest=false, canDoze=false, userId=0
12-09 10:52:15.983 1509 1594 I sysui_multi_action: [757,222,758,1]
12-09 10:52:15.985 1509 1594 I am_uid_active: 10051
12-09 10:52:15.999 1509 16669 I ActivityTaskManager: START u0 {flg=0x10000000 pkg=com.thundercomm.screensaver cmp=com.thundercomm.screensaver/android.service.dreams.DreamActivity (has extras)} from uid 10051
12-09 10:52:16.002 1509 16669 I wm_task_created: [166,-1]
12-09 10:52:16.002 1509 16669 W ActivityTaskManager: Can't find TaskDisplayArea to determine support for multi window. Task id=166 attached=false
12-09 10:52:16.005 1509 16669 I wm_task_moved: [166,1,7]
12-09 10:52:16.005 1509 16669 I wm_task_to_front: [0,166]
12-09 10:52:16.006 1509 16669 I wm_create_task: [0,166]
12-09 10:52:16.006 1509 16669 I wm_create_activity: [0,44871721,166,com.thundercomm.screensaver/android.service.dreams.DreamActivity,NULL,NULL,NULL,276824064]
12-09 10:52:16.006 1509 16669 I wm_task_moved: [166,1,7]
12-09 10:52:16.006 19875 19875 I wm_on_top_resumed_lost_called: [44385528,com.android.settings.homepage.SettingsHomepageActivity,topStateChangedWhenResumed]
12-09 10:52:16.010 1509 16669 I wm_pause_activity: [0,44385528,com.android.settings/.homepage.SettingsHomepageActivity,userLeaving=true,pauseBackTasks]
12-09 10:52:16.021 19875 19875 I sysui_multi_action: [757,35,758,2,1089,69906]
12-09 10:52:16.026 19875 19875 I sysui_multi_action: [757,746,758,2,1089,59761]
12-09 10:52:16.033 19875 19875 I wm_on_paused_called: [44385528,com.android.settings.homepage.SettingsHomepageActivity,performPause]
12-09 10:52:16.033 1509 5541 I ActivityTaskManager: FOREGROUND_APPLICATION_CHANGED to android.service.dreams.DreamActivity
12-09 10:52:16.034 1509 5541 I ActivityTaskManager: The Process com.thundercomm.screensaver Already Exists in BG. So sending its PID: 5084
12-09 10:52:16.034 1509 5541 W ActivityTaskManager: Tried to set launchTime (0) < mLastActivityLaunchTime (19866170)
12-09 10:52:16.035 1509 5541 I wm_add_to_stopping: [0,44385528,com.android.settings/.homepage.SettingsHomepageActivity,makeInvisible]
12-09 10:52:16.036 1509 5541 I wm_restart_activity: [0,44871721,166,com.thundercomm.screensaver/android.service.dreams.DreamActivity]
12-09 10:52:16.037 1509 5541 I wm_set_resumed_activity: [0,com.thundercomm.screensaver/android.service.dreams.DreamActivity,minimalResumeActivityLocked]
12-09 10:52:16.047 5084 5084 I wm_on_create_called: [44871721,android.service.dreams.DreamActivity,performCreate]
12-09 10:52:16.047 1509 1597 I sysui_multi_action: [757,803,799,window_time_0,802,70]
12-09 10:52:16.048 5084 5084 I wm_on_start_called: [44871721,android.service.dreams.DreamActivity,handleStartActivity]
12-09 10:52:16.050 5084 5084 I wm_on_resume_called: [44871721,android.service.dreams.DreamActivity,RESUME_ACTIVITY]
12-09 10:52:16.053 1509 16669 W WindowManager: Failed looking up window session=Session{94bf14e 5084:u0a10051} callers=com.android.server.wm.WindowManagerService.windowForClientLocked:5628 com.android.server.wm.Session.insetsModified:629 android.view.IWindowSession$Stub.onTransact:1151
12-09 10:52:16.055 12356 12373 W ContextImpl: Calling a method in the system process without a qualified user: android.app.ContextImpl.startService:1816 android.content.ContextWrapper.startService:774 com.thundercomm.gamemode.ingame.services.GameModeActionUtils.startGameModeService:99 com.thundercomm.gamemode.ingame.services.GameModeActionUtils.startGameModeEntry:22 com.thundercomm.gamemode.ingame.services.ActivityMonitoringService$1.onActivityLaunch:127
12-09 10:52:16.057 1509 1680 I input_focus: [Focus leaving 4474eed com.android.settings/com.android.settings.homepage.SettingsHomepageActivity (server),reason=NO_WINDOW]
12-09 10:52:16.057 5084 5084 I wm_on_top_resumed_gained_called: [44871721,android.service.dreams.DreamActivity,topStateChangedWhenResumed]
12-09 10:52:16.059 1509 1509 I GameModeConfig: Current uri is uri = content://com.thundercomm.gamemode.api/gamemode_settings/gamemode_isgaming
12-09 10:52:16.066 1509 1509 I GameModeConfig: isGameModeOn = false
12-09 10:52:16.066 1509 1509 I GameModeConfig: isGameModeOn = false
12-09 10:52:16.066 1509 1509 I GameModeConfig: isDisableVoice = true
12-09 10:52:16.072 1509 1737 I GameModeConfig: isGameModeOn = false
12-09 10:52:16.072 1509 1737 I GameModeConfig: isGameModeOn = false
12-09 10:52:16.072 1509 1737 I GameModeConfig: isGameModeOn = false
12-09 10:52:16.072 1509 1737 I GameModeConfig: isGameModeOn = false
12-09 10:52:16.073 1509 1509 I notification_enqueue: [10082,1962,com.android.systemui,2048,NULL,0,Notification(channel=updateNotification shortcut=null contentView=null vibrate=null sound=null defaults=0x0 flags=0x0 color=0x00000000 vis=PRIVATE),1]
12-09 10:52:16.074 1962 1962 I sysui_multi_action: [757,111,758,2]
12-09 10:52:16.075 1509 1598 I input_focus: [Focus request e3725e5 com.thundercomm.screensaver/android.service.dreams.DreamActivity,reason=UpdateInputWindows]
12-09 10:52:16.075 1962 1962 I sysui_multi_action: [757,111,758,2]
12-09 10:52:16.101 1962 1962 I sysui_multi_action: [757,111,758,1]
12-09 10:52:16.101 1962 1962 I sysui_multi_action: [757,126,758,1,759,126,927,0,928,0,1593,0]
12-09 10:52:16.101 1962 1962 I sysui_multi_action: [757,113,758,1,759,113,927,1,928,1,1593,0]
12-09 10:52:16.101 1962 1962 I sysui_multi_action: [757,0,758,1,759,0,927,2,928,0,1593,0]
12-09 10:52:16.101 1962 1962 I sysui_multi_action: [757,0,758,1,759,0,927,3,928,0,1593,0]
12-09 10:52:16.102 1962 1962 I sysui_multi_action: [757,491,758,1,759,491,927,4,928,0,1311,-1,1593,0]
12-09 10:52:16.102 1962 1962 I sysui_multi_action: [757,0,758,1,759,0,927,5,928,0,1593,0]
12-09 10:52:16.102 1962 1962 I sysui_multi_action: [757,120,758,1,759,120,927,6,928,1,1593,0]
12-09 10:52:16.102 1962 1962 I sysui_multi_action: [757,111,758,1]
12-09 10:52:16.102 1962 1962 I sysui_multi_action: [757,126,758,1,759,126,927,0,928,0,1593,0]
12-09 10:52:16.102 1962 1962 I sysui_multi_action: [757,113,758,1,759,113,927,1,928,1,1593,0]
12-09 10:52:16.102 1962 1962 I sysui_multi_action: [757,0,758,1,759,0,927,2,928,0,1593,0]
12-09 10:52:16.102 1962 1962 I sysui_multi_action: [757,0,758,1,759,0,927,3,928,0,1593,0]
12-09 10:52:16.113 1509 1621 V DisplayPowerController[0]: Brightness [1.0] reason changing to: 'manual', previous reason: 'manual [ dim ]'.
12-09 10:52:16.113 1509 1621 I sysui_multi_action: [757,1696,758,6,759,3]
12-09 10:52:16.118 1509 1594 I sysui_multi_action: [319,104,322,88,325,19945,757,761,758,8,759,2,806,com.thundercomm.screensaver,871,android.service.dreams.DreamActivity,904,com.thundercomm.screensaver,905,0,1320,8,1321,5]
12-09 10:52:16.120 1509 1594 I wm_activity_launch_time: [0,44871721,com.thundercomm.screensaver/android.service.dreams.DreamActivity,88]
12-09 10:52:16.122 1509 1927 E DisplayDeviceConfig: requesting nits when no mapping exists.
12-09 10:52:16.123 1509 1927 E DisplayDeviceConfig: requesting nits when no mapping exists.
12-09 10:52:16.123 1509 1605 I am_wtf : [0,1509,system_server,-1,DisplayDeviceConfig,requesting nits when no mapping exists.]
12-09 10:52:16.123 1509 1680 I input_focus: [Focus entering e3725e5 com.thundercomm.screensaver/android.service.dreams.DreamActivity (server),reason=Window became focusable. Previous reason: NOT_VISIBLE]
12-09 10:52:16.129 1509 1605 I am_wtf : [0,1509,system_server,-1,DisplayDeviceConfig,requesting nits when no mapping exists.]
12-09 10:52:16.139 1509 1927 E DisplayDeviceConfig: requesting nits when no mapping exists.
12-09 10:52:16.139 1509 1927 E DisplayDeviceConfig: requesting nits when no mapping exists.
12-09 10:52:16.139 1509 1605 I am_wtf : [0,1509,system_server,-1,DisplayDeviceConfig,requesting nits when no mapping exists.]
12-09 10:52:16.140 1509 1605 I am_wtf : [0,1509,system_server,-1,DisplayDeviceConfig,requesting nits when no mapping exists.]
12-09 10:52:16.150 12356 12373 W ContextImpl: Calling a method in the system process without a qualified user: android.app.ContextImpl.startService:1816 android.content.ContextWrapper.startService:774 com.thundercomm.gamemode.ingame.services.GameModeActionUtils.startGameModeService:99 com.thundercomm.gamemode.ingame.services.GameModeActionUtils.startGameModeEntry:22 com.thundercomm.gamemode.ingame.services.ActivityMonitoringService$1.onActivityLaunch:127
12-09 10:52:16.155 1509 1509 I GameModeConfig: Current uri is uri = content://com.thundercomm.gamemode.api/gamemode_settings/gamemode_isgaming
12-09 10:52:16.156 1509 1927 E DisplayDeviceConfig: requesting nits when no mapping exists.
12-09 10:52:16.156 1509 1927 E DisplayDeviceConfig: requesting nits when no mapping exists.
12-09 10:52:16.156 1509 1509 I GameModeConfig: isGameModeOn = false
12-09 10:52:16.156 1509 1509 I GameModeConfig: isGameModeOn = false
12-09 10:52:16.156 1509 1605 I am_wtf : [0,1509,system_server,-1,DisplayDeviceConfig,requesting nits when no mapping exists.]
12-09 10:52:16.156 1509 1509 I GameModeConfig: isDisableVoice = true
12-09 10:52:16.157 1509 1605 I am_wtf : [0,1509,system_server,-1,DisplayDeviceConfig,requesting nits when no mapping exists.]
12-09 10:52:16.174 1509 1927 E DisplayDeviceConfig: requesting nits when no mapping exists.
12-09 10:52:16.174 1509 1927 E DisplayDeviceConfig: requesting nits when no mapping exists.
12-09 10:52:16.174 1509 1605 I am_wtf : [0,1509,system_server,-1,DisplayDeviceConfig,requesting nits when no mapping exists.]
12-09 10:52:16.175 1509 1605 I am_wtf : [0,1509,system_server,-1,DisplayDeviceConfig,requesting nits when no mapping exists.]
12-09 10:52:16.190 1509 1927 E DisplayDeviceConfig: requesting nits when no mapping exists.
12-09 10:52:16.191 1509 1605 I am_wtf : [0,1509,system_server,-1,DisplayDeviceConfig,requesting nits when no mapping exists.]
12-09 10:52:16.191 1509 1927 E DisplayDeviceConfig: requesting nits when no mapping exists.
12-09 10:52:16.192 1509 1605 I am_wtf : [0,1509,system_server,-1,DisplayDeviceConfig,requesting nits when no mapping exists.]
12-09 10:52:16.206 1509 1927 E DisplayDeviceConfig: requesting nits when no mapping exists.
12-09 10:52:16.206 1509 1927 E DisplayDeviceConfig: requesting nits when no mapping exists.
12-09 10:52:16.206 1509 1605 I am_wtf : [0,1509,system_server,-1,DisplayDeviceConfig,requesting nits when no mapping exists.]
12-09 10:52:16.203 0 0 I auditd : type=1400 audit(0.0:21066): avc: denied { kill } for comm="swapper/0" capability=5 scontext=u:r:kernel:s0 tcontext=u:r:kernel:s0 tclass=capability permissive=0
12-09 10:52:16.211 1509 1605 I am_wtf : [0,1509,system_server,-1,DisplayDeviceConfig,requesting nits when no mapping exists.]
12-09 10:52:16.222 1509 1927 E DisplayDeviceConfig: requesting nits when no mapping exists.
12-09 10:52:16.222 1509 1927 E DisplayDeviceConfig: requesting nits when no mapping exists.
12-09 10:52:16.222 1509 1605 I am_wtf : [0,1509,system_server,-1,DisplayDeviceConfig,requesting nits when no mapping exists.]
12-09 10:52:16.224 1509 1605 I am_wtf : [0,1509,system_server,-1,DisplayDeviceConfig,requesting nits when no mapping exists.]
12-09 10:52:16.232 1509 1680 I input_interaction: Interaction with: e3725e5 com.thundercomm.screensaver/android.service.dreams.DreamActivity (server), edge-swipe (server), swipe-up (server), PointerEventDispatcher0 (server),
12-09 10:52:16.236 1509 6997 I wm_finish_activity: [0,44871721,166,com.thundercomm.screensaver/android.service.dreams.DreamActivity,finish-activity]
12-09 10:52:16.236 1509 6997 I wm_task_moved: [161,1,6]
12-09 10:52:16.236 1509 6997 I wm_task_to_front: [0,161]
12-09 10:52:16.237 1509 6997 I wm_focused_root_task: [0,0,161,166,finish-top adjustFocusToNextFocusableTask]
12-09 10:52:16.238 1509 6997 I wm_pause_activity: [0,44871721,com.thundercomm.screensaver/android.service.dreams.DreamActivity,userLeaving=false,finish]
12-09 10:52:16.239 1509 1927 E DisplayDeviceConfig: requesting nits when no mapping exists.
12-09 10:52:16.240 1509 1927 E DisplayDeviceConfig: requesting nits when no mapping exists.
12-09 10:52:16.241 1509 1605 I am_wtf : [0,1509,system_server,-1,DisplayDeviceConfig,requesting nits when no mapping exists.]
12-09 10:52:16.241 1509 5541 I DreamManagerService: Gently waking up from dream.
12-09 10:52:16.242 1509 1594 I DreamManagerService: Performing gentle wake from dream.
12-09 10:52:16.242 5084 5084 I wm_on_top_resumed_lost_called: [44871721,android.service.dreams.DreamActivity,topStateChangedWhenResumed]
12-09 10:52:16.242 1509 1597 I sysui_multi_action: [757,803,799,window_time_0,802,0]
12-09 10:52:16.242 5084 5084 I wm_on_paused_called: [44871721,android.service.dreams.DreamActivity,performPause]
12-09 10:52:16.243 1509 1605 I am_wtf : [0,1509,system_server,-1,DisplayDeviceConfig,requesting nits when no mapping exists.]
12-09 10:52:16.243 1509 1700 I wm_add_to_stopping: [0,44871721,com.thundercomm.screensaver/android.service.dreams.DreamActivity,completeFinishing]
12-09 10:52:16.244 1509 1700 I ActivityTaskManager: FOREGROUND_APPLICATION_CHANGED to com.android.settings.homepage.SettingsHomepageActivity
12-09 10:52:16.247 1509 1700 I wm_set_resumed_activity: [0,com.android.settings/.homepage.SettingsHomepageActivity,resumeTopActivityInnerLocked]
12-09 10:52:16.248 1509 1700 I wm_resume_activity: [0,44385528,161,com.android.settings/.homepage.SettingsHomepageActivity]
12-09 10:52:16.250 19875 19875 I wm_on_resume_called: [44385528,com.android.settings.homepage.SettingsHomepageActivity,RESUME_ACTIVITY]
12-09 10:52:16.253 19875 19875 I sysui_multi_action: [757,35,758,1,833,0,1089,0]
12-09 10:52:16.256 1509 1927 E DisplayDeviceConfig: requesting nits when no mapping exists.
12-09 10:52:16.257 1509 1605 I am_wtf : [0,1509,system_server,-1,DisplayDeviceConfig,requesting nits when no mapping exists.]
12-09 10:52:16.257 1509 1927 E DisplayDeviceConfig: requesting nits when no mapping exists.
12-09 10:52:16.258 1509 1605 I am_wtf : [0,1509,system_server,-1,DisplayDeviceConfig,requesting nits when no mapping exists.]
12-09 10:52:16.260 1509 1680 I input_focus: [Focus leaving e3725e5 com.thundercomm.screensaver/android.service.dreams.DreamActivity (server),reason=NO_WINDOW]
12-09 10:52:16.262 5084 5084 I view_enqueue_input_event: [Motion - Cancel,com.thundercomm.screensaver/android.service.dreams.DreamActivity]
12-09 10:52:16.263 1509 1598 I input_focus: [Focus request 4474eed com.android.settings/com.android.settings.homepage.SettingsHomepageActivity,reason=UpdateInputWindows]
12-09 10:52:16.265 1509 1597 I sysui_multi_action: [757,803,799,window_time_0,802,0]
12-09 10:52:16.275 1509 1680 I input_focus: [Focus entering 4474eed com.android.settings/com.android.settings.homepage.SettingsHomepageActivity (server),reason=setFocusedWindow]
12-09 10:52:16.275 1509 1927 E DisplayDeviceConfig: requesting nits when no mapping exists.
12-09 10:52:16.276 1509 1605 I am_wtf : [0,1509,system_server,-1,DisplayDeviceConfig,requesting nits when no mapping exists.]
12-09 10:52:16.276 1509 1927 E DisplayDeviceConfig: requesting nits when no mapping exists.
12-09 10:52:16.277 1509 1605 I am_wtf : [0,1509,system_server,-1,DisplayDeviceConfig,requesting nits when no mapping exists.]
12-09 10:52:16.278 19875 19875 I sysui_multi_action: [757,746,758,1,833,0,1089,0]
12-09 10:52:16.278 1509 5541 D TelephonyRegistry: listen oscl: mHasNotifySubscriptionInfoChangedOccurred==false no callback
12-09 10:52:16.280 1509 5541 D TelephonyRegistry: listen oscl: mHasNotifySubscriptionInfoChangedOccurred==false no callback
12-09 10:52:16.280 1509 1509 I GameModeConfig: isGameModeOn = false
12-09 10:52:16.286 19875 19875 I wm_on_top_resumed_gained_called: [44385528,com.android.settings.homepage.SettingsHomepageActivity,topWhenResuming]
12-09 10:52:16.294 1509 1927 E DisplayDeviceConfig: requesting nits when no mapping exists.
12-09 10:52:16.295 1509 1927 E DisplayDeviceConfig: requesting nits when no mapping exists.
12-09 10:52:16.295 1509 1605 I am_wtf : [0,1509,system_server,-1,DisplayDeviceConfig,requesting nits when no mapping exists.]
12-09 10:52:16.296 1509 1605 I am_wtf : [0,1509,system_server,-1,DisplayDeviceConfig,requesting nits when no mapping exists.]
12-09 10:52:16.306 1509 1927 E DisplayDeviceConfig: requesting nits when no mapping exists.
12-09 10:52:16.306 1509 1927 E DisplayDeviceConfig: requesting nits when no mapping exists.
12-09 10:52:16.306 1509 1605 I am_wtf : [0,1509,system_server,-1,DisplayDeviceConfig,requesting nits when no mapping exists.]
12-09 10:52:16.308 1509 1605 I am_wtf : [0,1509,system_server,-1,DisplayDeviceConfig,requesting nits when no mapping exists.]
12-09 10:52:16.309 1509 1621 I PowerManagerService: Powering on display group fromDreaming (groupId=0, uid=1000, reason=WAKE_REASON_UNKNOWN, details=android.server.power:DREAM_FINISHED)...
12-09 10:52:16.309 1509 1621 I PowerManagerService: Waking up from Dreaming (uid=1000, reason=WAKE_REASON_UNKNOWN, details=android.server.power:DREAM_FINISHED)...
12-09 10:52:16.325 1509 1927 E DisplayDeviceConfig: requesting nits when no mapping exists.
12-09 10:52:16.325 1509 1927 E DisplayDeviceConfig: requesting nits when no mapping exists.
12-09 10:52:16.325 1509 1605 I am_wtf : [0,1509,system_server,-1,DisplayDeviceConfig,requesting nits when no mapping exists.]
12-09 10:52:16.327 1509 1605 I am_wtf : [0,1509,system_server,-1,DisplayDeviceConfig,requesting nits when no mapping exists.]
12-09 10:52:16.339 1509 1927 E DisplayDeviceConfig: requesting nits when no mapping exists.
12-09 10:52:16.340 1509 1927 E DisplayDeviceConfig: requesting nits when no mapping exists.
12-09 10:52:16.340 1509 1605 I am_wtf : [0,1509,system_server,-1,DisplayDeviceConfig,requesting nits when no mapping exists.]
12-09 10:52:16.345 1509 1605 I am_wtf : [0,1509,system_server,-1,DisplayDeviceConfig,requesting nits when no mapping exists.]
12-09 10:52:16.346 1509 1605 I service_manager_stats: [100,71,6990]
12-09 10:52:16.356 1509 1927 E DisplayDeviceConfig: requesting nits when no mapping exists.
12-09 10:52:16.357 1509 1605 I am_wtf : [0,1509,system_server,-1,DisplayDeviceConfig,requesting nits when no mapping exists.]
12-09 10:52:16.358 1509 1927 E DisplayDeviceConfig: requesting nits when no mapping exists.
12-09 10:52:16.359 1509 1605 I am_wtf : [0,1509,system_server,-1,DisplayDeviceConfig,requesting nits when no mapping exists.]
12-09 10:52:16.359 12356 12373 W ContextImpl: Calling a method in the system process without a qualified user: android.app.ContextImpl.startService:1816 android.content.ContextWrapper.startService:774 com.thundercomm.gamemode.ingame.services.GameModeActionUtils.startGameModeService:99 com.thundercomm.gamemode.ingame.services.GameModeActionUtils.startGameModeEntry:22 com.thundercomm.gamemode.ingame.services.ActivityMonitoringService$1.onActivityLaunch:127
12-09 10:52:16.361 1509 1680 I input_interaction: Interaction with: edge-swipe (server), swipe-up (server), PointerEventDispatcher0 (server),
12-09 10:52:16.367 1509 1509 I GameModeConfig: Current uri is uri = content://com.thundercomm.gamemode.api/gamemode_settings/gamemode_isgaming
12-09 10:52:16.369 1509 1509 I GameModeConfig: isGameModeOn = false
12-09 10:52:16.370 1509 1509 I GameModeConfig: isGameModeOn = false
12-09 10:52:16.370 1509 1509 I GameModeConfig: isDisableVoice = true
12-09 10:52:16.373 1509 1927 E DisplayDeviceConfig: requesting nits when no mapping exists.
12-09 10:52:16.373 1509 1927 E DisplayDeviceConfig: requesting nits when no mapping exists.
12-09 10:52:16.373 1509 1605 I am_wtf : [0,1509,system_server,-1,DisplayDeviceConfig,requesting nits when no mapping exists.]
12-09 10:52:16.375 1509 1605 I am_wtf : [0,1509,system_server,-1,DisplayDeviceConfig,requesting nits when no mapping exists.]
12-09 10:52:16.389 1509 1927 E DisplayDeviceConfig: requesting nits when no mapping exists.
12-09 10:52:16.389 1509 1927 E DisplayDeviceConfig: requesting nits when no mapping exists.
12-09 10:52:16.391 1509 1605 I am_wtf : [0,1509,system_server,-1,DisplayDeviceConfig,requesting nits when no mapping exists.]
12-09 10:52:16.392 1509 1605 I am_wtf : [0,1509,system_server,-1,DisplayDeviceConfig,requesting nits when no mapping exists.]
12-09 10:52:16.407 1509 1927 E DisplayDeviceConfig: requesting nits when no mapping exists.
12-09 10:52:16.408 1509 1927 E DisplayDeviceConfig: requesting nits when no mapping exists.
12-09 10:52:16.408 1509 1605 I am_wtf : [0,1509,system_server,-1,DisplayDeviceConfig,requesting nits when no mapping exists.]
12-09 10:52:16.409 1509 1605 I am_wtf : [0,1509,system_server,-1,DisplayDeviceConfig,requesting nits when no mapping exists.]
12-09 10:52:16.422 1509 1927 E DisplayDeviceConfig: requesting nits when no mapping exists.
12-09 10:52:16.423 1509 1927 E DisplayDeviceConfig: requesting nits when no mapping exists.
12-09 10:52:16.423 1509 1605 I am_wtf : [0,1509,system_server,-1,DisplayDeviceConfig,requesting nits when no mapping exists.]
12-09 10:52:16.424 1509 1605 I am_wtf : [0,1509,system_server,-1,DisplayDeviceConfig,requesting nits when no mapping exists.]
12-09 10:52:16.439 1509 1927 E DisplayDeviceConfig: requesting nits when no mapping exists.
12-09 10:52:16.439 1509 1927 E DisplayDeviceConfig: requesting nits when no mapping exists.
12-09 10:52:16.439 1509 1605 I am_wtf : [0,1509,system_server,-1,DisplayDeviceConfig,requesting nits when no mapping exists.]
