12-09 10:52:16.440 1509 1605 I am_wtf : [0,1509,system_server,-1,DisplayDeviceConfig,requesting nits when no mapping exists.]
12-09 10:52:16.456 1509 1927 E DisplayDeviceConfig: requesting nits when no mapping exists.
12-09 10:52:16.457 1509 1605 I am_wtf : [0,1509,system_server,-1,DisplayDeviceConfig,requesting nits when no mapping exists.]
12-09 10:52:16.467 1509 1927 E DisplayDeviceConfig: requesting nits when no mapping exists.
12-09 10:52:16.467 1509 1605 I am_wtf : [0,1509,system_server,-1,DisplayDeviceConfig,requesting nits when no mapping exists.]
12-09 10:52:16.473 1509 1927 E DisplayDeviceConfig: requesting nits when no mapping exists.
12-09 10:52:16.473 1509 1605 I am_wtf : [0,1509,system_server,-1,DisplayDeviceConfig,requesting nits when no mapping exists.]
12-09 10:52:16.474 1509 1927 E DisplayDeviceConfig: requesting nits when no mapping exists.
12-09 10:52:16.474 1509 1605 I am_wtf : [0,1509,system_server,-1,DisplayDeviceConfig,requesting nits when no mapping exists.]
12-09 10:52:16.489 1509 1927 E DisplayDeviceConfig: requesting nits when no mapping exists.
12-09 10:52:16.490 1509 1927 E DisplayDeviceConfig: requesting nits when no mapping exists.
12-09 10:52:16.490 1509 1605 I am_wtf : [0,1509,system_server,-1,DisplayDeviceConfig,requesting nits when no mapping exists.]
12-09 10:52:16.490 1509 1605 I am_wtf : [0,1509,system_server,-1,DisplayDeviceConfig,requesting nits when no mapping exists.]
12-09 10:52:16.507 1509 1927 E DisplayDeviceConfig: requesting nits when no mapping exists.
12-09 10:52:16.508 1509 1605 I am_wtf : [0,1509,system_server,-1,DisplayDeviceConfig,requesting nits when no mapping exists.]
12-09 10:52:16.508 1509 1927 E DisplayDeviceConfig: requesting nits when no mapping exists.
12-09 10:52:16.509 1509 1605 I am_wtf : [0,1509,system_server,-1,DisplayDeviceConfig,requesting nits when no mapping exists.]
12-09 10:52:16.522 1509 1927 E DisplayDeviceConfig: requesting nits when no mapping exists.
12-09 10:52:16.523 1509 1927 E DisplayDeviceConfig: requesting nits when no mapping exists.
12-09 10:52:16.523 1509 1605 I am_wtf : [0,1509,system_server,-1,DisplayDeviceConfig,requesting nits when no mapping exists.]
12-09 10:52:16.524 1509 1605 I am_wtf : [0,1509,system_server,-1,DisplayDeviceConfig,requesting nits when no mapping exists.]
12-09 10:52:16.541 1509 1927 E DisplayDeviceConfig: requesting nits when no mapping exists.
12-09 10:52:16.543 1509 1605 I am_wtf : [0,1509,system_server,-1,DisplayDeviceConfig,requesting nits when no mapping exists.]
12-09 10:52:16.543 1509 1927 E DisplayDeviceConfig: requesting nits when no mapping exists.
12-09 10:52:16.544 1509 1605 I am_wtf : [0,1509,system_server,-1,DisplayDeviceConfig,requesting nits when no mapping exists.]
12-09 10:52:16.557 1509 1927 E DisplayDeviceConfig: requesting nits when no mapping exists.
12-09 10:52:16.558 1509 1927 E DisplayDeviceConfig: requesting nits when no mapping exists.
12-09 10:52:16.558 1509 1605 I am_wtf : [0,1509,system_server,-1,DisplayDeviceConfig,requesting nits when no mapping exists.]
12-09 10:52:16.558 1509 1605 I am_wtf : [0,1509,system_server,-1,DisplayDeviceConfig,requesting nits when no mapping exists.]
12-09 10:52:16.574 1509 1927 E DisplayDeviceConfig: requesting nits when no mapping exists.
12-09 10:52:16.575 1509 1605 I am_wtf : [0,1509,system_server,-1,DisplayDeviceConfig,requesting nits when no mapping exists.]
12-09 10:52:16.575 1509 1927 E DisplayDeviceConfig: requesting nits when no mapping exists.
12-09 10:52:16.576 1509 1605 I am_wtf : [0,1509,system_server,-1,DisplayDeviceConfig,requesting nits when no mapping exists.]
12-09 10:52:16.596 1509 1927 E DisplayDeviceConfig: requesting nits when no mapping exists.
12-09 10:52:16.596 1509 1927 E DisplayDeviceConfig: requesting nits when no mapping exists.
12-09 10:52:16.596 1509 1605 I am_wtf : [0,1509,system_server,-1,DisplayDeviceConfig,requesting nits when no mapping exists.]
12-09 10:52:16.599 1509 1605 I am_wtf : [0,1509,system_server,-1,DisplayDeviceConfig,requesting nits when no mapping exists.]
12-09 10:52:16.607 1509 1927 E DisplayDeviceConfig: requesting nits when no mapping exists.
12-09 10:52:16.608 1509 1605 I am_wtf : [0,1509,system_server,-1,DisplayDeviceConfig,requesting nits when no mapping exists.]
12-09 10:52:16.608 1509 1927 E DisplayDeviceConfig: requesting nits when no mapping exists.
12-09 10:52:16.609 1509 1605 I am_wtf : [0,1509,system_server,-1,DisplayDeviceConfig,requesting nits when no mapping exists.]
12-09 10:52:16.625 1509 1927 E DisplayDeviceConfig: requesting nits when no mapping exists.
12-09 10:52:16.625 1509 1927 E DisplayDeviceConfig: requesting nits when no mapping exists.
12-09 10:52:16.625 1509 1605 I am_wtf : [0,1509,system_server,-1,DisplayDeviceConfig,requesting nits when no mapping exists.]
12-09 10:52:16.626 1509 1605 I am_wtf : [0,1509,system_server,-1,DisplayDeviceConfig,requesting nits when no mapping exists.]
12-09 10:52:16.640 1509 1927 E DisplayDeviceConfig: requesting nits when no mapping exists.
12-09 10:52:16.640 1509 1927 E DisplayDeviceConfig: requesting nits when no mapping exists.
12-09 10:52:16.640 1509 1605 I am_wtf : [0,1509,system_server,-1,DisplayDeviceConfig,requesting nits when no mapping exists.]
12-09 10:52:16.646 1509 1605 I am_wtf : [0,1509,system_server,-1,DisplayDeviceConfig,requesting nits when no mapping exists.]
12-09 10:52:16.658 1509 1927 E DisplayDeviceConfig: requesting nits when no mapping exists.
12-09 10:52:16.658 1509 1927 E DisplayDeviceConfig: requesting nits when no mapping exists.
12-09 10:52:16.658 1509 1605 I am_wtf : [0,1509,system_server,-1,DisplayDeviceConfig,requesting nits when no mapping exists.]
12-09 10:52:16.659 1509 1605 I am_wtf : [0,1509,system_server,-1,DisplayDeviceConfig,requesting nits when no mapping exists.]
12-09 10:52:16.684 1509 1927 E DisplayDeviceConfig: requesting nits when no mapping exists.
12-09 10:52:16.684 1509 1927 E DisplayDeviceConfig: requesting nits when no mapping exists.
12-09 10:52:16.684 1509 1605 I am_wtf : [0,1509,system_server,-1,DisplayDeviceConfig,requesting nits when no mapping exists.]
12-09 10:52:16.686 1509 1605 I am_wtf : [0,1509,system_server,-1,DisplayDeviceConfig,requesting nits when no mapping exists.]
12-09 10:52:16.696 1509 1927 E DisplayDeviceConfig: requesting nits when no mapping exists.
12-09 10:52:16.697 1509 1605 I am_wtf : [0,1509,system_server,-1,DisplayDeviceConfig,requesting nits when no mapping exists.]
12-09 10:52:16.697 1509 1927 E DisplayDeviceConfig: requesting nits when no mapping exists.
12-09 10:52:16.698 1509 1605 I am_wtf : [0,1509,system_server,-1,DisplayDeviceConfig,requesting nits when no mapping exists.]
12-09 10:52:16.706 1509 1927 E DisplayDeviceConfig: requesting nits when no mapping exists.
12-09 10:52:16.707 1509 1927 E DisplayDeviceConfig: requesting nits when no mapping exists.
12-09 10:52:16.707 1509 1605 I am_wtf : [0,1509,system_server,-1,DisplayDeviceConfig,requesting nits when no mapping exists.]
12-09 10:52:16.708 1509 1605 I am_wtf : [0,1509,system_server,-1,DisplayDeviceConfig,requesting nits when no mapping exists.]
12-09 10:52:16.723 1509 1927 E DisplayDeviceConfig: requesting nits when no mapping exists.
12-09 10:52:16.724 1509 1927 E DisplayDeviceConfig: requesting nits when no mapping exists.
12-09 10:52:16.724 1509 1605 I am_wtf : [0,1509,system_server,-1,DisplayDeviceConfig,requesting nits when no mapping exists.]
12-09 10:52:16.725 1509 1605 I am_wtf : [0,1509,system_server,-1,DisplayDeviceConfig,requesting nits when no mapping exists.]
12-09 10:52:16.740 1509 1927 E DisplayDeviceConfig: requesting nits when no mapping exists.
12-09 10:52:16.741 1509 1927 E DisplayDeviceConfig: requesting nits when no mapping exists.
12-09 10:52:16.741 1509 1605 I am_wtf : [0,1509,system_server,-1,DisplayDeviceConfig,requesting nits when no mapping exists.]
12-09 10:52:16.742 1509 1605 I am_wtf : [0,1509,system_server,-1,DisplayDeviceConfig,requesting nits when no mapping exists.]
12-09 10:52:16.757 1509 1927 E DisplayDeviceConfig: requesting nits when no mapping exists.
12-09 10:52:16.758 1509 1927 E DisplayDeviceConfig: requesting nits when no mapping exists.
12-09 10:52:16.758 1509 1605 I am_wtf : [0,1509,system_server,-1,DisplayDeviceConfig,requesting nits when no mapping exists.]
12-09 10:52:16.759 1509 1605 I am_wtf : [0,1509,system_server,-1,DisplayDeviceConfig,requesting nits when no mapping exists.]
12-09 10:52:16.776 1509 1927 E DisplayDeviceConfig: requesting nits when no mapping exists.
12-09 10:52:16.776 1509 1927 E DisplayDeviceConfig: requesting nits when no mapping exists.
12-09 10:52:16.777 1509 1605 I am_wtf : [0,1509,system_server,-1,DisplayDeviceConfig,requesting nits when no mapping exists.]
12-09 10:52:16.778 1509 1605 I am_wtf : [0,1509,system_server,-1,DisplayDeviceConfig,requesting nits when no mapping exists.]
12-09 10:52:16.780 1509 1597 I wm_destroy_activity: [0,44871721,166,com.thundercomm.screensaver/android.service.dreams.DreamActivity,finish-imm:idle]
12-09 10:52:16.790 1509 1927 E DisplayDeviceConfig: requesting nits when no mapping exists.
12-09 10:52:16.791 1509 1605 I am_wtf : [0,1509,system_server,-1,DisplayDeviceConfig,requesting nits when no mapping exists.]
12-09 10:52:16.792 1509 1927 E DisplayDeviceConfig: requesting nits when no mapping exists.
12-09 10:52:16.793 1509 1605 I am_wtf : [0,1509,system_server,-1,DisplayDeviceConfig,requesting nits when no mapping exists.]
12-09 10:52:16.793 12356 12373 W ContextImpl: Calling a method in the system process without a qualified user: android.app.ContextImpl.startService:1816 android.content.ContextWrapper.startService:774 com.thundercomm.gamemode.ingame.services.GameModeActionUtils.startGameModeService:99 com.thundercomm.gamemode.ingame.services.GameModeActionUtils.startGameModeEntry:22 com.thundercomm.gamemode.ingame.services.ActivityMonitoringService$1.onActivityLaunch:127
12-09 10:52:16.800 1509 1509 I GameModeConfig: Current uri is uri = content://com.thundercomm.gamemode.api/gamemode_settings/gamemode_isgaming
12-09 10:52:16.802 1509 1509 I GameModeConfig: isGameModeOn = false
12-09 10:52:16.802 1509 1509 I GameModeConfig: isGameModeOn = false
12-09 10:52:16.802 1509 1509 I GameModeConfig: isDisableVoice = true
12-09 10:52:16.806 5084 5084 I wm_on_stop_called: [44871721,android.service.dreams.DreamActivity,LIFECYCLER_STOP_ACTIVITY]
12-09 10:52:16.807 1509 1927 E DisplayDeviceConfig: requesting nits when no mapping exists.
12-09 10:52:16.807 1509 1927 E DisplayDeviceConfig: requesting nits when no mapping exists.
12-09 10:52:16.807 1509 1605 I am_wtf : [0,1509,system_server,-1,DisplayDeviceConfig,requesting nits when no mapping exists.]
12-09 10:52:16.808 1509 1605 I am_wtf : [0,1509,system_server,-1,DisplayDeviceConfig,requesting nits when no mapping exists.]
12-09 10:52:16.814 5084 5084 I wm_on_destroy_called: [44871721,android.service.dreams.DreamActivity,performDestroy]
12-09 10:52:16.814 1509 5541 I DreamManagerService: Leaving dreamland.
12-09 10:52:16.815 1509 1594 I DreamManagerService: Performing gentle wake from dream.
12-09 10:52:16.815 1509 1594 I DreamController: Stopping dream: name=ComponentInfo{com.thundercomm.screensaver/com.thundercomm.screensaver.service.SystemScreensaverDream}, isTest=false, canDoze=false, userId=0, reason='finished self'(from 'finished self')
12-09 10:52:16.815 1509 1594 I sysui_multi_action: [757,222,758,2]
12-09 10:52:16.815 1509 1594 I sysui_multi_action: [757,804,799,dreaming_minutes,801,0,802,1]
12-09 10:52:16.824 1509 1927 E DisplayDeviceConfig: requesting nits when no mapping exists.
12-09 10:52:16.824 1509 1605 I am_wtf : [0,1509,system_server,-1,DisplayDeviceConfig,requesting nits when no mapping exists.]
12-09 10:52:16.824 1509 1927 E DisplayDeviceConfig: requesting nits when no mapping exists.
12-09 10:52:16.828 1509 1605 I am_wtf : [0,1509,system_server,-1,DisplayDeviceConfig,requesting nits when no mapping exists.]
12-09 10:52:16.832 1509 5541 I wm_task_removed: [166,removeChild:removeChild last r=ActivityRecord{2acb029 u0 com.thundercomm.screensaver/android.service.dreams.DreamActivity t-1 f}} in t=Task{36fcb47 #166 type=dream A=10051:android:com.thundercomm.screensaver/dream U=0 visible=false mode=fullscreen translucent=true sz=0}]
12-09 10:52:16.832 1509 5541 I wm_task_removed: [166,removeChild]
12-09 10:52:16.835 1509 1598 W ActivityTaskManager: Can't find TaskDisplayArea to determine support for multi window. Task id=166 attached=false
12-09 10:52:16.838 1509 1927 E DisplayDeviceConfig: requesting nits when no mapping exists.
12-09 10:52:16.838 1509 1927 E DisplayDeviceConfig: requesting nits when no mapping exists.
12-09 10:52:16.838 1509 1605 I am_wtf : [0,1509,system_server,-1,DisplayDeviceConfig,requesting nits when no mapping exists.]
12-09 10:52:16.839 1509 1605 I am_wtf : [0,1509,system_server,-1,DisplayDeviceConfig,requesting nits when no mapping exists.]
12-09 10:52:16.855 1509 1927 E DisplayDeviceConfig: requesting nits when no mapping exists.
12-09 10:52:16.855 1509 1927 E DisplayDeviceConfig: requesting nits when no mapping exists.
12-09 10:52:16.855 1509 1605 I am_wtf : [0,1509,system_server,-1,DisplayDeviceConfig,requesting nits when no mapping exists.]
12-09 10:52:16.856 1509 1605 I am_wtf : [0,1509,system_server,-1,DisplayDeviceConfig,requesting nits when no mapping exists.]
12-09 10:52:16.871 1509 1927 E DisplayDeviceConfig: requesting nits when no mapping exists.
12-09 10:52:16.872 1509 1927 E DisplayDeviceConfig: requesting nits when no mapping exists.
12-09 10:52:16.872 1509 1605 I am_wtf : [0,1509,system_server,-1,DisplayDeviceConfig,requesting nits when no mapping exists.]
12-09 10:52:16.873 1509 1605 I am_wtf : [0,1509,system_server,-1,DisplayDeviceConfig,requesting nits when no mapping exists.]
12-09 10:52:16.888 1509 1927 E DisplayDeviceConfig: requesting nits when no mapping exists.
12-09 10:52:16.889 1509 1927 E DisplayDeviceConfig: requesting nits when no mapping exists.
12-09 10:52:16.889 1509 1605 I am_wtf : [0,1509,system_server,-1,DisplayDeviceConfig,requesting nits when no mapping exists.]
12-09 10:52:16.890 1509 1605 I am_wtf : [0,1509,system_server,-1,DisplayDeviceConfig,requesting nits when no mapping exists.]
12-09 10:52:16.905 1509 1927 E DisplayDeviceConfig: requesting nits when no mapping exists.
12-09 10:52:16.905 1509 1927 E DisplayDeviceConfig: requesting nits when no mapping exists.
12-09 10:52:16.905 1509 1605 I am_wtf : [0,1509,system_server,-1,DisplayDeviceConfig,requesting nits when no mapping exists.]
12-09 10:52:16.906 1509 1605 I am_wtf : [0,1509,system_server,-1,DisplayDeviceConfig,requesting nits when no mapping exists.]
12-09 10:52:16.922 1509 1927 E DisplayDeviceConfig: requesting nits when no mapping exists.
12-09 10:52:16.923 1509 1927 E DisplayDeviceConfig: requesting nits when no mapping exists.
12-09 10:52:16.923 1509 1605 I am_wtf : [0,1509,system_server,-1,DisplayDeviceConfig,requesting nits when no mapping exists.]
12-09 10:52:16.924 1509 1605 I am_wtf : [0,1509,system_server,-1,DisplayDeviceConfig,requesting nits when no mapping exists.]
12-09 10:52:16.940 1509 1927 E DisplayDeviceConfig: requesting nits when no mapping exists.
12-09 10:52:16.941 1509 1605 I am_wtf : [0,1509,system_server,-1,DisplayDeviceConfig,requesting nits when no mapping exists.]
12-09 10:52:16.942 1509 1927 E DisplayDeviceConfig: requesting nits when no mapping exists.
12-09 10:52:16.944 1509 1605 I am_wtf : [0,1509,system_server,-1,DisplayDeviceConfig,requesting nits when no mapping exists.]
12-09 10:52:16.958 1509 1927 E DisplayDeviceConfig: requesting nits when no mapping exists.
12-09 10:52:16.958 1509 1927 E DisplayDeviceConfig: requesting nits when no mapping exists.
12-09 10:52:16.958 1509 1605 I am_wtf : [0,1509,system_server,-1,DisplayDeviceConfig,requesting nits when no mapping exists.]
12-09 10:52:16.960 1509 1605 I am_wtf : [0,1509,system_server,-1,DisplayDeviceConfig,requesting nits when no mapping exists.]
12-09 10:52:16.971 1509 1927 E DisplayDeviceConfig: requesting nits when no mapping exists.
12-09 10:52:16.972 1509 1605 I am_wtf : [0,1509,system_server,-1,DisplayDeviceConfig,requesting nits when no mapping exists.]
12-09 10:52:16.973 1509 1927 E DisplayDeviceConfig: requesting nits when no mapping exists.
12-09 10:52:16.973 1509 1605 I am_wtf : [0,1509,system_server,-1,DisplayDeviceConfig,requesting nits when no mapping exists.]
12-09 10:52:16.988 1509 1927 E DisplayDeviceConfig: requesting nits when no mapping exists.
12-09 10:52:16.989 1509 1927 E DisplayDeviceConfig: requesting nits when no mapping exists.
12-09 10:52:16.989 1509 1605 I am_wtf : [0,1509,system_server,-1,DisplayDeviceConfig,requesting nits when no mapping exists.]
12-09 10:52:16.990 1509 1605 I am_wtf : [0,1509,system_server,-1,DisplayDeviceConfig,requesting nits when no mapping exists.]
12-09 10:52:17.005 1509 1927 E DisplayDeviceConfig: requesting nits when no mapping exists.
12-09 10:52:17.006 1509 1927 E DisplayDeviceConfig: requesting nits when no mapping exists.
12-09 10:52:17.006 1509 1605 I am_wtf : [0,1509,system_server,-1,DisplayDeviceConfig,requesting nits when no mapping exists.]
12-09 10:52:17.007 1509 1605 I am_wtf : [0,1509,system_server,-1,DisplayDeviceConfig,requesting nits when no mapping exists.]
12-09 10:52:17.022 1509 1927 E DisplayDeviceConfig: requesting nits when no mapping exists.
12-09 10:52:17.023 1509 1605 I am_wtf : [0,1509,system_server,-1,DisplayDeviceConfig,requesting nits when no mapping exists.]
12-09 10:52:17.023 1509 1927 E DisplayDeviceConfig: requesting nits when no mapping exists.
12-09 10:52:17.023 1509 1605 I am_wtf : [0,1509,system_server,-1,DisplayDeviceConfig,requesting nits when no mapping exists.]
12-09 10:52:17.039 1509 1927 E DisplayDeviceConfig: requesting nits when no mapping exists.
12-09 10:52:17.040 1509 1605 I am_wtf : [0,1509,system_server,-1,DisplayDeviceConfig,requesting nits when no mapping exists.]
12-09 10:52:17.042 1509 1927 E DisplayDeviceConfig: requesting nits when no mapping exists.
12-09 10:52:17.042 1509 1605 I am_wtf : [0,1509,system_server,-1,DisplayDeviceConfig,requesting nits when no mapping exists.]
12-09 10:52:17.056 1509 1927 E DisplayDeviceConfig: requesting nits when no mapping exists.
12-09 10:52:17.057 1509 1927 E DisplayDeviceConfig: requesting nits when no mapping exists.
12-09 10:52:17.057 1509 1605 I am_wtf : [0,1509,system_server,-1,DisplayDeviceConfig,requesting nits when no mapping exists.]
12-09 10:52:17.058 1509 1605 I am_wtf : [0,1509,system_server,-1,DisplayDeviceConfig,requesting nits when no mapping exists.]
12-09 10:52:17.072 1509 1927 E DisplayDeviceConfig: requesting nits when no mapping exists.
12-09 10:52:17.073 1509 1927 E DisplayDeviceConfig: requesting nits when no mapping exists.
12-09 10:52:17.073 1509 1605 I am_wtf : [0,1509,system_server,-1,DisplayDeviceConfig,requesting nits when no mapping exists.]
12-09 10:52:17.073 1509 1605 I am_wtf : [0,1509,system_server,-1,DisplayDeviceConfig,requesting nits when no mapping exists.]
12-09 10:52:17.203 0 0 I auditd : type=1400 audit(0.0:21067): avc: denied { kill } for comm="swapper/0" capability=5 scontext=u:r:kernel:s0 tcontext=u:r:kernel:s0 tclass=capability permissive=0
12-09 10:52:18.203 352 352 I auditd : type=1400 audit(0.0:21068): avc: denied { kill } for comm="irq/382-atmel_m" capability=5 scontext=u:r:kernel:s0 tcontext=u:r:kernel:s0 tclass=capability permissive=0
12-09 10:52:19.123 1509 1680 I input_interaction: Interaction with: 2891114 StatusBar (server), edge-swipe (server), swipe-up (server), PointerEventDispatcher0 (server),
12-09 10:52:19.128 1962 1962 I sysui_multi_action: [757,803,799,panel_open,802,1]
12-09 10:52:19.130 1962 1962 I sysui_multi_action: [757,1328,758,4,1326,61,1327,1,1329,0]
12-09 10:52:19.203 0 0 I auditd : type=1400 audit(0.0:21069): avc: denied { kill } for comm="swapper/0" capability=5 scontext=u:r:kernel:s0 tcontext=u:r:kernel:s0 tclass=capability permissive=0
12-09 10:52:19.269 1509 1700 I sysui_multi_action: [757,127,758,1]
12-09 10:52:19.269 1509 1700 I sysui_multi_action: [757,804,799,note_load,801,2,802,1]
12-09 10:52:19.270 1509 1700 I notification_panel_revealed: 2
12-09 10:52:19.271 1509 1737 I GameModeConfig: isGameModeOn = false
12-09 10:52:19.271 1509 1737 I GameModeConfig: isGameModeOn = false
12-09 10:52:19.272 1509 1737 I GameModeConfig: isGameModeOn = false
12-09 10:52:19.272 1509 1737 I GameModeConfig: isGameModeOn = false
12-09 10:52:19.273 1962 1962 I sysui_multi_action: [757,111,758,2]
12-09 10:52:19.273 1962 1962 I sysui_multi_action: [757,111,758,2]
12-09 10:52:19.274 1509 1509 I notification_enqueue: [10082,1962,com.android.systemui,2048,NULL,0,Notification(channel=updateNotification shortcut=null contentView=null vibrate=null sound=null defaults=0x0 flags=0x0 color=0x00000000 vis=PRIVATE),1]
12-09 10:52:19.287 1509 1598 I input_focus: [Focus request 990558b NotificationShade,reason=UpdateInputWindows]
12-09 10:52:19.292 1962 1962 I sysui_multi_action: [757,111,758,1]
12-09 10:52:19.293 1962 1962 I sysui_multi_action: [757,126,758,1,759,126,927,0,928,0,1593,1]
12-09 10:52:19.293 1962 1962 I sysui_multi_action: [757,113,758,1,759,113,927,1,928,1,1593,1]
12-09 10:52:19.293 1962 1962 I sysui_multi_action: [757,0,758,1,759,0,927,2,928,0,1593,1]
12-09 10:52:19.293 1962 1962 I sysui_multi_action: [757,0,758,1,759,0,927,3,928,0,1593,1]
12-09 10:52:19.293 1962 1962 I sysui_multi_action: [757,491,758,1,759,491,927,4,928,0,1311,-1,1593,0]
12-09 10:52:19.294 1962 1962 I sysui_multi_action: [757,0,758,1,759,0,927,5,928,0,1593,0]
12-09 10:52:19.294 1962 1962 I sysui_multi_action: [757,120,758,1,759,120,927,6,928,1,1593,0]
12-09 10:52:19.294 1962 1962 I sysui_multi_action: [757,111,758,1]
12-09 10:52:19.294 1962 1962 I sysui_multi_action: [757,126,758,1,759,126,927,0,928,0,1593,1]
12-09 10:52:19.294 1962 1962 I sysui_multi_action: [757,113,758,1,759,113,927,1,928,1,1593,1]
12-09 10:52:19.294 1962 1962 I sysui_multi_action: [757,0,758,1,759,0,927,2,928,0,1593,1]
12-09 10:52:19.294 1962 1962 I sysui_multi_action: [757,0,758,1,759,0,927,3,928,0,1593,1]
12-09 10:52:19.311 1509 1737 I GameModeConfig: isGameModeOn = false
12-09 10:52:19.312 1509 1737 I GameModeConfig: isGameModeOn = false
12-09 10:52:19.312 1509 1737 I GameModeConfig: isGameModeOn = false
12-09 10:52:19.313 1509 1737 I GameModeConfig: isGameModeOn = false
12-09 10:52:19.314 1962 1962 I sysui_multi_action: [757,111,758,2]
12-09 10:52:19.314 1962 1962 I sysui_multi_action: [757,111,758,2]
12-09 10:52:19.315 1509 1509 I notification_enqueue: [10082,1962,com.android.systemui,2048,NULL,0,Notification(channel=updateNotification shortcut=null contentView=null vibrate=null sound=null defaults=0x0 flags=0x0 color=0x00000000 vis=PRIVATE),1]
12-09 10:52:19.317 1509 1680 I input_focus: [Focus leaving 4474eed com.android.settings/com.android.settings.homepage.SettingsHomepageActivity (server),reason=setFocusedWindow]
12-09 10:52:19.317 1509 1680 I input_focus: [Focus entering 990558b NotificationShade (server),reason=setFocusedWindow]
12-09 10:52:19.320 1962 1962 I sysui_multi_action: [757,111,758,1]
12-09 10:52:19.321 1962 1962 I sysui_multi_action: [757,126,758,1,759,126,927,0,928,0,1593,1]
12-09 10:52:19.321 1962 1962 I sysui_multi_action: [757,113,758,1,759,113,927,1,928,1,1593,1]
12-09 10:52:19.321 1962 1962 I sysui_multi_action: [757,0,758,1,759,0,927,2,928,0,1593,1]
12-09 10:52:19.321 1962 1962 I sysui_multi_action: [757,0,758,1,759,0,927,3,928,0,1593,1]
12-09 10:52:19.321 1962 1962 I sysui_multi_action: [757,491,758,1,759,491,927,4,928,0,1311,-1,1593,0]
12-09 10:52:19.322 1962 1962 I sysui_multi_action: [757,0,758,1,759,0,927,5,928,0,1593,0]
12-09 10:52:19.322 1962 1962 I sysui_multi_action: [757,120,758,1,759,120,927,6,928,1,1593,0]
12-09 10:52:19.322 1962 1962 I sysui_multi_action: [757,111,758,1]
12-09 10:52:19.322 1962 1962 I sysui_multi_action: [757,126,758,1,759,126,927,0,928,0,1593,1]
12-09 10:52:19.322 1962 1962 I sysui_multi_action: [757,113,758,1,759,113,927,1,928,1,1593,1]
12-09 10:52:19.322 1962 1962 I sysui_multi_action: [757,0,758,1,759,0,927,2,928,0,1593,1]
12-09 10:52:19.322 1962 1962 I sysui_multi_action: [757,0,758,1,759,0,927,3,928,0,1593,1]
12-09 10:52:19.354 1509 1737 I GameModeConfig: isGameModeOn = false
12-09 10:52:19.355 1509 1737 I GameModeConfig: isGameModeOn = false
12-09 10:52:19.355 1509 1737 I GameModeConfig: isGameModeOn = false
12-09 10:52:19.356 1509 1737 I GameModeConfig: isGameModeOn = false
12-09 10:52:19.356 1962 1962 I sysui_multi_action: [757,111,758,2]
12-09 10:52:19.356 1962 1962 I sysui_multi_action: [757,111,758,2]
12-09 10:52:19.358 1509 1509 I notification_enqueue: [10082,1962,com.android.systemui,2048,NULL,0,Notification(channel=updateNotification shortcut=null contentView=null vibrate=null sound=null defaults=0x0 flags=0x0 color=0x00000000 vis=PRIVATE),1]
12-09 10:52:19.360 1962 1962 I sysui_multi_action: [757,111,758,1]
12-09 10:52:19.360 1962 1962 I sysui_multi_action: [757,126,758,1,759,126,927,0,928,0,1593,1]
12-09 10:52:19.360 1962 1962 I sysui_multi_action: [757,113,758,1,759,113,927,1,928,1,1593,1]
12-09 10:52:19.360 1962 1962 I sysui_multi_action: [757,0,758,1,759,0,927,2,928,0,1593,1]
12-09 10:52:19.360 1962 1962 I sysui_multi_action: [757,0,758,1,759,0,927,3,928,0,1593,1]
12-09 10:52:19.361 1962 1962 I sysui_multi_action: [757,491,758,1,759,491,927,4,928,0,1311,-1,1593,0]
12-09 10:52:19.361 1962 1962 I sysui_multi_action: [757,0,758,1,759,0,927,5,928,0,1593,0]
12-09 10:52:19.361 1962 1962 I sysui_multi_action: [757,120,758,1,759,120,927,6,928,1,1593,0]
12-09 10:52:19.361 1962 1962 I sysui_multi_action: [757,111,758,1]
12-09 10:52:19.361 1962 1962 I sysui_multi_action: [757,126,758,1,759,126,927,0,928,0,1593,1]
12-09 10:52:19.361 1962 1962 I sysui_multi_action: [757,113,758,1,759,113,927,1,928,1,1593,1]
12-09 10:52:19.361 1962 1962 I sysui_multi_action: [757,0,758,1,759,0,927,2,928,0,1593,1]
12-09 10:52:19.361 1962 1962 I sysui_multi_action: [757,0,758,1,759,0,927,3,928,0,1593,1]
12-09 10:52:19.379 1509 1737 I GameModeConfig: isGameModeOn = false
12-09 10:52:19.380 1509 1737 I GameModeConfig: isGameModeOn = false
12-09 10:52:19.380 1509 1737 I GameModeConfig: isGameModeOn = false
12-09 10:52:19.380 1509 1737 I GameModeConfig: isGameModeOn = false
12-09 10:52:19.382 1962 1962 I sysui_multi_action: [757,111,758,2]
12-09 10:52:19.382 1962 1962 I sysui_multi_action: [757,111,758,2]
12-09 10:52:19.382 1509 1509 I notification_enqueue: [10082,1962,com.android.systemui,2048,NULL,0,Notification(channel=updateNotification shortcut=null contentView=null vibrate=null sound=null defaults=0x0 flags=0x0 color=0x00000000 vis=PRIVATE),1]
12-09 10:52:19.384 1962 1962 I sysui_multi_action: [757,111,758,1]
12-09 10:52:19.385 1962 1962 I sysui_multi_action: [757,126,758,1,759,126,927,0,928,0,1593,0]
12-09 10:52:19.385 1962 1962 I sysui_multi_action: [757,113,758,1,759,113,927,1,928,1,1593,0]
12-09 10:52:19.385 1962 1962 I sysui_multi_action: [757,0,758,1,759,0,927,2,928,0,1593,0]
12-09 10:52:19.385 1962 1962 I sysui_multi_action: [757,0,758,1,759,0,927,3,928,0,1593,0]
12-09 10:52:19.385 1962 1962 I sysui_multi_action: [757,491,758,1,759,491,927,4,928,0,1311,-1,1593,0]
12-09 10:52:19.385 1962 1962 I sysui_multi_action: [757,0,758,1,759,0,927,5,928,0,1593,0]
12-09 10:52:19.385 1962 1962 I sysui_multi_action: [757,120,758,1,759,120,927,6,928,1,1593,0]
12-09 10:52:19.385 1962 1962 I sysui_multi_action: [757,111,758,1]
12-09 10:52:19.385 1962 1962 I sysui_multi_action: [757,126,758,1,759,126,927,0,928,0,1593,0]
12-09 10:52:19.386 1962 1962 I sysui_multi_action: [757,113,758,1,759,113,927,1,928,1,1593,0]
12-09 10:52:19.386 1962 1962 I sysui_multi_action: [757,0,758,1,759,0,927,2,928,0,1593,0]
12-09 10:52:19.386 1962 1962 I sysui_multi_action: [757,0,758,1,759,0,927,3,928,0,1593,0]
12-09 10:52:19.478 1509 1509 I GameModeConfig: isGameModeOn = false
12-09 10:52:19.518 1509 1509 I GameModeConfig: isGameModeOn = false
12-09 10:52:19.519 1509 1509 E NotificationService: Muting recently noisy 0|com.android.systemui|2048|null|10082
12-09 10:52:19.561 1509 1509 I GameModeConfig: isGameModeOn = false
12-09 10:52:19.561 1509 1509 E NotificationService: Muting recently noisy 0|com.android.systemui|2048|null|10082
12-09 10:52:19.584 1509 1509 I GameModeConfig: isGameModeOn = false
12-09 10:52:19.584 1509 1509 E NotificationService: Muting recently noisy 0|com.android.systemui|2048|null|10082
12-09 10:52:19.817 1509 5541 I sysui_multi_action: [757,128,758,1,793,6298378,794,0,795,6298378,796,26,798,0,806,android,857,DEVELOPER_IMPORTANT,858,4,947,0,1395,2,1500,6298166,1688,1]
12-09 10:52:19.817 1509 5541 I sysui_multi_action: [757,804,799,note_freshness,801,6298378,802,1]
12-09 10:52:19.817 1509 5541 I notification_visibility: [-1|android|26|null|1000,1,6298378,6298378,0,0]
12-09 10:52:19.818 1509 5541 I sysui_multi_action: [757,128,758,1,793,19938344,794,0,795,19938344,796,32,798,1,806,android,857,USB,858,1,947,0,1395,2,1500,19938102,1688,1]
12-09 10:52:19.818 1509 5541 I sysui_multi_action: [757,804,799,note_freshness,801,19938344,802,1]
12-09 10:52:19.818 1509 5541 I notification_visibility: [-1|android|32|null|1000,1,19938344,19938344,0,1]
12-09 10:52:20.203 0 0 I auditd : type=1400 audit(0.0:21070): avc: denied { kill } for comm="swapper/0" capability=5 scontext=u:r:kernel:s0 tcontext=u:r:kernel:s0 tclass=capability permissive=0
12-09 10:52:21.203 0 0 I auditd : type=1400 audit(0.0:21071): avc: denied { kill } for comm="swapper/0" capability=5 scontext=u:r:kernel:s0 tcontext=u:r:kernel:s0 tclass=capability permissive=0
12-09 10:52:22.203 352 352 I auditd : type=1400 audit(0.0:21072): avc: denied { kill } for comm="irq/382-atmel_m" capability=5 scontext=u:r:kernel:s0 tcontext=u:r:kernel:s0 tclass=capability permissive=0
12-09 10:52:23.203 0 0 I auditd : type=1400 audit(0.0:21073): avc: denied { kill } for comm="swapper/0" capability=5 scontext=u:r:kernel:s0 tcontext=u:r:kernel:s0 tclass=capability permissive=0
12-09 10:52:24.203 0 0 I auditd : type=1400 audit(0.0:21074): avc: denied { kill } for comm="swapper/0" capability=5 scontext=u:r:kernel:s0 tcontext=u:r:kernel:s0 tclass=capability permissive=0
12-09 10:52:25.203 0 0 I auditd : type=1400 audit(0.0:21075): avc: denied { kill } for comm="swapper/0" capability=5 scontext=u:r:kernel:s0 tcontext=u:r:kernel:s0 tclass=capability permissive=0
12-09 10:52:26.203 0 0 I auditd : type=1400 audit(0.0:21076): avc: denied { kill } for comm="swapper/0" capability=5 scontext=u:r:kernel:s0 tcontext=u:r:kernel:s0 tclass=capability permissive=0
12-09 10:52:26.296 1509 1737 I GameModeConfig: isGameModeOn = false
12-09 10:52:27.203 0 0 I auditd : type=1400 audit(0.0:21077): avc: denied { kill } for comm="swapper/0" capability=5 scontext=u:r:kernel:s0 tcontext=u:r:kernel:s0 tclass=capability permissive=0
12-09 10:52:28.203 352 352 I auditd : type=1400 audit(0.0:21078): avc: denied { kill } for comm="irq/382-atmel_m" capability=5 scontext=u:r:kernel:s0 tcontext=u:r:kernel:s0 tclass=capability permissive=0
12-09 10:52:28.864 1509 1680 I input_interaction: Interaction with: 990558b NotificationShade (server), edge-swipe (server), swipe-up (server), PointerEventDispatcher0 (server),
12-09 10:52:29.203 0 0 I auditd : type=1400 audit(0.0:21079): avc: denied { kill } for comm="swapper/0" capability=5 scontext=u:r:kernel:s0 tcontext=u:r:kernel:s0 tclass=capability permissive=0
12-09 10:52:29.281 1509 1737 I GameModeConfig: isGameModeOn = false
12-09 10:52:29.313 1509 1737 I GameModeConfig: isGameModeOn = false
12-09 10:52:29.355 1509 1737 I GameModeConfig: isGameModeOn = false
12-09 10:52:29.362 1509 1700 I volume_changed: [3,13,24,39,com.android.systemui]
12-09 10:52:29.382 1509 1737 I GameModeConfig: isGameModeOn = false
12-09 10:52:29.479 1509 1737 I GameModeConfig: isGameModeOn = false
12-09 10:52:29.518 1509 1737 I GameModeConfig: isGameModeOn = false
12-09 10:52:29.521 1509 1666 D ActivityManager: freezing 18916 com.android.musicfx
12-09 10:52:29.521 1509 1666 E ActivityManager: Unable to freeze binder for 18916 com.android.musicfx
12-09 10:52:29.522 1509 1666 D ActivityManager: froze 18916 com.android.musicfx
12-09 10:52:29.522 1509 1666 I am_freeze: [18916,com.android.musicfx]
12-09 10:52:29.522 1509 1666 E ActivityManager: Unable to freeze binder for 18916 com.android.musicfx
12-09 10:52:29.524 1509 1666 D ActivityManager: freezing 18806 com.android.music
12-09 10:52:29.524 1509 1666 E ActivityManager: Unable to freeze binder for 18806 com.android.music
12-09 10:52:29.525 1509 1666 D ActivityManager: froze 18806 com.android.music
12-09 10:52:29.525 1509 1666 I am_freeze: [18806,com.android.music]
12-09 10:52:29.525 1509 1666 E ActivityManager: Unable to freeze binder for 18806 com.android.music
12-09 10:52:29.525 1509 1666 I ActivityManager: Killing 18916:com.android.musicfx/u0a28 (adj 955): Unable to freeze binder interface
12-09 10:52:29.525 1509 1666 I am_kill : [0,18916,com.android.musicfx,955,Unable to freeze binder interface]
12-09 10:52:29.527 1509 1666 I ActivityManager: Killing 18806:com.android.music/u0a84 (adj 900): Unable to freeze binder interface
12-09 10:52:29.527 1509 1666 I am_kill : [0,18806,com.android.music,900,Unable to freeze binder interface]
12-09 10:52:29.559 1509 5541 I am_proc_died: [0,18916,com.android.musicfx,955,19]
12-09 10:52:29.560 1509 5541 I am_uid_stopped: 10028
12-09 10:52:29.561 1509 1737 I GameModeConfig: isGameModeOn = false
12-09 10:52:29.574 1509 6785 I am_proc_died: [0,18806,com.android.music,900,18]
12-09 10:52:29.575 1509 6785 I am_uid_stopped: 10084
12-09 10:52:29.577 1509 1597 W ActivityManager: setHasOverlayUi called on unknown pid: 18806
12-09 10:52:29.585 1509 1737 I GameModeConfig: isGameModeOn = false
12-09 10:52:30.085 1509 1665 I commit_sys_config_file: [settings-1-0,6]
12-09 10:52:30.203 352 352 I auditd : type=1400 audit(0.0:21080): avc: denied { kill } for comm="irq/382-atmel_m" capability=5 scontext=u:r:kernel:s0 tcontext=u:r:kernel:s0 tclass=capability permissive=0
12-09 10:52:31.203 0 0 I auditd : type=1400 audit(0.0:21081): avc: denied { kill } for comm="swapper/0" capability=5 scontext=u:r:kernel:s0 tcontext=u:r:kernel:s0 tclass=capability permissive=0
12-09 10:52:31.477 1509 1509 I service_manager_stats: [100,67,15131]
12-09 10:52:31.595 1962 1962 I sysui_multi_action: [757,148,758,4]
12-09 10:52:31.599 1509 1509 I notification_cancel_all: [10082,1962,NULL,0,0,0,3,NULL]
12-09 10:52:31.600 1509 1509 I sysui_multi_action: [757,804,799,note_dismiss_longevity,801,0,802,1]
12-09 10:52:31.601 1509 1509 I sysui_multi_action: [757,128,758,5,759,3,793,19939838,794,0,795,12222,796,2048,806,com.android.systemui,857,updateNotification,858,3,947,0,1500,12222,1688,1]
12-09 10:52:31.601 1509 1509 I notification_canceled: [0|com.android.systemui|2048|null|10082,3,19939838,12222,0,-1,-1,NULL]
12-09 10:52:31.604 1509 1509 D CompatibilityChangeReporter: Compat change id reported: 175319604; UID 1000; state: ENABLED
12-09 10:52:31.604 1509 1509 D CompatibilityChangeReporter: Compat change id reported: 175319604; UID 1000; state: DISABLED
12-09 10:52:32.203 352 352 I auditd : type=1400 audit(0.0:21082): avc: denied { kill } for comm="irq/382-atmel_m" capability=5 scontext=u:r:kernel:s0 tcontext=u:r:kernel:s0 tclass=capability permissive=0
12-09 10:52:32.968 1962 1962 I sysui_multi_action: [757,148,758,4]
12-09 10:52:32.970 1509 1509 I notification_cancel_all: [10082,1962,NULL,0,0,0,3,NULL]
12-09 10:52:33.203 0 0 I auditd : type=1400 audit(0.0:21083): avc: denied { kill } for comm="swapper/0" capability=5 scontext=u:r:kernel:s0 tcontext=u:r:kernel:s0 tclass=capability permissive=0
12-09 10:52:33.954 1962 1962 I sysui_multi_action: [757,148,758,4]
12-09 10:52:33.956 1509 1509 I notification_cancel_all: [10082,1962,NULL,0,0,0,3,NULL]
12-09 10:52:34.203 0 0 I auditd : type=1400 audit(0.0:21084): avc: denied { kill } for comm="swapper/0" capability=5 scontext=u:r:kernel:s0 tcontext=u:r:kernel:s0 tclass=capability permissive=0
12-09 10:52:34.717 1509 1737 I GameModeConfig: isGameModeOn = false
12-09 10:52:34.718 1509 1737 I GameModeConfig: isGameModeOn = false
12-09 10:52:34.718 1509 1737 I GameModeConfig: isGameModeOn = false
12-09 10:52:34.719 1962 1962 I sysui_multi_action: [757,111,758,2]
12-09 10:52:34.719 1962 1962 I sysui_multi_action: [757,111,758,2]
12-09 10:52:34.720 1509 1509 I notification_enqueue: [10082,1962,com.android.systemui,2048,NULL,0,Notification(channel=updateNotification shortcut=null contentView=null vibrate=null sound=null defaults=0x0 flags=0x0 color=0x00000000 vis=PRIVATE),0]
12-09 10:52:34.726 1962 1962 I sysui_multi_action: [757,111,758,1]
12-09 10:52:34.726 1962 1962 I sysui_multi_action: [757,126,758,1,759,126,927,0,928,0,1593,1]
12-09 10:52:34.727 1962 1962 I sysui_multi_action: [757,113,758,1,759,113,927,1,928,1,1593,1]
12-09 10:52:34.727 1962 1962 I sysui_multi_action: [757,0,758,1,759,0,927,2,928,0,1593,1]
12-09 10:52:34.727 1962 1962 I sysui_multi_action: [757,0,758,1,759,0,927,3,928,0,1593,1]
12-09 10:52:34.727 1962 1962 I sysui_multi_action: [757,491,758,1,759,491,927,4,928,0,1311,-1,1593,0]
12-09 10:52:34.727 1962 1962 I sysui_multi_action: [757,0,758,1,759,0,927,5,928,0,1593,0]
12-09 10:52:34.728 1962 1962 I sysui_multi_action: [757,120,758,1,759,120,927,6,928,1,1593,0]
12-09 10:52:34.728 1962 1962 I sysui_multi_action: [757,111,758,1]
12-09 10:52:34.728 1962 1962 I sysui_multi_action: [757,126,758,1,759,126,927,0,928,0,1593,1]
12-09 10:52:34.728 1962 1962 I sysui_multi_action: [757,113,758,1,759,113,927,1,928,1,1593,1]
12-09 10:52:34.728 1962 1962 I sysui_multi_action: [757,0,758,1,759,0,927,2,928,0,1593,1]
12-09 10:52:34.728 1962 1962 I sysui_multi_action: [757,0,758,1,759,0,927,3,928,0,1593,1]
12-09 10:52:34.737 1962 1962 I sysui_multi_action: [757,111,758,2]
12-09 10:52:34.738 1962 1962 I sysui_multi_action: [757,111,758,2]
12-09 10:52:34.741 1962 1962 I sysui_multi_action: [757,111,758,1]
12-09 10:52:34.741 1962 1962 I sysui_multi_action: [757,126,758,1,759,126,927,0,928,0,1593,0]
12-09 10:52:34.741 1509 1737 I GameModeConfig: isGameModeOn = false
12-09 10:52:34.741 1962 1962 I sysui_multi_action: [757,113,758,1,759,113,927,1,928,1,1593,0]
12-09 10:52:34.741 1962 1962 I sysui_multi_action: [757,0,758,1,759,0,927,2,928,0,1593,0]
12-09 10:52:34.741 1962 1962 I sysui_multi_action: [757,0,758,1,759,0,927,3,928,0,1593,0]
12-09 10:52:34.742 1962 1962 I sysui_multi_action: [757,491,758,1,759,491,927,4,928,0,1311,-1,1593,0]
12-09 10:52:34.742 1962 1962 I sysui_multi_action: [757,0,758,1,759,0,927,5,928,0,1593,0]
12-09 10:52:34.742 1962 1962 I sysui_multi_action: [757,120,758,1,759,120,927,6,928,1,1593,0]
12-09 10:52:34.742 1962 1962 I sysui_multi_action: [757,111,758,1]
12-09 10:52:34.742 1962 1962 I sysui_multi_action: [757,126,758,1,759,126,927,0,928,0,1593,0]
12-09 10:52:34.742 1962 1962 I sysui_multi_action: [757,113,758,1,759,113,927,1,928,1,1593,0]
12-09 10:52:34.742 1962 1962 I sysui_multi_action: [757,0,758,1,759,0,927,2,928,0,1593,0]
12-09 10:52:34.742 1962 1962 I sysui_multi_action: [757,0,758,1,759,0,927,3,928,0,1593,0]
12-09 10:52:34.742 1509 1737 I GameModeConfig: isGameModeOn = false
12-09 10:52:34.742 1509 1737 I GameModeConfig: isGameModeOn = false
12-09 10:52:34.744 1509 1509 I notification_enqueue: [10082,1962,com.android.systemui,2048,NULL,0,Notification(channel=updateNotification shortcut=null contentView=null vibrate=null sound=null defaults=0x0 flags=0x0 color=0x00000000 vis=PRIVATE),0]
12-09 10:52:34.748 1509 1737 I GameModeConfig: isGameModeOn = false
12-09 10:52:34.748 1509 1737 I GameModeConfig: isGameModeOn = false
12-09 10:52:34.748 1509 1737 I GameModeConfig: isGameModeOn = false
12-09 10:52:34.749 1962 1962 I sysui_multi_action: [757,111,758,2]
12-09 10:52:34.749 1509 1509 I notification_enqueue: [10082,1962,com.android.systemui,2048,NULL,0,Notification(channel=updateNotification shortcut=null contentView=null vibrate=null sound=null defaults=0x0 flags=0x0 color=0x00000000 vis=PRIVATE),0]
12-09 10:52:34.749 1962 1962 I sysui_multi_action: [757,111,758,2]
12-09 10:52:34.752 1962 1962 I sysui_multi_action: [757,111,758,1]
12-09 10:52:34.753 1962 1962 I sysui_multi_action: [757,126,758,1,759,126,927,0,928,0,1593,1]
12-09 10:52:34.753 1962 1962 I sysui_multi_action: [757,113,758,1,759,113,927,1,928,1,1593,1]
12-09 10:52:34.753 1962 1962 I sysui_multi_action: [757,0,758,1,759,0,927,2,928,0,1593,1]
12-09 10:52:34.753 1962 1962 I sysui_multi_action: [757,0,758,1,759,0,927,3,928,0,1593,1]
12-09 10:52:34.753 1962 1962 I sysui_multi_action: [757,491,758,1,759,491,927,4,928,0,1311,-1,1593,1]
12-09 10:52:34.753 1962 1962 I sysui_multi_action: [757,0,758,1,759,0,927,5,928,0,1593,1]
12-09 10:52:34.753 1962 1962 I sysui_multi_action: [757,120,758,1,759,120,927,6,928,1,1593,1]
12-09 10:52:34.753 1962 1962 I sysui_multi_action: [757,111,758,1]
12-09 10:52:34.754 1962 1962 I sysui_multi_action: [757,126,758,1,759,126,927,0,928,0,1593,1]
12-09 10:52:34.754 1962 1962 I sysui_multi_action: [757,113,758,1,759,113,927,1,928,1,1593,1]
12-09 10:52:34.754 1962 1962 I sysui_multi_action: [757,0,758,1,759,0,927,2,928,0,1593,1]
12-09 10:52:34.754 1962 1962 I sysui_multi_action: [757,0,758,1,759,0,927,3,928,0,1593,1]
12-09 10:52:34.765 1509 1737 I GameModeConfig: isGameModeOn = false
12-09 10:52:34.765 1509 1737 I GameModeConfig: isGameModeOn = false
12-09 10:52:34.765 1509 1737 I GameModeConfig: isGameModeOn = false
12-09 10:52:34.766 1962 1962 I sysui_multi_action: [757,111,758,2]
12-09 10:52:34.766 1962 1962 I sysui_multi_action: [757,111,758,2]
12-09 10:52:34.767 1509 1509 I notification_enqueue: [10082,1962,com.android.systemui,2048,NULL,0,Notification(channel=updateNotification shortcut=null contentView=null vibrate=null sound=null defaults=0x0 flags=0x0 color=0x00000000 vis=PRIVATE),0]
12-09 10:52:34.769 1962 1962 I sysui_multi_action: [757,111,758,1]
12-09 10:52:34.769 1962 1962 I sysui_multi_action: [757,126,758,1,759,126,927,0,928,0,1593,1]
12-09 10:52:34.769 1962 1962 I sysui_multi_action: [757,113,758,1,759,113,927,1,928,1,1593,1]
12-09 10:52:34.769 1962 1962 I sysui_multi_action: [757,0,758,1,759,0,927,2,928,0,1593,1]
12-09 10:52:34.770 1962 1962 I sysui_multi_action: [757,0,758,1,759,0,927,3,928,0,1593,1]
12-09 10:52:34.770 1962 1962 I sysui_multi_action: [757,491,758,1,759,491,927,4,928,0,1311,-1,1593,0]
12-09 10:52:34.770 1962 1962 I sysui_multi_action: [757,0,758,1,759,0,927,5,928,0,1593,0]
12-09 10:52:34.770 1962 1962 I sysui_multi_action: [757,120,758,1,759,120,927,6,928,1,1593,0]
12-09 10:52:34.770 1962 1962 I sysui_multi_action: [757,111,758,1]
12-09 10:52:34.770 1962 1962 I sysui_multi_action: [757,126,758,1,759,126,927,0,928,0,1593,1]
12-09 10:52:34.770 1962 1962 I sysui_multi_action: [757,113,758,1,759,113,927,1,928,1,1593,1]
12-09 10:52:34.770 1962 1962 I sysui_multi_action: [757,0,758,1,759,0,927,2,928,0,1593,1]
12-09 10:52:34.770 1962 1962 I sysui_multi_action: [757,0,758,1,759,0,927,3,928,0,1593,1]
12-09 10:52:34.781 1509 1737 I GameModeConfig: isGameModeOn = false
12-09 10:52:34.781 1509 1737 I GameModeConfig: isGameModeOn = false
12-09 10:52:34.782 1509 1737 I GameModeConfig: isGameModeOn = false
12-09 10:52:34.782 1962 1962 I sysui_multi_action: [757,111,758,2]
12-09 10:52:34.783 1962 1962 I sysui_multi_action: [757,111,758,2]
12-09 10:52:34.783 1509 1509 I notification_enqueue: [10082,1962,com.android.systemui,2048,NULL,0,Notification(channel=updateNotification shortcut=null contentView=null vibrate=null sound=null defaults=0x0 flags=0x0 color=0x00000000 vis=PRIVATE),0]
12-09 10:52:34.785 1962 1962 I sysui_multi_action: [757,111,758,1]
12-09 10:52:34.786 1962 1962 I sysui_multi_action: [757,126,758,1,759,126,927,0,928,0,1593,1]
12-09 10:52:34.786 1962 1962 I sysui_multi_action: [757,113,758,1,759,113,927,1,928,1,1593,1]
12-09 10:52:34.786 1962 1962 I sysui_multi_action: [757,0,758,1,759,0,927,2,928,0,1593,1]
12-09 10:52:34.786 1962 1962 I sysui_multi_action: [757,0,758,1,759,0,927,3,928,0,1593,1]
12-09 10:52:34.786 1962 1962 I sysui_multi_action: [757,491,758,1,759,491,927,4,928,0,1311,-1,1593,0]
12-09 10:52:34.786 1962 1962 I sysui_multi_action: [757,0,758,1,759,0,927,5,928,0,1593,0]
12-09 10:52:34.786 1962 1962 I sysui_multi_action: [757,120,758,1,759,120,927,6,928,1,1593,0]
12-09 10:52:34.786 1962 1962 I sysui_multi_action: [757,111,758,1]
12-09 10:52:34.786 1962 1962 I sysui_multi_action: [757,126,758,1,759,126,927,0,928,0,1593,1]
12-09 10:52:34.786 1962 1962 I sysui_multi_action: [757,113,758,1,759,113,927,1,928,1,1593,1]
12-09 10:52:34.786 1962 1962 I sysui_multi_action: [757,0,758,1,759,0,927,2,928,0,1593,1]
12-09 10:52:34.786 1962 1962 I sysui_multi_action: [757,0,758,1,759,0,927,3,928,0,1593,1]
12-09 10:52:34.798 1509 1737 I GameModeConfig: isGameModeOn = false
12-09 10:52:34.798 1509 1737 I GameModeConfig: isGameModeOn = false
12-09 10:52:34.798 1509 1737 I GameModeConfig: isGameModeOn = false
12-09 10:52:34.799 1962 1962 I sysui_multi_action: [757,111,758,2]
12-09 10:52:34.799 1962 1962 I sysui_multi_action: [757,111,758,2]
12-09 10:52:34.799 1509 1509 I notification_enqueue: [10082,1962,com.android.systemui,2048,NULL,0,Notification(channel=updateNotification shortcut=null contentView=null vibrate=null sound=null defaults=0x0 flags=0x0 color=0x00000000 vis=PRIVATE),0]
12-09 10:52:34.802 1962 1962 I sysui_multi_action: [757,111,758,1]
12-09 10:52:34.802 1962 1962 I sysui_multi_action: [757,126,758,1,759,126,927,0,928,0,1593,1]
12-09 10:52:34.802 1962 1962 I sysui_multi_action: [757,113,758,1,759,113,927,1,928,1,1593,1]
12-09 10:52:34.802 1962 1962 I sysui_multi_action: [757,0,758,1,759,0,927,2,928,0,1593,1]
12-09 10:52:34.802 1962 1962 I sysui_multi_action: [757,0,758,1,759,0,927,3,928,0,1593,1]
12-09 10:52:34.802 1962 1962 I sysui_multi_action: [757,491,758,1,759,491,927,4,928,0,1311,-1,1593,0]
12-09 10:52:34.802 1962 1962 I sysui_multi_action: [757,0,758,1,759,0,927,5,928,0,1593,0]
12-09 10:52:34.803 1962 1962 I sysui_multi_action: [757,120,758,1,759,120,927,6,928,1,1593,0]
12-09 10:52:34.803 1962 1962 I sysui_multi_action: [757,111,758,1]
12-09 10:52:34.803 1962 1962 I sysui_multi_action: [757,126,758,1,759,126,927,0,928,0,1593,1]
12-09 10:52:34.803 1962 1962 I sysui_multi_action: [757,113,758,1,759,113,927,1,928,1,1593,1]
12-09 10:52:34.803 1962 1962 I sysui_multi_action: [757,0,758,1,759,0,927,2,928,0,1593,1]
12-09 10:52:34.803 1962 1962 I sysui_multi_action: [757,0,758,1,759,0,927,3,928,0,1593,1]
12-09 10:52:34.815 1509 1737 I GameModeConfig: isGameModeOn = false
12-09 10:52:34.817 1509 1737 I GameModeConfig: isGameModeOn = false
12-09 10:52:34.817 1509 1737 I GameModeConfig: isGameModeOn = false
12-09 10:52:34.817 1962 1962 I sysui_multi_action: [757,111,758,2]
12-09 10:52:34.817 1962 1962 I sysui_multi_action: [757,111,758,2]
12-09 10:52:34.817 1509 1509 I notification_enqueue: [10082,1962,com.android.systemui,2048,NULL,0,Notification(channel=updateNotification shortcut=null contentView=null vibrate=null sound=null defaults=0x0 flags=0x0 color=0x00000000 vis=PRIVATE),0]
12-09 10:52:34.820 1962 1962 I sysui_multi_action: [757,111,758,1]
12-09 10:52:34.820 1962 1962 I sysui_multi_action: [757,126,758,1,759,126,927,0,928,0,1593,1]
12-09 10:52:34.820 1962 1962 I sysui_multi_action: [757,113,758,1,759,113,927,1,928,1,1593,1]
12-09 10:52:34.820 1962 1962 I sysui_multi_action: [757,0,758,1,759,0,927,2,928,0,1593,1]
12-09 10:52:34.820 1962 1962 I sysui_multi_action: [757,0,758,1,759,0,927,3,928,0,1593,1]
12-09 10:52:34.820 1962 1962 I sysui_multi_action: [757,491,758,1,759,491,927,4,928,0,1311,-1,1593,0]
12-09 10:52:34.820 1962 1962 I sysui_multi_action: [757,0,758,1,759,0,927,5,928,0,1593,0]
12-09 10:52:34.820 1962 1962 I sysui_multi_action: [757,120,758,1,759,120,927,6,928,1,1593,0]
12-09 10:52:34.820 1962 1962 I sysui_multi_action: [757,111,758,1]
12-09 10:52:34.821 1962 1962 I sysui_multi_action: [757,126,758,1,759,126,927,0,928,0,1593,1]
12-09 10:52:34.821 1962 1962 I sysui_multi_action: [757,113,758,1,759,113,927,1,928,1,1593,1]
12-09 10:52:34.821 1962 1962 I sysui_multi_action: [757,0,758,1,759,0,927,2,928,0,1593,1]
12-09 10:52:34.821 1962 1962 I sysui_multi_action: [757,0,758,1,759,0,927,3,928,0,1593,1]
12-09 10:52:34.831 1509 1737 I GameModeConfig: isGameModeOn = false
12-09 10:52:34.832 1509 1737 I GameModeConfig: isGameModeOn = false
12-09 10:52:34.832 1509 1737 I GameModeConfig: isGameModeOn = false
12-09 10:52:34.833 1962 1962 I sysui_multi_action: [757,111,758,2]
12-09 10:52:34.833 1509 1509 I notification_enqueue: [10082,1962,com.android.systemui,2048,NULL,0,Notification(channel=updateNotification shortcut=null contentView=null vibrate=null sound=null defaults=0x0 flags=0x0 color=0x00000000 vis=PRIVATE),0]
12-09 10:52:34.833 1962 1962 I sysui_multi_action: [757,111,758,2]
12-09 10:52:34.835 1962 1962 I sysui_multi_action: [757,111,758,1]
12-09 10:52:34.835 1962 1962 I sysui_multi_action: [757,126,758,1,759,126,927,0,928,0,1593,1]
12-09 10:52:34.836 1962 1962 I sysui_multi_action: [757,113,758,1,759,113,927,1,928,1,1593,1]
12-09 10:52:34.836 1962 1962 I sysui_multi_action: [757,0,758,1,759,0,927,2,928,0,1593,1]
12-09 10:52:34.836 1962 1962 I sysui_multi_action: [757,0,758,1,759,0,927,3,928,0,1593,1]
12-09 10:52:34.836 1962 1962 I sysui_multi_action: [757,491,758,1,759,491,927,4,928,0,1311,-1,1593,0]
12-09 10:52:34.836 1962 1962 I sysui_multi_action: [757,0,758,1,759,0,927,5,928,0,1593,0]
12-09 10:52:34.836 1962 1962 I sysui_multi_action: [757,120,758,1,759,120,927,6,928,1,1593,0]
12-09 10:52:34.836 1962 1962 I sysui_multi_action: [757,111,758,1]
12-09 10:52:34.836 1962 1962 I sysui_multi_action: [757,126,758,1,759,126,927,0,928,0,1593,1]
12-09 10:52:34.836 1962 1962 I sysui_multi_action: [757,113,758,1,759,113,927,1,928,1,1593,1]
12-09 10:52:34.836 1962 1962 I sysui_multi_action: [757,0,758,1,759,0,927,2,928,0,1593,1]
12-09 10:52:34.837 1962 1962 I sysui_multi_action: [757,0,758,1,759,0,927,3,928,0,1593,1]
12-09 10:52:34.848 1509 1737 I GameModeConfig: isGameModeOn = false
