12-09 10:55:45.207 1962 1962 I sysui_multi_action: [757,111,758,2]
12-09 10:55:45.203 0 0 I auditd : type=1400 audit(0.0:21355): avc: denied { kill } for comm="swapper/2" capability=5 scontext=u:r:kernel:s0 tcontext=u:r:kernel:s0 tclass=capability permissive=0
12-09 10:55:45.207 1509 1509 I notification_enqueue: [10082,1962,com.android.systemui,2048,NULL,0,Notification(channel=updateNotification shortcut=null contentView=null vibrate=null sound=null defaults=0x0 flags=0x0 color=0x00000000 vis=PRIVATE),1]
12-09 10:55:45.207 1962 1962 I sysui_multi_action: [757,111,758,2]
12-09 10:55:45.215 1509 1598 I input_focus: [Focus request 4474eed com.android.settings/com.android.settings.homepage.SettingsHomepageActivity,reason=UpdateInputWindows]
12-09 10:55:45.216 1962 1962 I sysui_multi_action: [757,111,758,1]
12-09 10:55:45.216 1962 1962 I sysui_multi_action: [757,126,758,1,759,126,927,0,928,0,1593,1]
12-09 10:55:45.216 1962 1962 I sysui_multi_action: [757,113,758,1,759,113,927,1,928,1,1593,1]
12-09 10:55:45.216 1962 1962 I sysui_multi_action: [757,0,758,1,759,0,927,2,928,0,1593,1]
12-09 10:55:45.216 1962 1962 I sysui_multi_action: [757,0,758,1,759,0,927,3,928,0,1593,1]
12-09 10:55:45.216 1962 1962 I sysui_multi_action: [757,491,758,1,759,491,927,4,928,0,1311,-1,1593,0]
12-09 10:55:45.217 1962 1962 I sysui_multi_action: [757,0,758,1,759,0,927,5,928,0,1593,0]
12-09 10:55:45.217 1962 1962 I sysui_multi_action: [757,120,758,1,759,120,927,6,928,1,1593,0]
12-09 10:55:45.217 1962 1962 I sysui_multi_action: [757,111,758,1]
12-09 10:55:45.217 1962 1962 I sysui_multi_action: [757,126,758,1,759,126,927,0,928,0,1593,1]
12-09 10:55:45.217 1962 1962 I sysui_multi_action: [757,113,758,1,759,113,927,1,928,1,1593,1]
12-09 10:55:45.217 1962 1962 I sysui_multi_action: [757,0,758,1,759,0,927,2,928,0,1593,1]
12-09 10:55:45.217 1962 1962 I sysui_multi_action: [757,0,758,1,759,0,927,3,928,0,1593,1]
12-09 10:55:45.221 1509 1737 I GameModeConfig: isGameModeOn = false
12-09 10:55:45.222 1509 1737 I GameModeConfig: isGameModeOn = false
12-09 10:55:45.222 1509 1737 I GameModeConfig: isGameModeOn = false
12-09 10:55:45.222 1509 1737 I GameModeConfig: isGameModeOn = false
12-09 10:55:45.223 1962 1962 I sysui_multi_action: [757,111,758,2]
12-09 10:55:45.223 1962 1962 I sysui_multi_action: [757,111,758,2]
12-09 10:55:45.223 1509 1509 I notification_enqueue: [10082,1962,com.android.systemui,2048,NULL,0,Notification(channel=updateNotification shortcut=null contentView=null vibrate=null sound=null defaults=0x0 flags=0x0 color=0x00000000 vis=PRIVATE),1]
12-09 10:55:45.224 1509 6785 I sysui_multi_action: [757,128,758,2,793,6503785,794,9203,795,6503785,796,26,798,0,806,android,857,DEVELOPER_IMPORTANT,858,4,947,0,1395,2,1500,6503573,1688,1]
12-09 10:55:45.224 1509 6785 I notification_visibility: [-1|android|26|null|1000,0,6503785,6503785,0,0]
12-09 10:55:45.225 1509 6785 I sysui_multi_action: [757,128,758,2,793,20143751,794,9204,795,20143751,796,32,798,1,806,android,857,USB,858,1,947,0,1395,2,1500,20143509,1688,1]
12-09 10:55:45.225 1509 6785 I notification_visibility: [-1|android|32|null|1000,0,20143751,20143751,0,1]
12-09 10:55:45.225 1509 7156 I sysui_multi_action: [757,127,758,2]
12-09 10:55:45.225 1509 7156 I notification_panel_hidden:
12-09 10:55:45.235 1962 1962 I sysui_multi_action: [757,111,758,1]
12-09 10:55:45.235 1962 1962 I sysui_multi_action: [757,126,758,1,759,126,927,0,928,0,1593,1]
12-09 10:55:45.235 1962 1962 I sysui_multi_action: [757,113,758,1,759,113,927,1,928,1,1593,1]
12-09 10:55:45.235 1962 1962 I sysui_multi_action: [757,0,758,1,759,0,927,2,928,0,1593,1]
12-09 10:55:45.235 1962 1962 I sysui_multi_action: [757,0,758,1,759,0,927,3,928,0,1593,1]
12-09 10:55:45.235 1962 1962 I sysui_multi_action: [757,491,758,1,759,491,927,4,928,0,1311,-1,1593,0]
12-09 10:55:45.235 1962 1962 I sysui_multi_action: [757,0,758,1,759,0,927,5,928,0,1593,0]
12-09 10:55:45.236 1962 1962 I sysui_multi_action: [757,120,758,1,759,120,927,6,928,1,1593,0]
12-09 10:55:45.236 1962 1962 I sysui_multi_action: [757,111,758,1]
12-09 10:55:45.236 1962 1962 I sysui_multi_action: [757,126,758,1,759,126,927,0,928,0,1593,1]
12-09 10:55:45.236 1962 1962 I sysui_multi_action: [757,113,758,1,759,113,927,1,928,1,1593,1]
12-09 10:55:45.236 1962 1962 I sysui_multi_action: [757,0,758,1,759,0,927,2,928,0,1593,1]
12-09 10:55:45.236 1962 1962 I sysui_multi_action: [757,0,758,1,759,0,927,3,928,0,1593,1]
12-09 10:55:45.245 1509 1680 I input_focus: [Focus leaving 990558b NotificationShade (server),reason=NO_WINDOW]
12-09 10:55:45.245 1509 1680 I input_focus: [Focus entering 4474eed com.android.settings/com.android.settings.homepage.SettingsHomepageActivity (server),reason=setFocusedWindow]
12-09 10:55:45.371 1509 1509 I GameModeConfig: isGameModeOn = false
12-09 10:55:45.398 1509 1509 I GameModeConfig: isGameModeOn = false
12-09 10:55:45.398 1509 1509 E NotificationService: Muting recently noisy 0|com.android.systemui|2048|null|10082
12-09 10:55:45.409 1509 1509 I GameModeConfig: isGameModeOn = false
12-09 10:55:45.409 1509 1509 E NotificationService: Muting recently noisy 0|com.android.systemui|2048|null|10082
12-09 10:55:45.425 1509 1509 I GameModeConfig: isGameModeOn = false
12-09 10:55:45.426 1509 1509 E NotificationService: Muting recently noisy 0|com.android.systemui|2048|null|10082
12-09 10:55:45.688 1509 1737 I GameModeConfig: isGameModeOn = false
12-09 10:55:45.720 1509 1737 I GameModeConfig: isGameModeOn = false
12-09 10:55:45.740 1509 1737 I GameModeConfig: isGameModeOn = false
12-09 10:55:46.203 0 0 I auditd : type=1400 audit(0.0:21356): avc: denied { kill } for comm="swapper/2" capability=5 scontext=u:r:kernel:s0 tcontext=u:r:kernel:s0 tclass=capability permissive=0
12-09 10:55:46.219 1509 1680 I input_interaction: Interaction with: 4474eed com.android.settings/com.android.settings.homepage.SettingsHomepageActivity (server), edge-swipe (server), swipe-up (server), PointerEventDispatcher0 (server),
12-09 10:55:47.203 0 0 I auditd : type=1400 audit(0.0:21357): avc: denied { kill } for comm="swapper/2" capability=5 scontext=u:r:kernel:s0 tcontext=u:r:kernel:s0 tclass=capability permissive=0
12-09 10:55:47.780 19875 19875 I sysui_multi_action: [757,830,758,4,833,0,854,top_level_apps,1089,0]
12-09 10:55:47.883 19875 19875 I sysui_multi_action: [757,750,758,2,1089,16406]
12-09 10:55:47.937 19875 19875 I sysui_multi_action: [757,65,758,1,833,0,1089,48]
12-09 10:55:47.940 19875 19875 I sysui_multi_action: [757,1729,758,4,854,isParalleledControllers:false,1089,52]
12-09 10:55:49.203 0 0 I auditd : type=1400 audit(0.0:21358): avc: denied { kill } for comm="swapper/2" capability=5 scontext=u:r:kernel:s0 tcontext=u:r:kernel:s0 tclass=capability permissive=0
12-09 10:55:49.257 19875 19875 I sysui_multi_action: [757,830,758,4,833,0,854,special_access,1089,0]
12-09 10:55:49.267 19875 19875 I sysui_multi_action: [757,65,758,2,1089,1331]
12-09 10:55:49.285 19875 19875 I sysui_multi_action: [757,351,758,1,833,0,1089,14]
12-09 10:55:49.286 19875 19875 I sysui_multi_action: [757,1729,758,4,854,isParalleledControllers:false,1089,15]
12-09 10:55:50.203 0 0 I auditd : type=1400 audit(0.0:21359): avc: denied { kill } for comm="swapper/2" capability=5 scontext=u:r:kernel:s0 tcontext=u:r:kernel:s0 tclass=capability permissive=0
12-09 10:55:51.203 0 0 I auditd : type=1400 audit(0.0:21360): avc: denied { kill } for comm="swapper/2" capability=5 scontext=u:r:kernel:s0 tcontext=u:r:kernel:s0 tclass=capability permissive=0
12-09 10:55:51.895 19875 19875 I sysui_multi_action: [757,830,758,4,833,0,854,manage_external_storage,1089,0]
12-09 10:55:51.906 19875 19875 I sysui_multi_action: [757,351,758,2,1089,2621]
12-09 10:55:51.951 19875 19875 I sysui_multi_action: [757,65,758,1,833,0,1089,43]
12-09 10:55:52.203 0 0 I auditd : type=1400 audit(0.0:21361): avc: denied { kill } for comm="swapper/2" capability=5 scontext=u:r:kernel:s0 tcontext=u:r:kernel:s0 tclass=capability permissive=0
12-09 10:55:53.080 19875 19875 I menu_item_selected: [0,搜索]
12-09 10:55:53.084 19875 19875 E AndroidRuntime: FATAL EXCEPTION: main
12-09 10:55:53.084 19875 19875 E AndroidRuntime: Process: com.android.settings, PID: 19875
12-09 10:55:53.084 19875 19875 E AndroidRuntime: java.lang.NullPointerException: Attempt to invoke virtual method 'void com.google.android.material.appbar.AppBarLayout.setExpanded(boolean, boolean)' on a null object reference
12-09 10:55:53.084 19875 19875 E AndroidRuntime: at com.android.settings.applications.manageapplications.ManageApplications.onMenuItemActionExpand(ManageApplications.java:685)
12-09 10:55:53.084 19875 19875 E AndroidRuntime: at com.android.internal.view.menu.MenuItemImpl.expandActionView(MenuItemImpl.java:777)
12-09 10:55:53.084 19875 19875 E AndroidRuntime: at com.android.internal.view.menu.MenuBuilder.performItemAction(MenuBuilder.java:940)
12-09 10:55:53.084 19875 19875 E AndroidRuntime: at com.android.internal.view.menu.MenuBuilder.performItemAction(MenuBuilder.java:925)
12-09 10:55:53.084 19875 19875 E AndroidRuntime: at android.widget.ActionMenuView.invokeItem(ActionMenuView.java:620)
12-09 10:55:53.084 19875 19875 E AndroidRuntime: at com.android.internal.view.menu.ActionMenuItemView.onClick(ActionMenuItemView.java:149)
12-09 10:55:53.084 19875 19875 E AndroidRuntime: at android.view.View.performClick(View.java:7441)
12-09 10:55:53.084 19875 19875 E AndroidRuntime: at android.view.View.performClickInternal(View.java:7418)
12-09 10:55:53.084 19875 19875 E AndroidRuntime: at android.view.View.access$3700(View.java:835)
12-09 10:55:53.084 19875 19875 E AndroidRuntime: at android.view.View$PerformClick.run(View.java:28681)
12-09 10:55:53.084 19875 19875 E AndroidRuntime: at android.os.Handler.handleCallback(Handler.java:938)
12-09 10:55:53.084 19875 19875 E AndroidRuntime: at android.os.Handler.dispatchMessage(Handler.java:99)
12-09 10:55:53.084 19875 19875 E AndroidRuntime: at android.os.Looper.loopOnce(Looper.java:201)
12-09 10:55:53.084 19875 19875 E AndroidRuntime: at android.os.Looper.loop(Looper.java:288)
12-09 10:55:53.084 19875 19875 E AndroidRuntime: at android.app.ActivityThread.main(ActivityThread.java:7880)
12-09 10:55:53.084 19875 19875 E AndroidRuntime: at java.lang.reflect.Method.invoke(Native Method)
12-09 10:55:53.084 19875 19875 E AndroidRuntime: at com.android.internal.os.RuntimeInit$MethodAndArgsCaller.run(RuntimeInit.java:548)
12-09 10:55:53.084 19875 19875 E AndroidRuntime: at com.android.internal.os.ZygoteInit.main(ZygoteInit.java:1009)
12-09 10:55:53.086 1509 7156 I am_crash: [19875,0,com.android.settings,952745541,java.lang.NullPointerException,Attempt to invoke virtual method 'void com.google.android.material.appbar.AppBarLayout.setExpanded(boolean, boolean)' on a null object reference,ManageApplications.java,685]
12-09 10:55:53.090 1509 20282 I DropBoxManagerService: add tag=system_app_crash isTagEnabled=true flags=0x2
12-09 10:55:53.094 1509 7156 W ActivityTaskManager: Force finishing activity com.android.settings/.homepage.SettingsHomepageActivity
12-09 10:55:53.095 1509 7156 I wm_finish_activity: [0,44385528,161,com.android.settings/.homepage.SettingsHomepageActivity,force-crash]
12-09 10:55:53.095 1509 7156 I wm_task_moved: [39,1,6]
12-09 10:55:53.096 1509 7156 I wm_task_moved: [40,1,2147483647]
12-09 10:55:53.096 1509 7156 I wm_task_to_front: [0,40]
12-09 10:55:53.096 1509 7156 I wm_focused_root_task: [0,0,39,161,finish-top adjustFocusToNextFocusableTask]
12-09 10:55:53.097 1509 7156 I wm_set_resumed_activity: [0,com.android.launcher3/.uioverrides.QuickstepLauncher,finish-top adjustFocusToNextFocusableTask]
12-09 10:55:53.111 1509 7156 I wm_pause_activity: [0,44385528,com.android.settings/.homepage.SettingsHomepageActivity,userLeaving=false,finish]
12-09 10:55:53.120 1509 7156 I sysui_multi_action: [757,316,758,4,759,-1]
12-09 10:55:53.151 1509 1680 I input_focus: [Focus leaving 4474eed com.android.settings/com.android.settings.homepage.SettingsHomepageActivity (server),reason=NO_WINDOW]
12-09 10:55:53.204 1509 15980 I ActivityManager: Process com.android.settings (pid 19875) has died: fg TOP
12-09 10:55:53.204 1509 15980 I am_proc_died: [0,19875,com.android.settings,0,2]
12-09 10:55:53.203 18350 18350 I auditd : type=1400 audit(0.0:21362): avc: denied { kill } for comm="kworker/u16:10" capability=5 scontext=u:r:kernel:s0 tcontext=u:r:kernel:s0 tclass=capability permissive=0
12-09 10:55:53.208 1509 15980 I ActivityTaskManager: FOREGROUND_APPLICATION_CHANGED to com.android.launcher3.uioverrides.QuickstepLauncher
12-09 10:55:53.209 1509 15980 I wm_set_resumed_activity: [0,com.android.launcher3/.uioverrides.QuickstepLauncher,resumeTopActivityInnerLocked]
12-09 10:55:53.210 1509 15980 I wm_resume_activity: [0,12743551,40,com.android.launcher3/.uioverrides.QuickstepLauncher]
12-09 10:55:53.213 1509 16669 I WindowManager: WIN DEATH: Window{4474eed u0 com.android.settings/com.android.settings.homepage.SettingsHomepageActivity}
12-09 10:55:53.219 1509 1597 W ActivityManager: setHasOverlayUi called on unknown pid: 19875
12-09 10:55:53.232 2529 2529 I wm_on_restart_called: [12743551,com.android.launcher3.uioverrides.QuickstepLauncher,performRestartActivity]
12-09 10:55:53.233 2529 2529 I wm_on_start_called: [12743551,com.android.launcher3.uioverrides.QuickstepLauncher,handleStartActivity]
12-09 10:55:53.233 2529 2529 I wm_on_resume_called: [12743551,com.android.launcher3.uioverrides.QuickstepLauncher,RESUME_ACTIVITY]
12-09 10:55:53.236 12356 12373 W ContextImpl: Calling a method in the system process without a qualified user: android.app.ContextImpl.startService:1816 android.content.ContextWrapper.startService:774 com.thundercomm.gamemode.ingame.services.GameModeActionUtils.startGameModeService:99 com.thundercomm.gamemode.ingame.services.GameModeActionUtils.startGameModeEntry:22 com.thundercomm.gamemode.ingame.services.ActivityMonitoringService$1.onActivityLaunch:127
12-09 10:55:53.238 1509 1604 I am_pss : [20185,10084,com.android.music,7223296,4902912,0,91058176,0,19,6]
12-09 10:55:53.243 1509 1509 I GameModeConfig: Current uri is uri = content://com.thundercomm.gamemode.api/gamemode_settings/gamemode_isgaming
12-09 10:55:53.247 1509 1509 I GameModeConfig: isGameModeOn = false
12-09 10:55:53.247 1509 1509 I GameModeConfig: isGameModeOn = false
12-09 10:55:53.247 1509 1509 I GameModeConfig: isDisableVoice = true
12-09 10:55:53.248 1509 1598 I input_focus: [Focus request e069207 com.android.launcher3/com.android.launcher3.uioverrides.QuickstepLauncher,reason=UpdateInputWindows]
12-09 10:55:53.276 1509 1598 I wm_task_removed: [161,removeChild:removeChild last r=ActivityRecord{2a544f8 u0 com.android.settings/.homepage.SettingsHomepageActivity t-1 f}} in t=Task{9c23d3 #161 type=standard A=1000:com.android.settings.root U=0 visible=false mode=fullscreen translucent=true sz=0}]
12-09 10:55:53.277 1509 1598 I wm_task_removed: [161,removeChild]
12-09 10:55:53.279 1509 1598 W ActivityTaskManager: Can't find TaskDisplayArea to determine support for multi window. Task id=161 attached=false
12-09 10:55:53.279 1509 1598 W ActivityTaskManager: Can't find TaskDisplayArea to determine support for multi window. Task id=161 attached=false
12-09 10:55:53.279 1509 1680 I input_focus: [Focus entering e069207 com.android.launcher3/com.android.launcher3.uioverrides.QuickstepLauncher (server),reason=setFocusedWindow]
12-09 10:55:53.597 1509 1597 W ActivityTaskManager: Activity top resumed state loss timeout for ActivityRecord{2a544f8 u0 com.android.settings/.homepage.SettingsHomepageActivity t-1 f}}
12-09 10:55:53.598 2529 2529 I wm_on_top_resumed_gained_called: [12743551,com.android.launcher3.uioverrides.QuickstepLauncher,topStateChangedWhenResumed]
12-09 10:55:54.203 0 0 I auditd : type=1400 audit(0.0:21363): avc: denied { kill } for comm="swapper/1" capability=5 scontext=u:r:kernel:s0 tcontext=u:r:kernel:s0 tclass=capability permissive=0
12-09 10:55:55.206 1509 1737 I GameModeConfig: isGameModeOn = false
12-09 10:55:55.207 1509 1737 I GameModeConfig: isGameModeOn = false
12-09 10:55:55.207 1509 1737 I GameModeConfig: isGameModeOn = false
12-09 10:55:55.203 0 0 I auditd : type=1400 audit(0.0:21364): avc: denied { kill } for comm="swapper/1" capability=5 scontext=u:r:kernel:s0 tcontext=u:r:kernel:s0 tclass=capability permissive=0
12-09 10:55:55.222 1509 1737 I GameModeConfig: isGameModeOn = false
12-09 10:55:55.255 1509 1680 I input_interaction: Interaction with: e069207 com.android.launcher3/com.android.launcher3.uioverrides.QuickstepLauncher (server), 3f8408a com.android.systemui.ImageWallpaper (server), edge-swipe (server), swipe-up (server), PointerEventDispatcher0 (server),
12-09 10:55:55.355 1509 15980 I ActivityTaskManager: START u0 {act=android.intent.action.MAIN cat=[android.intent.category.LAUNCHER] flg=0x10200000 cmp=com.android.settings/.Settings bnds=[2308,740][2494,940]} from uid 10076
12-09 10:55:55.360 1509 15980 I wm_task_created: [167,-1]
12-09 10:55:55.360 1509 15980 W ActivityTaskManager: Can't find TaskDisplayArea to determine support for multi window. Task id=167 attached=false
12-09 10:55:55.363 1509 15980 I wm_task_moved: [167,1,6]
12-09 10:55:55.363 1509 15980 I wm_task_to_front: [0,167]
12-09 10:55:55.364 1509 15980 I wm_create_task: [0,167]
12-09 10:55:55.364 1509 15980 I wm_create_activity: [0,53541231,167,com.android.settings/.Settings,android.intent.action.MAIN,NULL,NULL,270532608]
12-09 10:55:55.364 1509 15980 I wm_task_moved: [167,1,6]
12-09 10:55:55.366 1509 15980 I wm_pause_activity: [0,12743551,com.android.launcher3/.uioverrides.QuickstepLauncher,userLeaving=true,pauseBackTasks]
12-09 10:55:55.374 1509 1737 I GameModeConfig: isGameModeOn = false
12-09 10:55:55.381 2529 2529 I wm_on_top_resumed_lost_called: [12743551,com.android.launcher3.uioverrides.QuickstepLauncher,topStateChangedWhenResumed]
12-09 10:55:55.384 2529 2529 I wm_on_paused_called: [12743551,com.android.launcher3.uioverrides.QuickstepLauncher,performPause]
12-09 10:55:55.385 1509 1597 D CompatibilityChangeReporter: Compat change id reported: 135634846; UID 1000; state: DISABLED
12-09 10:55:55.385 1509 1597 D CompatibilityChangeReporter: Compat change id reported: 177438394; UID 1000; state: DISABLED
12-09 10:55:55.385 1509 1597 D CompatibilityChangeReporter: Compat change id reported: 135772972; UID 1000; state: DISABLED
12-09 10:55:55.385 1509 1597 D CompatibilityChangeReporter: Compat change id reported: 135754954; UID 1000; state: ENABLED
12-09 10:55:55.386 1509 15980 I ActivityTaskManager: FOREGROUND_APPLICATION_CHANGED to com.android.settings.homepage.SettingsHomepageActivity
12-09 10:55:55.388 1509 15980 I wm_add_to_stopping: [0,12743551,com.android.launcher3/.uioverrides.QuickstepLauncher,makeInvisible]
12-09 10:55:55.396 1509 1597 I sysui_multi_action: [757,803,799,window_time_0,802,41]
12-09 10:55:55.398 1509 1737 I GameModeConfig: isGameModeOn = false
12-09 10:55:55.402 1509 1680 I input_focus: [Focus leaving e069207 com.android.launcher3/com.android.launcher3.uioverrides.QuickstepLauncher (server),reason=NO_WINDOW]
12-09 10:55:55.409 1509 1737 I GameModeConfig: isGameModeOn = false
12-09 10:55:55.410 1509 1606 I am_proc_start: [0,20291,1000,com.android.settings,pre-top-activity,{com.android.settings/com.android.settings.Settings}]
12-09 10:55:55.410 1509 1606 I ActivityManager: Start proc 20291:com.android.settings/1000 for pre-top-activity {com.android.settings/com.android.settings.Settings}
12-09 10:55:55.412 1509 20292 W ContextImpl: Calling a method in the system process without a qualified user: android.app.ContextImpl.sendBroadcast:1173 com.qualcomm.qti.Performance$SendGameLaunchBroadcast.run:217 java.lang.Thread.run:920
12-09 10:55:55.428 1509 1737 I GameModeConfig: isGameModeOn = false
12-09 10:55:55.430 1509 1538 I am_proc_bound: [0,20291,com.android.settings]
12-09 10:55:55.434 1509 1538 I wm_restart_activity: [0,53541231,167,com.android.settings/.Settings]
12-09 10:55:55.435 1509 1538 I wm_set_resumed_activity: [0,com.android.settings/.Settings,minimalResumeActivityLocked]
12-09 10:55:55.444 12356 12373 W ContextImpl: Calling a method in the system process without a qualified user: android.app.ContextImpl.startService:1816 android.content.ContextWrapper.startService:774 com.thundercomm.gamemode.ingame.services.GameModeActionUtils.startGameModeService:99 com.thundercomm.gamemode.ingame.services.GameModeActionUtils.startGameModeEntry:22 com.thundercomm.gamemode.ingame.services.ActivityMonitoringService$1.onActivityLaunch:127
12-09 10:55:55.452 1509 1509 I GameModeConfig: Current uri is uri = content://com.thundercomm.gamemode.api/gamemode_settings/gamemode_isgaming
12-09 10:55:55.455 1509 1509 I GameModeConfig: isGameModeOn = false
12-09 10:55:55.455 1509 1509 I GameModeConfig: isGameModeOn = false
12-09 10:55:55.456 1509 1509 I GameModeConfig: isDisableVoice = true
12-09 10:55:55.495 12356 12373 W ContextImpl: Calling a method in the system process without a qualified user: android.app.ContextImpl.startService:1816 android.content.ContextWrapper.startService:774 com.thundercomm.gamemode.ingame.services.GameModeActionUtils.startGameModeService:99 com.thundercomm.gamemode.ingame.services.GameModeActionUtils.startGameModeEntry:22 com.thundercomm.gamemode.ingame.services.ActivityMonitoringService$1.onActivityLaunch:127
12-09 10:55:55.501 1509 1509 I GameModeConfig: Current uri is uri = content://com.thundercomm.gamemode.api/gamemode_settings/gamemode_isgaming
12-09 10:55:55.504 1509 1509 I GameModeConfig: isGameModeOn = false
12-09 10:55:55.504 1509 1509 I GameModeConfig: isGameModeOn = false
12-09 10:55:55.504 1509 1509 I GameModeConfig: isDisableVoice = true
12-09 10:55:55.586 20291 20291 I wm_on_create_called: [53541231,com.android.settings.Settings,performCreate]
12-09 10:55:55.591 1509 16669 E UserRestrictionsUtils: Unknown restriction queried by uid 1000 (com.thundercomm.microsettings et al): null
12-09 10:55:55.592 1509 16669 E UserRestrictionsUtils: Unknown restriction queried by uid 1000 (com.thundercomm.microsettings et al): null
12-09 10:55:55.592 1509 16669 E UserRestrictionsUtils: Unknown restriction queried by uid 1000 (com.thundercomm.microsettings et al): null
12-09 10:55:55.592 1509 16669 E UserRestrictionsUtils: Unknown restriction queried by uid 1000 (com.thundercomm.microsettings et al): null
12-09 10:55:55.592 1509 16669 E UserRestrictionsUtils: Unknown restriction queried by uid 1000 (com.thundercomm.microsettings et al): null
12-09 10:55:55.592 1509 16669 E UserRestrictionsUtils: Unknown restriction queried by uid 1000 (com.thundercomm.microsettings et al): null
12-09 10:55:55.592 1509 16669 E UserRestrictionsUtils: Unknown restriction queried by uid 1000 (com.thundercomm.microsettings et al): null
12-09 10:55:55.592 1509 16669 E UserRestrictionsUtils: Unknown restriction queried by uid 1000 (com.thundercomm.microsettings et al): null
12-09 10:55:55.592 1509 16669 E UserRestrictionsUtils: Unknown restriction queried by uid 1000 (com.thundercomm.microsettings et al): null
12-09 10:55:55.593 1509 16669 E UserRestrictionsUtils: Unknown restriction queried by uid 1000 (com.thundercomm.microsettings et al): null
12-09 10:55:55.593 1509 16669 E UserRestrictionsUtils: Unknown restriction queried by uid 1000 (com.thundercomm.microsettings et al): null
12-09 10:55:55.593 1509 16669 E UserRestrictionsUtils: Unknown restriction queried by uid 1000 (com.thundercomm.microsettings et al): null
12-09 10:55:55.593 1509 16669 E UserRestrictionsUtils: Unknown restriction queried by uid 1000 (com.thundercomm.microsettings et al): null
12-09 10:55:55.593 1509 16669 E UserRestrictionsUtils: Unknown restriction queried by uid 1000 (com.thundercomm.microsettings et al): null
12-09 10:55:55.593 1509 16669 E UserRestrictionsUtils: Unknown restriction queried by uid 1000 (com.thundercomm.microsettings et al): null
12-09 10:55:55.593 1509 16669 E UserRestrictionsUtils: Unknown restriction queried by uid 1000 (com.thundercomm.microsettings et al): null
12-09 10:55:55.593 1509 16669 E UserRestrictionsUtils: Unknown restriction queried by uid 1000 (com.thundercomm.microsettings et al): null
12-09 10:55:55.593 1509 16669 E UserRestrictionsUtils: Unknown restriction queried by uid 1000 (com.thundercomm.microsettings et al): null
12-09 10:55:55.607 20291 20291 I wm_on_start_called: [53541231,com.android.settings.Settings,handleStartActivity]
12-09 10:55:55.608 20291 20291 I snet_event_log: [120484087,-1,]
12-09 10:55:55.608 20291 20291 I wm_on_resume_called: [53541231,com.android.settings.Settings,RESUME_ACTIVITY]
12-09 10:55:55.611 20291 20291 I sysui_multi_action: [757,35,758,1,833,0,1089,22]
12-09 10:55:55.620 20291 20291 I sysui_multi_action: [757,1729,758,4,854,isParalleledControllers:false,1089,32]
12-09 10:55:55.630 20291 20291 I wm_on_top_resumed_gained_called: [53541231,com.android.settings.Settings,topStateChangedWhenResumed]
12-09 10:55:55.658 1509 1598 I input_focus: [Focus request c9de547 com.android.settings/com.android.settings.Settings,reason=UpdateInputWindows]
12-09 10:55:55.697 1509 1598 I sysui_multi_action: [324,0,757,1090,758,12,806,com.android.settings,871,com.android.settings.Settings,1091,342]
12-09 10:55:55.705 1509 1594 I sysui_multi_action: [319,70,321,66,322,342,325,20164,757,761,758,7,759,1,806,com.android.settings,871,com.android.settings.Settings,904,com.android.launcher3,905,0,945,78,1320,8,1321,5]
12-09 10:55:55.706 1509 1594 I wm_activity_launch_time: [0,53541231,com.android.settings/.Settings,342]
12-09 10:55:55.717 20291 20291 W CarrierConfigManager: Error getting config for subId -1 ICarrierConfigLoader is null
12-09 10:55:55.720 1509 1680 I input_focus: [Focus entering c9de547 com.android.settings/com.android.settings.Settings (server),reason=Window became focusable. Previous reason: NOT_VISIBLE]
12-09 10:55:55.720 1509 16669 E UserRestrictionsUtils: Unknown restriction queried by uid 1000 (com.thundercomm.microsettings et al): null
12-09 10:55:55.744 20291 20291 I sysui_multi_action: [757,746,758,1,833,0,1089,35]
12-09 10:55:55.744 1509 1538 D TelephonyRegistry: listen oscl: mHasNotifySubscriptionInfoChangedOccurred==false no callback
12-09 10:55:55.747 1509 1538 D TelephonyRegistry: listen oscl: mHasNotifySubscriptionInfoChangedOccurred==false no callback
12-09 10:55:55.754 20291 20291 I sysui_multi_action: [757,1729,758,4,854,isParalleledControllers:false,1089,45]
12-09 10:55:55.961 1509 1597 I wm_stop_activity: [0,12743551,com.android.launcher3/.uioverrides.QuickstepLauncher]
12-09 10:55:55.995 2529 2529 I wm_on_stop_called: [12743551,com.android.launcher3.uioverrides.QuickstepLauncher,STOP_ACTIVITY_ITEM]
12-09 10:55:56.004 12356 12373 W ContextImpl: Calling a method in the system process without a qualified user: android.app.ContextImpl.startService:1816 android.content.ContextWrapper.startService:774 com.thundercomm.gamemode.ingame.services.GameModeActionUtils.startGameModeService:99 com.thundercomm.gamemode.ingame.services.GameModeActionUtils.startGameModeEntry:22 com.thundercomm.gamemode.ingame.services.ActivityMonitoringService$1.onActivityLaunch:127
12-09 10:55:56.009 1509 1509 I GameModeConfig: Current uri is uri = content://com.thundercomm.gamemode.api/gamemode_settings/gamemode_isgaming
12-09 10:55:56.012 1509 1509 I GameModeConfig: isGameModeOn = false
12-09 10:55:56.013 1509 1509 I GameModeConfig: isGameModeOn = false
12-09 10:55:56.013 1509 1509 I GameModeConfig: isDisableVoice = true
12-09 10:55:56.735 1509 1680 I input_interaction: Interaction with: c9de547 com.android.settings/com.android.settings.Settings (server), edge-swipe (server), swipe-up (server), PointerEventDispatcher0 (server),
12-09 10:55:56.881 20291 20291 I sysui_multi_action: [757,830,758,4,833,0,854,top_level_apps,1089,0]
12-09 10:55:56.989 20291 20291 I sysui_multi_action: [757,746,758,2,1089,1245]
12-09 10:55:57.059 20291 20291 I sysui_multi_action: [757,65,758,1,833,0,1089,56]
12-09 10:55:57.075 20291 20291 I sysui_multi_action: [757,1729,758,4,854,isParalleledControllers:false,1089,72]
12-09 10:55:57.203 0 0 I auditd : type=1400 audit(0.0:21365): avc: denied { kill } for comm="swapper/1" capability=5 scontext=u:r:kernel:s0 tcontext=u:r:kernel:s0 tclass=capability permissive=0
12-09 10:55:57.289 1509 2730 E TaskPersister: File error accessing recents directory (directory doesn't exist?).
12-09 10:55:57.691 20291 20291 I sysui_multi_action: [757,830,758,4,833,0,854,top_level_notification,1089,0]
12-09 10:55:57.792 20291 20291 I sysui_multi_action: [757,65,758,2,1089,733]
12-09 10:55:57.804 1509 1538 E UserRestrictionsUtils: Unknown restriction queried by uid 1000 (com.thundercomm.microsettings et al): null
12-09 10:55:57.804 1509 1538 E UserRestrictionsUtils: Unknown restriction queried by uid 1000 (com.thundercomm.microsettings et al): null
12-09 10:55:57.820 20291 20291 I sysui_multi_action: [757,337,758,1,833,0,1089,24]
12-09 10:55:57.822 20291 20291 I sysui_multi_action: [757,1729,758,4,854,isParalleledControllers:false,1089,26]
12-09 10:55:58.203 0 0 I auditd : type=1400 audit(0.0:21366): avc: denied { kill } for comm="swapper/1" capability=5 scontext=u:r:kernel:s0 tcontext=u:r:kernel:s0 tclass=capability permissive=0
12-09 10:55:59.203 0 0 I auditd : type=1400 audit(0.0:21367): avc: denied { kill } for comm="swapper/1" capability=5 scontext=u:r:kernel:s0 tcontext=u:r:kernel:s0 tclass=capability permissive=0
12-09 10:55:59.423 1509 1680 I input_interaction: Interaction with: c9de547 com.android.settings/com.android.settings.Settings (server), PointerEventDispatcher0 (server),
12-09 10:56:00.203 0 0 I auditd : type=1400 audit(0.0:21368): avc: denied { kill } for comm="swapper/1" capability=5 scontext=u:r:kernel:s0 tcontext=u:r:kernel:s0 tclass=capability permissive=0
12-09 10:56:01.203 0 0 I auditd : type=1400 audit(0.0:21369): avc: denied { kill } for comm="swapper/1" capability=5 scontext=u:r:kernel:s0 tcontext=u:r:kernel:s0 tclass=capability permissive=0
12-09 10:56:02.203 0 0 I auditd : type=1400 audit(0.0:21370): avc: denied { kill } for comm="swapper/1" capability=5 scontext=u:r:kernel:s0 tcontext=u:r:kernel:s0 tclass=capability permissive=0
12-09 10:56:03.096 1509 1680 I input_interaction: Interaction with: c9de547 com.android.settings/com.android.settings.Settings (server), edge-swipe (server), swipe-up (server), PointerEventDispatcher0 (server),
12-09 10:56:03.187 20291 20291 I sysui_multi_action: [757,830,758,4,833,0,854,top_level_apps,1089,0]
12-09 10:56:03.289 20291 20291 I sysui_multi_action: [757,337,758,2,1089,5470]
12-09 10:56:03.343 20291 20291 I sysui_multi_action: [757,65,758,1,833,0,1089,45]
12-09 10:56:03.348 20291 20291 I sysui_multi_action: [757,1729,758,4,854,isParalleledControllers:false,1089,49]
12-09 10:56:03.977 1509 1680 I input_interaction: Interaction with: c9de547 com.android.settings/com.android.settings.Settings (server), PointerEventDispatcher0 (server),
12-09 10:56:04.203 0 0 I auditd : type=1400 audit(0.0:21371): avc: denied { kill } for comm="swapper/1" capability=5 scontext=u:r:kernel:s0 tcontext=u:r:kernel:s0 tclass=capability permissive=0
12-09 10:56:04.507 1509 1680 I input_interaction: Interaction with: c9de547 com.android.settings/com.android.settings.Settings (server), edge-swipe (server), swipe-up (server), PointerEventDispatcher0 (server),
12-09 10:56:04.597 20291 20291 I sysui_multi_action: [757,830,758,4,833,0,854,special_access,1089,0]
12-09 10:56:04.608 20291 20291 I sysui_multi_action: [757,65,758,2,1089,1264]
12-09 10:56:04.647 20291 20291 I sysui_multi_action: [757,351,758,1,833,0,1089,34]
12-09 10:56:04.648 20291 20291 I sysui_multi_action: [757,1729,758,4,854,isParalleledControllers:false,1089,36]
12-09 10:56:06.316 20291 20291 I sysui_multi_action: [757,830,758,4,833,0,854,device_administrators,1089,0]
12-09 10:56:06.325 20291 20291 I sysui_multi_action: [757,351,758,2,1089,1679]
12-09 10:56:06.347 20291 20291 I sysui_multi_action: [757,516,758,1,833,0,1089,19]
12-09 10:56:06.349 20291 20291 I sysui_multi_action: [757,1729,758,4,854,isParalleledControllers:false,1089,21]
12-09 10:56:07.203 0 0 I auditd : type=1400 audit(0.0:21372): avc: denied { kill } for comm="swapper/1" capability=5 scontext=u:r:kernel:s0 tcontext=u:r:kernel:s0 tclass=capability permissive=0
12-09 10:56:07.753 20291 20291 I sysui_multi_action: [757,516,758,2,1089,1406]
12-09 10:56:07.776 20291 20291 I sysui_multi_action: [757,351,758,1,833,0,1089,0]
12-09 10:56:08.203 0 0 I auditd : type=1400 audit(0.0:21373): avc: denied { kill } for comm="swapper/1" capability=5 scontext=u:r:kernel:s0 tcontext=u:r:kernel:s0 tclass=capability permissive=0
12-09 10:56:08.710 20291 20291 I sysui_multi_action: [757,830,758,4,833,0,854,system_alert_window_app_list,1089,0]
12-09 10:56:08.718 20291 20291 I sysui_multi_action: [757,351,758,2,1089,941]
12-09 10:56:08.772 20291 20291 I sysui_multi_action: [757,65,758,1,833,0,1089,53]
12-09 10:56:10.203 0 0 I auditd : type=1400 audit(0.0:21374): avc: denied { kill } for comm="swapper/0" capability=5 scontext=u:r:kernel:s0 tcontext=u:r:kernel:s0 tclass=capability permissive=0
12-09 10:56:10.609 20291 20291 I menu_item_selected: [0,搜索]
12-09 10:56:10.616 20291 20291 E AndroidRuntime: FATAL EXCEPTION: main
12-09 10:56:10.616 20291 20291 E AndroidRuntime: Process: com.android.settings, PID: 20291
12-09 10:56:10.616 20291 20291 E AndroidRuntime: java.lang.NullPointerException: Attempt to invoke virtual method 'void com.google.android.material.appbar.AppBarLayout.setExpanded(boolean, boolean)' on a null object reference
12-09 10:56:10.616 20291 20291 E AndroidRuntime: at com.android.settings.applications.manageapplications.ManageApplications.onMenuItemActionExpand(ManageApplications.java:685)
12-09 10:56:10.616 20291 20291 E AndroidRuntime: at com.android.internal.view.menu.MenuItemImpl.expandActionView(MenuItemImpl.java:777)
12-09 10:56:10.616 20291 20291 E AndroidRuntime: at com.android.internal.view.menu.MenuBuilder.performItemAction(MenuBuilder.java:940)
12-09 10:56:10.616 20291 20291 E AndroidRuntime: at com.android.internal.view.menu.MenuBuilder.performItemAction(MenuBuilder.java:925)
12-09 10:56:10.616 20291 20291 E AndroidRuntime: at android.widget.ActionMenuView.invokeItem(ActionMenuView.java:620)
12-09 10:56:10.616 20291 20291 E AndroidRuntime: at com.android.internal.view.menu.ActionMenuItemView.onClick(ActionMenuItemView.java:149)
12-09 10:56:10.616 20291 20291 E AndroidRuntime: at android.view.View.performClick(View.java:7441)
12-09 10:56:10.616 20291 20291 E AndroidRuntime: at android.view.View.performClickInternal(View.java:7418)
12-09 10:56:10.616 20291 20291 E AndroidRuntime: at android.view.View.access$3700(View.java:835)
12-09 10:56:10.616 20291 20291 E AndroidRuntime: at android.view.View$PerformClick.run(View.java:28681)
12-09 10:56:10.616 20291 20291 E AndroidRuntime: at android.os.Handler.handleCallback(Handler.java:938)
12-09 10:56:10.616 20291 20291 E AndroidRuntime: at android.os.Handler.dispatchMessage(Handler.java:99)
12-09 10:56:10.616 20291 20291 E AndroidRuntime: at android.os.Looper.loopOnce(Looper.java:201)
12-09 10:56:10.616 20291 20291 E AndroidRuntime: at android.os.Looper.loop(Looper.java:288)
12-09 10:56:10.616 20291 20291 E AndroidRuntime: at android.app.ActivityThread.main(ActivityThread.java:7880)
12-09 10:56:10.616 20291 20291 E AndroidRuntime: at java.lang.reflect.Method.invoke(Native Method)
12-09 10:56:10.616 20291 20291 E AndroidRuntime: at com.android.internal.os.RuntimeInit$MethodAndArgsCaller.run(RuntimeInit.java:548)
12-09 10:56:10.616 20291 20291 E AndroidRuntime: at com.android.internal.os.ZygoteInit.main(ZygoteInit.java:1009)
12-09 10:56:10.617 1509 1538 I am_crash: [20291,0,com.android.settings,952745541,java.lang.NullPointerException,Attempt to invoke virtual method 'void com.google.android.material.appbar.AppBarLayout.setExpanded(boolean, boolean)' on a null object reference,ManageApplications.java,685]
12-09 10:56:10.620 1509 1538 W ActivityTaskManager: Force finishing activity com.android.settings/.Settings
12-09 10:56:10.620 1509 1538 I wm_finish_activity: [0,53541231,167,com.android.settings/.Settings,force-crash]
12-09 10:56:10.620 1509 1538 I wm_task_moved: [39,1,6]
12-09 10:56:10.621 1509 1538 I wm_task_moved: [40,1,2147483647]
12-09 10:56:10.621 1509 1538 I wm_task_to_front: [0,40]
12-09 10:56:10.621 1509 1538 I wm_focused_root_task: [0,0,39,167,finish-top adjustFocusToNextFocusableTask]
12-09 10:56:10.622 1509 1538 I wm_set_resumed_activity: [0,com.android.launcher3/.uioverrides.QuickstepLauncher,finish-top adjustFocusToNextFocusableTask]
12-09 10:56:10.625 1509 20349 I DropBoxManagerService: add tag=system_app_crash isTagEnabled=true flags=0x2
12-09 10:56:10.634 1509 1538 I wm_pause_activity: [0,53541231,com.android.settings/.Settings,userLeaving=false,finish]
12-09 10:56:10.653 1509 1680 I input_focus: [Focus leaving c9de547 com.android.settings/com.android.settings.Settings (server),reason=NO_WINDOW]
12-09 10:56:10.685 1509 1595 D CompatibilityChangeReporter: Compat change id reported: 168419799; UID 1000; state: DISABLED
12-09 10:56:10.694 1509 1598 I input_focus: [Focus request 7123544 Application Error: com.android.settings,reason=UpdateInputWindows]
12-09 10:56:10.736 1509 1680 I input_focus: [Focus entering 7123544 Application Error: com.android.settings (server),reason=Window became focusable. Previous reason: NOT_VISIBLE]
12-09 10:56:11.121 1509 1597 W ActivityTaskManager: Activity top resumed state loss timeout for ActivityRecord{330f96f u0 com.android.settings/.Settings t167 f}}
12-09 10:56:11.135 1509 1597 W ActivityTaskManager: Activity pause timeout for ActivityRecord{330f96f u0 com.android.settings/.Settings t167 f}}
12-09 10:56:11.136 1509 1597 I wm_add_to_stopping: [0,53541231,com.android.settings/.Settings,completeFinishing]
12-09 10:56:11.137 1509 1597 I ActivityTaskManager: FOREGROUND_APPLICATION_CHANGED to com.android.launcher3.uioverrides.QuickstepLauncher
12-09 10:56:11.139 1509 1597 I wm_set_resumed_activity: [0,com.android.launcher3/.uioverrides.QuickstepLauncher,resumeTopActivityInnerLocked]
12-09 10:56:11.141 1509 1597 I wm_resume_activity: [0,12743551,40,com.android.launcher3/.uioverrides.QuickstepLauncher]
12-09 10:56:11.160 1509 1597 I sysui_multi_action: [757,803,799,window_time_0,802,16]
12-09 10:56:11.163 2529 2529 I wm_on_restart_called: [12743551,com.android.launcher3.uioverrides.QuickstepLauncher,performRestartActivity]
12-09 10:56:11.164 2529 2529 I wm_on_start_called: [12743551,com.android.launcher3.uioverrides.QuickstepLauncher,handleStartActivity]
12-09 10:56:11.164 2529 2529 I wm_on_resume_called: [12743551,com.android.launcher3.uioverrides.QuickstepLauncher,RESUME_ACTIVITY]
12-09 10:56:11.164 2529 2529 I wm_on_top_resumed_gained_called: [12743551,com.android.launcher3.uioverrides.QuickstepLauncher,topWhenResuming]
12-09 10:56:11.169 12356 12373 W ContextImpl: Calling a method in the system process without a qualified user: android.app.ContextImpl.startService:1816 android.content.ContextWrapper.startService:774 com.thundercomm.gamemode.ingame.services.GameModeActionUtils.startGameModeService:99 com.thundercomm.gamemode.ingame.services.GameModeActionUtils.startGameModeEntry:22 com.thundercomm.gamemode.ingame.services.ActivityMonitoringService$1.onActivityLaunch:127
12-09 10:56:11.180 1509 1509 I GameModeConfig: Current uri is uri = content://com.thundercomm.gamemode.api/gamemode_settings/gamemode_isgaming
12-09 10:56:11.182 1509 1604 I am_pss : [20236,10020,android.process.acore,12805120,9125888,0,116166656,0,19,7]
12-09 10:56:11.185 1509 1509 I GameModeConfig: isGameModeOn = false
12-09 10:56:11.186 1509 1509 I GameModeConfig: isGameModeOn = false
12-09 10:56:11.186 1509 1509 I GameModeConfig: isDisableVoice = true
12-09 10:56:11.197 1509 2100 I wm_destroy_activity: [0,53541231,167,com.android.settings/.Settings,finish-imm:idle]
12-09 10:56:11.205 12356 12373 W ContextImpl: Calling a method in the system process without a qualified user: android.app.ContextImpl.startService:1816 android.content.ContextWrapper.startService:774 com.thundercomm.gamemode.ingame.services.GameModeActionUtils.startGameModeService:99 com.thundercomm.gamemode.ingame.services.GameModeActionUtils.startGameModeEntry:22 com.thundercomm.gamemode.ingame.services.ActivityMonitoringService$1.onActivityLaunch:127
12-09 10:56:11.209 1509 1509 I GameModeConfig: Current uri is uri = content://com.thundercomm.gamemode.api/gamemode_settings/gamemode_isgaming
12-09 10:56:11.212 1509 1509 I GameModeConfig: isGameModeOn = false
12-09 10:56:11.212 1509 1509 I GameModeConfig: isGameModeOn = false
12-09 10:56:11.212 1509 1509 I GameModeConfig: isDisableVoice = true
12-09 10:56:11.253 12356 12373 W ContextImpl: Calling a method in the system process without a qualified user: android.app.ContextImpl.startService:1816 android.content.ContextWrapper.startService:774 com.thundercomm.gamemode.ingame.services.GameModeActionUtils.startGameModeService:99 com.thundercomm.gamemode.ingame.services.GameModeActionUtils.startGameModeEntry:22 com.thundercomm.gamemode.ingame.services.ActivityMonitoringService$1.onActivityLaunch:127
12-09 10:56:11.258 1509 1509 I GameModeConfig: Current uri is uri = content://com.thundercomm.gamemode.api/gamemode_settings/gamemode_isgaming
12-09 10:56:11.261 1509 1509 I GameModeConfig: isGameModeOn = false
12-09 10:56:11.261 1509 1509 I GameModeConfig: isGameModeOn = false
12-09 10:56:11.262 1509 1509 I GameModeConfig: isDisableVoice = true
12-09 10:56:13.203 0 0 I auditd : type=1400 audit(0.0:21375): avc: denied { kill } for comm="swapper/2" capability=5 scontext=u:r:kernel:s0 tcontext=u:r:kernel:s0 tclass=capability permissive=0
12-09 10:56:14.203 0 0 I auditd : type=1400 audit(0.0:21376): avc: denied { kill } for comm="swapper/2" capability=5 scontext=u:r:kernel:s0 tcontext=u:r:kernel:s0 tclass=capability permissive=0
12-09 10:56:14.273 1509 1680 I input_interaction: Interaction with: 7123544 Application Error: com.android.settings (server), edge-swipe (server), swipe-up (server), PointerEventDispatcher0 (server),
12-09 10:56:14.433 1509 1538 I sysui_multi_action: [757,316,758,4,759,1]
12-09 10:56:14.433 1509 1538 W WindowManager: Force finishing activity com.android.settings/.Settings
12-09 10:56:14.435 1509 1538 I wm_destroy_activity: [0,53541231,167,com.android.settings/.Settings,finish-imm:handleAppCrashed]
12-09 10:56:14.457 1509 1538 I ActivityManager: Killing 20291:com.android.settings/1000 (adj 900): crash
12-09 10:56:14.457 1509 1538 I am_kill : [0,20291,com.android.settings,900,crash]
12-09 10:56:14.461 1509 1598 I input_focus: [Focus request e069207 com.android.launcher3/com.android.launcher3.uioverrides.QuickstepLauncher,reason=UpdateInputWindows]
12-09 10:56:14.470 1509 1598 I wm_task_removed: [167,removeChild:removeChild last r=ActivityRecord{330f96f u0 com.android.settings/.Settings t-1 f}} in t=Task{87c3f26 #167 type=standard A=1000:com.android.settings.root U=0 visible=false mode=fullscreen translucent=true sz=0}]
12-09 10:56:14.470 1509 1598 I wm_task_removed: [167,removeChild]
12-09 10:56:14.474 1509 1598 W ActivityTaskManager: Can't find TaskDisplayArea to determine support for multi window. Task id=167 attached=false
12-09 10:56:14.474 1509 1598 W ActivityTaskManager: Can't find TaskDisplayArea to determine support for multi window. Task id=167 attached=false
12-09 10:56:14.482 1509 1680 I input_focus: [Focus entering e069207 com.android.launcher3/com.android.launcher3.uioverrides.QuickstepLauncher (server),reason=setFocusedWindow]
12-09 10:56:14.574 1509 1538 V ActivityManager: Got obituary of 20291:com.android.settings
12-09 10:56:14.575 1509 1597 W ActivityManager: setHasOverlayUi called on unknown pid: 20291
12-09 10:56:15.203 0 0 I auditd : type=1400 audit(0.0:21377): avc: denied { kill } for comm="swapper/1" capability=5 scontext=u:r:kernel:s0 tcontext=u:r:kernel:s0 tclass=capability permissive=0
12-09 10:56:15.720 1509 1680 I input_interaction: Interaction with: e069207 com.android.launcher3/com.android.launcher3.uioverrides.QuickstepLauncher (server), 3f8408a com.android.systemui.ImageWallpaper (server), edge-swipe (server), swipe-up (server), PointerEventDispatcher0 (server),
12-09 10:56:15.842 1509 6197 I ActivityTaskManager: START u0 {act=android.intent.action.MAIN cat=[android.intent.category.LAUNCHER] flg=0x10200000 cmp=com.android.settings/.Settings bnds=[2308,740][2494,940]} from uid 10076
12-09 10:56:15.848 1509 6197 I wm_task_created: [168,-1]
12-09 10:56:15.848 1509 6197 W ActivityTaskManager: Can't find TaskDisplayArea to determine support for multi window. Task id=168 attached=false
12-09 10:56:15.855 1509 6197 I wm_task_moved: [168,1,6]
12-09 10:56:15.855 1509 6197 I wm_task_to_front: [0,168]
12-09 10:56:15.855 1509 6197 I wm_create_task: [0,168]
12-09 10:56:15.855 1509 6197 I wm_create_activity: [0,264617406,168,com.android.settings/.Settings,android.intent.action.MAIN,NULL,NULL,270532608]
12-09 10:56:15.856 1509 6197 I wm_task_moved: [168,1,6]
12-09 10:56:15.858 1509 6197 I wm_pause_activity: [0,12743551,com.android.launcher3/.uioverrides.QuickstepLauncher,userLeaving=true,pauseBackTasks]
12-09 10:56:15.866 2529 2529 I wm_on_top_resumed_lost_called: [12743551,com.android.launcher3.uioverrides.QuickstepLauncher,topStateChangedWhenResumed]
12-09 10:56:15.878 1509 1597 D CompatibilityChangeReporter: Compat change id reported: 135634846; UID 1000; state: DISABLED
12-09 10:56:15.878 1509 1597 D CompatibilityChangeReporter: Compat change id reported: 177438394; UID 1000; state: DISABLED
12-09 10:56:15.878 1509 1597 D CompatibilityChangeReporter: Compat change id reported: 135772972; UID 1000; state: DISABLED
12-09 10:56:15.878 1509 1597 D CompatibilityChangeReporter: Compat change id reported: 135754954; UID 1000; state: ENABLED
12-09 10:56:15.883 2529 2529 I wm_on_paused_called: [12743551,com.android.launcher3.uioverrides.QuickstepLauncher,performPause]
12-09 10:56:15.884 1509 16954 I ActivityTaskManager: FOREGROUND_APPLICATION_CHANGED to com.android.settings.homepage.SettingsHomepageActivity
12-09 10:56:15.885 1509 16954 I wm_add_to_stopping: [0,12743551,com.android.launcher3/.uioverrides.QuickstepLauncher,makeInvisible]
12-09 10:56:15.892 1509 1597 I sysui_multi_action: [757,803,799,window_time_0,802,5]
12-09 10:56:15.903 1509 1606 I am_proc_start: [0,20354,1000,com.android.settings,pre-top-activity,{com.android.settings/com.android.settings.Settings}]
12-09 10:56:15.904 1509 1606 I ActivityManager: Start proc 20354:com.android.settings/1000 for pre-top-activity {com.android.settings/com.android.settings.Settings}
12-09 10:56:15.906 1509 20355 W ContextImpl: Calling a method in the system process without a qualified user: android.app.ContextImpl.sendBroadcast:1173 com.qualcomm.qti.Performance$SendGameLaunchBroadcast.run:217 java.lang.Thread.run:920
12-09 10:56:15.921 1509 1680 I input_focus: [Focus leaving e069207 com.android.launcher3/com.android.launcher3.uioverrides.QuickstepLauncher (server),reason=NO_WINDOW]
12-09 10:56:15.933 1509 16954 I am_proc_bound: [0,20354,com.android.settings]
12-09 10:56:15.936 1509 16954 I wm_restart_activity: [0,264617406,168,com.android.settings/.Settings]
12-09 10:56:15.938 1509 16954 I wm_set_resumed_activity: [0,com.android.settings/.Settings,minimalResumeActivityLocked]
12-09 10:56:15.946 12356 12373 W ContextImpl: Calling a method in the system process without a qualified user: android.app.ContextImpl.startService:1816 android.content.ContextWrapper.startService:774 com.thundercomm.gamemode.ingame.services.GameModeActionUtils.startGameModeService:99 com.thundercomm.gamemode.ingame.services.GameModeActionUtils.startGameModeEntry:22 com.thundercomm.gamemode.ingame.services.ActivityMonitoringService$1.onActivityLaunch:127
12-09 10:56:15.959 1509 1509 I GameModeConfig: Current uri is uri = content://com.thundercomm.gamemode.api/gamemode_settings/gamemode_isgaming
12-09 10:56:15.961 1509 1509 I GameModeConfig: isGameModeOn = false
12-09 10:56:15.961 1509 1509 I GameModeConfig: isGameModeOn = false
12-09 10:56:15.961 1509 1509 I GameModeConfig: isDisableVoice = true
12-09 10:56:15.992 12356 12373 W ContextImpl: Calling a method in the system process without a qualified user: android.app.ContextImpl.startService:1816 android.content.ContextWrapper.startService:774 com.thundercomm.gamemode.ingame.services.GameModeActionUtils.startGameModeService:99 com.thundercomm.gamemode.ingame.services.GameModeActionUtils.startGameModeEntry:22 com.thundercomm.gamemode.ingame.services.ActivityMonitoringService$1.onActivityLaunch:127
12-09 10:56:15.996 1509 1509 I GameModeConfig: Current uri is uri = content://com.thundercomm.gamemode.api/gamemode_settings/gamemode_isgaming
12-09 10:56:15.998 1509 1509 I GameModeConfig: isGameModeOn = false
12-09 10:56:15.998 1509 1509 I GameModeConfig: isGameModeOn = false
12-09 10:56:15.998 1509 1509 I GameModeConfig: isDisableVoice = true
12-09 10:56:16.079 20354 20354 I wm_on_create_called: [264617406,com.android.settings.Settings,performCreate]
12-09 10:56:16.083 1509 6786 E UserRestrictionsUtils: Unknown restriction queried by uid 1000 (com.thundercomm.microsettings et al): null
12-09 10:56:16.083 1509 2435 E UserRestrictionsUtils: Unknown restriction queried by uid 1000 (com.thundercomm.microsettings et al): null
12-09 10:56:16.084 1509 2435 E UserRestrictionsUtils: Unknown restriction queried by uid 1000 (com.thundercomm.microsettings et al): null
12-09 10:56:16.084 1509 2435 E UserRestrictionsUtils: Unknown restriction queried by uid 1000 (com.thundercomm.microsettings et al): null
12-09 10:56:16.084 1509 16954 E UserRestrictionsUtils: Unknown restriction queried by uid 1000 (com.thundercomm.microsettings et al): null
12-09 10:56:16.084 1509 16954 E UserRestrictionsUtils: Unknown restriction queried by uid 1000 (com.thundercomm.microsettings et al): null
12-09 10:56:16.084 1509 16954 E UserRestrictionsUtils: Unknown restriction queried by uid 1000 (com.thundercomm.microsettings et al): null
