12-09 10:57:56.203 0 0 I auditd : type=1400 audit(0.0:21457): avc: denied { kill } for comm="swapper/1" capability=5 scontext=u:r:kernel:s0 tcontext=u:r:kernel:s0 tclass=capability permissive=0
12-09 10:57:57.203 0 0 I auditd : type=1400 audit(0.0:21458): avc: denied { kill } for comm="swapper/1" capability=5 scontext=u:r:kernel:s0 tcontext=u:r:kernel:s0 tclass=capability permissive=0
12-09 10:57:58.203 0 0 I auditd : type=1400 audit(0.0:21459): avc: denied { kill } for comm="swapper/1" capability=5 scontext=u:r:kernel:s0 tcontext=u:r:kernel:s0 tclass=capability permissive=0
12-09 10:57:59.125 1509 1666 D ActivityManager: freezing 19976 com.android.gallery3d
12-09 10:57:59.126 1509 1666 E ActivityManager: Unable to freeze binder for 19976 com.android.gallery3d
12-09 10:57:59.128 1509 1666 D ActivityManager: froze 19976 com.android.gallery3d
12-09 10:57:59.128 1509 1666 I am_freeze: [19976,com.android.gallery3d]
12-09 10:57:59.128 1509 1666 E ActivityManager: Unable to freeze binder for 19976 com.android.gallery3d
12-09 10:57:59.129 1509 1666 I ActivityManager: Killing 19976:com.android.gallery3d/u0a71 (adj 965): Unable to freeze binder interface
12-09 10:57:59.129 1509 1666 I am_kill : [0,19976,com.android.gallery3d,965,Unable to freeze binder interface]
12-09 10:57:59.132 1509 1666 D ActivityManager: freezing 19984 com.android.soundrecorder
12-09 10:57:59.133 1509 1666 E ActivityManager: Unable to freeze binder for 19984 com.android.soundrecorder
12-09 10:57:59.133 1509 1666 D ActivityManager: froze 19984 com.android.soundrecorder
12-09 10:57:59.134 1509 1666 I am_freeze: [19984,com.android.soundrecorder]
12-09 10:57:59.134 1509 1666 E ActivityManager: Unable to freeze binder for 19984 com.android.soundrecorder
12-09 10:57:59.135 1509 1666 I ActivityManager: Killing 19984:com.android.soundrecorder/u0a61 (adj 955): Unable to freeze binder interface
12-09 10:57:59.135 1509 1666 I am_kill : [0,19984,com.android.soundrecorder,955,Unable to freeze binder interface]
12-09 10:57:59.138 1509 1666 D ActivityManager: freezing 19977 com.android.deskclock
12-09 10:57:59.138 1509 1666 E ActivityManager: Unable to freeze binder for 19977 com.android.deskclock
12-09 10:57:59.139 1509 1666 D ActivityManager: froze 19977 com.android.deskclock
12-09 10:57:59.139 1509 1666 I am_freeze: [19977,com.android.deskclock]
12-09 10:57:59.139 1509 1666 E ActivityManager: Unable to freeze binder for 19977 com.android.deskclock
12-09 10:57:59.140 1509 1666 I ActivityManager: Killing 19977:com.android.deskclock/u0a67 (adj 945): Unable to freeze binder interface
12-09 10:57:59.140 1509 1666 I am_kill : [0,19977,com.android.deskclock,945,Unable to freeze binder interface]
12-09 10:57:59.154 1509 1666 D ActivityManager: freezing 19992 com.android.calendar
12-09 10:57:59.155 1509 1666 E ActivityManager: Unable to freeze binder for 19992 com.android.calendar
12-09 10:57:59.155 1509 1666 D ActivityManager: froze 19992 com.android.calendar
12-09 10:57:59.156 1509 1666 I am_freeze: [19992,com.android.calendar]
12-09 10:57:59.156 1509 1666 E ActivityManager: Unable to freeze binder for 19992 com.android.calendar
12-09 10:57:59.156 1509 1666 I ActivityManager: Killing 19992:com.android.calendar/u0a69 (adj 935): Unable to freeze binder interface
12-09 10:57:59.156 1509 1666 I am_kill : [0,19992,com.android.calendar,935,Unable to freeze binder interface]
12-09 10:57:59.164 1509 6639 I am_proc_died: [0,19984,com.android.soundrecorder,955,19]
12-09 10:57:59.165 1509 6639 I am_uid_stopped: 10061
12-09 10:57:59.168 1509 6786 I am_proc_died: [0,19977,com.android.deskclock,945,19]
12-09 10:57:59.169 1509 6786 I am_uid_stopped: 10067
12-09 10:57:59.178 1509 6786 I am_proc_died: [0,19976,com.android.gallery3d,965,19]
12-09 10:57:59.179 1509 6786 I am_uid_stopped: 10071
12-09 10:57:59.183 1509 6786 I am_proc_died: [0,19992,com.android.calendar,935,19]
12-09 10:57:59.184 1509 6786 I am_uid_stopped: 10069
12-09 10:57:59.186 1509 1597 I am_uid_running: 10071
12-09 10:57:59.187 1509 1597 D CompatibilityChangeReporter: Compat change id reported: 135634846; UID 10071; state: DISABLED
12-09 10:57:59.187 1509 1597 D CompatibilityChangeReporter: Compat change id reported: 177438394; UID 10071; state: DISABLED
12-09 10:57:59.187 1509 1597 D CompatibilityChangeReporter: Compat change id reported: 135772972; UID 10071; state: DISABLED
12-09 10:57:59.187 1509 1597 D CompatibilityChangeReporter: Compat change id reported: 135754954; UID 10071; state: DISABLED
12-09 10:57:59.187 1509 1606 D CompatibilityChangeReporter: Compat change id reported: 143937733; UID 10071; state: DISABLED
12-09 10:57:59.187 1509 1597 I am_uid_running: 10067
12-09 10:57:59.188 1509 1597 D CompatibilityChangeReporter: Compat change id reported: 135634846; UID 10067; state: DISABLED
12-09 10:57:59.188 1509 1597 D CompatibilityChangeReporter: Compat change id reported: 177438394; UID 10067; state: DISABLED
12-09 10:57:59.188 1509 1597 D CompatibilityChangeReporter: Compat change id reported: 135772972; UID 10067; state: DISABLED
12-09 10:57:59.188 1509 1597 D CompatibilityChangeReporter: Compat change id reported: 135754954; UID 10067; state: DISABLED
12-09 10:57:59.188 1509 1597 I am_uid_running: 10061
12-09 10:57:59.188 1509 1597 D CompatibilityChangeReporter: Compat change id reported: 135634846; UID 10061; state: DISABLED
12-09 10:57:59.188 1509 1597 D CompatibilityChangeReporter: Compat change id reported: 177438394; UID 10061; state: DISABLED
12-09 10:57:59.188 1509 1597 D CompatibilityChangeReporter: Compat change id reported: 135772972; UID 10061; state: DISABLED
12-09 10:57:59.188 1509 1597 D CompatibilityChangeReporter: Compat change id reported: 135754954; UID 10061; state: ENABLED
12-09 10:57:59.189 1509 1597 I am_uid_running: 10069
12-09 10:57:59.189 1509 1597 D CompatibilityChangeReporter: Compat change id reported: 135634846; UID 10069; state: DISABLED
12-09 10:57:59.189 1509 1597 D CompatibilityChangeReporter: Compat change id reported: 177438394; UID 10069; state: DISABLED
12-09 10:57:59.189 1509 1597 D CompatibilityChangeReporter: Compat change id reported: 135772972; UID 10069; state: DISABLED
12-09 10:57:59.189 1509 1597 D CompatibilityChangeReporter: Compat change id reported: 135754954; UID 10069; state: DISABLED
12-09 10:57:59.194 1509 1604 I am_pss : [20422,1000,com.android.settings,255392768,225611776,0,432513024,0,2,18]
12-09 10:57:59.200 1509 1604 I am_pss : [17027,1000,com.qti.diagservices,6122496,3788800,0,93704192,0,10,5]
12-09 10:57:59.200 1509 1606 I am_proc_start: [0,20487,10071,com.android.gallery3d,NULL,]
12-09 10:57:59.201 1509 1606 I ActivityManager: Start proc 20487:com.android.gallery3d/u0a71 for null
12-09 10:57:59.201 1509 1606 D CompatibilityChangeReporter: Compat change id reported: 143937733; UID 10067; state: DISABLED
12-09 10:57:59.207 1509 1604 I am_pss : [12356,1000,com.thundercomm.gamemode,18661376,14245888,0,121892864,0,10,6]
12-09 10:57:59.203 667 667 I auditd : type=1400 audit(0.0:21460): avc: denied { kill } for comm="main" capability=5 scontext=u:r:zygote:s0 tcontext=u:r:zygote:s0 tclass=capability permissive=0
12-09 10:57:59.215 1509 1606 I am_proc_start: [0,20488,10067,com.android.deskclock,NULL,]
12-09 10:57:59.215 1509 1606 I ActivityManager: Start proc 20488:com.android.deskclock/u0a67 for null
12-09 10:57:59.216 1509 1606 D CompatibilityChangeReporter: Compat change id reported: 143937733; UID 10061; state: ENABLED
12-09 10:57:59.223 1509 1606 I am_proc_start: [0,20489,10061,com.android.soundrecorder,NULL,]
12-09 10:57:59.223 1509 1606 I ActivityManager: Start proc 20489:com.android.soundrecorder/u0a61 for null
12-09 10:57:59.224 1509 1606 D CompatibilityChangeReporter: Compat change id reported: 143937733; UID 10069; state: DISABLED
12-09 10:57:59.231 1509 1606 I am_proc_start: [0,20503,10069,com.android.calendar,NULL,]
12-09 10:57:59.231 1509 1606 I ActivityManager: Start proc 20503:com.android.calendar/u0a69 for null
12-09 10:57:59.236 1509 6786 I am_proc_bound: [0,20487,com.android.gallery3d]
12-09 10:57:59.238 1509 6786 D CompatibilityChangeReporter: Compat change id reported: 168419799; UID 10071; state: DISABLED
12-09 10:57:59.243 1509 2435 I am_proc_bound: [0,20489,com.android.soundrecorder]
12-09 10:57:59.244 1509 2435 D CompatibilityChangeReporter: Compat change id reported: 168419799; UID 10061; state: DISABLED
12-09 10:57:59.256 1509 6786 I am_proc_bound: [0,20503,com.android.calendar]
12-09 10:57:59.257 1509 6786 D CompatibilityChangeReporter: Compat change id reported: 168419799; UID 10069; state: DISABLED
12-09 10:57:59.267 1509 6786 I am_proc_bound: [0,20488,com.android.deskclock]
12-09 10:57:59.268 1509 6786 D CompatibilityChangeReporter: Compat change id reported: 168419799; UID 10067; state: DISABLED
12-09 10:58:00.203 0 0 I auditd : type=1400 audit(0.0:21461): avc: denied { kill } for comm="swapper/1" capability=5 scontext=u:r:kernel:s0 tcontext=u:r:kernel:s0 tclass=capability permissive=0
12-09 10:58:01.203 0 0 I auditd : type=1400 audit(0.0:21462): avc: denied { kill } for comm="swapper/1" capability=5 scontext=u:r:kernel:s0 tcontext=u:r:kernel:s0 tclass=capability permissive=0
12-09 10:58:02.203 0 0 I auditd : type=1400 audit(0.0:21463): avc: denied { kill } for comm="swapper/1" capability=5 scontext=u:r:kernel:s0 tcontext=u:r:kernel:s0 tclass=capability permissive=0
12-09 10:58:03.203 0 0 I auditd : type=1400 audit(0.0:21464): avc: denied { kill } for comm="swapper/1" capability=5 scontext=u:r:kernel:s0 tcontext=u:r:kernel:s0 tclass=capability permissive=0
12-09 10:58:04.203 0 0 I auditd : type=1400 audit(0.0:21465): avc: denied { kill } for comm="swapper/1" capability=5 scontext=u:r:kernel:s0 tcontext=u:r:kernel:s0 tclass=capability permissive=0
12-09 10:58:05.203 0 0 I auditd : type=1400 audit(0.0:21466): avc: denied { kill } for comm="swapper/1" capability=5 scontext=u:r:kernel:s0 tcontext=u:r:kernel:s0 tclass=capability permissive=0
12-09 10:58:06.203 0 0 I auditd : type=1400 audit(0.0:21467): avc: denied { kill } for comm="swapper/1" capability=5 scontext=u:r:kernel:s0 tcontext=u:r:kernel:s0 tclass=capability permissive=0
12-09 10:58:07.203 0 0 I auditd : type=1400 audit(0.0:21468): avc: denied { kill } for comm="swapper/1" capability=5 scontext=u:r:kernel:s0 tcontext=u:r:kernel:s0 tclass=capability permissive=0
12-09 10:58:08.203 0 0 I auditd : type=1400 audit(0.0:21469): avc: denied { kill } for comm="swapper/1" capability=5 scontext=u:r:kernel:s0 tcontext=u:r:kernel:s0 tclass=capability permissive=0
12-09 10:58:09.203 0 0 I auditd : type=1400 audit(0.0:21470): avc: denied { kill } for comm="swapper/1" capability=5 scontext=u:r:kernel:s0 tcontext=u:r:kernel:s0 tclass=capability permissive=0
12-09 10:58:10.203 0 0 I auditd : type=1400 audit(0.0:21471): avc: denied { kill } for comm="swapper/1" capability=5 scontext=u:r:kernel:s0 tcontext=u:r:kernel:s0 tclass=capability permissive=0
12-09 10:58:11.203 0 0 I auditd : type=1400 audit(0.0:21472): avc: denied { kill } for comm="swapper/1" capability=5 scontext=u:r:kernel:s0 tcontext=u:r:kernel:s0 tclass=capability permissive=0
12-09 10:58:12.185 1509 1621 V DisplayPowerController[0]: Brightness [0.05] reason changing to: 'manual [ dim ]', previous reason: 'manual'.
12-09 10:58:12.185 1509 1621 I sysui_multi_action: [757,1696,758,6,759,2]
12-09 10:58:12.186 1509 1621 W PowerManagerService: Screen on took 355878 ms
12-09 10:58:12.196 1509 1927 E DisplayDeviceConfig: requesting nits when no mapping exists.
12-09 10:58:12.197 1509 1927 E DisplayDeviceConfig: requesting nits when no mapping exists.
12-09 10:58:12.197 1509 1605 I am_wtf : [0,1509,system_server,-1,DisplayDeviceConfig,requesting nits when no mapping exists.]
12-09 10:58:12.199 1509 1605 I DropBoxManagerService: add tag=system_server_wtf isTagEnabled=true flags=0x2
12-09 10:58:12.202 1509 1605 I am_wtf : [0,1509,system_server,-1,DisplayDeviceConfig,requesting nits when no mapping exists.]
12-09 10:58:12.204 1509 1605 I DropBoxManagerService: add tag=system_server_wtf isTagEnabled=true flags=0x2
12-09 10:58:12.203 470 470 I auditd : type=1400 audit(0.0:21473): avc: denied { kill } for comm="ueventd" capability=5 scontext=u:r:ueventd:s0 tcontext=u:r:ueventd:s0 tclass=capability permissive=0
12-09 10:58:12.212 1509 1927 E DisplayDeviceConfig: requesting nits when no mapping exists.
12-09 10:58:12.213 1509 1927 E DisplayDeviceConfig: requesting nits when no mapping exists.
12-09 10:58:12.213 1509 1605 I am_wtf : [0,1509,system_server,-1,DisplayDeviceConfig,requesting nits when no mapping exists.]
12-09 10:58:12.214 1509 1605 I DropBoxManagerService: add tag=system_server_wtf isTagEnabled=true flags=0x2
12-09 10:58:12.215 1509 1605 I am_wtf : [0,1509,system_server,-1,DisplayDeviceConfig,requesting nits when no mapping exists.]
12-09 10:58:12.216 1509 1605 I DropBoxManagerService: add tag=system_server_wtf isTagEnabled=true flags=0x2
12-09 10:58:12.224 1509 1927 E DisplayDeviceConfig: requesting nits when no mapping exists.
12-09 10:58:12.225 1509 1605 I am_wtf : [0,1509,system_server,-1,DisplayDeviceConfig,requesting nits when no mapping exists.]
12-09 10:58:12.225 1509 1927 E DisplayDeviceConfig: requesting nits when no mapping exists.
12-09 10:58:12.225 1509 1605 I DropBoxManagerService: add tag=system_server_wtf isTagEnabled=true flags=0x2
12-09 10:58:12.226 1509 1605 I am_wtf : [0,1509,system_server,-1,DisplayDeviceConfig,requesting nits when no mapping exists.]
12-09 10:58:12.241 1509 1927 E DisplayDeviceConfig: requesting nits when no mapping exists.
12-09 10:58:12.242 1509 1927 E DisplayDeviceConfig: requesting nits when no mapping exists.
12-09 10:58:12.242 1509 1605 I am_wtf : [0,1509,system_server,-1,DisplayDeviceConfig,requesting nits when no mapping exists.]
12-09 10:58:12.243 1509 1605 I am_wtf : [0,1509,system_server,-1,DisplayDeviceConfig,requesting nits when no mapping exists.]
12-09 10:58:12.258 1509 1927 E DisplayDeviceConfig: requesting nits when no mapping exists.
12-09 10:58:12.259 1509 1605 I am_wtf : [0,1509,system_server,-1,DisplayDeviceConfig,requesting nits when no mapping exists.]
12-09 10:58:12.259 1509 1927 E DisplayDeviceConfig: requesting nits when no mapping exists.
12-09 10:58:12.260 1509 1605 I am_wtf : [0,1509,system_server,-1,DisplayDeviceConfig,requesting nits when no mapping exists.]
12-09 10:58:12.275 1509 1927 E DisplayDeviceConfig: requesting nits when no mapping exists.
12-09 10:58:12.275 1509 1605 I am_wtf : [0,1509,system_server,-1,DisplayDeviceConfig,requesting nits when no mapping exists.]
12-09 10:58:12.275 1509 1927 E DisplayDeviceConfig: requesting nits when no mapping exists.
12-09 10:58:12.277 1509 1605 I am_wtf : [0,1509,system_server,-1,DisplayDeviceConfig,requesting nits when no mapping exists.]
12-09 10:58:12.292 1509 1927 E DisplayDeviceConfig: requesting nits when no mapping exists.
12-09 10:58:12.292 1509 1927 E DisplayDeviceConfig: requesting nits when no mapping exists.
12-09 10:58:12.293 1509 1605 I am_wtf : [0,1509,system_server,-1,DisplayDeviceConfig,requesting nits when no mapping exists.]
12-09 10:58:12.295 1509 1605 I am_wtf : [0,1509,system_server,-1,DisplayDeviceConfig,requesting nits when no mapping exists.]
12-09 10:58:12.309 1509 1927 E DisplayDeviceConfig: requesting nits when no mapping exists.
12-09 10:58:12.309 1509 1927 E DisplayDeviceConfig: requesting nits when no mapping exists.
12-09 10:58:12.310 1509 1605 I am_wtf : [0,1509,system_server,-1,DisplayDeviceConfig,requesting nits when no mapping exists.]
12-09 10:58:12.311 1509 1605 I am_wtf : [0,1509,system_server,-1,DisplayDeviceConfig,requesting nits when no mapping exists.]
12-09 10:58:12.325 1509 1927 E DisplayDeviceConfig: requesting nits when no mapping exists.
12-09 10:58:12.326 1509 1927 E DisplayDeviceConfig: requesting nits when no mapping exists.
12-09 10:58:12.326 1509 1605 I am_wtf : [0,1509,system_server,-1,DisplayDeviceConfig,requesting nits when no mapping exists.]
12-09 10:58:12.327 1509 1605 I am_wtf : [0,1509,system_server,-1,DisplayDeviceConfig,requesting nits when no mapping exists.]
12-09 10:58:12.342 1509 1927 E DisplayDeviceConfig: requesting nits when no mapping exists.
12-09 10:58:12.343 1509 1605 I am_wtf : [0,1509,system_server,-1,DisplayDeviceConfig,requesting nits when no mapping exists.]
12-09 10:58:12.343 1509 1927 E DisplayDeviceConfig: requesting nits when no mapping exists.
12-09 10:58:12.343 1509 1605 I am_wtf : [0,1509,system_server,-1,DisplayDeviceConfig,requesting nits when no mapping exists.]
12-09 10:58:12.359 1509 1927 E DisplayDeviceConfig: requesting nits when no mapping exists.
12-09 10:58:12.360 1509 1605 I am_wtf : [0,1509,system_server,-1,DisplayDeviceConfig,requesting nits when no mapping exists.]
12-09 10:58:12.360 1509 1927 E DisplayDeviceConfig: requesting nits when no mapping exists.
12-09 10:58:12.361 1509 1605 I am_wtf : [0,1509,system_server,-1,DisplayDeviceConfig,requesting nits when no mapping exists.]
12-09 10:58:12.375 1509 1927 E DisplayDeviceConfig: requesting nits when no mapping exists.
12-09 10:58:12.376 1509 1927 E DisplayDeviceConfig: requesting nits when no mapping exists.
12-09 10:58:12.376 1509 1605 I am_wtf : [0,1509,system_server,-1,DisplayDeviceConfig,requesting nits when no mapping exists.]
12-09 10:58:12.377 1509 1605 I am_wtf : [0,1509,system_server,-1,DisplayDeviceConfig,requesting nits when no mapping exists.]
12-09 10:58:12.392 1509 1927 E DisplayDeviceConfig: requesting nits when no mapping exists.
12-09 10:58:12.392 1509 1605 I am_wtf : [0,1509,system_server,-1,DisplayDeviceConfig,requesting nits when no mapping exists.]
12-09 10:58:12.392 1509 1927 E DisplayDeviceConfig: requesting nits when no mapping exists.
12-09 10:58:12.393 1509 1605 I am_wtf : [0,1509,system_server,-1,DisplayDeviceConfig,requesting nits when no mapping exists.]
12-09 10:58:12.408 1509 1927 E DisplayDeviceConfig: requesting nits when no mapping exists.
12-09 10:58:12.409 1509 1605 I am_wtf : [0,1509,system_server,-1,DisplayDeviceConfig,requesting nits when no mapping exists.]
12-09 10:58:12.409 1509 1927 E DisplayDeviceConfig: requesting nits when no mapping exists.
12-09 10:58:12.410 1509 1605 I am_wtf : [0,1509,system_server,-1,DisplayDeviceConfig,requesting nits when no mapping exists.]
12-09 10:58:12.425 1509 1927 E DisplayDeviceConfig: requesting nits when no mapping exists.
12-09 10:58:12.426 1509 1605 I am_wtf : [0,1509,system_server,-1,DisplayDeviceConfig,requesting nits when no mapping exists.]
12-09 10:58:12.426 1509 1927 E DisplayDeviceConfig: requesting nits when no mapping exists.
12-09 10:58:12.427 1509 1605 I am_wtf : [0,1509,system_server,-1,DisplayDeviceConfig,requesting nits when no mapping exists.]
12-09 10:58:12.442 1509 1927 E DisplayDeviceConfig: requesting nits when no mapping exists.
12-09 10:58:12.443 1509 1605 I am_wtf : [0,1509,system_server,-1,DisplayDeviceConfig,requesting nits when no mapping exists.]
12-09 10:58:12.443 1509 1927 E DisplayDeviceConfig: requesting nits when no mapping exists.
12-09 10:58:12.443 1509 1605 I am_wtf : [0,1509,system_server,-1,DisplayDeviceConfig,requesting nits when no mapping exists.]
12-09 10:58:12.459 1509 1927 E DisplayDeviceConfig: requesting nits when no mapping exists.
12-09 10:58:12.459 1509 1605 I am_wtf : [0,1509,system_server,-1,DisplayDeviceConfig,requesting nits when no mapping exists.]
12-09 10:58:12.459 1509 1927 E DisplayDeviceConfig: requesting nits when no mapping exists.
12-09 10:58:12.460 1509 1605 I am_wtf : [0,1509,system_server,-1,DisplayDeviceConfig,requesting nits when no mapping exists.]
12-09 10:58:12.475 1509 1927 E DisplayDeviceConfig: requesting nits when no mapping exists.
12-09 10:58:12.476 1509 1605 I am_wtf : [0,1509,system_server,-1,DisplayDeviceConfig,requesting nits when no mapping exists.]
12-09 10:58:12.476 1509 1927 E DisplayDeviceConfig: requesting nits when no mapping exists.
12-09 10:58:12.477 1509 1605 I am_wtf : [0,1509,system_server,-1,DisplayDeviceConfig,requesting nits when no mapping exists.]
12-09 10:58:12.492 1509 1927 E DisplayDeviceConfig: requesting nits when no mapping exists.
12-09 10:58:12.493 1509 1927 E DisplayDeviceConfig: requesting nits when no mapping exists.
12-09 10:58:12.494 1509 1605 I am_wtf : [0,1509,system_server,-1,DisplayDeviceConfig,requesting nits when no mapping exists.]
12-09 10:58:12.495 1509 1605 I am_wtf : [0,1509,system_server,-1,DisplayDeviceConfig,requesting nits when no mapping exists.]
12-09 10:58:12.509 1509 1927 E DisplayDeviceConfig: requesting nits when no mapping exists.
12-09 10:58:12.509 1509 1605 I am_wtf : [0,1509,system_server,-1,DisplayDeviceConfig,requesting nits when no mapping exists.]
12-09 10:58:12.509 1509 1927 E DisplayDeviceConfig: requesting nits when no mapping exists.
12-09 10:58:12.511 1509 1605 I am_wtf : [0,1509,system_server,-1,DisplayDeviceConfig,requesting nits when no mapping exists.]
12-09 10:58:12.526 1509 1927 E DisplayDeviceConfig: requesting nits when no mapping exists.
12-09 10:58:12.526 1509 1927 E DisplayDeviceConfig: requesting nits when no mapping exists.
12-09 10:58:12.526 1509 1605 I am_wtf : [0,1509,system_server,-1,DisplayDeviceConfig,requesting nits when no mapping exists.]
12-09 10:58:12.527 1509 1605 I am_wtf : [0,1509,system_server,-1,DisplayDeviceConfig,requesting nits when no mapping exists.]
12-09 10:58:12.542 1509 1927 E DisplayDeviceConfig: requesting nits when no mapping exists.
12-09 10:58:12.543 1509 1927 E DisplayDeviceConfig: requesting nits when no mapping exists.
12-09 10:58:12.543 1509 1605 I am_wtf : [0,1509,system_server,-1,DisplayDeviceConfig,requesting nits when no mapping exists.]
12-09 10:58:12.544 1509 1605 I am_wtf : [0,1509,system_server,-1,DisplayDeviceConfig,requesting nits when no mapping exists.]
12-09 10:58:12.559 1509 1927 E DisplayDeviceConfig: requesting nits when no mapping exists.
12-09 10:58:12.559 1509 1605 I am_wtf : [0,1509,system_server,-1,DisplayDeviceConfig,requesting nits when no mapping exists.]
12-09 10:58:12.559 1509 1927 E DisplayDeviceConfig: requesting nits when no mapping exists.
12-09 10:58:12.560 1509 1605 I am_wtf : [0,1509,system_server,-1,DisplayDeviceConfig,requesting nits when no mapping exists.]
12-09 10:58:12.576 1509 1927 E DisplayDeviceConfig: requesting nits when no mapping exists.
12-09 10:58:12.577 1509 1605 I am_wtf : [0,1509,system_server,-1,DisplayDeviceConfig,requesting nits when no mapping exists.]
12-09 10:58:12.577 1509 1927 E DisplayDeviceConfig: requesting nits when no mapping exists.
12-09 10:58:12.577 1509 1605 I service_manager_stats: [100,78,111286]
12-09 10:58:12.577 1509 1605 I am_wtf : [0,1509,system_server,-1,DisplayDeviceConfig,requesting nits when no mapping exists.]
12-09 10:58:12.592 1509 1927 E DisplayDeviceConfig: requesting nits when no mapping exists.
12-09 10:58:12.593 1509 1605 I am_wtf : [0,1509,system_server,-1,DisplayDeviceConfig,requesting nits when no mapping exists.]
12-09 10:58:12.593 1509 1927 E DisplayDeviceConfig: requesting nits when no mapping exists.
12-09 10:58:12.594 1509 1605 I am_wtf : [0,1509,system_server,-1,DisplayDeviceConfig,requesting nits when no mapping exists.]
12-09 10:58:12.609 1509 1927 E DisplayDeviceConfig: requesting nits when no mapping exists.
12-09 10:58:12.610 1509 1927 E DisplayDeviceConfig: requesting nits when no mapping exists.
12-09 10:58:12.610 1509 1605 I am_wtf : [0,1509,system_server,-1,DisplayDeviceConfig,requesting nits when no mapping exists.]
12-09 10:58:12.611 1509 1605 I am_wtf : [0,1509,system_server,-1,DisplayDeviceConfig,requesting nits when no mapping exists.]
12-09 10:58:12.626 1509 1927 E DisplayDeviceConfig: requesting nits when no mapping exists.
12-09 10:58:12.626 1509 1605 I am_wtf : [0,1509,system_server,-1,DisplayDeviceConfig,requesting nits when no mapping exists.]
12-09 10:58:12.626 1509 1927 E DisplayDeviceConfig: requesting nits when no mapping exists.
12-09 10:58:12.627 1509 1605 I am_wtf : [0,1509,system_server,-1,DisplayDeviceConfig,requesting nits when no mapping exists.]
12-09 10:58:12.642 1509 1927 E DisplayDeviceConfig: requesting nits when no mapping exists.
12-09 10:58:12.643 1509 1605 I am_wtf : [0,1509,system_server,-1,DisplayDeviceConfig,requesting nits when no mapping exists.]
12-09 10:58:12.643 1509 1927 E DisplayDeviceConfig: requesting nits when no mapping exists.
12-09 10:58:12.643 1509 1605 I am_wtf : [0,1509,system_server,-1,DisplayDeviceConfig,requesting nits when no mapping exists.]
12-09 10:58:12.659 1509 1927 E DisplayDeviceConfig: requesting nits when no mapping exists.
12-09 10:58:12.660 1509 1927 E DisplayDeviceConfig: requesting nits when no mapping exists.
12-09 10:58:12.660 1509 1605 I am_wtf : [0,1509,system_server,-1,DisplayDeviceConfig,requesting nits when no mapping exists.]
12-09 10:58:12.661 1509 1605 I am_wtf : [0,1509,system_server,-1,DisplayDeviceConfig,requesting nits when no mapping exists.]
12-09 10:58:12.676 1509 1927 E DisplayDeviceConfig: requesting nits when no mapping exists.
12-09 10:58:12.676 1509 1605 I am_wtf : [0,1509,system_server,-1,DisplayDeviceConfig,requesting nits when no mapping exists.]
12-09 10:58:12.676 1509 1927 E DisplayDeviceConfig: requesting nits when no mapping exists.
12-09 10:58:12.677 1509 1605 I am_wtf : [0,1509,system_server,-1,DisplayDeviceConfig,requesting nits when no mapping exists.]
12-09 10:58:12.693 1509 1927 E DisplayDeviceConfig: requesting nits when no mapping exists.
12-09 10:58:12.694 1509 1605 I am_wtf : [0,1509,system_server,-1,DisplayDeviceConfig,requesting nits when no mapping exists.]
12-09 10:58:12.694 1509 1927 E DisplayDeviceConfig: requesting nits when no mapping exists.
12-09 10:58:12.695 1509 1605 I am_wtf : [0,1509,system_server,-1,DisplayDeviceConfig,requesting nits when no mapping exists.]
12-09 10:58:12.709 1509 1927 E DisplayDeviceConfig: requesting nits when no mapping exists.
12-09 10:58:12.710 1509 1605 I am_wtf : [0,1509,system_server,-1,DisplayDeviceConfig,requesting nits when no mapping exists.]
12-09 10:58:12.710 1509 1927 E DisplayDeviceConfig: requesting nits when no mapping exists.
12-09 10:58:12.711 1509 1605 I am_wtf : [0,1509,system_server,-1,DisplayDeviceConfig,requesting nits when no mapping exists.]
12-09 10:58:12.726 1509 1927 E DisplayDeviceConfig: requesting nits when no mapping exists.
12-09 10:58:12.727 1509 1927 E DisplayDeviceConfig: requesting nits when no mapping exists.
12-09 10:58:12.727 1509 1605 I am_wtf : [0,1509,system_server,-1,DisplayDeviceConfig,requesting nits when no mapping exists.]
12-09 10:58:12.728 1509 1605 I am_wtf : [0,1509,system_server,-1,DisplayDeviceConfig,requesting nits when no mapping exists.]
12-09 10:58:12.743 1509 1927 E DisplayDeviceConfig: requesting nits when no mapping exists.
12-09 10:58:12.743 1509 1605 I am_wtf : [0,1509,system_server,-1,DisplayDeviceConfig,requesting nits when no mapping exists.]
12-09 10:58:12.743 1509 1927 E DisplayDeviceConfig: requesting nits when no mapping exists.
12-09 10:58:12.744 1509 1605 I am_wtf : [0,1509,system_server,-1,DisplayDeviceConfig,requesting nits when no mapping exists.]
12-09 10:58:12.760 1509 1927 E DisplayDeviceConfig: requesting nits when no mapping exists.
12-09 10:58:12.760 1509 1927 E DisplayDeviceConfig: requesting nits when no mapping exists.
12-09 10:58:12.762 1509 1605 I am_wtf : [0,1509,system_server,-1,DisplayDeviceConfig,requesting nits when no mapping exists.]
12-09 10:58:12.762 1509 1605 I am_wtf : [0,1509,system_server,-1,DisplayDeviceConfig,requesting nits when no mapping exists.]
12-09 10:58:12.776 1509 1927 E DisplayDeviceConfig: requesting nits when no mapping exists.
12-09 10:58:12.777 1509 1605 I am_wtf : [0,1509,system_server,-1,DisplayDeviceConfig,requesting nits when no mapping exists.]
12-09 10:58:12.777 1509 1927 E DisplayDeviceConfig: requesting nits when no mapping exists.
12-09 10:58:12.778 1509 1605 I am_wtf : [0,1509,system_server,-1,DisplayDeviceConfig,requesting nits when no mapping exists.]
12-09 10:58:12.793 1509 1927 E DisplayDeviceConfig: requesting nits when no mapping exists.
12-09 10:58:12.793 1509 1605 I am_wtf : [0,1509,system_server,-1,DisplayDeviceConfig,requesting nits when no mapping exists.]
12-09 10:58:12.793 1509 1927 E DisplayDeviceConfig: requesting nits when no mapping exists.
12-09 10:58:12.794 1509 1605 I am_wtf : [0,1509,system_server,-1,DisplayDeviceConfig,requesting nits when no mapping exists.]
12-09 10:58:12.810 1509 1927 E DisplayDeviceConfig: requesting nits when no mapping exists.
12-09 10:58:12.810 1509 1605 I am_wtf : [0,1509,system_server,-1,DisplayDeviceConfig,requesting nits when no mapping exists.]
12-09 10:58:12.810 1509 1927 E DisplayDeviceConfig: requesting nits when no mapping exists.
12-09 10:58:12.811 1509 1605 I am_wtf : [0,1509,system_server,-1,DisplayDeviceConfig,requesting nits when no mapping exists.]
12-09 10:58:12.827 1509 1927 E DisplayDeviceConfig: requesting nits when no mapping exists.
12-09 10:58:12.827 1509 1927 E DisplayDeviceConfig: requesting nits when no mapping exists.
12-09 10:58:12.827 1509 1605 I am_wtf : [0,1509,system_server,-1,DisplayDeviceConfig,requesting nits when no mapping exists.]
12-09 10:58:12.828 1509 1605 I am_wtf : [0,1509,system_server,-1,DisplayDeviceConfig,requesting nits when no mapping exists.]
12-09 10:58:12.843 1509 1927 E DisplayDeviceConfig: requesting nits when no mapping exists.
12-09 10:58:12.844 1509 1927 E DisplayDeviceConfig: requesting nits when no mapping exists.
12-09 10:58:12.844 1509 1605 I am_wtf : [0,1509,system_server,-1,DisplayDeviceConfig,requesting nits when no mapping exists.]
12-09 10:58:12.845 1509 1605 I am_wtf : [0,1509,system_server,-1,DisplayDeviceConfig,requesting nits when no mapping exists.]
12-09 10:58:12.860 1509 1927 E DisplayDeviceConfig: requesting nits when no mapping exists.
12-09 10:58:12.860 1509 1605 I am_wtf : [0,1509,system_server,-1,DisplayDeviceConfig,requesting nits when no mapping exists.]
12-09 10:58:12.860 1509 1927 E DisplayDeviceConfig: requesting nits when no mapping exists.
12-09 10:58:12.861 1509 1605 I am_wtf : [0,1509,system_server,-1,DisplayDeviceConfig,requesting nits when no mapping exists.]
12-09 10:58:12.876 1509 1927 E DisplayDeviceConfig: requesting nits when no mapping exists.
12-09 10:58:12.877 1509 1605 I am_wtf : [0,1509,system_server,-1,DisplayDeviceConfig,requesting nits when no mapping exists.]
12-09 10:58:12.877 1509 1927 E DisplayDeviceConfig: requesting nits when no mapping exists.
12-09 10:58:12.877 1509 1605 I am_wtf : [0,1509,system_server,-1,DisplayDeviceConfig,requesting nits when no mapping exists.]
12-09 10:58:12.893 1509 1927 E DisplayDeviceConfig: requesting nits when no mapping exists.
12-09 10:58:12.894 1509 1605 I am_wtf : [0,1509,system_server,-1,DisplayDeviceConfig,requesting nits when no mapping exists.]
12-09 10:58:12.895 1509 1927 E DisplayDeviceConfig: requesting nits when no mapping exists.
12-09 10:58:12.895 1509 1605 I am_wtf : [0,1509,system_server,-1,DisplayDeviceConfig,requesting nits when no mapping exists.]
12-09 10:58:12.910 1509 1927 E DisplayDeviceConfig: requesting nits when no mapping exists.
12-09 10:58:12.911 1509 1605 I am_wtf : [0,1509,system_server,-1,DisplayDeviceConfig,requesting nits when no mapping exists.]
12-09 10:58:12.911 1509 1927 E DisplayDeviceConfig: requesting nits when no mapping exists.
12-09 10:58:12.912 1509 1605 I am_wtf : [0,1509,system_server,-1,DisplayDeviceConfig,requesting nits when no mapping exists.]
12-09 10:58:12.926 1509 1927 E DisplayDeviceConfig: requesting nits when no mapping exists.
12-09 10:58:12.927 1509 1605 I am_wtf : [0,1509,system_server,-1,DisplayDeviceConfig,requesting nits when no mapping exists.]
12-09 10:58:12.927 1509 1927 E DisplayDeviceConfig: requesting nits when no mapping exists.
12-09 10:58:12.928 1509 1605 I am_wtf : [0,1509,system_server,-1,DisplayDeviceConfig,requesting nits when no mapping exists.]
12-09 10:58:12.944 1509 1927 E DisplayDeviceConfig: requesting nits when no mapping exists.
12-09 10:58:12.944 1509 1605 I am_wtf : [0,1509,system_server,-1,DisplayDeviceConfig,requesting nits when no mapping exists.]
12-09 10:58:12.944 1509 1927 E DisplayDeviceConfig: requesting nits when no mapping exists.
12-09 10:58:12.945 1509 1605 I am_wtf : [0,1509,system_server,-1,DisplayDeviceConfig,requesting nits when no mapping exists.]
12-09 10:58:12.960 1509 1927 E DisplayDeviceConfig: requesting nits when no mapping exists.
12-09 10:58:12.961 1509 1605 I am_wtf : [0,1509,system_server,-1,DisplayDeviceConfig,requesting nits when no mapping exists.]
12-09 10:58:12.961 1509 1927 E DisplayDeviceConfig: requesting nits when no mapping exists.
12-09 10:58:12.962 1509 1605 I am_wtf : [0,1509,system_server,-1,DisplayDeviceConfig,requesting nits when no mapping exists.]
12-09 10:58:12.977 1509 1927 E DisplayDeviceConfig: requesting nits when no mapping exists.
12-09 10:58:12.978 1509 1605 I am_wtf : [0,1509,system_server,-1,DisplayDeviceConfig,requesting nits when no mapping exists.]
12-09 10:58:12.978 1509 1927 E DisplayDeviceConfig: requesting nits when no mapping exists.
12-09 10:58:12.979 1509 1605 I am_wtf : [0,1509,system_server,-1,DisplayDeviceConfig,requesting nits when no mapping exists.]
12-09 10:58:12.993 1509 1927 E DisplayDeviceConfig: requesting nits when no mapping exists.
12-09 10:58:12.994 1509 1927 E DisplayDeviceConfig: requesting nits when no mapping exists.
12-09 10:58:12.994 1509 1605 I am_wtf : [0,1509,system_server,-1,DisplayDeviceConfig,requesting nits when no mapping exists.]
12-09 10:58:12.995 1509 1605 I am_wtf : [0,1509,system_server,-1,DisplayDeviceConfig,requesting nits when no mapping exists.]
12-09 10:58:13.010 1509 1927 E DisplayDeviceConfig: requesting nits when no mapping exists.
12-09 10:58:13.011 1509 1605 I am_wtf : [0,1509,system_server,-1,DisplayDeviceConfig,requesting nits when no mapping exists.]
12-09 10:58:13.012 1509 1927 E DisplayDeviceConfig: requesting nits when no mapping exists.
12-09 10:58:13.012 1509 1605 I am_wtf : [0,1509,system_server,-1,DisplayDeviceConfig,requesting nits when no mapping exists.]
12-09 10:58:13.027 1509 1927 E DisplayDeviceConfig: requesting nits when no mapping exists.
12-09 10:58:13.027 1509 1605 I am_wtf : [0,1509,system_server,-1,DisplayDeviceConfig,requesting nits when no mapping exists.]
12-09 10:58:13.027 1509 1927 E DisplayDeviceConfig: requesting nits when no mapping exists.
12-09 10:58:13.028 1509 1605 I am_wtf : [0,1509,system_server,-1,DisplayDeviceConfig,requesting nits when no mapping exists.]
12-09 10:58:13.044 1509 1927 E DisplayDeviceConfig: requesting nits when no mapping exists.
12-09 10:58:13.045 1509 1605 I am_wtf : [0,1509,system_server,-1,DisplayDeviceConfig,requesting nits when no mapping exists.]
12-09 10:58:13.045 1509 1927 E DisplayDeviceConfig: requesting nits when no mapping exists.
12-09 10:58:13.046 1509 1605 I am_wtf : [0,1509,system_server,-1,DisplayDeviceConfig,requesting nits when no mapping exists.]
12-09 10:58:13.061 1509 1927 E DisplayDeviceConfig: requesting nits when no mapping exists.
12-09 10:58:13.061 1509 1605 I am_wtf : [0,1509,system_server,-1,DisplayDeviceConfig,requesting nits when no mapping exists.]
12-09 10:58:13.061 1509 1927 E DisplayDeviceConfig: requesting nits when no mapping exists.
12-09 10:58:13.062 1509 1605 I am_wtf : [0,1509,system_server,-1,DisplayDeviceConfig,requesting nits when no mapping exists.]
12-09 10:58:13.077 1509 1927 E DisplayDeviceConfig: requesting nits when no mapping exists.
12-09 10:58:13.078 1509 1605 I am_wtf : [0,1509,system_server,-1,DisplayDeviceConfig,requesting nits when no mapping exists.]
12-09 10:58:13.079 1509 1927 E DisplayDeviceConfig: requesting nits when no mapping exists.
12-09 10:58:13.080 1509 1605 I am_wtf : [0,1509,system_server,-1,DisplayDeviceConfig,requesting nits when no mapping exists.]
12-09 10:58:13.094 1509 1927 E DisplayDeviceConfig: requesting nits when no mapping exists.
12-09 10:58:13.095 1509 1605 I am_wtf : [0,1509,system_server,-1,DisplayDeviceConfig,requesting nits when no mapping exists.]
12-09 10:58:13.095 1509 1927 E DisplayDeviceConfig: requesting nits when no mapping exists.
12-09 10:58:13.096 1509 1605 I am_wtf : [0,1509,system_server,-1,DisplayDeviceConfig,requesting nits when no mapping exists.]
12-09 10:58:13.111 1509 1927 E DisplayDeviceConfig: requesting nits when no mapping exists.
12-09 10:58:13.111 1509 1605 I am_wtf : [0,1509,system_server,-1,DisplayDeviceConfig,requesting nits when no mapping exists.]
12-09 10:58:13.112 1509 1927 E DisplayDeviceConfig: requesting nits when no mapping exists.
12-09 10:58:13.113 1509 1605 I am_wtf : [0,1509,system_server,-1,DisplayDeviceConfig,requesting nits when no mapping exists.]
12-09 10:58:13.128 1509 1927 E DisplayDeviceConfig: requesting nits when no mapping exists.
12-09 10:58:13.128 1509 1605 I am_wtf : [0,1509,system_server,-1,DisplayDeviceConfig,requesting nits when no mapping exists.]
12-09 10:58:13.128 1509 1927 E DisplayDeviceConfig: requesting nits when no mapping exists.
12-09 10:58:13.130 1509 1605 I am_wtf : [0,1509,system_server,-1,DisplayDeviceConfig,requesting nits when no mapping exists.]
12-09 10:58:13.144 1509 1927 E DisplayDeviceConfig: requesting nits when no mapping exists.
12-09 10:58:13.144 1509 1605 I am_wtf : [0,1509,system_server,-1,DisplayDeviceConfig,requesting nits when no mapping exists.]
12-09 10:58:13.145 1509 1927 E DisplayDeviceConfig: requesting nits when no mapping exists.
12-09 10:58:13.146 1509 1605 I am_wtf : [0,1509,system_server,-1,DisplayDeviceConfig,requesting nits when no mapping exists.]
12-09 10:58:13.203 0 0 I auditd : type=1400 audit(0.0:21474): avc: denied { kill } for comm="swapper/1" capability=5 scontext=u:r:kernel:s0 tcontext=u:r:kernel:s0 tclass=capability permissive=0
12-09 10:58:14.203 0 0 I auditd : type=1400 audit(0.0:21475): avc: denied { kill } for comm="swapper/1" capability=5 scontext=u:r:kernel:s0 tcontext=u:r:kernel:s0 tclass=capability permissive=0
12-09 10:58:15.203 0 0 I auditd : type=1400 audit(0.0:21476): avc: denied { kill } for comm="swapper/1" capability=5 scontext=u:r:kernel:s0 tcontext=u:r:kernel:s0 tclass=capability permissive=0
12-09 10:58:16.203 0 0 I auditd : type=1400 audit(0.0:21477): avc: denied { kill } for comm="swapper/1" capability=5 scontext=u:r:kernel:s0 tcontext=u:r:kernel:s0 tclass=capability permissive=0
12-09 10:58:17.203 0 0 I auditd : type=1400 audit(0.0:21478): avc: denied { kill } for comm="swapper/1" capability=5 scontext=u:r:kernel:s0 tcontext=u:r:kernel:s0 tclass=capability permissive=0
12-09 10:58:18.203 0 0 I auditd : type=1400 audit(0.0:21479): avc: denied { kill } for comm="swapper/1" capability=5 scontext=u:r:kernel:s0 tcontext=u:r:kernel:s0 tclass=capability permissive=0
12-09 10:58:19.181 1509 1621 I PowerManagerService: Napping display group (groupId=0, uid=1000)...
12-09 10:58:19.182 1509 1621 I PowerManagerService: Nap time (uid 1000)...
12-09 10:58:19.183 1509 1621 I DreamManagerService: Entering dreamland.
12-09 10:58:19.187 1509 1621 I PowerManagerService: Dreaming...
12-09 10:58:19.198 1509 1594 I DreamController: Starting dream: name=ComponentInfo{com.thundercomm.screensaver/com.thundercomm.screensaver.service.SystemScreensaverDream}, isTest=false, canDoze=false, userId=0
12-09 10:58:19.198 1509 1594 I sysui_multi_action: [757,222,758,1]
12-09 10:58:19.202 1509 1594 I am_uid_active: 10051
12-09 10:58:19.203 0 0 I auditd : type=1400 audit(0.0:21480): avc: denied { kill } for comm="swapper/1" capability=5 scontext=u:r:kernel:s0 tcontext=u:r:kernel:s0 tclass=capability permissive=0
12-09 10:58:19.216 1509 6786 I ActivityTaskManager: START u0 {flg=0x10000000 pkg=com.thundercomm.screensaver cmp=com.thundercomm.screensaver/android.service.dreams.DreamActivity (has extras)} from uid 10051
12-09 10:58:19.219 1509 6786 I wm_task_created: [170,-1]
12-09 10:58:19.219 1509 6786 W ActivityTaskManager: Can't find TaskDisplayArea to determine support for multi window. Task id=170 attached=false
12-09 10:58:19.224 1509 6786 I wm_task_moved: [170,1,7]
12-09 10:58:19.224 1509 6786 I wm_task_to_front: [0,170]
12-09 10:58:19.225 1509 6786 I wm_create_task: [0,170]
12-09 10:58:19.225 1509 6786 I wm_create_activity: [0,253107032,170,com.thundercomm.screensaver/android.service.dreams.DreamActivity,NULL,NULL,NULL,276824064]
12-09 10:58:19.225 1509 6786 I wm_task_moved: [170,1,7]
12-09 10:58:19.225 20422 20422 I wm_on_top_resumed_lost_called: [55022223,com.android.settings.Settings,topStateChangedWhenResumed]
12-09 10:58:19.228 1509 6786 I wm_pause_activity: [0,55022223,com.android.settings/.Settings,userLeaving=true,pauseBackTasks]
12-09 10:58:19.232 1509 1604 I am_pss : [20422,1000,com.android.settings,253863936,223522816,0,432513024,0,2,21]
12-09 10:58:19.236 20422 20422 I sysui_multi_action: [757,35,758,2,1089,100019]
12-09 10:58:19.236 20422 20422 I sysui_multi_action: [757,65,758,2,1089,83874]
12-09 10:58:19.236 20422 20422 I wm_on_paused_called: [55022223,com.android.settings.Settings,performPause]
12-09 10:58:19.238 1509 6639 I ActivityTaskManager: FOREGROUND_APPLICATION_CHANGED to android.service.dreams.DreamActivity
12-09 10:58:19.239 1509 6639 I ActivityTaskManager: The Process com.thundercomm.screensaver Already Exists in BG. So sending its PID: 5084
12-09 10:58:19.239 1509 6639 W ActivityTaskManager: Tried to set launchTime (0) < mLastActivityLaunchTime (19945421)
12-09 10:58:19.239 1509 6639 I wm_add_to_stopping: [0,55022223,com.android.settings/.Settings,makeInvisible]
12-09 10:58:19.241 1509 6639 I wm_restart_activity: [0,253107032,170,com.thundercomm.screensaver/android.service.dreams.DreamActivity]
12-09 10:58:19.242 1509 6639 I wm_set_resumed_activity: [0,com.thundercomm.screensaver/android.service.dreams.DreamActivity,minimalResumeActivityLocked]
12-09 10:58:19.255 1509 1597 I sysui_multi_action: [757,803,799,window_time_0,802,100]
12-09 10:58:19.257 12356 12373 W ContextImpl: Calling a method in the system process without a qualified user: android.app.ContextImpl.startService:1816 android.content.ContextWrapper.startService:774 com.thundercomm.gamemode.ingame.services.GameModeActionUtils.startGameModeService:99 com.thundercomm.gamemode.ingame.services.GameModeActionUtils.startGameModeEntry:22 com.thundercomm.gamemode.ingame.services.ActivityMonitoringService$1.onActivityLaunch:127
12-09 10:58:19.261 1509 1680 I input_focus: [Focus leaving 976e814 com.android.settings/com.android.settings.Settings (server),reason=NO_WINDOW]
12-09 10:58:19.262 1509 1509 I GameModeConfig: Current uri is uri = content://com.thundercomm.gamemode.api/gamemode_settings/gamemode_isgaming
12-09 10:58:19.262 1509 1509 I am_uid_active: 10064
12-09 10:58:19.264 1509 1509 I GameModeConfig: isGameModeOn = false
12-09 10:58:19.264 5084 5084 I wm_on_create_called: [253107032,android.service.dreams.DreamActivity,performCreate]
12-09 10:58:19.265 1509 1509 I GameModeConfig: isGameModeOn = false
12-09 10:58:19.265 1509 1509 I GameModeConfig: isDisableVoice = true
12-09 10:58:19.265 5084 5084 I wm_on_start_called: [253107032,android.service.dreams.DreamActivity,handleStartActivity]
12-09 10:58:19.266 5084 5084 I wm_on_resume_called: [253107032,android.service.dreams.DreamActivity,RESUME_ACTIVITY]
12-09 10:58:19.268 1509 6639 W WindowManager: Failed looking up window session=Session{94bf14e 5084:u0a10051} callers=com.android.server.wm.WindowManagerService.windowForClientLocked:5628 com.android.server.wm.Session.insetsModified:629 android.view.IWindowSession$Stub.onTransact:1151
12-09 10:58:19.273 5084 5084 I wm_on_top_resumed_gained_called: [253107032,android.service.dreams.DreamActivity,topStateChangedWhenResumed]
12-09 10:58:19.274 1509 1604 I am_pss : [20489,10061,com.android.soundrecorder,5714944,3813376,0,89079808,0,19,5]
12-09 10:58:19.281 1509 1604 I am_pss : [20487,10071,com.android.gallery3d,7947264,5451776,0,93335552,0,19,6]
12-09 10:58:19.290 1509 1598 I input_focus: [Focus request 27d9504 com.thundercomm.screensaver/android.service.dreams.DreamActivity,reason=UpdateInputWindows]
12-09 10:58:19.291 1509 1737 I GameModeConfig: isGameModeOn = false
12-09 10:58:19.291 1509 1737 I GameModeConfig: isGameModeOn = false
12-09 10:58:19.291 1509 1737 I GameModeConfig: isGameModeOn = false
12-09 10:58:19.291 1509 1737 I GameModeConfig: isGameModeOn = false
12-09 10:58:19.296 1509 1509 I notification_enqueue: [10082,1962,com.android.systemui,2048,NULL,0,Notification(channel=updateNotification shortcut=null contentView=null vibrate=null sound=null defaults=0x0 flags=0x0 color=0x00000000 vis=PRIVATE),1]
12-09 10:58:19.298 1962 1962 I sysui_multi_action: [757,111,758,2]
12-09 10:58:19.302 1962 1962 I sysui_multi_action: [757,111,758,2]
12-09 10:58:19.308 1962 1962 I sysui_multi_action: [757,111,758,1]
12-09 10:58:19.308 1962 1962 I sysui_multi_action: [757,126,758,1,759,126,927,0,928,0,1593,0]
12-09 10:58:19.308 1962 1962 I sysui_multi_action: [757,113,758,1,759,113,927,1,928,1,1593,0]
12-09 10:58:19.308 1962 1962 I sysui_multi_action: [757,0,758,1,759,0,927,2,928,0,1593,0]
12-09 10:58:19.308 1962 1962 I sysui_multi_action: [757,0,758,1,759,0,927,3,928,0,1593,0]
12-09 10:58:19.309 1962 1962 I sysui_multi_action: [757,491,758,1,759,491,927,4,928,0,1311,-1,1593,0]
12-09 10:58:19.309 1962 1962 I sysui_multi_action: [757,0,758,1,759,0,927,5,928,0,1593,0]
12-09 10:58:19.309 1962 1962 I sysui_multi_action: [757,120,758,1,759,120,927,6,928,1,1593,0]
12-09 10:58:19.309 1962 1962 I sysui_multi_action: [757,111,758,1]
12-09 10:58:19.309 1962 1962 I sysui_multi_action: [757,126,758,1,759,126,927,0,928,0,1593,0]
12-09 10:58:19.309 1962 1962 I sysui_multi_action: [757,113,758,1,759,113,927,1,928,1,1593,0]
12-09 10:58:19.309 1962 1962 I sysui_multi_action: [757,0,758,1,759,0,927,2,928,0,1593,0]
12-09 10:58:19.309 1962 1962 I sysui_multi_action: [757,0,758,1,759,0,927,3,928,0,1593,0]
12-09 10:58:19.317 1509 1594 I sysui_multi_action: [319,95,322,85,325,20308,757,761,758,8,759,2,806,com.thundercomm.screensaver,871,android.service.dreams.DreamActivity,904,com.thundercomm.screensaver,905,0,1320,8,1321,5]
12-09 10:58:19.317 1509 1621 V DisplayPowerController[0]: Brightness [1.0] reason changing to: 'manual', previous reason: 'manual [ dim ]'.
12-09 10:58:19.317 1509 1621 I sysui_multi_action: [757,1696,758,6,759,3]
12-09 10:58:19.318 1509 1594 I wm_activity_launch_time: [0,253107032,com.thundercomm.screensaver/android.service.dreams.DreamActivity,85]
12-09 10:58:19.327 1509 1927 E DisplayDeviceConfig: requesting nits when no mapping exists.
12-09 10:58:19.328 1509 1927 E DisplayDeviceConfig: requesting nits when no mapping exists.
12-09 10:58:19.328 1509 1605 I am_wtf : [0,1509,system_server,-1,DisplayDeviceConfig,requesting nits when no mapping exists.]
12-09 10:58:19.328 1509 1605 I am_wtf : [0,1509,system_server,-1,DisplayDeviceConfig,requesting nits when no mapping exists.]
12-09 10:58:19.329 1509 1680 I input_focus: [Focus entering 27d9504 com.thundercomm.screensaver/android.service.dreams.DreamActivity (server),reason=Window became focusable. Previous reason: NOT_VISIBLE]
12-09 10:58:19.338 1509 1604 I am_pss : [20488,10067,com.android.deskclock,8755200,6205440,0,95989760,0,19,6]
12-09 10:58:19.344 1509 1927 E DisplayDeviceConfig: requesting nits when no mapping exists.
12-09 10:58:19.345 1509 1927 E DisplayDeviceConfig: requesting nits when no mapping exists.
12-09 10:58:19.345 1509 1605 I am_wtf : [0,1509,system_server,-1,DisplayDeviceConfig,requesting nits when no mapping exists.]
12-09 10:58:19.345 1509 1605 I am_wtf : [0,1509,system_server,-1,DisplayDeviceConfig,requesting nits when no mapping exists.]
12-09 10:58:19.354 1509 1604 I am_pss : [20503,10069,com.android.calendar,6273024,3981312,0,91717632,0,19,6]
12-09 10:58:19.363 1509 1927 E DisplayDeviceConfig: requesting nits when no mapping exists.
12-09 10:58:19.363 1509 1927 E DisplayDeviceConfig: requesting nits when no mapping exists.
12-09 10:58:19.363 1509 1605 I am_wtf : [0,1509,system_server,-1,DisplayDeviceConfig,requesting nits when no mapping exists.]
12-09 10:58:19.367 1509 1605 I am_wtf : [0,1509,system_server,-1,DisplayDeviceConfig,requesting nits when no mapping exists.]
12-09 10:58:19.371 12356 12373 W ContextImpl: Calling a method in the system process without a qualified user: android.app.ContextImpl.startService:1816 android.content.ContextWrapper.startService:774 com.thundercomm.gamemode.ingame.services.GameModeActionUtils.startGameModeService:99 com.thundercomm.gamemode.ingame.services.GameModeActionUtils.startGameModeEntry:22 com.thundercomm.gamemode.ingame.services.ActivityMonitoringService$1.onActivityLaunch:127
12-09 10:58:19.377 1509 1509 I GameModeConfig: Current uri is uri = content://com.thundercomm.gamemode.api/gamemode_settings/gamemode_isgaming
12-09 10:58:19.378 1509 1927 E DisplayDeviceConfig: requesting nits when no mapping exists.
12-09 10:58:19.378 1509 1927 E DisplayDeviceConfig: requesting nits when no mapping exists.
12-09 10:58:19.378 1509 1605 I am_wtf : [0,1509,system_server,-1,DisplayDeviceConfig,requesting nits when no mapping exists.]
12-09 10:58:19.378 1509 1509 I GameModeConfig: isGameModeOn = false
12-09 10:58:19.379 1509 1605 I am_wtf : [0,1509,system_server,-1,DisplayDeviceConfig,requesting nits when no mapping exists.]
12-09 10:58:19.379 1509 1509 I GameModeConfig: isGameModeOn = false
12-09 10:58:19.379 1509 1509 I GameModeConfig: isDisableVoice = true
12-09 10:58:19.394 1509 1927 E DisplayDeviceConfig: requesting nits when no mapping exists.
12-09 10:58:19.395 1509 1605 I am_wtf : [0,1509,system_server,-1,DisplayDeviceConfig,requesting nits when no mapping exists.]
12-09 10:58:19.395 1509 1927 E DisplayDeviceConfig: requesting nits when no mapping exists.
12-09 10:58:19.395 1509 1605 I am_wtf : [0,1509,system_server,-1,DisplayDeviceConfig,requesting nits when no mapping exists.]
12-09 10:58:19.412 1509 1927 E DisplayDeviceConfig: requesting nits when no mapping exists.
12-09 10:58:19.412 1509 1927 E DisplayDeviceConfig: requesting nits when no mapping exists.
