12-09 10:31:17.313 1509 1927 E DisplayDeviceConfig: requesting nits when no mapping exists.
12-09 10:31:17.313 1509 1927 E DisplayDeviceConfig: requesting nits when no mapping exists.
12-09 10:31:17.330 1509 1927 E DisplayDeviceConfig: requesting nits when no mapping exists.
12-09 10:31:17.330 1509 1927 E DisplayDeviceConfig: requesting nits when no mapping exists.
12-09 10:31:17.347 1509 1927 E DisplayDeviceConfig: requesting nits when no mapping exists.
12-09 10:31:17.347 1509 1927 E DisplayDeviceConfig: requesting nits when no mapping exists.
12-09 10:31:17.364 1509 1927 E DisplayDeviceConfig: requesting nits when no mapping exists.
12-09 10:31:17.364 1509 1927 E DisplayDeviceConfig: requesting nits when no mapping exists.
12-09 10:31:17.380 1509 1927 E DisplayDeviceConfig: requesting nits when no mapping exists.
12-09 10:31:17.380 1509 1927 E DisplayDeviceConfig: requesting nits when no mapping exists.
12-09 10:31:17.397 1509 1927 E DisplayDeviceConfig: requesting nits when no mapping exists.
12-09 10:31:17.397 1509 1927 E DisplayDeviceConfig: requesting nits when no mapping exists.
12-09 10:31:17.413 1509 1927 E DisplayDeviceConfig: requesting nits when no mapping exists.
12-09 10:31:17.414 1509 1927 E DisplayDeviceConfig: requesting nits when no mapping exists.
12-09 10:31:17.431 1509 1927 E DisplayDeviceConfig: requesting nits when no mapping exists.
12-09 10:31:17.431 1509 1927 E DisplayDeviceConfig: requesting nits when no mapping exists.
12-09 10:31:17.447 1509 1927 E DisplayDeviceConfig: requesting nits when no mapping exists.
12-09 10:31:17.448 1509 1927 E DisplayDeviceConfig: requesting nits when no mapping exists.
12-09 10:31:17.463 1509 1927 E DisplayDeviceConfig: requesting nits when no mapping exists.
12-09 10:31:17.464 1509 1927 E DisplayDeviceConfig: requesting nits when no mapping exists.
12-09 10:31:17.480 1509 1927 E DisplayDeviceConfig: requesting nits when no mapping exists.
12-09 10:31:17.481 1509 1927 E DisplayDeviceConfig: requesting nits when no mapping exists.
12-09 10:31:17.497 1509 1927 E DisplayDeviceConfig: requesting nits when no mapping exists.
12-09 10:31:17.498 1509 1927 E DisplayDeviceConfig: requesting nits when no mapping exists.
12-09 10:31:17.514 1509 1927 E DisplayDeviceConfig: requesting nits when no mapping exists.
12-09 10:31:17.514 1509 1927 E DisplayDeviceConfig: requesting nits when no mapping exists.
12-09 10:31:17.531 1509 1927 E DisplayDeviceConfig: requesting nits when no mapping exists.
12-09 10:31:17.531 1509 1927 E DisplayDeviceConfig: requesting nits when no mapping exists.
12-09 10:31:17.547 1509 1927 E DisplayDeviceConfig: requesting nits when no mapping exists.
12-09 10:31:17.548 1509 1927 E DisplayDeviceConfig: requesting nits when no mapping exists.
12-09 10:31:17.564 1509 1927 E DisplayDeviceConfig: requesting nits when no mapping exists.
12-09 10:31:17.564 1509 1927 E DisplayDeviceConfig: requesting nits when no mapping exists.
12-09 10:31:17.580 1509 1927 E DisplayDeviceConfig: requesting nits when no mapping exists.
12-09 10:31:17.581 1509 1927 E DisplayDeviceConfig: requesting nits when no mapping exists.
12-09 10:31:17.597 1509 1927 E DisplayDeviceConfig: requesting nits when no mapping exists.
12-09 10:31:17.598 1509 1927 E DisplayDeviceConfig: requesting nits when no mapping exists.
12-09 10:31:17.614 1509 1927 E DisplayDeviceConfig: requesting nits when no mapping exists.
12-09 10:31:17.615 1509 1927 E DisplayDeviceConfig: requesting nits when no mapping exists.
12-09 10:31:17.631 1509 1927 E DisplayDeviceConfig: requesting nits when no mapping exists.
12-09 10:31:17.631 1509 1927 E DisplayDeviceConfig: requesting nits when no mapping exists.
12-09 10:31:17.647 1509 1927 E DisplayDeviceConfig: requesting nits when no mapping exists.
12-09 10:31:17.648 1509 1927 E DisplayDeviceConfig: requesting nits when no mapping exists.
12-09 10:31:17.664 1509 1927 E DisplayDeviceConfig: requesting nits when no mapping exists.
12-09 10:31:17.665 1509 1927 E DisplayDeviceConfig: requesting nits when no mapping exists.
12-09 10:31:17.680 1509 1927 E DisplayDeviceConfig: requesting nits when no mapping exists.
12-09 10:31:17.682 1509 1927 E DisplayDeviceConfig: requesting nits when no mapping exists.
12-09 10:31:17.697 1509 1927 E DisplayDeviceConfig: requesting nits when no mapping exists.
12-09 10:31:17.698 1509 1927 E DisplayDeviceConfig: requesting nits when no mapping exists.
12-09 10:31:17.714 1509 1927 E DisplayDeviceConfig: requesting nits when no mapping exists.
12-09 10:31:17.716 1509 1927 E DisplayDeviceConfig: requesting nits when no mapping exists.
12-09 10:31:17.731 1509 1927 E DisplayDeviceConfig: requesting nits when no mapping exists.
12-09 10:31:17.732 1509 1927 E DisplayDeviceConfig: requesting nits when no mapping exists.
12-09 10:31:17.747 1509 1927 E DisplayDeviceConfig: requesting nits when no mapping exists.
12-09 10:31:17.748 1509 1927 E DisplayDeviceConfig: requesting nits when no mapping exists.
12-09 10:31:17.764 1509 1927 E DisplayDeviceConfig: requesting nits when no mapping exists.
12-09 10:31:17.765 1509 1927 E DisplayDeviceConfig: requesting nits when no mapping exists.
12-09 10:31:17.781 1509 1927 E DisplayDeviceConfig: requesting nits when no mapping exists.
12-09 10:31:17.782 1509 1927 E DisplayDeviceConfig: requesting nits when no mapping exists.
12-09 10:31:17.798 1509 1927 E DisplayDeviceConfig: requesting nits when no mapping exists.
12-09 10:31:17.798 1509 1927 E DisplayDeviceConfig: requesting nits when no mapping exists.
12-09 10:31:17.814 1509 1927 E DisplayDeviceConfig: requesting nits when no mapping exists.
12-09 10:31:17.815 1509 1927 E DisplayDeviceConfig: requesting nits when no mapping exists.
12-09 10:31:17.832 1509 1927 E DisplayDeviceConfig: requesting nits when no mapping exists.
12-09 10:31:17.832 1509 1927 E DisplayDeviceConfig: requesting nits when no mapping exists.
12-09 10:31:17.848 1509 1927 E DisplayDeviceConfig: requesting nits when no mapping exists.
12-09 10:31:17.848 1509 1927 E DisplayDeviceConfig: requesting nits when no mapping exists.
12-09 10:31:17.864 1509 1927 E DisplayDeviceConfig: requesting nits when no mapping exists.
12-09 10:31:17.865 1509 1927 E DisplayDeviceConfig: requesting nits when no mapping exists.
12-09 10:31:17.881 1509 1927 E DisplayDeviceConfig: requesting nits when no mapping exists.
12-09 10:31:17.883 1509 1927 E DisplayDeviceConfig: requesting nits when no mapping exists.
12-09 10:31:17.898 1509 1927 E DisplayDeviceConfig: requesting nits when no mapping exists.
12-09 10:31:17.898 1509 1927 E DisplayDeviceConfig: requesting nits when no mapping exists.
12-09 10:31:17.915 1509 1927 E DisplayDeviceConfig: requesting nits when no mapping exists.
12-09 10:31:17.915 1509 1927 E DisplayDeviceConfig: requesting nits when no mapping exists.
12-09 10:31:17.931 1509 1927 E DisplayDeviceConfig: requesting nits when no mapping exists.
12-09 10:31:17.932 1509 1927 E DisplayDeviceConfig: requesting nits when no mapping exists.
12-09 10:31:17.949 1509 1927 E DisplayDeviceConfig: requesting nits when no mapping exists.
12-09 10:31:17.951 1509 1927 E DisplayDeviceConfig: requesting nits when no mapping exists.
12-09 10:31:17.966 1509 1927 E DisplayDeviceConfig: requesting nits when no mapping exists.
12-09 10:31:17.966 1509 1927 E DisplayDeviceConfig: requesting nits when no mapping exists.
12-09 10:31:17.981 1509 1927 E DisplayDeviceConfig: requesting nits when no mapping exists.
12-09 10:31:17.982 1509 1927 E DisplayDeviceConfig: requesting nits when no mapping exists.
12-09 10:31:17.998 1509 1927 E DisplayDeviceConfig: requesting nits when no mapping exists.
12-09 10:31:17.999 1509 1927 E DisplayDeviceConfig: requesting nits when no mapping exists.
12-09 10:31:18.015 1509 1927 E DisplayDeviceConfig: requesting nits when no mapping exists.
12-09 10:31:18.016 1509 1927 E DisplayDeviceConfig: requesting nits when no mapping exists.
12-09 10:31:18.032 1509 1927 E DisplayDeviceConfig: requesting nits when no mapping exists.
12-09 10:31:18.033 1509 1927 E DisplayDeviceConfig: requesting nits when no mapping exists.
12-09 10:31:18.048 1509 1927 E DisplayDeviceConfig: requesting nits when no mapping exists.
12-09 10:31:18.048 1509 1927 E DisplayDeviceConfig: requesting nits when no mapping exists.
12-09 10:31:18.065 1509 1927 E DisplayDeviceConfig: requesting nits when no mapping exists.
12-09 10:31:18.067 1509 1927 E DisplayDeviceConfig: requesting nits when no mapping exists.
12-09 10:31:18.082 1509 1927 E DisplayDeviceConfig: requesting nits when no mapping exists.
12-09 10:31:18.083 1509 1927 E DisplayDeviceConfig: requesting nits when no mapping exists.
12-09 10:31:24.120 1509 1621 I PowerManagerService: Napping display group (groupId=0, uid=1000)...
12-09 10:31:24.120 1509 1621 I PowerManagerService: Nap time (uid 1000)...
12-09 10:31:24.122 1509 1621 I DreamManagerService: Entering dreamland.
12-09 10:31:24.129 1509 1621 I PowerManagerService: Dreaming...
12-09 10:31:24.132 1509 1594 I DreamController: Starting dream: name=ComponentInfo{com.thundercomm.screensaver/com.thundercomm.screensaver.service.SystemScreensaverDream}, isTest=false, canDoze=false, userId=0
12-09 10:31:24.151 1509 7695 I ActivityTaskManager: START u0 {flg=0x10000000 pkg=com.thundercomm.screensaver cmp=com.thundercomm.screensaver/android.service.dreams.DreamActivity (has extras)} from uid 10051
12-09 10:31:24.162 1509 7695 W ActivityTaskManager: Can't find TaskDisplayArea to determine support for multi window. Task id=147 attached=false
12-09 10:31:24.185 1509 7156 I ActivityTaskManager: FOREGROUND_APPLICATION_CHANGED to android.service.dreams.DreamActivity
12-09 10:31:24.186 1509 7156 I ActivityTaskManager: The Process com.thundercomm.screensaver Already Exists in BG. So sending its PID: 5084
12-09 10:31:24.186 1509 7156 W ActivityTaskManager: Tried to set launchTime (0) < mLastActivityLaunchTime (18100204)
12-09 10:31:24.223 12356 12373 W ContextImpl: Calling a method in the system process without a qualified user: android.app.ContextImpl.startService:1816 android.content.ContextWrapper.startService:774 com.thundercomm.gamemode.ingame.services.GameModeActionUtils.startGameModeService:99 com.thundercomm.gamemode.ingame.services.GameModeActionUtils.startGameModeEntry:22 com.thundercomm.gamemode.ingame.services.ActivityMonitoringService$1.onActivityLaunch:127
12-09 10:31:24.231 1509 1509 I GameModeConfig: Current uri is uri = content://com.thundercomm.gamemode.api/gamemode_settings/gamemode_isgaming
12-09 10:31:24.234 1509 1509 I GameModeConfig: isGameModeOn = false
12-09 10:31:24.234 1509 1509 I GameModeConfig: isGameModeOn = false
12-09 10:31:24.234 1509 1509 I GameModeConfig: isDisableVoice = true
12-09 10:31:24.245 1509 1737 I GameModeConfig: isGameModeOn = false
12-09 10:31:24.245 1509 1737 I GameModeConfig: isGameModeOn = false
12-09 10:31:24.245 1509 1737 I GameModeConfig: isGameModeOn = false
12-09 10:31:24.245 1509 1737 I GameModeConfig: isGameModeOn = false
12-09 10:31:24.265 1509 1621 V DisplayPowerController[0]: Brightness [1.0] reason changing to: 'manual', previous reason: 'manual [ dim ]'.
12-09 10:31:24.282 1509 1927 E DisplayDeviceConfig: requesting nits when no mapping exists.
12-09 10:31:24.282 1509 1927 E DisplayDeviceConfig: requesting nits when no mapping exists.
12-09 10:31:24.297 12356 12373 W ContextImpl: Calling a method in the system process without a qualified user: android.app.ContextImpl.startService:1816 android.content.ContextWrapper.startService:774 com.thundercomm.gamemode.ingame.services.GameModeActionUtils.startGameModeService:99 com.thundercomm.gamemode.ingame.services.GameModeActionUtils.startGameModeEntry:22 com.thundercomm.gamemode.ingame.services.ActivityMonitoringService$1.onActivityLaunch:127
12-09 10:31:24.299 1509 1927 E DisplayDeviceConfig: requesting nits when no mapping exists.
12-09 10:31:24.299 1509 1927 E DisplayDeviceConfig: requesting nits when no mapping exists.
12-09 10:31:24.307 1509 1509 I GameModeConfig: Current uri is uri = content://com.thundercomm.gamemode.api/gamemode_settings/gamemode_isgaming
12-09 10:31:24.308 1509 1509 I GameModeConfig: isGameModeOn = false
12-09 10:31:24.309 1509 1509 I GameModeConfig: isGameModeOn = false
12-09 10:31:24.309 1509 1509 I GameModeConfig: isDisableVoice = true
12-09 10:31:24.315 1509 1927 E DisplayDeviceConfig: requesting nits when no mapping exists.
12-09 10:31:24.316 1509 1927 E DisplayDeviceConfig: requesting nits when no mapping exists.
12-09 10:31:24.332 1509 1927 E DisplayDeviceConfig: requesting nits when no mapping exists.
12-09 10:31:24.332 1509 1927 E DisplayDeviceConfig: requesting nits when no mapping exists.
12-09 10:31:24.349 1509 1927 E DisplayDeviceConfig: requesting nits when no mapping exists.
12-09 10:31:24.349 1509 1927 E DisplayDeviceConfig: requesting nits when no mapping exists.
12-09 10:31:24.367 1509 1927 E DisplayDeviceConfig: requesting nits when no mapping exists.
12-09 10:31:24.368 1509 1927 E DisplayDeviceConfig: requesting nits when no mapping exists.
12-09 10:31:24.382 1509 1927 E DisplayDeviceConfig: requesting nits when no mapping exists.
12-09 10:31:24.383 1509 1927 E DisplayDeviceConfig: requesting nits when no mapping exists.
12-09 10:31:24.399 1509 1927 E DisplayDeviceConfig: requesting nits when no mapping exists.
12-09 10:31:24.399 1509 1927 E DisplayDeviceConfig: requesting nits when no mapping exists.
12-09 10:31:24.417 1509 1927 E DisplayDeviceConfig: requesting nits when no mapping exists.
12-09 10:31:24.418 1509 1927 E DisplayDeviceConfig: requesting nits when no mapping exists.
12-09 10:31:24.432 1509 1927 E DisplayDeviceConfig: requesting nits when no mapping exists.
12-09 10:31:24.434 1509 1927 E DisplayDeviceConfig: requesting nits when no mapping exists.
12-09 10:31:24.448 1509 1509 I GameModeConfig: isGameModeOn = false
12-09 10:31:24.454 1509 1927 E DisplayDeviceConfig: requesting nits when no mapping exists.
12-09 10:31:24.455 1509 1927 E DisplayDeviceConfig: requesting nits when no mapping exists.
12-09 10:31:24.468 1509 1927 E DisplayDeviceConfig: requesting nits when no mapping exists.
12-09 10:31:24.468 1509 1927 E DisplayDeviceConfig: requesting nits when no mapping exists.
12-09 10:31:24.484 1509 1927 E DisplayDeviceConfig: requesting nits when no mapping exists.
12-09 10:31:24.484 1509 1927 E DisplayDeviceConfig: requesting nits when no mapping exists.
12-09 10:31:24.499 1509 1927 E DisplayDeviceConfig: requesting nits when no mapping exists.
12-09 10:31:24.499 1509 1927 E DisplayDeviceConfig: requesting nits when no mapping exists.
12-09 10:31:24.516 1509 1927 E DisplayDeviceConfig: requesting nits when no mapping exists.
12-09 10:31:24.517 1509 1927 E DisplayDeviceConfig: requesting nits when no mapping exists.
12-09 10:31:24.533 1509 1927 E DisplayDeviceConfig: requesting nits when no mapping exists.
12-09 10:31:24.533 1509 1927 E DisplayDeviceConfig: requesting nits when no mapping exists.
12-09 10:31:24.550 1509 1927 E DisplayDeviceConfig: requesting nits when no mapping exists.
12-09 10:31:24.550 1509 1927 E DisplayDeviceConfig: requesting nits when no mapping exists.
12-09 10:31:24.566 1509 1927 E DisplayDeviceConfig: requesting nits when no mapping exists.
12-09 10:31:24.567 1509 1927 E DisplayDeviceConfig: requesting nits when no mapping exists.
12-09 10:31:24.582 1509 1927 E DisplayDeviceConfig: requesting nits when no mapping exists.
12-09 10:31:24.583 1509 1927 E DisplayDeviceConfig: requesting nits when no mapping exists.
12-09 10:31:24.599 1509 1927 E DisplayDeviceConfig: requesting nits when no mapping exists.
12-09 10:31:24.600 1509 1927 E DisplayDeviceConfig: requesting nits when no mapping exists.
12-09 10:31:24.617 1509 1927 E DisplayDeviceConfig: requesting nits when no mapping exists.
12-09 10:31:24.618 1509 1927 E DisplayDeviceConfig: requesting nits when no mapping exists.
12-09 10:31:24.633 1509 1927 E DisplayDeviceConfig: requesting nits when no mapping exists.
12-09 10:31:24.634 1509 1927 E DisplayDeviceConfig: requesting nits when no mapping exists.
12-09 10:31:24.651 1509 1927 E DisplayDeviceConfig: requesting nits when no mapping exists.
12-09 10:31:24.651 1509 1927 E DisplayDeviceConfig: requesting nits when no mapping exists.
12-09 10:31:24.667 1509 1927 E DisplayDeviceConfig: requesting nits when no mapping exists.
12-09 10:31:24.667 1509 1927 E DisplayDeviceConfig: requesting nits when no mapping exists.
12-09 10:31:24.684 1509 1927 E DisplayDeviceConfig: requesting nits when no mapping exists.
12-09 10:31:24.684 1509 1927 E DisplayDeviceConfig: requesting nits when no mapping exists.
12-09 10:31:24.700 1509 1927 E DisplayDeviceConfig: requesting nits when no mapping exists.
12-09 10:31:24.701 1509 1927 E DisplayDeviceConfig: requesting nits when no mapping exists.
12-09 10:31:24.716 1509 1927 E DisplayDeviceConfig: requesting nits when no mapping exists.
12-09 10:31:24.717 1509 1927 E DisplayDeviceConfig: requesting nits when no mapping exists.
12-09 10:31:24.733 1509 1927 E DisplayDeviceConfig: requesting nits when no mapping exists.
12-09 10:31:24.733 1509 1927 E DisplayDeviceConfig: requesting nits when no mapping exists.
12-09 10:31:24.750 1509 1927 E DisplayDeviceConfig: requesting nits when no mapping exists.
12-09 10:31:24.751 1509 1927 E DisplayDeviceConfig: requesting nits when no mapping exists.
12-09 10:31:24.767 1509 1927 E DisplayDeviceConfig: requesting nits when no mapping exists.
12-09 10:31:24.768 1509 1927 E DisplayDeviceConfig: requesting nits when no mapping exists.
12-09 10:31:24.784 1509 1927 E DisplayDeviceConfig: requesting nits when no mapping exists.
12-09 10:31:24.784 1509 1927 E DisplayDeviceConfig: requesting nits when no mapping exists.
12-09 10:31:24.806 1509 1927 E DisplayDeviceConfig: requesting nits when no mapping exists.
12-09 10:31:24.808 1509 1927 E DisplayDeviceConfig: requesting nits when no mapping exists.
12-09 10:31:24.817 1509 1927 E DisplayDeviceConfig: requesting nits when no mapping exists.
12-09 10:31:24.817 1509 1927 E DisplayDeviceConfig: requesting nits when no mapping exists.
12-09 10:31:24.831 1509 1927 E DisplayDeviceConfig: requesting nits when no mapping exists.
12-09 10:31:24.831 1509 1927 E DisplayDeviceConfig: requesting nits when no mapping exists.
12-09 10:31:24.834 12356 12373 W ContextImpl: Calling a method in the system process without a qualified user: android.app.ContextImpl.startService:1816 android.content.ContextWrapper.startService:774 com.thundercomm.gamemode.ingame.services.GameModeActionUtils.startGameModeService:99 com.thundercomm.gamemode.ingame.services.GameModeActionUtils.startGameModeEntry:22 com.thundercomm.gamemode.ingame.services.ActivityMonitoringService$1.onActivityLaunch:127
12-09 10:31:24.837 1509 1509 I GameModeConfig: Current uri is uri = content://com.thundercomm.gamemode.api/gamemode_settings/gamemode_isgaming
12-09 10:31:24.840 1509 1509 I GameModeConfig: isGameModeOn = false
12-09 10:31:24.841 1509 1509 I GameModeConfig: isGameModeOn = false
12-09 10:31:24.841 1509 1509 I GameModeConfig: isDisableVoice = true
12-09 10:31:24.848 1509 1927 E DisplayDeviceConfig: requesting nits when no mapping exists.
12-09 10:31:24.849 1509 1927 E DisplayDeviceConfig: requesting nits when no mapping exists.
12-09 10:31:24.864 1509 1927 E DisplayDeviceConfig: requesting nits when no mapping exists.
12-09 10:31:24.865 1509 1927 E DisplayDeviceConfig: requesting nits when no mapping exists.
12-09 10:31:24.881 1509 1927 E DisplayDeviceConfig: requesting nits when no mapping exists.
12-09 10:31:24.882 1509 1927 E DisplayDeviceConfig: requesting nits when no mapping exists.
12-09 10:31:24.899 1509 1927 E DisplayDeviceConfig: requesting nits when no mapping exists.
12-09 10:31:24.899 1509 1927 E DisplayDeviceConfig: requesting nits when no mapping exists.
12-09 10:31:24.915 1509 1927 E DisplayDeviceConfig: requesting nits when no mapping exists.
12-09 10:31:24.917 1509 1927 E DisplayDeviceConfig: requesting nits when no mapping exists.
12-09 10:31:24.932 1509 1927 E DisplayDeviceConfig: requesting nits when no mapping exists.
12-09 10:31:24.933 1509 1927 E DisplayDeviceConfig: requesting nits when no mapping exists.
12-09 10:31:24.950 1509 1927 E DisplayDeviceConfig: requesting nits when no mapping exists.
12-09 10:31:24.951 1509 1927 E DisplayDeviceConfig: requesting nits when no mapping exists.
12-09 10:31:24.965 1509 1927 E DisplayDeviceConfig: requesting nits when no mapping exists.
12-09 10:31:24.965 1509 1927 E DisplayDeviceConfig: requesting nits when no mapping exists.
12-09 10:31:24.981 1509 1927 E DisplayDeviceConfig: requesting nits when no mapping exists.
12-09 10:31:24.982 1509 1927 E DisplayDeviceConfig: requesting nits when no mapping exists.
12-09 10:31:24.998 1509 1927 E DisplayDeviceConfig: requesting nits when no mapping exists.
12-09 10:31:24.999 1509 1927 E DisplayDeviceConfig: requesting nits when no mapping exists.
12-09 10:31:25.015 1509 1927 E DisplayDeviceConfig: requesting nits when no mapping exists.
12-09 10:31:25.015 1509 1927 E DisplayDeviceConfig: requesting nits when no mapping exists.
12-09 10:31:25.032 1509 1927 E DisplayDeviceConfig: requesting nits when no mapping exists.
12-09 10:31:25.034 1509 1927 E DisplayDeviceConfig: requesting nits when no mapping exists.
12-09 10:31:25.049 1509 1927 E DisplayDeviceConfig: requesting nits when no mapping exists.
12-09 10:31:25.049 1509 1927 E DisplayDeviceConfig: requesting nits when no mapping exists.
12-09 10:31:25.065 1509 1927 E DisplayDeviceConfig: requesting nits when no mapping exists.
12-09 10:31:25.065 1509 1927 E DisplayDeviceConfig: requesting nits when no mapping exists.
12-09 10:31:25.082 1509 1927 E DisplayDeviceConfig: requesting nits when no mapping exists.
12-09 10:31:25.082 1509 1927 E DisplayDeviceConfig: requesting nits when no mapping exists.
12-09 10:31:25.099 1509 1927 E DisplayDeviceConfig: requesting nits when no mapping exists.
12-09 10:31:25.100 1509 1927 E DisplayDeviceConfig: requesting nits when no mapping exists.
12-09 10:31:25.116 1509 1927 E DisplayDeviceConfig: requesting nits when no mapping exists.
12-09 10:31:25.118 1509 1927 E DisplayDeviceConfig: requesting nits when no mapping exists.
12-09 10:31:25.133 1509 1927 E DisplayDeviceConfig: requesting nits when no mapping exists.
12-09 10:31:25.135 1509 1927 E DisplayDeviceConfig: requesting nits when no mapping exists.
12-09 10:31:25.149 1509 1927 E DisplayDeviceConfig: requesting nits when no mapping exists.
12-09 10:31:25.151 1509 1927 E DisplayDeviceConfig: requesting nits when no mapping exists.
12-09 10:31:25.166 1509 1927 E DisplayDeviceConfig: requesting nits when no mapping exists.
12-09 10:31:25.167 1509 1927 E DisplayDeviceConfig: requesting nits when no mapping exists.
12-09 10:31:25.182 1509 1927 E DisplayDeviceConfig: requesting nits when no mapping exists.
12-09 10:31:25.183 1509 1927 E DisplayDeviceConfig: requesting nits when no mapping exists.
12-09 10:31:25.199 1509 1927 E DisplayDeviceConfig: requesting nits when no mapping exists.
12-09 10:31:25.200 1509 1927 E DisplayDeviceConfig: requesting nits when no mapping exists.
12-09 10:31:25.215 1509 1927 E DisplayDeviceConfig: requesting nits when no mapping exists.
12-09 10:31:25.216 1509 1927 E DisplayDeviceConfig: requesting nits when no mapping exists.
12-09 10:31:34.454 1509 1737 I GameModeConfig: isGameModeOn = false
12-09 10:31:39.311 1509 7695 I DreamManagerService: Gently waking up from dream.
12-09 10:31:39.312 1509 1594 I DreamManagerService: Performing gentle wake from dream.
12-09 10:31:39.315 1509 5539 I ActivityTaskManager: FOREGROUND_APPLICATION_CHANGED to com.android.settings.homepage.SettingsHomepageActivity
12-09 10:31:39.339 1509 1605 W BroadcastQueue: Permission Denial: broadcasting Intent { act=android.net.conn.CONNECTIVITY_CHANGE flg=0x4200010 (has extras) } from null (pid=-1, uid=-1) requires android.permission.CHANGE_NETWORK_STATE due to registered receiver BroadcastFilter{a41227e 1000/u0 ReceiverList{3e1ec39 16969 com.android.settings/1000/u0 remote:ba32c00}}
12-09 10:31:39.339 1509 1605 W BroadcastQueue: Permission Denial: broadcasting Intent { act=android.net.wifi.STATE_CHANGE flg=0x4000010 (has extras) } from null (pid=-1, uid=-1) requires android.permission.CHANGE_NETWORK_STATE due to registered receiver BroadcastFilter{a41227e 1000/u0 ReceiverList{3e1ec39 16969 com.android.settings/1000/u0 remote:ba32c00}}
12-09 10:31:39.340 1509 1605 W BroadcastQueue: Permission Denial: broadcasting Intent { act=android.net.conn.CONNECTIVITY_CHANGE flg=0x4200010 (has extras) } from null (pid=-1, uid=-1) requires android.permission.CHANGE_NETWORK_STATE due to registered receiver BroadcastFilter{3ec12f5 1000/u0 ReceiverList{70f082c 16969 com.android.settings/1000/u0 remote:1b243df}}
12-09 10:31:39.340 1509 1605 W BroadcastQueue: Permission Denial: broadcasting Intent { act=android.net.wifi.STATE_CHANGE flg=0x4000010 (has extras) } from null (pid=-1, uid=-1) requires android.permission.CHANGE_NETWORK_STATE due to registered receiver BroadcastFilter{3ec12f5 1000/u0 ReceiverList{70f082c 16969 com.android.settings/1000/u0 remote:1b243df}}
12-09 10:31:39.342 1509 1613 W BatteryExternalStatsWorker: error reading modem stats:ERROR_PHONE_NOT_AVAILABLE
12-09 10:31:39.342 12356 12373 W ContextImpl: Calling a method in the system process without a qualified user: android.app.ContextImpl.startService:1816 android.content.ContextWrapper.startService:774 com.thundercomm.gamemode.ingame.services.GameModeActionUtils.startGameModeService:99 com.thundercomm.gamemode.ingame.services.GameModeActionUtils.startGameModeEntry:22 com.thundercomm.gamemode.ingame.services.ActivityMonitoringService$1.onActivityLaunch:127
12-09 10:31:39.346 16969 16969 W FeatureConnector: [ImsConnector, 0] connect: not supported.
12-09 10:31:39.351 1509 1509 I GameModeConfig: Current uri is uri = content://com.thundercomm.gamemode.api/gamemode_settings/gamemode_isgaming
12-09 10:31:39.361 1509 1509 I GameModeConfig: isGameModeOn = false
12-09 10:31:39.362 1509 1509 I GameModeConfig: isGameModeOn = false
12-09 10:31:39.362 1509 1509 I GameModeConfig: isDisableVoice = true
12-09 10:31:39.387 1509 1613 E KernelCpuSpeedReader: Failed to read cpu-freq: /sys/devices/system/cpu/cpu4/cpufreq/stats/time_in_state: open failed: ENOENT (No such file or directory)
12-09 10:31:39.387 1509 1613 E KernelCpuSpeedReader: Failed to read cpu-freq: /sys/devices/system/cpu/cpu0/cpufreq/stats/time_in_state: open failed: ENOENT (No such file or directory)
12-09 10:31:39.392 1509 1621 I PowerManagerService: Powering on display group fromDreaming (groupId=0, uid=1000, reason=WAKE_REASON_UNKNOWN, details=android.server.power:DREAM_FINISHED)...
12-09 10:31:39.392 1509 1621 I PowerManagerService: Waking up from Dreaming (uid=1000, reason=WAKE_REASON_UNKNOWN, details=android.server.power:DREAM_FINISHED)...
12-09 10:31:39.432 12356 12373 W ContextImpl: Calling a method in the system process without a qualified user: android.app.ContextImpl.startService:1816 android.content.ContextWrapper.startService:774 com.thundercomm.gamemode.ingame.services.GameModeActionUtils.startGameModeService:99 com.thundercomm.gamemode.ingame.services.GameModeActionUtils.startGameModeEntry:22 com.thundercomm.gamemode.ingame.services.ActivityMonitoringService$1.onActivityLaunch:127
12-09 10:31:39.444 1509 1509 I GameModeConfig: Current uri is uri = content://com.thundercomm.gamemode.api/gamemode_settings/gamemode_isgaming
12-09 10:31:39.446 1509 1509 I GameModeConfig: isGameModeOn = false
12-09 10:31:39.446 1509 1509 I GameModeConfig: isGameModeOn = false
12-09 10:31:39.446 1509 1509 I GameModeConfig: isDisableVoice = true
12-09 10:31:39.905 12356 12373 W ContextImpl: Calling a method in the system process without a qualified user: android.app.ContextImpl.startService:1816 android.content.ContextWrapper.startService:774 com.thundercomm.gamemode.ingame.services.GameModeActionUtils.startGameModeService:99 com.thundercomm.gamemode.ingame.services.GameModeActionUtils.startGameModeEntry:22 com.thundercomm.gamemode.ingame.services.ActivityMonitoringService$1.onActivityLaunch:127
12-09 10:31:39.910 1509 1509 I GameModeConfig: Current uri is uri = content://com.thundercomm.gamemode.api/gamemode_settings/gamemode_isgaming
12-09 10:31:39.911 1509 1509 I GameModeConfig: isGameModeOn = false
12-09 10:31:39.912 1509 1509 I GameModeConfig: isGameModeOn = false
12-09 10:31:39.912 1509 1509 I GameModeConfig: isDisableVoice = true
12-09 10:31:39.919 1509 6636 I DreamManagerService: Leaving dreamland.
12-09 10:31:39.920 1509 1594 I DreamManagerService: Performing gentle wake from dream.
12-09 10:31:39.920 1509 1594 I DreamController: Stopping dream: name=ComponentInfo{com.thundercomm.screensaver/com.thundercomm.screensaver.service.SystemScreensaverDream}, isTest=false, canDoze=false, userId=0, reason='finished self'(from 'finished self')
12-09 10:31:39.933 1509 1598 W ActivityTaskManager: Can't find TaskDisplayArea to determine support for multi window. Task id=147 attached=false
12-09 10:31:40.425 1509 1737 I GameModeConfig: isGameModeOn = false
12-09 10:31:40.425 1509 1737 I GameModeConfig: isGameModeOn = false
12-09 10:31:40.425 1509 1737 I GameModeConfig: isGameModeOn = false
12-09 10:31:40.425 1509 1737 I GameModeConfig: isGameModeOn = false
12-09 10:31:40.460 1509 1737 I GameModeConfig: isGameModeOn = false
12-09 10:31:40.461 1509 1737 I GameModeConfig: isGameModeOn = false
12-09 10:31:40.461 1509 1737 I GameModeConfig: isGameModeOn = false
12-09 10:31:40.462 1509 1737 I GameModeConfig: isGameModeOn = false
12-09 10:31:40.482 1509 1737 I GameModeConfig: isGameModeOn = false
12-09 10:31:40.483 1509 1737 I GameModeConfig: isGameModeOn = false
12-09 10:31:40.483 1509 1737 I GameModeConfig: isGameModeOn = false
12-09 10:31:40.483 1509 1737 I GameModeConfig: isGameModeOn = false
12-09 10:31:40.630 1509 1509 I GameModeConfig: isGameModeOn = false
12-09 10:31:40.665 1509 1509 I GameModeConfig: isGameModeOn = false
12-09 10:31:40.666 1509 1509 E NotificationService: Muting recently noisy 0|com.android.systemui|2048|null|10082
12-09 10:31:40.688 1509 1509 I GameModeConfig: isGameModeOn = false
12-09 10:31:40.689 1509 1509 E NotificationService: Muting recently noisy 0|com.android.systemui|2048|null|10082
12-09 10:31:43.018 1509 6636 I ActivityTaskManager: START u0 {act=android.settings.NIGHT_DISPLAY_SETTINGS flg=0x14000000 cmp=com.android.settings/.Settings$NightDisplaySettingsActivity} from uid 10082
12-09 10:31:43.025 1509 6636 W ActivityTaskManager: Can't find TaskDisplayArea to determine support for multi window. Task id=148 attached=false
12-09 10:31:43.047 1509 2104 I ActivityTaskManager: FOREGROUND_APPLICATION_CHANGED to com.android.settings.Settings$NightDisplaySettingsActivity
12-09 10:31:43.052 1509 2104 I ActivityTaskManager: The Process com.android.settings Already Exists in BG. So sending its PID: 16969
12-09 10:31:43.052 1509 2104 W ActivityTaskManager: Tried to set launchTime (0) < mLastActivityLaunchTime (18522098)
12-09 10:31:43.082 1509 2435 I ActivityTaskManager: START u0 {act=android.settings.NIGHT_DISPLAY_SETTINGS flg=0x14000000 cmp=com.android.settings/.homepage.SettingsHomepageActivity (has extras)} from uid 1000
12-09 10:31:43.103 1509 2104 I ActivityTaskManager: FOREGROUND_APPLICATION_CHANGED to com.android.settings.homepage.SettingsHomepageActivity
12-09 10:31:43.135 1509 1737 I GameModeConfig: isGameModeOn = false
12-09 10:31:43.137 1509 1737 I GameModeConfig: isGameModeOn = false
12-09 10:31:43.137 1509 1737 I GameModeConfig: isGameModeOn = false
12-09 10:31:43.137 1509 1737 I GameModeConfig: isGameModeOn = false
12-09 10:31:43.147 16969 16969 W FeatureConnector: [ImsConnector, 0] connect: not supported.
12-09 10:31:43.164 1509 1737 I GameModeConfig: isGameModeOn = false
12-09 10:31:43.164 1509 1737 I GameModeConfig: isGameModeOn = false
12-09 10:31:43.164 1509 1737 I GameModeConfig: isGameModeOn = false
12-09 10:31:43.164 1509 1737 I GameModeConfig: isGameModeOn = false
12-09 10:31:43.213 12356 12373 W ContextImpl: Calling a method in the system process without a qualified user: android.app.ContextImpl.startService:1816 android.content.ContextWrapper.startService:774 com.thundercomm.gamemode.ingame.services.GameModeActionUtils.startGameModeService:99 com.thundercomm.gamemode.ingame.services.GameModeActionUtils.startGameModeEntry:22 com.thundercomm.gamemode.ingame.services.ActivityMonitoringService$1.onActivityLaunch:127
12-09 10:31:43.221 1509 1509 I GameModeConfig: Current uri is uri = content://com.thundercomm.gamemode.api/gamemode_settings/gamemode_isgaming
12-09 10:31:43.222 1509 1509 I GameModeConfig: isGameModeOn = false
12-09 10:31:43.223 1509 1509 I GameModeConfig: isGameModeOn = false
12-09 10:31:43.223 1509 1509 I GameModeConfig: isDisableVoice = true
12-09 10:31:43.326 1509 7156 E UserRestrictionsUtils: Unknown restriction queried by uid 1000 (com.thundercomm.microsettings et al): null
12-09 10:31:43.345 1509 1509 I GameModeConfig: isGameModeOn = false
12-09 10:31:43.367 1509 1509 I GameModeConfig: isGameModeOn = false
12-09 10:31:43.367 1509 1509 E NotificationService: Muting recently noisy 0|com.android.systemui|2048|null|10082
12-09 10:31:43.624 1509 1598 W ActivityTaskManager: Can't find TaskDisplayArea to determine support for multi window. Task id=148 attached=false
12-09 10:31:43.624 1509 1598 W ActivityTaskManager: Can't find TaskDisplayArea to determine support for multi window. Task id=148 attached=false
12-09 10:31:47.055 1509 2730 E TaskPersister: File error accessing recents directory (directory doesn't exist?).
12-09 10:31:50.652 1509 1737 I GameModeConfig: isGameModeOn = false
12-09 10:31:50.665 1509 1737 I GameModeConfig: isGameModeOn = false
12-09 10:31:50.689 1509 1737 I GameModeConfig: isGameModeOn = false
12-09 10:31:53.141 1509 1737 I GameModeConfig: isGameModeOn = false
12-09 10:31:53.164 1509 1737 I GameModeConfig: isGameModeOn = false
12-09 10:31:53.346 1509 1737 I GameModeConfig: isGameModeOn = false
12-09 10:31:53.367 1509 1737 I GameModeConfig: isGameModeOn = false
12-09 10:31:56.573 1509 1605 W BroadcastQueue: Permission Denial: broadcasting Intent { act=android.net.conn.CONNECTIVITY_CHANGE flg=0x4200010 (has extras) } from null (pid=-1, uid=-1) requires android.permission.CHANGE_NETWORK_STATE due to registered receiver BroadcastFilter{7731244 1000/u0 ReceiverList{9c64757 16969 com.android.settings/1000/u0 remote:b0da8d6}}
12-09 10:31:56.573 1509 1605 W BroadcastQueue: Permission Denial: broadcasting Intent { act=android.net.wifi.STATE_CHANGE flg=0x4000010 (has extras) } from null (pid=-1, uid=-1) requires android.permission.CHANGE_NETWORK_STATE due to registered receiver BroadcastFilter{7731244 1000/u0 ReceiverList{9c64757 16969 com.android.settings/1000/u0 remote:b0da8d6}}
12-09 10:31:56.574 1509 1605 W BroadcastQueue: Permission Denial: broadcasting Intent { act=android.net.conn.CONNECTIVITY_CHANGE flg=0x4200010 (has extras) } from null (pid=-1, uid=-1) requires android.permission.CHANGE_NETWORK_STATE due to registered receiver BroadcastFilter{7fe01f3 1000/u0 ReceiverList{2137c62 16969 com.android.settings/1000/u0 remote:27af2d}}
12-09 10:31:56.574 1509 1605 W BroadcastQueue: Permission Denial: broadcasting Intent { act=android.net.wifi.STATE_CHANGE flg=0x4000010 (has extras) } from null (pid=-1, uid=-1) requires android.permission.CHANGE_NETWORK_STATE due to registered receiver BroadcastFilter{7fe01f3 1000/u0 ReceiverList{2137c62 16969 com.android.settings/1000/u0 remote:27af2d}}
12-09 10:31:56.578 16969 16969 W FeatureConnector: [ImsConnector, 0] connect: not supported.
12-09 10:32:50.560 1509 1621 V DisplayPowerController[0]: Brightness [0.05] reason changing to: 'manual [ dim ]', previous reason: 'manual'.
12-09 10:32:50.561 1509 1621 W PowerManagerService: Screen on took 71170 ms
12-09 10:32:50.566 1509 1927 E DisplayDeviceConfig: requesting nits when no mapping exists.
12-09 10:32:50.569 1509 1927 E DisplayDeviceConfig: requesting nits when no mapping exists.
12-09 10:32:50.569 1509 1605 I DropBoxManagerService: add tag=system_server_wtf isTagEnabled=true flags=0x2
12-09 10:32:50.572 1509 1605 I DropBoxManagerService: add tag=system_server_wtf isTagEnabled=true flags=0x2
12-09 10:32:50.582 1509 1927 E DisplayDeviceConfig: requesting nits when no mapping exists.
12-09 10:32:50.583 1509 1927 E DisplayDeviceConfig: requesting nits when no mapping exists.
12-09 10:32:50.584 1509 1605 I DropBoxManagerService: add tag=system_server_wtf isTagEnabled=true flags=0x2
12-09 10:32:50.585 1509 1605 I DropBoxManagerService: add tag=system_server_wtf isTagEnabled=true flags=0x2
12-09 10:32:50.599 1509 1927 E DisplayDeviceConfig: requesting nits when no mapping exists.
12-09 10:32:50.599 1509 1927 E DisplayDeviceConfig: requesting nits when no mapping exists.
12-09 10:32:50.600 1509 1605 I DropBoxManagerService: add tag=system_server_wtf isTagEnabled=true flags=0x2
12-09 10:32:50.603 1509 1927 E DisplayDeviceConfig: requesting nits when no mapping exists.
12-09 10:32:50.603 1509 1927 E DisplayDeviceConfig: requesting nits when no mapping exists.
12-09 10:32:50.620 1509 1927 E DisplayDeviceConfig: requesting nits when no mapping exists.
12-09 10:32:50.620 1509 1927 E DisplayDeviceConfig: requesting nits when no mapping exists.
12-09 10:32:50.637 1509 1927 E DisplayDeviceConfig: requesting nits when no mapping exists.
12-09 10:32:50.638 1509 1927 E DisplayDeviceConfig: requesting nits when no mapping exists.
12-09 10:32:50.653 1509 1927 E DisplayDeviceConfig: requesting nits when no mapping exists.
12-09 10:32:50.654 1509 1927 E DisplayDeviceConfig: requesting nits when no mapping exists.
12-09 10:32:50.670 1509 1927 E DisplayDeviceConfig: requesting nits when no mapping exists.
12-09 10:32:50.671 1509 1927 E DisplayDeviceConfig: requesting nits when no mapping exists.
12-09 10:32:50.687 1509 1927 E DisplayDeviceConfig: requesting nits when no mapping exists.
12-09 10:32:50.688 1509 1927 E DisplayDeviceConfig: requesting nits when no mapping exists.
12-09 10:32:50.704 1509 1927 E DisplayDeviceConfig: requesting nits when no mapping exists.
12-09 10:32:50.704 1509 1927 E DisplayDeviceConfig: requesting nits when no mapping exists.
12-09 10:32:50.720 1509 1927 E DisplayDeviceConfig: requesting nits when no mapping exists.
12-09 10:32:50.721 1509 1927 E DisplayDeviceConfig: requesting nits when no mapping exists.
12-09 10:32:50.737 1509 1927 E DisplayDeviceConfig: requesting nits when no mapping exists.
12-09 10:32:50.738 1509 1927 E DisplayDeviceConfig: requesting nits when no mapping exists.
12-09 10:32:50.754 1509 1927 E DisplayDeviceConfig: requesting nits when no mapping exists.
12-09 10:32:50.755 1509 1927 E DisplayDeviceConfig: requesting nits when no mapping exists.
12-09 10:32:50.771 1509 1927 E DisplayDeviceConfig: requesting nits when no mapping exists.
12-09 10:32:50.772 1509 1927 E DisplayDeviceConfig: requesting nits when no mapping exists.
12-09 10:32:50.787 1509 1927 E DisplayDeviceConfig: requesting nits when no mapping exists.
12-09 10:32:50.788 1509 1927 E DisplayDeviceConfig: requesting nits when no mapping exists.
12-09 10:32:50.804 1509 1927 E DisplayDeviceConfig: requesting nits when no mapping exists.
12-09 10:32:50.805 1509 1927 E DisplayDeviceConfig: requesting nits when no mapping exists.
12-09 10:32:50.821 1509 1927 E DisplayDeviceConfig: requesting nits when no mapping exists.
12-09 10:32:50.821 1509 1927 E DisplayDeviceConfig: requesting nits when no mapping exists.
12-09 10:32:50.837 1509 1927 E DisplayDeviceConfig: requesting nits when no mapping exists.
12-09 10:32:50.838 1509 1927 E DisplayDeviceConfig: requesting nits when no mapping exists.
12-09 10:32:50.854 1509 1927 E DisplayDeviceConfig: requesting nits when no mapping exists.
12-09 10:32:50.855 1509 1927 E DisplayDeviceConfig: requesting nits when no mapping exists.
12-09 10:32:50.871 1509 1927 E DisplayDeviceConfig: requesting nits when no mapping exists.
12-09 10:32:50.871 1509 1927 E DisplayDeviceConfig: requesting nits when no mapping exists.
12-09 10:32:50.888 1509 1927 E DisplayDeviceConfig: requesting nits when no mapping exists.
12-09 10:32:50.888 1509 1927 E DisplayDeviceConfig: requesting nits when no mapping exists.
12-09 10:32:50.904 1509 1927 E DisplayDeviceConfig: requesting nits when no mapping exists.
12-09 10:32:50.905 1509 1927 E DisplayDeviceConfig: requesting nits when no mapping exists.
12-09 10:32:50.921 1509 1927 E DisplayDeviceConfig: requesting nits when no mapping exists.
12-09 10:32:50.922 1509 1927 E DisplayDeviceConfig: requesting nits when no mapping exists.
12-09 10:32:50.938 1509 1927 E DisplayDeviceConfig: requesting nits when no mapping exists.
12-09 10:32:50.938 1509 1927 E DisplayDeviceConfig: requesting nits when no mapping exists.
12-09 10:32:50.955 1509 1927 E DisplayDeviceConfig: requesting nits when no mapping exists.
12-09 10:32:50.955 1509 1927 E DisplayDeviceConfig: requesting nits when no mapping exists.
12-09 10:32:50.971 1509 1927 E DisplayDeviceConfig: requesting nits when no mapping exists.
12-09 10:32:50.972 1509 1927 E DisplayDeviceConfig: requesting nits when no mapping exists.
12-09 10:32:50.988 1509 1927 E DisplayDeviceConfig: requesting nits when no mapping exists.
12-09 10:32:50.988 1509 1927 E DisplayDeviceConfig: requesting nits when no mapping exists.
12-09 10:32:51.005 1509 1927 E DisplayDeviceConfig: requesting nits when no mapping exists.
12-09 10:32:51.005 1509 1927 E DisplayDeviceConfig: requesting nits when no mapping exists.
12-09 10:32:51.021 1509 1927 E DisplayDeviceConfig: requesting nits when no mapping exists.
12-09 10:32:51.022 1509 1927 E DisplayDeviceConfig: requesting nits when no mapping exists.
12-09 10:32:51.038 1509 1927 E DisplayDeviceConfig: requesting nits when no mapping exists.
12-09 10:32:51.039 1509 1927 E DisplayDeviceConfig: requesting nits when no mapping exists.
12-09 10:32:51.055 1509 1927 E DisplayDeviceConfig: requesting nits when no mapping exists.
12-09 10:32:51.055 1509 1927 E DisplayDeviceConfig: requesting nits when no mapping exists.
12-09 10:32:51.072 1509 1927 E DisplayDeviceConfig: requesting nits when no mapping exists.
12-09 10:32:51.072 1509 1927 E DisplayDeviceConfig: requesting nits when no mapping exists.
12-09 10:32:51.088 1509 1927 E DisplayDeviceConfig: requesting nits when no mapping exists.
12-09 10:32:51.089 1509 1927 E DisplayDeviceConfig: requesting nits when no mapping exists.
12-09 10:32:51.105 1509 1927 E DisplayDeviceConfig: requesting nits when no mapping exists.
12-09 10:32:51.105 1509 1927 E DisplayDeviceConfig: requesting nits when no mapping exists.
12-09 10:32:51.121 1509 1927 E DisplayDeviceConfig: requesting nits when no mapping exists.
12-09 10:32:51.122 1509 1927 E DisplayDeviceConfig: requesting nits when no mapping exists.
12-09 10:32:51.138 1509 1927 E DisplayDeviceConfig: requesting nits when no mapping exists.
12-09 10:32:51.139 1509 1927 E DisplayDeviceConfig: requesting nits when no mapping exists.
12-09 10:32:51.155 1509 1927 E DisplayDeviceConfig: requesting nits when no mapping exists.
12-09 10:32:51.156 1509 1927 E DisplayDeviceConfig: requesting nits when no mapping exists.
12-09 10:32:51.172 1509 1927 E DisplayDeviceConfig: requesting nits when no mapping exists.
12-09 10:32:51.172 1509 1927 E DisplayDeviceConfig: requesting nits when no mapping exists.
12-09 10:32:51.188 1509 1927 E DisplayDeviceConfig: requesting nits when no mapping exists.
12-09 10:32:51.189 1509 1927 E DisplayDeviceConfig: requesting nits when no mapping exists.
12-09 10:32:51.205 1509 1927 E DisplayDeviceConfig: requesting nits when no mapping exists.
12-09 10:32:51.205 1509 1927 E DisplayDeviceConfig: requesting nits when no mapping exists.
12-09 10:32:51.222 1509 1927 E DisplayDeviceConfig: requesting nits when no mapping exists.
12-09 10:32:51.222 1509 1927 E DisplayDeviceConfig: requesting nits when no mapping exists.
12-09 10:32:51.238 1509 1927 E DisplayDeviceConfig: requesting nits when no mapping exists.
12-09 10:32:51.239 1509 1927 E DisplayDeviceConfig: requesting nits when no mapping exists.
12-09 10:32:51.255 1509 1927 E DisplayDeviceConfig: requesting nits when no mapping exists.
12-09 10:32:51.256 1509 1927 E DisplayDeviceConfig: requesting nits when no mapping exists.
12-09 10:32:51.272 1509 1927 E DisplayDeviceConfig: requesting nits when no mapping exists.
12-09 10:32:51.272 1509 1927 E DisplayDeviceConfig: requesting nits when no mapping exists.
12-09 10:32:51.289 1509 1927 E DisplayDeviceConfig: requesting nits when no mapping exists.
12-09 10:32:51.289 1509 1927 E DisplayDeviceConfig: requesting nits when no mapping exists.
12-09 10:32:51.306 1509 1927 E DisplayDeviceConfig: requesting nits when no mapping exists.
12-09 10:32:51.306 1509 1927 E DisplayDeviceConfig: requesting nits when no mapping exists.
12-09 10:32:51.322 1509 1927 E DisplayDeviceConfig: requesting nits when no mapping exists.
12-09 10:32:51.324 1509 1927 E DisplayDeviceConfig: requesting nits when no mapping exists.
12-09 10:32:51.339 1509 1927 E DisplayDeviceConfig: requesting nits when no mapping exists.
12-09 10:32:51.340 1509 1927 E DisplayDeviceConfig: requesting nits when no mapping exists.
12-09 10:32:51.356 1509 1927 E DisplayDeviceConfig: requesting nits when no mapping exists.
12-09 10:32:51.356 1509 1927 E DisplayDeviceConfig: requesting nits when no mapping exists.
12-09 10:32:51.372 1509 1927 E DisplayDeviceConfig: requesting nits when no mapping exists.
12-09 10:32:51.372 1509 1927 E DisplayDeviceConfig: requesting nits when no mapping exists.
12-09 10:32:51.389 1509 1927 E DisplayDeviceConfig: requesting nits when no mapping exists.
12-09 10:32:51.391 1509 1927 E DisplayDeviceConfig: requesting nits when no mapping exists.
12-09 10:32:51.406 1509 1927 E DisplayDeviceConfig: requesting nits when no mapping exists.
12-09 10:32:51.407 1509 1927 E DisplayDeviceConfig: requesting nits when no mapping exists.
12-09 10:32:51.422 1509 1927 E DisplayDeviceConfig: requesting nits when no mapping exists.
12-09 10:32:51.423 1509 1927 E DisplayDeviceConfig: requesting nits when no mapping exists.
12-09 10:32:51.439 1509 1927 E DisplayDeviceConfig: requesting nits when no mapping exists.
12-09 10:32:51.440 1509 1927 E DisplayDeviceConfig: requesting nits when no mapping exists.
12-09 10:32:51.456 1509 1927 E DisplayDeviceConfig: requesting nits when no mapping exists.
12-09 10:32:51.456 1509 1927 E DisplayDeviceConfig: requesting nits when no mapping exists.
12-09 10:32:51.472 1509 1927 E DisplayDeviceConfig: requesting nits when no mapping exists.
12-09 10:32:51.473 1509 1927 E DisplayDeviceConfig: requesting nits when no mapping exists.
12-09 10:32:51.490 1509 1927 E DisplayDeviceConfig: requesting nits when no mapping exists.
12-09 10:32:51.490 1509 1927 E DisplayDeviceConfig: requesting nits when no mapping exists.
12-09 10:32:51.506 1509 1927 E DisplayDeviceConfig: requesting nits when no mapping exists.
12-09 10:32:51.508 1509 1927 E DisplayDeviceConfig: requesting nits when no mapping exists.
12-09 10:32:51.522 1509 1927 E DisplayDeviceConfig: requesting nits when no mapping exists.
12-09 10:32:51.523 1509 1927 E DisplayDeviceConfig: requesting nits when no mapping exists.
12-09 10:32:57.513 1509 1621 I PowerManagerService: Napping display group (groupId=0, uid=1000)...
12-09 10:32:57.514 1509 1621 I PowerManagerService: Nap time (uid 1000)...
12-09 10:32:57.516 1509 1621 I DreamManagerService: Entering dreamland.
12-09 10:32:57.520 1509 1621 I PowerManagerService: Dreaming...
12-09 10:32:57.524 1509 1594 I DreamController: Starting dream: name=ComponentInfo{com.thundercomm.screensaver/com.thundercomm.screensaver.service.SystemScreensaverDream}, isTest=false, canDoze=false, userId=0
12-09 10:32:57.537 1509 2100 I ActivityTaskManager: START u0 {flg=0x10000000 pkg=com.thundercomm.screensaver cmp=com.thundercomm.screensaver/android.service.dreams.DreamActivity (has extras)} from uid 10051
12-09 10:32:57.539 1509 2100 W ActivityTaskManager: Can't find TaskDisplayArea to determine support for multi window. Task id=149 attached=false
12-09 10:32:57.557 1509 2100 I ActivityTaskManager: FOREGROUND_APPLICATION_CHANGED to android.service.dreams.DreamActivity
12-09 10:32:57.557 1509 2100 I ActivityTaskManager: The Process com.thundercomm.screensaver Already Exists in BG. So sending its PID: 5084
12-09 10:32:57.558 1509 2100 W ActivityTaskManager: Tried to set launchTime (0) < mLastActivityLaunchTime (18693574)
12-09 10:32:57.577 1509 2100 W WindowManager: Failed looking up window session=Session{94bf14e 5084:u0a10051} callers=com.android.server.wm.WindowManagerService.windowForClientLocked:5628 com.android.server.wm.Session.insetsModified:629 android.view.IWindowSession$Stub.onTransact:1151
12-09 10:32:57.586 12356 12373 W ContextImpl: Calling a method in the system process without a qualified user: android.app.ContextImpl.startService:1816 android.content.ContextWrapper.startService:774 com.thundercomm.gamemode.ingame.services.GameModeActionUtils.startGameModeService:99 com.thundercomm.gamemode.ingame.services.GameModeActionUtils.startGameModeEntry:22 com.thundercomm.gamemode.ingame.services.ActivityMonitoringService$1.onActivityLaunch:127
12-09 10:32:57.600 1509 1509 I GameModeConfig: Current uri is uri = content://com.thundercomm.gamemode.api/gamemode_settings/gamemode_isgaming
12-09 10:32:57.605 1509 1509 I GameModeConfig: isGameModeOn = false
12-09 10:32:57.607 1509 1509 I GameModeConfig: isGameModeOn = false
12-09 10:32:57.607 1509 1509 I GameModeConfig: isDisableVoice = true
12-09 10:32:57.617 1509 1737 I GameModeConfig: isGameModeOn = false
12-09 10:32:57.617 1509 1737 I GameModeConfig: isGameModeOn = false
12-09 10:32:57.617 1509 1737 I GameModeConfig: isGameModeOn = false
12-09 10:32:57.617 1509 1737 I GameModeConfig: isGameModeOn = false
12-09 10:32:57.627 1509 1621 V DisplayPowerController[0]: Brightness [1.0] reason changing to: 'manual', previous reason: 'manual [ dim ]'.
