12-09 10:23:40.543 1509 1598 D WindowManager: updateWindowDragBounds: mIsSwipeYtrue
12-09 10:23:40.543 1509 1598 D WindowManager: updateWindowDragBounds: mIsTopfalse
12-09 10:23:40.543 1509 1598 D WindowManager: updateWindowDragBounds: mIsSwipeXfalse
12-09 10:23:40.545 1509 1598 W WindowManager: updateScale0.4617737
12-09 10:23:40.575 1509 6632 W WindowManager: updateScale0.4617737
12-09 10:23:41.807 1509 1598 D FreeFormWindowHelper: refreshTipWindow windowDragBounds:Rect(88, 490 - 390, 1028)
12-09 10:23:41.809 1509 1598 W WindowManager: updateScale0.4617737
12-09 10:23:41.821 1509 1972 W WindowManager: updateScale0.4617737
12-09 10:23:41.823 1509 1598 D FreeFormWindowHelper: refreshTipWindow windowDragBounds:Rect(131, 494 - 433, 1032)
12-09 10:23:41.825 1509 1598 W WindowManager: updateScale0.4617737
12-09 10:23:41.840 1509 1598 D FreeFormWindowHelper: refreshTipWindow windowDragBounds:Rect(186, 496 - 488, 1034)
12-09 10:23:41.843 1509 1598 W WindowManager: updateScale0.4617737
12-09 10:23:41.860 1509 1598 D FreeFormWindowHelper: refreshTipWindow windowDragBounds:Rect(282, 498 - 584, 1036)
12-09 10:23:41.862 1509 1598 W WindowManager: updateScale0.4617737
12-09 10:23:41.873 1509 1598 D FreeFormWindowHelper: refreshTipWindow windowDragBounds:Rect(371, 498 - 673, 1036)
12-09 10:23:41.875 1509 1598 W WindowManager: updateScale0.4617737
12-09 10:23:41.887 1509 6632 W WindowManager: updateScale0.4617737
12-09 10:23:41.891 1509 1598 D FreeFormWindowHelper: refreshTipWindow windowDragBounds:Rect(445, 495 - 747, 1033)
12-09 10:23:41.892 1509 1598 W WindowManager: updateScale0.4617737
12-09 10:23:41.903 1509 6632 W WindowManager: updateScale0.4617737
12-09 10:23:41.907 1509 1598 D FreeFormWindowHelper: refreshTipWindow windowDragBounds:Rect(529, 482 - 831, 1020)
12-09 10:23:41.908 1509 1598 W WindowManager: updateScale0.4617737
12-09 10:23:41.919 1509 1972 W WindowManager: updateScale0.4617737
12-09 10:23:41.923 1509 1598 D FreeFormWindowHelper: refreshTipWindow windowDragBounds:Rect(634, 480 - 936, 1018)
12-09 10:23:41.925 1509 1598 W WindowManager: updateScale0.4617737
12-09 10:23:41.936 1509 1972 W WindowManager: updateScale0.4617737
12-09 10:23:41.940 1509 1598 D FreeFormWindowHelper: refreshTipWindow windowDragBounds:Rect(704, 473 - 1006, 1011)
12-09 10:23:41.942 1509 1598 W WindowManager: updateScale0.4617737
12-09 10:23:41.953 1509 1972 W WindowManager: updateScale0.4617737
12-09 10:23:41.969 1509 1972 W WindowManager: updateScale0.4617737
12-09 10:23:41.974 1509 1598 D FreeFormWindowHelper: refreshTipWindow windowDragBounds:Rect(871, 456 - 1173, 994)
12-09 10:23:41.976 1509 1598 W WindowManager: updateScale0.4617737
12-09 10:23:41.976 1509 1598 W WindowManager: updateScale0.4617737
12-09 10:23:41.987 1509 1972 W WindowManager: updateScale0.4617737
12-09 10:23:41.991 1509 1598 D FreeFormWindowHelper: refreshTipWindow windowDragBounds:Rect(923, 450 - 1225, 988)
12-09 10:23:41.992 1509 1598 W WindowManager: updateScale0.4617737
12-09 10:23:42.007 1509 1598 D FreeFormWindowHelper: refreshTipWindow windowDragBounds:Rect(976, 442 - 1278, 980)
12-09 10:23:42.008 1509 1598 W WindowManager: updateScale0.4617737
12-09 10:23:42.020 1509 1972 W WindowManager: updateScale0.4617737
12-09 10:23:42.025 1509 1598 D FreeFormWindowHelper: refreshTipWindow windowDragBounds:Rect(1077, 432 - 1379, 970)
12-09 10:23:42.026 1509 1598 W WindowManager: updateScale0.4617737
12-09 10:23:42.036 1509 1972 W WindowManager: updateScale0.4617737
12-09 10:23:42.042 1509 1598 D FreeFormWindowHelper: refreshTipWindow windowDragBounds:Rect(1131, 424 - 1433, 962)
12-09 10:23:42.043 1509 1598 W WindowManager: updateScale0.4617737
12-09 10:23:42.053 1509 1972 W WindowManager: updateScale0.4617737
12-09 10:23:42.057 1509 1598 D FreeFormWindowHelper: refreshTipWindow windowDragBounds:Rect(1175, 421 - 1477, 959)
12-09 10:23:42.058 1509 1598 W WindowManager: updateScale0.4617737
12-09 10:23:42.069 1509 1972 W WindowManager: updateScale0.4617737
12-09 10:23:42.074 1509 1598 D FreeFormWindowHelper: refreshTipWindow windowDragBounds:Rect(1214, 420 - 1516, 958)
12-09 10:23:42.075 1509 1598 W WindowManager: updateScale0.4617737
12-09 10:23:42.086 1509 1972 W WindowManager: updateScale0.4617737
12-09 10:23:42.103 1509 1972 W WindowManager: updateScale0.4617737
12-09 10:23:42.107 1509 1598 D FreeFormWindowHelper: refreshTipWindow windowDragBounds:Rect(1251, 419 - 1553, 957)
12-09 10:23:42.109 1509 1598 W WindowManager: updateScale0.4617737
12-09 10:23:42.124 1509 1598 D FreeFormWindowHelper: refreshTipWindow windowDragBounds:Rect(1289, 420 - 1591, 958)
12-09 10:23:42.125 1509 1598 W WindowManager: updateScale0.4617737
12-09 10:23:42.137 1509 1972 W WindowManager: updateScale0.4617737
12-09 10:23:42.141 1509 1598 D FreeFormWindowHelper: refreshTipWindow windowDragBounds:Rect(1415, 436 - 1717, 974)
12-09 10:23:42.142 1509 1598 W WindowManager: updateScale0.4617737
12-09 10:23:42.157 1509 1598 D FreeFormWindowHelper: refreshTipWindow windowDragBounds:Rect(1494, 445 - 1796, 983)
12-09 10:23:42.159 1509 1598 W WindowManager: updateScale0.4617737
12-09 10:23:42.174 1509 1598 D FreeFormWindowHelper: refreshTipWindow windowDragBounds:Rect(1555, 449 - 1857, 987)
12-09 10:23:42.175 1509 1598 W WindowManager: updateScale0.4617737
12-09 10:23:42.191 1509 1598 D FreeFormWindowHelper: refreshTipWindow windowDragBounds:Rect(1646, 456 - 1948, 994)
12-09 10:23:42.192 1509 1598 W WindowManager: updateScale0.4617737
12-09 10:23:42.207 1509 1598 D FreeFormWindowHelper: refreshTipWindow windowDragBounds:Rect(1694, 463 - 1996, 1001)
12-09 10:23:42.209 1509 1598 W WindowManager: updateScale0.4617737
12-09 10:23:42.221 1509 1972 W WindowManager: updateScale0.4617737
12-09 10:23:42.224 1509 1598 D FreeFormWindowHelper: refreshTipWindow windowDragBounds:Rect(1742, 468 - 2044, 1006)
12-09 10:23:42.225 1509 1598 W WindowManager: updateScale0.4617737
12-09 10:23:42.237 1509 1972 W WindowManager: updateScale0.4617737
12-09 10:23:42.241 1509 1598 D FreeFormWindowHelper: refreshTipWindow windowDragBounds:Rect(1776, 470 - 2078, 1008)
12-09 10:23:42.242 1509 1598 W WindowManager: updateScale0.4617737
12-09 10:23:42.253 1509 1972 W WindowManager: updateScale0.4617737
12-09 10:23:42.270 1509 6632 W WindowManager: updateScale0.4617737
12-09 10:23:42.275 1509 1598 D FreeFormWindowHelper: refreshTipWindow windowDragBounds:Rect(1858, 483 - 2160, 1021)
12-09 10:23:42.276 1509 1598 W WindowManager: updateScale0.4617737
12-09 10:23:42.276 1509 1598 W WindowManager: updateScale0.4617737
12-09 10:23:42.291 1509 1598 D FreeFormWindowHelper: refreshTipWindow windowDragBounds:Rect(1898, 490 - 2200, 1028)
12-09 10:23:42.292 1509 1598 W WindowManager: updateScale0.4617737
12-09 10:23:42.308 1509 1598 D FreeFormWindowHelper: refreshTipWindow windowDragBounds:Rect(1922, 493 - 2224, 1031)
12-09 10:23:42.309 1509 1598 W WindowManager: updateScale0.4617737
12-09 10:23:42.324 1509 1598 D FreeFormWindowHelper: refreshTipWindow windowDragBounds:Rect(1946, 500 - 2248, 1038)
12-09 10:23:42.326 1509 1598 W WindowManager: updateScale0.4617737
12-09 10:23:42.341 1509 1598 D FreeFormWindowHelper: refreshTipWindow windowDragBounds:Rect(1959, 505 - 2261, 1043)
12-09 10:23:42.343 1509 1598 W WindowManager: updateScale0.4617737
12-09 10:23:42.358 1509 1598 D FreeFormWindowHelper: refreshTipWindow windowDragBounds:Rect(1979, 519 - 2281, 1057)
12-09 10:23:42.359 1509 1598 W WindowManager: updateScale0.4617737
12-09 10:23:42.375 1509 1598 D FreeFormWindowHelper: refreshTipWindow windowDragBounds:Rect(1992, 532 - 2294, 1070)
12-09 10:23:42.376 1509 1598 W WindowManager: updateScale0.4617737
12-09 10:23:42.391 1509 1598 D FreeFormWindowHelper: refreshTipWindow windowDragBounds:Rect(2002, 540 - 2304, 1078)
12-09 10:23:42.392 1509 1598 W WindowManager: updateScale0.4617737
12-09 10:23:42.408 1509 1598 D FreeFormWindowHelper: refreshTipWindow windowDragBounds:Rect(2032, 568 - 2334, 1106)
12-09 10:23:42.409 1509 1598 W WindowManager: updateScale0.4617737
12-09 10:23:42.441 1509 1598 D FreeFormWindowHelper: refreshTipWindow windowDragBounds:Rect(2075, 591 - 2377, 1129)
12-09 10:23:42.443 1509 1598 W WindowManager: updateScale0.4617737
12-09 10:23:42.459 1509 1598 D FreeFormWindowHelper: refreshTipWindow windowDragBounds:Rect(2091, 599 - 2393, 1137)
12-09 10:23:42.460 1509 1598 W WindowManager: updateScale0.4617737
12-09 10:23:42.475 1509 1598 D FreeFormWindowHelper: refreshTipWindow windowDragBounds:Rect(2112, 610 - 2414, 1148)
12-09 10:23:42.476 1509 1598 W WindowManager: updateScale0.4617737
12-09 10:23:42.481 1509 6632 W WindowManager: updateScale0.4617737
12-09 10:23:42.492 1509 1598 D FreeFormWindowHelper: refreshTipWindow windowDragBounds:Rect(2127, 619 - 2429, 1157)
12-09 10:23:42.493 1509 1598 W WindowManager: updateScale0.4617737
12-09 10:23:42.505 1509 6632 W WindowManager: updateScale0.4617737
12-09 10:23:42.508 1509 1598 D FreeFormWindowHelper: refreshTipWindow windowDragBounds:Rect(2136, 625 - 2438, 1163)
12-09 10:23:42.509 1509 1598 W WindowManager: updateScale0.4617737
12-09 10:23:42.516 1509 1598 D WindowManager: updateWindowDragBounds: mIsSwipeYfalse
12-09 10:23:42.516 1509 1598 D WindowManager: updateWindowDragBounds: mIsTopfalse
12-09 10:23:42.516 1509 1598 D WindowManager: updateWindowDragBounds: mIsSwipeXfalse
12-09 10:23:42.518 1509 1598 W WindowManager: updateScale0.4617737
12-09 10:23:42.547 1509 7175 W WindowManager: updateScale0.4617737
12-09 10:23:42.741 1509 6632 W WindowManager: updateScale0.4617737
12-09 10:23:42.741 1509 6632 W WindowManager: updateScale0.4617737
12-09 10:23:43.909 1509 1598 D FreeFormWindowHelper: refreshTipWindow windowDragBounds:Rect(2103, 505 - 2405, 1043)
12-09 10:23:43.913 1509 1598 W WindowManager: updateScale0.4617737
12-09 10:23:43.925 1509 6632 W WindowManager: updateScale0.4617737
12-09 10:23:43.928 1509 1598 D FreeFormWindowHelper: refreshTipWindow windowDragBounds:Rect(2137, 531 - 2439, 1069)
12-09 10:23:43.930 1509 1598 W WindowManager: updateScale0.4617737
12-09 10:23:43.945 1509 1598 D FreeFormWindowHelper: refreshTipWindow windowDragBounds:Rect(2154, 548 - 2456, 1086)
12-09 10:23:43.947 1509 1598 W WindowManager: updateScale0.4617737
12-09 10:23:43.962 1509 1598 D FreeFormWindowHelper: refreshTipWindow windowDragBounds:Rect(2187, 584 - 2489, 1122)
12-09 10:23:43.963 1509 1598 W WindowManager: updateScale0.4617737
12-09 10:23:43.979 1509 1598 D FreeFormWindowHelper: refreshTipWindow windowDragBounds:Rect(2214, 616 - 2516, 1154)
12-09 10:23:43.980 1509 1598 W WindowManager: updateScale0.4617737
12-09 10:23:43.995 1509 1598 D FreeFormWindowHelper: refreshTipWindow windowDragBounds:Rect(2233, 638 - 2535, 1176)
12-09 10:23:43.996 1509 1598 W WindowManager: updateScale0.4617737
12-09 10:23:44.012 1509 1598 D FreeFormWindowHelper: refreshTipWindow windowDragBounds:Rect(2263, 668 - 2565, 1206)
12-09 10:23:44.014 1509 1598 W WindowManager: updateScale0.4617737
12-09 10:23:44.026 1509 1972 W WindowManager: updateScale0.4617737
12-09 10:23:44.029 1509 1598 D FreeFormWindowHelper: refreshTipWindow windowDragBounds:Rect(2288, 690 - 2590, 1228)
12-09 10:23:44.032 1509 1598 W WindowManager: updateScale0.4617737
12-09 10:23:44.045 1509 1598 D FreeFormWindowHelper: refreshTipWindow windowDragBounds:Rect(2302, 704 - 2604, 1242)
12-09 10:23:44.047 1509 1598 W WindowManager: updateScale0.4617737
12-09 10:23:44.062 1509 1598 D FreeFormWindowHelper: refreshTipWindow windowDragBounds:Rect(2314, 716 - 2616, 1254)
12-09 10:23:44.063 1509 1598 W WindowManager: updateScale0.4617737
12-09 10:23:44.079 1509 1598 D FreeFormWindowHelper: refreshTipWindow windowDragBounds:Rect(2331, 733 - 2633, 1271)
12-09 10:23:44.080 1509 1598 W WindowManager: updateScale0.4617737
12-09 10:23:44.096 1509 1598 D FreeFormWindowHelper: refreshTipWindow windowDragBounds:Rect(2346, 743 - 2648, 1281)
12-09 10:23:44.097 1509 1598 W WindowManager: updateScale0.4617737
12-09 10:23:44.112 1509 1598 D FreeFormWindowHelper: refreshTipWindow windowDragBounds:Rect(2357, 752 - 2659, 1290)
12-09 10:23:44.113 1509 1598 W WindowManager: updateScale0.4617737
12-09 10:23:44.129 1509 1598 D FreeFormWindowHelper: refreshTipWindow windowDragBounds:Rect(2372, 764 - 2674, 1302)
12-09 10:23:44.130 1509 1598 W WindowManager: updateScale0.4617737
12-09 10:23:44.145 1509 1598 D FreeFormWindowHelper: refreshTipWindow windowDragBounds:Rect(2375, 766 - 2677, 1304)
12-09 10:23:44.147 1509 1598 W WindowManager: updateScale0.4617737
12-09 10:23:44.159 1509 1972 W WindowManager: updateScale0.4617737
12-09 10:23:44.162 1509 1598 D FreeFormWindowHelper: refreshTipWindow windowDragBounds:Rect(2387, 779 - 2689, 1317)
12-09 10:23:44.164 1509 1598 W WindowManager: updateScale0.4617737
12-09 10:23:44.175 1509 6632 W WindowManager: updateScale0.4617737
12-09 10:23:44.179 1509 1598 D FreeFormWindowHelper: refreshTipWindow windowDragBounds:Rect(2407, 792 - 2709, 1330)
12-09 10:23:44.181 1509 1598 W WindowManager: updateScale0.4617737
12-09 10:23:44.191 1509 1972 W WindowManager: updateScale0.4617737
12-09 10:23:44.196 1509 1598 D FreeFormWindowHelper: refreshTipWindow windowDragBounds:Rect(2421, 799 - 2723, 1337)
12-09 10:23:44.197 1509 1598 W WindowManager: updateScale0.4617737
12-09 10:23:44.208 1509 6632 W WindowManager: updateScale0.4617737
12-09 10:23:44.212 1509 1598 D FreeFormWindowHelper: refreshTipWindow windowDragBounds:Rect(2422, 818 - 2724, 1356)
12-09 10:23:44.214 1509 1598 W WindowManager: updateScale0.4617737
12-09 10:23:44.225 1509 6632 W WindowManager: updateScale0.4617737
12-09 10:23:44.229 1509 1598 D FreeFormWindowHelper: refreshTipWindow windowDragBounds:Rect(2422, 827 - 2724, 1365)
12-09 10:23:44.230 1509 1598 W WindowManager: updateScale0.4617737
12-09 10:23:44.242 1509 6632 W WindowManager: updateScale0.4617737
12-09 10:23:44.246 1509 1598 D FreeFormWindowHelper: refreshTipWindow windowDragBounds:Rect(2422, 833 - 2724, 1371)
12-09 10:23:44.247 1509 1598 W WindowManager: updateScale0.4617737
12-09 10:23:44.258 1509 6632 W WindowManager: updateScale0.4617737
12-09 10:23:44.262 1509 1598 D FreeFormWindowHelper: refreshTipWindow windowDragBounds:Rect(2422, 837 - 2724, 1375)
12-09 10:23:44.264 1509 1598 W WindowManager: updateScale0.4617737
12-09 10:23:44.275 1509 15980 W WindowManager: updateScale0.4617737
12-09 10:23:44.279 1509 1598 D FreeFormWindowHelper: refreshTipWindow windowDragBounds:Rect(2422, 838 - 2724, 1376)
12-09 10:23:44.281 1509 1598 W WindowManager: updateScale0.4617737
12-09 10:23:44.292 1509 15980 W WindowManager: updateScale0.4617737
12-09 10:23:44.296 1509 1598 D FreeFormWindowHelper: refreshTipWindow windowDragBounds:Rect(2422, 841 - 2724, 1379)
12-09 10:23:44.297 1509 1598 W WindowManager: updateScale0.4617737
12-09 10:23:44.308 1509 15980 W WindowManager: updateScale0.4617737
12-09 10:23:44.325 1509 15980 W WindowManager: updateScale0.4617737
12-09 10:23:44.329 1509 1598 D FreeFormWindowHelper: refreshTipWindow windowDragBounds:Rect(2422, 844 - 2724, 1382)
12-09 10:23:44.330 1509 1598 W WindowManager: updateScale0.4617737
12-09 10:23:44.346 1509 1598 D FreeFormWindowHelper: refreshTipWindow windowDragBounds:Rect(2422, 845 - 2724, 1383)
12-09 10:23:44.348 1509 1598 W WindowManager: updateScale0.4617737
12-09 10:23:44.363 1509 1598 D FreeFormWindowHelper: refreshTipWindow windowDragBounds:Rect(2422, 846 - 2724, 1384)
12-09 10:23:44.364 1509 1598 W WindowManager: updateScale0.4617737
12-09 10:23:44.419 1509 1598 D WindowManager: updateWindowDragBounds: mIsSwipeYfalse
12-09 10:23:44.419 1509 1598 D WindowManager: updateWindowDragBounds: mIsTopfalse
12-09 10:23:44.419 1509 1598 D WindowManager: updateWindowDragBounds: mIsSwipeXfalse
12-09 10:23:44.422 1509 1598 W WindowManager: updateScale0.4617737
12-09 10:23:44.448 1509 1972 W WindowManager: updateScale0.4617737
12-09 10:23:45.500 1509 1598 D FreeFormWindowHelper: refreshTipWindow windowDragBounds:Rect(2102, 494 - 2404, 1032)
12-09 10:23:45.503 1509 1598 W WindowManager: updateScale0.4617737
12-09 10:23:45.516 1509 1598 D FreeFormWindowHelper: refreshTipWindow windowDragBounds:Rect(2127, 505 - 2429, 1043)
12-09 10:23:45.518 1509 1598 W WindowManager: updateScale0.4617737
12-09 10:23:45.521 1509 15980 W WindowManager: updateScale0.4617737
12-09 10:23:45.532 1509 1598 D FreeFormWindowHelper: refreshTipWindow windowDragBounds:Rect(2180, 536 - 2482, 1074)
12-09 10:23:45.535 1509 1598 W WindowManager: updateScale0.4617737
12-09 10:23:45.549 1509 1598 D FreeFormWindowHelper: refreshTipWindow windowDragBounds:Rect(2224, 563 - 2526, 1101)
12-09 10:23:45.550 1509 1598 W WindowManager: updateScale0.4617737
12-09 10:23:45.565 1509 1598 D FreeFormWindowHelper: refreshTipWindow windowDragBounds:Rect(2307, 612 - 2609, 1150)
12-09 10:23:45.567 1509 1598 W WindowManager: updateScale0.4617737
12-09 10:23:45.579 1509 15980 W WindowManager: updateScale0.4617737
12-09 10:23:45.583 1509 1598 D FreeFormWindowHelper: refreshTipWindow windowDragBounds:Rect(2321, 619 - 2623, 1157)
12-09 10:23:45.585 1509 1598 W WindowManager: updateScale0.4617737
12-09 10:23:45.599 1509 1598 D FreeFormWindowHelper: refreshTipWindow windowDragBounds:Rect(2386, 661 - 2688, 1199)
12-09 10:23:45.601 1509 1598 W WindowManager: updateScale0.4617737
12-09 10:23:45.613 1509 1972 W WindowManager: updateScale0.4617737
12-09 10:23:45.616 1509 1598 D FreeFormWindowHelper: refreshTipWindow windowDragBounds:Rect(2388, 682 - 2690, 1220)
12-09 10:23:45.617 1509 1598 W WindowManager: updateScale0.4617737
12-09 10:23:45.628 1509 1972 W WindowManager: updateScale0.4617737
12-09 10:23:45.632 1509 1598 D FreeFormWindowHelper: refreshTipWindow windowDragBounds:Rect(2388, 698 - 2690, 1236)
12-09 10:23:45.634 1509 1598 W WindowManager: updateScale0.4617737
12-09 10:23:45.645 1509 1972 W WindowManager: updateScale0.4617737
12-09 10:23:45.649 1509 1598 D FreeFormWindowHelper: refreshTipWindow windowDragBounds:Rect(2388, 725 - 2690, 1263)
12-09 10:23:45.650 1509 1598 W WindowManager: updateScale0.4617737
12-09 10:23:45.661 1509 1972 W WindowManager: updateScale0.4617737
12-09 10:23:45.666 1509 1598 D FreeFormWindowHelper: refreshTipWindow windowDragBounds:Rect(2388, 742 - 2690, 1280)
12-09 10:23:45.666 1509 1598 W WindowManager: updateScale0.4617737
12-09 10:23:45.678 1509 7175 W WindowManager: updateScale0.4617737
12-09 10:23:45.682 1509 1598 D FreeFormWindowHelper: refreshTipWindow windowDragBounds:Rect(2388, 759 - 2690, 1297)
12-09 10:23:45.683 1509 1598 W WindowManager: updateScale0.4617737
12-09 10:23:45.695 1509 7175 W WindowManager: updateScale0.4617737
12-09 10:23:45.699 1509 1598 D FreeFormWindowHelper: refreshTipWindow windowDragBounds:Rect(2388, 765 - 2690, 1303)
12-09 10:23:45.700 1509 1598 W WindowManager: updateScale0.4617737
12-09 10:23:45.711 1509 1972 W WindowManager: updateScale0.4617737
12-09 10:23:45.716 1509 1598 D FreeFormWindowHelper: refreshTipWindow windowDragBounds:Rect(2388, 787 - 2690, 1325)
12-09 10:23:45.717 1509 1598 W WindowManager: updateScale0.4617737
12-09 10:23:45.728 1509 1972 W WindowManager: updateScale0.4617737
12-09 10:23:45.732 1509 1598 D FreeFormWindowHelper: refreshTipWindow windowDragBounds:Rect(2388, 793 - 2690, 1331)
12-09 10:23:45.734 1509 1598 W WindowManager: updateScale0.4617737
12-09 10:23:45.745 1509 1972 W WindowManager: updateScale0.4617737
12-09 10:23:45.749 1509 1598 D FreeFormWindowHelper: refreshTipWindow windowDragBounds:Rect(2388, 808 - 2690, 1346)
12-09 10:23:45.751 1509 1598 W WindowManager: updateScale0.4617737
12-09 10:23:45.762 1509 7175 W WindowManager: updateScale0.4617737
12-09 10:23:45.766 1509 1598 D FreeFormWindowHelper: refreshTipWindow windowDragBounds:Rect(2388, 827 - 2690, 1365)
12-09 10:23:45.767 1509 1598 W WindowManager: updateScale0.4617737
12-09 10:23:45.778 1509 7175 W WindowManager: updateScale0.4617737
12-09 10:23:45.783 1509 1598 D FreeFormWindowHelper: refreshTipWindow windowDragBounds:Rect(2388, 838 - 2690, 1376)
12-09 10:23:45.784 1509 1598 W WindowManager: updateScale0.4617737
12-09 10:23:45.795 1509 7175 W WindowManager: updateScale0.4617737
12-09 10:23:45.799 1509 1598 D FreeFormWindowHelper: refreshTipWindow windowDragBounds:Rect(2388, 850 - 2690, 1388)
12-09 10:23:45.801 1509 1598 W WindowManager: updateScale0.4617737
12-09 10:23:45.806 1509 1598 D FreeFormWindowHelper: refreshTipWindow windowDragBounds:Rect(2388, 855 - 2690, 1393)
12-09 10:23:45.807 1509 1598 W WindowManager: updateScale0.4617737
12-09 10:23:45.809 1509 1598 D WindowManager: updateWindowDragBounds: mIsSwipeYtrue
12-09 10:23:45.809 1509 1598 D WindowManager: updateWindowDragBounds: mIsTopfalse
12-09 10:23:45.809 1509 1598 D WindowManager: updateWindowDragBounds: mIsSwipeXfalse
12-09 10:23:45.811 1509 1598 W WindowManager: updateScale0.4617737
12-09 10:23:45.812 1509 1972 W WindowManager: updateScale0.4617737
12-09 10:23:46.886 1509 1598 D FreeFormWindowHelper: refreshTipWindow windowDragBounds:Rect(2096, 387 - 2398, 925)
12-09 10:23:46.889 1509 1598 W WindowManager: updateScale0.4617737
12-09 10:23:46.892 1509 1598 W WindowManager: updateScale0.4617737
12-09 10:23:46.904 1509 1598 D FreeFormWindowHelper: refreshTipWindow windowDragBounds:Rect(2111, 321 - 2413, 859)
12-09 10:23:46.906 1509 1598 W WindowManager: updateScale0.4617737
12-09 10:23:46.921 1509 1598 D FreeFormWindowHelper: refreshTipWindow windowDragBounds:Rect(2124, 272 - 2426, 810)
12-09 10:23:46.923 1509 1598 W WindowManager: updateScale0.4617737
12-09 10:23:46.936 1509 1598 D FreeFormWindowHelper: refreshTipWindow windowDragBounds:Rect(2157, 119 - 2459, 657)
12-09 10:23:46.937 1509 1598 W WindowManager: updateScale0.4617737
12-09 10:23:46.952 1509 1598 D FreeFormWindowHelper: refreshTipWindow windowDragBounds:Rect(2187, -31 - 2489, 507)
12-09 10:23:46.954 1509 1598 W WindowManager: updateScale0.4617737
12-09 10:23:46.970 1509 1598 D FreeFormWindowHelper: refreshTipWindow windowDragBounds:Rect(2197, -83 - 2499, 455)
12-09 10:23:46.971 1509 1598 W WindowManager: updateScale0.4617737
12-09 10:23:46.983 1509 7175 W WindowManager: updateScale0.4617737
12-09 10:23:46.998 1509 7175 W WindowManager: updateScale0.4617737
12-09 10:23:47.240 1509 1598 D WindowManager: updateWindowDragBounds: mIsSwipeYtrue
12-09 10:23:47.240 1509 1598 D WindowManager: updateWindowDragBounds: mIsTopfalse
12-09 10:23:47.240 1509 1598 D WindowManager: updateWindowDragBounds: mIsSwipeXfalse
12-09 10:23:47.243 1509 1598 W WindowManager: updateScale0.4617737
12-09 10:23:47.266 1509 7175 W WindowManager: updateScale0.4617737
12-09 10:23:48.005 1509 1598 D FreeFormWindowHelper: refreshTipWindow windowDragBounds:Rect(2096, 62 - 2398, 600)
12-09 10:23:48.014 1509 1598 W WindowManager: updateScale0.4617737
12-09 10:23:48.038 1509 1598 D FreeFormWindowHelper: refreshTipWindow windowDragBounds:Rect(2244, -23 - 2546, 515)
12-09 10:23:48.040 1509 1598 W WindowManager: updateScale0.4617737
12-09 10:23:48.052 1509 6632 W WindowManager: updateScale0.4617737
12-09 10:23:48.055 1509 1598 D FreeFormWindowHelper: refreshTipWindow windowDragBounds:Rect(2259, -33 - 2561, 505)
12-09 10:23:48.057 1509 1598 W WindowManager: updateScale0.4617737
12-09 10:23:48.076 1509 6632 W WindowManager: updateScale0.4617737
12-09 10:23:48.342 1509 1598 D WindowManager: updateWindowDragBounds: mIsSwipeYtrue
12-09 10:23:48.342 1509 1598 D WindowManager: updateWindowDragBounds: mIsTopfalse
12-09 10:23:48.342 1509 1598 D WindowManager: updateWindowDragBounds: mIsSwipeXfalse
12-09 10:23:48.345 1509 1598 W WindowManager: updateScale0.4617737
12-09 10:23:48.361 1509 1972 W WindowManager: updateScale0.4617737
12-09 10:23:49.057 1509 1598 D FreeFormWindowHelper: refreshTipWindow windowDragBounds:Rect(2068, 77 - 2370, 615)
12-09 10:23:49.060 1509 1598 W WindowManager: updateScale0.4617737
12-09 10:23:49.075 1509 1598 D FreeFormWindowHelper: refreshTipWindow windowDragBounds:Rect(2061, 80 - 2363, 618)
12-09 10:23:49.076 1509 1598 W WindowManager: updateScale0.4617737
12-09 10:23:49.090 1509 1598 D FreeFormWindowHelper: refreshTipWindow windowDragBounds:Rect(2046, 84 - 2348, 622)
12-09 10:23:49.092 1509 1598 W WindowManager: updateScale0.4617737
12-09 10:23:49.106 1509 1972 W WindowManager: updateScale0.4617737
12-09 10:23:49.108 1509 1598 D FreeFormWindowHelper: refreshTipWindow windowDragBounds:Rect(2013, 96 - 2315, 634)
12-09 10:23:49.110 1509 1598 W WindowManager: updateScale0.4617737
12-09 10:23:49.124 1509 1598 D FreeFormWindowHelper: refreshTipWindow windowDragBounds:Rect(1972, 111 - 2274, 649)
12-09 10:23:49.125 1509 1598 W WindowManager: updateScale0.4617737
12-09 10:23:49.142 1509 1598 D FreeFormWindowHelper: refreshTipWindow windowDragBounds:Rect(1890, 138 - 2192, 676)
12-09 10:23:49.144 1509 1598 W WindowManager: updateScale0.4617737
12-09 10:23:49.157 1509 1598 D FreeFormWindowHelper: refreshTipWindow windowDragBounds:Rect(1809, 161 - 2111, 699)
12-09 10:23:49.159 1509 1598 W WindowManager: updateScale0.4617737
12-09 10:23:49.171 1509 15980 W WindowManager: updateScale0.4617737
12-09 10:23:49.174 1509 1598 D FreeFormWindowHelper: refreshTipWindow windowDragBounds:Rect(1637, 204 - 1939, 742)
12-09 10:23:49.176 1509 1598 W WindowManager: updateScale0.4617737
12-09 10:23:49.191 1509 1598 D FreeFormWindowHelper: refreshTipWindow windowDragBounds:Rect(1559, 220 - 1861, 758)
12-09 10:23:49.191 1509 1598 W WindowManager: updateScale0.4617737
12-09 10:23:49.208 1509 1598 D FreeFormWindowHelper: refreshTipWindow windowDragBounds:Rect(1473, 240 - 1775, 778)
12-09 10:23:49.209 1509 1598 W WindowManager: updateScale0.4617737
12-09 10:23:49.224 1509 1598 D FreeFormWindowHelper: refreshTipWindow windowDragBounds:Rect(1301, 280 - 1603, 818)
12-09 10:23:49.226 1509 1598 W WindowManager: updateScale0.4617737
12-09 10:23:49.258 1509 1598 D FreeFormWindowHelper: refreshTipWindow windowDragBounds:Rect(1037, 330 - 1339, 868)
12-09 10:23:49.259 1509 1598 W WindowManager: updateScale0.4617737
12-09 10:23:49.274 1509 1598 D FreeFormWindowHelper: refreshTipWindow windowDragBounds:Rect(967, 340 - 1269, 878)
12-09 10:23:49.277 1509 1598 W WindowManager: updateScale0.4617737
12-09 10:23:49.291 1509 1598 D FreeFormWindowHelper: refreshTipWindow windowDragBounds:Rect(788, 354 - 1090, 892)
12-09 10:23:49.292 1509 1598 W WindowManager: updateScale0.4617737
12-09 10:23:49.308 1509 1598 D FreeFormWindowHelper: refreshTipWindow windowDragBounds:Rect(675, 357 - 977, 895)
12-09 10:23:49.309 1509 1598 W WindowManager: updateScale0.4617737
12-09 10:23:49.324 1509 1598 D FreeFormWindowHelper: refreshTipWindow windowDragBounds:Rect(533, 356 - 835, 894)
12-09 10:23:49.326 1509 1598 W WindowManager: updateScale0.4617737
12-09 10:23:49.341 1509 1598 D FreeFormWindowHelper: refreshTipWindow windowDragBounds:Rect(333, 343 - 635, 881)
12-09 10:23:49.342 1509 1598 W WindowManager: updateScale0.4617737
12-09 10:23:49.358 1509 1598 D FreeFormWindowHelper: refreshTipWindow windowDragBounds:Rect(179, 330 - 481, 868)
12-09 10:23:49.360 1509 1598 W WindowManager: updateScale0.4617737
12-09 10:23:49.375 1509 1598 D FreeFormWindowHelper: refreshTipWindow windowDragBounds:Rect(-29, 316 - 273, 854)
12-09 10:23:49.376 1509 1598 W WindowManager: updateScale0.4617737
12-09 10:23:49.391 1509 1598 D FreeFormWindowHelper: refreshTipWindow windowDragBounds:Rect(-119, 312 - 183, 850)
12-09 10:23:49.392 1509 1598 W WindowManager: updateScale0.4617737
12-09 10:23:49.395 1509 1598 D WindowManager: updateWindowDragBounds: mIsSwipeYtrue
12-09 10:23:49.395 1509 1598 D WindowManager: updateWindowDragBounds: mIsTopfalse
12-09 10:23:49.395 1509 1598 D WindowManager: updateWindowDragBounds: mIsSwipeXfalse
12-09 10:23:49.396 1509 6632 W WindowManager: updateScale0.4617737
12-09 10:23:49.399 1509 1598 W WindowManager: updateScale0.4617737
12-09 10:23:49.399 1509 1598 W WindowManager: updateScale0.4617737
12-09 10:23:49.429 1509 6632 W WindowManager: updateScale0.4617737
12-09 10:23:50.244 1509 1598 D FreeFormWindowHelper: refreshTipWindow windowDragBounds:Rect(0, 459 - 302, 997)
12-09 10:23:50.249 1509 1598 W WindowManager: updateScale0.4617737
12-09 10:23:50.251 1509 1598 W WindowManager: updateScale0.4617737
12-09 10:23:50.262 1509 1598 D FreeFormWindowHelper: refreshTipWindow windowDragBounds:Rect(0, 432 - 302, 970)
12-09 10:23:50.263 1509 1598 W WindowManager: updateScale0.4617737
12-09 10:23:50.277 1509 1598 D FreeFormWindowHelper: refreshTipWindow windowDragBounds:Rect(-5, 360 - 297, 898)
12-09 10:23:50.278 1509 1598 W WindowManager: updateScale0.4617737
12-09 10:23:50.291 1509 2100 W WindowManager: updateScale0.4617737
12-09 10:23:50.294 1509 1598 D FreeFormWindowHelper: refreshTipWindow windowDragBounds:Rect(-7, 322 - 295, 860)
12-09 10:23:50.295 1509 1598 W WindowManager: updateScale0.4617737
12-09 10:23:50.311 1509 1598 D FreeFormWindowHelper: refreshTipWindow windowDragBounds:Rect(-10, 262 - 292, 800)
12-09 10:23:50.312 1509 1598 W WindowManager: updateScale0.4617737
12-09 10:23:50.324 1509 15980 W WindowManager: updateScale0.4617737
12-09 10:23:50.328 1509 1598 D FreeFormWindowHelper: refreshTipWindow windowDragBounds:Rect(-9, 149 - 293, 687)
12-09 10:23:50.329 1509 1598 W WindowManager: updateScale0.4617737
12-09 10:23:50.344 1509 1598 D FreeFormWindowHelper: refreshTipWindow windowDragBounds:Rect(-9, 83 - 293, 621)
12-09 10:23:50.345 1509 1598 W WindowManager: updateScale0.4617737
12-09 10:23:50.360 1509 1598 D FreeFormWindowHelper: refreshTipWindow windowDragBounds:Rect(-9, 40 - 293, 578)
12-09 10:23:50.362 1509 1598 W WindowManager: updateScale0.4617737
12-09 10:23:50.377 1509 1598 D FreeFormWindowHelper: refreshTipWindow windowDragBounds:Rect(-9, -37 - 293, 501)
12-09 10:23:50.378 1509 1598 W WindowManager: updateScale0.4617737
12-09 10:23:50.394 1509 1598 D FreeFormWindowHelper: refreshTipWindow windowDragBounds:Rect(-5, -58 - 297, 480)
12-09 10:23:50.395 1509 1598 W WindowManager: updateScale0.4617737
12-09 10:23:50.407 1509 2100 W WindowManager: updateScale0.4617737
12-09 10:23:50.410 1509 1598 D FreeFormWindowHelper: refreshTipWindow windowDragBounds:Rect(-1, -114 - 301, 424)
12-09 10:23:50.412 1509 1598 W WindowManager: updateScale0.4617737
12-09 10:23:50.423 1509 2100 W WindowManager: updateScale0.4617737
12-09 10:23:50.427 1509 1598 D FreeFormWindowHelper: refreshTipWindow windowDragBounds:Rect(3, -151 - 305, 387)
12-09 10:23:50.429 1509 1598 W WindowManager: updateScale0.4617737
12-09 10:23:50.440 1509 2100 W WindowManager: updateScale0.4617737
12-09 10:23:50.444 1509 1598 D FreeFormWindowHelper: refreshTipWindow windowDragBounds:Rect(2, -165 - 304, 373)
12-09 10:23:50.445 1509 1598 W WindowManager: updateScale0.4617737
12-09 10:23:50.456 1509 2100 W WindowManager: updateScale0.4617737
12-09 10:23:50.473 1509 2100 W WindowManager: updateScale0.4617737
12-09 10:23:50.501 1509 1598 D WindowManager: updateWindowDragBounds: mIsSwipeYtrue
12-09 10:23:50.501 1509 1598 D WindowManager: updateWindowDragBounds: mIsToptrue
12-09 10:23:50.517 1509 1598 D WindowManager: updateWindowDragBounds: mIsSwipeXfalse
12-09 10:23:50.545 1509 6632 I ActivityTaskManager: FOREGROUND_APPLICATION_CHANGED to com.android.launcher3.uioverrides.QuickstepLauncher
12-09 10:23:50.583 12356 12373 W ContextImpl: Calling a method in the system process without a qualified user: android.app.ContextImpl.startService:1816 android.content.ContextWrapper.startService:774 com.thundercomm.gamemode.ingame.services.GameModeActionUtils.startGameModeService:99 com.thundercomm.gamemode.ingame.services.GameModeActionUtils.startGameModeEntry:22 com.thundercomm.gamemode.ingame.services.ActivityMonitoringService$1.onActivityLaunch:127
12-09 10:23:50.588 1509 1509 I GameModeConfig: Current uri is uri = content://com.thundercomm.gamemode.api/gamemode_settings/gamemode_isgaming
12-09 10:23:50.591 1509 1509 I GameModeConfig: isGameModeOn = false
12-09 10:23:50.592 1509 1509 I GameModeConfig: isGameModeOn = false
12-09 10:23:50.592 1509 1509 I GameModeConfig: isDisableVoice = true
12-09 10:23:50.655 12356 12373 W ContextImpl: Calling a method in the system process without a qualified user: android.app.ContextImpl.startService:1816 android.content.ContextWrapper.startService:774 com.thundercomm.gamemode.ingame.services.GameModeActionUtils.startGameModeService:99 com.thundercomm.gamemode.ingame.services.GameModeActionUtils.startGameModeEntry:22 com.thundercomm.gamemode.ingame.services.ActivityMonitoringService$1.onActivityLaunch:127
12-09 10:23:50.663 1509 1509 I GameModeConfig: Current uri is uri = content://com.thundercomm.gamemode.api/gamemode_settings/gamemode_isgaming
12-09 10:23:50.666 1509 1509 I GameModeConfig: isGameModeOn = false
12-09 10:23:50.667 1509 1509 I GameModeConfig: isGameModeOn = false
12-09 10:23:50.667 1509 1509 I GameModeConfig: isDisableVoice = true
12-09 10:23:50.844 1509 1598 D FreeFormWindowHelper: Remove freefrom task=Task{22383e9 #138 type=standard A=10071:com.android.gallery3d U=0 visible=false mode=freeform translucent=true sz=0}
12-09 10:23:53.818 1509 7175 I ActivityTaskManager: START u0 {flg=0x10008000 cmp=com.android.gallery3d/.app.GalleryActivity} from uid 10076
12-09 10:23:53.825 1509 7175 W ActivityTaskManager: Can't find TaskDisplayArea to determine support for multi window. Task id=139 attached=false
12-09 10:23:53.828 1509 7175 D FreeFormWindowHelper: Add freeform task=Task{5303d24 #139 type=standard ?? U=0 visible=false mode=freeform translucent=true sz=0}
12-09 10:23:53.835 1509 7175 I ActivityTaskManager: FOREGROUND_APPLICATION_CHANGED to com.android.gallery3d.app.GalleryActivity
12-09 10:23:53.835 1509 7175 I ActivityTaskManager: The Process com.android.gallery3d Already Exists in BG. So sending its PID: 14611
12-09 10:23:53.836 1509 7175 W ActivityTaskManager: Tried to set launchTime (0) < mLastActivityLaunchTime (18216883)
12-09 10:23:53.864 12356 12373 W ContextImpl: Calling a method in the system process without a qualified user: android.app.ContextImpl.startService:1816 android.content.ContextWrapper.startService:774 com.thundercomm.gamemode.ingame.services.GameModeActionUtils.startGameModeService:99 com.thundercomm.gamemode.ingame.services.GameModeActionUtils.startGameModeEntry:22 com.thundercomm.gamemode.ingame.services.ActivityMonitoringService$1.onActivityLaunch:127
12-09 10:23:53.873 1509 1509 I GameModeConfig: Current uri is uri = content://com.thundercomm.gamemode.api/gamemode_settings/gamemode_isgaming
12-09 10:23:53.878 1509 1509 I GameModeConfig: isGameModeOn = false
12-09 10:23:53.878 1509 1509 I GameModeConfig: isGameModeOn = false
12-09 10:23:53.878 1509 1509 I GameModeConfig: isDisableVoice = true
12-09 10:23:53.902 1509 7175 W WindowManager: updateScale0.7996942
12-09 10:23:53.969 1509 1598 W WindowManager: updateScale0.7996942
12-09 10:23:53.973 1509 1598 W WindowManager: updateScale0.7996942
12-09 10:23:53.974 1509 1598 W WindowManager: updateScale0.7996942
12-09 10:23:54.255 1509 1598 W WindowManager: updateScale0.7996942
12-09 10:23:54.870 1509 2730 E TaskPersister: File error accessing recents directory (directory doesn't exist?).
12-09 10:23:55.236 1509 6632 W WindowManager: updateScale0.4617737
12-09 10:23:55.241 1509 6632 W WindowManager: updateScale0.4617737
12-09 10:23:55.283 1509 6632 I WindowManager: finishDrawing of relaunch: Window{1ac0cbc u0 com.android.gallery3d/com.android.gallery3d.app.GalleryActivity} 43ms
12-09 10:23:55.318 1509 7175 W WindowManager: updateScale0.4617737
12-09 10:23:55.320 1509 7175 W WindowManager: updateScale0.4617737
12-09 10:23:56.105 1509 2100 W WindowManager: updateScale0.7996942
12-09 10:23:56.110 1509 2100 W WindowManager: updateScale0.7996942
12-09 10:23:56.159 1509 2100 I WindowManager: finishDrawing of relaunch: Window{1ac0cbc u0 com.android.gallery3d/com.android.gallery3d.app.GalleryActivity} 51ms
12-09 10:23:56.197 1509 2100 W WindowManager: updateScale0.7996942
12-09 10:23:56.199 1509 2100 W WindowManager: updateScale0.7996942
12-09 10:23:57.095 1509 7175 W WindowManager: updateScale0.7996942
12-09 10:23:58.214 1509 7175 W WindowManager: updateScale0.7996942
12-09 10:24:00.447 1509 7175 W WindowManager: updateScale0.7996942
12-09 10:24:00.447 1509 7175 W WindowManager: updateScale0.7996942
12-09 10:24:00.464 1509 1598 W WindowManager: updateScale0.7996942
12-09 10:24:00.465 1509 1598 W WindowManager: updateScale0.7996942
12-09 10:24:00.466 1509 1598 W WindowManager: updateScale0.7996942
12-09 10:24:00.466 1509 1598 W WindowManager: updateScale0.7996942
12-09 10:24:01.677 1509 7175 I ActivityTaskManager: START u0 {act=android.intent.action.CHOOSER flg=0x1 cmp=android/com.android.internal.app.ChooserActivity clip={image/jpeg {U(content)}} (has extras)} from uid 10071
12-09 10:24:01.687 1509 7175 W WindowManager: updateScale0.7996942
12-09 10:24:01.692 1509 7175 W WindowManager: updateScale0.7996942
12-09 10:24:01.713 1509 6632 W WindowManager: updateScale0.7996942
12-09 10:24:01.713 1509 6632 W WindowManager: updateScale0.7996942
12-09 10:24:01.760 1509 2100 I ActivityTaskManager: FOREGROUND_APPLICATION_CHANGED to com.android.internal.app.ChooserActivity
12-09 10:24:01.760 1509 2100 I ActivityTaskManager: The Process android:ui Already Exists in BG. So sending its PID: 16304
12-09 10:24:01.760 1509 2100 W ActivityTaskManager: Tried to set launchTime (0) < mLastActivityLaunchTime (18170133)
12-09 10:24:01.775 12356 12373 W ContextImpl: Calling a method in the system process without a qualified user: android.app.ContextImpl.startService:1816 android.content.ContextWrapper.startService:774 com.thundercomm.gamemode.ingame.services.GameModeActionUtils.startGameModeService:99 com.thundercomm.gamemode.ingame.services.GameModeActionUtils.startGameModeEntry:22 com.thundercomm.gamemode.ingame.services.ActivityMonitoringService$1.onActivityLaunch:127
12-09 10:24:01.779 1509 1509 I GameModeConfig: Current uri is uri = content://com.thundercomm.gamemode.api/gamemode_settings/gamemode_isgaming
12-09 10:24:01.786 1509 1509 I GameModeConfig: isGameModeOn = false
12-09 10:24:01.786 1509 1509 I GameModeConfig: isGameModeOn = false
12-09 10:24:01.786 1509 1509 I GameModeConfig: isDisableVoice = true
12-09 10:24:01.797 1509 2100 I ActivityTaskManager: START u0 {act=action_nextgen_edit dat=content://media/external/images/media/19 typ=image/jpeg flg=0x3000001 cmp=com.android.gallery3d/.filtershow.FilterShowActivity (has extras)} from uid 10071
12-09 10:24:01.800 1509 2100 W WindowManager: updateScale0.7996942
12-09 10:24:01.800 1509 2100 W WindowManager: updateScale0.7996942
12-09 10:24:01.807 1509 6632 I ActivityTaskManager: FOREGROUND_APPLICATION_CHANGED to com.android.gallery3d.filtershow.FilterShowActivity
12-09 10:24:01.808 1509 6632 I ActivityTaskManager: The Process com.android.gallery3d Already Exists in BG. So sending its PID: 14611
12-09 10:24:01.808 1509 6632 W ActivityTaskManager: Tried to set launchTime (0) < mLastActivityLaunchTime (18243223)
12-09 10:24:01.837 1509 15980 W WindowManager: updateScale0.7996942
12-09 10:24:01.837 1509 15980 W WindowManager: updateScale0.7996942
12-09 10:24:01.837 1509 15980 W WindowManager: updateScale0.7996942
12-09 10:24:01.843 1509 1598 W WindowManager: updateScale0.7996942
12-09 10:24:01.843 1509 1598 W WindowManager: updateScale0.7996942
12-09 10:24:01.843 1509 1598 W WindowManager: updateScale0.7996942
12-09 10:24:01.846 1509 1598 W WindowManager: updateScale0.7996942
12-09 10:24:01.846 1509 1598 W WindowManager: updateScale0.7996942
12-09 10:24:01.846 1509 1598 W WindowManager: updateScale0.7996942
12-09 10:24:01.875 1509 15980 W WindowManager: updateScale0.7996942
12-09 10:24:01.875 1509 15980 W WindowManager: updateScale0.7996942
12-09 10:24:01.875 1509 15980 W WindowManager: updateScale0.7996942
12-09 10:24:01.916 12356 12373 W ContextImpl: Calling a method in the system process without a qualified user: android.app.ContextImpl.startService:1816 android.content.ContextWrapper.startService:774 com.thundercomm.gamemode.ingame.services.GameModeActionUtils.startGameModeService:99 com.thundercomm.gamemode.ingame.services.GameModeActionUtils.startGameModeEntry:22 com.thundercomm.gamemode.ingame.services.ActivityMonitoringService$1.onActivityLaunch:127
12-09 10:24:01.921 1509 1509 I GameModeConfig: Current uri is uri = content://com.thundercomm.gamemode.api/gamemode_settings/gamemode_isgaming
12-09 10:24:01.923 1509 1509 I GameModeConfig: isGameModeOn = false
12-09 10:24:01.923 1509 1509 I GameModeConfig: isGameModeOn = false
12-09 10:24:01.923 1509 1509 I GameModeConfig: isDisableVoice = true
12-09 10:24:01.953 1509 1598 W WindowManager: updateScale0.7996942
12-09 10:24:01.953 1509 1598 W WindowManager: updateScale0.7996942
12-09 10:24:01.970 1509 1598 W WindowManager: updateScale0.7996942
12-09 10:24:01.970 1509 1598 W WindowManager: updateScale0.7996942
12-09 10:24:02.308 12356 12373 W ContextImpl: Calling a method in the system process without a qualified user: android.app.ContextImpl.startService:1816 android.content.ContextWrapper.startService:774 com.thundercomm.gamemode.ingame.services.GameModeActionUtils.startGameModeService:99 com.thundercomm.gamemode.ingame.services.GameModeActionUtils.startGameModeEntry:22 com.thundercomm.gamemode.ingame.services.ActivityMonitoringService$1.onActivityLaunch:127
12-09 10:24:02.314 1509 1509 I GameModeConfig: Current uri is uri = content://com.thundercomm.gamemode.api/gamemode_settings/gamemode_isgaming
12-09 10:24:02.316 1509 1509 I GameModeConfig: isGameModeOn = false
12-09 10:24:02.316 1509 1509 I GameModeConfig: isGameModeOn = false
12-09 10:24:02.316 1509 1509 I GameModeConfig: isDisableVoice = true
12-09 10:24:02.357 1509 1598 W WindowManager: updateScale0.7996942
12-09 10:24:02.357 1509 1598 W WindowManager: updateScale0.7996942
12-09 10:24:03.623 1509 6632 W WindowManager: updateScale0.4617737
12-09 10:24:03.623 1509 6632 W WindowManager: updateScale0.4617737
12-09 10:24:03.629 1509 6632 W WindowManager: updateScale0.4617737
12-09 10:24:03.629 1509 6632 W WindowManager: updateScale0.4617737
12-09 10:24:03.736 1509 7175 W WindowManager: updateScale0.4617737
12-09 10:24:03.736 1509 7175 W WindowManager: updateScale0.4617737
12-09 10:24:03.738 1509 7175 W WindowManager: updateScale0.4617737
12-09 10:24:03.738 1509 7175 W WindowManager: updateScale0.4617737
12-09 10:24:03.746 1509 15980 W WindowManager: updateScale0.4617737
12-09 10:24:03.746 1509 15980 W WindowManager: updateScale0.4617737
12-09 10:24:03.773 1509 6632 W WindowManager: updateScale0.4617737
12-09 10:24:03.773 1509 6632 W WindowManager: updateScale0.4617737
12-09 10:24:03.780 1509 6632 I WindowManager: finishDrawing of relaunch: Window{1ac0cbc u0 com.android.gallery3d/com.android.gallery3d.app.GalleryActivity} 152ms
12-09 10:24:04.461 1509 1598 D FreeFormWindowHelper: refreshTipWindow windowDragBounds:Rect(3, 79 - 305, 617)
12-09 10:24:04.463 1509 1598 W WindowManager: updateScale0.4617737
12-09 10:24:04.463 1509 1598 W WindowManager: updateScale0.4617737
12-09 10:24:04.475 1509 6632 W WindowManager: updateScale0.4617737
12-09 10:24:04.475 1509 6632 W WindowManager: updateScale0.4617737
12-09 10:24:04.478 1509 1598 D FreeFormWindowHelper: refreshTipWindow windowDragBounds:Rect(6, 87 - 308, 625)
12-09 10:24:04.480 1509 1598 W WindowManager: updateScale0.4617737
12-09 10:24:04.480 1509 1598 W WindowManager: updateScale0.4617737
12-09 10:24:04.487 1509 6632 W WindowManager: updateScale0.4617737
12-09 10:24:04.487 1509 6632 W WindowManager: updateScale0.4617737
12-09 10:24:04.495 1509 1598 D FreeFormWindowHelper: refreshTipWindow windowDragBounds:Rect(10, 95 - 312, 633)
12-09 10:24:04.499 1509 1598 W WindowManager: updateScale0.4617737
12-09 10:24:04.499 1509 1598 W WindowManager: updateScale0.4617737
12-09 10:24:04.511 1509 1598 D FreeFormWindowHelper: refreshTipWindow windowDragBounds:Rect(20, 122 - 322, 660)
12-09 10:24:04.513 1509 1598 W WindowManager: updateScale0.4617737
12-09 10:24:04.513 1509 1598 W WindowManager: updateScale0.4617737
12-09 10:24:04.524 1509 6632 W WindowManager: updateScale0.4617737
12-09 10:24:04.525 1509 6632 W WindowManager: updateScale0.4617737
12-09 10:24:04.528 1509 1598 D FreeFormWindowHelper: refreshTipWindow windowDragBounds:Rect(28, 141 - 330, 679)
12-09 10:24:04.529 1509 1598 W WindowManager: updateScale0.4617737
12-09 10:24:04.529 1509 1598 W WindowManager: updateScale0.4617737
12-09 10:24:04.536 1509 6632 W WindowManager: updateScale0.4617737
12-09 10:24:04.536 1509 6632 W WindowManager: updateScale0.4617737
12-09 10:24:04.544 1509 1598 D FreeFormWindowHelper: refreshTipWindow windowDragBounds:Rect(35, 158 - 337, 696)
12-09 10:24:04.546 1509 1598 W WindowManager: updateScale0.4617737
12-09 10:24:04.547 1509 1598 W WindowManager: updateScale0.4617737
12-09 10:24:04.562 1509 1598 D FreeFormWindowHelper: refreshTipWindow windowDragBounds:Rect(50, 181 - 352, 719)
12-09 10:24:04.565 1509 1598 W WindowManager: updateScale0.4617737
12-09 10:24:04.565 1509 1598 W WindowManager: updateScale0.4617737
12-09 10:24:04.574 1509 15980 W WindowManager: updateScale0.4617737
12-09 10:24:04.574 1509 15980 W WindowManager: updateScale0.4617737
12-09 10:24:04.578 1509 1598 D FreeFormWindowHelper: refreshTipWindow windowDragBounds:Rect(72, 200 - 374, 738)
12-09 10:24:04.579 1509 1598 W WindowManager: updateScale0.4617737
12-09 10:24:04.579 1509 1598 W WindowManager: updateScale0.4617737
12-09 10:24:04.581 1509 6632 W WindowManager: updateScale0.4617737
12-09 10:24:04.582 1509 6632 W WindowManager: updateScale0.4617737
12-09 10:24:04.595 1509 1598 D FreeFormWindowHelper: refreshTipWindow windowDragBounds:Rect(94, 207 - 396, 745)
12-09 10:24:04.596 1509 1598 W WindowManager: updateScale0.4617737
12-09 10:24:04.596 1509 1598 W WindowManager: updateScale0.4617737
12-09 10:24:04.611 1509 1598 D FreeFormWindowHelper: refreshTipWindow windowDragBounds:Rect(109, 213 - 411, 751)
12-09 10:24:04.613 1509 1598 W WindowManager: updateScale0.4617737
12-09 10:24:04.613 1509 1598 W WindowManager: updateScale0.4617737
12-09 10:24:04.624 1509 6632 W WindowManager: updateScale0.4617737
12-09 10:24:04.625 1509 6632 W WindowManager: updateScale0.4617737
12-09 10:24:04.628 1509 1598 D FreeFormWindowHelper: refreshTipWindow windowDragBounds:Rect(136, 224 - 438, 762)
12-09 10:24:04.631 1509 1598 W WindowManager: updateScale0.4617737
12-09 10:24:04.631 1509 1598 W WindowManager: updateScale0.4617737
12-09 10:24:04.635 1509 15980 W WindowManager: updateScale0.4617737
12-09 10:24:04.635 1509 15980 W WindowManager: updateScale0.4617737
12-09 10:24:04.645 1509 1598 D FreeFormWindowHelper: refreshTipWindow windowDragBounds:Rect(167, 234 - 469, 772)
12-09 10:24:04.649 1509 1598 W WindowManager: updateScale0.4617737
12-09 10:24:04.649 1509 1598 W WindowManager: updateScale0.4617737
12-09 10:24:04.661 1509 1598 D FreeFormWindowHelper: refreshTipWindow windowDragBounds:Rect(208, 249 - 510, 787)
12-09 10:24:04.663 1509 1598 W WindowManager: updateScale0.4617737
12-09 10:24:04.663 1509 1598 W WindowManager: updateScale0.4617737
12-09 10:24:04.678 1509 1598 D FreeFormWindowHelper: refreshTipWindow windowDragBounds:Rect(236, 257 - 538, 795)
12-09 10:24:04.680 1509 1598 W WindowManager: updateScale0.4617737
12-09 10:24:04.680 1509 1598 W WindowManager: updateScale0.4617737
12-09 10:24:04.695 1509 1598 D FreeFormWindowHelper: refreshTipWindow windowDragBounds:Rect(269, 268 - 571, 806)
12-09 10:24:04.696 1509 1598 W WindowManager: updateScale0.4617737
12-09 10:24:04.696 1509 1598 W WindowManager: updateScale0.4617737
12-09 10:24:04.711 1509 1598 D FreeFormWindowHelper: refreshTipWindow windowDragBounds:Rect(294, 274 - 596, 812)
12-09 10:24:04.713 1509 1598 W WindowManager: updateScale0.4617737
12-09 10:24:04.713 1509 1598 W WindowManager: updateScale0.4617737
12-09 10:24:04.728 1509 1598 D FreeFormWindowHelper: refreshTipWindow windowDragBounds:Rect(339, 288 - 641, 826)
12-09 10:24:04.730 1509 1598 W WindowManager: updateScale0.4617737
12-09 10:24:04.730 1509 1598 W WindowManager: updateScale0.4617737
12-09 10:24:04.745 1509 1598 D FreeFormWindowHelper: refreshTipWindow windowDragBounds:Rect(392, 302 - 694, 840)
12-09 10:24:04.747 1509 1598 W WindowManager: updateScale0.4617737
12-09 10:24:04.747 1509 1598 W WindowManager: updateScale0.4617737
12-09 10:24:04.762 1509 1598 D FreeFormWindowHelper: refreshTipWindow windowDragBounds:Rect(453, 323 - 755, 861)
12-09 10:24:04.764 1509 1598 W WindowManager: updateScale0.4617737
12-09 10:24:04.764 1509 1598 W WindowManager: updateScale0.4617737
12-09 10:24:04.778 1509 1598 D FreeFormWindowHelper: refreshTipWindow windowDragBounds:Rect(495, 332 - 797, 870)
12-09 10:24:04.780 1509 1598 W WindowManager: updateScale0.4617737
12-09 10:24:04.780 1509 1598 W WindowManager: updateScale0.4617737
12-09 10:24:04.795 1509 1598 D FreeFormWindowHelper: refreshTipWindow windowDragBounds:Rect(603, 365 - 905, 903)
12-09 10:24:04.797 1509 1598 W WindowManager: updateScale0.4617737
12-09 10:24:04.797 1509 1598 W WindowManager: updateScale0.4617737
12-09 10:24:04.806 1509 2730 E TaskPersister: File error accessing recents directory (directory doesn't exist?).
12-09 10:24:04.811 1509 6632 W WindowManager: updateScale0.4617737
12-09 10:24:04.811 1509 6632 W WindowManager: updateScale0.4617737
12-09 10:24:04.813 1509 1598 D FreeFormWindowHelper: refreshTipWindow windowDragBounds:Rect(697, 387 - 999, 925)
12-09 10:24:04.816 1509 1598 W WindowManager: updateScale0.4617737
12-09 10:24:04.816 1509 1598 W WindowManager: updateScale0.4617737
12-09 10:24:04.823 1509 6632 W WindowManager: updateScale0.4617737
12-09 10:24:04.823 1509 6632 W WindowManager: updateScale0.4617737
12-09 10:24:04.828 1509 1598 D FreeFormWindowHelper: refreshTipWindow windowDragBounds:Rect(810, 411 - 1112, 949)
12-09 10:24:04.830 1509 1598 W WindowManager: updateScale0.4617737
12-09 10:24:04.830 1509 1598 W WindowManager: updateScale0.4617737
12-09 10:24:04.837 1509 6632 W WindowManager: updateScale0.4617737
12-09 10:24:04.837 1509 6632 W WindowManager: updateScale0.4617737
12-09 10:24:04.845 1509 1598 D FreeFormWindowHelper: refreshTipWindow windowDragBounds:Rect(972, 440 - 1274, 978)
12-09 10:24:04.846 1509 1598 W WindowManager: updateScale0.4617737
