12-09 11:00:33.203 0 0 I auditd : type=1400 audit(0.0:21588): avc: denied { kill } for comm="swapper/2" capability=5 scontext=u:r:kernel:s0 tcontext=u:r:kernel:s0 tclass=capability permissive=0
12-09 11:00:34.203 0 0 I auditd : type=1400 audit(0.0:21589): avc: denied { kill } for comm="swapper/2" capability=5 scontext=u:r:kernel:s0 tcontext=u:r:kernel:s0 tclass=capability permissive=0
12-09 11:00:35.203 0 0 I auditd : type=1400 audit(0.0:21590): avc: denied { kill } for comm="swapper/2" capability=5 scontext=u:r:kernel:s0 tcontext=u:r:kernel:s0 tclass=capability permissive=0
12-09 11:00:36.203 0 0 I auditd : type=1400 audit(0.0:21591): avc: denied { kill } for comm="swapper/2" capability=5 scontext=u:r:kernel:s0 tcontext=u:r:kernel:s0 tclass=capability permissive=0
12-09 11:00:37.203 0 0 I auditd : type=1400 audit(0.0:21592): avc: denied { kill } for comm="swapper/2" capability=5 scontext=u:r:kernel:s0 tcontext=u:r:kernel:s0 tclass=capability permissive=0
12-09 11:00:38.203 0 0 I auditd : type=1400 audit(0.0:21593): avc: denied { kill } for comm="swapper/2" capability=5 scontext=u:r:kernel:s0 tcontext=u:r:kernel:s0 tclass=capability permissive=0
12-09 11:00:39.203 0 0 I auditd : type=1400 audit(0.0:21594): avc: denied { kill } for comm="swapper/2" capability=5 scontext=u:r:kernel:s0 tcontext=u:r:kernel:s0 tclass=capability permissive=0
12-09 11:00:40.203 0 0 I auditd : type=1400 audit(0.0:21595): avc: denied { kill } for comm="swapper/2" capability=5 scontext=u:r:kernel:s0 tcontext=u:r:kernel:s0 tclass=capability permissive=0
12-09 11:00:41.203 0 0 I auditd : type=1400 audit(0.0:21596): avc: denied { kill } for comm="swapper/2" capability=5 scontext=u:r:kernel:s0 tcontext=u:r:kernel:s0 tclass=capability permissive=0
12-09 11:00:42.203 0 0 I auditd : type=1400 audit(0.0:21597): avc: denied { kill } for comm="swapper/2" capability=5 scontext=u:r:kernel:s0 tcontext=u:r:kernel:s0 tclass=capability permissive=0
12-09 11:00:43.203 0 0 I auditd : type=1400 audit(0.0:21598): avc: denied { kill } for comm="swapper/2" capability=5 scontext=u:r:kernel:s0 tcontext=u:r:kernel:s0 tclass=capability permissive=0
12-09 11:00:44.203 0 0 I auditd : type=1400 audit(0.0:21599): avc: denied { kill } for comm="swapper/2" capability=5 scontext=u:r:kernel:s0 tcontext=u:r:kernel:s0 tclass=capability permissive=0
12-09 11:00:45.203 20285 20285 I auditd : type=1400 audit(0.0:21600): avc: denied { kill } for comm="kworker/u16:14" capability=5 scontext=u:r:kernel:s0 tcontext=u:r:kernel:s0 tclass=capability permissive=0
12-09 11:00:46.203 0 0 I auditd : type=1400 audit(0.0:21601): avc: denied { kill } for comm="swapper/2" capability=5 scontext=u:r:kernel:s0 tcontext=u:r:kernel:s0 tclass=capability permissive=0
12-09 11:00:47.203 0 0 I auditd : type=1400 audit(0.0:21602): avc: denied { kill } for comm="swapper/2" capability=5 scontext=u:r:kernel:s0 tcontext=u:r:kernel:s0 tclass=capability permissive=0
12-09 11:00:48.203 0 0 I auditd : type=1400 audit(0.0:21603): avc: denied { kill } for comm="swapper/2" capability=5 scontext=u:r:kernel:s0 tcontext=u:r:kernel:s0 tclass=capability permissive=0
12-09 11:00:49.203 0 0 I auditd : type=1400 audit(0.0:21604): avc: denied { kill } for comm="swapper/2" capability=5 scontext=u:r:kernel:s0 tcontext=u:r:kernel:s0 tclass=capability permissive=0
12-09 11:00:50.203 0 0 I auditd : type=1400 audit(0.0:21605): avc: denied { kill } for comm="swapper/2" capability=5 scontext=u:r:kernel:s0 tcontext=u:r:kernel:s0 tclass=capability permissive=0
12-09 11:00:51.203 0 0 I auditd : type=1400 audit(0.0:21606): avc: denied { kill } for comm="swapper/2" capability=5 scontext=u:r:kernel:s0 tcontext=u:r:kernel:s0 tclass=capability permissive=0
12-09 11:00:52.203 0 0 I auditd : type=1400 audit(0.0:21607): avc: denied { kill } for comm="swapper/2" capability=5 scontext=u:r:kernel:s0 tcontext=u:r:kernel:s0 tclass=capability permissive=0
12-09 11:00:53.203 0 0 I auditd : type=1400 audit(0.0:21608): avc: denied { kill } for comm="swapper/2" capability=5 scontext=u:r:kernel:s0 tcontext=u:r:kernel:s0 tclass=capability permissive=0
12-09 11:00:54.203 0 0 I auditd : type=1400 audit(0.0:21609): avc: denied { kill } for comm="swapper/2" capability=5 scontext=u:r:kernel:s0 tcontext=u:r:kernel:s0 tclass=capability permissive=0
12-09 11:00:55.203 0 0 I auditd : type=1400 audit(0.0:21610): avc: denied { kill } for comm="swapper/2" capability=5 scontext=u:r:kernel:s0 tcontext=u:r:kernel:s0 tclass=capability permissive=0
12-09 11:00:56.203 0 0 I auditd : type=1400 audit(0.0:21611): avc: denied { kill } for comm="swapper/2" capability=5 scontext=u:r:kernel:s0 tcontext=u:r:kernel:s0 tclass=capability permissive=0
12-09 11:00:57.203 0 0 I auditd : type=1400 audit(0.0:21612): avc: denied { kill } for comm="swapper/2" capability=5 scontext=u:r:kernel:s0 tcontext=u:r:kernel:s0 tclass=capability permissive=0
12-09 11:00:58.203 0 0 I auditd : type=1400 audit(0.0:21613): avc: denied { kill } for comm="swapper/2" capability=5 scontext=u:r:kernel:s0 tcontext=u:r:kernel:s0 tclass=capability permissive=0
12-09 11:00:59.203 0 0 I auditd : type=1400 audit(0.0:21614): avc: denied { kill } for comm="swapper/2" capability=5 scontext=u:r:kernel:s0 tcontext=u:r:kernel:s0 tclass=capability permissive=0
12-09 11:01:00.203 0 0 I auditd : type=1400 audit(0.0:21615): avc: denied { kill } for comm="swapper/2" capability=5 scontext=u:r:kernel:s0 tcontext=u:r:kernel:s0 tclass=capability permissive=0
12-09 11:01:01.203 0 0 I auditd : type=1400 audit(0.0:21616): avc: denied { kill } for comm="swapper/2" capability=5 scontext=u:r:kernel:s0 tcontext=u:r:kernel:s0 tclass=capability permissive=0
12-09 11:01:02.203 0 0 I auditd : type=1400 audit(0.0:21617): avc: denied { kill } for comm="swapper/2" capability=5 scontext=u:r:kernel:s0 tcontext=u:r:kernel:s0 tclass=capability permissive=0
12-09 11:01:03.203 0 0 I auditd : type=1400 audit(0.0:21618): avc: denied { kill } for comm="swapper/2" capability=5 scontext=u:r:kernel:s0 tcontext=u:r:kernel:s0 tclass=capability permissive=0
12-09 11:01:04.203 0 0 I auditd : type=1400 audit(0.0:21619): avc: denied { kill } for comm="swapper/2" capability=5 scontext=u:r:kernel:s0 tcontext=u:r:kernel:s0 tclass=capability permissive=0
12-09 11:01:05.203 0 0 I auditd : type=1400 audit(0.0:21620): avc: denied { kill } for comm="swapper/2" capability=5 scontext=u:r:kernel:s0 tcontext=u:r:kernel:s0 tclass=capability permissive=0
12-09 11:01:06.203 0 0 I auditd : type=1400 audit(0.0:21621): avc: denied { kill } for comm="swapper/2" capability=5 scontext=u:r:kernel:s0 tcontext=u:r:kernel:s0 tclass=capability permissive=0
12-09 11:01:07.203 0 0 I auditd : type=1400 audit(0.0:21622): avc: denied { kill } for comm="swapper/2" capability=5 scontext=u:r:kernel:s0 tcontext=u:r:kernel:s0 tclass=capability permissive=0
12-09 11:01:08.203 0 0 I auditd : type=1400 audit(0.0:21623): avc: denied { kill } for comm="swapper/2" capability=5 scontext=u:r:kernel:s0 tcontext=u:r:kernel:s0 tclass=capability permissive=0
12-09 11:01:09.203 0 0 I auditd : type=1400 audit(0.0:21624): avc: denied { kill } for comm="swapper/2" capability=5 scontext=u:r:kernel:s0 tcontext=u:r:kernel:s0 tclass=capability permissive=0
12-09 11:01:10.203 0 0 I auditd : type=1400 audit(0.0:21625): avc: denied { kill } for comm="swapper/2" capability=5 scontext=u:r:kernel:s0 tcontext=u:r:kernel:s0 tclass=capability permissive=0
12-09 11:01:11.203 0 0 I auditd : type=1400 audit(0.0:21626): avc: denied { kill } for comm="swapper/2" capability=5 scontext=u:r:kernel:s0 tcontext=u:r:kernel:s0 tclass=capability permissive=0
12-09 11:01:12.203 0 0 I auditd : type=1400 audit(0.0:21627): avc: denied { kill } for comm="swapper/2" capability=5 scontext=u:r:kernel:s0 tcontext=u:r:kernel:s0 tclass=capability permissive=0
12-09 11:01:13.203 0 0 I auditd : type=1400 audit(0.0:21628): avc: denied { kill } for comm="swapper/2" capability=5 scontext=u:r:kernel:s0 tcontext=u:r:kernel:s0 tclass=capability permissive=0
12-09 11:01:14.203 0 0 I auditd : type=1400 audit(0.0:21629): avc: denied { kill } for comm="swapper/2" capability=5 scontext=u:r:kernel:s0 tcontext=u:r:kernel:s0 tclass=capability permissive=0
12-09 11:01:15.203 0 0 I auditd : type=1400 audit(0.0:21630): avc: denied { kill } for comm="swapper/2" capability=5 scontext=u:r:kernel:s0 tcontext=u:r:kernel:s0 tclass=capability permissive=0
12-09 11:01:16.203 0 0 I auditd : type=1400 audit(0.0:21631): avc: denied { kill } for comm="swapper/2" capability=5 scontext=u:r:kernel:s0 tcontext=u:r:kernel:s0 tclass=capability permissive=0
12-09 11:01:17.203 0 0 I auditd : type=1400 audit(0.0:21632): avc: denied { kill } for comm="swapper/2" capability=5 scontext=u:r:kernel:s0 tcontext=u:r:kernel:s0 tclass=capability permissive=0
12-09 11:01:17.854 1509 1605 I am_uid_idle: 10088
12-09 11:01:18.010 1509 1605 I am_uid_idle: 10064
12-09 11:01:18.203 0 0 I auditd : type=1400 audit(0.0:21633): avc: denied { kill } for comm="swapper/2" capability=5 scontext=u:r:kernel:s0 tcontext=u:r:kernel:s0 tclass=capability permissive=0
12-09 11:01:19.203 0 0 I auditd : type=1400 audit(0.0:21634): avc: denied { kill } for comm="swapper/2" capability=5 scontext=u:r:kernel:s0 tcontext=u:r:kernel:s0 tclass=capability permissive=0
12-09 11:01:20.203 0 0 I auditd : type=1400 audit(0.0:21635): avc: denied { kill } for comm="swapper/2" capability=5 scontext=u:r:kernel:s0 tcontext=u:r:kernel:s0 tclass=capability permissive=0
12-09 11:01:21.203 0 0 I auditd : type=1400 audit(0.0:21636): avc: denied { kill } for comm="swapper/2" capability=5 scontext=u:r:kernel:s0 tcontext=u:r:kernel:s0 tclass=capability permissive=0
12-09 11:01:22.203 0 0 I auditd : type=1400 audit(0.0:21637): avc: denied { kill } for comm="swapper/2" capability=5 scontext=u:r:kernel:s0 tcontext=u:r:kernel:s0 tclass=capability permissive=0
12-09 11:01:23.203 0 0 I auditd : type=1400 audit(0.0:21638): avc: denied { kill } for comm="swapper/2" capability=5 scontext=u:r:kernel:s0 tcontext=u:r:kernel:s0 tclass=capability permissive=0
12-09 11:01:24.203 0 0 I auditd : type=1400 audit(0.0:21639): avc: denied { kill } for comm="swapper/2" capability=5 scontext=u:r:kernel:s0 tcontext=u:r:kernel:s0 tclass=capability permissive=0
12-09 11:01:25.006 1509 1680 I input_interaction: Interaction with: 7c94942 com.android.settings/com.android.settings.Settings (server), edge-swipe (server), swipe-up (server), PointerEventDispatcher0 (server),
12-09 11:01:25.008 1509 1509 I service_manager_stats: [100,96,164600]
12-09 11:01:25.653 1509 13961 I wm_task_moved: [39,0,0]
12-09 11:01:25.654 1509 13961 I wm_task_moved: [39,0,5]
12-09 11:01:25.681 12356 12373 W ContextImpl: Calling a method in the system process without a qualified user: android.app.ContextImpl.startService:1816 android.content.ContextWrapper.startService:774 com.thundercomm.gamemode.ingame.services.GameModeActionUtils.startGameModeService:99 com.thundercomm.gamemode.ingame.services.GameModeActionUtils.startGameModeEntry:22 com.thundercomm.gamemode.ingame.services.ActivityMonitoringService$1.onActivityLaunch:127
12-09 11:01:25.683 2529 2529 I wm_on_restart_called: [12743551,com.android.launcher3.uioverrides.QuickstepLauncher,performRestartActivity]
12-09 11:01:25.692 1509 1509 I GameModeConfig: Current uri is uri = content://com.thundercomm.gamemode.api/gamemode_settings/gamemode_isgaming
12-09 11:01:25.693 1509 1509 I am_uid_active: 10064
12-09 11:01:25.696 1509 1509 I GameModeConfig: isGameModeOn = false
12-09 11:01:25.696 1509 1509 I GameModeConfig: isGameModeOn = false
12-09 11:01:25.696 1509 1509 I GameModeConfig: isDisableVoice = true
12-09 11:01:25.699 1509 1604 I am_pss : [20587,1000,com.android.settings,196800512,182362112,0,338784256,0,2,16]
12-09 11:01:25.721 2529 2529 I wm_on_start_called: [12743551,com.android.launcher3.uioverrides.QuickstepLauncher,handleStartActivity]
12-09 11:01:25.722 20587 20587 I view_enqueue_input_event: [Motion - Cancel,com.android.settings/com.android.settings.Settings]
12-09 11:01:25.724 1509 1598 I input_focus: [Focus request recents_animation_input_consumer,reason=UpdateInputWindows]
12-09 11:01:25.725 1509 1680 I input_interaction: Interaction with: edge-swipe (server), swipe-up (server), PointerEventDispatcher0 (server),
12-09 11:01:25.732 2529 2529 I sysui_latency: [1,96]
12-09 11:01:25.745 1509 1680 I input_focus: [Focus leaving 7c94942 com.android.settings/com.android.settings.Settings (server),reason=NOT_FOCUSABLE]
12-09 11:01:25.745 1509 1680 I input_focus: [Focus entering recents_animation_input_consumer (server),reason=setFocusedWindow]
12-09 11:01:25.748 1509 1594 I sysui_multi_action: [319,15,322,84,325,20495,757,761,758,9,759,5,806,com.android.launcher3,871,com.android.launcher3.uioverrides.QuickstepLauncher,904,com.android.launcher3,905,0,1320,8,1321,5]
12-09 11:01:25.788 1509 13961 W ActivityTaskManager: getTaskSnapshot: taskId=5171 not found
12-09 11:01:25.790 1509 13961 W ActivityTaskManager: getTaskSnapshot: taskId=4171 not found
12-09 11:01:25.791 1509 1774 W ActivityTaskManager: getTaskSnapshot: taskId=3171 not found
12-09 11:01:25.796 1509 1539 W ActivityTaskManager: getTaskSnapshot: taskId=2171 not found
12-09 11:01:25.798 1509 3172 W ActivityTaskManager: getTaskSnapshot: taskId=1171 not found
12-09 11:01:25.923 1509 1665 I commit_sys_config_file: [settings-1-0,5]
12-09 11:01:26.040 1509 1604 I sysui_latency: [8,97]
12-09 11:01:26.203 0 0 I auditd : type=1400 audit(0.0:21640): avc: denied { kill } for comm="swapper/2" capability=5 scontext=u:r:kernel:s0 tcontext=u:r:kernel:s0 tclass=capability permissive=0
12-09 11:01:26.417 1509 1680 I input_interaction: Interaction with: recents_animation_input_consumer (server), edge-swipe (server), swipe-up (server), PointerEventDispatcher0 (server),
12-09 11:01:26.454 1509 3172 I wm_task_moved: [39,1,6]
12-09 11:01:26.455 1509 3172 I wm_task_moved: [40,1,2147483647]
12-09 11:01:26.455 1509 3172 I wm_task_to_front: [0,40]
12-09 11:01:26.455 1509 3172 I wm_focused_root_task: [0,0,39,171,RecentsAnimation.onAnimationFinished()]
12-09 11:01:26.456 20587 20587 I wm_on_top_resumed_lost_called: [256355039,com.android.settings.Settings,topStateChangedWhenResumed]
12-09 11:01:26.456 1509 3172 I wm_set_resumed_activity: [0,com.android.launcher3/.uioverrides.QuickstepLauncher,RecentsAnimation.onAnimationFinished()]
12-09 11:01:26.457 1509 3172 I wm_pause_activity: [0,256355039,com.android.settings/.Settings,userLeaving=true,pauseBackTasks]
12-09 11:01:26.458 1509 3172 I wm_add_to_stopping: [0,256355039,com.android.settings/.Settings,makeInvisible]
12-09 11:01:26.458 1509 3172 I ActivityTaskManager: FOREGROUND_APPLICATION_CHANGED to com.android.launcher3.uioverrides.QuickstepLauncher
12-09 11:01:26.459 1509 3172 I wm_set_resumed_activity: [0,com.android.launcher3/.uioverrides.QuickstepLauncher,resumeTopActivityInnerLocked]
12-09 11:01:26.460 1509 3172 I wm_resume_activity: [0,12743551,40,com.android.launcher3/.uioverrides.QuickstepLauncher]
12-09 11:01:26.465 2529 2529 I wm_on_resume_called: [12743551,com.android.launcher3.uioverrides.QuickstepLauncher,RESUME_ACTIVITY]
12-09 11:01:26.465 1509 1598 I input_focus: [Focus request e069207 com.android.launcher3/com.android.launcher3.uioverrides.QuickstepLauncher,reason=UpdateInputWindows]
12-09 11:01:26.467 20587 20587 I sysui_multi_action: [757,35,758,2,1089,74580]
12-09 11:01:26.467 20587 20587 I sysui_multi_action: [757,351,758,2,1089,56502]
12-09 11:01:26.467 20587 20587 I wm_on_paused_called: [256355039,com.android.settings.Settings,performPause]
12-09 11:01:26.468 2529 2529 I wm_on_top_resumed_gained_called: [12743551,com.android.launcher3.uioverrides.QuickstepLauncher,topStateChangedWhenResumed]
12-09 11:01:26.472 1509 3172 I wm_stop_activity: [0,256355039,com.android.settings/.Settings]
12-09 11:01:26.474 1509 1597 I sysui_multi_action: [757,803,799,window_time_0,802,74]
12-09 11:01:26.479 1509 1597 I sysui_multi_action: [757,803,799,window_time_0,802,0]
12-09 11:01:26.479 1509 1680 I input_focus: [Focus leaving recents_animation_input_consumer (server),reason=NOT_VISIBLE]
12-09 11:01:26.479 1509 1680 I input_focus: [Focus entering e069207 com.android.launcher3/com.android.launcher3.uioverrides.QuickstepLauncher (server),reason=setFocusedWindow]
12-09 11:01:26.499 20587 20587 I wm_on_stop_called: [256355039,com.android.settings.Settings,STOP_ACTIVITY_ITEM]
12-09 11:01:26.529 12356 12373 W ContextImpl: Calling a method in the system process without a qualified user: android.app.ContextImpl.startService:1816 android.content.ContextWrapper.startService:774 com.thundercomm.gamemode.ingame.services.GameModeActionUtils.startGameModeService:99 com.thundercomm.gamemode.ingame.services.GameModeActionUtils.startGameModeEntry:22 com.thundercomm.gamemode.ingame.services.ActivityMonitoringService$1.onActivityLaunch:127
12-09 11:01:26.537 1509 1509 I GameModeConfig: Current uri is uri = content://com.thundercomm.gamemode.api/gamemode_settings/gamemode_isgaming
12-09 11:01:26.539 1509 1509 I GameModeConfig: isGameModeOn = false
12-09 11:01:26.539 1509 1509 I GameModeConfig: isGameModeOn = false
12-09 11:01:26.540 1509 1509 I GameModeConfig: isDisableVoice = true
12-09 11:01:26.574 12356 12373 W ContextImpl: Calling a method in the system process without a qualified user: android.app.ContextImpl.startService:1816 android.content.ContextWrapper.startService:774 com.thundercomm.gamemode.ingame.services.GameModeActionUtils.startGameModeService:99 com.thundercomm.gamemode.ingame.services.GameModeActionUtils.startGameModeEntry:22 com.thundercomm.gamemode.ingame.services.ActivityMonitoringService$1.onActivityLaunch:127
12-09 11:01:26.583 1509 1509 I GameModeConfig: Current uri is uri = content://com.thundercomm.gamemode.api/gamemode_settings/gamemode_isgaming
12-09 11:01:26.589 1509 1509 I GameModeConfig: isGameModeOn = false
12-09 11:01:26.590 1509 1509 I GameModeConfig: isGameModeOn = false
12-09 11:01:26.590 1509 1509 I GameModeConfig: isDisableVoice = true
12-09 11:01:27.203 0 0 I auditd : type=1400 audit(0.0:21641): avc: denied { kill } for comm="swapper/2" capability=5 scontext=u:r:kernel:s0 tcontext=u:r:kernel:s0 tclass=capability permissive=0
12-09 11:01:28.203 0 0 I auditd : type=1400 audit(0.0:21642): avc: denied { kill } for comm="swapper/2" capability=5 scontext=u:r:kernel:s0 tcontext=u:r:kernel:s0 tclass=capability permissive=0
12-09 11:01:29.203 0 0 I auditd : type=1400 audit(0.0:21643): avc: denied { kill } for comm="swapper/2" capability=5 scontext=u:r:kernel:s0 tcontext=u:r:kernel:s0 tclass=capability permissive=0
12-09 11:01:30.203 0 0 I auditd : type=1400 audit(0.0:21644): avc: denied { kill } for comm="swapper/2" capability=5 scontext=u:r:kernel:s0 tcontext=u:r:kernel:s0 tclass=capability permissive=0
12-09 11:01:31.203 0 0 I auditd : type=1400 audit(0.0:21645): avc: denied { kill } for comm="swapper/2" capability=5 scontext=u:r:kernel:s0 tcontext=u:r:kernel:s0 tclass=capability permissive=0
12-09 11:01:32.203 0 0 I auditd : type=1400 audit(0.0:21646): avc: denied { kill } for comm="swapper/2" capability=5 scontext=u:r:kernel:s0 tcontext=u:r:kernel:s0 tclass=capability permissive=0
12-09 11:01:32.705 1509 1680 I input_interaction: Interaction with: e069207 com.android.launcher3/com.android.launcher3.uioverrides.QuickstepLauncher (server), 3f8408a com.android.systemui.ImageWallpaper (server), edge-swipe (server), swipe-up (server), PointerEventDispatcher0 (server),
12-09 11:01:32.790 2529 2529 I view_enqueue_input_event: [Motion - Cancel,com.android.launcher3/com.android.launcher3.uioverrides.QuickstepLauncher]
12-09 11:01:32.801 1509 13961 W ActivityTaskManager: getTaskSnapshot: taskId=5171 not found
12-09 11:01:32.805 1509 13961 W ActivityTaskManager: getTaskSnapshot: taskId=4171 not found
12-09 11:01:32.807 1509 13961 W ActivityTaskManager: getTaskSnapshot: taskId=3171 not found
12-09 11:01:32.810 1509 13961 W ActivityTaskManager: getTaskSnapshot: taskId=2171 not found
12-09 11:01:32.816 1509 13961 W ActivityTaskManager: getTaskSnapshot: taskId=1171 not found
12-09 11:01:32.956 1509 1665 I commit_sys_config_file: [settings-1-0,6]
12-09 11:01:33.203 0 0 I auditd : type=1400 audit(0.0:21647): avc: denied { kill } for comm="swapper/2" capability=5 scontext=u:r:kernel:s0 tcontext=u:r:kernel:s0 tclass=capability permissive=0
12-09 11:01:33.512 1509 1680 I input_interaction: Interaction with: edge-swipe (server), swipe-up (server), PointerEventDispatcher0 (server),
12-09 11:01:33.516 2529 2529 I view_enqueue_input_event: [Motion - Cancel,com.android.launcher3/com.android.launcher3.uioverrides.QuickstepLauncher]
12-09 11:01:33.519 1509 1774 W ActivityTaskManager: getTaskSnapshot: taskId=5171 not found
12-09 11:01:33.520 1509 1774 W ActivityTaskManager: getTaskSnapshot: taskId=4171 not found
12-09 11:01:33.700 1509 1665 I commit_sys_config_file: [settings-1-0,5]
12-09 11:01:34.203 0 0 I auditd : type=1400 audit(0.0:21648): avc: denied { kill } for comm="swapper/2" capability=5 scontext=u:r:kernel:s0 tcontext=u:r:kernel:s0 tclass=capability permissive=0
12-09 11:01:34.764 1509 1680 I input_interaction: Interaction with: e069207 com.android.launcher3/com.android.launcher3.uioverrides.QuickstepLauncher (server), 3f8408a com.android.systemui.ImageWallpaper (server), edge-swipe (server), swipe-up (server), PointerEventDispatcher0 (server),
12-09 11:01:34.816 2529 2529 I view_enqueue_input_event: [Motion - Cancel,com.android.launcher3/com.android.launcher3.uioverrides.QuickstepLauncher]
12-09 11:01:34.818 1509 1774 W ActivityTaskManager: getTaskSnapshot: taskId=3171 not found
12-09 11:01:34.818 1509 1774 W ActivityTaskManager: getTaskSnapshot: taskId=2171 not found
12-09 11:01:34.819 1509 1680 I input_interaction: Interaction with: edge-swipe (server), swipe-up (server), PointerEventDispatcher0 (server),
12-09 11:01:34.819 1509 1774 W ActivityTaskManager: getTaskSnapshot: taskId=1171 not found
12-09 11:01:34.999 1509 1665 I commit_sys_config_file: [settings-1-0,4]
12-09 11:01:35.403 1509 1665 I commit_sys_config_file: [settings-1-0,5]
12-09 11:01:36.128 1509 1680 I input_interaction: Interaction with: e069207 com.android.launcher3/com.android.launcher3.uioverrides.QuickstepLauncher (server), 3f8408a com.android.systemui.ImageWallpaper (server), edge-swipe (server), swipe-up (server), PointerEventDispatcher0 (server),
12-09 11:01:36.237 1509 7175 W FreeFormWindowHelper: exitRecentTasks type=0
12-09 11:01:37.203 0 0 I auditd : type=1400 audit(0.0:21649): avc: denied { kill } for comm="swapper/2" capability=5 scontext=u:r:kernel:s0 tcontext=u:r:kernel:s0 tclass=capability permissive=0
12-09 11:01:38.070 1509 13961 I ActivityTaskManager: START u0 {flg=0x10008000 cmp=com.android.calendar/.AllInOneActivity} from uid 10076
12-09 11:01:38.078 1509 13961 I wm_task_created: [172,-1]
12-09 11:01:38.078 1509 13961 W ActivityTaskManager: Can't find TaskDisplayArea to determine support for multi window. Task id=172 attached=false
12-09 11:01:38.080 1509 13961 D FreeFormWindowHelper: Add freeform task=Task{cab3c80 #172 type=standard ?? U=0 visible=false mode=freeform translucent=true sz=0}
12-09 11:01:38.081 1509 13961 D CompatibilityChangeReporter: Compat change id reported: 174042980; UID 10069; state: DISABLED
12-09 11:01:38.082 1509 13961 D CompatibilityChangeReporter: Compat change id reported: 184838306; UID 10069; state: DISABLED
12-09 11:01:38.083 1509 13961 D CompatibilityChangeReporter: Compat change id reported: 185004937; UID 10069; state: DISABLED
12-09 11:01:38.083 1509 13961 D CompatibilityChangeReporter: Compat change id reported: 181136395; UID 10069; state: DISABLED
12-09 11:01:38.084 1509 13961 D CompatibilityChangeReporter: Compat change id reported: 174042936; UID 10069; state: DISABLED
12-09 11:01:38.084 1509 13961 I wm_task_moved: [172,1,7]
12-09 11:01:38.084 1509 13961 I wm_task_to_front: [0,172]
12-09 11:01:38.085 1509 13961 I wm_create_task: [0,172]
12-09 11:01:38.085 1509 13961 I wm_create_activity: [0,207090361,172,com.android.calendar/.AllInOneActivity,NULL,NULL,NULL,268468224]
12-09 11:01:38.085 1509 13961 I wm_task_moved: [172,1,7]
12-09 11:01:38.086 1509 13961 D CompatibilityChangeReporter: Compat change id reported: 168419799; UID 10069; state: DISABLED
12-09 11:01:38.087 1509 13961 I ActivityTaskManager: FOREGROUND_APPLICATION_CHANGED to com.android.calendar.AllInOneActivity
12-09 11:01:38.087 1509 13961 I ActivityTaskManager: The Process com.android.calendar Already Exists in BG. So sending its PID: 20503
12-09 11:01:38.089 1509 13961 I wm_restart_activity: [0,207090361,172,com.android.calendar/.AllInOneActivity]
12-09 11:01:38.090 1509 13961 I wm_set_resumed_activity: [0,com.android.calendar/.AllInOneActivity,minimalResumeActivityLocked]
12-09 11:01:38.096 1509 1597 I am_uid_active: 10069
12-09 11:01:38.107 2529 2529 I wm_on_top_resumed_lost_called: [12743551,com.android.launcher3.uioverrides.QuickstepLauncher,topStateChangedWhenResumed]
12-09 11:01:38.116 1509 7175 I am_uid_running: 10030
12-09 11:01:38.116 12356 12373 W ContextImpl: Calling a method in the system process without a qualified user: android.app.ContextImpl.startService:1816 android.content.ContextWrapper.startService:774 com.thundercomm.gamemode.ingame.services.GameModeActionUtils.startGameModeService:99 com.thundercomm.gamemode.ingame.services.GameModeActionUtils.startGameModeEntry:22 com.thundercomm.gamemode.ingame.services.ActivityMonitoringService$1.onActivityLaunch:127
12-09 11:01:38.116 1509 7175 D CompatibilityChangeReporter: Compat change id reported: 135634846; UID 10030; state: DISABLED
12-09 11:01:38.116 1509 7175 D CompatibilityChangeReporter: Compat change id reported: 177438394; UID 10030; state: DISABLED
12-09 11:01:38.116 1509 7175 D CompatibilityChangeReporter: Compat change id reported: 135772972; UID 10030; state: DISABLED
12-09 11:01:38.116 1509 7175 D CompatibilityChangeReporter: Compat change id reported: 135754954; UID 10030; state: ENABLED
12-09 11:01:38.116 1509 1606 D CompatibilityChangeReporter: Compat change id reported: 143937733; UID 10030; state: ENABLED
12-09 11:01:38.124 1509 1606 I am_proc_start: [0,20704,10030,com.android.providers.calendar,content provider,{com.android.providers.calendar/com.android.providers.calendar.CalendarProvider2}]
12-09 11:01:38.124 1509 1606 I ActivityManager: Start proc 20704:com.android.providers.calendar/u0a30 for content provider {com.android.providers.calendar/com.android.providers.calendar.CalendarProvider2}
12-09 11:01:38.126 1509 1509 I GameModeConfig: Current uri is uri = content://com.thundercomm.gamemode.api/gamemode_settings/gamemode_isgaming
12-09 11:01:38.132 1509 1509 I GameModeConfig: isGameModeOn = false
12-09 11:01:38.132 1509 1509 I GameModeConfig: isGameModeOn = false
12-09 11:01:38.132 1509 1509 I GameModeConfig: isDisableVoice = true
12-09 11:01:38.137 20503 20503 I wm_on_create_called: [207090361,com.android.calendar.AllInOneActivity,performCreate]
12-09 11:01:38.150 20503 20503 I wm_on_start_called: [207090361,com.android.calendar.AllInOneActivity,handleStartActivity]
12-09 11:01:38.151 1509 1539 I am_proc_bound: [0,20704,com.android.providers.calendar]
12-09 11:01:38.152 1509 1539 D CompatibilityChangeReporter: Compat change id reported: 168419799; UID 10030; state: DISABLED
12-09 11:01:38.152 20503 20503 I wm_on_resume_called: [207090361,com.android.calendar.AllInOneActivity,RESUME_ACTIVITY]
12-09 11:01:38.154 1509 1539 I am_uid_active: 10030
12-09 11:01:38.160 20503 20503 I wm_on_top_resumed_gained_called: [207090361,com.android.calendar.AllInOneActivity,topStateChangedWhenResumed]
12-09 11:01:38.167 1509 7175 W WindowManager: updateScale0.7996942
12-09 11:01:38.170 1509 1598 I input_focus: [Focus request 30c34f3 com.android.calendar/com.android.calendar.AllInOneActivity,reason=UpdateInputWindows]
12-09 11:01:38.190 1509 1680 I input_focus: [Focus leaving e069207 com.android.launcher3/com.android.launcher3.uioverrides.QuickstepLauncher (server),reason=Waiting for window because NOT_VISIBLE]
12-09 11:01:38.195 1509 7175 D CompatibilityChangeReporter: Compat change id reported: 143231523; UID 10069; state: DISABLED
12-09 11:01:38.204 1509 1539 D CompatibilityChangeReporter: Compat change id reported: 143231523; UID 10030; state: DISABLED
12-09 11:01:38.205 1509 1598 W WindowManager: updateScale0.7996942
12-09 11:01:38.208 1509 1598 W WindowManager: updateScale0.7996942
12-09 11:01:38.209 1509 1598 W WindowManager: updateScale0.7996942
12-09 11:01:38.215 1509 1594 I sysui_multi_action: [319,138,322,137,325,20507,757,761,758,8,759,2,806,com.android.calendar,871,com.android.calendar.AllInOneActivity,904,com.android.launcher3,905,0,1320,4,1321,1]
12-09 11:01:38.217 1509 1594 I wm_activity_launch_time: [0,207090361,com.android.calendar/.AllInOneActivity,137]
12-09 11:01:38.225 1509 1680 I input_focus: [Focus entering 30c34f3 com.android.calendar/com.android.calendar.AllInOneActivity (server),reason=Window became focusable. Previous reason: NOT_VISIBLE]
12-09 11:01:38.493 1509 1598 W WindowManager: updateScale0.7996942
12-09 11:01:38.764 2529 2529 I view_enqueue_input_event: [Motion - Cancel,com.android.launcher3/com.android.launcher3.uioverrides.QuickstepLauncher]
12-09 11:01:38.769 1509 1680 I input_interaction: Interaction with: edge-swipe (server), swipe-up (server), PointerEventDispatcher0 (server),
12-09 11:01:38.986 1509 1774 I ActivityTaskManager: START u0 {act=android.intent.action.MAIN cat=[android.intent.category.HOME] flg=0x10000000 cmp=com.android.launcher3/.uioverrides.QuickstepLauncher} from uid 10076
12-09 11:01:38.993 1509 1774 I wm_task_moved: [39,1,7]
12-09 11:01:38.995 1509 1774 I wm_set_resumed_activity: [0,com.android.launcher3/.uioverrides.QuickstepLauncher,positionChildAt]
12-09 11:01:38.995 1509 1774 I wm_task_moved: [40,1,2147483647]
12-09 11:01:38.995 1509 1774 I wm_task_to_front: [0,40]
12-09 11:01:38.995 20503 20503 I wm_on_top_resumed_lost_called: [207090361,com.android.calendar.AllInOneActivity,topStateChangedWhenResumed]
12-09 11:01:38.995 1509 1774 I wm_focused_root_task: [0,0,39,172,bringingFoundTaskToFront]
12-09 11:01:38.995 1509 1774 I wm_set_resumed_activity: [0,com.android.launcher3/.uioverrides.QuickstepLauncher,bringingFoundTaskToFront]
12-09 11:01:38.996 1509 1774 I wm_new_intent: [0,12743551,40,com.android.launcher3/.uioverrides.QuickstepLauncher,android.intent.action.MAIN,NULL,NULL,268500992]
12-09 11:01:38.996 1509 1774 I wm_task_moved: [39,1,7]
12-09 11:01:38.997 1509 1774 I wm_set_resumed_activity: [0,com.android.launcher3/.uioverrides.QuickstepLauncher,positionChildAt]
12-09 11:01:38.997 1509 1774 I ActivityTaskManager: FOREGROUND_APPLICATION_CHANGED to com.android.launcher3.uioverrides.QuickstepLauncher
12-09 11:01:38.997 1509 1774 W WindowManager: updateScale0.7996942
12-09 11:01:39.001 1509 1774 W WindowManager: updateScale0.7996942
12-09 11:01:39.003 1509 1598 I input_focus: [Focus request e069207 com.android.launcher3/com.android.launcher3.uioverrides.QuickstepLauncher,reason=UpdateInputWindows]
12-09 11:01:39.004 2529 2529 I wm_on_paused_called: [12743551,com.android.launcher3.uioverrides.QuickstepLauncher,performPause]
12-09 11:01:39.009 2529 2529 I wm_on_resume_called: [12743551,com.android.launcher3.uioverrides.QuickstepLauncher,LIFECYCLER_RESUME_ACTIVITY]
12-09 11:01:39.010 2529 2529 I wm_on_top_resumed_gained_called: [12743551,com.android.launcher3.uioverrides.QuickstepLauncher,topStateChangedWhenResumed]
12-09 11:01:39.026 1509 1680 I input_focus: [Focus leaving 30c34f3 com.android.calendar/com.android.calendar.AllInOneActivity (server),reason=setFocusedWindow]
12-09 11:01:39.026 1509 1680 I input_focus: [Focus entering e069207 com.android.launcher3/com.android.launcher3.uioverrides.QuickstepLauncher (server),reason=setFocusedWindow]
12-09 11:01:39.203 0 0 I auditd : type=1400 audit(0.0:21650): avc: denied { kill } for comm="swapper/2" capability=5 scontext=u:r:kernel:s0 tcontext=u:r:kernel:s0 tclass=capability permissive=0
12-09 11:01:39.269 1509 1680 I input_interaction: Interaction with: e069207 com.android.launcher3/com.android.launcher3.uioverrides.QuickstepLauncher (server), 3f8408a com.android.systemui.ImageWallpaper (server), edge-swipe (server), swipe-up (server), PointerEventDispatcher0 (server),
12-09 11:01:39.301 2529 2529 I view_enqueue_input_event: [Motion - Cancel,com.android.launcher3/com.android.launcher3.uioverrides.QuickstepLauncher]
12-09 11:01:39.304 1509 1680 I input_interaction: Interaction with: edge-swipe (server), swipe-up (server), PointerEventDispatcher0 (server),
12-09 11:01:39.313 1509 7175 W ActivityTaskManager: getTaskSnapshot: taskId=5171 not found
12-09 11:01:39.313 1509 7175 W ActivityTaskManager: getTaskSnapshot: taskId=4171 not found
12-09 11:01:39.485 1509 1665 I commit_sys_config_file: [settings-1-0,3]
12-09 11:01:39.769 1509 5763 I wm_finish_activity: [0,207090361,172,com.android.calendar/.AllInOneActivity,app-request]
12-09 11:01:39.780 1509 5763 I wm_pause_activity: [0,207090361,com.android.calendar/.AllInOneActivity,userLeaving=false,finish]
12-09 11:01:39.795 20503 20503 I wm_on_paused_called: [207090361,com.android.calendar.AllInOneActivity,performPause]
12-09 11:01:39.797 1509 5763 I wm_destroy_activity: [0,207090361,172,com.android.calendar/.AllInOneActivity,finish-imm:completePausedLocked]
12-09 11:01:39.808 1509 1597 I sysui_multi_action: [757,803,799,window_time_0,802,14]
12-09 11:01:39.810 20503 20503 I wm_on_stop_called: [207090361,com.android.calendar.AllInOneActivity,LIFECYCLER_STOP_ACTIVITY]
12-09 11:01:39.812 20503 20503 I wm_on_destroy_called: [207090361,com.android.calendar.AllInOneActivity,performDestroy]
12-09 11:01:39.817 12356 12373 W ContextImpl: Calling a method in the system process without a qualified user: android.app.ContextImpl.startService:1816 android.content.ContextWrapper.startService:774 com.thundercomm.gamemode.ingame.services.GameModeActionUtils.startGameModeService:99 com.thundercomm.gamemode.ingame.services.GameModeActionUtils.startGameModeEntry:22 com.thundercomm.gamemode.ingame.services.ActivityMonitoringService$1.onActivityLaunch:127
12-09 11:01:39.818 1509 1604 I commit_sys_config_file: [procstats,6]
12-09 11:01:39.825 1509 1509 I GameModeConfig: Current uri is uri = content://com.thundercomm.gamemode.api/gamemode_settings/gamemode_isgaming
12-09 11:01:39.830 1509 1509 I GameModeConfig: isGameModeOn = false
12-09 11:01:39.830 1509 1509 I GameModeConfig: isGameModeOn = false
12-09 11:01:39.830 1509 1509 I GameModeConfig: isDisableVoice = true
12-09 11:01:39.907 12356 12373 W ContextImpl: Calling a method in the system process without a qualified user: android.app.ContextImpl.startService:1816 android.content.ContextWrapper.startService:774 com.thundercomm.gamemode.ingame.services.GameModeActionUtils.startGameModeService:99 com.thundercomm.gamemode.ingame.services.GameModeActionUtils.startGameModeEntry:22 com.thundercomm.gamemode.ingame.services.ActivityMonitoringService$1.onActivityLaunch:127
12-09 11:01:39.912 1509 1509 I GameModeConfig: Current uri is uri = content://com.thundercomm.gamemode.api/gamemode_settings/gamemode_isgaming
12-09 11:01:39.913 1509 1509 I GameModeConfig: isGameModeOn = false
12-09 11:01:39.913 1509 1509 I GameModeConfig: isGameModeOn = false
12-09 11:01:39.913 1509 1509 I GameModeConfig: isDisableVoice = true
12-09 11:01:40.094 1509 1598 I wm_task_removed: [172,removeChild:removeChild last r=ActivityRecord{c57f2b9 u0 com.android.calendar/.AllInOneActivity t-1 f}} in t=Task{cab3c80 #172 type=standard A=10069:android.task.calendar U=0 visible=false mode=freeform translucent=true sz=0}]
12-09 11:01:40.094 1509 1598 I wm_task_removed: [172,removeChild]
12-09 11:01:40.094 1509 1598 D FreeFormWindowHelper: Remove freefrom task=Task{cab3c80 #172 type=standard A=10069:android.task.calendar U=0 visible=false mode=freeform translucent=true sz=0}
12-09 11:01:40.203 0 0 I auditd : type=1400 audit(0.0:21651): avc: denied { kill } for comm="swapper/2" capability=5 scontext=u:r:kernel:s0 tcontext=u:r:kernel:s0 tclass=capability permissive=0
12-09 11:01:40.781 1509 1680 I input_interaction: Interaction with: e069207 com.android.launcher3/com.android.launcher3.uioverrides.QuickstepLauncher (server), 3f8408a com.android.systemui.ImageWallpaper (server), edge-swipe (server), swipe-up (server), PointerEventDispatcher0 (server),
12-09 11:01:40.931 1509 3172 W FreeFormWindowHelper: exitRecentTasks type=0
12-09 11:01:40.931 1509 3172 W ContextImpl: Calling a method in the system process without a qualified user: android.app.ContextImpl.startActivity:1067 com.android.server.wm.FreeFormWindowHelper.exitRecentTasks:437 com.android.server.wm.ActivityTaskManagerService.exitRecentTasks:3795 android.app.IActivityTaskManager$Stub.onTransact:2307 com.android.server.wm.ActivityTaskManagerService.onTransact:5046
12-09 11:01:40.932 1509 3172 I ActivityTaskManager: START u0 {flg=0x10008000 cmp=com.android.calendar/.AllInOneActivity} from uid 1000
12-09 11:01:40.935 1509 3172 I wm_task_created: [173,-1]
12-09 11:01:40.936 1509 3172 W ActivityTaskManager: Can't find TaskDisplayArea to determine support for multi window. Task id=173 attached=false
12-09 11:01:40.937 1509 3172 D FreeFormWindowHelper: Add freeform task=Task{ff98cb3 #173 type=standard ?? U=0 visible=false mode=freeform translucent=true sz=0}
12-09 11:01:40.938 1509 3172 I wm_task_moved: [173,1,7]
12-09 11:01:40.938 1509 3172 I wm_task_to_front: [0,173]
12-09 11:01:40.939 1509 3172 I wm_create_task: [0,173]
12-09 11:01:40.939 1509 3172 I wm_create_activity: [0,194093680,173,com.android.calendar/.AllInOneActivity,NULL,NULL,NULL,268468224]
12-09 11:01:40.939 1509 3172 I wm_task_moved: [173,1,7]
12-09 11:01:40.940 1509 3172 I ActivityTaskManager: FOREGROUND_APPLICATION_CHANGED to com.android.calendar.AllInOneActivity
12-09 11:01:40.940 1509 3172 I ActivityTaskManager: The Process com.android.calendar Already Exists in BG. So sending its PID: 20503
12-09 11:01:40.940 1509 3172 W ActivityTaskManager: Tried to set launchTime (0) < mLastActivityLaunchTime (20507475)
12-09 11:01:40.941 1509 3172 I wm_restart_activity: [0,194093680,173,com.android.calendar/.AllInOneActivity]
12-09 11:01:40.942 1509 3172 I wm_set_resumed_activity: [0,com.android.calendar/.AllInOneActivity,minimalResumeActivityLocked]
12-09 11:01:40.949 2529 2529 I wm_on_top_resumed_lost_called: [12743551,com.android.launcher3.uioverrides.QuickstepLauncher,topStateChangedWhenResumed]
12-09 11:01:40.975 12356 12373 W ContextImpl: Calling a method in the system process without a qualified user: android.app.ContextImpl.startService:1816 android.content.ContextWrapper.startService:774 com.thundercomm.gamemode.ingame.services.GameModeActionUtils.startGameModeService:99 com.thundercomm.gamemode.ingame.services.GameModeActionUtils.startGameModeEntry:22 com.thundercomm.gamemode.ingame.services.ActivityMonitoringService$1.onActivityLaunch:127
12-09 11:01:40.977 20503 20503 I wm_on_create_called: [194093680,com.android.calendar.AllInOneActivity,performCreate]
12-09 11:01:40.981 1509 1509 I GameModeConfig: Current uri is uri = content://com.thundercomm.gamemode.api/gamemode_settings/gamemode_isgaming
12-09 11:01:40.983 1509 1509 I GameModeConfig: isGameModeOn = false
12-09 11:01:40.984 20503 20503 I wm_on_start_called: [194093680,com.android.calendar.AllInOneActivity,handleStartActivity]
12-09 11:01:40.984 1509 1509 I GameModeConfig: isGameModeOn = false
12-09 11:01:40.984 1509 1509 I GameModeConfig: isDisableVoice = true
12-09 11:01:40.985 20503 20503 I wm_on_resume_called: [194093680,com.android.calendar.AllInOneActivity,RESUME_ACTIVITY]
12-09 11:01:40.992 20503 20503 I wm_on_top_resumed_gained_called: [194093680,com.android.calendar.AllInOneActivity,topStateChangedWhenResumed]
12-09 11:01:40.999 1509 5539 W WindowManager: updateScale0.7996942
12-09 11:01:41.006 1509 1598 I input_focus: [Focus request fa47d21 com.android.calendar/com.android.calendar.AllInOneActivity,reason=UpdateInputWindows]
12-09 11:01:41.015 1509 1598 W WindowManager: updateScale0.7996942
12-09 11:01:41.018 1509 1598 W WindowManager: updateScale0.7996942
12-09 11:01:41.018 1509 1598 W WindowManager: updateScale0.7996942
12-09 11:01:41.026 1509 1594 I sysui_multi_action: [319,85,322,85,325,20510,757,761,758,8,759,2,806,com.android.calendar,871,com.android.calendar.AllInOneActivity,904,android,905,0,1320,4,1321,1]
12-09 11:01:41.029 1509 1594 I wm_activity_launch_time: [0,194093680,com.android.calendar/.AllInOneActivity,85]
12-09 11:01:41.033 1509 1680 I input_focus: [Focus leaving e069207 com.android.launcher3/com.android.launcher3.uioverrides.QuickstepLauncher (server),reason=setFocusedWindow]
12-09 11:01:41.034 1509 1680 I input_focus: [Focus entering fa47d21 com.android.calendar/com.android.calendar.AllInOneActivity (server),reason=setFocusedWindow]
12-09 11:01:41.232 1509 1680 I input_interaction: Interaction with: edge-swipe (server), swipe-up (server), PointerEventDispatcher0 (server),
12-09 11:01:41.233 2529 2529 I view_enqueue_input_event: [Motion - Cancel,com.android.launcher3/com.android.launcher3.uioverrides.QuickstepLauncher]
12-09 11:01:41.299 1509 1598 W WindowManager: updateScale0.7996942
12-09 11:01:41.323 1509 3172 I ActivityTaskManager: START u0 {act=android.intent.action.MAIN cat=[android.intent.category.HOME] flg=0x10000000 cmp=com.android.launcher3/.uioverrides.QuickstepLauncher} from uid 10076
12-09 11:01:41.325 1509 3172 I wm_task_moved: [39,1,7]
12-09 11:01:41.328 20503 20503 I wm_on_top_resumed_lost_called: [194093680,com.android.calendar.AllInOneActivity,topStateChangedWhenResumed]
12-09 11:01:41.328 1509 3172 I wm_set_resumed_activity: [0,com.android.launcher3/.uioverrides.QuickstepLauncher,positionChildAt]
12-09 11:01:41.328 1509 3172 I wm_task_moved: [40,1,2147483647]
12-09 11:01:41.328 1509 3172 I wm_task_to_front: [0,40]
12-09 11:01:41.329 1509 3172 I wm_focused_root_task: [0,0,39,173,bringingFoundTaskToFront]
12-09 11:01:41.329 1509 3172 I wm_set_resumed_activity: [0,com.android.launcher3/.uioverrides.QuickstepLauncher,bringingFoundTaskToFront]
12-09 11:01:41.329 1509 3172 I wm_new_intent: [0,12743551,40,com.android.launcher3/.uioverrides.QuickstepLauncher,android.intent.action.MAIN,NULL,NULL,268500992]
12-09 11:01:41.330 1509 3172 I wm_task_moved: [39,1,7]
12-09 11:01:41.330 1509 3172 I wm_set_resumed_activity: [0,com.android.launcher3/.uioverrides.QuickstepLauncher,positionChildAt]
12-09 11:01:41.330 1509 3172 I ActivityTaskManager: FOREGROUND_APPLICATION_CHANGED to com.android.launcher3.uioverrides.QuickstepLauncher
12-09 11:01:41.331 1509 3172 W WindowManager: updateScale0.7996942
12-09 11:01:41.334 1509 3172 W WindowManager: updateScale0.7996942
12-09 11:01:41.338 2529 2529 I wm_on_paused_called: [12743551,com.android.launcher3.uioverrides.QuickstepLauncher,performPause]
12-09 11:01:41.338 1509 1598 I input_focus: [Focus request e069207 com.android.launcher3/com.android.launcher3.uioverrides.QuickstepLauncher,reason=UpdateInputWindows]
12-09 11:01:41.341 2529 2529 I wm_on_resume_called: [12743551,com.android.launcher3.uioverrides.QuickstepLauncher,LIFECYCLER_RESUME_ACTIVITY]
12-09 11:01:41.347 1509 1680 I input_focus: [Focus leaving fa47d21 com.android.calendar/com.android.calendar.AllInOneActivity (server),reason=setFocusedWindow]
12-09 11:01:41.347 1509 1680 I input_focus: [Focus entering e069207 com.android.launcher3/com.android.launcher3.uioverrides.QuickstepLauncher (server),reason=setFocusedWindow]
12-09 11:01:41.351 2529 2529 I wm_on_top_resumed_gained_called: [12743551,com.android.launcher3.uioverrides.QuickstepLauncher,topStateChangedWhenResumed]
12-09 11:01:41.768 1509 1680 I input_interaction: Interaction with: e069207 com.android.launcher3/com.android.launcher3.uioverrides.QuickstepLauncher (server), 3f8408a com.android.systemui.ImageWallpaper (server), edge-swipe (server), swipe-up (server), PointerEventDispatcher0 (server),
12-09 11:01:41.782 1509 1597 W WindowManager: updateScale0.7996942
12-09 11:01:41.797 1509 1680 I input_interaction: Interaction with: edge-swipe (server), swipe-up (server), PointerEventDispatcher0 (server),
12-09 11:01:41.798 2529 2529 I view_enqueue_input_event: [Motion - Cancel,com.android.launcher3/com.android.launcher3.uioverrides.QuickstepLauncher]
12-09 11:01:41.800 1509 5539 W ActivityTaskManager: getTaskSnapshot: taskId=5171 not found
12-09 11:01:41.802 1509 7175 W ActivityTaskManager: getTaskSnapshot: taskId=3171 not found
12-09 11:01:41.803 1509 5539 W ActivityTaskManager: getTaskSnapshot: taskId=2171 not found
12-09 11:01:41.803 1509 5539 W ActivityTaskManager: getTaskSnapshot: taskId=1171 not found
12-09 11:01:41.987 1509 1665 I commit_sys_config_file: [settings-1-0,6]
12-09 11:01:42.104 1509 2730 E TaskPersister: File error accessing recents directory (directory doesn't exist?).
12-09 11:01:42.203 0 0 I auditd : type=1400 audit(0.0:21652): avc: denied { kill } for comm="swapper/2" capability=5 scontext=u:r:kernel:s0 tcontext=u:r:kernel:s0 tclass=capability permissive=0
12-09 11:01:42.323 1509 1665 I commit_sys_config_file: [settings-1-0,6]
12-09 11:01:42.387 1509 1680 I input_interaction: Interaction with: e069207 com.android.launcher3/com.android.launcher3.uioverrides.QuickstepLauncher (server), 3f8408a com.android.systemui.ImageWallpaper (server), edge-swipe (server), swipe-up (server), PointerEventDispatcher0 (server),
12-09 11:01:42.434 1509 1680 I input_interaction: Interaction with: edge-swipe (server), swipe-up (server), PointerEventDispatcher0 (server),
12-09 11:01:42.435 2529 2529 I view_enqueue_input_event: [Motion - Cancel,com.android.launcher3/com.android.launcher3.uioverrides.QuickstepLauncher]
12-09 11:01:42.438 1509 7175 W ActivityTaskManager: getTaskSnapshot: taskId=5171 not found
12-09 11:01:42.438 1509 7175 W ActivityTaskManager: getTaskSnapshot: taskId=4171 not found
12-09 11:01:42.439 1509 5539 W ActivityTaskManager: getTaskSnapshot: taskId=3171 not found
12-09 11:01:42.615 1509 1665 I commit_sys_config_file: [settings-1-0,5]
12-09 11:01:42.924 1509 1665 I commit_sys_config_file: [settings-1-0,5]
12-09 11:01:43.053 1509 1680 I input_interaction: Interaction with: fa47d21 com.android.calendar/com.android.calendar.AllInOneActivity (server), edge-swipe (server), swipe-up (server), PointerEventDispatcher0 (server),
12-09 11:01:43.056 1509 1597 I wm_task_moved: [173,1,7]
12-09 11:01:43.056 1509 1597 I wm_task_to_front: [0,173]
12-09 11:01:43.060 1509 1597 W WindowManager: updateScale0.7996942
12-09 11:01:43.064 1509 1597 I wm_set_resumed_activity: [0,com.android.calendar/.AllInOneActivity,positionChildAt]
12-09 11:01:43.064 1509 1597 I wm_focused_root_task: [0,0,173,39,setFocusedTask]
12-09 11:01:43.064 1509 1597 I wm_set_resumed_activity: [0,com.android.calendar/.AllInOneActivity,setFocusedTask]
12-09 11:01:43.064 1509 1597 I ActivityTaskManager: FOREGROUND_APPLICATION_CHANGED to com.android.calendar.AllInOneActivity
12-09 11:01:43.065 1509 1598 I input_focus: [Focus request fa47d21 com.android.calendar/com.android.calendar.AllInOneActivity,reason=UpdateInputWindows]
12-09 11:01:43.067 2529 2529 I wm_on_top_resumed_lost_called: [12743551,com.android.launcher3.uioverrides.QuickstepLauncher,topStateChangedWhenResumed]
12-09 11:01:43.071 20503 20503 I wm_on_top_resumed_gained_called: [194093680,com.android.calendar.AllInOneActivity,topStateChangedWhenResumed]
12-09 11:01:43.087 1509 1680 I input_focus: [Focus leaving e069207 com.android.launcher3/com.android.launcher3.uioverrides.QuickstepLauncher (server),reason=setFocusedWindow]
12-09 11:01:43.087 1509 1680 I input_focus: [Focus entering fa47d21 com.android.calendar/com.android.calendar.AllInOneActivity (server),reason=setFocusedWindow]
12-09 11:01:43.203 0 0 I auditd : type=1400 audit(0.0:21653): avc: denied { kill } for comm="swapper/2" capability=5 scontext=u:r:kernel:s0 tcontext=u:r:kernel:s0 tclass=capability permissive=0
12-09 11:01:44.203 0 0 I auditd : type=1400 audit(0.0:21654): avc: denied { kill } for comm="swapper/2" capability=5 scontext=u:r:kernel:s0 tcontext=u:r:kernel:s0 tclass=capability permissive=0
12-09 11:01:44.326 1509 1680 I input_interaction: Interaction with: 2891114 StatusBar (server), edge-swipe (server), swipe-up (server), PointerEventDispatcher0 (server),
12-09 11:01:44.332 1962 1962 I sysui_multi_action: [757,803,799,panel_open,802,1]
12-09 11:01:44.333 1962 1962 I sysui_multi_action: [757,1328,758,4,1326,62,1327,2,1329,0]
12-09 11:01:44.393 1509 7175 I sysui_multi_action: [757,127,758,1]
12-09 11:01:44.394 1509 7175 I sysui_multi_action: [757,804,799,note_load,801,2,802,1]
12-09 11:01:44.394 1509 7175 I notification_panel_revealed: 2
12-09 11:01:44.395 1509 1737 I GameModeConfig: isGameModeOn = false
12-09 11:01:44.395 1509 1737 I GameModeConfig: isGameModeOn = false
12-09 11:01:44.395 1509 1737 I GameModeConfig: isGameModeOn = false
12-09 11:01:44.396 1509 1737 I GameModeConfig: isGameModeOn = false
12-09 11:01:44.397 1509 1509 I notification_enqueue: [10082,1962,com.android.systemui,2048,NULL,0,Notification(channel=updateNotification shortcut=null contentView=null vibrate=null sound=null defaults=0x0 flags=0x0 color=0x00000000 vis=PRIVATE),1]
12-09 11:01:44.397 1962 1962 I sysui_multi_action: [757,111,758,2]
12-09 11:01:44.398 1962 1962 I sysui_multi_action: [757,111,758,2]
12-09 11:01:44.412 1509 7175 W WindowManager: updateScale0.7996942
12-09 11:01:44.415 1509 1598 I input_focus: [Focus request 990558b NotificationShade,reason=UpdateInputWindows]
12-09 11:01:44.420 1962 1962 I sysui_multi_action: [757,111,758,1]
12-09 11:01:44.420 1962 1962 I sysui_multi_action: [757,126,758,1,759,126,927,0,928,0,1593,0]
12-09 11:01:44.420 1962 1962 I sysui_multi_action: [757,113,758,1,759,113,927,1,928,1,1593,0]
12-09 11:01:44.420 1962 1962 I sysui_multi_action: [757,0,758,1,759,0,927,2,928,0,1593,0]
12-09 11:01:44.421 1962 1962 I sysui_multi_action: [757,0,758,1,759,0,927,3,928,0,1593,0]
12-09 11:01:44.421 1962 1962 I sysui_multi_action: [757,491,758,1,759,491,927,4,928,0,1311,-1,1593,0]
