12-09 10:44:58.573 1962 1962 I sysui_multi_action: [757,126,758,1,759,126,927,0,928,0,1593,1]
12-09 10:44:58.573 1962 1962 I sysui_multi_action: [757,113,758,1,759,113,927,1,928,1,1593,1]
12-09 10:44:58.574 1962 1962 I sysui_multi_action: [757,0,758,1,759,0,927,2,928,0,1593,1]
12-09 10:44:58.574 1962 1962 I sysui_multi_action: [757,0,758,1,759,0,927,3,928,0,1593,1]
12-09 10:44:58.574 1962 1962 I sysui_multi_action: [757,491,758,1,759,491,927,4,928,0,1311,-1,1593,0]
12-09 10:44:58.574 1962 1962 I sysui_multi_action: [757,0,758,1,759,0,927,5,928,0,1593,0]
12-09 10:44:58.574 1962 1962 I sysui_multi_action: [757,120,758,1,759,120,927,6,928,1,1593,0]
12-09 10:44:58.574 1962 1962 I sysui_multi_action: [757,111,758,1]
12-09 10:44:58.574 1962 1962 I sysui_multi_action: [757,126,758,1,759,126,927,0,928,0,1593,1]
12-09 10:44:58.574 1962 1962 I sysui_multi_action: [757,113,758,1,759,113,927,1,928,1,1593,1]
12-09 10:44:58.574 1962 1962 I sysui_multi_action: [757,0,758,1,759,0,927,2,928,0,1593,1]
12-09 10:44:58.574 1962 1962 I sysui_multi_action: [757,0,758,1,759,0,927,3,928,0,1593,1]
12-09 10:44:58.585 1509 1737 I GameModeConfig: isGameModeOn = false
12-09 10:44:58.586 1509 1737 I GameModeConfig: isGameModeOn = false
12-09 10:44:58.587 1509 1737 I GameModeConfig: isGameModeOn = false
12-09 10:44:58.587 1509 1737 I GameModeConfig: isGameModeOn = false
12-09 10:44:58.588 1962 1962 I sysui_multi_action: [757,111,758,2]
12-09 10:44:58.588 1962 1962 I sysui_multi_action: [757,111,758,2]
12-09 10:44:58.588 1509 1509 I notification_enqueue: [10082,1962,com.android.systemui,2048,NULL,0,Notification(channel=updateNotification shortcut=null contentView=null vibrate=null sound=null defaults=0x0 flags=0x0 color=0x00000000 vis=PRIVATE),1]
12-09 10:44:58.591 1962 1962 I sysui_multi_action: [757,111,758,1]
12-09 10:44:58.591 1962 1962 I sysui_multi_action: [757,126,758,1,759,126,927,0,928,0,1593,1]
12-09 10:44:58.591 1962 1962 I sysui_multi_action: [757,113,758,1,759,113,927,1,928,1,1593,1]
12-09 10:44:58.591 1962 1962 I sysui_multi_action: [757,0,758,1,759,0,927,2,928,0,1593,1]
12-09 10:44:58.591 1962 1962 I sysui_multi_action: [757,0,758,1,759,0,927,3,928,0,1593,1]
12-09 10:44:58.592 1962 1962 I sysui_multi_action: [757,491,758,1,759,491,927,4,928,0,1311,-1,1593,0]
12-09 10:44:58.592 1962 1962 I sysui_multi_action: [757,0,758,1,759,0,927,5,928,0,1593,0]
12-09 10:44:58.592 1962 1962 I sysui_multi_action: [757,120,758,1,759,120,927,6,928,1,1593,0]
12-09 10:44:58.592 1962 1962 I sysui_multi_action: [757,111,758,1]
12-09 10:44:58.592 1962 1962 I sysui_multi_action: [757,126,758,1,759,126,927,0,928,0,1593,1]
12-09 10:44:58.592 1962 1962 I sysui_multi_action: [757,113,758,1,759,113,927,1,928,1,1593,1]
12-09 10:44:58.592 1962 1962 I sysui_multi_action: [757,0,758,1,759,0,927,2,928,0,1593,1]
12-09 10:44:58.592 1962 1962 I sysui_multi_action: [757,0,758,1,759,0,927,3,928,0,1593,1]
12-09 10:44:58.602 1509 1737 I GameModeConfig: isGameModeOn = false
12-09 10:44:58.603 1509 1737 I GameModeConfig: isGameModeOn = false
12-09 10:44:58.603 1509 1737 I GameModeConfig: isGameModeOn = false
12-09 10:44:58.603 1509 1737 I GameModeConfig: isGameModeOn = false
12-09 10:44:58.604 1962 1962 I sysui_multi_action: [757,111,758,2]
12-09 10:44:58.604 1962 1962 I sysui_multi_action: [757,111,758,2]
12-09 10:44:58.605 1509 1509 I notification_enqueue: [10082,1962,com.android.systemui,2048,NULL,0,Notification(channel=updateNotification shortcut=null contentView=null vibrate=null sound=null defaults=0x0 flags=0x0 color=0x00000000 vis=PRIVATE),1]
12-09 10:44:58.607 1962 1962 I sysui_multi_action: [757,111,758,1]
12-09 10:44:58.607 1962 1962 I sysui_multi_action: [757,126,758,1,759,126,927,0,928,0,1593,1]
12-09 10:44:58.608 1962 1962 I sysui_multi_action: [757,113,758,1,759,113,927,1,928,1,1593,1]
12-09 10:44:58.608 1962 1962 I sysui_multi_action: [757,0,758,1,759,0,927,2,928,0,1593,1]
12-09 10:44:58.608 1962 1962 I sysui_multi_action: [757,0,758,1,759,0,927,3,928,0,1593,1]
12-09 10:44:58.608 1962 1962 I sysui_multi_action: [757,491,758,1,759,491,927,4,928,0,1311,-1,1593,0]
12-09 10:44:58.608 1962 1962 I sysui_multi_action: [757,0,758,1,759,0,927,5,928,0,1593,0]
12-09 10:44:58.608 1962 1962 I sysui_multi_action: [757,120,758,1,759,120,927,6,928,1,1593,0]
12-09 10:44:58.608 1962 1962 I sysui_multi_action: [757,111,758,1]
12-09 10:44:58.608 1962 1962 I sysui_multi_action: [757,126,758,1,759,126,927,0,928,0,1593,1]
12-09 10:44:58.608 1962 1962 I sysui_multi_action: [757,113,758,1,759,113,927,1,928,1,1593,1]
12-09 10:44:58.608 1962 1962 I sysui_multi_action: [757,0,758,1,759,0,927,2,928,0,1593,1]
12-09 10:44:58.608 1962 1962 I sysui_multi_action: [757,0,758,1,759,0,927,3,928,0,1593,1]
12-09 10:44:58.619 1509 1737 I GameModeConfig: isGameModeOn = false
12-09 10:44:58.619 1509 1737 I GameModeConfig: isGameModeOn = false
12-09 10:44:58.619 1509 1737 I GameModeConfig: isGameModeOn = false
12-09 10:44:58.619 1509 1737 I GameModeConfig: isGameModeOn = false
12-09 10:44:58.620 1962 1962 I sysui_multi_action: [757,111,758,2]
12-09 10:44:58.620 1962 1962 I sysui_multi_action: [757,111,758,2]
12-09 10:44:58.621 1509 1509 I notification_enqueue: [10082,1962,com.android.systemui,2048,NULL,0,Notification(channel=updateNotification shortcut=null contentView=null vibrate=null sound=null defaults=0x0 flags=0x0 color=0x00000000 vis=PRIVATE),1]
12-09 10:44:58.624 1962 1962 I sysui_multi_action: [757,111,758,1]
12-09 10:44:58.624 1962 1962 I sysui_multi_action: [757,126,758,1,759,126,927,0,928,0,1593,1]
12-09 10:44:58.624 1962 1962 I sysui_multi_action: [757,113,758,1,759,113,927,1,928,1,1593,1]
12-09 10:44:58.624 1962 1962 I sysui_multi_action: [757,0,758,1,759,0,927,2,928,0,1593,1]
12-09 10:44:58.624 1962 1962 I sysui_multi_action: [757,0,758,1,759,0,927,3,928,0,1593,1]
12-09 10:44:58.624 1962 1962 I sysui_multi_action: [757,491,758,1,759,491,927,4,928,0,1311,-1,1593,0]
12-09 10:44:58.624 1962 1962 I sysui_multi_action: [757,0,758,1,759,0,927,5,928,0,1593,0]
12-09 10:44:58.624 1962 1962 I sysui_multi_action: [757,120,758,1,759,120,927,6,928,1,1593,0]
12-09 10:44:58.624 1962 1962 I sysui_multi_action: [757,111,758,1]
12-09 10:44:58.624 1962 1962 I sysui_multi_action: [757,126,758,1,759,126,927,0,928,0,1593,1]
12-09 10:44:58.624 1962 1962 I sysui_multi_action: [757,113,758,1,759,113,927,1,928,1,1593,1]
12-09 10:44:58.624 1962 1962 I sysui_multi_action: [757,0,758,1,759,0,927,2,928,0,1593,1]
12-09 10:44:58.625 1962 1962 I sysui_multi_action: [757,0,758,1,759,0,927,3,928,0,1593,1]
12-09 10:44:58.636 1509 1737 I GameModeConfig: isGameModeOn = false
12-09 10:44:58.636 1509 1737 I GameModeConfig: isGameModeOn = false
12-09 10:44:58.636 1509 1737 I GameModeConfig: isGameModeOn = false
12-09 10:44:58.636 1509 1737 I GameModeConfig: isGameModeOn = false
12-09 10:44:58.638 1962 1962 I sysui_multi_action: [757,111,758,2]
12-09 10:44:58.638 1962 1962 I sysui_multi_action: [757,111,758,2]
12-09 10:44:58.638 1509 1509 I notification_enqueue: [10082,1962,com.android.systemui,2048,NULL,0,Notification(channel=updateNotification shortcut=null contentView=null vibrate=null sound=null defaults=0x0 flags=0x0 color=0x00000000 vis=PRIVATE),1]
12-09 10:44:58.641 1962 1962 I sysui_multi_action: [757,111,758,1]
12-09 10:44:58.641 1962 1962 I sysui_multi_action: [757,126,758,1,759,126,927,0,928,0,1593,1]
12-09 10:44:58.641 1962 1962 I sysui_multi_action: [757,113,758,1,759,113,927,1,928,1,1593,1]
12-09 10:44:58.641 1962 1962 I sysui_multi_action: [757,0,758,1,759,0,927,2,928,0,1593,1]
12-09 10:44:58.641 1962 1962 I sysui_multi_action: [757,0,758,1,759,0,927,3,928,0,1593,1]
12-09 10:44:58.641 1962 1962 I sysui_multi_action: [757,491,758,1,759,491,927,4,928,0,1311,-1,1593,0]
12-09 10:44:58.642 1962 1962 I sysui_multi_action: [757,0,758,1,759,0,927,5,928,0,1593,0]
12-09 10:44:58.642 1962 1962 I sysui_multi_action: [757,120,758,1,759,120,927,6,928,1,1593,0]
12-09 10:44:58.642 1962 1962 I sysui_multi_action: [757,111,758,1]
12-09 10:44:58.642 1962 1962 I sysui_multi_action: [757,126,758,1,759,126,927,0,928,0,1593,1]
12-09 10:44:58.642 1962 1962 I sysui_multi_action: [757,113,758,1,759,113,927,1,928,1,1593,1]
12-09 10:44:58.642 1962 1962 I sysui_multi_action: [757,0,758,1,759,0,927,2,928,0,1593,1]
12-09 10:44:58.642 1962 1962 I sysui_multi_action: [757,0,758,1,759,0,927,3,928,0,1593,1]
12-09 10:44:58.653 1509 1737 I GameModeConfig: isGameModeOn = false
12-09 10:44:58.653 1509 1737 I GameModeConfig: isGameModeOn = false
12-09 10:44:58.653 1509 1737 I GameModeConfig: isGameModeOn = false
12-09 10:44:58.653 1509 1737 I GameModeConfig: isGameModeOn = false
12-09 10:44:58.655 1962 1962 I sysui_multi_action: [757,111,758,2]
12-09 10:44:58.655 1962 1962 I sysui_multi_action: [757,111,758,2]
12-09 10:44:58.655 1509 1509 I notification_enqueue: [10082,1962,com.android.systemui,2048,NULL,0,Notification(channel=updateNotification shortcut=null contentView=null vibrate=null sound=null defaults=0x0 flags=0x0 color=0x00000000 vis=PRIVATE),1]
12-09 10:44:58.658 1962 1962 I sysui_multi_action: [757,111,758,1]
12-09 10:44:58.658 1962 1962 I sysui_multi_action: [757,126,758,1,759,126,927,0,928,0,1593,1]
12-09 10:44:58.658 1962 1962 I sysui_multi_action: [757,113,758,1,759,113,927,1,928,1,1593,1]
12-09 10:44:58.658 1962 1962 I sysui_multi_action: [757,0,758,1,759,0,927,2,928,0,1593,1]
12-09 10:44:58.658 1962 1962 I sysui_multi_action: [757,0,758,1,759,0,927,3,928,0,1593,1]
12-09 10:44:58.659 1962 1962 I sysui_multi_action: [757,491,758,1,759,491,927,4,928,0,1311,-1,1593,0]
12-09 10:44:58.659 1962 1962 I sysui_multi_action: [757,0,758,1,759,0,927,5,928,0,1593,0]
12-09 10:44:58.659 1962 1962 I sysui_multi_action: [757,120,758,1,759,120,927,6,928,1,1593,0]
12-09 10:44:58.659 1962 1962 I sysui_multi_action: [757,111,758,1]
12-09 10:44:58.659 1962 1962 I sysui_multi_action: [757,126,758,1,759,126,927,0,928,0,1593,1]
12-09 10:44:58.659 1962 1962 I sysui_multi_action: [757,113,758,1,759,113,927,1,928,1,1593,1]
12-09 10:44:58.659 1962 1962 I sysui_multi_action: [757,0,758,1,759,0,927,2,928,0,1593,1]
12-09 10:44:58.659 1962 1962 I sysui_multi_action: [757,0,758,1,759,0,927,3,928,0,1593,1]
12-09 10:44:58.669 1509 1737 I GameModeConfig: isGameModeOn = false
12-09 10:44:58.669 1509 1737 I GameModeConfig: isGameModeOn = false
12-09 10:44:58.669 1509 1737 I GameModeConfig: isGameModeOn = false
12-09 10:44:58.669 1509 1737 I GameModeConfig: isGameModeOn = false
12-09 10:44:58.670 1962 1962 I sysui_multi_action: [757,111,758,2]
12-09 10:44:58.670 1509 1509 I notification_enqueue: [10082,1962,com.android.systemui,2048,NULL,0,Notification(channel=updateNotification shortcut=null contentView=null vibrate=null sound=null defaults=0x0 flags=0x0 color=0x00000000 vis=PRIVATE),1]
12-09 10:44:58.670 1962 1962 I sysui_multi_action: [757,111,758,2]
12-09 10:44:58.674 1509 1509 I GameModeConfig: isGameModeOn = false
12-09 10:44:58.674 1962 1962 I sysui_multi_action: [757,111,758,1]
12-09 10:44:58.674 1962 1962 I sysui_multi_action: [757,126,758,1,759,126,927,0,928,0,1593,1]
12-09 10:44:58.674 1962 1962 I sysui_multi_action: [757,113,758,1,759,113,927,1,928,1,1593,1]
12-09 10:44:58.674 1962 1962 I sysui_multi_action: [757,0,758,1,759,0,927,2,928,0,1593,1]
12-09 10:44:58.674 1962 1962 I sysui_multi_action: [757,0,758,1,759,0,927,3,928,0,1593,1]
12-09 10:44:58.674 1962 1962 I sysui_multi_action: [757,491,758,1,759,491,927,4,928,0,1311,-1,1593,0]
12-09 10:44:58.675 1962 1962 I sysui_multi_action: [757,0,758,1,759,0,927,5,928,0,1593,0]
12-09 10:44:58.675 1962 1962 I sysui_multi_action: [757,120,758,1,759,120,927,6,928,1,1593,0]
12-09 10:44:58.675 1962 1962 I sysui_multi_action: [757,111,758,1]
12-09 10:44:58.675 1962 1962 I sysui_multi_action: [757,126,758,1,759,126,927,0,928,0,1593,1]
12-09 10:44:58.675 1962 1962 I sysui_multi_action: [757,113,758,1,759,113,927,1,928,1,1593,1]
12-09 10:44:58.675 1962 1962 I sysui_multi_action: [757,0,758,1,759,0,927,2,928,0,1593,1]
12-09 10:44:58.675 1962 1962 I sysui_multi_action: [757,0,758,1,759,0,927,3,928,0,1593,1]
12-09 10:44:58.686 1509 1737 I GameModeConfig: isGameModeOn = false
12-09 10:44:58.686 1509 1737 I GameModeConfig: isGameModeOn = false
12-09 10:44:58.686 1509 1737 I GameModeConfig: isGameModeOn = false
12-09 10:44:58.686 1509 1737 I GameModeConfig: isGameModeOn = false
12-09 10:44:58.687 1962 1962 I sysui_multi_action: [757,111,758,2]
12-09 10:44:58.687 1962 1962 I sysui_multi_action: [757,111,758,2]
12-09 10:44:58.688 1509 1509 I notification_enqueue: [10082,1962,com.android.systemui,2048,NULL,0,Notification(channel=updateNotification shortcut=null contentView=null vibrate=null sound=null defaults=0x0 flags=0x0 color=0x00000000 vis=PRIVATE),1]
12-09 10:44:58.690 1509 1509 I GameModeConfig: isGameModeOn = false
12-09 10:44:58.690 1509 1509 E NotificationService: Muting recently noisy 0|com.android.systemui|2048|null|10082
12-09 10:44:58.691 1962 1962 I sysui_multi_action: [757,111,758,1]
12-09 10:44:58.691 1962 1962 I sysui_multi_action: [757,126,758,1,759,126,927,0,928,0,1593,1]
12-09 10:44:58.691 1962 1962 I sysui_multi_action: [757,113,758,1,759,113,927,1,928,1,1593,1]
12-09 10:44:58.691 1962 1962 I sysui_multi_action: [757,0,758,1,759,0,927,2,928,0,1593,1]
12-09 10:44:58.691 1962 1962 I sysui_multi_action: [757,0,758,1,759,0,927,3,928,0,1593,1]
12-09 10:44:58.691 1962 1962 I sysui_multi_action: [757,491,758,1,759,491,927,4,928,0,1311,-1,1593,0]
12-09 10:44:58.691 1962 1962 I sysui_multi_action: [757,0,758,1,759,0,927,5,928,0,1593,0]
12-09 10:44:58.691 1962 1962 I sysui_multi_action: [757,120,758,1,759,120,927,6,928,1,1593,0]
12-09 10:44:58.691 1962 1962 I sysui_multi_action: [757,111,758,1]
12-09 10:44:58.691 1962 1962 I sysui_multi_action: [757,126,758,1,759,126,927,0,928,0,1593,1]
12-09 10:44:58.691 1962 1962 I sysui_multi_action: [757,113,758,1,759,113,927,1,928,1,1593,1]
12-09 10:44:58.691 1962 1962 I sysui_multi_action: [757,0,758,1,759,0,927,2,928,0,1593,1]
12-09 10:44:58.691 1962 1962 I sysui_multi_action: [757,0,758,1,759,0,927,3,928,0,1593,1]
12-09 10:44:58.702 1509 1737 I GameModeConfig: isGameModeOn = false
12-09 10:44:58.702 1509 1737 I GameModeConfig: isGameModeOn = false
12-09 10:44:58.703 1509 1737 I GameModeConfig: isGameModeOn = false
12-09 10:44:58.703 1509 1737 I GameModeConfig: isGameModeOn = false
12-09 10:44:58.703 1962 1962 I sysui_multi_action: [757,111,758,2]
12-09 10:44:58.703 1962 1962 I sysui_multi_action: [757,111,758,2]
12-09 10:44:58.703 1509 1509 I notification_enqueue: [10082,1962,com.android.systemui,2048,NULL,0,Notification(channel=updateNotification shortcut=null contentView=null vibrate=null sound=null defaults=0x0 flags=0x0 color=0x00000000 vis=PRIVATE),1]
12-09 10:44:58.706 1509 1509 I GameModeConfig: isGameModeOn = false
12-09 10:44:58.706 1509 1509 E NotificationService: Muting recently noisy 0|com.android.systemui|2048|null|10082
12-09 10:44:58.706 1962 1962 I sysui_multi_action: [757,111,758,1]
12-09 10:44:58.707 1962 1962 I sysui_multi_action: [757,126,758,1,759,126,927,0,928,0,1593,1]
12-09 10:44:58.707 1962 1962 I sysui_multi_action: [757,113,758,1,759,113,927,1,928,1,1593,1]
12-09 10:44:58.707 1962 1962 I sysui_multi_action: [757,0,758,1,759,0,927,2,928,0,1593,1]
12-09 10:44:58.707 1962 1962 I sysui_multi_action: [757,0,758,1,759,0,927,3,928,0,1593,0]
12-09 10:44:58.707 1962 1962 I sysui_multi_action: [757,491,758,1,759,491,927,4,928,0,1311,-1,1593,0]
12-09 10:44:58.707 1962 1962 I sysui_multi_action: [757,0,758,1,759,0,927,5,928,0,1593,0]
12-09 10:44:58.707 1962 1962 I sysui_multi_action: [757,120,758,1,759,120,927,6,928,1,1593,0]
12-09 10:44:58.707 1962 1962 I sysui_multi_action: [757,111,758,1]
12-09 10:44:58.707 1962 1962 I sysui_multi_action: [757,126,758,1,759,126,927,0,928,0,1593,1]
12-09 10:44:58.707 1962 1962 I sysui_multi_action: [757,113,758,1,759,113,927,1,928,1,1593,1]
12-09 10:44:58.707 1962 1962 I sysui_multi_action: [757,0,758,1,759,0,927,2,928,0,1593,1]
12-09 10:44:58.707 1962 1962 I sysui_multi_action: [757,0,758,1,759,0,927,3,928,0,1593,1]
12-09 10:44:58.719 1509 1737 I GameModeConfig: isGameModeOn = false
12-09 10:44:58.719 1509 1737 I GameModeConfig: isGameModeOn = false
12-09 10:44:58.719 1509 1737 I GameModeConfig: isGameModeOn = false
12-09 10:44:58.719 1509 1737 I GameModeConfig: isGameModeOn = false
12-09 10:44:58.720 1962 1962 I sysui_multi_action: [757,111,758,2]
12-09 10:44:58.720 1509 1509 I notification_enqueue: [10082,1962,com.android.systemui,2048,NULL,0,Notification(channel=updateNotification shortcut=null contentView=null vibrate=null sound=null defaults=0x0 flags=0x0 color=0x00000000 vis=PRIVATE),1]
12-09 10:44:58.720 1962 1962 I sysui_multi_action: [757,111,758,2]
12-09 10:44:58.721 1509 1509 I GameModeConfig: isGameModeOn = false
12-09 10:44:58.721 1509 1509 E NotificationService: Muting recently noisy 0|com.android.systemui|2048|null|10082
12-09 10:44:58.723 1962 1962 I sysui_multi_action: [757,111,758,1]
12-09 10:44:58.723 1962 1962 I sysui_multi_action: [757,126,758,1,759,126,927,0,928,0,1593,1]
12-09 10:44:58.723 1962 1962 I sysui_multi_action: [757,113,758,1,759,113,927,1,928,1,1593,1]
12-09 10:44:58.723 1962 1962 I sysui_multi_action: [757,0,758,1,759,0,927,2,928,0,1593,1]
12-09 10:44:58.723 1962 1962 I sysui_multi_action: [757,0,758,1,759,0,927,3,928,0,1593,1]
12-09 10:44:58.723 1962 1962 I sysui_multi_action: [757,491,758,1,759,491,927,4,928,0,1311,-1,1593,0]
12-09 10:44:58.723 1962 1962 I sysui_multi_action: [757,0,758,1,759,0,927,5,928,0,1593,0]
12-09 10:44:58.723 1962 1962 I sysui_multi_action: [757,120,758,1,759,120,927,6,928,1,1593,0]
12-09 10:44:58.723 1962 1962 I sysui_multi_action: [757,111,758,1]
12-09 10:44:58.723 1962 1962 I sysui_multi_action: [757,126,758,1,759,126,927,0,928,0,1593,1]
12-09 10:44:58.723 1962 1962 I sysui_multi_action: [757,113,758,1,759,113,927,1,928,1,1593,1]
12-09 10:44:58.723 1962 1962 I sysui_multi_action: [757,0,758,1,759,0,927,2,928,0,1593,1]
12-09 10:44:58.723 1962 1962 I sysui_multi_action: [757,0,758,1,759,0,927,3,928,0,1593,1]
12-09 10:44:58.736 1509 1737 I GameModeConfig: isGameModeOn = false
12-09 10:44:58.736 1509 1737 I GameModeConfig: isGameModeOn = false
12-09 10:44:58.736 1509 1737 I GameModeConfig: isGameModeOn = false
12-09 10:44:58.736 1509 1737 I GameModeConfig: isGameModeOn = false
12-09 10:44:58.737 1962 1962 I sysui_multi_action: [757,111,758,2]
12-09 10:44:58.737 1509 1509 I notification_enqueue: [10082,1962,com.android.systemui,2048,NULL,0,Notification(channel=updateNotification shortcut=null contentView=null vibrate=null sound=null defaults=0x0 flags=0x0 color=0x00000000 vis=PRIVATE),1]
12-09 10:44:58.737 1962 1962 I sysui_multi_action: [757,111,758,2]
12-09 10:44:58.739 1962 1962 I sysui_multi_action: [757,111,758,1]
12-09 10:44:58.739 1962 1962 I sysui_multi_action: [757,126,758,1,759,126,927,0,928,0,1593,1]
12-09 10:44:58.739 1962 1962 I sysui_multi_action: [757,113,758,1,759,113,927,1,928,1,1593,1]
12-09 10:44:58.739 1962 1962 I sysui_multi_action: [757,0,758,1,759,0,927,2,928,0,1593,1]
12-09 10:44:58.739 1962 1962 I sysui_multi_action: [757,0,758,1,759,0,927,3,928,0,1593,1]
12-09 10:44:58.739 1962 1962 I sysui_multi_action: [757,491,758,1,759,491,927,4,928,0,1311,-1,1593,0]
12-09 10:44:58.740 1962 1962 I sysui_multi_action: [757,0,758,1,759,0,927,5,928,0,1593,0]
12-09 10:44:58.740 1962 1962 I sysui_multi_action: [757,120,758,1,759,120,927,6,928,1,1593,0]
12-09 10:44:58.740 1962 1962 I sysui_multi_action: [757,111,758,1]
12-09 10:44:58.740 1962 1962 I sysui_multi_action: [757,126,758,1,759,126,927,0,928,0,1593,1]
12-09 10:44:58.740 1962 1962 I sysui_multi_action: [757,113,758,1,759,113,927,1,928,1,1593,1]
12-09 10:44:58.740 1962 1962 I sysui_multi_action: [757,0,758,1,759,0,927,2,928,0,1593,1]
12-09 10:44:58.740 1962 1962 I sysui_multi_action: [757,0,758,1,759,0,927,3,928,0,1593,1]
12-09 10:44:58.743 1509 1509 I GameModeConfig: isGameModeOn = false
12-09 10:44:58.743 1509 1509 E NotificationService: Muting recently noisy 0|com.android.systemui|2048|null|10082
12-09 10:44:58.752 1509 1737 I GameModeConfig: isGameModeOn = false
12-09 10:44:58.752 1509 1737 I GameModeConfig: isGameModeOn = false
12-09 10:44:58.753 1509 1737 I GameModeConfig: isGameModeOn = false
12-09 10:44:58.753 1509 1737 I GameModeConfig: isGameModeOn = false
12-09 10:44:58.753 1962 1962 I sysui_multi_action: [757,111,758,2]
12-09 10:44:58.753 1962 1962 I sysui_multi_action: [757,111,758,2]
12-09 10:44:58.753 1509 1509 I notification_enqueue: [10082,1962,com.android.systemui,2048,NULL,0,Notification(channel=updateNotification shortcut=null contentView=null vibrate=null sound=null defaults=0x0 flags=0x0 color=0x00000000 vis=PRIVATE),1]
12-09 10:44:58.756 1962 1962 I sysui_multi_action: [757,111,758,1]
12-09 10:44:58.756 1962 1962 I sysui_multi_action: [757,126,758,1,759,126,927,0,928,0,1593,1]
12-09 10:44:58.756 1962 1962 I sysui_multi_action: [757,113,758,1,759,113,927,1,928,1,1593,1]
12-09 10:44:58.756 1962 1962 I sysui_multi_action: [757,0,758,1,759,0,927,2,928,0,1593,1]
12-09 10:44:58.756 1962 1962 I sysui_multi_action: [757,0,758,1,759,0,927,3,928,0,1593,1]
12-09 10:44:58.757 1962 1962 I sysui_multi_action: [757,491,758,1,759,491,927,4,928,0,1311,-1,1593,0]
12-09 10:44:58.757 1962 1962 I sysui_multi_action: [757,0,758,1,759,0,927,5,928,0,1593,0]
12-09 10:44:58.757 1962 1962 I sysui_multi_action: [757,120,758,1,759,120,927,6,928,1,1593,0]
12-09 10:44:58.757 1962 1962 I sysui_multi_action: [757,111,758,1]
12-09 10:44:58.757 1962 1962 I sysui_multi_action: [757,126,758,1,759,126,927,0,928,0,1593,1]
12-09 10:44:58.757 1962 1962 I sysui_multi_action: [757,113,758,1,759,113,927,1,928,1,1593,1]
12-09 10:44:58.757 1962 1962 I sysui_multi_action: [757,0,758,1,759,0,927,2,928,0,1593,1]
12-09 10:44:58.757 1962 1962 I sysui_multi_action: [757,0,758,1,759,0,927,3,928,0,1593,1]
12-09 10:44:58.757 1509 1509 I GameModeConfig: isGameModeOn = false
12-09 10:44:58.758 1509 1509 E NotificationService: Muting recently noisy 0|com.android.systemui|2048|null|10082
12-09 10:44:58.769 1509 1737 I GameModeConfig: isGameModeOn = false
12-09 10:44:58.769 1509 1737 I GameModeConfig: isGameModeOn = false
12-09 10:44:58.770 1509 1737 I GameModeConfig: isGameModeOn = false
12-09 10:44:58.770 1509 1737 I GameModeConfig: isGameModeOn = false
12-09 10:44:58.770 1962 1962 I sysui_multi_action: [757,111,758,2]
12-09 10:44:58.770 1962 1962 I sysui_multi_action: [757,111,758,2]
12-09 10:44:58.771 1509 1509 I notification_enqueue: [10082,1962,com.android.systemui,2048,NULL,0,Notification(channel=updateNotification shortcut=null contentView=null vibrate=null sound=null defaults=0x0 flags=0x0 color=0x00000000 vis=PRIVATE),1]
12-09 10:44:58.772 1509 1509 I GameModeConfig: isGameModeOn = false
12-09 10:44:58.772 1509 1509 E NotificationService: Muting recently noisy 0|com.android.systemui|2048|null|10082
12-09 10:44:58.773 1962 1962 I sysui_multi_action: [757,111,758,1]
12-09 10:44:58.773 1962 1962 I sysui_multi_action: [757,126,758,1,759,126,927,0,928,0,1593,1]
12-09 10:44:58.774 1962 1962 I sysui_multi_action: [757,113,758,1,759,113,927,1,928,1,1593,1]
12-09 10:44:58.774 1962 1962 I sysui_multi_action: [757,0,758,1,759,0,927,2,928,0,1593,1]
12-09 10:44:58.774 1962 1962 I sysui_multi_action: [757,0,758,1,759,0,927,3,928,0,1593,1]
12-09 10:44:58.774 1962 1962 I sysui_multi_action: [757,491,758,1,759,491,927,4,928,0,1311,-1,1593,0]
12-09 10:44:58.774 1962 1962 I sysui_multi_action: [757,0,758,1,759,0,927,5,928,0,1593,0]
12-09 10:44:58.774 1962 1962 I sysui_multi_action: [757,120,758,1,759,120,927,6,928,1,1593,0]
12-09 10:44:58.774 1962 1962 I sysui_multi_action: [757,111,758,1]
12-09 10:44:58.774 1962 1962 I sysui_multi_action: [757,126,758,1,759,126,927,0,928,0,1593,1]
12-09 10:44:58.775 1962 1962 I sysui_multi_action: [757,113,758,1,759,113,927,1,928,1,1593,1]
12-09 10:44:58.775 1962 1962 I sysui_multi_action: [757,0,758,1,759,0,927,2,928,0,1593,1]
12-09 10:44:58.775 1962 1962 I sysui_multi_action: [757,0,758,1,759,0,927,3,928,0,1593,1]
12-09 10:44:58.786 1509 1737 I GameModeConfig: isGameModeOn = false
12-09 10:44:58.787 1509 1737 I GameModeConfig: isGameModeOn = false
12-09 10:44:58.787 1509 1737 I GameModeConfig: isGameModeOn = false
12-09 10:44:58.787 1509 1737 I GameModeConfig: isGameModeOn = false
12-09 10:44:58.788 1962 1962 I sysui_multi_action: [757,111,758,2]
12-09 10:44:58.788 1962 1962 I sysui_multi_action: [757,111,758,2]
12-09 10:44:58.789 1509 1509 I notification_enqueue: [10082,1962,com.android.systemui,2048,NULL,0,Notification(channel=updateNotification shortcut=null contentView=null vibrate=null sound=null defaults=0x0 flags=0x0 color=0x00000000 vis=PRIVATE),1]
12-09 10:44:58.791 1509 1509 I GameModeConfig: isGameModeOn = false
12-09 10:44:58.791 1509 1509 E NotificationService: Muting recently noisy 0|com.android.systemui|2048|null|10082
12-09 10:44:58.791 1962 1962 I sysui_multi_action: [757,111,758,1]
12-09 10:44:58.791 1962 1962 I sysui_multi_action: [757,126,758,1,759,126,927,0,928,0,1593,1]
12-09 10:44:58.791 1962 1962 I sysui_multi_action: [757,113,758,1,759,113,927,1,928,1,1593,1]
12-09 10:44:58.791 1962 1962 I sysui_multi_action: [757,0,758,1,759,0,927,2,928,0,1593,1]
12-09 10:44:58.791 1962 1962 I sysui_multi_action: [757,0,758,1,759,0,927,3,928,0,1593,1]
12-09 10:44:58.792 1962 1962 I sysui_multi_action: [757,491,758,1,759,491,927,4,928,0,1311,-1,1593,0]
12-09 10:44:58.792 1962 1962 I sysui_multi_action: [757,0,758,1,759,0,927,5,928,0,1593,0]
12-09 10:44:58.792 1962 1962 I sysui_multi_action: [757,120,758,1,759,120,927,6,928,1,1593,0]
12-09 10:44:58.792 1962 1962 I sysui_multi_action: [757,111,758,1]
12-09 10:44:58.792 1962 1962 I sysui_multi_action: [757,126,758,1,759,126,927,0,928,0,1593,1]
12-09 10:44:58.792 1962 1962 I sysui_multi_action: [757,113,758,1,759,113,927,1,928,1,1593,1]
12-09 10:44:58.792 1962 1962 I sysui_multi_action: [757,0,758,1,759,0,927,2,928,0,1593,1]
12-09 10:44:58.792 1962 1962 I sysui_multi_action: [757,0,758,1,759,0,927,3,928,0,1593,1]
12-09 10:44:58.803 1509 1737 I GameModeConfig: isGameModeOn = false
12-09 10:44:58.803 1509 1737 I GameModeConfig: isGameModeOn = false
12-09 10:44:58.803 1509 1737 I GameModeConfig: isGameModeOn = false
12-09 10:44:58.803 1509 1737 I GameModeConfig: isGameModeOn = false
12-09 10:44:58.804 1962 1962 I sysui_multi_action: [757,111,758,2]
12-09 10:44:58.804 1962 1962 I sysui_multi_action: [757,111,758,2]
12-09 10:44:58.805 1509 1509 I notification_enqueue: [10082,1962,com.android.systemui,2048,NULL,0,Notification(channel=updateNotification shortcut=null contentView=null vibrate=null sound=null defaults=0x0 flags=0x0 color=0x00000000 vis=PRIVATE),1]
12-09 10:44:58.807 1509 1509 I GameModeConfig: isGameModeOn = false
12-09 10:44:58.807 1509 1509 E NotificationService: Muting recently noisy 0|com.android.systemui|2048|null|10082
12-09 10:44:58.817 1962 1962 I sysui_multi_action: [757,111,758,1]
12-09 10:44:58.817 1962 1962 I sysui_multi_action: [757,126,758,1,759,126,927,0,928,0,1593,1]
12-09 10:44:58.817 1962 1962 I sysui_multi_action: [757,113,758,1,759,113,927,1,928,1,1593,1]
12-09 10:44:58.817 1962 1962 I sysui_multi_action: [757,0,758,1,759,0,927,2,928,0,1593,1]
12-09 10:44:58.817 1962 1962 I sysui_multi_action: [757,0,758,1,759,0,927,3,928,0,1593,1]
12-09 10:44:58.817 1962 1962 I sysui_multi_action: [757,491,758,1,759,491,927,4,928,0,1311,-1,1593,0]
12-09 10:44:58.817 1962 1962 I sysui_multi_action: [757,0,758,1,759,0,927,5,928,0,1593,0]
12-09 10:44:58.817 1962 1962 I sysui_multi_action: [757,120,758,1,759,120,927,6,928,1,1593,0]
12-09 10:44:58.817 1962 1962 I sysui_multi_action: [757,111,758,1]
12-09 10:44:58.818 1962 1962 I sysui_multi_action: [757,126,758,1,759,126,927,0,928,0,1593,1]
12-09 10:44:58.818 1962 1962 I sysui_multi_action: [757,113,758,1,759,113,927,1,928,1,1593,1]
12-09 10:44:58.818 1962 1962 I sysui_multi_action: [757,0,758,1,759,0,927,2,928,0,1593,1]
12-09 10:44:58.818 1962 1962 I sysui_multi_action: [757,0,758,1,759,0,927,3,928,0,1593,1]
12-09 10:44:58.823 1509 1509 I GameModeConfig: isGameModeOn = false
12-09 10:44:58.824 1509 1509 E NotificationService: Muting recently noisy 0|com.android.systemui|2048|null|10082
12-09 10:44:58.826 1962 1962 I sysui_multi_action: [757,111,758,2]
12-09 10:44:58.826 1962 1962 I sysui_multi_action: [757,111,758,2]
12-09 10:44:58.826 1509 1509 I notification_enqueue: [10082,1962,com.android.systemui,2048,NULL,0,Notification(channel=updateNotification shortcut=null contentView=null vibrate=null sound=null defaults=0x0 flags=0x0 color=0x00000000 vis=PRIVATE),1]
12-09 10:44:58.834 1509 1737 I GameModeConfig: isGameModeOn = false
12-09 10:44:58.834 1509 1737 I GameModeConfig: isGameModeOn = false
12-09 10:44:58.834 1962 1962 I sysui_multi_action: [757,111,758,1]
12-09 10:44:58.834 1962 1962 I sysui_multi_action: [757,126,758,1,759,126,927,0,928,0,1593,1]
12-09 10:44:58.834 1962 1962 I sysui_multi_action: [757,113,758,1,759,113,927,1,928,1,1593,1]
12-09 10:44:58.834 1962 1962 I sysui_multi_action: [757,0,758,1,759,0,927,2,928,0,1593,1]
12-09 10:44:58.834 1962 1962 I sysui_multi_action: [757,0,758,1,759,0,927,3,928,0,1593,1]
12-09 10:44:58.834 1509 1737 I GameModeConfig: isGameModeOn = false
12-09 10:44:58.834 1962 1962 I sysui_multi_action: [757,491,758,1,759,491,927,4,928,0,1311,-1,1593,0]
12-09 10:44:58.834 1509 1737 I GameModeConfig: isGameModeOn = false
12-09 10:44:58.835 1962 1962 I sysui_multi_action: [757,0,758,1,759,0,927,5,928,0,1593,0]
12-09 10:44:58.835 1962 1962 I sysui_multi_action: [757,120,758,1,759,120,927,6,928,1,1593,0]
12-09 10:44:58.835 1962 1962 I sysui_multi_action: [757,111,758,1]
12-09 10:44:58.835 1962 1962 I sysui_multi_action: [757,126,758,1,759,126,927,0,928,0,1593,1]
12-09 10:44:58.835 1962 1962 I sysui_multi_action: [757,113,758,1,759,113,927,1,928,1,1593,1]
12-09 10:44:58.835 1962 1962 I sysui_multi_action: [757,0,758,1,759,0,927,2,928,0,1593,1]
12-09 10:44:58.835 1962 1962 I sysui_multi_action: [757,0,758,1,759,0,927,3,928,0,1593,1]
12-09 10:44:58.841 1509 1509 I GameModeConfig: isGameModeOn = false
12-09 10:44:58.841 1509 1509 E NotificationService: Muting recently noisy 0|com.android.systemui|2048|null|10082
12-09 10:44:58.842 1962 1962 I view_enqueue_input_event: [Motion - Cancel,NotificationShade]
12-09 10:44:58.857 1509 1509 I GameModeConfig: isGameModeOn = false
12-09 10:44:58.857 1509 1509 E NotificationService: Muting recently noisy 0|com.android.systemui|2048|null|10082
12-09 10:44:58.871 1509 1509 I GameModeConfig: isGameModeOn = false
12-09 10:44:58.872 1509 1509 E NotificationService: Muting recently noisy 0|com.android.systemui|2048|null|10082
12-09 10:44:58.891 1509 1509 I GameModeConfig: isGameModeOn = false
12-09 10:44:58.891 1509 1509 E NotificationService: Muting recently noisy 0|com.android.systemui|2048|null|10082
12-09 10:44:58.905 1509 1509 I GameModeConfig: isGameModeOn = false
12-09 10:44:58.905 1509 1509 E NotificationService: Muting recently noisy 0|com.android.systemui|2048|null|10082
12-09 10:44:58.925 1509 1509 I GameModeConfig: isGameModeOn = false
12-09 10:44:58.927 1509 1509 E NotificationService: Muting recently noisy 0|com.android.systemui|2048|null|10082
12-09 10:44:58.938 1509 1509 I GameModeConfig: isGameModeOn = false
12-09 10:44:58.939 1509 1509 E NotificationService: Muting recently noisy 0|com.android.systemui|2048|null|10082
12-09 10:44:58.955 1509 1509 I GameModeConfig: isGameModeOn = false
12-09 10:44:58.955 1509 1509 E NotificationService: Muting recently noisy 0|com.android.systemui|2048|null|10082
12-09 10:44:58.972 1509 1509 I GameModeConfig: isGameModeOn = false
12-09 10:44:58.972 1509 1509 E NotificationService: Muting recently noisy 0|com.android.systemui|2048|null|10082
12-09 10:44:58.998 1509 1509 I GameModeConfig: isGameModeOn = false
12-09 10:44:58.998 1509 1509 E NotificationService: Muting recently noisy 0|com.android.systemui|2048|null|10082
12-09 10:44:59.005 1509 1509 I GameModeConfig: isGameModeOn = false
12-09 10:44:59.006 1509 1509 E NotificationService: Muting recently noisy 0|com.android.systemui|2048|null|10082
12-09 10:44:59.028 1509 1509 I GameModeConfig: isGameModeOn = false
12-09 10:44:59.028 1509 1509 E NotificationService: Muting recently noisy 0|com.android.systemui|2048|null|10082
12-09 10:44:59.203 0 0 I auditd : type=1400 audit(0.0:20587): avc: denied { kill } for comm="swapper/0" capability=5 scontext=u:r:kernel:s0 tcontext=u:r:kernel:s0 tclass=capability permissive=0
12-09 10:44:59.510 1509 1680 I input_interaction: Interaction with: e1e2dfb com.android.settings/com.android.settings.Settings (server), edge-swipe (server), swipe-up (server), PointerEventDispatcher0 (server),
12-09 10:44:59.529 1509 7695 I wm_task_moved: [39,0,0]
12-09 10:44:59.529 1509 7695 I wm_task_moved: [39,0,5]
12-09 10:44:59.535 19799 19799 I view_enqueue_input_event: [Motion - Cancel,com.android.settings/com.android.settings.Settings]
12-09 10:44:59.536 1509 1680 I input_interaction: Interaction with: edge-swipe (server), swipe-up (server), PointerEventDispatcher0 (server),
12-09 10:44:59.539 2529 2529 I wm_on_restart_called: [12743551,com.android.launcher3.uioverrides.QuickstepLauncher,performRestartActivity]
12-09 10:44:59.551 2529 2529 I wm_on_start_called: [12743551,com.android.launcher3.uioverrides.QuickstepLauncher,handleStartActivity]
12-09 10:44:59.551 1509 7753 W ActivityTaskManager: getTaskSnapshot: taskId=5158 not found
12-09 10:44:59.552 1509 7753 W ActivityTaskManager: getTaskSnapshot: taskId=5158 not found
12-09 10:44:59.553 1509 1598 I input_focus: [Focus request recents_animation_input_consumer,reason=UpdateInputWindows]
12-09 10:44:59.553 1509 6639 W ActivityTaskManager: getTaskSnapshot: taskId=4158 not found
12-09 10:44:59.555 1509 7753 W ActivityTaskManager: getTaskSnapshot: taskId=3158 not found
12-09 10:44:59.557 1509 6639 W ActivityTaskManager: getTaskSnapshot: taskId=2158 not found
12-09 10:44:59.561 12356 12373 W ContextImpl: Calling a method in the system process without a qualified user: android.app.ContextImpl.startService:1816 android.content.ContextWrapper.startService:774 com.thundercomm.gamemode.ingame.services.GameModeActionUtils.startGameModeService:99 com.thundercomm.gamemode.ingame.services.GameModeActionUtils.startGameModeEntry:22 com.thundercomm.gamemode.ingame.services.ActivityMonitoringService$1.onActivityLaunch:127
12-09 10:44:59.565 1509 6639 W ActivityTaskManager: getTaskSnapshot: taskId=5158 not found
12-09 10:44:59.565 1509 7753 W ActivityTaskManager: getTaskSnapshot: taskId=4158 not found
12-09 10:44:59.565 1509 7753 W ActivityTaskManager: getTaskSnapshot: taskId=3158 not found
12-09 10:44:59.565 1509 7695 W ActivityTaskManager: getTaskSnapshot: taskId=2158 not found
12-09 10:44:59.566 1509 1509 I GameModeConfig: Current uri is uri = content://com.thundercomm.gamemode.api/gamemode_settings/gamemode_isgaming
12-09 10:44:59.566 1509 7695 W ActivityTaskManager: getTaskSnapshot: taskId=1158 not found
12-09 10:44:59.566 2529 2529 I sysui_latency: [1,57]
12-09 10:44:59.567 1509 6639 W ActivityTaskManager: getTaskSnapshot: taskId=1158 not found
12-09 10:44:59.567 1509 6639 W ActivityTaskManager: getTaskSnapshot: taskId=2158 not found
12-09 10:44:59.568 1509 6639 W ActivityTaskManager: getTaskSnapshot: taskId=3158 not found
12-09 10:44:59.568 1509 6639 W ActivityTaskManager: getTaskSnapshot: taskId=4158 not found
12-09 10:44:59.568 1509 6639 W ActivityTaskManager: getTaskSnapshot: taskId=5158 not found
12-09 10:44:59.570 1509 1509 I GameModeConfig: isGameModeOn = false
12-09 10:44:59.570 1509 1509 I GameModeConfig: isGameModeOn = false
12-09 10:44:59.570 1509 1509 I GameModeConfig: isDisableVoice = true
12-09 10:44:59.576 1509 1680 I input_focus: [Focus leaving e1e2dfb com.android.settings/com.android.settings.Settings (server),reason=NOT_FOCUSABLE]
12-09 10:44:59.577 1509 1680 I input_focus: [Focus entering recents_animation_input_consumer (server),reason=setFocusedWindow]
12-09 10:44:59.579 1509 1594 I sysui_multi_action: [319,8,322,44,325,19508,757,761,758,9,759,5,806,com.android.launcher3,871,com.android.launcher3.uioverrides.QuickstepLauncher,904,com.android.launcher3,905,0,1320,8,1321,5]
12-09 10:44:59.752 1509 1665 I commit_sys_config_file: [settings-1-0,4]
12-09 10:44:59.875 1509 1604 I sysui_latency: [8,58]
12-09 10:45:00.195 1509 7156 I wm_task_moved: [39,1,6]
12-09 10:45:00.197 1509 7156 I wm_focused_root_task: [0,0,39,158,RecentsAnimation.onAnimationFinished()]
12-09 10:45:00.202 1509 7156 I wm_pause_activity: [0,64718363,com.android.settings/.Settings,userLeaving=false,pauseBackTasks]
12-09 10:45:00.204 1509 7156 I ActivityTaskManager: FOREGROUND_APPLICATION_CHANGED to com.android.launcher3.uioverrides.QuickstepLauncher
12-09 10:45:00.204 1509 7156 I wm_set_resumed_activity: [0,com.android.launcher3/.uioverrides.QuickstepLauncher,resumeTopActivityInnerLocked]
12-09 10:45:00.205 1509 7156 I wm_resume_activity: [0,12743551,40,com.android.launcher3/.uioverrides.QuickstepLauncher]
12-09 10:45:00.206 1509 7156 I wm_add_to_stopping: [0,64718363,com.android.settings/.Settings,makeInvisible]
12-09 10:45:00.208 2529 2529 I wm_on_resume_called: [12743551,com.android.launcher3.uioverrides.QuickstepLauncher,RESUME_ACTIVITY]
12-09 10:45:00.213 1509 1598 I input_focus: [Focus request e069207 com.android.launcher3/com.android.launcher3.uioverrides.QuickstepLauncher,reason=UpdateInputWindows]
12-09 10:45:00.219 1509 1597 I sysui_multi_action: [757,803,799,window_time_0,802,2]
12-09 10:45:00.220 1509 1597 I wm_stop_activity: [0,64718363,com.android.settings/.Settings]
12-09 10:45:00.221 1509 1597 I sysui_multi_action: [757,803,799,window_time_0,802,0]
12-09 10:45:00.224 19799 19799 I wm_on_top_resumed_lost_called: [64718363,com.android.settings.Settings,topStateChangedWhenResumed]
12-09 10:45:00.225 19799 19799 I sysui_multi_action: [757,35,758,2,1089,2044]
12-09 10:45:00.225 19799 19799 I sysui_multi_action: [757,103,758,2,1089,1789]
12-09 10:45:00.226 19799 19799 I wm_on_paused_called: [64718363,com.android.settings.Settings,performPause]
12-09 10:45:00.227 1509 1680 I input_focus: [Focus leaving recents_animation_input_consumer (server),reason=NOT_VISIBLE]
12-09 10:45:00.227 1509 1680 I input_focus: [Focus entering e069207 com.android.launcher3/com.android.launcher3.uioverrides.QuickstepLauncher (server),reason=setFocusedWindow]
12-09 10:45:00.263 19799 19799 I wm_on_stop_called: [64718363,com.android.settings.Settings,STOP_ACTIVITY_ITEM]
12-09 10:45:00.274 2529 2529 I wm_on_top_resumed_gained_called: [12743551,com.android.launcher3.uioverrides.QuickstepLauncher,topStateChangedWhenResumed]
12-09 10:45:00.292 12356 12373 W ContextImpl: Calling a method in the system process without a qualified user: android.app.ContextImpl.startService:1816 android.content.ContextWrapper.startService:774 com.thundercomm.gamemode.ingame.services.GameModeActionUtils.startGameModeService:99 com.thundercomm.gamemode.ingame.services.GameModeActionUtils.startGameModeEntry:22 com.thundercomm.gamemode.ingame.services.ActivityMonitoringService$1.onActivityLaunch:127
12-09 10:45:00.296 1509 1509 I GameModeConfig: Current uri is uri = content://com.thundercomm.gamemode.api/gamemode_settings/gamemode_isgaming
12-09 10:45:00.297 1509 1509 I GameModeConfig: isGameModeOn = false
12-09 10:45:00.298 1509 1509 I GameModeConfig: isGameModeOn = false
12-09 10:45:00.298 1509 1509 I GameModeConfig: isDisableVoice = true
12-09 10:45:00.326 12356 12373 W ContextImpl: Calling a method in the system process without a qualified user: android.app.ContextImpl.startService:1816 android.content.ContextWrapper.startService:774 com.thundercomm.gamemode.ingame.services.GameModeActionUtils.startGameModeService:99 com.thundercomm.gamemode.ingame.services.GameModeActionUtils.startGameModeEntry:22 com.thundercomm.gamemode.ingame.services.ActivityMonitoringService$1.onActivityLaunch:127
12-09 10:45:00.331 1509 1509 I GameModeConfig: Current uri is uri = content://com.thundercomm.gamemode.api/gamemode_settings/gamemode_isgaming
12-09 10:45:00.333 1509 1509 I GameModeConfig: isGameModeOn = false
12-09 10:45:00.333 1509 1509 I GameModeConfig: isGameModeOn = false
12-09 10:45:00.333 1509 1509 I GameModeConfig: isDisableVoice = true
12-09 10:45:00.439 1509 1665 I commit_sys_config_file: [settings-1-0,5]
12-09 10:45:00.613 1509 1680 I input_interaction: Interaction with: e069207 com.android.launcher3/com.android.launcher3.uioverrides.QuickstepLauncher (server), 3f8408a com.android.systemui.ImageWallpaper (server), edge-swipe (server), swipe-up (server), PointerEventDispatcher0 (server),
12-09 10:45:01.041 1509 1680 I input_interaction: Interaction with: 2891114 StatusBar (server), edge-swipe (server), swipe-up (server), PointerEventDispatcher0 (server),
12-09 10:45:01.044 1962 1962 I sysui_multi_action: [757,803,799,panel_open,802,1]
12-09 10:45:01.051 1962 1962 I sysui_multi_action: [757,1328,758,4,1326,63,1327,0,1329,0]
12-09 10:45:01.119 1509 7695 I sysui_multi_action: [757,127,758,1]
12-09 10:45:01.119 1509 7695 I sysui_multi_action: [757,804,799,note_load,801,2,802,1]
12-09 10:45:01.119 1509 7695 I notification_panel_revealed: 2
12-09 10:45:01.120 1509 1737 I GameModeConfig: isGameModeOn = false
12-09 10:45:01.121 1509 1737 I GameModeConfig: isGameModeOn = false
12-09 10:45:01.121 1509 1737 I GameModeConfig: isGameModeOn = false
12-09 10:45:01.121 1509 1737 I GameModeConfig: isGameModeOn = false
12-09 10:45:01.123 1509 1509 I notification_enqueue: [10082,1962,com.android.systemui,2048,NULL,0,Notification(channel=updateNotification shortcut=null contentView=null vibrate=null sound=null defaults=0x0 flags=0x0 color=0x00000000 vis=PRIVATE),1]
12-09 10:45:01.123 1962 1962 I sysui_multi_action: [757,111,758,2]
12-09 10:45:01.124 1962 1962 I sysui_multi_action: [757,111,758,2]
12-09 10:45:01.146 1509 1598 I input_focus: [Focus request 990558b NotificationShade,reason=UpdateInputWindows]
12-09 10:45:01.148 1962 1962 I sysui_multi_action: [757,111,758,1]
12-09 10:45:01.148 1962 1962 I sysui_multi_action: [757,126,758,1,759,126,927,0,928,0,1593,0]
12-09 10:45:01.148 1962 1962 I sysui_multi_action: [757,113,758,1,759,113,927,1,928,1,1593,0]
12-09 10:45:01.148 1962 1962 I sysui_multi_action: [757,0,758,1,759,0,927,2,928,0,1593,0]
12-09 10:45:01.148 1962 1962 I sysui_multi_action: [757,0,758,1,759,0,927,3,928,0,1593,0]
12-09 10:45:01.149 1962 1962 I sysui_multi_action: [757,491,758,1,759,491,927,4,928,0,1311,-1,1593,0]
12-09 10:45:01.149 1962 1962 I sysui_multi_action: [757,0,758,1,759,0,927,5,928,0,1593,0]
12-09 10:45:01.149 1962 1962 I sysui_multi_action: [757,120,758,1,759,120,927,6,928,1,1593,0]
12-09 10:45:01.149 1962 1962 I sysui_multi_action: [757,111,758,1]
12-09 10:45:01.149 1962 1962 I sysui_multi_action: [757,126,758,1,759,126,927,0,928,0,1593,0]
12-09 10:45:01.149 1962 1962 I sysui_multi_action: [757,113,758,1,759,113,927,1,928,1,1593,0]
12-09 10:45:01.149 1962 1962 I sysui_multi_action: [757,0,758,1,759,0,927,2,928,0,1593,0]
12-09 10:45:01.149 1962 1962 I sysui_multi_action: [757,0,758,1,759,0,927,3,928,0,1593,0]
12-09 10:45:01.160 1509 1737 I GameModeConfig: isGameModeOn = false
12-09 10:45:01.160 1509 1737 I GameModeConfig: isGameModeOn = false
12-09 10:45:01.160 1509 1737 I GameModeConfig: isGameModeOn = false
12-09 10:45:01.160 1509 1737 I GameModeConfig: isGameModeOn = false
12-09 10:45:01.161 1962 1962 I sysui_multi_action: [757,111,758,2]
12-09 10:45:01.162 1509 1509 I notification_enqueue: [10082,1962,com.android.systemui,2048,NULL,0,Notification(channel=updateNotification shortcut=null contentView=null vibrate=null sound=null defaults=0x0 flags=0x0 color=0x00000000 vis=PRIVATE),1]
12-09 10:45:01.162 1962 1962 I sysui_multi_action: [757,111,758,2]
12-09 10:45:01.166 1509 1680 I input_focus: [Focus leaving e069207 com.android.launcher3/com.android.launcher3.uioverrides.QuickstepLauncher (server),reason=setFocusedWindow]
12-09 10:45:01.166 1509 1680 I input_focus: [Focus entering 990558b NotificationShade (server),reason=setFocusedWindow]
12-09 10:45:01.167 1962 1962 I sysui_multi_action: [757,111,758,1]
12-09 10:45:01.167 1962 1962 I sysui_multi_action: [757,126,758,1,759,126,927,0,928,0,1593,0]
12-09 10:45:01.167 1962 1962 I sysui_multi_action: [757,113,758,1,759,113,927,1,928,1,1593,0]
12-09 10:45:01.167 1962 1962 I sysui_multi_action: [757,0,758,1,759,0,927,2,928,0,1593,0]
12-09 10:45:01.167 1962 1962 I sysui_multi_action: [757,0,758,1,759,0,927,3,928,0,1593,0]
12-09 10:45:01.167 1962 1962 I sysui_multi_action: [757,491,758,1,759,491,927,4,928,0,1311,-1,1593,0]
12-09 10:45:01.167 1962 1962 I sysui_multi_action: [757,0,758,1,759,0,927,5,928,0,1593,0]
12-09 10:45:01.167 1962 1962 I sysui_multi_action: [757,120,758,1,759,120,927,6,928,1,1593,0]
12-09 10:45:01.167 1962 1962 I sysui_multi_action: [757,111,758,1]
12-09 10:45:01.168 1962 1962 I sysui_multi_action: [757,126,758,1,759,126,927,0,928,0,1593,0]
12-09 10:45:01.168 1962 1962 I sysui_multi_action: [757,113,758,1,759,113,927,1,928,1,1593,0]
12-09 10:45:01.168 1962 1962 I sysui_multi_action: [757,0,758,1,759,0,927,2,928,0,1593,0]
12-09 10:45:01.168 1962 1962 I sysui_multi_action: [757,0,758,1,759,0,927,3,928,0,1593,0]
12-09 10:45:01.176 1509 1737 I GameModeConfig: isGameModeOn = false
12-09 10:45:01.181 1509 1737 I GameModeConfig: isGameModeOn = false
12-09 10:45:01.181 1509 1737 I GameModeConfig: isGameModeOn = false
12-09 10:45:01.181 1509 1737 I GameModeConfig: isGameModeOn = false
12-09 10:45:01.181 1962 1962 I sysui_multi_action: [757,111,758,2]
12-09 10:45:01.181 1962 1962 I sysui_multi_action: [757,111,758,2]
12-09 10:45:01.182 1509 1509 I notification_enqueue: [10082,1962,com.android.systemui,2048,NULL,0,Notification(channel=updateNotification shortcut=null contentView=null vibrate=null sound=null defaults=0x0 flags=0x0 color=0x00000000 vis=PRIVATE),1]
12-09 10:45:01.189 1962 1962 I sysui_multi_action: [757,111,758,1]
12-09 10:45:01.189 1962 1962 I sysui_multi_action: [757,126,758,1,759,126,927,0,928,0,1593,0]
12-09 10:45:01.189 1962 1962 I sysui_multi_action: [757,113,758,1,759,113,927,1,928,1,1593,0]
12-09 10:45:01.189 1962 1962 I sysui_multi_action: [757,0,758,1,759,0,927,2,928,0,1593,0]
12-09 10:45:01.189 1962 1962 I sysui_multi_action: [757,0,758,1,759,0,927,3,928,0,1593,0]
12-09 10:45:01.189 1962 1962 I sysui_multi_action: [757,491,758,1,759,491,927,4,928,0,1311,-1,1593,0]
12-09 10:45:01.189 1962 1962 I sysui_multi_action: [757,0,758,1,759,0,927,5,928,0,1593,0]
12-09 10:45:01.189 1962 1962 I sysui_multi_action: [757,120,758,1,759,120,927,6,928,1,1593,0]
12-09 10:45:01.189 1962 1962 I sysui_multi_action: [757,111,758,1]
12-09 10:45:01.189 1962 1962 I sysui_multi_action: [757,126,758,1,759,126,927,0,928,0,1593,0]
12-09 10:45:01.189 1962 1962 I sysui_multi_action: [757,113,758,1,759,113,927,1,928,1,1593,0]
12-09 10:45:01.189 1962 1962 I sysui_multi_action: [757,0,758,1,759,0,927,2,928,0,1593,0]
12-09 10:45:01.189 1962 1962 I sysui_multi_action: [757,0,758,1,759,0,927,3,928,0,1593,0]
12-09 10:45:01.198 1509 1737 I GameModeConfig: isGameModeOn = false
12-09 10:45:01.198 1509 1737 I GameModeConfig: isGameModeOn = false
12-09 10:45:01.198 1509 1737 I GameModeConfig: isGameModeOn = false
12-09 10:45:01.198 1509 1737 I GameModeConfig: isGameModeOn = false
12-09 10:45:01.200 1962 1962 I sysui_multi_action: [757,111,758,2]
12-09 10:45:01.200 1962 1962 I sysui_multi_action: [757,111,758,2]
12-09 10:45:01.200 1509 1509 I notification_enqueue: [10082,1962,com.android.systemui,2048,NULL,0,Notification(channel=updateNotification shortcut=null contentView=null vibrate=null sound=null defaults=0x0 flags=0x0 color=0x00000000 vis=PRIVATE),1]
12-09 10:45:01.202 1962 1962 I sysui_multi_action: [757,111,758,1]
12-09 10:45:01.202 1962 1962 I sysui_multi_action: [757,126,758,1,759,126,927,0,928,0,1593,0]
12-09 10:45:01.202 1962 1962 I sysui_multi_action: [757,113,758,1,759,113,927,1,928,1,1593,0]
12-09 10:45:01.202 1962 1962 I sysui_multi_action: [757,0,758,1,759,0,927,2,928,0,1593,0]
12-09 10:45:01.202 1962 1962 I sysui_multi_action: [757,0,758,1,759,0,927,3,928,0,1593,0]
12-09 10:45:01.203 1962 1962 I sysui_multi_action: [757,491,758,1,759,491,927,4,928,0,1311,-1,1593,0]
12-09 10:45:01.203 1962 1962 I sysui_multi_action: [757,0,758,1,759,0,927,5,928,0,1593,0]
12-09 10:45:01.203 1962 1962 I sysui_multi_action: [757,120,758,1,759,120,927,6,928,1,1593,0]
12-09 10:45:01.203 1962 1962 I sysui_multi_action: [757,111,758,1]
12-09 10:45:01.203 1962 1962 I sysui_multi_action: [757,126,758,1,759,126,927,0,928,0,1593,0]
12-09 10:45:01.203 1962 1962 I sysui_multi_action: [757,113,758,1,759,113,927,1,928,1,1593,0]
12-09 10:45:01.203 1962 1962 I sysui_multi_action: [757,0,758,1,759,0,927,2,928,0,1593,0]
12-09 10:45:01.203 1962 1962 I sysui_multi_action: [757,0,758,1,759,0,927,3,928,0,1593,0]
12-09 10:45:01.211 1509 1737 I GameModeConfig: isGameModeOn = false
12-09 10:45:01.211 1509 1737 I GameModeConfig: isGameModeOn = false
12-09 10:45:01.211 1509 1737 I GameModeConfig: isGameModeOn = false
12-09 10:45:01.211 1509 1737 I GameModeConfig: isGameModeOn = false
12-09 10:45:01.212 1962 1962 I sysui_multi_action: [757,111,758,2]
12-09 10:45:01.212 1962 1962 I sysui_multi_action: [757,111,758,2]
12-09 10:45:01.213 1509 1509 I notification_enqueue: [10082,1962,com.android.systemui,2048,NULL,0,Notification(channel=updateNotification shortcut=null contentView=null vibrate=null sound=null defaults=0x0 flags=0x0 color=0x00000000 vis=PRIVATE),1]
12-09 10:45:01.215 1962 1962 I sysui_multi_action: [757,111,758,1]
12-09 10:45:01.215 1962 1962 I sysui_multi_action: [757,126,758,1,759,126,927,0,928,0,1593,0]
12-09 10:45:01.215 1962 1962 I sysui_multi_action: [757,113,758,1,759,113,927,1,928,1,1593,0]
12-09 10:45:01.215 1962 1962 I sysui_multi_action: [757,0,758,1,759,0,927,2,928,0,1593,0]
12-09 10:45:01.215 1962 1962 I sysui_multi_action: [757,0,758,1,759,0,927,3,928,0,1593,0]
12-09 10:45:01.216 1962 1962 I sysui_multi_action: [757,491,758,1,759,491,927,4,928,0,1311,-1,1593,0]
