12-09 10:38:01.506 1509 1509 E NotificationService: Muting recently noisy 0|com.android.systemui|2048|null|10082
12-09 10:38:01.520 1509 1509 I GameModeConfig: isGameModeOn = false
12-09 10:38:01.520 1509 1509 E NotificationService: Muting recently noisy 0|com.android.systemui|2048|null|10082
12-09 10:38:01.537 1509 1509 I GameModeConfig: isGameModeOn = false
12-09 10:38:01.537 1509 1509 E NotificationService: Muting recently noisy 0|com.android.systemui|2048|null|10082
12-09 10:38:01.553 1509 1509 I GameModeConfig: isGameModeOn = false
12-09 10:38:01.553 1509 1509 E NotificationService: Muting recently noisy 0|com.android.systemui|2048|null|10082
12-09 10:38:01.569 1509 1509 I GameModeConfig: isGameModeOn = false
12-09 10:38:01.570 1509 1509 E NotificationService: Muting recently noisy 0|com.android.systemui|2048|null|10082
12-09 10:38:01.585 1509 1509 I GameModeConfig: isGameModeOn = false
12-09 10:38:01.586 1509 1509 E NotificationService: Muting recently noisy 0|com.android.systemui|2048|null|10082
12-09 10:38:01.604 1509 1509 I GameModeConfig: isGameModeOn = false
12-09 10:38:01.605 1509 1509 E NotificationService: Muting recently noisy 0|com.android.systemui|2048|null|10082
12-09 10:38:01.618 1509 1509 I GameModeConfig: isGameModeOn = false
12-09 10:38:01.619 1509 1509 E NotificationService: Muting recently noisy 0|com.android.systemui|2048|null|10082
12-09 10:38:01.636 1509 1509 I GameModeConfig: isGameModeOn = false
12-09 10:38:01.636 1509 1509 E NotificationService: Muting recently noisy 0|com.android.systemui|2048|null|10082
12-09 10:38:01.663 1509 1509 I GameModeConfig: isGameModeOn = false
12-09 10:38:01.663 1509 1509 E NotificationService: Muting recently noisy 0|com.android.systemui|2048|null|10082
12-09 10:38:01.904 1509 1680 I input_interaction: Interaction with: e069207 com.android.launcher3/com.android.launcher3.uioverrides.QuickstepLauncher (server), 3f8408a com.android.systemui.ImageWallpaper (server), edge-swipe (server), swipe-up (server), PointerEventDispatcher0 (server),
12-09 10:38:02.203 0 0 I auditd : type=1400 audit(0.0:20101): avc: denied { kill } for comm="swapper/1" capability=5 scontext=u:r:kernel:s0 tcontext=u:r:kernel:s0 tclass=capability permissive=0
12-09 10:38:02.368 1509 2730 E TaskPersister: File error accessing recents directory (directory doesn't exist?).
12-09 10:38:02.643 1509 2104 W FreeFormWindowHelper: exitRecentTasks type=0
12-09 10:38:03.203 0 0 I auditd : type=1400 audit(0.0:20102): avc: denied { kill } for comm="swapper/1" capability=5 scontext=u:r:kernel:s0 tcontext=u:r:kernel:s0 tclass=capability permissive=0
12-09 10:38:04.203 0 0 I auditd : type=1400 audit(0.0:20103): avc: denied { kill } for comm="swapper/1" capability=5 scontext=u:r:kernel:s0 tcontext=u:r:kernel:s0 tclass=capability permissive=0
12-09 10:38:05.203 0 0 I auditd : type=1400 audit(0.0:20104): avc: denied { kill } for comm="swapper/2" capability=5 scontext=u:r:kernel:s0 tcontext=u:r:kernel:s0 tclass=capability permissive=0
12-09 10:38:06.203 0 0 I auditd : type=1400 audit(0.0:20105): avc: denied { kill } for comm="swapper/2" capability=5 scontext=u:r:kernel:s0 tcontext=u:r:kernel:s0 tclass=capability permissive=0
12-09 10:38:07.203 0 0 I auditd : type=1400 audit(0.0:20106): avc: denied { kill } for comm="swapper/2" capability=5 scontext=u:r:kernel:s0 tcontext=u:r:kernel:s0 tclass=capability permissive=0
12-09 10:38:08.203 0 0 I auditd : type=1400 audit(0.0:20107): avc: denied { kill } for comm="swapper/2" capability=5 scontext=u:r:kernel:s0 tcontext=u:r:kernel:s0 tclass=capability permissive=0
12-09 10:38:09.203 0 0 I auditd : type=1400 audit(0.0:20108): avc: denied { kill } for comm="swapper/2" capability=5 scontext=u:r:kernel:s0 tcontext=u:r:kernel:s0 tclass=capability permissive=0
12-09 10:38:09.307 1509 1737 I GameModeConfig: isGameModeOn = false
12-09 10:38:09.307 1509 1737 I GameModeConfig: isGameModeOn = false
12-09 10:38:09.322 1509 1737 I GameModeConfig: isGameModeOn = false
12-09 10:38:09.341 1509 1737 I GameModeConfig: isGameModeOn = false
12-09 10:38:09.355 1509 1737 I GameModeConfig: isGameModeOn = false
12-09 10:38:09.373 1509 1737 I GameModeConfig: isGameModeOn = false
12-09 10:38:09.393 1509 1737 I GameModeConfig: isGameModeOn = false
12-09 10:38:09.412 1509 1737 I GameModeConfig: isGameModeOn = false
12-09 10:38:10.203 0 0 I auditd : type=1400 audit(0.0:20109): avc: denied { kill } for comm="swapper/2" capability=5 scontext=u:r:kernel:s0 tcontext=u:r:kernel:s0 tclass=capability permissive=0
12-09 10:38:11.108 1509 1737 I GameModeConfig: isGameModeOn = false
12-09 10:38:11.131 1509 1737 I GameModeConfig: isGameModeOn = false
12-09 10:38:11.152 1509 1737 I GameModeConfig: isGameModeOn = false
12-09 10:38:11.170 1509 1737 I GameModeConfig: isGameModeOn = false
12-09 10:38:11.184 1509 1737 I GameModeConfig: isGameModeOn = false
12-09 10:38:11.200 1509 1737 I GameModeConfig: isGameModeOn = false
12-09 10:38:11.203 0 0 I auditd : type=1400 audit(0.0:20110): avc: denied { kill } for comm="swapper/2" capability=5 scontext=u:r:kernel:s0 tcontext=u:r:kernel:s0 tclass=capability permissive=0
12-09 10:38:11.216 1509 1737 I GameModeConfig: isGameModeOn = false
12-09 10:38:11.233 1509 1737 I GameModeConfig: isGameModeOn = false
12-09 10:38:11.251 1509 1737 I GameModeConfig: isGameModeOn = false
12-09 10:38:11.267 1509 1737 I GameModeConfig: isGameModeOn = false
12-09 10:38:11.283 1509 1737 I GameModeConfig: isGameModeOn = false
12-09 10:38:11.301 1509 1737 I GameModeConfig: isGameModeOn = false
12-09 10:38:11.305 1509 1737 I GameModeConfig: isGameModeOn = false
12-09 10:38:11.317 1509 1737 I GameModeConfig: isGameModeOn = false
12-09 10:38:11.333 1509 1737 I GameModeConfig: isGameModeOn = false
12-09 10:38:11.336 1509 1737 I GameModeConfig: isGameModeOn = false
12-09 10:38:11.351 1509 1737 I GameModeConfig: isGameModeOn = false
12-09 10:38:11.356 1509 1737 I GameModeConfig: isGameModeOn = false
12-09 10:38:11.367 1509 1737 I GameModeConfig: isGameModeOn = false
12-09 10:38:11.377 1509 1737 I GameModeConfig: isGameModeOn = false
12-09 10:38:11.386 1509 1737 I GameModeConfig: isGameModeOn = false
12-09 10:38:11.387 1509 1737 I GameModeConfig: isGameModeOn = false
12-09 10:38:11.401 1509 1737 I GameModeConfig: isGameModeOn = false
12-09 10:38:11.403 1509 1737 I GameModeConfig: isGameModeOn = false
12-09 10:38:11.417 1509 1737 I GameModeConfig: isGameModeOn = false
12-09 10:38:11.421 1509 1737 I GameModeConfig: isGameModeOn = false
12-09 10:38:11.433 1509 1737 I GameModeConfig: isGameModeOn = false
12-09 10:38:11.436 1509 1737 I GameModeConfig: isGameModeOn = false
12-09 10:38:11.453 1509 1737 I GameModeConfig: isGameModeOn = false
12-09 10:38:11.471 1509 1737 I GameModeConfig: isGameModeOn = false
12-09 10:38:11.472 1509 1737 I GameModeConfig: isGameModeOn = false
12-09 10:38:11.486 1509 1737 I GameModeConfig: isGameModeOn = false
12-09 10:38:11.505 1509 1737 I GameModeConfig: isGameModeOn = false
12-09 10:38:11.520 1509 1737 I GameModeConfig: isGameModeOn = false
12-09 10:38:11.537 1509 1737 I GameModeConfig: isGameModeOn = false
12-09 10:38:11.553 1509 1737 I GameModeConfig: isGameModeOn = false
12-09 10:38:11.570 1509 1737 I GameModeConfig: isGameModeOn = false
12-09 10:38:11.586 1509 1737 I GameModeConfig: isGameModeOn = false
12-09 10:38:11.604 1509 1737 I GameModeConfig: isGameModeOn = false
12-09 10:38:11.618 1509 1737 I GameModeConfig: isGameModeOn = false
12-09 10:38:11.636 1509 1737 I GameModeConfig: isGameModeOn = false
12-09 10:38:11.664 1509 1737 I GameModeConfig: isGameModeOn = false
12-09 10:38:12.203 0 0 I auditd : type=1400 audit(0.0:20111): avc: denied { kill } for comm="swapper/2" capability=5 scontext=u:r:kernel:s0 tcontext=u:r:kernel:s0 tclass=capability permissive=0
12-09 10:38:13.203 0 0 I auditd : type=1400 audit(0.0:20112): avc: denied { kill } for comm="swapper/2" capability=5 scontext=u:r:kernel:s0 tcontext=u:r:kernel:s0 tclass=capability permissive=0
12-09 10:38:14.203 0 0 I auditd : type=1400 audit(0.0:20113): avc: denied { kill } for comm="swapper/2" capability=5 scontext=u:r:kernel:s0 tcontext=u:r:kernel:s0 tclass=capability permissive=0
12-09 10:38:15.203 0 0 I auditd : type=1400 audit(0.0:20114): avc: denied { kill } for comm="swapper/2" capability=5 scontext=u:r:kernel:s0 tcontext=u:r:kernel:s0 tclass=capability permissive=0
12-09 10:38:16.203 17163 17163 I auditd : type=1400 audit(0.0:20115): avc: denied { kill } for comm="scheduler_threa" capability=5 scontext=u:r:kernel:s0 tcontext=u:r:kernel:s0 tclass=capability permissive=0
12-09 10:38:17.203 0 0 I auditd : type=1400 audit(0.0:20116): avc: denied { kill } for comm="swapper/2" capability=5 scontext=u:r:kernel:s0 tcontext=u:r:kernel:s0 tclass=capability permissive=0
12-09 10:38:18.203 0 0 I auditd : type=1400 audit(0.0:20117): avc: denied { kill } for comm="swapper/2" capability=5 scontext=u:r:kernel:s0 tcontext=u:r:kernel:s0 tclass=capability permissive=0
12-09 10:38:19.203 0 0 I auditd : type=1400 audit(0.0:20118): avc: denied { kill } for comm="swapper/2" capability=5 scontext=u:r:kernel:s0 tcontext=u:r:kernel:s0 tclass=capability permissive=0
12-09 10:38:20.203 0 0 I auditd : type=1400 audit(0.0:20119): avc: denied { kill } for comm="swapper/2" capability=5 scontext=u:r:kernel:s0 tcontext=u:r:kernel:s0 tclass=capability permissive=0
12-09 10:38:21.203 0 0 I auditd : type=1400 audit(0.0:20120): avc: denied { kill } for comm="swapper/2" capability=5 scontext=u:r:kernel:s0 tcontext=u:r:kernel:s0 tclass=capability permissive=0
12-09 10:38:22.203 0 0 I auditd : type=1400 audit(0.0:20121): avc: denied { kill } for comm="swapper/2" capability=5 scontext=u:r:kernel:s0 tcontext=u:r:kernel:s0 tclass=capability permissive=0
12-09 10:38:23.203 0 0 I auditd : type=1400 audit(0.0:20122): avc: denied { kill } for comm="swapper/2" capability=5 scontext=u:r:kernel:s0 tcontext=u:r:kernel:s0 tclass=capability permissive=0
12-09 10:38:24.203 0 0 I auditd : type=1400 audit(0.0:20123): avc: denied { kill } for comm="swapper/2" capability=5 scontext=u:r:kernel:s0 tcontext=u:r:kernel:s0 tclass=capability permissive=0
12-09 10:38:25.203 0 0 I auditd : type=1400 audit(0.0:20124): avc: denied { kill } for comm="swapper/2" capability=5 scontext=u:r:kernel:s0 tcontext=u:r:kernel:s0 tclass=capability permissive=0
12-09 10:38:26.203 0 0 I auditd : type=1400 audit(0.0:20125): avc: denied { kill } for comm="swapper/2" capability=5 scontext=u:r:kernel:s0 tcontext=u:r:kernel:s0 tclass=capability permissive=0
12-09 10:38:27.203 0 0 I auditd : type=1400 audit(0.0:20126): avc: denied { kill } for comm="swapper/2" capability=5 scontext=u:r:kernel:s0 tcontext=u:r:kernel:s0 tclass=capability permissive=0
12-09 10:38:28.203 646 646 I auditd : type=1400 audit(0.0:20127): avc: denied { kill } for comm="vendor.ts.uart@" capability=5 scontext=u:r:uart_service_deamon:s0 tcontext=u:r:uart_service_deamon:s0 tclass=capability permissive=0
12-09 10:38:29.203 0 0 I auditd : type=1400 audit(0.0:20128): avc: denied { kill } for comm="swapper/2" capability=5 scontext=u:r:kernel:s0 tcontext=u:r:kernel:s0 tclass=capability permissive=0
12-09 10:38:30.203 0 0 I auditd : type=1400 audit(0.0:20129): avc: denied { kill } for comm="swapper/2" capability=5 scontext=u:r:kernel:s0 tcontext=u:r:kernel:s0 tclass=capability permissive=0
12-09 10:38:31.203 0 0 I auditd : type=1400 audit(0.0:20130): avc: denied { kill } for comm="swapper/2" capability=5 scontext=u:r:kernel:s0 tcontext=u:r:kernel:s0 tclass=capability permissive=0
12-09 10:38:32.203 0 0 I auditd : type=1400 audit(0.0:20131): avc: denied { kill } for comm="swapper/2" capability=5 scontext=u:r:kernel:s0 tcontext=u:r:kernel:s0 tclass=capability permissive=0
12-09 10:38:32.919 1509 1605 I am_uid_idle: 10088
12-09 10:38:33.203 0 0 I auditd : type=1400 audit(0.0:20132): avc: denied { kill } for comm="swapper/2" capability=5 scontext=u:r:kernel:s0 tcontext=u:r:kernel:s0 tclass=capability permissive=0
12-09 10:38:34.203 0 0 I auditd : type=1400 audit(0.0:20133): avc: denied { kill } for comm="swapper/2" capability=5 scontext=u:r:kernel:s0 tcontext=u:r:kernel:s0 tclass=capability permissive=0
12-09 10:38:35.203 0 0 I auditd : type=1400 audit(0.0:20134): avc: denied { kill } for comm="swapper/2" capability=5 scontext=u:r:kernel:s0 tcontext=u:r:kernel:s0 tclass=capability permissive=0
12-09 10:38:36.203 0 0 I auditd : type=1400 audit(0.0:20135): avc: denied { kill } for comm="swapper/2" capability=5 scontext=u:r:kernel:s0 tcontext=u:r:kernel:s0 tclass=capability permissive=0
12-09 10:38:37.203 0 0 I auditd : type=1400 audit(0.0:20136): avc: denied { kill } for comm="swapper/2" capability=5 scontext=u:r:kernel:s0 tcontext=u:r:kernel:s0 tclass=capability permissive=0
12-09 10:38:37.233 1509 1680 I input_interaction: Interaction with: 2891114 StatusBar (server), edge-swipe (server), swipe-up (server), PointerEventDispatcher0 (server),
12-09 10:38:37.237 1962 1962 I sysui_multi_action: [757,803,799,panel_open,802,1]
12-09 10:38:37.239 1962 1962 I sysui_multi_action: [757,1328,758,4,1326,83,1327,4,1329,0]
12-09 10:38:37.256 1509 5541 I sysui_multi_action: [757,127,758,1]
12-09 10:38:37.256 1509 5541 I sysui_multi_action: [757,804,799,note_load,801,2,802,1]
12-09 10:38:37.256 1509 5541 I notification_panel_revealed: 2
12-09 10:38:37.258 1509 1737 I GameModeConfig: isGameModeOn = false
12-09 10:38:37.258 1509 1737 I GameModeConfig: isGameModeOn = false
12-09 10:38:37.258 1509 1737 I GameModeConfig: isGameModeOn = false
12-09 10:38:37.259 1509 1737 I GameModeConfig: isGameModeOn = false
12-09 10:38:37.260 1962 1962 I sysui_multi_action: [757,111,758,2]
12-09 10:38:37.260 1962 1962 I sysui_multi_action: [757,111,758,2]
12-09 10:38:37.264 1509 1509 I notification_enqueue: [10082,1962,com.android.systemui,2048,NULL,0,Notification(channel=updateNotification shortcut=null contentView=null vibrate=null sound=null defaults=0x0 flags=0x0 color=0x00000000 vis=PRIVATE),1]
12-09 10:38:37.281 1509 1598 I input_focus: [Focus request 990558b NotificationShade,reason=UpdateInputWindows]
12-09 10:38:37.286 1962 1962 I sysui_multi_action: [757,111,758,1]
12-09 10:38:37.286 1962 1962 I sysui_multi_action: [757,126,758,1,759,126,927,0,928,0,1593,0]
12-09 10:38:37.286 1962 1962 I sysui_multi_action: [757,113,758,1,759,113,927,1,928,1,1593,0]
12-09 10:38:37.286 1962 1962 I sysui_multi_action: [757,0,758,1,759,0,927,2,928,0,1593,0]
12-09 10:38:37.287 1962 1962 I sysui_multi_action: [757,0,758,1,759,0,927,3,928,0,1593,0]
12-09 10:38:37.287 1962 1962 I sysui_multi_action: [757,491,758,1,759,491,927,4,928,0,1311,-1,1593,0]
12-09 10:38:37.287 1962 1962 I sysui_multi_action: [757,0,758,1,759,0,927,5,928,0,1593,0]
12-09 10:38:37.287 1962 1962 I sysui_multi_action: [757,120,758,1,759,120,927,6,928,1,1593,0]
12-09 10:38:37.287 1962 1962 I sysui_multi_action: [757,111,758,1]
12-09 10:38:37.287 1962 1962 I sysui_multi_action: [757,126,758,1,759,126,927,0,928,0,1593,0]
12-09 10:38:37.287 1962 1962 I sysui_multi_action: [757,113,758,1,759,113,927,1,928,1,1593,0]
12-09 10:38:37.287 1962 1962 I sysui_multi_action: [757,0,758,1,759,0,927,2,928,0,1593,0]
12-09 10:38:37.287 1962 1962 I sysui_multi_action: [757,0,758,1,759,0,927,3,928,0,1593,0]
12-09 10:38:37.299 1509 1737 I GameModeConfig: isGameModeOn = false
12-09 10:38:37.299 1509 1737 I GameModeConfig: isGameModeOn = false
12-09 10:38:37.300 1509 1737 I GameModeConfig: isGameModeOn = false
12-09 10:38:37.300 1509 1737 I GameModeConfig: isGameModeOn = false
12-09 10:38:37.301 1962 1962 I sysui_multi_action: [757,111,758,2]
12-09 10:38:37.301 1962 1962 I sysui_multi_action: [757,111,758,2]
12-09 10:38:37.305 1509 1509 I notification_enqueue: [10082,1962,com.android.systemui,2048,NULL,0,Notification(channel=updateNotification shortcut=null contentView=null vibrate=null sound=null defaults=0x0 flags=0x0 color=0x00000000 vis=PRIVATE),1]
12-09 10:38:37.306 1962 1962 I sysui_multi_action: [757,111,758,1]
12-09 10:38:37.307 1962 1962 I sysui_multi_action: [757,126,758,1,759,126,927,0,928,0,1593,0]
12-09 10:38:37.307 1962 1962 I sysui_multi_action: [757,113,758,1,759,113,927,1,928,1,1593,0]
12-09 10:38:37.307 1962 1962 I sysui_multi_action: [757,0,758,1,759,0,927,2,928,0,1593,0]
12-09 10:38:37.307 1962 1962 I sysui_multi_action: [757,0,758,1,759,0,927,3,928,0,1593,0]
12-09 10:38:37.307 1962 1962 I sysui_multi_action: [757,491,758,1,759,491,927,4,928,0,1311,-1,1593,0]
12-09 10:38:37.307 1962 1962 I sysui_multi_action: [757,0,758,1,759,0,927,5,928,0,1593,0]
12-09 10:38:37.307 1962 1962 I sysui_multi_action: [757,120,758,1,759,120,927,6,928,1,1593,0]
12-09 10:38:37.307 1962 1962 I sysui_multi_action: [757,111,758,1]
12-09 10:38:37.307 1962 1962 I sysui_multi_action: [757,126,758,1,759,126,927,0,928,0,1593,0]
12-09 10:38:37.307 1962 1962 I sysui_multi_action: [757,113,758,1,759,113,927,1,928,1,1593,0]
12-09 10:38:37.307 1962 1962 I sysui_multi_action: [757,0,758,1,759,0,927,2,928,0,1593,0]
12-09 10:38:37.307 1962 1962 I sysui_multi_action: [757,0,758,1,759,0,927,3,928,0,1593,0]
12-09 10:38:37.310 1509 1680 I input_focus: [Focus leaving e069207 com.android.launcher3/com.android.launcher3.uioverrides.QuickstepLauncher (server),reason=setFocusedWindow]
12-09 10:38:37.311 1509 1680 I input_focus: [Focus entering 990558b NotificationShade (server),reason=setFocusedWindow]
12-09 10:38:37.323 1509 1737 I GameModeConfig: isGameModeOn = false
12-09 10:38:37.323 1509 1737 I GameModeConfig: isGameModeOn = false
12-09 10:38:37.324 1509 1737 I GameModeConfig: isGameModeOn = false
12-09 10:38:37.324 1509 1737 I GameModeConfig: isGameModeOn = false
12-09 10:38:37.325 1962 1962 I sysui_multi_action: [757,111,758,2]
12-09 10:38:37.325 1962 1962 I sysui_multi_action: [757,111,758,2]
12-09 10:38:37.325 1509 1509 I notification_enqueue: [10082,1962,com.android.systemui,2048,NULL,0,Notification(channel=updateNotification shortcut=null contentView=null vibrate=null sound=null defaults=0x0 flags=0x0 color=0x00000000 vis=PRIVATE),1]
12-09 10:38:37.331 1962 1962 I sysui_multi_action: [757,111,758,1]
12-09 10:38:37.331 1962 1962 I sysui_multi_action: [757,126,758,1,759,126,927,0,928,0,1593,0]
12-09 10:38:37.331 1962 1962 I sysui_multi_action: [757,113,758,1,759,113,927,1,928,1,1593,0]
12-09 10:38:37.331 1962 1962 I sysui_multi_action: [757,0,758,1,759,0,927,2,928,0,1593,0]
12-09 10:38:37.331 1962 1962 I sysui_multi_action: [757,0,758,1,759,0,927,3,928,0,1593,0]
12-09 10:38:37.331 1962 1962 I sysui_multi_action: [757,491,758,1,759,491,927,4,928,0,1311,-1,1593,0]
12-09 10:38:37.331 1962 1962 I sysui_multi_action: [757,0,758,1,759,0,927,5,928,0,1593,0]
12-09 10:38:37.332 1962 1962 I sysui_multi_action: [757,120,758,1,759,120,927,6,928,1,1593,0]
12-09 10:38:37.332 1962 1962 I sysui_multi_action: [757,111,758,1]
12-09 10:38:37.332 1962 1962 I sysui_multi_action: [757,126,758,1,759,126,927,0,928,0,1593,0]
12-09 10:38:37.332 1962 1962 I sysui_multi_action: [757,113,758,1,759,113,927,1,928,1,1593,0]
12-09 10:38:37.332 1962 1962 I sysui_multi_action: [757,0,758,1,759,0,927,2,928,0,1593,0]
12-09 10:38:37.332 1962 1962 I sysui_multi_action: [757,0,758,1,759,0,927,3,928,0,1593,0]
12-09 10:38:37.344 1509 1737 I GameModeConfig: isGameModeOn = false
12-09 10:38:37.344 1509 1737 I GameModeConfig: isGameModeOn = false
12-09 10:38:37.344 1509 1737 I GameModeConfig: isGameModeOn = false
12-09 10:38:37.344 1509 1737 I GameModeConfig: isGameModeOn = false
12-09 10:38:37.345 1962 1962 I sysui_multi_action: [757,111,758,2]
12-09 10:38:37.345 1509 1509 I notification_enqueue: [10082,1962,com.android.systemui,2048,NULL,0,Notification(channel=updateNotification shortcut=null contentView=null vibrate=null sound=null defaults=0x0 flags=0x0 color=0x00000000 vis=PRIVATE),1]
12-09 10:38:37.345 1962 1962 I sysui_multi_action: [757,111,758,2]
12-09 10:38:37.349 1962 1962 I sysui_multi_action: [757,111,758,1]
12-09 10:38:37.349 1962 1962 I sysui_multi_action: [757,126,758,1,759,126,927,0,928,0,1593,0]
12-09 10:38:37.349 1962 1962 I sysui_multi_action: [757,113,758,1,759,113,927,1,928,1,1593,0]
12-09 10:38:37.350 1962 1962 I sysui_multi_action: [757,0,758,1,759,0,927,2,928,0,1593,0]
12-09 10:38:37.350 1962 1962 I sysui_multi_action: [757,0,758,1,759,0,927,3,928,0,1593,0]
12-09 10:38:37.350 1962 1962 I sysui_multi_action: [757,491,758,1,759,491,927,4,928,0,1311,-1,1593,0]
12-09 10:38:37.350 1962 1962 I sysui_multi_action: [757,0,758,1,759,0,927,5,928,0,1593,0]
12-09 10:38:37.350 1962 1962 I sysui_multi_action: [757,120,758,1,759,120,927,6,928,1,1593,0]
12-09 10:38:37.350 1962 1962 I sysui_multi_action: [757,111,758,1]
12-09 10:38:37.350 1962 1962 I sysui_multi_action: [757,126,758,1,759,126,927,0,928,0,1593,0]
12-09 10:38:37.350 1962 1962 I sysui_multi_action: [757,113,758,1,759,113,927,1,928,1,1593,0]
12-09 10:38:37.350 1962 1962 I sysui_multi_action: [757,0,758,1,759,0,927,2,928,0,1593,0]
12-09 10:38:37.350 1962 1962 I sysui_multi_action: [757,0,758,1,759,0,927,3,928,0,1593,0]
12-09 10:38:37.364 1509 1737 I GameModeConfig: isGameModeOn = false
12-09 10:38:37.364 1509 1737 I GameModeConfig: isGameModeOn = false
12-09 10:38:37.364 1509 1737 I GameModeConfig: isGameModeOn = false
12-09 10:38:37.365 1509 1737 I GameModeConfig: isGameModeOn = false
12-09 10:38:37.366 1962 1962 I sysui_multi_action: [757,111,758,2]
12-09 10:38:37.366 1509 1509 I notification_enqueue: [10082,1962,com.android.systemui,2048,NULL,0,Notification(channel=updateNotification shortcut=null contentView=null vibrate=null sound=null defaults=0x0 flags=0x0 color=0x00000000 vis=PRIVATE),1]
12-09 10:38:37.366 1962 1962 I sysui_multi_action: [757,111,758,2]
12-09 10:38:37.369 1962 1962 I sysui_multi_action: [757,111,758,1]
12-09 10:38:37.369 1962 1962 I sysui_multi_action: [757,126,758,1,759,126,927,0,928,0,1593,0]
12-09 10:38:37.370 1962 1962 I sysui_multi_action: [757,113,758,1,759,113,927,1,928,1,1593,0]
12-09 10:38:37.370 1962 1962 I sysui_multi_action: [757,0,758,1,759,0,927,2,928,0,1593,0]
12-09 10:38:37.370 1962 1962 I sysui_multi_action: [757,0,758,1,759,0,927,3,928,0,1593,0]
12-09 10:38:37.370 1962 1962 I sysui_multi_action: [757,491,758,1,759,491,927,4,928,0,1311,-1,1593,0]
12-09 10:38:37.370 1962 1962 I sysui_multi_action: [757,0,758,1,759,0,927,5,928,0,1593,0]
12-09 10:38:37.370 1962 1962 I sysui_multi_action: [757,120,758,1,759,120,927,6,928,1,1593,0]
12-09 10:38:37.370 1962 1962 I sysui_multi_action: [757,111,758,1]
12-09 10:38:37.370 1962 1962 I sysui_multi_action: [757,126,758,1,759,126,927,0,928,0,1593,0]
12-09 10:38:37.370 1962 1962 I sysui_multi_action: [757,113,758,1,759,113,927,1,928,1,1593,0]
12-09 10:38:37.371 1962 1962 I sysui_multi_action: [757,0,758,1,759,0,927,2,928,0,1593,0]
12-09 10:38:37.371 1962 1962 I sysui_multi_action: [757,0,758,1,759,0,927,3,928,0,1593,0]
12-09 10:38:37.382 1509 1737 I GameModeConfig: isGameModeOn = false
12-09 10:38:37.383 1509 1737 I GameModeConfig: isGameModeOn = false
12-09 10:38:37.384 1509 1737 I GameModeConfig: isGameModeOn = false
12-09 10:38:37.384 1509 1737 I GameModeConfig: isGameModeOn = false
12-09 10:38:37.385 1962 1962 I sysui_multi_action: [757,111,758,2]
12-09 10:38:37.385 1962 1962 I sysui_multi_action: [757,111,758,2]
12-09 10:38:37.385 1509 1509 I notification_enqueue: [10082,1962,com.android.systemui,2048,NULL,0,Notification(channel=updateNotification shortcut=null contentView=null vibrate=null sound=null defaults=0x0 flags=0x0 color=0x00000000 vis=PRIVATE),1]
12-09 10:38:37.391 1962 1962 I sysui_multi_action: [757,111,758,1]
12-09 10:38:37.391 1962 1962 I sysui_multi_action: [757,126,758,1,759,126,927,0,928,0,1593,0]
12-09 10:38:37.391 1962 1962 I sysui_multi_action: [757,113,758,1,759,113,927,1,928,1,1593,0]
12-09 10:38:37.391 1962 1962 I sysui_multi_action: [757,0,758,1,759,0,927,2,928,0,1593,0]
12-09 10:38:37.391 1962 1962 I sysui_multi_action: [757,0,758,1,759,0,927,3,928,0,1593,0]
12-09 10:38:37.391 1962 1962 I sysui_multi_action: [757,491,758,1,759,491,927,4,928,0,1311,-1,1593,0]
12-09 10:38:37.391 1962 1962 I sysui_multi_action: [757,0,758,1,759,0,927,5,928,0,1593,0]
12-09 10:38:37.391 1962 1962 I sysui_multi_action: [757,120,758,1,759,120,927,6,928,1,1593,0]
12-09 10:38:37.392 1962 1962 I sysui_multi_action: [757,111,758,1]
12-09 10:38:37.392 1962 1962 I sysui_multi_action: [757,126,758,1,759,126,927,0,928,0,1593,0]
12-09 10:38:37.392 1962 1962 I sysui_multi_action: [757,113,758,1,759,113,927,1,928,1,1593,0]
12-09 10:38:37.392 1962 1962 I sysui_multi_action: [757,0,758,1,759,0,927,2,928,0,1593,0]
12-09 10:38:37.392 1962 1962 I sysui_multi_action: [757,0,758,1,759,0,927,3,928,0,1593,0]
12-09 10:38:37.466 1509 1509 I GameModeConfig: isGameModeOn = false
12-09 10:38:37.507 1509 1509 I GameModeConfig: isGameModeOn = false
12-09 10:38:37.507 1509 1509 E NotificationService: Muting recently noisy 0|com.android.systemui|2048|null|10082
12-09 10:38:37.527 1509 1509 I GameModeConfig: isGameModeOn = false
12-09 10:38:37.528 1509 1509 E NotificationService: Muting recently noisy 0|com.android.systemui|2048|null|10082
12-09 10:38:37.547 1509 1509 I GameModeConfig: isGameModeOn = false
12-09 10:38:37.548 1509 1509 E NotificationService: Muting recently noisy 0|com.android.systemui|2048|null|10082
12-09 10:38:37.568 1509 1509 I GameModeConfig: isGameModeOn = false
12-09 10:38:37.568 1509 1509 E NotificationService: Muting recently noisy 0|com.android.systemui|2048|null|10082
12-09 10:38:37.587 1509 1509 I GameModeConfig: isGameModeOn = false
12-09 10:38:37.588 1509 1509 E NotificationService: Muting recently noisy 0|com.android.systemui|2048|null|10082
12-09 10:38:37.813 1509 2104 I sysui_multi_action: [757,128,758,1,793,5476373,794,0,795,5476373,796,26,798,0,806,android,857,DEVELOPER_IMPORTANT,858,4,947,0,1395,2,1500,5476161,1688,1]
12-09 10:38:37.813 1509 2104 I sysui_multi_action: [757,804,799,note_freshness,801,5476373,802,1]
12-09 10:38:37.813 1509 2104 I notification_visibility: [-1|android|26|null|1000,1,5476373,5476373,0,0]
12-09 10:38:37.814 1509 2104 I sysui_multi_action: [757,128,758,1,793,19116340,794,0,795,19116340,796,32,798,1,806,android,857,USB,858,1,947,0,1395,2,1500,19116098,1688,1]
12-09 10:38:37.814 1509 2104 I sysui_multi_action: [757,804,799,note_freshness,801,19116340,802,1]
12-09 10:38:37.814 1509 2104 I notification_visibility: [-1|android|32|null|1000,1,19116340,19116340,0,1]
12-09 10:38:38.203 0 0 I auditd : type=1400 audit(0.0:20137): avc: denied { kill } for comm="swapper/2" capability=5 scontext=u:r:kernel:s0 tcontext=u:r:kernel:s0 tclass=capability permissive=0
12-09 10:38:39.203 0 0 I auditd : type=1400 audit(0.0:20138): avc: denied { kill } for comm="swapper/2" capability=5 scontext=u:r:kernel:s0 tcontext=u:r:kernel:s0 tclass=capability permissive=0
12-09 10:38:40.283 1509 1680 I input_interaction: Interaction with: 990558b NotificationShade (server), edge-swipe (server), swipe-up (server), PointerEventDispatcher0 (server),
12-09 10:38:40.703 1962 1962 I sysui_multi_action: [757,925,758,4,759,126,927,0,928,0,1592,0,1593,1]
12-09 10:38:40.741 1509 2104 D TelephonyRegistry: listen oscl: mHasNotifySubscriptionInfoChangedOccurred==false no callback
12-09 10:38:40.741 1962 1962 W CarrierConfigManager: Error getting config for subId -1 ICarrierConfigLoader is null
12-09 10:38:40.744 1962 1962 I service_manager_stats: [200,179,19130130]
12-09 10:38:40.822 1509 1598 I input_focus: [Focus request db31091 InternetDialog,reason=UpdateInputWindows]
12-09 10:38:40.853 1509 1680 I input_focus: [Focus leaving 990558b NotificationShade (server),reason=setFocusedWindow]
12-09 10:38:40.853 1509 1680 I input_focus: [Focus entering db31091 InternetDialog (server),reason=setFocusedWindow]
12-09 10:38:41.203 0 0 I auditd : type=1400 audit(0.0:20139): avc: denied { kill } for comm="swapper/2" capability=5 scontext=u:r:kernel:s0 tcontext=u:r:kernel:s0 tclass=capability permissive=0
12-09 10:38:42.203 0 0 I auditd : type=1400 audit(0.0:20140): avc: denied { kill } for comm="swapper/2" capability=5 scontext=u:r:kernel:s0 tcontext=u:r:kernel:s0 tclass=capability permissive=0
12-09 10:38:42.658 1509 1680 I input_interaction: Interaction with: db31091 InternetDialog (server), edge-swipe (server), swipe-up (server), PointerEventDispatcher0 (server),
12-09 10:38:42.803 1509 1598 I input_focus: [Focus request 990558b NotificationShade,reason=UpdateInputWindows]
12-09 10:38:42.823 1509 1680 I input_focus: [Focus entering 990558b NotificationShade (server),reason=setFocusedWindow]
12-09 10:38:43.532 1509 1680 I input_interaction: Interaction with: 990558b NotificationShade (server), edge-swipe (server), swipe-up (server), PointerEventDispatcher0 (server),
12-09 10:38:43.961 1962 1962 I sysui_multi_action: [757,366,758,4,759,126,927,0,928,0,1592,0,1593,1]
12-09 10:38:43.981 1509 5541 I ActivityTaskManager: START u0 {act=android.settings.WIFI_SETTINGS flg=0x14000000 cmp=com.android.settings/.Settings$WifiSettingsActivity} from uid 10082
12-09 10:38:43.986 1509 5541 I wm_task_created: [155,-1]
12-09 10:38:43.986 1509 5541 W ActivityTaskManager: Can't find TaskDisplayArea to determine support for multi window. Task id=155 attached=false
12-09 10:38:43.992 1509 5541 D CompatibilityChangeReporter: Compat change id reported: 174042980; UID 1000; state: DISABLED
12-09 10:38:43.994 1509 5541 I wm_task_moved: [155,1,6]
12-09 10:38:43.994 1509 5541 I wm_task_to_front: [0,155]
12-09 10:38:43.995 1509 5541 I wm_create_task: [0,155]
12-09 10:38:43.995 1509 5541 I wm_create_activity: [0,119657185,155,com.android.settings/.Settings$WifiSettingsActivity,android.settings.WIFI_SETTINGS,NULL,NULL,335544320]
12-09 10:38:43.996 1509 5541 I wm_task_moved: [155,1,6]
12-09 10:38:43.996 2529 2529 I wm_on_top_resumed_lost_called: [12743551,com.android.launcher3.uioverrides.QuickstepLauncher,topStateChangedWhenResumed]
12-09 10:38:43.998 1509 5541 I wm_pause_activity: [0,12743551,com.android.launcher3/.uioverrides.QuickstepLauncher,userLeaving=true,pauseBackTasks]
12-09 10:38:44.004 2529 2529 I wm_on_paused_called: [12743551,com.android.launcher3.uioverrides.QuickstepLauncher,performPause]
12-09 10:38:44.005 1509 7175 I ActivityTaskManager: FOREGROUND_APPLICATION_CHANGED to com.android.settings.Settings$WifiSettingsActivity
12-09 10:38:44.005 1509 7175 I ActivityTaskManager: The Process com.android.settings Already Exists in BG. So sending its PID: 19364
12-09 10:38:44.006 1509 7175 I wm_add_to_stopping: [0,12743551,com.android.launcher3/.uioverrides.QuickstepLauncher,makeInvisible]
12-09 10:38:44.007 1509 7175 D CompatibilityChangeReporter: Compat change id reported: 181136395; UID 1000; state: DISABLED
12-09 10:38:44.010 1509 7175 D CompatibilityChangeReporter: Compat change id reported: 174042936; UID 1000; state: DISABLED
12-09 10:38:44.010 1509 7175 I wm_restart_activity: [0,119657185,155,com.android.settings/.Settings$WifiSettingsActivity]
12-09 10:38:44.013 1509 7175 I wm_set_resumed_activity: [0,com.android.settings/.Settings$WifiSettingsActivity,minimalResumeActivityLocked]
12-09 10:38:44.025 1509 1597 I sysui_multi_action: [757,803,799,window_time_0,802,45]
12-09 10:38:44.035 12356 12373 W ContextImpl: Calling a method in the system process without a qualified user: android.app.ContextImpl.startService:1816 android.content.ContextWrapper.startService:774 com.thundercomm.gamemode.ingame.services.GameModeActionUtils.startGameModeService:99 com.thundercomm.gamemode.ingame.services.GameModeActionUtils.startGameModeEntry:22 com.thundercomm.gamemode.ingame.services.ActivityMonitoringService$1.onActivityLaunch:127
12-09 10:38:44.047 1509 2435 I am_uid_active: 10088
12-09 10:38:44.050 1509 1604 I am_pss : [18806,10084,com.android.music,42539008,35954688,0,162631680,0,4,8]
12-09 10:38:44.051 1509 2435 I ActivityTaskManager: START u0 {act=android.settings.WIFI_SETTINGS flg=0x14000000 cmp=com.android.settings/.homepage.SettingsHomepageActivity (has extras)} from uid 1000
12-09 10:38:44.053 1509 2435 I wm_task_created: [156,-1]
12-09 10:38:44.053 1509 2435 W ActivityTaskManager: Can't find TaskDisplayArea to determine support for multi window. Task id=156 attached=false
12-09 10:38:44.055 1509 2435 I wm_task_moved: [156,1,7]
12-09 10:38:44.055 1509 2435 I wm_task_to_front: [0,156]
12-09 10:38:44.055 1509 2435 I wm_create_task: [0,156]
12-09 10:38:44.055 1509 2435 I wm_create_activity: [0,174652697,156,com.android.settings/.homepage.SettingsHomepageActivity,android.settings.WIFI_SETTINGS,NULL,NULL,335544320]
12-09 10:38:44.055 1509 2435 I wm_task_moved: [156,1,7]
12-09 10:38:44.057 1509 2435 I wm_pause_activity: [0,119657185,com.android.settings/.Settings$WifiSettingsActivity,userLeaving=true,pauseBackTasks]
12-09 10:38:44.057 1509 1509 I GameModeConfig: Current uri is uri = content://com.thundercomm.gamemode.api/gamemode_settings/gamemode_isgaming
12-09 10:38:44.059 1509 1604 I am_pss : [19365,10071,com.android.gallery3d,7760896,5459968,0,93294592,0,19,5]
12-09 10:38:44.060 1509 1509 I GameModeConfig: isGameModeOn = false
12-09 10:38:44.060 1509 1509 I GameModeConfig: isGameModeOn = false
12-09 10:38:44.060 1509 1509 I GameModeConfig: isDisableVoice = true
12-09 10:38:44.061 1509 7695 I wm_finish_activity: [0,119657185,155,com.android.settings/.Settings$WifiSettingsActivity,app-request]
12-09 10:38:44.061 19364 19364 I wm_on_create_called: [119657185,com.android.settings.Settings$WifiSettingsActivity,performCreate]
12-09 10:38:44.063 1509 2435 I wm_add_to_stopping: [0,119657185,com.android.settings/.Settings$WifiSettingsActivity,completeFinishing]
12-09 10:38:44.063 1509 2435 I ActivityTaskManager: FOREGROUND_APPLICATION_CHANGED to com.android.settings.homepage.SettingsHomepageActivity
12-09 10:38:44.064 1509 2435 I ActivityTaskManager: The Process com.android.settings Already Exists in BG. So sending its PID: 19364
12-09 10:38:44.064 1509 2435 W ActivityTaskManager: Tried to set launchTime (0) < mLastActivityLaunchTime (19133396)
12-09 10:38:44.064 1509 2435 I wm_restart_activity: [0,174652697,156,com.android.settings/.homepage.SettingsHomepageActivity]
12-09 10:38:44.065 1509 2435 I wm_set_resumed_activity: [0,com.android.settings/.homepage.SettingsHomepageActivity,minimalResumeActivityLocked]
12-09 10:38:44.066 1509 1597 I wm_destroy_activity: [0,119657185,155,com.android.settings/.Settings$WifiSettingsActivity,finish-imm:idle]
12-09 10:38:44.066 1509 1604 I am_pss : [18916,10028,com.android.musicfx,5691392,3866624,0,89767936,0,19,5]
12-09 10:38:44.067 1509 1597 I sysui_multi_action: [757,803,799,window_time_0,802,0]
12-09 10:38:44.173 12356 12373 W ContextImpl: Calling a method in the system process without a qualified user: android.app.ContextImpl.startService:1816 android.content.ContextWrapper.startService:774 com.thundercomm.gamemode.ingame.services.GameModeActionUtils.startGameModeService:99 com.thundercomm.gamemode.ingame.services.GameModeActionUtils.startGameModeEntry:22 com.thundercomm.gamemode.ingame.services.ActivityMonitoringService$1.onActivityLaunch:127
12-09 10:38:44.177 1509 1509 I GameModeConfig: Current uri is uri = content://com.thundercomm.gamemode.api/gamemode_settings/gamemode_isgaming
12-09 10:38:44.179 1509 1509 I GameModeConfig: isGameModeOn = false
12-09 10:38:44.179 1509 1509 I GameModeConfig: isGameModeOn = false
12-09 10:38:44.179 1509 1509 I GameModeConfig: isDisableVoice = true
12-09 10:38:44.183 19364 19364 I wm_on_create_called: [174652697,com.android.settings.homepage.SettingsHomepageActivity,performCreate]
12-09 10:38:44.191 1509 7695 E UserRestrictionsUtils: Unknown restriction queried by uid 1000 (com.thundercomm.microsettings et al): null
12-09 10:38:44.191 1509 7695 E UserRestrictionsUtils: Unknown restriction queried by uid 1000 (com.thundercomm.microsettings et al): null
12-09 10:38:44.191 1509 7695 E UserRestrictionsUtils: Unknown restriction queried by uid 1000 (com.thundercomm.microsettings et al): null
12-09 10:38:44.192 1509 7695 E UserRestrictionsUtils: Unknown restriction queried by uid 1000 (com.thundercomm.microsettings et al): null
12-09 10:38:44.192 1509 7695 E UserRestrictionsUtils: Unknown restriction queried by uid 1000 (com.thundercomm.microsettings et al): null
12-09 10:38:44.192 1509 7695 E UserRestrictionsUtils: Unknown restriction queried by uid 1000 (com.thundercomm.microsettings et al): null
12-09 10:38:44.192 1509 7695 E UserRestrictionsUtils: Unknown restriction queried by uid 1000 (com.thundercomm.microsettings et al): null
12-09 10:38:44.192 1509 7695 E UserRestrictionsUtils: Unknown restriction queried by uid 1000 (com.thundercomm.microsettings et al): null
12-09 10:38:44.192 1509 7695 E UserRestrictionsUtils: Unknown restriction queried by uid 1000 (com.thundercomm.microsettings et al): null
12-09 10:38:44.192 1509 7695 E UserRestrictionsUtils: Unknown restriction queried by uid 1000 (com.thundercomm.microsettings et al): null
12-09 10:38:44.193 1509 7695 E UserRestrictionsUtils: Unknown restriction queried by uid 1000 (com.thundercomm.microsettings et al): null
12-09 10:38:44.193 1509 7695 E UserRestrictionsUtils: Unknown restriction queried by uid 1000 (com.thundercomm.microsettings et al): null
12-09 10:38:44.193 1509 7695 E UserRestrictionsUtils: Unknown restriction queried by uid 1000 (com.thundercomm.microsettings et al): null
12-09 10:38:44.193 1509 7695 E UserRestrictionsUtils: Unknown restriction queried by uid 1000 (com.thundercomm.microsettings et al): null
12-09 10:38:44.193 1509 7695 E UserRestrictionsUtils: Unknown restriction queried by uid 1000 (com.thundercomm.microsettings et al): null
12-09 10:38:44.193 1509 7695 E UserRestrictionsUtils: Unknown restriction queried by uid 1000 (com.thundercomm.microsettings et al): null
12-09 10:38:44.193 1509 7695 E UserRestrictionsUtils: Unknown restriction queried by uid 1000 (com.thundercomm.microsettings et al): null
12-09 10:38:44.193 1509 7695 E UserRestrictionsUtils: Unknown restriction queried by uid 1000 (com.thundercomm.microsettings et al): null
12-09 10:38:44.214 19364 19364 I wm_on_start_called: [174652697,com.android.settings.homepage.SettingsHomepageActivity,handleStartActivity]
12-09 10:38:44.215 19364 19364 I snet_event_log: [120484087,-1,]
12-09 10:38:44.216 19364 19364 I wm_on_resume_called: [174652697,com.android.settings.homepage.SettingsHomepageActivity,RESUME_ACTIVITY]
12-09 10:38:44.217 19364 19364 I sysui_multi_action: [757,35,758,1,833,0,1089,32]
12-09 10:38:44.227 19364 19364 I sysui_multi_action: [757,1729,758,4,854,isParalleledControllers:false,1089,43]
12-09 10:38:44.235 19364 19364 I wm_on_top_resumed_gained_called: [174652697,com.android.settings.homepage.SettingsHomepageActivity,topStateChangedWhenResumed]
12-09 10:38:44.235 19364 19364 I wm_on_destroy_called: [119657185,com.android.settings.Settings$WifiSettingsActivity,performDestroy]
12-09 10:38:44.236 1509 5541 I wm_task_removed: [155,removeChild:removeChild last r=ActivityRecord{721d2e1 u0 com.android.settings/.Settings$WifiSettingsActivity t-1 f}} in t=Task{252768c #155 type=standard A=1000:com.android.settings U=0 visible=false mode=fullscreen translucent=true sz=0}]
12-09 10:38:44.236 1509 5541 I wm_task_removed: [155,removeChild]
12-09 10:38:44.246 1509 1598 W ActivityTaskManager: Can't find TaskDisplayArea to determine support for multi window. Task id=155 attached=false
12-09 10:38:44.246 1509 1598 W ActivityTaskManager: Can't find TaskDisplayArea to determine support for multi window. Task id=155 attached=false
12-09 10:38:44.308 1509 1598 I sysui_multi_action: [324,1,757,1090,758,12,806,com.android.settings,871,com.android.settings.homepage.SettingsHomepageActivity,1091,327]
12-09 10:38:44.315 1509 1594 I sysui_multi_action: [319,146,321,144,322,327,325,19133,757,761,758,8,759,1,806,com.android.settings,871,com.android.settings.homepage.SettingsHomepageActivity,904,com.android.settings,905,0,1320,8,1321,5]
12-09 10:38:44.317 1509 1594 I wm_activity_launch_time: [0,174652697,com.android.settings/.homepage.SettingsHomepageActivity,327]
12-09 10:38:44.436 1509 2435 I netstats_mobile_sample: [0,0,0,0,0,0,0,0,0,0,0,0,1670553524436]
12-09 10:38:44.437 1509 2435 I netstats_wifi_sample: [27656014,63315,54677887,130481,27656014,63315,54677887,130481,35811486,118422,27522582,68242,1670553524436]
12-09 10:38:44.457 1509 2435 I netstats_mobile_sample: [0,0,0,0,0,0,0,0,0,0,0,0,1670553524457]
12-09 10:38:44.457 1509 2435 I netstats_wifi_sample: [27656014,63315,54677887,130481,27656014,63315,54677887,130481,35811486,118422,27522582,68242,1670553524457]
12-09 10:38:44.485 19364 19364 I sysui_multi_action: [757,103,758,1,833,0,1089,71]
12-09 10:38:44.660 1509 1597 I wm_stop_activity: [0,12743551,com.android.launcher3/.uioverrides.QuickstepLauncher]
12-09 10:38:44.661 1509 1737 I GameModeConfig: isGameModeOn = false
12-09 10:38:44.663 1509 1737 I GameModeConfig: isGameModeOn = false
12-09 10:38:44.663 1962 1962 I sysui_multi_action: [757,111,758,2]
12-09 10:38:44.663 1509 1737 I GameModeConfig: isGameModeOn = false
12-09 10:38:44.663 1962 1962 I sysui_multi_action: [757,111,758,2]
12-09 10:38:44.664 1509 1737 I GameModeConfig: isGameModeOn = false
12-09 10:38:44.665 1509 1509 I notification_enqueue: [10082,1962,com.android.systemui,2048,NULL,0,Notification(channel=updateNotification shortcut=null contentView=null vibrate=null sound=null defaults=0x0 flags=0x0 color=0x00000000 vis=PRIVATE),1]
12-09 10:38:44.680 1509 1598 I input_focus: [Focus request 107a2c0 com.android.settings/com.android.settings.homepage.SettingsHomepageActivity,reason=UpdateInputWindows]
12-09 10:38:44.689 1962 1962 I sysui_multi_action: [757,111,758,1]
12-09 10:38:44.689 1962 1962 I sysui_multi_action: [757,126,758,1,759,126,927,0,928,0,1593,0]
12-09 10:38:44.689 1962 1962 I sysui_multi_action: [757,113,758,1,759,113,927,1,928,1,1593,0]
12-09 10:38:44.689 1962 1962 I sysui_multi_action: [757,0,758,1,759,0,927,2,928,0,1593,0]
12-09 10:38:44.689 1962 1962 I sysui_multi_action: [757,0,758,1,759,0,927,3,928,0,1593,0]
12-09 10:38:44.690 1962 1962 I sysui_multi_action: [757,491,758,1,759,491,927,4,928,0,1311,-1,1593,0]
12-09 10:38:44.690 1962 1962 I sysui_multi_action: [757,0,758,1,759,0,927,5,928,0,1593,0]
12-09 10:38:44.690 1962 1962 I sysui_multi_action: [757,120,758,1,759,120,927,6,928,1,1593,0]
12-09 10:38:44.690 1962 1962 I sysui_multi_action: [757,111,758,1]
12-09 10:38:44.690 1962 1962 I sysui_multi_action: [757,126,758,1,759,126,927,0,928,0,1593,0]
12-09 10:38:44.690 1962 1962 I sysui_multi_action: [757,113,758,1,759,113,927,1,928,1,1593,0]
12-09 10:38:44.690 1962 1962 I sysui_multi_action: [757,0,758,1,759,0,927,2,928,0,1593,0]
12-09 10:38:44.690 1962 1962 I sysui_multi_action: [757,0,758,1,759,0,927,3,928,0,1593,0]
12-09 10:38:44.703 2529 2529 I wm_on_stop_called: [12743551,com.android.launcher3.uioverrides.QuickstepLauncher,STOP_ACTIVITY_ITEM]
12-09 10:38:44.704 1509 1737 I GameModeConfig: isGameModeOn = false
12-09 10:38:44.704 1509 1737 I GameModeConfig: isGameModeOn = false
12-09 10:38:44.704 1509 1737 I GameModeConfig: isGameModeOn = false
12-09 10:38:44.704 1509 1737 I GameModeConfig: isGameModeOn = false
12-09 10:38:44.705 1962 1962 I sysui_multi_action: [757,111,758,2]
12-09 10:38:44.705 1509 1509 I notification_enqueue: [10082,1962,com.android.systemui,2048,NULL,0,Notification(channel=updateNotification shortcut=null contentView=null vibrate=null sound=null defaults=0x0 flags=0x0 color=0x00000000 vis=PRIVATE),1]
12-09 10:38:44.705 1962 1962 I sysui_multi_action: [757,111,758,2]
12-09 10:38:44.709 1509 1680 I input_focus: [Focus leaving 990558b NotificationShade (server),reason=NOT_FOCUSABLE]
12-09 10:38:44.709 1509 1680 I input_focus: [Focus entering 107a2c0 com.android.settings/com.android.settings.homepage.SettingsHomepageActivity (server),reason=setFocusedWindow]
12-09 10:38:44.710 1509 2435 I sysui_multi_action: [757,128,758,2,793,5483270,794,6897,795,5483270,796,26,798,0,806,android,857,DEVELOPER_IMPORTANT,858,4,947,0,1395,2,1500,5483058,1688,1]
12-09 10:38:44.710 1509 2435 I notification_visibility: [-1|android|26|null|1000,0,5483270,5483270,0,0]
12-09 10:38:44.710 1509 2435 I sysui_multi_action: [757,128,758,2,793,19123236,794,6896,795,19123236,796,32,798,1,806,android,857,USB,858,1,947,0,1395,2,1500,19122994,1688,1]
12-09 10:38:44.711 1509 2435 I notification_visibility: [-1|android|32|null|1000,0,19123236,19123236,0,1]
12-09 10:38:44.711 1509 7695 I sysui_multi_action: [757,127,758,2]
12-09 10:38:44.711 1509 7695 I notification_panel_hidden:
12-09 10:38:44.722 12356 12373 W ContextImpl: Calling a method in the system process without a qualified user: android.app.ContextImpl.startService:1816 android.content.ContextWrapper.startService:774 com.thundercomm.gamemode.ingame.services.GameModeActionUtils.startGameModeService:99 com.thundercomm.gamemode.ingame.services.GameModeActionUtils.startGameModeEntry:22 com.thundercomm.gamemode.ingame.services.ActivityMonitoringService$1.onActivityLaunch:127
12-09 10:38:44.735 1509 1509 I GameModeConfig: Current uri is uri = content://com.thundercomm.gamemode.api/gamemode_settings/gamemode_isgaming
12-09 10:38:44.737 1962 1962 I sysui_multi_action: [757,111,758,1]
12-09 10:38:44.737 1962 1962 I sysui_multi_action: [757,126,758,1,759,126,927,0,928,0,1593,1]
12-09 10:38:44.737 1962 1962 I sysui_multi_action: [757,113,758,1,759,113,927,1,928,1,1593,1]
12-09 10:38:44.737 1962 1962 I sysui_multi_action: [757,0,758,1,759,0,927,2,928,0,1593,1]
12-09 10:38:44.737 1962 1962 I sysui_multi_action: [757,0,758,1,759,0,927,3,928,0,1593,1]
12-09 10:38:44.738 1962 1962 I sysui_multi_action: [757,491,758,1,759,491,927,4,928,0,1311,-1,1593,0]
12-09 10:38:44.738 1509 1509 I GameModeConfig: isGameModeOn = false
12-09 10:38:44.738 1962 1962 I sysui_multi_action: [757,0,758,1,759,0,927,5,928,0,1593,0]
12-09 10:38:44.738 1962 1962 I sysui_multi_action: [757,120,758,1,759,120,927,6,928,1,1593,0]
12-09 10:38:44.738 1962 1962 I sysui_multi_action: [757,111,758,1]
12-09 10:38:44.738 1962 1962 I sysui_multi_action: [757,126,758,1,759,126,927,0,928,0,1593,1]
12-09 10:38:44.738 1962 1962 I sysui_multi_action: [757,113,758,1,759,113,927,1,928,1,1593,1]
12-09 10:38:44.738 1962 1962 I sysui_multi_action: [757,0,758,1,759,0,927,2,928,0,1593,1]
12-09 10:38:44.738 1962 1962 I sysui_multi_action: [757,0,758,1,759,0,927,3,928,0,1593,1]
12-09 10:38:44.738 1509 1509 I GameModeConfig: isGameModeOn = false
12-09 10:38:44.738 1509 1509 I GameModeConfig: isDisableVoice = true
12-09 10:38:44.868 1509 1509 I GameModeConfig: isGameModeOn = false
12-09 10:38:44.908 1509 1509 I GameModeConfig: isGameModeOn = false
12-09 10:38:44.909 1509 1509 E NotificationService: Muting recently noisy 0|com.android.systemui|2048|null|10082
12-09 10:38:45.203 0 0 I auditd : type=1400 audit(0.0:20141): avc: denied { kill } for comm="swapper/1" capability=5 scontext=u:r:kernel:s0 tcontext=u:r:kernel:s0 tclass=capability permissive=0
12-09 10:38:46.203 0 0 I auditd : type=1400 audit(0.0:20142): avc: denied { kill } for comm="swapper/1" capability=5 scontext=u:r:kernel:s0 tcontext=u:r:kernel:s0 tclass=capability permissive=0
12-09 10:38:47.203 0 0 I auditd : type=1400 audit(0.0:20143): avc: denied { kill } for comm="swapper/1" capability=5 scontext=u:r:kernel:s0 tcontext=u:r:kernel:s0 tclass=capability permissive=0
12-09 10:38:47.476 1509 1737 I GameModeConfig: isGameModeOn = false
12-09 10:38:47.507 1509 1737 I GameModeConfig: isGameModeOn = false
12-09 10:38:47.528 1509 1737 I GameModeConfig: isGameModeOn = false
12-09 10:38:47.547 1509 1737 I GameModeConfig: isGameModeOn = false
12-09 10:38:47.569 1509 1737 I GameModeConfig: isGameModeOn = false
12-09 10:38:47.587 1509 1737 I GameModeConfig: isGameModeOn = false
12-09 10:38:48.020 1509 2730 E TaskPersister: File error accessing recents directory (directory doesn't exist?).
12-09 10:38:48.203 0 0 I auditd : type=1400 audit(0.0:20144): avc: denied { kill } for comm="swapper/1" capability=5 scontext=u:r:kernel:s0 tcontext=u:r:kernel:s0 tclass=capability permissive=0
12-09 10:38:48.408 1509 1680 I input_interaction: Interaction with: 107a2c0 com.android.settings/com.android.settings.homepage.SettingsHomepageActivity (server), edge-swipe (server), swipe-up (server), PointerEventDispatcher0 (server),
12-09 10:38:48.537 19364 19364 I sysui_multi_action: [757,830,758,4,833,0,854,configure_wifi_settings,1089,0]
12-09 10:38:48.541 19364 19364 I sysui_multi_action: [757,103,758,2,1089,4055]
12-09 10:38:48.578 19364 19364 I sysui_multi_action: [757,338,758,1,833,0,1089,29]
12-09 10:38:48.582 19364 19364 I sysui_multi_action: [757,1729,758,4,854,isParalleledControllers:false,1089,34]
12-09 10:38:50.203 0 0 I auditd : type=1400 audit(0.0:20145): avc: denied { kill } for comm="swapper/1" capability=5 scontext=u:r:kernel:s0 tcontext=u:r:kernel:s0 tclass=capability permissive=0
12-09 10:38:51.911 19364 19364 I sysui_multi_action: [757,830,758,4,833,0,854,top_level_network,1089,0]
12-09 10:38:52.015 19364 19364 I sysui_multi_action: [757,338,758,2,1089,3438]
12-09 10:38:52.046 19364 19364 W CarrierConfigManager: Error getting config for subId -1 ICarrierConfigLoader is null
12-09 10:38:52.052 1509 7175 E UserRestrictionsUtils: Unknown restriction queried by uid 1000 (com.thundercomm.microsettings et al): null
12-09 10:38:52.106 19364 19364 I sysui_multi_action: [757,746,758,1,833,0,1089,83]
12-09 10:38:52.107 1509 7175 D TelephonyRegistry: listen oscl: mHasNotifySubscriptionInfoChangedOccurred==false no callback
12-09 10:38:52.111 1509 7175 D TelephonyRegistry: listen oscl: mHasNotifySubscriptionInfoChangedOccurred==false no callback
12-09 10:38:52.120 19364 19364 I sysui_multi_action: [757,1729,758,4,854,isParalleledControllers:false,1089,97]
12-09 10:38:53.079 19364 19364 I sysui_multi_action: [757,830,758,4,833,0,854,tether_settings,1089,0]
12-09 10:38:53.098 19364 19364 I sysui_multi_action: [757,746,758,2,1089,992]
12-09 10:38:53.114 1509 2104 E UserRestrictionsUtils: Unknown restriction queried by uid 1000 (com.thundercomm.microsettings et al): null
12-09 10:38:53.143 19364 19364 I sysui_multi_action: [757,90,758,1,833,0,1089,32]
