12-09 10:58:19.417 1509 1605 I am_wtf : [0,1509,system_server,-1,DisplayDeviceConfig,requesting nits when no mapping exists.]
12-09 10:58:19.418 1509 1605 I am_wtf : [0,1509,system_server,-1,DisplayDeviceConfig,requesting nits when no mapping exists.]
12-09 10:58:19.429 1509 1927 E DisplayDeviceConfig: requesting nits when no mapping exists.
12-09 10:58:19.429 1509 1927 E DisplayDeviceConfig: requesting nits when no mapping exists.
12-09 10:58:19.429 1509 1605 I am_wtf : [0,1509,system_server,-1,DisplayDeviceConfig,requesting nits when no mapping exists.]
12-09 10:58:19.430 1509 1605 I am_wtf : [0,1509,system_server,-1,DisplayDeviceConfig,requesting nits when no mapping exists.]
12-09 10:58:19.446 1509 1927 E DisplayDeviceConfig: requesting nits when no mapping exists.
12-09 10:58:19.446 1509 1927 E DisplayDeviceConfig: requesting nits when no mapping exists.
12-09 10:58:19.446 1509 1605 I am_wtf : [0,1509,system_server,-1,DisplayDeviceConfig,requesting nits when no mapping exists.]
12-09 10:58:19.447 1509 1605 I am_wtf : [0,1509,system_server,-1,DisplayDeviceConfig,requesting nits when no mapping exists.]
12-09 10:58:19.461 1509 1927 E DisplayDeviceConfig: requesting nits when no mapping exists.
12-09 10:58:19.462 1509 1605 I am_wtf : [0,1509,system_server,-1,DisplayDeviceConfig,requesting nits when no mapping exists.]
12-09 10:58:19.463 1509 1927 E DisplayDeviceConfig: requesting nits when no mapping exists.
12-09 10:58:19.464 1509 1605 I am_wtf : [0,1509,system_server,-1,DisplayDeviceConfig,requesting nits when no mapping exists.]
12-09 10:58:19.478 1509 1927 E DisplayDeviceConfig: requesting nits when no mapping exists.
12-09 10:58:19.479 1509 1927 E DisplayDeviceConfig: requesting nits when no mapping exists.
12-09 10:58:19.479 1509 1605 I am_wtf : [0,1509,system_server,-1,DisplayDeviceConfig,requesting nits when no mapping exists.]
12-09 10:58:19.479 1509 1605 I am_wtf : [0,1509,system_server,-1,DisplayDeviceConfig,requesting nits when no mapping exists.]
12-09 10:58:19.495 1509 1927 E DisplayDeviceConfig: requesting nits when no mapping exists.
12-09 10:58:19.496 1509 1927 E DisplayDeviceConfig: requesting nits when no mapping exists.
12-09 10:58:19.496 1509 1605 I am_wtf : [0,1509,system_server,-1,DisplayDeviceConfig,requesting nits when no mapping exists.]
12-09 10:58:19.498 1509 1605 I am_wtf : [0,1509,system_server,-1,DisplayDeviceConfig,requesting nits when no mapping exists.]
12-09 10:58:19.499 1509 1509 I GameModeConfig: isGameModeOn = false
12-09 10:58:19.511 1509 1927 E DisplayDeviceConfig: requesting nits when no mapping exists.
12-09 10:58:19.512 1509 1605 I am_wtf : [0,1509,system_server,-1,DisplayDeviceConfig,requesting nits when no mapping exists.]
12-09 10:58:19.512 1509 1927 E DisplayDeviceConfig: requesting nits when no mapping exists.
12-09 10:58:19.513 1509 1605 I am_wtf : [0,1509,system_server,-1,DisplayDeviceConfig,requesting nits when no mapping exists.]
12-09 10:58:19.530 1509 1927 E DisplayDeviceConfig: requesting nits when no mapping exists.
12-09 10:58:19.531 1509 1605 I am_wtf : [0,1509,system_server,-1,DisplayDeviceConfig,requesting nits when no mapping exists.]
12-09 10:58:19.531 1509 1927 E DisplayDeviceConfig: requesting nits when no mapping exists.
12-09 10:58:19.531 1509 1605 I service_manager_stats: [100,61,6954]
12-09 10:58:19.531 1509 1605 I am_wtf : [0,1509,system_server,-1,DisplayDeviceConfig,requesting nits when no mapping exists.]
12-09 10:58:19.546 1509 1927 E DisplayDeviceConfig: requesting nits when no mapping exists.
12-09 10:58:19.546 1509 1927 E DisplayDeviceConfig: requesting nits when no mapping exists.
12-09 10:58:19.546 1509 1605 I am_wtf : [0,1509,system_server,-1,DisplayDeviceConfig,requesting nits when no mapping exists.]
12-09 10:58:19.548 1509 1605 I am_wtf : [0,1509,system_server,-1,DisplayDeviceConfig,requesting nits when no mapping exists.]
12-09 10:58:19.561 1509 1927 E DisplayDeviceConfig: requesting nits when no mapping exists.
12-09 10:58:19.562 1509 1927 E DisplayDeviceConfig: requesting nits when no mapping exists.
12-09 10:58:19.562 1509 1605 I am_wtf : [0,1509,system_server,-1,DisplayDeviceConfig,requesting nits when no mapping exists.]
12-09 10:58:19.563 1509 1605 I am_wtf : [0,1509,system_server,-1,DisplayDeviceConfig,requesting nits when no mapping exists.]
12-09 10:58:19.580 1509 1927 E DisplayDeviceConfig: requesting nits when no mapping exists.
12-09 10:58:19.580 1509 1927 E DisplayDeviceConfig: requesting nits when no mapping exists.
12-09 10:58:19.580 1509 1605 I am_wtf : [0,1509,system_server,-1,DisplayDeviceConfig,requesting nits when no mapping exists.]
12-09 10:58:19.581 1509 1605 I am_wtf : [0,1509,system_server,-1,DisplayDeviceConfig,requesting nits when no mapping exists.]
12-09 10:58:19.596 1509 1927 E DisplayDeviceConfig: requesting nits when no mapping exists.
12-09 10:58:19.596 1509 1927 E DisplayDeviceConfig: requesting nits when no mapping exists.
12-09 10:58:19.596 1509 1605 I am_wtf : [0,1509,system_server,-1,DisplayDeviceConfig,requesting nits when no mapping exists.]
12-09 10:58:19.600 1509 1605 I am_wtf : [0,1509,system_server,-1,DisplayDeviceConfig,requesting nits when no mapping exists.]
12-09 10:58:19.613 1509 1927 E DisplayDeviceConfig: requesting nits when no mapping exists.
12-09 10:58:19.614 1509 1605 I am_wtf : [0,1509,system_server,-1,DisplayDeviceConfig,requesting nits when no mapping exists.]
12-09 10:58:19.614 1509 1927 E DisplayDeviceConfig: requesting nits when no mapping exists.
12-09 10:58:19.615 1509 1605 I am_wtf : [0,1509,system_server,-1,DisplayDeviceConfig,requesting nits when no mapping exists.]
12-09 10:58:19.628 1509 1927 E DisplayDeviceConfig: requesting nits when no mapping exists.
12-09 10:58:19.629 1509 1927 E DisplayDeviceConfig: requesting nits when no mapping exists.
12-09 10:58:19.630 1509 1605 I am_wtf : [0,1509,system_server,-1,DisplayDeviceConfig,requesting nits when no mapping exists.]
12-09 10:58:19.630 1509 1605 I am_wtf : [0,1509,system_server,-1,DisplayDeviceConfig,requesting nits when no mapping exists.]
12-09 10:58:19.645 1509 1927 E DisplayDeviceConfig: requesting nits when no mapping exists.
12-09 10:58:19.645 1509 1605 I am_wtf : [0,1509,system_server,-1,DisplayDeviceConfig,requesting nits when no mapping exists.]
12-09 10:58:19.646 1509 1927 E DisplayDeviceConfig: requesting nits when no mapping exists.
12-09 10:58:19.647 1509 1605 I am_wtf : [0,1509,system_server,-1,DisplayDeviceConfig,requesting nits when no mapping exists.]
12-09 10:58:19.664 1509 1927 E DisplayDeviceConfig: requesting nits when no mapping exists.
12-09 10:58:19.665 1509 1605 I am_wtf : [0,1509,system_server,-1,DisplayDeviceConfig,requesting nits when no mapping exists.]
12-09 10:58:19.665 1509 1927 E DisplayDeviceConfig: requesting nits when no mapping exists.
12-09 10:58:19.666 1509 1605 I am_wtf : [0,1509,system_server,-1,DisplayDeviceConfig,requesting nits when no mapping exists.]
12-09 10:58:19.681 1509 1927 E DisplayDeviceConfig: requesting nits when no mapping exists.
12-09 10:58:19.681 1509 1605 I am_wtf : [0,1509,system_server,-1,DisplayDeviceConfig,requesting nits when no mapping exists.]
12-09 10:58:19.683 1509 1927 E DisplayDeviceConfig: requesting nits when no mapping exists.
12-09 10:58:19.684 1509 1605 I am_wtf : [0,1509,system_server,-1,DisplayDeviceConfig,requesting nits when no mapping exists.]
12-09 10:58:19.696 1509 1927 E DisplayDeviceConfig: requesting nits when no mapping exists.
12-09 10:58:19.697 1509 1927 E DisplayDeviceConfig: requesting nits when no mapping exists.
12-09 10:58:19.697 1509 1605 I am_wtf : [0,1509,system_server,-1,DisplayDeviceConfig,requesting nits when no mapping exists.]
12-09 10:58:19.697 1509 1605 I am_wtf : [0,1509,system_server,-1,DisplayDeviceConfig,requesting nits when no mapping exists.]
12-09 10:58:19.714 1509 1927 E DisplayDeviceConfig: requesting nits when no mapping exists.
12-09 10:58:19.715 1509 1605 I am_wtf : [0,1509,system_server,-1,DisplayDeviceConfig,requesting nits when no mapping exists.]
12-09 10:58:19.715 1509 1927 E DisplayDeviceConfig: requesting nits when no mapping exists.
12-09 10:58:19.719 1509 1605 I am_wtf : [0,1509,system_server,-1,DisplayDeviceConfig,requesting nits when no mapping exists.]
12-09 10:58:19.734 1509 1927 E DisplayDeviceConfig: requesting nits when no mapping exists.
12-09 10:58:19.734 1509 1927 E DisplayDeviceConfig: requesting nits when no mapping exists.
12-09 10:58:19.734 1509 1605 I am_wtf : [0,1509,system_server,-1,DisplayDeviceConfig,requesting nits when no mapping exists.]
12-09 10:58:19.735 1509 1605 I am_wtf : [0,1509,system_server,-1,DisplayDeviceConfig,requesting nits when no mapping exists.]
12-09 10:58:19.745 1509 1927 E DisplayDeviceConfig: requesting nits when no mapping exists.
12-09 10:58:19.745 1509 1605 I am_wtf : [0,1509,system_server,-1,DisplayDeviceConfig,requesting nits when no mapping exists.]
12-09 10:58:19.746 1509 1927 E DisplayDeviceConfig: requesting nits when no mapping exists.
12-09 10:58:19.746 1509 1605 I am_wtf : [0,1509,system_server,-1,DisplayDeviceConfig,requesting nits when no mapping exists.]
12-09 10:58:19.763 1509 1927 E DisplayDeviceConfig: requesting nits when no mapping exists.
12-09 10:58:19.764 1509 1927 E DisplayDeviceConfig: requesting nits when no mapping exists.
12-09 10:58:19.764 1509 1605 I am_wtf : [0,1509,system_server,-1,DisplayDeviceConfig,requesting nits when no mapping exists.]
12-09 10:58:19.765 1509 1605 I am_wtf : [0,1509,system_server,-1,DisplayDeviceConfig,requesting nits when no mapping exists.]
12-09 10:58:19.778 1509 1927 E DisplayDeviceConfig: requesting nits when no mapping exists.
12-09 10:58:19.779 1509 1927 E DisplayDeviceConfig: requesting nits when no mapping exists.
12-09 10:58:19.779 1509 1605 I am_wtf : [0,1509,system_server,-1,DisplayDeviceConfig,requesting nits when no mapping exists.]
12-09 10:58:19.779 1509 1605 I am_wtf : [0,1509,system_server,-1,DisplayDeviceConfig,requesting nits when no mapping exists.]
12-09 10:58:19.796 1509 1927 E DisplayDeviceConfig: requesting nits when no mapping exists.
12-09 10:58:19.796 1509 1927 E DisplayDeviceConfig: requesting nits when no mapping exists.
12-09 10:58:19.796 1509 1605 I am_wtf : [0,1509,system_server,-1,DisplayDeviceConfig,requesting nits when no mapping exists.]
12-09 10:58:19.797 1509 1605 I am_wtf : [0,1509,system_server,-1,DisplayDeviceConfig,requesting nits when no mapping exists.]
12-09 10:58:19.813 1509 1927 E DisplayDeviceConfig: requesting nits when no mapping exists.
12-09 10:58:19.813 1509 1927 E DisplayDeviceConfig: requesting nits when no mapping exists.
12-09 10:58:19.813 1509 1605 I am_wtf : [0,1509,system_server,-1,DisplayDeviceConfig,requesting nits when no mapping exists.]
12-09 10:58:19.814 1509 1605 I am_wtf : [0,1509,system_server,-1,DisplayDeviceConfig,requesting nits when no mapping exists.]
12-09 10:58:19.818 1509 1597 I wm_stop_activity: [0,55022223,com.android.settings/.Settings]
12-09 10:58:19.831 1509 1927 E DisplayDeviceConfig: requesting nits when no mapping exists.
12-09 10:58:19.832 1509 1927 E DisplayDeviceConfig: requesting nits when no mapping exists.
12-09 10:58:19.832 1509 1605 I am_wtf : [0,1509,system_server,-1,DisplayDeviceConfig,requesting nits when no mapping exists.]
12-09 10:58:19.832 1509 1605 I am_wtf : [0,1509,system_server,-1,DisplayDeviceConfig,requesting nits when no mapping exists.]
12-09 10:58:19.848 20422 20422 I wm_on_stop_called: [55022223,com.android.settings.Settings,STOP_ACTIVITY_ITEM]
12-09 10:58:19.849 1509 1927 E DisplayDeviceConfig: requesting nits when no mapping exists.
12-09 10:58:19.852 1509 1605 I am_wtf : [0,1509,system_server,-1,DisplayDeviceConfig,requesting nits when no mapping exists.]
12-09 10:58:19.852 1509 1927 E DisplayDeviceConfig: requesting nits when no mapping exists.
12-09 10:58:19.852 1509 1605 I am_wtf : [0,1509,system_server,-1,DisplayDeviceConfig,requesting nits when no mapping exists.]
12-09 10:58:19.862 1509 1927 E DisplayDeviceConfig: requesting nits when no mapping exists.
12-09 10:58:19.863 1509 1605 I am_wtf : [0,1509,system_server,-1,DisplayDeviceConfig,requesting nits when no mapping exists.]
12-09 10:58:19.863 1509 1927 E DisplayDeviceConfig: requesting nits when no mapping exists.
12-09 10:58:19.864 1509 1605 I am_wtf : [0,1509,system_server,-1,DisplayDeviceConfig,requesting nits when no mapping exists.]
12-09 10:58:19.876 1509 1927 E DisplayDeviceConfig: requesting nits when no mapping exists.
12-09 10:58:19.877 1509 1605 I am_wtf : [0,1509,system_server,-1,DisplayDeviceConfig,requesting nits when no mapping exists.]
12-09 10:58:19.878 1509 1927 E DisplayDeviceConfig: requesting nits when no mapping exists.
12-09 10:58:19.878 1509 1605 I am_wtf : [0,1509,system_server,-1,DisplayDeviceConfig,requesting nits when no mapping exists.]
12-09 10:58:19.882 12356 12373 W ContextImpl: Calling a method in the system process without a qualified user: android.app.ContextImpl.startService:1816 android.content.ContextWrapper.startService:774 com.thundercomm.gamemode.ingame.services.GameModeActionUtils.startGameModeService:99 com.thundercomm.gamemode.ingame.services.GameModeActionUtils.startGameModeEntry:22 com.thundercomm.gamemode.ingame.services.ActivityMonitoringService$1.onActivityLaunch:127
12-09 10:58:19.886 1509 1509 I GameModeConfig: Current uri is uri = content://com.thundercomm.gamemode.api/gamemode_settings/gamemode_isgaming
12-09 10:58:19.888 1509 1509 I GameModeConfig: isGameModeOn = false
12-09 10:58:19.888 1509 1509 I GameModeConfig: isGameModeOn = false
12-09 10:58:19.888 1509 1509 I GameModeConfig: isDisableVoice = true
12-09 10:58:19.893 1509 1927 E DisplayDeviceConfig: requesting nits when no mapping exists.
12-09 10:58:19.894 1509 1927 E DisplayDeviceConfig: requesting nits when no mapping exists.
12-09 10:58:19.894 1509 1605 I am_wtf : [0,1509,system_server,-1,DisplayDeviceConfig,requesting nits when no mapping exists.]
12-09 10:58:19.895 1509 1605 I am_wtf : [0,1509,system_server,-1,DisplayDeviceConfig,requesting nits when no mapping exists.]
12-09 10:58:19.911 1509 1927 E DisplayDeviceConfig: requesting nits when no mapping exists.
12-09 10:58:19.911 1509 1927 E DisplayDeviceConfig: requesting nits when no mapping exists.
12-09 10:58:19.911 1509 1605 I am_wtf : [0,1509,system_server,-1,DisplayDeviceConfig,requesting nits when no mapping exists.]
12-09 10:58:19.912 1509 1605 I am_wtf : [0,1509,system_server,-1,DisplayDeviceConfig,requesting nits when no mapping exists.]
12-09 10:58:19.927 1509 1927 E DisplayDeviceConfig: requesting nits when no mapping exists.
12-09 10:58:19.928 1509 1605 I am_wtf : [0,1509,system_server,-1,DisplayDeviceConfig,requesting nits when no mapping exists.]
12-09 10:58:19.928 1509 1927 E DisplayDeviceConfig: requesting nits when no mapping exists.
12-09 10:58:19.929 1509 1605 I am_wtf : [0,1509,system_server,-1,DisplayDeviceConfig,requesting nits when no mapping exists.]
12-09 10:58:19.944 1509 1927 E DisplayDeviceConfig: requesting nits when no mapping exists.
12-09 10:58:19.944 1509 1927 E DisplayDeviceConfig: requesting nits when no mapping exists.
12-09 10:58:19.944 1509 1605 I am_wtf : [0,1509,system_server,-1,DisplayDeviceConfig,requesting nits when no mapping exists.]
12-09 10:58:19.945 1509 1605 I am_wtf : [0,1509,system_server,-1,DisplayDeviceConfig,requesting nits when no mapping exists.]
12-09 10:58:19.961 1509 1927 E DisplayDeviceConfig: requesting nits when no mapping exists.
12-09 10:58:19.961 1509 1605 I am_wtf : [0,1509,system_server,-1,DisplayDeviceConfig,requesting nits when no mapping exists.]
12-09 10:58:19.961 1509 1927 E DisplayDeviceConfig: requesting nits when no mapping exists.
12-09 10:58:19.962 1509 1605 I am_wtf : [0,1509,system_server,-1,DisplayDeviceConfig,requesting nits when no mapping exists.]
12-09 10:58:19.977 1509 1927 E DisplayDeviceConfig: requesting nits when no mapping exists.
12-09 10:58:19.978 1509 1927 E DisplayDeviceConfig: requesting nits when no mapping exists.
12-09 10:58:19.978 1509 1605 I am_wtf : [0,1509,system_server,-1,DisplayDeviceConfig,requesting nits when no mapping exists.]
12-09 10:58:19.979 1509 1605 I am_wtf : [0,1509,system_server,-1,DisplayDeviceConfig,requesting nits when no mapping exists.]
12-09 10:58:19.994 1509 1927 E DisplayDeviceConfig: requesting nits when no mapping exists.
12-09 10:58:19.995 1509 1927 E DisplayDeviceConfig: requesting nits when no mapping exists.
12-09 10:58:19.995 1509 1605 I am_wtf : [0,1509,system_server,-1,DisplayDeviceConfig,requesting nits when no mapping exists.]
12-09 10:58:19.996 1509 1605 I am_wtf : [0,1509,system_server,-1,DisplayDeviceConfig,requesting nits when no mapping exists.]
12-09 10:58:20.011 1509 1927 E DisplayDeviceConfig: requesting nits when no mapping exists.
12-09 10:58:20.011 1509 1605 I am_wtf : [0,1509,system_server,-1,DisplayDeviceConfig,requesting nits when no mapping exists.]
12-09 10:58:20.013 1509 1927 E DisplayDeviceConfig: requesting nits when no mapping exists.
12-09 10:58:20.013 1509 1605 I am_wtf : [0,1509,system_server,-1,DisplayDeviceConfig,requesting nits when no mapping exists.]
12-09 10:58:20.027 1509 1927 E DisplayDeviceConfig: requesting nits when no mapping exists.
12-09 10:58:20.028 1509 1605 I am_wtf : [0,1509,system_server,-1,DisplayDeviceConfig,requesting nits when no mapping exists.]
12-09 10:58:20.028 1509 1927 E DisplayDeviceConfig: requesting nits when no mapping exists.
12-09 10:58:20.029 1509 1605 I am_wtf : [0,1509,system_server,-1,DisplayDeviceConfig,requesting nits when no mapping exists.]
12-09 10:58:20.044 1509 1927 E DisplayDeviceConfig: requesting nits when no mapping exists.
12-09 10:58:20.044 1509 1927 E DisplayDeviceConfig: requesting nits when no mapping exists.
12-09 10:58:20.044 1509 1605 I am_wtf : [0,1509,system_server,-1,DisplayDeviceConfig,requesting nits when no mapping exists.]
12-09 10:58:20.045 1509 1605 I am_wtf : [0,1509,system_server,-1,DisplayDeviceConfig,requesting nits when no mapping exists.]
12-09 10:58:20.060 1509 1927 E DisplayDeviceConfig: requesting nits when no mapping exists.
12-09 10:58:20.061 1509 1927 E DisplayDeviceConfig: requesting nits when no mapping exists.
12-09 10:58:20.061 1509 1605 I am_wtf : [0,1509,system_server,-1,DisplayDeviceConfig,requesting nits when no mapping exists.]
12-09 10:58:20.062 1509 1605 I am_wtf : [0,1509,system_server,-1,DisplayDeviceConfig,requesting nits when no mapping exists.]
12-09 10:58:20.077 1509 1927 E DisplayDeviceConfig: requesting nits when no mapping exists.
12-09 10:58:20.078 1509 1605 I am_wtf : [0,1509,system_server,-1,DisplayDeviceConfig,requesting nits when no mapping exists.]
12-09 10:58:20.078 1509 1927 E DisplayDeviceConfig: requesting nits when no mapping exists.
12-09 10:58:20.079 1509 1605 I am_wtf : [0,1509,system_server,-1,DisplayDeviceConfig,requesting nits when no mapping exists.]
12-09 10:58:20.094 1509 1927 E DisplayDeviceConfig: requesting nits when no mapping exists.
12-09 10:58:20.095 1509 1927 E DisplayDeviceConfig: requesting nits when no mapping exists.
12-09 10:58:20.095 1509 1605 I am_wtf : [0,1509,system_server,-1,DisplayDeviceConfig,requesting nits when no mapping exists.]
12-09 10:58:20.096 1509 1605 I am_wtf : [0,1509,system_server,-1,DisplayDeviceConfig,requesting nits when no mapping exists.]
12-09 10:58:20.111 1509 1927 E DisplayDeviceConfig: requesting nits when no mapping exists.
12-09 10:58:20.112 1509 1927 E DisplayDeviceConfig: requesting nits when no mapping exists.
12-09 10:58:20.112 1509 1605 I am_wtf : [0,1509,system_server,-1,DisplayDeviceConfig,requesting nits when no mapping exists.]
12-09 10:58:20.113 1509 1605 I am_wtf : [0,1509,system_server,-1,DisplayDeviceConfig,requesting nits when no mapping exists.]
12-09 10:58:20.127 1509 1927 E DisplayDeviceConfig: requesting nits when no mapping exists.
12-09 10:58:20.128 1509 1927 E DisplayDeviceConfig: requesting nits when no mapping exists.
12-09 10:58:20.128 1509 1605 I am_wtf : [0,1509,system_server,-1,DisplayDeviceConfig,requesting nits when no mapping exists.]
12-09 10:58:20.130 1509 1605 I am_wtf : [0,1509,system_server,-1,DisplayDeviceConfig,requesting nits when no mapping exists.]
12-09 10:58:20.144 1509 1927 E DisplayDeviceConfig: requesting nits when no mapping exists.
12-09 10:58:20.145 1509 1605 I am_wtf : [0,1509,system_server,-1,DisplayDeviceConfig,requesting nits when no mapping exists.]
12-09 10:58:20.146 1509 1927 E DisplayDeviceConfig: requesting nits when no mapping exists.
12-09 10:58:20.147 1509 1605 I am_wtf : [0,1509,system_server,-1,DisplayDeviceConfig,requesting nits when no mapping exists.]
12-09 10:58:20.161 1509 1927 E DisplayDeviceConfig: requesting nits when no mapping exists.
12-09 10:58:20.161 1509 1605 I am_wtf : [0,1509,system_server,-1,DisplayDeviceConfig,requesting nits when no mapping exists.]
12-09 10:58:20.161 1509 1927 E DisplayDeviceConfig: requesting nits when no mapping exists.
12-09 10:58:20.162 1509 1605 I am_wtf : [0,1509,system_server,-1,DisplayDeviceConfig,requesting nits when no mapping exists.]
12-09 10:58:20.177 1509 1927 E DisplayDeviceConfig: requesting nits when no mapping exists.
12-09 10:58:20.178 1509 1927 E DisplayDeviceConfig: requesting nits when no mapping exists.
12-09 10:58:20.178 1509 1605 I am_wtf : [0,1509,system_server,-1,DisplayDeviceConfig,requesting nits when no mapping exists.]
12-09 10:58:20.180 1509 1605 I am_wtf : [0,1509,system_server,-1,DisplayDeviceConfig,requesting nits when no mapping exists.]
12-09 10:58:20.195 1509 1927 E DisplayDeviceConfig: requesting nits when no mapping exists.
12-09 10:58:20.197 1509 1605 I am_wtf : [0,1509,system_server,-1,DisplayDeviceConfig,requesting nits when no mapping exists.]
12-09 10:58:20.199 1509 1927 E DisplayDeviceConfig: requesting nits when no mapping exists.
12-09 10:58:20.199 1509 1605 I am_wtf : [0,1509,system_server,-1,DisplayDeviceConfig,requesting nits when no mapping exists.]
12-09 10:58:20.203 0 0 I auditd : type=1400 audit(0.0:21481): avc: denied { kill } for comm="swapper/1" capability=5 scontext=u:r:kernel:s0 tcontext=u:r:kernel:s0 tclass=capability permissive=0
12-09 10:58:20.214 1509 1927 E DisplayDeviceConfig: requesting nits when no mapping exists.
12-09 10:58:20.215 1509 1927 E DisplayDeviceConfig: requesting nits when no mapping exists.
12-09 10:58:20.215 1509 1605 I am_wtf : [0,1509,system_server,-1,DisplayDeviceConfig,requesting nits when no mapping exists.]
12-09 10:58:20.216 1509 1605 I am_wtf : [0,1509,system_server,-1,DisplayDeviceConfig,requesting nits when no mapping exists.]
12-09 10:58:20.228 1509 1927 E DisplayDeviceConfig: requesting nits when no mapping exists.
12-09 10:58:20.229 1509 1605 I am_wtf : [0,1509,system_server,-1,DisplayDeviceConfig,requesting nits when no mapping exists.]
12-09 10:58:20.230 1509 1927 E DisplayDeviceConfig: requesting nits when no mapping exists.
12-09 10:58:20.231 1509 1605 I am_wtf : [0,1509,system_server,-1,DisplayDeviceConfig,requesting nits when no mapping exists.]
12-09 10:58:20.245 1509 1927 E DisplayDeviceConfig: requesting nits when no mapping exists.
12-09 10:58:20.246 1509 1927 E DisplayDeviceConfig: requesting nits when no mapping exists.
12-09 10:58:20.246 1509 1605 I am_wtf : [0,1509,system_server,-1,DisplayDeviceConfig,requesting nits when no mapping exists.]
12-09 10:58:20.247 1509 1605 I am_wtf : [0,1509,system_server,-1,DisplayDeviceConfig,requesting nits when no mapping exists.]
12-09 10:58:20.261 1509 1927 E DisplayDeviceConfig: requesting nits when no mapping exists.
12-09 10:58:20.262 1509 1605 I am_wtf : [0,1509,system_server,-1,DisplayDeviceConfig,requesting nits when no mapping exists.]
12-09 10:58:20.263 1509 1927 E DisplayDeviceConfig: requesting nits when no mapping exists.
12-09 10:58:20.263 1509 1605 I am_wtf : [0,1509,system_server,-1,DisplayDeviceConfig,requesting nits when no mapping exists.]
12-09 10:58:20.277 1509 1927 E DisplayDeviceConfig: requesting nits when no mapping exists.
12-09 10:58:20.278 1509 1927 E DisplayDeviceConfig: requesting nits when no mapping exists.
12-09 10:58:20.278 1509 1605 I am_wtf : [0,1509,system_server,-1,DisplayDeviceConfig,requesting nits when no mapping exists.]
12-09 10:58:20.279 1509 1605 I am_wtf : [0,1509,system_server,-1,DisplayDeviceConfig,requesting nits when no mapping exists.]
12-09 10:58:21.203 0 0 I auditd : type=1400 audit(0.0:21482): avc: denied { kill } for comm="swapper/1" capability=5 scontext=u:r:kernel:s0 tcontext=u:r:kernel:s0 tclass=capability permissive=0
12-09 10:58:22.203 0 0 I auditd : type=1400 audit(0.0:21483): avc: denied { kill } for comm="swapper/1" capability=5 scontext=u:r:kernel:s0 tcontext=u:r:kernel:s0 tclass=capability permissive=0
12-09 10:58:23.203 0 0 I auditd : type=1400 audit(0.0:21484): avc: denied { kill } for comm="swapper/1" capability=5 scontext=u:r:kernel:s0 tcontext=u:r:kernel:s0 tclass=capability permissive=0
12-09 10:58:24.203 0 0 I auditd : type=1400 audit(0.0:21485): avc: denied { kill } for comm="swapper/1" capability=5 scontext=u:r:kernel:s0 tcontext=u:r:kernel:s0 tclass=capability permissive=0
12-09 10:58:25.203 0 0 I auditd : type=1400 audit(0.0:21486): avc: denied { kill } for comm="swapper/1" capability=5 scontext=u:r:kernel:s0 tcontext=u:r:kernel:s0 tclass=capability permissive=0
12-09 10:58:25.840 1509 1680 I input_interaction: Interaction with: 27d9504 com.thundercomm.screensaver/android.service.dreams.DreamActivity (server), edge-swipe (server), swipe-up (server), PointerEventDispatcher0 (server),
12-09 10:58:25.845 1509 7753 I wm_finish_activity: [0,253107032,170,com.thundercomm.screensaver/android.service.dreams.DreamActivity,finish-activity]
12-09 10:58:25.845 1509 7753 I wm_task_moved: [169,1,6]
12-09 10:58:25.845 1509 7753 I wm_task_to_front: [0,169]
12-09 10:58:25.846 1509 7753 I wm_focused_root_task: [0,0,169,170,finish-top adjustFocusToNextFocusableTask]
12-09 10:58:25.848 1509 7753 I wm_pause_activity: [0,253107032,com.thundercomm.screensaver/android.service.dreams.DreamActivity,userLeaving=false,finish]
12-09 10:58:25.855 1509 2435 I DreamManagerService: Gently waking up from dream.
12-09 10:58:25.857 1509 1594 I DreamManagerService: Performing gentle wake from dream.
12-09 10:58:25.857 5084 5084 I wm_on_top_resumed_lost_called: [253107032,android.service.dreams.DreamActivity,topStateChangedWhenResumed]
12-09 10:58:25.861 1509 1597 I sysui_multi_action: [757,803,799,window_time_0,802,7]
12-09 10:58:25.863 5084 5084 I wm_on_paused_called: [253107032,android.service.dreams.DreamActivity,performPause]
12-09 10:58:25.864 1509 7753 I wm_add_to_stopping: [0,253107032,com.thundercomm.screensaver/android.service.dreams.DreamActivity,completeFinishing]
12-09 10:58:25.866 1509 7753 I ActivityTaskManager: FOREGROUND_APPLICATION_CHANGED to com.android.settings.homepage.SettingsHomepageActivity
12-09 10:58:25.869 1509 7753 I wm_set_resumed_activity: [0,com.android.settings/.Settings,resumeTopActivityInnerLocked]
12-09 10:58:25.871 1509 7753 I wm_resume_activity: [0,55022223,169,com.android.settings/.Settings]
12-09 10:58:25.874 20422 20422 I wm_on_restart_called: [55022223,com.android.settings.Settings,performRestartActivity]
12-09 10:58:25.881 5084 5084 I view_enqueue_input_event: [Motion - Cancel,com.thundercomm.screensaver/android.service.dreams.DreamActivity]
12-09 10:58:25.882 1509 1680 I input_focus: [Focus leaving 27d9504 com.thundercomm.screensaver/android.service.dreams.DreamActivity (server),reason=NO_WINDOW]
12-09 10:58:25.895 1509 1597 I sysui_multi_action: [757,803,799,window_time_0,802,0]
12-09 10:58:25.899 1509 1680 I input_interaction: Interaction with: edge-swipe (server), swipe-up (server), PointerEventDispatcher0 (server),
12-09 10:58:25.913 12356 12373 W ContextImpl: Calling a method in the system process without a qualified user: android.app.ContextImpl.startService:1816 android.content.ContextWrapper.startService:774 com.thundercomm.gamemode.ingame.services.GameModeActionUtils.startGameModeService:99 com.thundercomm.gamemode.ingame.services.GameModeActionUtils.startGameModeEntry:22 com.thundercomm.gamemode.ingame.services.ActivityMonitoringService$1.onActivityLaunch:127
12-09 10:58:25.914 20422 20422 I wm_on_start_called: [55022223,com.android.settings.Settings,handleStartActivity]
12-09 10:58:25.914 20422 20422 I snet_event_log: [120484087,-1,]
12-09 10:58:25.915 20422 20422 I wm_on_resume_called: [55022223,com.android.settings.Settings,RESUME_ACTIVITY]
12-09 10:58:25.915 20422 20422 I sysui_multi_action: [757,35,758,1,833,0,1089,0]
12-09 10:58:25.916 20422 20422 I sysui_multi_action: [757,65,758,1,833,0,1089,0]
12-09 10:58:25.919 20422 20422 I wm_on_top_resumed_gained_called: [55022223,com.android.settings.Settings,topWhenResuming]
12-09 10:58:25.920 1509 1509 I GameModeConfig: Current uri is uri = content://com.thundercomm.gamemode.api/gamemode_settings/gamemode_isgaming
12-09 10:58:25.926 1509 1509 I GameModeConfig: isGameModeOn = false
12-09 10:58:25.927 1509 1509 I GameModeConfig: isGameModeOn = false
12-09 10:58:25.927 1509 1509 I GameModeConfig: isDisableVoice = true
12-09 10:58:25.946 1509 1621 I PowerManagerService: Powering on display group fromDreaming (groupId=0, uid=1000, reason=WAKE_REASON_UNKNOWN, details=android.server.power:DREAM_FINISHED)...
12-09 10:58:25.946 1509 1621 I PowerManagerService: Waking up from Dreaming (uid=1000, reason=WAKE_REASON_UNKNOWN, details=android.server.power:DREAM_FINISHED)...
12-09 10:58:25.953 1509 1598 I input_focus: [Focus request 976e814 com.android.settings/com.android.settings.Settings,reason=UpdateInputWindows]
12-09 10:58:25.980 1509 1680 I input_focus: [Focus entering 976e814 com.android.settings/com.android.settings.Settings (server),reason=setFocusedWindow]
12-09 10:58:25.989 12356 12373 W ContextImpl: Calling a method in the system process without a qualified user: android.app.ContextImpl.startService:1816 android.content.ContextWrapper.startService:774 com.thundercomm.gamemode.ingame.services.GameModeActionUtils.startGameModeService:99 com.thundercomm.gamemode.ingame.services.GameModeActionUtils.startGameModeEntry:22 com.thundercomm.gamemode.ingame.services.ActivityMonitoringService$1.onActivityLaunch:127
12-09 10:58:25.992 1509 1509 I GameModeConfig: Current uri is uri = content://com.thundercomm.gamemode.api/gamemode_settings/gamemode_isgaming
12-09 10:58:25.995 1509 1509 I GameModeConfig: isGameModeOn = false
12-09 10:58:25.995 1509 1509 I GameModeConfig: isGameModeOn = false
12-09 10:58:25.995 1509 1509 I GameModeConfig: isDisableVoice = true
12-09 10:58:26.203 0 0 I auditd : type=1400 audit(0.0:21487): avc: denied { kill } for comm="swapper/1" capability=5 scontext=u:r:kernel:s0 tcontext=u:r:kernel:s0 tclass=capability permissive=0
12-09 10:58:26.484 1509 1597 I wm_destroy_activity: [0,253107032,170,com.thundercomm.screensaver/android.service.dreams.DreamActivity,finish-imm:idle]
12-09 10:58:26.504 5084 5084 I wm_on_stop_called: [253107032,android.service.dreams.DreamActivity,LIFECYCLER_STOP_ACTIVITY]
12-09 10:58:26.506 12356 12373 W ContextImpl: Calling a method in the system process without a qualified user: android.app.ContextImpl.startService:1816 android.content.ContextWrapper.startService:774 com.thundercomm.gamemode.ingame.services.GameModeActionUtils.startGameModeService:99 com.thundercomm.gamemode.ingame.services.GameModeActionUtils.startGameModeEntry:22 com.thundercomm.gamemode.ingame.services.ActivityMonitoringService$1.onActivityLaunch:127
12-09 10:58:26.511 1509 1509 I GameModeConfig: Current uri is uri = content://com.thundercomm.gamemode.api/gamemode_settings/gamemode_isgaming
12-09 10:58:26.512 5084 5084 I wm_on_destroy_called: [253107032,android.service.dreams.DreamActivity,performDestroy]
12-09 10:58:26.512 1509 7753 I DreamManagerService: Leaving dreamland.
12-09 10:58:26.513 1509 1594 I DreamManagerService: Performing gentle wake from dream.
12-09 10:58:26.513 1509 1594 I DreamController: Stopping dream: name=ComponentInfo{com.thundercomm.screensaver/com.thundercomm.screensaver.service.SystemScreensaverDream}, isTest=false, canDoze=false, userId=0, reason='finished self'(from 'finished self')
12-09 10:58:26.514 1509 1594 I sysui_multi_action: [757,222,758,2]
12-09 10:58:26.514 1509 1594 I sysui_multi_action: [757,804,799,dreaming_minutes,801,0,802,1]
12-09 10:58:26.519 1509 1509 I GameModeConfig: isGameModeOn = false
12-09 10:58:26.519 1509 1509 I GameModeConfig: isGameModeOn = false
12-09 10:58:26.519 1509 1509 I GameModeConfig: isDisableVoice = true
12-09 10:58:26.523 1509 7753 I wm_task_removed: [170,removeChild:removeChild last r=ActivityRecord{f161b58 u0 com.thundercomm.screensaver/android.service.dreams.DreamActivity t-1 f}} in t=Task{845980f #170 type=dream A=10051:android:com.thundercomm.screensaver/dream U=0 visible=false mode=fullscreen translucent=true sz=0}]
12-09 10:58:26.523 1509 7753 I wm_task_removed: [170,removeChild]
12-09 10:58:26.525 1509 1598 W ActivityTaskManager: Can't find TaskDisplayArea to determine support for multi window. Task id=170 attached=false
12-09 10:58:27.203 0 0 I auditd : type=1400 audit(0.0:21488): avc: denied { kill } for comm="swapper/1" capability=5 scontext=u:r:kernel:s0 tcontext=u:r:kernel:s0 tclass=capability permissive=0
12-09 10:58:28.203 0 0 I auditd : type=1400 audit(0.0:21489): avc: denied { kill } for comm="swapper/1" capability=5 scontext=u:r:kernel:s0 tcontext=u:r:kernel:s0 tclass=capability permissive=0
12-09 10:58:29.203 0 0 I auditd : type=1400 audit(0.0:21490): avc: denied { kill } for comm="swapper/1" capability=5 scontext=u:r:kernel:s0 tcontext=u:r:kernel:s0 tclass=capability permissive=0
12-09 10:58:29.549 1509 1737 I GameModeConfig: isGameModeOn = false
12-09 10:58:30.203 0 0 I auditd : type=1400 audit(0.0:21491): avc: denied { kill } for comm="swapper/1" capability=5 scontext=u:r:kernel:s0 tcontext=u:r:kernel:s0 tclass=capability permissive=0
12-09 10:58:31.203 0 0 I auditd : type=1400 audit(0.0:21492): avc: denied { kill } for comm="swapper/1" capability=5 scontext=u:r:kernel:s0 tcontext=u:r:kernel:s0 tclass=capability permissive=0
12-09 10:58:32.203 0 0 I auditd : type=1400 audit(0.0:21493): avc: denied { kill } for comm="swapper/1" capability=5 scontext=u:r:kernel:s0 tcontext=u:r:kernel:s0 tclass=capability permissive=0
12-09 10:58:33.203 0 0 I auditd : type=1400 audit(0.0:21494): avc: denied { kill } for comm="swapper/1" capability=5 scontext=u:r:kernel:s0 tcontext=u:r:kernel:s0 tclass=capability permissive=0
12-09 10:58:34.203 0 0 I auditd : type=1400 audit(0.0:21495): avc: denied { kill } for comm="swapper/1" capability=5 scontext=u:r:kernel:s0 tcontext=u:r:kernel:s0 tclass=capability permissive=0
12-09 10:58:35.203 0 0 I auditd : type=1400 audit(0.0:21496): avc: denied { kill } for comm="swapper/1" capability=5 scontext=u:r:kernel:s0 tcontext=u:r:kernel:s0 tclass=capability permissive=0
12-09 10:58:35.777 1509 1680 I input_interaction: Interaction with: 976e814 com.android.settings/com.android.settings.Settings (server), edge-swipe (server), swipe-up (server), PointerEventDispatcher0 (server),
12-09 10:58:35.918 1509 1598 I input_focus: [Focus request cafa39c PopupWindow:21cd653,reason=UpdateInputWindows]
12-09 10:58:35.940 1509 1680 I input_focus: [Focus leaving 976e814 com.android.settings/com.android.settings.Settings (server),reason=setFocusedWindow]
12-09 10:58:35.940 1509 1680 I input_focus: [Focus entering cafa39c PopupWindow:21cd653 (server),reason=setFocusedWindow]
12-09 10:58:36.203 0 0 I auditd : type=1400 audit(0.0:21497): avc: denied { kill } for comm="swapper/1" capability=5 scontext=u:r:kernel:s0 tcontext=u:r:kernel:s0 tclass=capability permissive=0
12-09 10:58:37.203 0 0 I auditd : type=1400 audit(0.0:21498): avc: denied { kill } for comm="swapper/1" capability=5 scontext=u:r:kernel:s0 tcontext=u:r:kernel:s0 tclass=capability permissive=0
12-09 10:58:37.419 1509 1680 I input_interaction: Interaction with: cafa39c PopupWindow:21cd653 (server), edge-swipe (server), swipe-up (server), PointerEventDispatcher0 (server),
12-09 10:58:37.565 20422 20422 I menu_item_selected: [0,显示系统程序]
12-09 10:58:37.585 1509 1598 I input_focus: [Focus request 976e814 com.android.settings/com.android.settings.Settings,reason=UpdateInputWindows]
12-09 10:58:37.609 1509 1680 I input_focus: [Focus leaving cafa39c PopupWindow:21cd653 (server),reason=NOT_FOCUSABLE]
12-09 10:58:37.609 1509 1680 I input_focus: [Focus entering 976e814 com.android.settings/com.android.settings.Settings (server),reason=setFocusedWindow]
12-09 10:58:38.203 0 0 I auditd : type=1400 audit(0.0:21499): avc: denied { kill } for comm="swapper/1" capability=5 scontext=u:r:kernel:s0 tcontext=u:r:kernel:s0 tclass=capability permissive=0
12-09 10:58:38.505 1509 1680 I input_interaction: Interaction with: 976e814 com.android.settings/com.android.settings.Settings (server), edge-swipe (server), swipe-up (server), PointerEventDispatcher0 (server),
12-09 10:58:38.655 1509 1598 I input_focus: [Focus request 1ad751e PopupWindow:f89164d,reason=UpdateInputWindows]
12-09 10:58:38.679 1509 1680 I input_focus: [Focus leaving 976e814 com.android.settings/com.android.settings.Settings (server),reason=Waiting for window because NOT_VISIBLE]
12-09 10:58:38.695 1509 1680 I input_focus: [Focus entering 1ad751e PopupWindow:f89164d (server),reason=Window became focusable. Previous reason: NOT_VISIBLE]
12-09 10:58:39.379 1509 1680 I input_interaction: Interaction with: 1ad751e PopupWindow:f89164d (server), edge-swipe (server), swipe-up (server), PointerEventDispatcher0 (server),
12-09 10:58:39.552 20422 20422 I menu_item_selected: [0,隐藏系统程序]
12-09 10:58:39.575 1509 1598 I input_focus: [Focus request 976e814 com.android.settings/com.android.settings.Settings,reason=UpdateInputWindows]
12-09 10:58:39.597 1509 1680 I input_focus: [Focus leaving 1ad751e PopupWindow:f89164d (server),reason=NOT_FOCUSABLE]
12-09 10:58:39.597 1509 1680 I input_focus: [Focus entering 976e814 com.android.settings/com.android.settings.Settings (server),reason=setFocusedWindow]
12-09 10:58:40.405 1509 1680 I input_interaction: Interaction with: 976e814 com.android.settings/com.android.settings.Settings (server), edge-swipe (server), swipe-up (server), PointerEventDispatcher0 (server),
12-09 10:58:40.408 1509 1509 I service_manager_stats: [100,65,20877]
12-09 10:58:40.672 20422 20422 I sysui_multi_action: [757,221,758,1,833,0,1089,35]
12-09 10:58:41.808 20422 20422 I sysui_multi_action: [757,770,758,4,854,com.android.music,1089,0]
12-09 10:58:41.812 20422 20422 I sysui_multi_action: [757,830,758,4,833,0,854,app_ops_settings_switch,1089,0]
12-09 10:58:42.991 20422 20422 I sysui_multi_action: [757,221,758,2,1089,2320]
12-09 10:58:44.203 0 0 I auditd : type=1400 audit(0.0:21500): avc: denied { kill } for comm="swapper/1" capability=5 scontext=u:r:kernel:s0 tcontext=u:r:kernel:s0 tclass=capability permissive=0
12-09 10:58:45.011 1509 1598 I input_focus: [Focus request 512a8e1 PopupWindow:8a63696,reason=UpdateInputWindows]
12-09 10:58:45.028 1509 1680 I input_focus: [Focus leaving 976e814 com.android.settings/com.android.settings.Settings (server),reason=setFocusedWindow]
12-09 10:58:45.028 1509 1680 I input_focus: [Focus entering 512a8e1 PopupWindow:8a63696 (server),reason=setFocusedWindow]
12-09 10:58:45.203 0 0 I auditd : type=1400 audit(0.0:21501): avc: denied { kill } for comm="swapper/1" capability=5 scontext=u:r:kernel:s0 tcontext=u:r:kernel:s0 tclass=capability permissive=0
12-09 10:58:45.586 1509 1680 I input_interaction: Interaction with: 512a8e1 PopupWindow:8a63696 (server), edge-swipe (server), swipe-up (server), PointerEventDispatcher0 (server),
12-09 10:58:45.678 20422 20422 I menu_item_selected: [0,显示系统程序]
12-09 10:58:45.696 1509 1598 I input_focus: [Focus request 976e814 com.android.settings/com.android.settings.Settings,reason=UpdateInputWindows]
12-09 10:58:45.730 1509 1680 I input_focus: [Focus leaving 512a8e1 PopupWindow:8a63696 (server),reason=NOT_FOCUSABLE]
12-09 10:58:45.730 1509 1680 I input_focus: [Focus entering 976e814 com.android.settings/com.android.settings.Settings (server),reason=setFocusedWindow]
12-09 10:58:46.203 2682 2682 I auditd : type=1400 audit(0.0:21502): avc: denied { kill } for comm="irq/16-90b6400." capability=5 scontext=u:r:kernel:s0 tcontext=u:r:kernel:s0 tclass=capability permissive=0
12-09 10:58:46.357 1509 1680 I input_interaction: Interaction with: 976e814 com.android.settings/com.android.settings.Settings (server), edge-swipe (server), swipe-up (server), PointerEventDispatcher0 (server),
12-09 10:58:46.544 1509 1598 I input_focus: [Focus request 9e45d78 PopupWindow:8cbf1df,reason=UpdateInputWindows]
12-09 10:58:46.563 1509 1680 I input_focus: [Focus leaving 976e814 com.android.settings/com.android.settings.Settings (server),reason=Waiting for window because NOT_VISIBLE]
12-09 10:58:46.579 1509 1680 I input_focus: [Focus entering 9e45d78 PopupWindow:8cbf1df (server),reason=Window became focusable. Previous reason: NOT_VISIBLE]
12-09 10:58:47.128 1509 1680 I input_interaction: Interaction with: 9e45d78 PopupWindow:8cbf1df (server), edge-swipe (server), swipe-up (server), PointerEventDispatcher0 (server),
12-09 10:58:47.203 0 0 I auditd : type=1400 audit(0.0:21503): avc: denied { kill } for comm="swapper/1" capability=5 scontext=u:r:kernel:s0 tcontext=u:r:kernel:s0 tclass=capability permissive=0
12-09 10:58:47.279 20422 20422 I menu_item_selected: [0,隐藏系统程序]
12-09 10:58:47.310 1509 1598 I input_focus: [Focus request 976e814 com.android.settings/com.android.settings.Settings,reason=UpdateInputWindows]
12-09 10:58:47.332 1509 1680 I input_focus: [Focus leaving 9e45d78 PopupWindow:8cbf1df (server),reason=NOT_FOCUSABLE]
12-09 10:58:47.332 1509 1680 I input_focus: [Focus entering 976e814 com.android.settings/com.android.settings.Settings (server),reason=setFocusedWindow]
12-09 10:58:48.203 0 0 I auditd : type=1400 audit(0.0:21504): avc: denied { kill } for comm="swapper/1" capability=5 scontext=u:r:kernel:s0 tcontext=u:r:kernel:s0 tclass=capability permissive=0
12-09 10:58:48.618 1509 1680 I input_interaction: Interaction with: 976e814 com.android.settings/com.android.settings.Settings (server), edge-swipe (server), swipe-up (server), PointerEventDispatcher0 (server),
12-09 10:58:48.723 20422 20422 I sysui_multi_action: [757,65,758,2,1089,22806]
12-09 10:58:48.740 20422 20422 I sysui_multi_action: [757,351,758,1,833,0,1089,0]
12-09 10:58:49.203 0 0 I auditd : type=1400 audit(0.0:21505): avc: denied { kill } for comm="swapper/1" capability=5 scontext=u:r:kernel:s0 tcontext=u:r:kernel:s0 tclass=capability permissive=0
12-09 10:58:50.195 20422 20422 I sysui_multi_action: [757,830,758,4,833,0,854,system_alert_window_app_list,1089,0]
12-09 10:58:50.206 20422 20422 I sysui_multi_action: [757,351,758,2,1089,1465]
12-09 10:58:50.254 20422 20422 I sysui_multi_action: [757,65,758,1,833,0,1089,46]
12-09 10:58:51.832 1509 20418 I commit_sys_config_file: [appops,20321051]
12-09 10:58:52.155 20422 20422 I sysui_multi_action: [757,221,758,1,833,0,1089,30]
12-09 10:58:52.203 0 0 I auditd : type=1400 audit(0.0:21506): avc: denied { kill } for comm="swapper/3" capability=5 scontext=u:r:kernel:s0 tcontext=u:r:kernel:s0 tclass=capability permissive=0
12-09 10:58:53.073 20422 20422 I sysui_multi_action: [757,771,758,4,854,com.android.music,1089,0]
12-09 10:58:53.077 20422 20422 I sysui_multi_action: [757,830,758,4,833,0,854,app_ops_settings_switch,1089,0]
12-09 10:58:54.203 0 0 I auditd : type=1400 audit(0.0:21507): avc: denied { kill } for comm="swapper/1" capability=5 scontext=u:r:kernel:s0 tcontext=u:r:kernel:s0 tclass=capability permissive=0
12-09 10:58:54.567 20422 20422 I sysui_multi_action: [757,221,758,2,1089,2413]
12-09 10:58:55.433 20422 20422 I sysui_multi_action: [757,65,758,2,1089,5179]
12-09 10:58:55.448 20422 20422 I sysui_multi_action: [757,351,758,1,833,0,1089,0]
12-09 10:58:57.203 0 0 I auditd : type=1400 audit(0.0:21508): avc: denied { kill } for comm="swapper/1" capability=5 scontext=u:r:kernel:s0 tcontext=u:r:kernel:s0 tclass=capability permissive=0
12-09 10:58:57.445 20422 20422 I sysui_multi_action: [757,830,758,4,833,0,854,system_alert_window_app_list,1089,0]
12-09 10:58:57.455 20422 20422 I sysui_multi_action: [757,351,758,2,1089,2006]
12-09 10:58:57.500 20422 20422 I sysui_multi_action: [757,65,758,1,833,0,1089,43]
12-09 10:58:59.203 0 0 I auditd : type=1400 audit(0.0:21509): avc: denied { kill } for comm="swapper/3" capability=5 scontext=u:r:kernel:s0 tcontext=u:r:kernel:s0 tclass=capability permissive=0
12-09 10:59:00.203 0 0 I auditd : type=1400 audit(0.0:21510): avc: denied { kill } for comm="swapper/3" capability=5 scontext=u:r:kernel:s0 tcontext=u:r:kernel:s0 tclass=capability permissive=0
12-09 10:59:01.203 19794 19794 I auditd : type=1400 audit(0.0:21511): avc: denied { kill } for comm="kworker/u16:11" capability=5 scontext=u:r:kernel:s0 tcontext=u:r:kernel:s0 tclass=capability permissive=0
12-09 10:59:02.203 0 0 I auditd : type=1400 audit(0.0:21512): avc: denied { kill } for comm="swapper/3" capability=5 scontext=u:r:kernel:s0 tcontext=u:r:kernel:s0 tclass=capability permissive=0
12-09 10:59:03.086 20422 20422 I menu_item_selected: [0,搜索]
12-09 10:59:03.089 20422 20422 E AndroidRuntime: FATAL EXCEPTION: main
12-09 10:59:03.089 20422 20422 E AndroidRuntime: Process: com.android.settings, PID: 20422
12-09 10:59:03.089 20422 20422 E AndroidRuntime: java.lang.NullPointerException: Attempt to invoke virtual method 'void com.google.android.material.appbar.AppBarLayout.setExpanded(boolean, boolean)' on a null object reference
12-09 10:59:03.089 20422 20422 E AndroidRuntime: at com.android.settings.applications.manageapplications.ManageApplications.onMenuItemActionExpand(ManageApplications.java:685)
12-09 10:59:03.089 20422 20422 E AndroidRuntime: at com.android.internal.view.menu.MenuItemImpl.expandActionView(MenuItemImpl.java:777)
12-09 10:59:03.089 20422 20422 E AndroidRuntime: at com.android.internal.view.menu.MenuBuilder.performItemAction(MenuBuilder.java:940)
12-09 10:59:03.089 20422 20422 E AndroidRuntime: at com.android.internal.view.menu.MenuBuilder.performItemAction(MenuBuilder.java:925)
12-09 10:59:03.089 20422 20422 E AndroidRuntime: at android.widget.ActionMenuView.invokeItem(ActionMenuView.java:620)
12-09 10:59:03.089 20422 20422 E AndroidRuntime: at com.android.internal.view.menu.ActionMenuItemView.onClick(ActionMenuItemView.java:149)
12-09 10:59:03.089 20422 20422 E AndroidRuntime: at android.view.View.performClick(View.java:7441)
12-09 10:59:03.089 20422 20422 E AndroidRuntime: at android.view.View.performClickInternal(View.java:7418)
12-09 10:59:03.089 20422 20422 E AndroidRuntime: at android.view.View.access$3700(View.java:835)
12-09 10:59:03.089 20422 20422 E AndroidRuntime: at android.view.View$PerformClick.run(View.java:28681)
12-09 10:59:03.089 20422 20422 E AndroidRuntime: at android.os.Handler.handleCallback(Handler.java:938)
12-09 10:59:03.089 20422 20422 E AndroidRuntime: at android.os.Handler.dispatchMessage(Handler.java:99)
12-09 10:59:03.089 20422 20422 E AndroidRuntime: at android.os.Looper.loopOnce(Looper.java:201)
12-09 10:59:03.089 20422 20422 E AndroidRuntime: at android.os.Looper.loop(Looper.java:288)
12-09 10:59:03.089 20422 20422 E AndroidRuntime: at android.app.ActivityThread.main(ActivityThread.java:7880)
12-09 10:59:03.089 20422 20422 E AndroidRuntime: at java.lang.reflect.Method.invoke(Native Method)
12-09 10:59:03.089 20422 20422 E AndroidRuntime: at com.android.internal.os.RuntimeInit$MethodAndArgsCaller.run(RuntimeInit.java:548)
12-09 10:59:03.089 20422 20422 E AndroidRuntime: at com.android.internal.os.ZygoteInit.main(ZygoteInit.java:1009)
12-09 10:59:03.091 1509 20418 I commit_sys_config_file: [appops,20332310]
12-09 10:59:03.093 1509 1539 I am_crash: [20422,0,com.android.settings,952745541,java.lang.NullPointerException,Attempt to invoke virtual method 'void com.google.android.material.appbar.AppBarLayout.setExpanded(boolean, boolean)' on a null object reference,ManageApplications.java,685]
12-09 10:59:03.097 1509 1539 W ActivityTaskManager: Force finishing activity com.android.settings/.Settings
12-09 10:59:03.097 1509 1539 I wm_finish_activity: [0,55022223,169,com.android.settings/.Settings,force-crash]
12-09 10:59:03.097 1509 1539 I wm_task_moved: [39,1,6]
12-09 10:59:03.098 1509 1539 I wm_task_moved: [40,1,2147483647]
12-09 10:59:03.098 1509 1539 I wm_task_to_front: [0,40]
12-09 10:59:03.098 1509 1539 I wm_focused_root_task: [0,0,39,169,finish-top adjustFocusToNextFocusableTask]
12-09 10:59:03.099 1509 1539 I wm_set_resumed_activity: [0,com.android.launcher3/.uioverrides.QuickstepLauncher,finish-top adjustFocusToNextFocusableTask]
12-09 10:59:03.100 1509 20583 I DropBoxManagerService: add tag=system_app_crash isTagEnabled=true flags=0x2
12-09 10:59:03.107 1509 1539 I wm_pause_activity: [0,55022223,com.android.settings/.Settings,userLeaving=false,finish]
12-09 10:59:03.116 1509 1539 I sysui_multi_action: [757,316,758,4,759,-1]
12-09 10:59:03.137 1509 1680 I input_focus: [Focus leaving 976e814 com.android.settings/com.android.settings.Settings (server),reason=NO_WINDOW]
12-09 10:59:03.200 1509 13961 I ActivityManager: Process com.android.settings (pid 20422) has died: fg TOP
12-09 10:59:03.203 1509 1539 I WindowManager: WIN DEATH: Window{976e814 u0 com.android.settings/com.android.settings.Settings}
12-09 10:59:03.203 1509 13961 I am_proc_died: [0,20422,com.android.settings,0,2]
12-09 10:59:03.212 1509 13961 I wm_task_removed: [169,removeChild:removeChild last r=ActivityRecord{347928f u0 com.android.settings/.Settings t-1 f}} in t=Task{56f42a1 #169 type=standard A=1000:com.android.settings.root U=0 visible=false mode=fullscreen translucent=true sz=0}]
12-09 10:59:03.212 1509 13961 I wm_task_removed: [169,removeChild]
12-09 10:59:03.213 1509 13961 I ActivityTaskManager: FOREGROUND_APPLICATION_CHANGED to com.android.launcher3.uioverrides.QuickstepLauncher
