12-09 10:24:36.256 1509 1598 W WindowManager: updateScale0.4617737
12-09 10:24:36.271 1509 1598 D FreeFormWindowHelper: refreshTipWindow windowDragBounds:Rect(2429, 1032 - 2731, 1570)
12-09 10:24:36.272 1509 1598 W WindowManager: updateScale0.4617737
12-09 10:24:36.272 1509 1598 W WindowManager: updateScale0.4617737
12-09 10:24:36.287 1509 1598 D FreeFormWindowHelper: refreshTipWindow windowDragBounds:Rect(2431, 1032 - 2733, 1570)
12-09 10:24:36.289 1509 1598 W WindowManager: updateScale0.4617737
12-09 10:24:36.289 1509 1598 W WindowManager: updateScale0.4617737
12-09 10:24:36.304 1509 1598 D FreeFormWindowHelper: refreshTipWindow windowDragBounds:Rect(2432, 1032 - 2734, 1570)
12-09 10:24:36.305 1509 1598 W WindowManager: updateScale0.4617737
12-09 10:24:36.305 1509 1598 W WindowManager: updateScale0.4617737
12-09 10:24:36.321 1509 1598 D FreeFormWindowHelper: refreshTipWindow windowDragBounds:Rect(2433, 1032 - 2735, 1570)
12-09 10:24:36.322 1509 1598 W WindowManager: updateScale0.4617737
12-09 10:24:36.322 1509 1598 W WindowManager: updateScale0.4617737
12-09 10:24:36.352 1509 1598 D WindowManager: updateWindowDragBounds: mIsSwipeYfalse
12-09 10:24:36.352 1509 1598 D WindowManager: updateWindowDragBounds: mIsTopfalse
12-09 10:24:36.352 1509 1598 D WindowManager: updateWindowDragBounds: mIsSwipeXfalse
12-09 10:24:36.356 1509 1598 W WindowManager: updateScale0.4617737
12-09 10:24:36.356 1509 1598 W WindowManager: updateScale0.4617737
12-09 10:24:37.223 1509 1598 D FreeFormWindowHelper: refreshTipWindow windowDragBounds:Rect(2110, 518 - 2412, 1056)
12-09 10:24:37.225 1509 1598 W WindowManager: updateScale0.4617737
12-09 10:24:37.226 1509 1598 W WindowManager: updateScale0.4617737
12-09 10:24:37.239 1509 1598 D FreeFormWindowHelper: refreshTipWindow windowDragBounds:Rect(2131, 549 - 2433, 1087)
12-09 10:24:37.241 1509 1598 W WindowManager: updateScale0.4617737
12-09 10:24:37.241 1509 1598 W WindowManager: updateScale0.4617737
12-09 10:24:37.256 1509 1598 D FreeFormWindowHelper: refreshTipWindow windowDragBounds:Rect(2154, 583 - 2456, 1121)
12-09 10:24:37.260 1509 1598 W WindowManager: updateScale0.4617737
12-09 10:24:37.260 1509 1598 W WindowManager: updateScale0.4617737
12-09 10:24:37.273 1509 1598 D FreeFormWindowHelper: refreshTipWindow windowDragBounds:Rect(2180, 619 - 2482, 1157)
12-09 10:24:37.275 1509 1598 W WindowManager: updateScale0.4617737
12-09 10:24:37.275 1509 1598 W WindowManager: updateScale0.4617737
12-09 10:24:37.290 1509 1598 D FreeFormWindowHelper: refreshTipWindow windowDragBounds:Rect(2213, 660 - 2515, 1198)
12-09 10:24:37.291 1509 1598 W WindowManager: updateScale0.4617737
12-09 10:24:37.291 1509 1598 W WindowManager: updateScale0.4617737
12-09 10:24:37.306 1509 1598 D FreeFormWindowHelper: refreshTipWindow windowDragBounds:Rect(2247, 704 - 2549, 1242)
12-09 10:24:37.308 1509 1598 W WindowManager: updateScale0.4617737
12-09 10:24:37.308 1509 1598 W WindowManager: updateScale0.4617737
12-09 10:24:37.323 1509 1598 D FreeFormWindowHelper: refreshTipWindow windowDragBounds:Rect(2284, 754 - 2586, 1292)
12-09 10:24:37.324 1509 1598 W WindowManager: updateScale0.4617737
12-09 10:24:37.324 1509 1598 W WindowManager: updateScale0.4617737
12-09 10:24:37.340 1509 1598 D FreeFormWindowHelper: refreshTipWindow windowDragBounds:Rect(2321, 801 - 2623, 1339)
12-09 10:24:37.342 1509 1598 W WindowManager: updateScale0.4617737
12-09 10:24:37.342 1509 1598 W WindowManager: updateScale0.4617737
12-09 10:24:37.353 1509 2100 W WindowManager: updateScale0.4617737
12-09 10:24:37.353 1509 2100 W WindowManager: updateScale0.4617737
12-09 10:24:37.356 1509 1598 D FreeFormWindowHelper: refreshTipWindow windowDragBounds:Rect(2358, 855 - 2660, 1393)
12-09 10:24:37.358 1509 1598 W WindowManager: updateScale0.4617737
12-09 10:24:37.358 1509 1598 W WindowManager: updateScale0.4617737
12-09 10:24:37.380 1509 1598 D FreeFormWindowHelper: refreshTipWindow windowDragBounds:Rect(2390, 902 - 2692, 1440)
12-09 10:24:37.382 1509 1598 W WindowManager: updateScale0.4617737
12-09 10:24:37.382 1509 1598 W WindowManager: updateScale0.4617737
12-09 10:24:37.390 1509 1598 D FreeFormWindowHelper: refreshTipWindow windowDragBounds:Rect(2403, 930 - 2705, 1468)
12-09 10:24:37.393 1509 1598 W WindowManager: updateScale0.4617737
12-09 10:24:37.393 1509 1598 W WindowManager: updateScale0.4617737
12-09 10:24:37.409 1509 1598 D WindowManager: updateWindowDragBounds: mIsSwipeYtrue
12-09 10:24:37.409 1509 1598 D WindowManager: updateWindowDragBounds: mIsTopfalse
12-09 10:24:37.409 1509 1598 D WindowManager: updateWindowDragBounds: mIsSwipeXfalse
12-09 10:24:37.410 1509 1598 W WindowManager: updateScale0.4617737
12-09 10:24:37.410 1509 1598 W WindowManager: updateScale0.4617737
12-09 10:25:11.423 1509 1605 W BroadcastQueue: Permission Denial: broadcasting Intent { act=android.net.conn.CONNECTIVITY_CHANGE flg=0x4200010 (has extras) } from null (pid=-1, uid=-1) requires com.baidu.input.permission.sofire.RECEIVE due to registered receiver BroadcastFilter{ec20cd2 10022/u0 ReceiverList{8d7b5d 4164 com.baidu.input/10022/u0 remote:bcb134}}
12-09 10:25:30.333 1509 1621 V DisplayPowerController[0]: Brightness [0.05] reason changing to: 'manual [ dim ]', previous reason: 'manual'.
12-09 10:25:30.334 1509 1621 W PowerManagerService: Screen on took 220173 ms
12-09 10:25:30.348 1509 1927 E DisplayDeviceConfig: requesting nits when no mapping exists.
12-09 10:25:30.349 1509 1927 E DisplayDeviceConfig: requesting nits when no mapping exists.
12-09 10:25:30.351 1509 1605 I DropBoxManagerService: add tag=system_server_wtf isTagEnabled=true flags=0x2
12-09 10:25:30.354 1509 1605 I DropBoxManagerService: add tag=system_server_wtf isTagEnabled=true flags=0x2
12-09 10:25:30.364 1509 1927 E DisplayDeviceConfig: requesting nits when no mapping exists.
12-09 10:25:30.365 1509 1927 E DisplayDeviceConfig: requesting nits when no mapping exists.
12-09 10:25:30.367 1509 1605 I DropBoxManagerService: add tag=system_server_wtf isTagEnabled=true flags=0x2
12-09 10:25:30.369 1509 1605 I DropBoxManagerService: add tag=system_server_wtf isTagEnabled=true flags=0x2
12-09 10:25:30.381 1509 1927 E DisplayDeviceConfig: requesting nits when no mapping exists.
12-09 10:25:30.381 1509 1927 E DisplayDeviceConfig: requesting nits when no mapping exists.
12-09 10:25:30.382 1509 1605 I DropBoxManagerService: add tag=system_server_wtf isTagEnabled=true flags=0x2
12-09 10:25:30.396 1509 1927 E DisplayDeviceConfig: requesting nits when no mapping exists.
12-09 10:25:30.397 1509 1927 E DisplayDeviceConfig: requesting nits when no mapping exists.
12-09 10:25:30.413 1509 1927 E DisplayDeviceConfig: requesting nits when no mapping exists.
12-09 10:25:30.414 1509 1927 E DisplayDeviceConfig: requesting nits when no mapping exists.
12-09 10:25:30.430 1509 1927 E DisplayDeviceConfig: requesting nits when no mapping exists.
12-09 10:25:30.431 1509 1927 E DisplayDeviceConfig: requesting nits when no mapping exists.
12-09 10:25:30.446 1509 1927 E DisplayDeviceConfig: requesting nits when no mapping exists.
12-09 10:25:30.447 1509 1927 E DisplayDeviceConfig: requesting nits when no mapping exists.
12-09 10:25:30.463 1509 1927 E DisplayDeviceConfig: requesting nits when no mapping exists.
12-09 10:25:30.464 1509 1927 E DisplayDeviceConfig: requesting nits when no mapping exists.
12-09 10:25:30.480 1509 1927 E DisplayDeviceConfig: requesting nits when no mapping exists.
12-09 10:25:30.480 1509 1927 E DisplayDeviceConfig: requesting nits when no mapping exists.
12-09 10:25:30.497 1509 1927 E DisplayDeviceConfig: requesting nits when no mapping exists.
12-09 10:25:30.497 1509 1927 E DisplayDeviceConfig: requesting nits when no mapping exists.
12-09 10:25:30.513 1509 1927 E DisplayDeviceConfig: requesting nits when no mapping exists.
12-09 10:25:30.514 1509 1927 E DisplayDeviceConfig: requesting nits when no mapping exists.
12-09 10:25:30.530 1509 1927 E DisplayDeviceConfig: requesting nits when no mapping exists.
12-09 10:25:30.530 1509 1927 E DisplayDeviceConfig: requesting nits when no mapping exists.
12-09 10:25:30.547 1509 1927 E DisplayDeviceConfig: requesting nits when no mapping exists.
12-09 10:25:30.547 1509 1927 E DisplayDeviceConfig: requesting nits when no mapping exists.
12-09 10:25:30.563 1509 1927 E DisplayDeviceConfig: requesting nits when no mapping exists.
12-09 10:25:30.564 1509 1927 E DisplayDeviceConfig: requesting nits when no mapping exists.
12-09 10:25:30.580 1509 1927 E DisplayDeviceConfig: requesting nits when no mapping exists.
12-09 10:25:30.581 1509 1927 E DisplayDeviceConfig: requesting nits when no mapping exists.
12-09 10:25:30.597 1509 1927 E DisplayDeviceConfig: requesting nits when no mapping exists.
12-09 10:25:30.597 1509 1927 E DisplayDeviceConfig: requesting nits when no mapping exists.
12-09 10:25:30.614 1509 1927 E DisplayDeviceConfig: requesting nits when no mapping exists.
12-09 10:25:30.615 1509 1927 E DisplayDeviceConfig: requesting nits when no mapping exists.
12-09 10:25:30.630 1509 1927 E DisplayDeviceConfig: requesting nits when no mapping exists.
12-09 10:25:30.631 1509 1927 E DisplayDeviceConfig: requesting nits when no mapping exists.
12-09 10:25:30.647 1509 1927 E DisplayDeviceConfig: requesting nits when no mapping exists.
12-09 10:25:30.648 1509 1927 E DisplayDeviceConfig: requesting nits when no mapping exists.
12-09 10:25:30.663 1509 1927 E DisplayDeviceConfig: requesting nits when no mapping exists.
12-09 10:25:30.664 1509 1927 E DisplayDeviceConfig: requesting nits when no mapping exists.
12-09 10:25:30.680 1509 1927 E DisplayDeviceConfig: requesting nits when no mapping exists.
12-09 10:25:30.681 1509 1927 E DisplayDeviceConfig: requesting nits when no mapping exists.
12-09 10:25:30.697 1509 1927 E DisplayDeviceConfig: requesting nits when no mapping exists.
12-09 10:25:30.698 1509 1927 E DisplayDeviceConfig: requesting nits when no mapping exists.
12-09 10:25:30.714 1509 1927 E DisplayDeviceConfig: requesting nits when no mapping exists.
12-09 10:25:30.714 1509 1927 E DisplayDeviceConfig: requesting nits when no mapping exists.
12-09 10:25:30.731 1509 1927 E DisplayDeviceConfig: requesting nits when no mapping exists.
12-09 10:25:30.731 1509 1927 E DisplayDeviceConfig: requesting nits when no mapping exists.
12-09 10:25:30.747 1509 1927 E DisplayDeviceConfig: requesting nits when no mapping exists.
12-09 10:25:30.748 1509 1927 E DisplayDeviceConfig: requesting nits when no mapping exists.
12-09 10:25:30.764 1509 1927 E DisplayDeviceConfig: requesting nits when no mapping exists.
12-09 10:25:30.765 1509 1927 E DisplayDeviceConfig: requesting nits when no mapping exists.
12-09 10:25:30.781 1509 1927 E DisplayDeviceConfig: requesting nits when no mapping exists.
12-09 10:25:30.781 1509 1927 E DisplayDeviceConfig: requesting nits when no mapping exists.
12-09 10:25:30.797 1509 1927 E DisplayDeviceConfig: requesting nits when no mapping exists.
12-09 10:25:30.798 1509 1927 E DisplayDeviceConfig: requesting nits when no mapping exists.
12-09 10:25:30.814 1509 1927 E DisplayDeviceConfig: requesting nits when no mapping exists.
12-09 10:25:30.814 1509 1927 E DisplayDeviceConfig: requesting nits when no mapping exists.
12-09 10:25:30.831 1509 1927 E DisplayDeviceConfig: requesting nits when no mapping exists.
12-09 10:25:30.832 1509 1927 E DisplayDeviceConfig: requesting nits when no mapping exists.
12-09 10:25:30.847 1509 1927 E DisplayDeviceConfig: requesting nits when no mapping exists.
12-09 10:25:30.848 1509 1927 E DisplayDeviceConfig: requesting nits when no mapping exists.
12-09 10:25:30.864 1509 1927 E DisplayDeviceConfig: requesting nits when no mapping exists.
12-09 10:25:30.865 1509 1927 E DisplayDeviceConfig: requesting nits when no mapping exists.
12-09 10:25:30.881 1509 1927 E DisplayDeviceConfig: requesting nits when no mapping exists.
12-09 10:25:30.882 1509 1927 E DisplayDeviceConfig: requesting nits when no mapping exists.
12-09 10:25:30.898 1509 1927 E DisplayDeviceConfig: requesting nits when no mapping exists.
12-09 10:25:30.898 1509 1927 E DisplayDeviceConfig: requesting nits when no mapping exists.
12-09 10:25:30.914 1509 1927 E DisplayDeviceConfig: requesting nits when no mapping exists.
12-09 10:25:30.915 1509 1927 E DisplayDeviceConfig: requesting nits when no mapping exists.
12-09 10:25:30.931 1509 1927 E DisplayDeviceConfig: requesting nits when no mapping exists.
12-09 10:25:30.931 1509 1927 E DisplayDeviceConfig: requesting nits when no mapping exists.
12-09 10:25:30.948 1509 1927 E DisplayDeviceConfig: requesting nits when no mapping exists.
12-09 10:25:30.948 1509 1927 E DisplayDeviceConfig: requesting nits when no mapping exists.
12-09 10:25:30.964 1509 1927 E DisplayDeviceConfig: requesting nits when no mapping exists.
12-09 10:25:30.965 1509 1927 E DisplayDeviceConfig: requesting nits when no mapping exists.
12-09 10:25:30.981 1509 1927 E DisplayDeviceConfig: requesting nits when no mapping exists.
12-09 10:25:30.981 1509 1927 E DisplayDeviceConfig: requesting nits when no mapping exists.
12-09 10:25:30.997 1509 1927 E DisplayDeviceConfig: requesting nits when no mapping exists.
12-09 10:25:30.999 1509 1927 E DisplayDeviceConfig: requesting nits when no mapping exists.
12-09 10:25:31.014 1509 1927 E DisplayDeviceConfig: requesting nits when no mapping exists.
12-09 10:25:31.016 1509 1927 E DisplayDeviceConfig: requesting nits when no mapping exists.
12-09 10:25:31.031 1509 1927 E DisplayDeviceConfig: requesting nits when no mapping exists.
12-09 10:25:31.032 1509 1927 E DisplayDeviceConfig: requesting nits when no mapping exists.
12-09 10:25:31.048 1509 1927 E DisplayDeviceConfig: requesting nits when no mapping exists.
12-09 10:25:31.048 1509 1927 E DisplayDeviceConfig: requesting nits when no mapping exists.
12-09 10:25:31.064 1509 1927 E DisplayDeviceConfig: requesting nits when no mapping exists.
12-09 10:25:31.066 1509 1927 E DisplayDeviceConfig: requesting nits when no mapping exists.
12-09 10:25:31.081 1509 1927 E DisplayDeviceConfig: requesting nits when no mapping exists.
12-09 10:25:31.081 1509 1927 E DisplayDeviceConfig: requesting nits when no mapping exists.
12-09 10:25:31.098 1509 1927 E DisplayDeviceConfig: requesting nits when no mapping exists.
12-09 10:25:31.099 1509 1927 E DisplayDeviceConfig: requesting nits when no mapping exists.
12-09 10:25:31.114 1509 1927 E DisplayDeviceConfig: requesting nits when no mapping exists.
12-09 10:25:31.115 1509 1927 E DisplayDeviceConfig: requesting nits when no mapping exists.
12-09 10:25:31.131 1509 1927 E DisplayDeviceConfig: requesting nits when no mapping exists.
12-09 10:25:31.133 1509 1927 E DisplayDeviceConfig: requesting nits when no mapping exists.
12-09 10:25:31.148 1509 1927 E DisplayDeviceConfig: requesting nits when no mapping exists.
12-09 10:25:31.150 1509 1927 E DisplayDeviceConfig: requesting nits when no mapping exists.
12-09 10:25:31.165 1509 1927 E DisplayDeviceConfig: requesting nits when no mapping exists.
12-09 10:25:31.165 1509 1927 E DisplayDeviceConfig: requesting nits when no mapping exists.
12-09 10:25:31.181 1509 1927 E DisplayDeviceConfig: requesting nits when no mapping exists.
12-09 10:25:31.182 1509 1927 E DisplayDeviceConfig: requesting nits when no mapping exists.
12-09 10:25:31.203 1509 1927 E DisplayDeviceConfig: requesting nits when no mapping exists.
12-09 10:25:31.203 1509 1927 E DisplayDeviceConfig: requesting nits when no mapping exists.
12-09 10:25:31.218 1509 1927 E DisplayDeviceConfig: requesting nits when no mapping exists.
12-09 10:25:31.220 1509 1927 E DisplayDeviceConfig: requesting nits when no mapping exists.
12-09 10:25:31.231 1509 1927 E DisplayDeviceConfig: requesting nits when no mapping exists.
12-09 10:25:31.231 1509 1927 E DisplayDeviceConfig: requesting nits when no mapping exists.
12-09 10:25:31.248 1509 1927 E DisplayDeviceConfig: requesting nits when no mapping exists.
12-09 10:25:31.249 1509 1927 E DisplayDeviceConfig: requesting nits when no mapping exists.
12-09 10:25:31.265 1509 1927 E DisplayDeviceConfig: requesting nits when no mapping exists.
12-09 10:25:31.265 1509 1927 E DisplayDeviceConfig: requesting nits when no mapping exists.
12-09 10:25:31.281 1509 1927 E DisplayDeviceConfig: requesting nits when no mapping exists.
12-09 10:25:31.283 1509 1927 E DisplayDeviceConfig: requesting nits when no mapping exists.
12-09 10:25:33.208 1509 1621 V DisplayPowerController[0]: Brightness [1.0] reason changing to: 'manual', previous reason: 'manual [ dim ]'.
12-09 10:25:33.213 1509 1927 E DisplayDeviceConfig: requesting nits when no mapping exists.
12-09 10:25:33.214 1509 1927 E DisplayDeviceConfig: requesting nits when no mapping exists.
12-09 10:25:33.230 1509 1927 E DisplayDeviceConfig: requesting nits when no mapping exists.
12-09 10:25:33.231 1509 1927 E DisplayDeviceConfig: requesting nits when no mapping exists.
12-09 10:25:33.246 1509 1927 E DisplayDeviceConfig: requesting nits when no mapping exists.
12-09 10:25:33.247 1509 1927 E DisplayDeviceConfig: requesting nits when no mapping exists.
12-09 10:25:33.253 1509 1927 E DisplayDeviceConfig: requesting nits when no mapping exists.
12-09 10:25:33.254 1509 1927 E DisplayDeviceConfig: requesting nits when no mapping exists.
12-09 10:25:33.271 1509 1927 E DisplayDeviceConfig: requesting nits when no mapping exists.
12-09 10:25:33.271 1509 1927 E DisplayDeviceConfig: requesting nits when no mapping exists.
12-09 10:25:33.288 1509 1927 E DisplayDeviceConfig: requesting nits when no mapping exists.
12-09 10:25:33.289 1509 1927 E DisplayDeviceConfig: requesting nits when no mapping exists.
12-09 10:25:33.291 1509 1598 D FreeFormWindowHelper: refreshTipWindow windowDragBounds:Rect(2084, 501 - 2386, 1039)
12-09 10:25:33.295 1509 1598 W WindowManager: updateScale0.4617737
12-09 10:25:33.295 1509 1598 W WindowManager: updateScale0.4617737
12-09 10:25:33.315 1509 1927 E DisplayDeviceConfig: requesting nits when no mapping exists.
12-09 10:25:33.317 1509 1927 E DisplayDeviceConfig: requesting nits when no mapping exists.
12-09 10:25:33.318 1509 1598 D FreeFormWindowHelper: refreshTipWindow windowDragBounds:Rect(2093, 528 - 2395, 1066)
12-09 10:25:33.320 1509 1598 W WindowManager: updateScale0.4617737
12-09 10:25:33.320 1509 1598 W WindowManager: updateScale0.4617737
12-09 10:25:33.322 1509 1927 E DisplayDeviceConfig: requesting nits when no mapping exists.
12-09 10:25:33.323 1509 1927 E DisplayDeviceConfig: requesting nits when no mapping exists.
12-09 10:25:33.337 1509 1927 E DisplayDeviceConfig: requesting nits when no mapping exists.
12-09 10:25:33.338 1509 1927 E DisplayDeviceConfig: requesting nits when no mapping exists.
12-09 10:25:33.341 1509 1598 D FreeFormWindowHelper: refreshTipWindow windowDragBounds:Rect(2128, 582 - 2430, 1120)
12-09 10:25:33.343 1509 1598 W WindowManager: updateScale0.4617737
12-09 10:25:33.343 1509 1598 W WindowManager: updateScale0.4617737
12-09 10:25:33.353 1509 1927 E DisplayDeviceConfig: requesting nits when no mapping exists.
12-09 10:25:33.355 1509 1927 E DisplayDeviceConfig: requesting nits when no mapping exists.
12-09 10:25:33.371 1509 1927 E DisplayDeviceConfig: requesting nits when no mapping exists.
12-09 10:25:33.372 1509 1927 E DisplayDeviceConfig: requesting nits when no mapping exists.
12-09 10:25:33.374 1509 1598 D FreeFormWindowHelper: refreshTipWindow windowDragBounds:Rect(2157, 621 - 2459, 1159)
12-09 10:25:33.375 1509 1598 W WindowManager: updateScale0.4617737
12-09 10:25:33.376 1509 1598 W WindowManager: updateScale0.4617737
12-09 10:25:33.387 1509 1927 E DisplayDeviceConfig: requesting nits when no mapping exists.
12-09 10:25:33.387 1509 1927 E DisplayDeviceConfig: requesting nits when no mapping exists.
12-09 10:25:33.391 1509 1598 D FreeFormWindowHelper: refreshTipWindow windowDragBounds:Rect(2174, 645 - 2476, 1183)
12-09 10:25:33.392 1509 1598 W WindowManager: updateScale0.4617737
12-09 10:25:33.392 1509 1598 W WindowManager: updateScale0.4617737
12-09 10:25:33.404 1509 1927 E DisplayDeviceConfig: requesting nits when no mapping exists.
12-09 10:25:33.405 1509 1927 E DisplayDeviceConfig: requesting nits when no mapping exists.
12-09 10:25:33.408 1509 1598 D FreeFormWindowHelper: refreshTipWindow windowDragBounds:Rect(2194, 671 - 2496, 1209)
12-09 10:25:33.409 1509 1598 W WindowManager: updateScale0.4617737
12-09 10:25:33.409 1509 1598 W WindowManager: updateScale0.4617737
12-09 10:25:33.420 1509 1927 E DisplayDeviceConfig: requesting nits when no mapping exists.
12-09 10:25:33.421 1509 1927 E DisplayDeviceConfig: requesting nits when no mapping exists.
12-09 10:25:33.424 1509 1598 D FreeFormWindowHelper: refreshTipWindow windowDragBounds:Rect(2213, 705 - 2515, 1243)
12-09 10:25:33.426 1509 1598 W WindowManager: updateScale0.4617737
12-09 10:25:33.426 1509 1598 W WindowManager: updateScale0.4617737
12-09 10:25:33.437 1509 1927 E DisplayDeviceConfig: requesting nits when no mapping exists.
12-09 10:25:33.439 1509 1927 E DisplayDeviceConfig: requesting nits when no mapping exists.
12-09 10:25:33.441 1509 1598 D FreeFormWindowHelper: refreshTipWindow windowDragBounds:Rect(2219, 719 - 2521, 1257)
12-09 10:25:33.443 1509 1598 W WindowManager: updateScale0.4617737
12-09 10:25:33.443 1509 1598 W WindowManager: updateScale0.4617737
12-09 10:25:33.454 1509 1927 E DisplayDeviceConfig: requesting nits when no mapping exists.
12-09 10:25:33.455 1509 1927 E DisplayDeviceConfig: requesting nits when no mapping exists.
12-09 10:25:33.458 1509 1598 D FreeFormWindowHelper: refreshTipWindow windowDragBounds:Rect(2237, 754 - 2539, 1292)
12-09 10:25:33.460 1509 1598 W WindowManager: updateScale0.4617737
12-09 10:25:33.460 1509 1598 W WindowManager: updateScale0.4617737
12-09 10:25:33.470 1509 1927 E DisplayDeviceConfig: requesting nits when no mapping exists.
12-09 10:25:33.471 1509 1927 E DisplayDeviceConfig: requesting nits when no mapping exists.
12-09 10:25:33.475 1509 1598 D FreeFormWindowHelper: refreshTipWindow windowDragBounds:Rect(2253, 779 - 2555, 1317)
12-09 10:25:33.476 1509 1598 W WindowManager: updateScale0.4617737
12-09 10:25:33.476 1509 1598 W WindowManager: updateScale0.4617737
12-09 10:25:33.487 1509 1927 E DisplayDeviceConfig: requesting nits when no mapping exists.
12-09 10:25:33.488 1509 1927 E DisplayDeviceConfig: requesting nits when no mapping exists.
12-09 10:25:33.491 1509 1598 D FreeFormWindowHelper: refreshTipWindow windowDragBounds:Rect(2262, 790 - 2564, 1328)
12-09 10:25:33.493 1509 1598 W WindowManager: updateScale0.4617737
12-09 10:25:33.493 1509 1598 W WindowManager: updateScale0.4617737
12-09 10:25:33.504 1509 1927 E DisplayDeviceConfig: requesting nits when no mapping exists.
12-09 10:25:33.506 1509 1927 E DisplayDeviceConfig: requesting nits when no mapping exists.
12-09 10:25:33.508 1509 1598 D FreeFormWindowHelper: refreshTipWindow windowDragBounds:Rect(2292, 817 - 2594, 1355)
12-09 10:25:33.509 1509 1598 W WindowManager: updateScale0.4617737
12-09 10:25:33.509 1509 1598 W WindowManager: updateScale0.4617737
12-09 10:25:33.521 1509 1927 E DisplayDeviceConfig: requesting nits when no mapping exists.
12-09 10:25:33.521 1509 1927 E DisplayDeviceConfig: requesting nits when no mapping exists.
12-09 10:25:33.525 1509 1598 D FreeFormWindowHelper: refreshTipWindow windowDragBounds:Rect(2306, 834 - 2608, 1372)
12-09 10:25:33.526 1509 1598 W WindowManager: updateScale0.4617737
12-09 10:25:33.526 1509 1598 W WindowManager: updateScale0.4617737
12-09 10:25:33.537 1509 1927 E DisplayDeviceConfig: requesting nits when no mapping exists.
12-09 10:25:33.538 1509 1927 E DisplayDeviceConfig: requesting nits when no mapping exists.
12-09 10:25:33.541 1509 1598 D FreeFormWindowHelper: refreshTipWindow windowDragBounds:Rect(2322, 849 - 2624, 1387)
12-09 10:25:33.543 1509 1598 W WindowManager: updateScale0.4617737
12-09 10:25:33.543 1509 1598 W WindowManager: updateScale0.4617737
12-09 10:25:33.554 1509 1927 E DisplayDeviceConfig: requesting nits when no mapping exists.
12-09 10:25:33.555 1509 1927 E DisplayDeviceConfig: requesting nits when no mapping exists.
12-09 10:25:33.558 1509 1598 D FreeFormWindowHelper: refreshTipWindow windowDragBounds:Rect(2341, 862 - 2643, 1400)
12-09 10:25:33.560 1509 1598 W WindowManager: updateScale0.4617737
12-09 10:25:33.560 1509 1598 W WindowManager: updateScale0.4617737
12-09 10:25:33.571 1509 1927 E DisplayDeviceConfig: requesting nits when no mapping exists.
12-09 10:25:33.571 1509 1927 E DisplayDeviceConfig: requesting nits when no mapping exists.
12-09 10:25:33.575 1509 1598 D FreeFormWindowHelper: refreshTipWindow windowDragBounds:Rect(2362, 876 - 2664, 1414)
12-09 10:25:33.576 1509 1598 W WindowManager: updateScale0.4617737
12-09 10:25:33.576 1509 1598 W WindowManager: updateScale0.4617737
12-09 10:25:33.587 1509 1927 E DisplayDeviceConfig: requesting nits when no mapping exists.
12-09 10:25:33.588 1509 1927 E DisplayDeviceConfig: requesting nits when no mapping exists.
12-09 10:25:33.592 1509 1598 D FreeFormWindowHelper: refreshTipWindow windowDragBounds:Rect(2390, 907 - 2692, 1445)
12-09 10:25:33.593 1509 1598 W WindowManager: updateScale0.4617737
12-09 10:25:33.593 1509 1598 W WindowManager: updateScale0.4617737
12-09 10:25:33.604 1509 1927 E DisplayDeviceConfig: requesting nits when no mapping exists.
12-09 10:25:33.606 1509 1927 E DisplayDeviceConfig: requesting nits when no mapping exists.
12-09 10:25:33.608 1509 1598 D FreeFormWindowHelper: refreshTipWindow windowDragBounds:Rect(2390, 925 - 2692, 1463)
12-09 10:25:33.610 1509 1598 W WindowManager: updateScale0.4617737
12-09 10:25:33.610 1509 1598 W WindowManager: updateScale0.4617737
12-09 10:25:33.621 1509 1927 E DisplayDeviceConfig: requesting nits when no mapping exists.
12-09 10:25:33.622 1509 1927 E DisplayDeviceConfig: requesting nits when no mapping exists.
12-09 10:25:33.625 1509 1598 D FreeFormWindowHelper: refreshTipWindow windowDragBounds:Rect(2390, 937 - 2692, 1475)
12-09 10:25:33.627 1509 1598 W WindowManager: updateScale0.4617737
12-09 10:25:33.627 1509 1598 W WindowManager: updateScale0.4617737
12-09 10:25:33.638 1509 1927 E DisplayDeviceConfig: requesting nits when no mapping exists.
12-09 10:25:33.638 1509 1927 E DisplayDeviceConfig: requesting nits when no mapping exists.
12-09 10:25:33.642 1509 1598 D FreeFormWindowHelper: refreshTipWindow windowDragBounds:Rect(2390, 944 - 2692, 1482)
12-09 10:25:33.643 1509 1598 W WindowManager: updateScale0.4617737
12-09 10:25:33.643 1509 1598 W WindowManager: updateScale0.4617737
12-09 10:25:33.654 1509 1927 E DisplayDeviceConfig: requesting nits when no mapping exists.
12-09 10:25:33.655 1509 1927 E DisplayDeviceConfig: requesting nits when no mapping exists.
12-09 10:25:33.671 1509 1927 E DisplayDeviceConfig: requesting nits when no mapping exists.
12-09 10:25:33.672 1509 1927 E DisplayDeviceConfig: requesting nits when no mapping exists.
12-09 10:25:33.688 1509 1927 E DisplayDeviceConfig: requesting nits when no mapping exists.
12-09 10:25:33.688 1509 1927 E DisplayDeviceConfig: requesting nits when no mapping exists.
12-09 10:25:33.692 1509 1598 D FreeFormWindowHelper: refreshTipWindow windowDragBounds:Rect(2390, 950 - 2692, 1488)
12-09 10:25:33.694 1509 1598 W WindowManager: updateScale0.4617737
12-09 10:25:33.694 1509 1598 W WindowManager: updateScale0.4617737
12-09 10:25:33.705 1509 1927 E DisplayDeviceConfig: requesting nits when no mapping exists.
12-09 10:25:33.706 1509 1927 E DisplayDeviceConfig: requesting nits when no mapping exists.
12-09 10:25:33.709 1509 1598 D FreeFormWindowHelper: refreshTipWindow windowDragBounds:Rect(2390, 954 - 2692, 1492)
12-09 10:25:33.711 1509 1598 W WindowManager: updateScale0.4617737
12-09 10:25:33.712 1509 1598 W WindowManager: updateScale0.4617737
12-09 10:25:33.722 1509 1927 E DisplayDeviceConfig: requesting nits when no mapping exists.
12-09 10:25:33.724 1509 1927 E DisplayDeviceConfig: requesting nits when no mapping exists.
12-09 10:25:33.726 1509 1598 D FreeFormWindowHelper: refreshTipWindow windowDragBounds:Rect(2390, 959 - 2692, 1497)
12-09 10:25:33.727 1509 1598 W WindowManager: updateScale0.4617737
12-09 10:25:33.727 1509 1598 W WindowManager: updateScale0.4617737
12-09 10:25:33.739 1509 1927 E DisplayDeviceConfig: requesting nits when no mapping exists.
12-09 10:25:33.739 1509 1927 E DisplayDeviceConfig: requesting nits when no mapping exists.
12-09 10:25:33.742 1509 1598 D FreeFormWindowHelper: refreshTipWindow windowDragBounds:Rect(2390, 968 - 2692, 1506)
12-09 10:25:33.743 1509 1598 W WindowManager: updateScale0.4617737
12-09 10:25:33.743 1509 1598 W WindowManager: updateScale0.4617737
12-09 10:25:33.755 1509 1927 E DisplayDeviceConfig: requesting nits when no mapping exists.
12-09 10:25:33.755 1509 1927 E DisplayDeviceConfig: requesting nits when no mapping exists.
12-09 10:25:33.759 1509 1598 D FreeFormWindowHelper: refreshTipWindow windowDragBounds:Rect(2390, 981 - 2692, 1519)
12-09 10:25:33.760 1509 1598 W WindowManager: updateScale0.4617737
12-09 10:25:33.760 1509 1598 W WindowManager: updateScale0.4617737
12-09 10:25:33.772 1509 1927 E DisplayDeviceConfig: requesting nits when no mapping exists.
12-09 10:25:33.772 1509 1927 E DisplayDeviceConfig: requesting nits when no mapping exists.
12-09 10:25:33.775 1509 1598 D FreeFormWindowHelper: refreshTipWindow windowDragBounds:Rect(2390, 990 - 2692, 1528)
12-09 10:25:33.777 1509 1598 W WindowManager: updateScale0.4617737
12-09 10:25:33.777 1509 1598 W WindowManager: updateScale0.4617737
12-09 10:25:33.788 1509 1927 E DisplayDeviceConfig: requesting nits when no mapping exists.
12-09 10:25:33.789 1509 1927 E DisplayDeviceConfig: requesting nits when no mapping exists.
12-09 10:25:33.792 1509 1598 D FreeFormWindowHelper: refreshTipWindow windowDragBounds:Rect(2390, 998 - 2692, 1536)
12-09 10:25:33.796 1509 1598 W WindowManager: updateScale0.4617737
12-09 10:25:33.796 1509 1598 W WindowManager: updateScale0.4617737
12-09 10:25:33.806 1509 1927 E DisplayDeviceConfig: requesting nits when no mapping exists.
12-09 10:25:33.806 1509 1927 E DisplayDeviceConfig: requesting nits when no mapping exists.
12-09 10:25:33.809 1509 1598 D FreeFormWindowHelper: refreshTipWindow windowDragBounds:Rect(2390, 1000 - 2692, 1538)
12-09 10:25:33.810 1509 1598 W WindowManager: updateScale0.4617737
12-09 10:25:33.810 1509 1598 W WindowManager: updateScale0.4617737
12-09 10:25:33.821 1509 1927 E DisplayDeviceConfig: requesting nits when no mapping exists.
12-09 10:25:33.822 1509 1927 E DisplayDeviceConfig: requesting nits when no mapping exists.
12-09 10:25:33.838 1509 1927 E DisplayDeviceConfig: requesting nits when no mapping exists.
12-09 10:25:33.839 1509 1927 E DisplayDeviceConfig: requesting nits when no mapping exists.
12-09 10:25:33.855 1509 1927 E DisplayDeviceConfig: requesting nits when no mapping exists.
12-09 10:25:33.855 1509 1927 E DisplayDeviceConfig: requesting nits when no mapping exists.
12-09 10:25:33.871 1509 1927 E DisplayDeviceConfig: requesting nits when no mapping exists.
12-09 10:25:33.871 1509 1927 E DisplayDeviceConfig: requesting nits when no mapping exists.
12-09 10:25:33.889 1509 1927 E DisplayDeviceConfig: requesting nits when no mapping exists.
12-09 10:25:33.889 1509 1927 E DisplayDeviceConfig: requesting nits when no mapping exists.
12-09 10:25:33.904 1509 1927 E DisplayDeviceConfig: requesting nits when no mapping exists.
12-09 10:25:33.905 1509 1927 E DisplayDeviceConfig: requesting nits when no mapping exists.
12-09 10:25:33.921 1509 1927 E DisplayDeviceConfig: requesting nits when no mapping exists.
12-09 10:25:33.921 1509 1927 E DisplayDeviceConfig: requesting nits when no mapping exists.
12-09 10:25:33.930 1509 1598 D WindowManager: updateWindowDragBounds: mIsSwipeYtrue
12-09 10:25:33.930 1509 1598 D WindowManager: updateWindowDragBounds: mIsTopfalse
12-09 10:25:33.930 1509 1598 D WindowManager: updateWindowDragBounds: mIsSwipeXfalse
12-09 10:25:33.933 1509 1598 W WindowManager: updateScale0.4617737
12-09 10:25:33.933 1509 1598 W WindowManager: updateScale0.4617737
12-09 10:25:33.938 1509 1927 E DisplayDeviceConfig: requesting nits when no mapping exists.
12-09 10:25:33.939 1509 1927 E DisplayDeviceConfig: requesting nits when no mapping exists.
12-09 10:25:33.959 1509 1927 E DisplayDeviceConfig: requesting nits when no mapping exists.
12-09 10:25:33.960 1509 1927 E DisplayDeviceConfig: requesting nits when no mapping exists.
12-09 10:25:33.982 1509 1927 E DisplayDeviceConfig: requesting nits when no mapping exists.
12-09 10:25:33.983 1509 1927 E DisplayDeviceConfig: requesting nits when no mapping exists.
12-09 10:25:33.988 1509 1927 E DisplayDeviceConfig: requesting nits when no mapping exists.
12-09 10:25:33.989 1509 1927 E DisplayDeviceConfig: requesting nits when no mapping exists.
12-09 10:25:34.005 1509 1927 E DisplayDeviceConfig: requesting nits when no mapping exists.
12-09 10:25:34.006 1509 1927 E DisplayDeviceConfig: requesting nits when no mapping exists.
12-09 10:25:34.023 1509 1927 E DisplayDeviceConfig: requesting nits when no mapping exists.
12-09 10:25:34.024 1509 1927 E DisplayDeviceConfig: requesting nits when no mapping exists.
12-09 10:25:34.038 1509 1927 E DisplayDeviceConfig: requesting nits when no mapping exists.
12-09 10:25:34.039 1509 1927 E DisplayDeviceConfig: requesting nits when no mapping exists.
12-09 10:25:34.055 1509 1927 E DisplayDeviceConfig: requesting nits when no mapping exists.
12-09 10:25:34.055 1509 1927 E DisplayDeviceConfig: requesting nits when no mapping exists.
12-09 10:25:34.072 1509 1927 E DisplayDeviceConfig: requesting nits when no mapping exists.
12-09 10:25:34.073 1509 1927 E DisplayDeviceConfig: requesting nits when no mapping exists.
12-09 10:25:34.089 1509 1927 E DisplayDeviceConfig: requesting nits when no mapping exists.
12-09 10:25:34.090 1509 1927 E DisplayDeviceConfig: requesting nits when no mapping exists.
12-09 10:25:34.106 1509 1927 E DisplayDeviceConfig: requesting nits when no mapping exists.
12-09 10:25:34.106 1509 1927 E DisplayDeviceConfig: requesting nits when no mapping exists.
12-09 10:25:34.122 1509 1927 E DisplayDeviceConfig: requesting nits when no mapping exists.
12-09 10:25:34.124 1509 1927 E DisplayDeviceConfig: requesting nits when no mapping exists.
12-09 10:25:34.139 1509 1927 E DisplayDeviceConfig: requesting nits when no mapping exists.
12-09 10:25:34.140 1509 1927 E DisplayDeviceConfig: requesting nits when no mapping exists.
12-09 10:25:34.156 1509 1927 E DisplayDeviceConfig: requesting nits when no mapping exists.
12-09 10:25:34.156 1509 1927 E DisplayDeviceConfig: requesting nits when no mapping exists.
12-09 10:25:38.938 1509 1598 D FreeFormWindowHelper: refreshTipWindow windowDragBounds:Rect(2078, 469 - 2380, 1007)
12-09 10:25:38.941 1509 1598 W WindowManager: updateScale0.4617737
12-09 10:25:38.941 1509 1598 W WindowManager: updateScale0.4617737
12-09 10:25:38.942 1509 1598 W WindowManager: updateScale0.4617737
12-09 10:25:38.943 1509 1598 W WindowManager: updateScale0.4617737
12-09 10:25:38.956 1509 1598 D FreeFormWindowHelper: refreshTipWindow windowDragBounds:Rect(2078, 464 - 2380, 1002)
12-09 10:25:38.958 1509 1598 W WindowManager: updateScale0.4617737
12-09 10:25:38.958 1509 1598 W WindowManager: updateScale0.4617737
12-09 10:25:38.971 1509 1598 D FreeFormWindowHelper: refreshTipWindow windowDragBounds:Rect(2079, 462 - 2381, 1000)
12-09 10:25:38.973 1509 1598 W WindowManager: updateScale0.4617737
12-09 10:25:38.973 1509 1598 W WindowManager: updateScale0.4617737
12-09 10:25:38.988 1509 1598 D FreeFormWindowHelper: refreshTipWindow windowDragBounds:Rect(2089, 428 - 2391, 966)
12-09 10:25:38.991 1509 1598 W WindowManager: updateScale0.4617737
12-09 10:25:38.991 1509 1598 W WindowManager: updateScale0.4617737
12-09 10:25:39.001 1509 15980 W WindowManager: updateScale0.4617737
12-09 10:25:39.001 1509 15980 W WindowManager: updateScale0.4617737
12-09 10:25:39.004 1509 1598 D FreeFormWindowHelper: refreshTipWindow windowDragBounds:Rect(2100, 403 - 2402, 941)
12-09 10:25:39.006 1509 1598 W WindowManager: updateScale0.4617737
12-09 10:25:39.006 1509 1598 W WindowManager: updateScale0.4617737
12-09 10:25:39.012 1509 15980 W WindowManager: updateScale0.4617737
12-09 10:25:39.012 1509 15980 W WindowManager: updateScale0.4617737
12-09 10:25:39.021 1509 1598 D FreeFormWindowHelper: refreshTipWindow windowDragBounds:Rect(2118, 339 - 2420, 877)
12-09 10:25:39.022 1509 1598 W WindowManager: updateScale0.4617737
12-09 10:25:39.022 1509 1598 W WindowManager: updateScale0.4617737
12-09 10:25:39.023 1509 15980 W WindowManager: updateScale0.4617737
12-09 10:25:39.023 1509 15980 W WindowManager: updateScale0.4617737
12-09 10:25:39.038 1509 1598 D FreeFormWindowHelper: refreshTipWindow windowDragBounds:Rect(2143, 281 - 2445, 819)
12-09 10:25:39.039 1509 1598 W WindowManager: updateScale0.4617737
12-09 10:25:39.039 1509 1598 W WindowManager: updateScale0.4617737
12-09 10:25:39.054 1509 1598 D FreeFormWindowHelper: refreshTipWindow windowDragBounds:Rect(2151, 244 - 2453, 782)
12-09 10:25:39.055 1509 1598 W WindowManager: updateScale0.4617737
12-09 10:25:39.055 1509 1598 W WindowManager: updateScale0.4617737
12-09 10:25:39.088 1509 1598 D FreeFormWindowHelper: refreshTipWindow windowDragBounds:Rect(2163, 188 - 2465, 726)
12-09 10:25:39.089 1509 1598 W WindowManager: updateScale0.4617737
12-09 10:25:39.089 1509 1598 W WindowManager: updateScale0.4617737
12-09 10:25:39.105 1509 1598 D FreeFormWindowHelper: refreshTipWindow windowDragBounds:Rect(2181, 123 - 2483, 661)
12-09 10:25:39.107 1509 1598 W WindowManager: updateScale0.4617737
12-09 10:25:39.107 1509 1598 W WindowManager: updateScale0.4617737
12-09 10:25:39.121 1509 1598 D FreeFormWindowHelper: refreshTipWindow windowDragBounds:Rect(2193, 90 - 2495, 628)
12-09 10:25:39.123 1509 1598 W WindowManager: updateScale0.4617737
12-09 10:25:39.123 1509 1598 W WindowManager: updateScale0.4617737
12-09 10:25:39.140 1509 1598 D FreeFormWindowHelper: refreshTipWindow windowDragBounds:Rect(2209, 49 - 2511, 587)
12-09 10:25:39.142 1509 1598 W WindowManager: updateScale0.4617737
12-09 10:25:39.142 1509 1598 W WindowManager: updateScale0.4617737
12-09 10:25:39.188 1509 1598 D FreeFormWindowHelper: refreshTipWindow windowDragBounds:Rect(2218, 15 - 2520, 553)
12-09 10:25:39.191 1509 1598 W WindowManager: updateScale0.4617737
12-09 10:25:39.191 1509 1598 W WindowManager: updateScale0.4617737
12-09 10:25:39.203 1509 6632 W WindowManager: updateScale0.4617737
12-09 10:25:39.204 1509 6632 W WindowManager: updateScale0.4617737
12-09 10:25:39.215 1509 6632 W WindowManager: updateScale0.4617737
12-09 10:25:39.215 1509 6632 W WindowManager: updateScale0.4617737
12-09 10:25:39.585 1509 1598 D WindowManager: updateWindowDragBounds: mIsSwipeYtrue
12-09 10:25:39.585 1509 1598 D WindowManager: updateWindowDragBounds: mIsTopfalse
12-09 10:25:39.585 1509 1598 D WindowManager: updateWindowDragBounds: mIsSwipeXfalse
12-09 10:25:39.588 1509 1598 W WindowManager: updateScale0.4617737
12-09 10:25:39.588 1509 1598 W WindowManager: updateScale0.4617737
12-09 10:25:39.614 1509 15980 W WindowManager: updateScale0.4617737
12-09 10:25:39.614 1509 15980 W WindowManager: updateScale0.4617737
12-09 10:25:39.625 1509 15980 W WindowManager: updateScale0.4617737
12-09 10:25:39.625 1509 15980 W WindowManager: updateScale0.4617737
12-09 10:25:40.709 1509 1598 D FreeFormWindowHelper: refreshTipWindow windowDragBounds:Rect(2141, 86 - 2443, 624)
12-09 10:25:40.714 1509 1598 W WindowManager: updateScale0.4617737
12-09 10:25:40.715 1509 1598 W WindowManager: updateScale0.4617737
12-09 10:25:40.726 1509 1598 D FreeFormWindowHelper: refreshTipWindow windowDragBounds:Rect(2174, 91 - 2476, 629)
12-09 10:25:40.728 1509 1598 W WindowManager: updateScale0.4617737
12-09 10:25:40.728 1509 1598 W WindowManager: updateScale0.4617737
12-09 10:25:40.743 1509 1598 D FreeFormWindowHelper: refreshTipWindow windowDragBounds:Rect(2188, 95 - 2490, 633)
12-09 10:25:40.745 1509 1598 W WindowManager: updateScale0.4617737
12-09 10:25:40.745 1509 1598 W WindowManager: updateScale0.4617737
12-09 10:25:40.750 1509 15980 W WindowManager: updateScale0.4617737
12-09 10:25:40.750 1509 15980 W WindowManager: updateScale0.4617737
12-09 10:25:40.759 1509 1598 D FreeFormWindowHelper: refreshTipWindow windowDragBounds:Rect(2295, 114 - 2597, 652)
12-09 10:25:40.760 1509 1598 W WindowManager: updateScale0.4617737
12-09 10:25:40.760 1509 1598 W WindowManager: updateScale0.4617737
12-09 10:25:40.776 1509 1598 D FreeFormWindowHelper: refreshTipWindow windowDragBounds:Rect(2335, 121 - 2637, 659)
12-09 10:25:40.777 1509 1598 W WindowManager: updateScale0.4617737
12-09 10:25:40.777 1509 1598 W WindowManager: updateScale0.4617737
12-09 10:25:40.792 1509 1598 D FreeFormWindowHelper: refreshTipWindow windowDragBounds:Rect(2355, 125 - 2657, 663)
12-09 10:25:40.794 1509 1598 W WindowManager: updateScale0.4617737
12-09 10:25:40.794 1509 1598 W WindowManager: updateScale0.4617737
12-09 10:25:40.809 1509 1598 D FreeFormWindowHelper: refreshTipWindow windowDragBounds:Rect(2355, 131 - 2657, 669)
12-09 10:25:40.811 1509 1598 W WindowManager: updateScale0.4617737
12-09 10:25:40.811 1509 1598 W WindowManager: updateScale0.4617737
12-09 10:25:40.825 1509 1598 D FreeFormWindowHelper: refreshTipWindow windowDragBounds:Rect(2355, 135 - 2657, 673)
12-09 10:25:40.827 1509 1598 W WindowManager: updateScale0.4617737
12-09 10:25:40.827 1509 1598 W WindowManager: updateScale0.4617737
12-09 10:25:40.842 1509 1598 D FreeFormWindowHelper: refreshTipWindow windowDragBounds:Rect(2355, 143 - 2657, 681)
12-09 10:25:40.844 1509 1598 W WindowManager: updateScale0.4617737
12-09 10:25:40.844 1509 1598 W WindowManager: updateScale0.4617737
12-09 10:25:40.859 1509 1598 D FreeFormWindowHelper: refreshTipWindow windowDragBounds:Rect(2355, 151 - 2657, 689)
12-09 10:25:40.861 1509 1598 W WindowManager: updateScale0.4617737
12-09 10:25:40.861 1509 1598 W WindowManager: updateScale0.4617737
12-09 10:25:40.876 1509 1598 D FreeFormWindowHelper: refreshTipWindow windowDragBounds:Rect(2355, 152 - 2657, 690)
12-09 10:25:40.878 1509 1598 W WindowManager: updateScale0.4617737
12-09 10:25:40.878 1509 1598 W WindowManager: updateScale0.4617737
12-09 10:25:40.892 1509 1598 D FreeFormWindowHelper: refreshTipWindow windowDragBounds:Rect(2355, 153 - 2657, 691)
12-09 10:25:40.894 1509 1598 W WindowManager: updateScale0.4617737
12-09 10:25:40.894 1509 1598 W WindowManager: updateScale0.4617737
12-09 10:25:40.909 1509 1598 D FreeFormWindowHelper: refreshTipWindow windowDragBounds:Rect(2355, 159 - 2657, 697)
12-09 10:25:40.910 1509 1598 W WindowManager: updateScale0.4617737
12-09 10:25:40.911 1509 1598 W WindowManager: updateScale0.4617737
12-09 10:25:40.926 1509 1598 D FreeFormWindowHelper: refreshTipWindow windowDragBounds:Rect(2355, 160 - 2657, 698)
12-09 10:25:40.928 1509 1598 W WindowManager: updateScale0.4617737
12-09 10:25:40.928 1509 1598 W WindowManager: updateScale0.4617737
12-09 10:25:40.959 1509 1598 D FreeFormWindowHelper: refreshTipWindow windowDragBounds:Rect(2355, 162 - 2657, 700)
12-09 10:25:40.962 1509 1598 W WindowManager: updateScale0.4617737
12-09 10:25:40.962 1509 1598 W WindowManager: updateScale0.4617737
12-09 10:25:40.973 1509 2100 W WindowManager: updateScale0.4617737
12-09 10:25:40.973 1509 2100 W WindowManager: updateScale0.4617737
12-09 10:25:40.976 1509 1598 D FreeFormWindowHelper: refreshTipWindow windowDragBounds:Rect(2355, 163 - 2657, 701)
12-09 10:25:40.978 1509 1598 W WindowManager: updateScale0.4617737
12-09 10:25:40.978 1509 1598 W WindowManager: updateScale0.4617737
12-09 10:25:40.993 1509 1598 D FreeFormWindowHelper: refreshTipWindow windowDragBounds:Rect(2355, 165 - 2657, 703)
12-09 10:25:40.994 1509 1598 W WindowManager: updateScale0.4617737
12-09 10:25:40.994 1509 1598 W WindowManager: updateScale0.4617737
12-09 10:25:40.997 1509 2100 W WindowManager: updateScale0.4617737
12-09 10:25:40.997 1509 2100 W WindowManager: updateScale0.4617737
12-09 10:25:41.007 1509 2100 W WindowManager: updateScale0.4617737
12-09 10:25:41.007 1509 2100 W WindowManager: updateScale0.4617737
12-09 10:25:41.010 1509 1598 D FreeFormWindowHelper: refreshTipWindow windowDragBounds:Rect(2355, 168 - 2657, 706)
12-09 10:25:41.012 1509 1598 W WindowManager: updateScale0.4617737
12-09 10:25:41.012 1509 1598 W WindowManager: updateScale0.4617737
12-09 10:25:41.076 1509 1598 D FreeFormWindowHelper: refreshTipWindow windowDragBounds:Rect(2355, 169 - 2657, 707)
12-09 10:25:41.078 1509 1598 W WindowManager: updateScale0.4617737
12-09 10:25:41.078 1509 1598 W WindowManager: updateScale0.4617737
12-09 10:25:41.257 1509 1598 D WindowManager: updateWindowDragBounds: mIsSwipeYfalse
12-09 10:25:41.257 1509 1598 D WindowManager: updateWindowDragBounds: mIsTopfalse
12-09 10:25:41.257 1509 1598 D WindowManager: updateWindowDragBounds: mIsSwipeXfalse
12-09 10:25:41.267 1509 1598 W WindowManager: updateScale0.4617737
12-09 10:25:41.268 1509 1598 W WindowManager: updateScale0.4617737
12-09 10:25:41.298 1509 2100 W WindowManager: updateScale0.4617737
12-09 10:25:41.298 1509 2100 W WindowManager: updateScale0.4617737
12-09 10:25:42.513 1509 1598 D FreeFormWindowHelper: refreshTipWindow windowDragBounds:Rect(2090, 97 - 2392, 635)
12-09 10:25:42.519 1509 1598 W WindowManager: updateScale0.4617737
12-09 10:25:42.520 1509 1598 W WindowManager: updateScale0.4617737
12-09 10:25:42.530 1509 1598 D FreeFormWindowHelper: refreshTipWindow windowDragBounds:Rect(2106, 131 - 2408, 669)
12-09 10:25:42.532 1509 1598 W WindowManager: updateScale0.4617737
12-09 10:25:42.532 1509 1598 W WindowManager: updateScale0.4617737
12-09 10:25:42.546 1509 1598 D FreeFormWindowHelper: refreshTipWindow windowDragBounds:Rect(2122, 166 - 2424, 704)
12-09 10:25:42.548 1509 1598 W WindowManager: updateScale0.4617737
12-09 10:25:42.548 1509 1598 W WindowManager: updateScale0.4617737
12-09 10:25:42.558 1509 2100 W WindowManager: updateScale0.4617737
12-09 10:25:42.558 1509 2100 W WindowManager: updateScale0.4617737
12-09 10:25:42.563 1509 1598 D FreeFormWindowHelper: refreshTipWindow windowDragBounds:Rect(2134, 202 - 2436, 740)
12-09 10:25:42.565 1509 1598 W WindowManager: updateScale0.4617737
12-09 10:25:42.565 1509 1598 W WindowManager: updateScale0.4617737
12-09 10:25:42.580 1509 1598 D FreeFormWindowHelper: refreshTipWindow windowDragBounds:Rect(2148, 244 - 2450, 782)
12-09 10:25:42.581 1509 1598 W WindowManager: updateScale0.4617737
12-09 10:25:42.581 1509 1598 W WindowManager: updateScale0.4617737
12-09 10:25:42.588 1509 15980 W WindowManager: updateScale0.4617737
12-09 10:25:42.588 1509 15980 W WindowManager: updateScale0.4617737
12-09 10:25:42.597 1509 1598 D FreeFormWindowHelper: refreshTipWindow windowDragBounds:Rect(2164, 301 - 2466, 839)
12-09 10:25:42.598 1509 1598 W WindowManager: updateScale0.4617737
12-09 10:25:42.598 1509 1598 W WindowManager: updateScale0.4617737
12-09 10:25:42.602 1509 15980 W WindowManager: updateScale0.4617737
12-09 10:25:42.602 1509 15980 W WindowManager: updateScale0.4617737
12-09 10:25:42.609 1509 15980 W WindowManager: updateScale0.4617737
12-09 10:25:42.609 1509 15980 W WindowManager: updateScale0.4617737
12-09 10:25:42.613 1509 1598 D FreeFormWindowHelper: refreshTipWindow windowDragBounds:Rect(2182, 386 - 2484, 924)
12-09 10:25:42.614 1509 1598 W WindowManager: updateScale0.4617737
12-09 10:25:42.614 1509 1598 W WindowManager: updateScale0.4617737
12-09 10:25:42.647 1509 1598 D FreeFormWindowHelper: refreshTipWindow windowDragBounds:Rect(2215, 518 - 2517, 1056)
12-09 10:25:42.648 1509 1598 W WindowManager: updateScale0.4617737
12-09 10:25:42.648 1509 1598 W WindowManager: updateScale0.4617737
12-09 10:25:42.649 1509 1598 W WindowManager: updateScale0.4617737
12-09 10:25:42.649 1509 1598 W WindowManager: updateScale0.4617737
12-09 10:25:42.664 1509 1598 D FreeFormWindowHelper: refreshTipWindow windowDragBounds:Rect(2248, 639 - 2550, 1177)
12-09 10:25:42.665 1509 1598 W WindowManager: updateScale0.4617737
12-09 10:25:42.665 1509 1598 W WindowManager: updateScale0.4617737
12-09 10:25:42.680 1509 1598 D FreeFormWindowHelper: refreshTipWindow windowDragBounds:Rect(2288, 780 - 2590, 1318)
12-09 10:25:42.682 1509 1598 W WindowManager: updateScale0.4617737
12-09 10:25:42.682 1509 1598 W WindowManager: updateScale0.4617737
12-09 10:25:42.697 1509 1598 D FreeFormWindowHelper: refreshTipWindow windowDragBounds:Rect(2330, 896 - 2632, 1434)
12-09 10:25:42.698 1509 1598 W WindowManager: updateScale0.4617737
12-09 10:25:42.698 1509 1598 W WindowManager: updateScale0.4617737
12-09 10:25:42.714 1509 1598 D FreeFormWindowHelper: refreshTipWindow windowDragBounds:Rect(2356, 966 - 2658, 1504)
12-09 10:25:42.717 1509 1598 W WindowManager: updateScale0.4617737
12-09 10:25:42.717 1509 1598 W WindowManager: updateScale0.4617737
12-09 10:25:43.209 1509 1598 D WindowManager: updateWindowDragBounds: mIsSwipeYtrue
12-09 10:25:43.209 1509 1598 D WindowManager: updateWindowDragBounds: mIsTopfalse
12-09 10:25:43.209 1509 1598 D WindowManager: updateWindowDragBounds: mIsSwipeXfalse
12-09 10:25:43.212 1509 1598 W WindowManager: updateScale0.4617737
12-09 10:25:43.212 1509 1598 W WindowManager: updateScale0.4617737
12-09 10:25:52.437 1509 1598 D FreeFormWindowHelper: refreshTipWindow windowDragBounds:Rect(2068, 482 - 2370, 1020)
12-09 10:25:52.440 1509 1598 W WindowManager: updateScale0.4617737
12-09 10:25:52.440 1509 1598 W WindowManager: updateScale0.4617737
12-09 10:25:52.453 1509 1598 D FreeFormWindowHelper: refreshTipWindow windowDragBounds:Rect(2054, 482 - 2356, 1020)
12-09 10:25:52.455 1509 1598 W WindowManager: updateScale0.4617737
12-09 10:25:52.455 1509 1598 W WindowManager: updateScale0.4617737
12-09 10:25:52.470 1509 1598 D FreeFormWindowHelper: refreshTipWindow windowDragBounds:Rect(2034, 482 - 2336, 1020)
12-09 10:25:52.472 1509 1598 W WindowManager: updateScale0.4617737
12-09 10:25:52.473 1509 1598 W WindowManager: updateScale0.4617737
12-09 10:25:52.487 1509 1598 D FreeFormWindowHelper: refreshTipWindow windowDragBounds:Rect(2013, 475 - 2315, 1013)
