12-09 10:44:52.504 1509 1680 I input_interaction: Interaction with: edge-swipe (server), swipe-up (server), PointerEventDispatcher0 (server),
12-09 10:44:52.511 1509 1598 I input_focus: [Focus request recents_animation_input_consumer,reason=UpdateInputWindows]
12-09 10:44:52.512 2529 2529 I wm_on_restart_called: [12743551,com.android.launcher3.uioverrides.QuickstepLauncher,performRestartActivity]
12-09 10:44:52.515 12356 12373 W ContextImpl: Calling a method in the system process without a qualified user: android.app.ContextImpl.startService:1816 android.content.ContextWrapper.startService:774 com.thundercomm.gamemode.ingame.services.GameModeActionUtils.startGameModeService:99 com.thundercomm.gamemode.ingame.services.GameModeActionUtils.startGameModeEntry:22 com.thundercomm.gamemode.ingame.services.ActivityMonitoringService$1.onActivityLaunch:127
12-09 10:44:52.522 1509 1509 I GameModeConfig: Current uri is uri = content://com.thundercomm.gamemode.api/gamemode_settings/gamemode_isgaming
12-09 10:44:52.525 1509 1509 I GameModeConfig: isGameModeOn = false
12-09 10:44:52.525 1509 1509 I GameModeConfig: isGameModeOn = false
12-09 10:44:52.525 1509 1509 I GameModeConfig: isDisableVoice = true
12-09 10:44:52.534 1509 6997 W ActivityTaskManager: getTaskSnapshot: taskId=5156 not found
12-09 10:44:52.535 1509 6997 W ActivityTaskManager: getTaskSnapshot: taskId=4156 not found
12-09 10:44:52.537 2529 2529 I wm_on_start_called: [12743551,com.android.launcher3.uioverrides.QuickstepLauncher,handleStartActivity]
12-09 10:44:52.538 1509 6997 W ActivityTaskManager: getTaskSnapshot: taskId=5156 not found
12-09 10:44:52.539 1509 6997 W ActivityTaskManager: getTaskSnapshot: taskId=4156 not found
12-09 10:44:52.540 1509 1680 I input_focus: [Focus leaving 107a2c0 com.android.settings/com.android.settings.homepage.SettingsHomepageActivity (server),reason=NOT_FOCUSABLE]
12-09 10:44:52.541 1509 1680 I input_focus: [Focus entering recents_animation_input_consumer (server),reason=setFocusedWindow]
12-09 10:44:52.550 2529 2529 I sysui_latency: [1,79]
12-09 10:44:52.551 1509 6997 W ActivityTaskManager: getTaskSnapshot: taskId=4156 not found
12-09 10:44:52.551 1509 6997 W ActivityTaskManager: getTaskSnapshot: taskId=5156 not found
12-09 10:44:52.575 1509 1594 I sysui_multi_action: [319,14,322,74,325,19501,757,761,758,9,759,5,806,com.android.launcher3,871,com.android.launcher3.uioverrides.QuickstepLauncher,904,com.android.launcher3,905,0,1320,8,1321,5]
12-09 10:44:52.737 1509 1665 I commit_sys_config_file: [settings-1-0,4]
12-09 10:44:52.862 1509 1604 I sysui_latency: [8,83]
12-09 10:44:53.131 1509 2104 I wm_task_moved: [39,1,6]
12-09 10:44:53.132 1509 2104 I wm_focused_root_task: [0,0,39,156,RecentsAnimation.onAnimationFinished()]
12-09 10:44:53.133 19364 19364 I wm_on_top_resumed_lost_called: [174652697,com.android.settings.homepage.SettingsHomepageActivity,topStateChangedWhenResumed]
12-09 10:44:53.136 1509 2104 I wm_pause_activity: [0,174652697,com.android.settings/.homepage.SettingsHomepageActivity,userLeaving=false,pauseBackTasks]
12-09 10:44:53.137 1509 2104 I ActivityTaskManager: FOREGROUND_APPLICATION_CHANGED to com.android.launcher3.uioverrides.QuickstepLauncher
12-09 10:44:53.139 1509 2104 I wm_set_resumed_activity: [0,com.android.launcher3/.uioverrides.QuickstepLauncher,resumeTopActivityInnerLocked]
12-09 10:44:53.147 1509 2104 I wm_resume_activity: [0,12743551,40,com.android.launcher3/.uioverrides.QuickstepLauncher]
12-09 10:44:53.148 1509 2104 I wm_add_to_stopping: [0,174652697,com.android.settings/.homepage.SettingsHomepageActivity,makeInvisible]
12-09 10:44:53.148 2529 2529 I wm_on_resume_called: [12743551,com.android.launcher3.uioverrides.QuickstepLauncher,RESUME_ACTIVITY]
12-09 10:44:53.157 1509 1598 I input_focus: [Focus request e069207 com.android.launcher3/com.android.launcher3.uioverrides.QuickstepLauncher,reason=UpdateInputWindows]
12-09 10:44:53.157 1509 1597 I sysui_multi_action: [757,803,799,window_time_0,802,4]
12-09 10:44:53.158 19364 19364 I sysui_multi_action: [757,35,758,2,1089,3998]
12-09 10:44:53.158 19364 19364 I sysui_multi_action: [757,1014,758,2,1089,3996]
12-09 10:44:53.158 1509 1597 I wm_stop_activity: [0,174652697,com.android.settings/.homepage.SettingsHomepageActivity]
12-09 10:44:53.158 19364 19364 I wm_on_paused_called: [174652697,com.android.settings.homepage.SettingsHomepageActivity,performPause]
12-09 10:44:53.160 1509 1680 I input_focus: [Focus leaving recents_animation_input_consumer (server),reason=NOT_VISIBLE]
12-09 10:44:53.160 1509 1597 I sysui_multi_action: [757,803,799,window_time_0,802,0]
12-09 10:44:53.179 1509 1680 I input_focus: [Focus entering e069207 com.android.launcher3/com.android.launcher3.uioverrides.QuickstepLauncher (server),reason=setFocusedWindow]
12-09 10:44:53.195 19364 19364 I wm_on_stop_called: [174652697,com.android.settings.homepage.SettingsHomepageActivity,STOP_ACTIVITY_ITEM]
12-09 10:44:53.207 2529 2529 I wm_on_top_resumed_gained_called: [12743551,com.android.launcher3.uioverrides.QuickstepLauncher,topStateChangedWhenResumed]
12-09 10:44:53.225 12356 12373 W ContextImpl: Calling a method in the system process without a qualified user: android.app.ContextImpl.startService:1816 android.content.ContextWrapper.startService:774 com.thundercomm.gamemode.ingame.services.GameModeActionUtils.startGameModeService:99 com.thundercomm.gamemode.ingame.services.GameModeActionUtils.startGameModeEntry:22 com.thundercomm.gamemode.ingame.services.ActivityMonitoringService$1.onActivityLaunch:127
12-09 10:44:53.234 1509 1509 I GameModeConfig: Current uri is uri = content://com.thundercomm.gamemode.api/gamemode_settings/gamemode_isgaming
12-09 10:44:53.236 1509 1509 I GameModeConfig: isGameModeOn = false
12-09 10:44:53.236 1509 1509 I GameModeConfig: isGameModeOn = false
12-09 10:44:53.236 1509 1509 I GameModeConfig: isDisableVoice = true
12-09 10:44:53.263 12356 12373 W ContextImpl: Calling a method in the system process without a qualified user: android.app.ContextImpl.startService:1816 android.content.ContextWrapper.startService:774 com.thundercomm.gamemode.ingame.services.GameModeActionUtils.startGameModeService:99 com.thundercomm.gamemode.ingame.services.GameModeActionUtils.startGameModeEntry:22 com.thundercomm.gamemode.ingame.services.ActivityMonitoringService$1.onActivityLaunch:127
12-09 10:44:53.266 1509 1509 I GameModeConfig: Current uri is uri = content://com.thundercomm.gamemode.api/gamemode_settings/gamemode_isgaming
12-09 10:44:53.269 1509 1509 I GameModeConfig: isGameModeOn = false
12-09 10:44:53.269 1509 1509 I GameModeConfig: isGameModeOn = false
12-09 10:44:53.269 1509 1509 I GameModeConfig: isDisableVoice = true
12-09 10:44:53.385 1509 1665 I commit_sys_config_file: [settings-1-0,11]
12-09 10:44:53.697 1509 1680 I input_interaction: Interaction with: e069207 com.android.launcher3/com.android.launcher3.uioverrides.QuickstepLauncher (server), 3f8408a com.android.systemui.ImageWallpaper (server), edge-swipe (server), swipe-up (server), PointerEventDispatcher0 (server),
12-09 10:44:54.310 1509 6197 I wm_finish_activity: [0,174652697,156,com.android.settings/.homepage.SettingsHomepageActivity,remove-task]
12-09 10:44:54.312 1509 6197 I wm_destroy_activity: [0,174652697,156,com.android.settings/.homepage.SettingsHomepageActivity,finish-imm:finishIfPossible]
12-09 10:44:54.319 1509 1597 I ActivityManager: Killing 19364:com.android.settings/1000 (adj 900): remove task
12-09 10:44:54.319 1509 1597 I am_kill : [0,19364,com.android.settings,900,remove task]
12-09 10:44:54.324 1509 1597 I sysui_multi_action: [757,803,799,window_time_0,802,1]
12-09 10:44:54.325 1509 2730 E TaskPersister: File error accessing recents directory (directory doesn't exist?).
12-09 10:44:54.386 1509 5541 W FreeFormWindowHelper: exitRecentTasks type=0
12-09 10:44:54.399 1509 1774 I WindowManager: WIN DEATH: Window{107a2c0 u0 com.android.settings/com.android.settings.homepage.SettingsHomepageActivity}
12-09 10:44:54.401 1509 5541 I am_proc_died: [0,19364,com.android.settings,900,18]
12-09 10:44:54.404 1509 5541 I wm_task_removed: [156,removeChild:removeChild last r=ActivityRecord{a68fd19 u0 com.android.settings/.homepage.SettingsHomepageActivity t-1 f}} in t=Task{eb43651 #156 type=standard A=1000:com.android.settings.root U=0 visible=false mode=fullscreen translucent=true sz=0}]
12-09 10:44:54.404 1509 5541 I wm_task_removed: [156,removeChild]
12-09 10:44:54.407 1509 1597 W ActivityManager: setHasOverlayUi called on unknown pid: 19364
12-09 10:44:54.407 1509 1598 W ActivityTaskManager: Can't find TaskDisplayArea to determine support for multi window. Task id=156 attached=false
12-09 10:44:54.407 1509 1598 W ActivityTaskManager: Can't find TaskDisplayArea to determine support for multi window. Task id=156 attached=false
12-09 10:44:54.408 1509 1604 W UsageStatsService: Unexpected activity event reported! (com.android.settings/com.android.settings.homepage.SettingsHomepageActivity event : 23 instanceId : 222983264)
12-09 10:44:54.413 1509 1597 D CompatibilityChangeReporter: Compat change id reported: 135634846; UID 1000; state: DISABLED
12-09 10:44:54.413 1509 1597 D CompatibilityChangeReporter: Compat change id reported: 177438394; UID 1000; state: DISABLED
12-09 10:44:54.414 1509 1597 D CompatibilityChangeReporter: Compat change id reported: 135772972; UID 1000; state: DISABLED
12-09 10:44:54.414 1509 1597 D CompatibilityChangeReporter: Compat change id reported: 135754954; UID 1000; state: ENABLED
12-09 10:44:54.422 1509 1606 I am_proc_start: [0,19799,1000,com.android.settings,NULL,]
12-09 10:44:54.422 1509 1606 I ActivityManager: Start proc 19799:com.android.settings/1000 for null
12-09 10:44:54.426 12356 12373 W ContextImpl: Calling a method in the system process without a qualified user: android.app.ContextImpl.startService:1816 android.content.ContextWrapper.startService:774 com.thundercomm.gamemode.ingame.services.GameModeActionUtils.startGameModeService:99 com.thundercomm.gamemode.ingame.services.GameModeActionUtils.startGameModeEntry:22 com.thundercomm.gamemode.ingame.services.ActivityMonitoringService$1.onActivityLaunch:127
12-09 10:44:54.433 1509 1509 I GameModeConfig: Current uri is uri = content://com.thundercomm.gamemode.api/gamemode_settings/gamemode_isgaming
12-09 10:44:54.437 1509 1509 I GameModeConfig: isGameModeOn = false
12-09 10:44:54.438 1509 1509 I GameModeConfig: isGameModeOn = false
12-09 10:44:54.438 1509 1509 I GameModeConfig: isDisableVoice = true
12-09 10:44:54.440 1509 5541 I am_proc_bound: [0,19799,com.android.settings]
12-09 10:44:55.056 1509 5541 I ActivityTaskManager: START u0 {act=android.intent.action.MAIN cat=[android.intent.category.LAUNCHER] flg=0x10200000 cmp=com.android.settings/.Settings bnds=[2308,740][2494,940]} from uid 10076
12-09 10:44:55.063 1509 5541 I wm_task_created: [158,-1]
12-09 10:44:55.063 1509 5541 W ActivityTaskManager: Can't find TaskDisplayArea to determine support for multi window. Task id=158 attached=false
12-09 10:44:55.068 1509 5541 I wm_task_moved: [158,1,6]
12-09 10:44:55.068 1509 5541 I wm_task_to_front: [0,158]
12-09 10:44:55.069 1509 5541 I wm_create_task: [0,158]
12-09 10:44:55.069 1509 5541 I wm_create_activity: [0,64718363,158,com.android.settings/.Settings,android.intent.action.MAIN,NULL,NULL,270532608]
12-09 10:44:55.069 1509 5541 I wm_task_moved: [158,1,6]
12-09 10:44:55.082 1509 5541 I wm_pause_activity: [0,12743551,com.android.launcher3/.uioverrides.QuickstepLauncher,userLeaving=true,pauseBackTasks]
12-09 10:44:55.093 2529 2529 I wm_on_top_resumed_lost_called: [12743551,com.android.launcher3.uioverrides.QuickstepLauncher,topStateChangedWhenResumed]
12-09 10:44:55.095 2529 2529 I wm_on_paused_called: [12743551,com.android.launcher3.uioverrides.QuickstepLauncher,performPause]
12-09 10:44:55.098 1509 2774 I ActivityTaskManager: FOREGROUND_APPLICATION_CHANGED to com.android.settings.homepage.SettingsHomepageActivity
12-09 10:44:55.099 1509 2774 I ActivityTaskManager: The Process com.android.settings Already Exists in BG. So sending its PID: 19799
12-09 10:44:55.104 1509 2774 I wm_add_to_stopping: [0,12743551,com.android.launcher3/.uioverrides.QuickstepLauncher,makeInvisible]
12-09 10:44:55.105 1509 2774 I wm_restart_activity: [0,64718363,158,com.android.settings/.Settings]
12-09 10:44:55.106 1509 2774 I wm_set_resumed_activity: [0,com.android.settings/.Settings,minimalResumeActivityLocked]
12-09 10:44:55.116 1509 1680 I input_focus: [Focus leaving e069207 com.android.launcher3/com.android.launcher3.uioverrides.QuickstepLauncher (server),reason=NO_WINDOW]
12-09 10:44:55.121 1509 1597 I sysui_multi_action: [757,803,799,window_time_0,802,1]
12-09 10:44:55.125 12356 12373 W ContextImpl: Calling a method in the system process without a qualified user: android.app.ContextImpl.startService:1816 android.content.ContextWrapper.startService:774 com.thundercomm.gamemode.ingame.services.GameModeActionUtils.startGameModeService:99 com.thundercomm.gamemode.ingame.services.GameModeActionUtils.startGameModeEntry:22 com.thundercomm.gamemode.ingame.services.ActivityMonitoringService$1.onActivityLaunch:127
12-09 10:44:55.132 1509 1509 I GameModeConfig: Current uri is uri = content://com.thundercomm.gamemode.api/gamemode_settings/gamemode_isgaming
12-09 10:44:55.133 1509 1509 I GameModeConfig: isGameModeOn = false
12-09 10:44:55.134 1509 1509 I GameModeConfig: isGameModeOn = false
12-09 10:44:55.134 1509 1509 I GameModeConfig: isDisableVoice = true
12-09 10:44:55.212 12356 12373 W ContextImpl: Calling a method in the system process without a qualified user: android.app.ContextImpl.startService:1816 android.content.ContextWrapper.startService:774 com.thundercomm.gamemode.ingame.services.GameModeActionUtils.startGameModeService:99 com.thundercomm.gamemode.ingame.services.GameModeActionUtils.startGameModeEntry:22 com.thundercomm.gamemode.ingame.services.ActivityMonitoringService$1.onActivityLaunch:127
12-09 10:44:55.217 1509 1509 I GameModeConfig: Current uri is uri = content://com.thundercomm.gamemode.api/gamemode_settings/gamemode_isgaming
12-09 10:44:55.219 1509 1509 I GameModeConfig: isGameModeOn = false
12-09 10:44:55.221 1509 1509 I GameModeConfig: isGameModeOn = false
12-09 10:44:55.221 1509 1509 I GameModeConfig: isDisableVoice = true
12-09 10:44:55.274 1509 1774 I am_uid_active: 10088
12-09 10:44:55.277 19799 19799 I wm_on_create_called: [64718363,com.android.settings.Settings,performCreate]
12-09 10:44:55.283 1509 1774 E UserRestrictionsUtils: Unknown restriction queried by uid 1000 (com.thundercomm.microsettings et al): null
12-09 10:44:55.283 1509 6636 E UserRestrictionsUtils: Unknown restriction queried by uid 1000 (com.thundercomm.microsettings et al): null
12-09 10:44:55.283 1509 6636 E UserRestrictionsUtils: Unknown restriction queried by uid 1000 (com.thundercomm.microsettings et al): null
12-09 10:44:55.283 1509 6636 E UserRestrictionsUtils: Unknown restriction queried by uid 1000 (com.thundercomm.microsettings et al): null
12-09 10:44:55.284 1509 6636 E UserRestrictionsUtils: Unknown restriction queried by uid 1000 (com.thundercomm.microsettings et al): null
12-09 10:44:55.284 1509 6636 E UserRestrictionsUtils: Unknown restriction queried by uid 1000 (com.thundercomm.microsettings et al): null
12-09 10:44:55.284 1509 1774 E UserRestrictionsUtils: Unknown restriction queried by uid 1000 (com.thundercomm.microsettings et al): null
12-09 10:44:55.285 1509 6636 E UserRestrictionsUtils: Unknown restriction queried by uid 1000 (com.thundercomm.microsettings et al): null
12-09 10:44:55.285 1509 6636 E UserRestrictionsUtils: Unknown restriction queried by uid 1000 (com.thundercomm.microsettings et al): null
12-09 10:44:55.285 1509 6636 E UserRestrictionsUtils: Unknown restriction queried by uid 1000 (com.thundercomm.microsettings et al): null
12-09 10:44:55.286 1509 6636 E UserRestrictionsUtils: Unknown restriction queried by uid 1000 (com.thundercomm.microsettings et al): null
12-09 10:44:55.286 1509 6636 E UserRestrictionsUtils: Unknown restriction queried by uid 1000 (com.thundercomm.microsettings et al): null
12-09 10:44:55.286 1509 6636 E UserRestrictionsUtils: Unknown restriction queried by uid 1000 (com.thundercomm.microsettings et al): null
12-09 10:44:55.286 1509 6636 E UserRestrictionsUtils: Unknown restriction queried by uid 1000 (com.thundercomm.microsettings et al): null
12-09 10:44:55.286 1509 6636 E UserRestrictionsUtils: Unknown restriction queried by uid 1000 (com.thundercomm.microsettings et al): null
12-09 10:44:55.286 1509 6636 E UserRestrictionsUtils: Unknown restriction queried by uid 1000 (com.thundercomm.microsettings et al): null
12-09 10:44:55.286 1509 6636 E UserRestrictionsUtils: Unknown restriction queried by uid 1000 (com.thundercomm.microsettings et al): null
12-09 10:44:55.286 1509 6636 E UserRestrictionsUtils: Unknown restriction queried by uid 1000 (com.thundercomm.microsettings et al): null
12-09 10:44:55.302 19799 19799 I wm_on_start_called: [64718363,com.android.settings.Settings,handleStartActivity]
12-09 10:44:55.303 19799 19799 I snet_event_log: [120484087,-1,]
12-09 10:44:55.303 19799 19799 I wm_on_resume_called: [64718363,com.android.settings.Settings,RESUME_ACTIVITY]
12-09 10:44:55.305 19799 19799 I sysui_multi_action: [757,35,758,1,833,0,1089,26]
12-09 10:44:55.311 19799 19799 I sysui_multi_action: [757,1729,758,4,854,isParalleledControllers:false,1089,33]
12-09 10:44:55.322 19799 19799 I wm_on_top_resumed_gained_called: [64718363,com.android.settings.Settings,topStateChangedWhenResumed]
12-09 10:44:55.356 1509 1598 I input_focus: [Focus request e1e2dfb com.android.settings/com.android.settings.Settings,reason=UpdateInputWindows]
12-09 10:44:55.398 1509 1598 I sysui_multi_action: [324,1,757,1090,758,12,806,com.android.settings,871,com.android.settings.Settings,1091,343]
12-09 10:44:55.405 1509 1594 I sysui_multi_action: [319,73,321,69,322,343,325,19504,757,761,758,8,759,1,806,com.android.settings,871,com.android.settings.Settings,904,com.android.launcher3,905,0,1320,8,1321,5]
12-09 10:44:55.406 1509 1594 I wm_activity_launch_time: [0,64718363,com.android.settings/.Settings,343]
12-09 10:44:55.418 1509 1680 I input_focus: [Focus entering e1e2dfb com.android.settings/com.android.settings.Settings (server),reason=Window became focusable. Previous reason: NOT_VISIBLE]
12-09 10:44:55.435 19799 19799 W CarrierConfigManager: Error getting config for subId -1 ICarrierConfigLoader is null
12-09 10:44:55.438 1509 6636 E UserRestrictionsUtils: Unknown restriction queried by uid 1000 (com.thundercomm.microsettings et al): null
12-09 10:44:55.467 19799 19799 I sysui_multi_action: [757,746,758,1,833,0,1089,46]
12-09 10:44:55.468 1509 6636 D TelephonyRegistry: listen oscl: mHasNotifySubscriptionInfoChangedOccurred==false no callback
12-09 10:44:55.472 1509 1774 D TelephonyRegistry: listen oscl: mHasNotifySubscriptionInfoChangedOccurred==false no callback
12-09 10:44:55.480 19799 19799 I sysui_multi_action: [757,1729,758,4,854,isParalleledControllers:false,1089,58]
12-09 10:44:55.672 1509 1597 I wm_stop_activity: [0,12743551,com.android.launcher3/.uioverrides.QuickstepLauncher]
12-09 10:44:55.699 2529 2529 I wm_on_stop_called: [12743551,com.android.launcher3.uioverrides.QuickstepLauncher,STOP_ACTIVITY_ITEM]
12-09 10:44:55.710 12356 12373 W ContextImpl: Calling a method in the system process without a qualified user: android.app.ContextImpl.startService:1816 android.content.ContextWrapper.startService:774 com.thundercomm.gamemode.ingame.services.GameModeActionUtils.startGameModeService:99 com.thundercomm.gamemode.ingame.services.GameModeActionUtils.startGameModeEntry:22 com.thundercomm.gamemode.ingame.services.ActivityMonitoringService$1.onActivityLaunch:127
12-09 10:44:55.714 1509 1509 I GameModeConfig: Current uri is uri = content://com.thundercomm.gamemode.api/gamemode_settings/gamemode_isgaming
12-09 10:44:55.716 1509 1509 I GameModeConfig: isGameModeOn = false
12-09 10:44:55.717 1509 1509 I GameModeConfig: isGameModeOn = false
12-09 10:44:55.717 1509 1509 I GameModeConfig: isDisableVoice = true
12-09 10:44:56.203 12544 12544 I auditd : type=1400 audit(0.0:20585): avc: denied { kill } for comm="kworker/u16:7" capability=5 scontext=u:r:kernel:s0 tcontext=u:r:kernel:s0 tclass=capability permissive=0
12-09 10:44:56.728 1509 1680 I input_interaction: Interaction with: 2891114 StatusBar (server), edge-swipe (server), swipe-up (server), PointerEventDispatcher0 (server),
12-09 10:44:56.731 1962 1962 I sysui_multi_action: [757,803,799,panel_open,802,1]
12-09 10:44:56.733 1962 1962 I sysui_multi_action: [757,1328,758,4,1326,59,1327,0,1329,0]
12-09 10:44:56.789 1509 6997 I sysui_multi_action: [757,127,758,1]
12-09 10:44:56.790 1509 6997 I sysui_multi_action: [757,804,799,note_load,801,2,802,1]
12-09 10:44:56.790 1509 6997 I notification_panel_revealed: 2
12-09 10:44:56.791 1509 1737 I GameModeConfig: isGameModeOn = false
12-09 10:44:56.792 1509 1737 I GameModeConfig: isGameModeOn = false
12-09 10:44:56.792 1509 1737 I GameModeConfig: isGameModeOn = false
12-09 10:44:56.792 1509 1737 I GameModeConfig: isGameModeOn = false
12-09 10:44:56.793 1962 1962 I sysui_multi_action: [757,111,758,2]
12-09 10:44:56.793 1962 1962 I sysui_multi_action: [757,111,758,2]
12-09 10:44:56.799 1509 1509 I notification_enqueue: [10082,1962,com.android.systemui,2048,NULL,0,Notification(channel=updateNotification shortcut=null contentView=null vibrate=null sound=null defaults=0x0 flags=0x0 color=0x00000000 vis=PRIVATE),1]
12-09 10:44:56.807 1509 1598 I input_focus: [Focus request 990558b NotificationShade,reason=UpdateInputWindows]
12-09 10:44:56.812 1962 1962 I sysui_multi_action: [757,111,758,1]
12-09 10:44:56.812 1962 1962 I sysui_multi_action: [757,126,758,1,759,126,927,0,928,0,1593,1]
12-09 10:44:56.812 1962 1962 I sysui_multi_action: [757,113,758,1,759,113,927,1,928,1,1593,1]
12-09 10:44:56.812 1962 1962 I sysui_multi_action: [757,0,758,1,759,0,927,2,928,0,1593,1]
12-09 10:44:56.812 1962 1962 I sysui_multi_action: [757,0,758,1,759,0,927,3,928,0,1593,1]
12-09 10:44:56.813 1962 1962 I sysui_multi_action: [757,491,758,1,759,491,927,4,928,0,1311,-1,1593,0]
12-09 10:44:56.813 1962 1962 I sysui_multi_action: [757,0,758,1,759,0,927,5,928,0,1593,0]
12-09 10:44:56.813 1962 1962 I sysui_multi_action: [757,120,758,1,759,120,927,6,928,1,1593,0]
12-09 10:44:56.813 1962 1962 I sysui_multi_action: [757,111,758,1]
12-09 10:44:56.813 1962 1962 I sysui_multi_action: [757,126,758,1,759,126,927,0,928,0,1593,1]
12-09 10:44:56.814 1962 1962 I sysui_multi_action: [757,113,758,1,759,113,927,1,928,1,1593,1]
12-09 10:44:56.814 1962 1962 I sysui_multi_action: [757,0,758,1,759,0,927,2,928,0,1593,1]
12-09 10:44:56.814 1962 1962 I sysui_multi_action: [757,0,758,1,759,0,927,3,928,0,1593,1]
12-09 10:44:56.829 1509 1737 I GameModeConfig: isGameModeOn = false
12-09 10:44:56.829 1509 1737 I GameModeConfig: isGameModeOn = false
12-09 10:44:56.829 1509 1737 I GameModeConfig: isGameModeOn = false
12-09 10:44:56.829 1509 1737 I GameModeConfig: isGameModeOn = false
12-09 10:44:56.830 1962 1962 I sysui_multi_action: [757,111,758,2]
12-09 10:44:56.831 1962 1962 I sysui_multi_action: [757,111,758,2]
12-09 10:44:56.831 1509 1509 I notification_enqueue: [10082,1962,com.android.systemui,2048,NULL,0,Notification(channel=updateNotification shortcut=null contentView=null vibrate=null sound=null defaults=0x0 flags=0x0 color=0x00000000 vis=PRIVATE),1]
12-09 10:44:56.835 1962 1962 I sysui_multi_action: [757,111,758,1]
12-09 10:44:56.835 1962 1962 I sysui_multi_action: [757,126,758,1,759,126,927,0,928,0,1593,1]
12-09 10:44:56.835 1962 1962 I sysui_multi_action: [757,113,758,1,759,113,927,1,928,1,1593,1]
12-09 10:44:56.835 1962 1962 I sysui_multi_action: [757,0,758,1,759,0,927,2,928,0,1593,1]
12-09 10:44:56.835 1962 1962 I sysui_multi_action: [757,0,758,1,759,0,927,3,928,0,1593,1]
12-09 10:44:56.836 1962 1962 I sysui_multi_action: [757,491,758,1,759,491,927,4,928,0,1311,-1,1593,0]
12-09 10:44:56.836 1962 1962 I sysui_multi_action: [757,0,758,1,759,0,927,5,928,0,1593,0]
12-09 10:44:56.836 1962 1962 I sysui_multi_action: [757,120,758,1,759,120,927,6,928,1,1593,0]
12-09 10:44:56.836 1962 1962 I sysui_multi_action: [757,111,758,1]
12-09 10:44:56.836 1962 1962 I sysui_multi_action: [757,126,758,1,759,126,927,0,928,0,1593,1]
12-09 10:44:56.836 1962 1962 I sysui_multi_action: [757,113,758,1,759,113,927,1,928,1,1593,1]
12-09 10:44:56.836 1962 1962 I sysui_multi_action: [757,0,758,1,759,0,927,2,928,0,1593,1]
12-09 10:44:56.836 1962 1962 I sysui_multi_action: [757,0,758,1,759,0,927,3,928,0,1593,1]
12-09 10:44:56.838 1509 1680 I input_focus: [Focus leaving e1e2dfb com.android.settings/com.android.settings.Settings (server),reason=setFocusedWindow]
12-09 10:44:56.840 1509 1680 I input_focus: [Focus entering 990558b NotificationShade (server),reason=setFocusedWindow]
12-09 10:44:56.868 1509 1737 I GameModeConfig: isGameModeOn = false
12-09 10:44:56.869 1509 1737 I GameModeConfig: isGameModeOn = false
12-09 10:44:56.869 1509 1737 I GameModeConfig: isGameModeOn = false
12-09 10:44:56.869 1509 1737 I GameModeConfig: isGameModeOn = false
12-09 10:44:56.870 1962 1962 I sysui_multi_action: [757,111,758,2]
12-09 10:44:56.870 1509 1509 I notification_enqueue: [10082,1962,com.android.systemui,2048,NULL,0,Notification(channel=updateNotification shortcut=null contentView=null vibrate=null sound=null defaults=0x0 flags=0x0 color=0x00000000 vis=PRIVATE),1]
12-09 10:44:56.870 1962 1962 I sysui_multi_action: [757,111,758,2]
12-09 10:44:56.874 1962 1962 I sysui_multi_action: [757,111,758,1]
12-09 10:44:56.874 1962 1962 I sysui_multi_action: [757,126,758,1,759,126,927,0,928,0,1593,0]
12-09 10:44:56.874 1962 1962 I sysui_multi_action: [757,113,758,1,759,113,927,1,928,1,1593,0]
12-09 10:44:56.874 1962 1962 I sysui_multi_action: [757,0,758,1,759,0,927,2,928,0,1593,0]
12-09 10:44:56.874 1962 1962 I sysui_multi_action: [757,0,758,1,759,0,927,3,928,0,1593,0]
12-09 10:44:56.875 1962 1962 I sysui_multi_action: [757,491,758,1,759,491,927,4,928,0,1311,-1,1593,0]
12-09 10:44:56.875 1962 1962 I sysui_multi_action: [757,0,758,1,759,0,927,5,928,0,1593,0]
12-09 10:44:56.875 1962 1962 I sysui_multi_action: [757,120,758,1,759,120,927,6,928,1,1593,0]
12-09 10:44:56.875 1962 1962 I sysui_multi_action: [757,111,758,1]
12-09 10:44:56.875 1962 1962 I sysui_multi_action: [757,126,758,1,759,126,927,0,928,0,1593,1]
12-09 10:44:56.875 1962 1962 I sysui_multi_action: [757,113,758,1,759,113,927,1,928,1,1593,1]
12-09 10:44:56.875 1962 1962 I sysui_multi_action: [757,0,758,1,759,0,927,2,928,0,1593,1]
12-09 10:44:56.875 1962 1962 I sysui_multi_action: [757,0,758,1,759,0,927,3,928,0,1593,1]
12-09 10:44:56.889 1962 1962 I sysui_multi_action: [757,111,758,2]
12-09 10:44:56.890 1962 1962 I sysui_multi_action: [757,111,758,2]
12-09 10:44:56.890 1509 1509 I notification_enqueue: [10082,1962,com.android.systemui,2048,NULL,0,Notification(channel=updateNotification shortcut=null contentView=null vibrate=null sound=null defaults=0x0 flags=0x0 color=0x00000000 vis=PRIVATE),1]
12-09 10:44:56.895 1962 1962 I sysui_multi_action: [757,111,758,1]
12-09 10:44:56.895 1962 1962 I sysui_multi_action: [757,126,758,1,759,126,927,0,928,0,1593,1]
12-09 10:44:56.895 1962 1962 I sysui_multi_action: [757,113,758,1,759,113,927,1,928,1,1593,1]
12-09 10:44:56.895 1962 1962 I sysui_multi_action: [757,0,758,1,759,0,927,2,928,0,1593,1]
12-09 10:44:56.895 1962 1962 I sysui_multi_action: [757,0,758,1,759,0,927,3,928,0,1593,1]
12-09 10:44:56.895 1962 1962 I sysui_multi_action: [757,491,758,1,759,491,927,4,928,0,1311,-1,1593,0]
12-09 10:44:56.895 1962 1962 I sysui_multi_action: [757,0,758,1,759,0,927,5,928,0,1593,0]
12-09 10:44:56.895 1962 1962 I sysui_multi_action: [757,120,758,1,759,120,927,6,928,1,1593,0]
12-09 10:44:56.895 1962 1962 I sysui_multi_action: [757,111,758,1]
12-09 10:44:56.895 1962 1962 I sysui_multi_action: [757,126,758,1,759,126,927,0,928,0,1593,1]
12-09 10:44:56.896 1962 1962 I sysui_multi_action: [757,113,758,1,759,113,927,1,928,1,1593,1]
12-09 10:44:56.896 1962 1962 I sysui_multi_action: [757,0,758,1,759,0,927,2,928,0,1593,1]
12-09 10:44:56.896 1962 1962 I sysui_multi_action: [757,0,758,1,759,0,927,3,928,0,1593,1]
12-09 10:44:56.896 1509 1737 I GameModeConfig: isGameModeOn = false
12-09 10:44:56.897 1509 1737 I GameModeConfig: isGameModeOn = false
12-09 10:44:56.897 1509 1737 I GameModeConfig: isGameModeOn = false
12-09 10:44:56.897 1509 1737 I GameModeConfig: isGameModeOn = false
12-09 10:44:57.004 1509 1509 I GameModeConfig: isGameModeOn = false
12-09 10:44:57.032 1509 1509 I GameModeConfig: isGameModeOn = false
12-09 10:44:57.032 1509 1509 E NotificationService: Muting recently noisy 0|com.android.systemui|2048|null|10082
12-09 10:44:57.074 1509 1509 I GameModeConfig: isGameModeOn = false
12-09 10:44:57.075 1509 1509 E NotificationService: Muting recently noisy 0|com.android.systemui|2048|null|10082
12-09 10:44:57.092 1509 1509 I GameModeConfig: isGameModeOn = false
12-09 10:44:57.092 1509 1509 E NotificationService: Muting recently noisy 0|com.android.systemui|2048|null|10082
12-09 10:44:57.203 0 0 I auditd : type=1400 audit(0.0:20586): avc: denied { kill } for comm="swapper/2" capability=5 scontext=u:r:kernel:s0 tcontext=u:r:kernel:s0 tclass=capability permissive=0
12-09 10:44:57.340 1509 6636 I sysui_multi_action: [757,128,758,1,793,5855901,794,0,795,5855901,796,26,798,0,806,android,857,DEVELOPER_IMPORTANT,858,4,947,0,1395,2,1500,5855689,1688,1]
12-09 10:44:57.340 1509 6636 I sysui_multi_action: [757,804,799,note_freshness,801,5855901,802,1]
12-09 10:44:57.340 1509 6636 I notification_visibility: [-1|android|26|null|1000,1,5855901,5855901,0,0]
12-09 10:44:57.340 1509 6636 I sysui_multi_action: [757,128,758,1,793,19495866,794,0,795,19495866,796,32,798,1,806,android,857,USB,858,1,947,0,1395,2,1500,19495624,1688,1]
12-09 10:44:57.341 1509 6636 I sysui_multi_action: [757,804,799,note_freshness,801,19495866,802,1]
12-09 10:44:57.341 1509 6636 I notification_visibility: [-1|android|32|null|1000,1,19495866,19495866,0,1]
12-09 10:44:57.659 1509 1680 I input_interaction: Interaction with: 990558b NotificationShade (server), edge-swipe (server), swipe-up (server), PointerEventDispatcher0 (server),
12-09 10:44:57.915 1509 2730 E TaskPersister: File error accessing recents directory (directory doesn't exist?).
12-09 10:44:58.064 1962 1962 I sysui_multi_action: [757,366,758,4,759,126,927,0,928,0,1592,0,1593,1]
12-09 10:44:58.081 1509 6636 I ActivityTaskManager: START u0 {act=android.settings.WIFI_SETTINGS flg=0x14000000 cmp=com.android.settings/.Settings$WifiSettingsActivity} from uid 10082
12-09 10:44:58.086 1509 6636 I wm_task_created: [159,-1]
12-09 10:44:58.086 1509 6636 W ActivityTaskManager: Can't find TaskDisplayArea to determine support for multi window. Task id=159 attached=false
12-09 10:44:58.092 1509 6636 I wm_task_moved: [159,1,7]
12-09 10:44:58.092 1509 6636 I wm_task_to_front: [0,159]
12-09 10:44:58.092 1509 6636 I wm_create_task: [0,159]
12-09 10:44:58.092 1509 6636 I wm_create_activity: [0,26686206,159,com.android.settings/.Settings$WifiSettingsActivity,android.settings.WIFI_SETTINGS,NULL,NULL,335544320]
12-09 10:44:58.092 1509 6636 I wm_task_moved: [159,1,7]
12-09 10:44:58.093 19799 19799 I wm_on_top_resumed_lost_called: [64718363,com.android.settings.Settings,topStateChangedWhenResumed]
12-09 10:44:58.095 1509 6636 I wm_pause_activity: [0,64718363,com.android.settings/.Settings,userLeaving=true,pauseBackTasks]
12-09 10:44:58.103 19799 19799 I sysui_multi_action: [757,35,758,2,1089,2797]
12-09 10:44:58.110 19799 19799 I sysui_multi_action: [757,746,758,2,1089,2643]
12-09 10:44:58.116 19799 19799 I wm_on_paused_called: [64718363,com.android.settings.Settings,performPause]
12-09 10:44:58.117 1509 1774 I ActivityTaskManager: FOREGROUND_APPLICATION_CHANGED to com.android.settings.Settings$WifiSettingsActivity
12-09 10:44:58.119 1509 1774 I ActivityTaskManager: The Process com.android.settings Already Exists in BG. So sending its PID: 19799
12-09 10:44:58.119 1509 1774 W ActivityTaskManager: Tried to set launchTime (0) < mLastActivityLaunchTime (19504490)
12-09 10:44:58.119 1509 1774 I wm_add_to_stopping: [0,64718363,com.android.settings/.Settings,makeInvisible]
12-09 10:44:58.120 1509 1774 I wm_restart_activity: [0,26686206,159,com.android.settings/.Settings$WifiSettingsActivity]
12-09 10:44:58.121 1509 1774 I wm_set_resumed_activity: [0,com.android.settings/.Settings$WifiSettingsActivity,minimalResumeActivityLocked]
12-09 10:44:58.128 1509 1597 I sysui_multi_action: [757,803,799,window_time_0,802,3]
12-09 10:44:58.148 1509 2774 I ActivityTaskManager: START u0 {act=android.settings.WIFI_SETTINGS flg=0x14000000 cmp=com.android.settings/.homepage.SettingsHomepageActivity (has extras)} from uid 1000
12-09 10:44:58.149 1509 2774 I wm_task_moved: [158,1,7]
12-09 10:44:58.149 1509 2774 I wm_task_to_front: [0,158]
12-09 10:44:58.149 1509 2774 I wm_focused_root_task: [0,0,158,159,bringingFoundTaskToFront]
12-09 10:44:58.150 1509 2774 I wm_set_resumed_activity: [0,com.android.settings/.Settings,bringingFoundTaskToFront]
12-09 10:44:58.150 1509 2774 I wm_new_intent: [0,64718363,158,com.android.settings/.Settings,android.intent.action.MAIN,NULL,NULL,270532608]
12-09 10:44:58.151 1509 2774 I wm_pause_activity: [0,26686206,com.android.settings/.Settings$WifiSettingsActivity,userLeaving=true,pauseBackTasks]
12-09 10:44:58.156 1509 2774 I wm_finish_activity: [0,26686206,159,com.android.settings/.Settings$WifiSettingsActivity,app-request]
12-09 10:44:58.157 19799 19799 I wm_on_create_called: [26686206,com.android.settings.Settings$WifiSettingsActivity,performCreate]
12-09 10:44:58.160 1509 2774 I wm_add_to_stopping: [0,26686206,com.android.settings/.Settings$WifiSettingsActivity,completeFinishing]
12-09 10:44:58.161 1509 2774 I ActivityTaskManager: FOREGROUND_APPLICATION_CHANGED to com.android.settings.homepage.SettingsHomepageActivity
12-09 10:44:58.161 1509 2774 I wm_set_resumed_activity: [0,com.android.settings/.Settings,resumeTopActivityInnerLocked]
12-09 10:44:58.162 1509 2774 I wm_resume_activity: [0,64718363,158,com.android.settings/.Settings]
12-09 10:44:58.169 1509 1597 I wm_destroy_activity: [0,26686206,159,com.android.settings/.Settings$WifiSettingsActivity,finish-imm:idle]
12-09 10:44:58.173 1509 1774 I sysui_multi_action: [757,128,758,2,793,5856734,794,833,795,5856734,796,26,798,0,806,android,857,DEVELOPER_IMPORTANT,858,4,947,0,1395,2,1500,5856522,1688,1]
12-09 10:44:58.173 1509 1774 I notification_visibility: [-1|android|26|null|1000,0,5856734,5856734,0,0]
12-09 10:44:58.174 1509 1774 I sysui_multi_action: [757,128,758,2,793,19496700,794,834,795,19496700,796,32,798,1,806,android,857,USB,858,1,947,0,1395,2,1500,19496458,1688,1]
12-09 10:44:58.174 1509 1774 I notification_visibility: [-1|android|32|null|1000,0,19496700,19496700,0,1]
12-09 10:44:58.176 1509 1774 I sysui_multi_action: [757,127,758,2]
12-09 10:44:58.176 1509 1774 I notification_panel_hidden:
12-09 10:44:58.181 19799 19799 I wm_on_resume_called: [64718363,com.android.settings.Settings,RESUME_ACTIVITY]
12-09 10:44:58.182 19799 19799 I sysui_multi_action: [757,35,758,1,833,0,1089,0]
12-09 10:44:58.188 1509 1597 I sysui_multi_action: [757,803,799,window_time_0,802,0]
12-09 10:44:58.188 1509 1598 I input_focus: [Focus request e1e2dfb com.android.settings/com.android.settings.Settings,reason=UpdateInputWindows]
12-09 10:44:58.197 19799 19799 I sysui_multi_action: [757,746,758,1,833,0,1089,0]
12-09 10:44:58.198 1509 6639 D TelephonyRegistry: listen oscl: mHasNotifySubscriptionInfoChangedOccurred==false no callback
12-09 10:44:58.201 1509 7695 D TelephonyRegistry: listen oscl: mHasNotifySubscriptionInfoChangedOccurred==false no callback
12-09 10:44:58.208 19799 19799 I wm_on_top_resumed_gained_called: [64718363,com.android.settings.Settings,topWhenResuming]
12-09 10:44:58.209 1509 1680 I input_focus: [Focus leaving 990558b NotificationShade (server),reason=NOT_FOCUSABLE]
12-09 10:44:58.209 1509 1680 I input_focus: [Focus entering e1e2dfb com.android.settings/com.android.settings.Settings (server),reason=setFocusedWindow]
12-09 10:44:58.209 19799 19799 I wm_on_destroy_called: [26686206,com.android.settings.Settings$WifiSettingsActivity,performDestroy]
12-09 10:44:58.211 1509 7753 I wm_task_removed: [159,removeChild:removeChild last r=ActivityRecord{19732fe u0 com.android.settings/.Settings$WifiSettingsActivity t-1 f}} in t=Task{e4ca3d6 #159 type=standard A=1000:com.android.settings U=0 visible=false mode=fullscreen translucent=true sz=0}]
12-09 10:44:58.211 1509 7753 I wm_task_removed: [159,removeChild]
12-09 10:44:58.213 1509 7156 W ActivityTaskManager: Can't find TaskDisplayArea to determine support for multi window. Task id=159 attached=false
12-09 10:44:58.213 1509 7156 W ActivityTaskManager: Can't find TaskDisplayArea to determine support for multi window. Task id=159 attached=false
12-09 10:44:58.269 12356 12373 W ContextImpl: Calling a method in the system process without a qualified user: android.app.ContextImpl.startService:1816 android.content.ContextWrapper.startService:774 com.thundercomm.gamemode.ingame.services.GameModeActionUtils.startGameModeService:99 com.thundercomm.gamemode.ingame.services.GameModeActionUtils.startGameModeEntry:22 com.thundercomm.gamemode.ingame.services.ActivityMonitoringService$1.onActivityLaunch:127
12-09 10:44:58.276 1509 1509 I GameModeConfig: Current uri is uri = content://com.thundercomm.gamemode.api/gamemode_settings/gamemode_isgaming
12-09 10:44:58.278 1509 1509 I GameModeConfig: isGameModeOn = false
12-09 10:44:58.279 1509 1509 I GameModeConfig: isGameModeOn = false
12-09 10:44:58.279 1509 1509 I GameModeConfig: isDisableVoice = true
12-09 10:44:58.365 19799 19799 I sysui_multi_action: [757,746,758,2,1089,168]
12-09 10:44:58.393 1509 7753 I netstats_mobile_sample: [0,0,0,0,0,0,0,0,0,0,0,0,1670553898393]
12-09 10:44:58.393 1509 7753 I netstats_wifi_sample: [27656014,63315,54677887,130481,27656014,63315,54677887,130481,35811486,118422,27522582,68242,1670553898393]
12-09 10:44:58.407 1509 7753 I netstats_mobile_sample: [0,0,0,0,0,0,0,0,0,0,0,0,1670553898407]
12-09 10:44:58.408 1509 7753 I netstats_wifi_sample: [27656014,63315,54677887,130481,27656014,63315,54677887,130481,35811486,118422,27522582,68242,1670553898407]
12-09 10:44:58.436 19799 19799 I sysui_multi_action: [757,103,758,1,833,0,1089,60]
12-09 10:44:58.469 1509 1737 I GameModeConfig: isGameModeOn = false
12-09 10:44:58.469 1509 1737 I GameModeConfig: isGameModeOn = false
12-09 10:44:58.469 1509 1737 I GameModeConfig: isGameModeOn = false
12-09 10:44:58.469 1509 1737 I GameModeConfig: isGameModeOn = false
12-09 10:44:58.470 1962 1962 I sysui_multi_action: [757,111,758,2]
12-09 10:44:58.470 1962 1962 I sysui_multi_action: [757,111,758,2]
12-09 10:44:58.471 1509 1509 I notification_enqueue: [10082,1962,com.android.systemui,2048,NULL,0,Notification(channel=updateNotification shortcut=null contentView=null vibrate=null sound=null defaults=0x0 flags=0x0 color=0x00000000 vis=PRIVATE),1]
12-09 10:44:58.477 1962 1962 I sysui_multi_action: [757,111,758,1]
12-09 10:44:58.477 1962 1962 I sysui_multi_action: [757,126,758,1,759,126,927,0,928,0,1593,1]
12-09 10:44:58.477 1962 1962 I sysui_multi_action: [757,113,758,1,759,113,927,1,928,1,1593,1]
12-09 10:44:58.477 1962 1962 I sysui_multi_action: [757,0,758,1,759,0,927,2,928,0,1593,1]
12-09 10:44:58.477 1962 1962 I sysui_multi_action: [757,0,758,1,759,0,927,3,928,0,1593,1]
12-09 10:44:58.478 1962 1962 I sysui_multi_action: [757,491,758,1,759,491,927,4,928,0,1311,-1,1593,0]
12-09 10:44:58.478 1962 1962 I sysui_multi_action: [757,0,758,1,759,0,927,5,928,0,1593,0]
12-09 10:44:58.478 1962 1962 I sysui_multi_action: [757,120,758,1,759,120,927,6,928,1,1593,0]
12-09 10:44:58.478 1962 1962 I sysui_multi_action: [757,111,758,1]
12-09 10:44:58.478 1962 1962 I sysui_multi_action: [757,126,758,1,759,126,927,0,928,0,1593,1]
12-09 10:44:58.478 1962 1962 I sysui_multi_action: [757,113,758,1,759,113,927,1,928,1,1593,1]
12-09 10:44:58.478 1962 1962 I sysui_multi_action: [757,0,758,1,759,0,927,2,928,0,1593,1]
12-09 10:44:58.478 1962 1962 I sysui_multi_action: [757,0,758,1,759,0,927,3,928,0,1593,1]
12-09 10:44:58.485 1509 1737 I GameModeConfig: isGameModeOn = false
12-09 10:44:58.486 1509 1737 I GameModeConfig: isGameModeOn = false
12-09 10:44:58.486 1509 1737 I GameModeConfig: isGameModeOn = false
12-09 10:44:58.486 1509 1737 I GameModeConfig: isGameModeOn = false
12-09 10:44:58.487 1962 1962 I sysui_multi_action: [757,111,758,2]
12-09 10:44:58.488 1962 1962 I sysui_multi_action: [757,111,758,2]
12-09 10:44:58.488 1509 1509 I notification_enqueue: [10082,1962,com.android.systemui,2048,NULL,0,Notification(channel=updateNotification shortcut=null contentView=null vibrate=null sound=null defaults=0x0 flags=0x0 color=0x00000000 vis=PRIVATE),1]
12-09 10:44:58.491 1962 1962 I sysui_multi_action: [757,111,758,1]
12-09 10:44:58.491 1962 1962 I sysui_multi_action: [757,126,758,1,759,126,927,0,928,0,1593,1]
12-09 10:44:58.491 1962 1962 I sysui_multi_action: [757,113,758,1,759,113,927,1,928,1,1593,1]
12-09 10:44:58.491 1962 1962 I sysui_multi_action: [757,0,758,1,759,0,927,2,928,0,1593,1]
12-09 10:44:58.491 1962 1962 I sysui_multi_action: [757,0,758,1,759,0,927,3,928,0,1593,1]
12-09 10:44:58.492 1962 1962 I sysui_multi_action: [757,491,758,1,759,491,927,4,928,0,1311,-1,1593,1]
12-09 10:44:58.492 1962 1962 I sysui_multi_action: [757,0,758,1,759,0,927,5,928,0,1593,1]
12-09 10:44:58.492 1962 1962 I sysui_multi_action: [757,120,758,1,759,120,927,6,928,1,1593,1]
12-09 10:44:58.492 1962 1962 I sysui_multi_action: [757,111,758,1]
12-09 10:44:58.492 1962 1962 I sysui_multi_action: [757,126,758,1,759,126,927,0,928,0,1593,1]
12-09 10:44:58.492 1962 1962 I sysui_multi_action: [757,113,758,1,759,113,927,1,928,1,1593,1]
12-09 10:44:58.492 1962 1962 I sysui_multi_action: [757,0,758,1,759,0,927,2,928,0,1593,1]
12-09 10:44:58.492 1962 1962 I sysui_multi_action: [757,0,758,1,759,0,927,3,928,0,1593,1]
12-09 10:44:58.503 1509 1737 I GameModeConfig: isGameModeOn = false
12-09 10:44:58.503 1509 1737 I GameModeConfig: isGameModeOn = false
12-09 10:44:58.503 1509 1737 I GameModeConfig: isGameModeOn = false
12-09 10:44:58.503 1509 1737 I GameModeConfig: isGameModeOn = false
12-09 10:44:58.504 1962 1962 I sysui_multi_action: [757,111,758,2]
12-09 10:44:58.504 1962 1962 I sysui_multi_action: [757,111,758,2]
12-09 10:44:58.504 1509 1509 I notification_enqueue: [10082,1962,com.android.systemui,2048,NULL,0,Notification(channel=updateNotification shortcut=null contentView=null vibrate=null sound=null defaults=0x0 flags=0x0 color=0x00000000 vis=PRIVATE),1]
12-09 10:44:58.508 1962 1962 I sysui_multi_action: [757,111,758,1]
12-09 10:44:58.508 1962 1962 I sysui_multi_action: [757,126,758,1,759,126,927,0,928,0,1593,1]
12-09 10:44:58.508 1962 1962 I sysui_multi_action: [757,113,758,1,759,113,927,1,928,1,1593,1]
12-09 10:44:58.508 1962 1962 I sysui_multi_action: [757,0,758,1,759,0,927,2,928,0,1593,1]
12-09 10:44:58.508 1962 1962 I sysui_multi_action: [757,0,758,1,759,0,927,3,928,0,1593,1]
12-09 10:44:58.508 1962 1962 I sysui_multi_action: [757,491,758,1,759,491,927,4,928,0,1311,-1,1593,1]
12-09 10:44:58.509 1962 1962 I sysui_multi_action: [757,0,758,1,759,0,927,5,928,0,1593,1]
12-09 10:44:58.509 1962 1962 I sysui_multi_action: [757,120,758,1,759,120,927,6,928,1,1593,1]
12-09 10:44:58.509 1962 1962 I sysui_multi_action: [757,111,758,1]
12-09 10:44:58.509 1962 1962 I sysui_multi_action: [757,126,758,1,759,126,927,0,928,0,1593,0]
12-09 10:44:58.509 1962 1962 I sysui_multi_action: [757,113,758,1,759,113,927,1,928,1,1593,0]
12-09 10:44:58.509 1962 1962 I sysui_multi_action: [757,0,758,1,759,0,927,2,928,0,1593,0]
12-09 10:44:58.509 1962 1962 I sysui_multi_action: [757,0,758,1,759,0,927,3,928,0,1593,0]
12-09 10:44:58.519 1509 1737 I GameModeConfig: isGameModeOn = false
12-09 10:44:58.519 1509 1737 I GameModeConfig: isGameModeOn = false
12-09 10:44:58.519 1509 1737 I GameModeConfig: isGameModeOn = false
12-09 10:44:58.519 1509 1737 I GameModeConfig: isGameModeOn = false
12-09 10:44:58.520 1962 1962 I sysui_multi_action: [757,111,758,2]
12-09 10:44:58.520 1962 1962 I sysui_multi_action: [757,111,758,2]
12-09 10:44:58.520 1509 1509 I notification_enqueue: [10082,1962,com.android.systemui,2048,NULL,0,Notification(channel=updateNotification shortcut=null contentView=null vibrate=null sound=null defaults=0x0 flags=0x0 color=0x00000000 vis=PRIVATE),1]
12-09 10:44:58.522 1962 1962 I sysui_multi_action: [757,111,758,1]
12-09 10:44:58.522 1962 1962 I sysui_multi_action: [757,126,758,1,759,126,927,0,928,0,1593,1]
12-09 10:44:58.522 1962 1962 I sysui_multi_action: [757,113,758,1,759,113,927,1,928,1,1593,1]
12-09 10:44:58.523 1962 1962 I sysui_multi_action: [757,0,758,1,759,0,927,2,928,0,1593,1]
12-09 10:44:58.523 1962 1962 I sysui_multi_action: [757,0,758,1,759,0,927,3,928,0,1593,1]
12-09 10:44:58.523 1962 1962 I sysui_multi_action: [757,491,758,1,759,491,927,4,928,0,1311,-1,1593,0]
12-09 10:44:58.523 1962 1962 I sysui_multi_action: [757,0,758,1,759,0,927,5,928,0,1593,0]
12-09 10:44:58.523 1962 1962 I sysui_multi_action: [757,120,758,1,759,120,927,6,928,1,1593,0]
12-09 10:44:58.523 1962 1962 I sysui_multi_action: [757,111,758,1]
12-09 10:44:58.523 1962 1962 I sysui_multi_action: [757,126,758,1,759,126,927,0,928,0,1593,1]
12-09 10:44:58.523 1962 1962 I sysui_multi_action: [757,113,758,1,759,113,927,1,928,1,1593,1]
12-09 10:44:58.523 1962 1962 I sysui_multi_action: [757,0,758,1,759,0,927,2,928,0,1593,1]
12-09 10:44:58.523 1962 1962 I sysui_multi_action: [757,0,758,1,759,0,927,3,928,0,1593,1]
12-09 10:44:58.536 1509 1737 I GameModeConfig: isGameModeOn = false
12-09 10:44:58.536 1509 1737 I GameModeConfig: isGameModeOn = false
12-09 10:44:58.536 1509 1737 I GameModeConfig: isGameModeOn = false
12-09 10:44:58.536 1509 1737 I GameModeConfig: isGameModeOn = false
12-09 10:44:58.537 1962 1962 I sysui_multi_action: [757,111,758,2]
12-09 10:44:58.537 1962 1962 I sysui_multi_action: [757,111,758,2]
12-09 10:44:58.537 1509 1509 I notification_enqueue: [10082,1962,com.android.systemui,2048,NULL,0,Notification(channel=updateNotification shortcut=null contentView=null vibrate=null sound=null defaults=0x0 flags=0x0 color=0x00000000 vis=PRIVATE),1]
12-09 10:44:58.541 1962 1962 I sysui_multi_action: [757,111,758,1]
12-09 10:44:58.541 1962 1962 I sysui_multi_action: [757,126,758,1,759,126,927,0,928,0,1593,1]
12-09 10:44:58.541 1962 1962 I sysui_multi_action: [757,113,758,1,759,113,927,1,928,1,1593,1]
12-09 10:44:58.541 1962 1962 I sysui_multi_action: [757,0,758,1,759,0,927,2,928,0,1593,1]
12-09 10:44:58.541 1962 1962 I sysui_multi_action: [757,0,758,1,759,0,927,3,928,0,1593,1]
12-09 10:44:58.541 1962 1962 I sysui_multi_action: [757,491,758,1,759,491,927,4,928,0,1311,-1,1593,0]
12-09 10:44:58.541 1962 1962 I sysui_multi_action: [757,0,758,1,759,0,927,5,928,0,1593,0]
12-09 10:44:58.541 1962 1962 I sysui_multi_action: [757,120,758,1,759,120,927,6,928,1,1593,0]
12-09 10:44:58.542 1962 1962 I sysui_multi_action: [757,111,758,1]
12-09 10:44:58.542 1962 1962 I sysui_multi_action: [757,126,758,1,759,126,927,0,928,0,1593,1]
12-09 10:44:58.542 1962 1962 I sysui_multi_action: [757,113,758,1,759,113,927,1,928,1,1593,1]
12-09 10:44:58.542 1962 1962 I sysui_multi_action: [757,0,758,1,759,0,927,2,928,0,1593,1]
12-09 10:44:58.542 1962 1962 I sysui_multi_action: [757,0,758,1,759,0,927,3,928,0,1593,1]
12-09 10:44:58.552 1509 1737 I GameModeConfig: isGameModeOn = false
12-09 10:44:58.553 1509 1737 I GameModeConfig: isGameModeOn = false
12-09 10:44:58.553 1509 1737 I GameModeConfig: isGameModeOn = false
12-09 10:44:58.553 1509 1737 I GameModeConfig: isGameModeOn = false
12-09 10:44:58.554 1962 1962 I sysui_multi_action: [757,111,758,2]
12-09 10:44:58.554 1962 1962 I sysui_multi_action: [757,111,758,2]
12-09 10:44:58.554 1509 1509 I notification_enqueue: [10082,1962,com.android.systemui,2048,NULL,0,Notification(channel=updateNotification shortcut=null contentView=null vibrate=null sound=null defaults=0x0 flags=0x0 color=0x00000000 vis=PRIVATE),1]
12-09 10:44:58.557 1962 1962 I sysui_multi_action: [757,111,758,1]
12-09 10:44:58.558 1962 1962 I sysui_multi_action: [757,126,758,1,759,126,927,0,928,0,1593,1]
12-09 10:44:58.558 1962 1962 I sysui_multi_action: [757,113,758,1,759,113,927,1,928,1,1593,1]
12-09 10:44:58.558 1962 1962 I sysui_multi_action: [757,0,758,1,759,0,927,2,928,0,1593,1]
12-09 10:44:58.558 1962 1962 I sysui_multi_action: [757,0,758,1,759,0,927,3,928,0,1593,1]
12-09 10:44:58.558 1962 1962 I sysui_multi_action: [757,491,758,1,759,491,927,4,928,0,1311,-1,1593,0]
12-09 10:44:58.558 1962 1962 I sysui_multi_action: [757,0,758,1,759,0,927,5,928,0,1593,0]
12-09 10:44:58.558 1962 1962 I sysui_multi_action: [757,120,758,1,759,120,927,6,928,1,1593,0]
12-09 10:44:58.558 1962 1962 I sysui_multi_action: [757,111,758,1]
12-09 10:44:58.558 1962 1962 I sysui_multi_action: [757,126,758,1,759,126,927,0,928,0,1593,1]
12-09 10:44:58.558 1962 1962 I sysui_multi_action: [757,113,758,1,759,113,927,1,928,1,1593,1]
12-09 10:44:58.558 1962 1962 I sysui_multi_action: [757,0,758,1,759,0,927,2,928,0,1593,1]
12-09 10:44:58.558 1962 1962 I sysui_multi_action: [757,0,758,1,759,0,927,3,928,0,1593,1]
12-09 10:44:58.569 1509 1737 I GameModeConfig: isGameModeOn = false
12-09 10:44:58.569 1509 1737 I GameModeConfig: isGameModeOn = false
12-09 10:44:58.569 1509 1737 I GameModeConfig: isGameModeOn = false
12-09 10:44:58.569 1509 1737 I GameModeConfig: isGameModeOn = false
12-09 10:44:58.570 1962 1962 I sysui_multi_action: [757,111,758,2]
12-09 10:44:58.570 1962 1962 I sysui_multi_action: [757,111,758,2]
12-09 10:44:58.570 1509 1509 I notification_enqueue: [10082,1962,com.android.systemui,2048,NULL,0,Notification(channel=updateNotification shortcut=null contentView=null vibrate=null sound=null defaults=0x0 flags=0x0 color=0x00000000 vis=PRIVATE),1]
12-09 10:44:58.573 1962 1962 I sysui_multi_action: [757,111,758,1]
