12-09 10:38:53.203 12544 12544 I auditd : type=1400 audit(0.0:20146): avc: denied { kill } for comm="kworker/u16:7" capability=5 scontext=u:r:kernel:s0 tcontext=u:r:kernel:s0 tclass=capability permissive=0
12-09 10:38:54.203 0 0 I auditd : type=1400 audit(0.0:20147): avc: denied { kill } for comm="swapper/2" capability=5 scontext=u:r:kernel:s0 tcontext=u:r:kernel:s0 tclass=capability permissive=0
12-09 10:38:54.269 19364 19364 I sysui_multi_action: [757,830,758,4,833,0,854,wifi_tether,1089,0]
12-09 10:38:54.272 19364 19364 I sysui_multi_action: [757,90,758,2,1089,1130]
12-09 10:38:54.349 19364 19364 I sysui_multi_action: [757,1014,758,1,833,0,1089,73]
12-09 10:38:54.351 19364 19364 I sysui_multi_action: [757,1729,758,4,854,isParalleledControllers:false,1089,75]
12-09 10:38:54.694 1509 1737 I GameModeConfig: isGameModeOn = false
12-09 10:38:54.705 1509 1737 I GameModeConfig: isGameModeOn = false
12-09 10:38:54.869 1509 1737 I GameModeConfig: isGameModeOn = false
12-09 10:38:54.908 1509 1737 I GameModeConfig: isGameModeOn = false
12-09 10:38:56.203 0 0 I auditd : type=1400 audit(0.0:20148): avc: denied { kill } for comm="swapper/3" capability=5 scontext=u:r:kernel:s0 tcontext=u:r:kernel:s0 tclass=capability permissive=0
12-09 10:38:57.203 0 0 I auditd : type=1400 audit(0.0:20149): avc: denied { kill } for comm="swapper/3" capability=5 scontext=u:r:kernel:s0 tcontext=u:r:kernel:s0 tclass=capability permissive=0
12-09 10:38:58.203 0 0 I auditd : type=1400 audit(0.0:20150): avc: denied { kill } for comm="swapper/3" capability=5 scontext=u:r:kernel:s0 tcontext=u:r:kernel:s0 tclass=capability permissive=0
12-09 10:38:59.203 0 0 I auditd : type=1400 audit(0.0:20151): avc: denied { kill } for comm="swapper/3" capability=5 scontext=u:r:kernel:s0 tcontext=u:r:kernel:s0 tclass=capability permissive=0
12-09 10:38:59.239 19364 19364 I sysui_multi_action: [757,830,758,4,833,0,854,wifi_tether_auto_turn_off,1089,0]
12-09 10:39:01.669 1509 1509 I service_manager_stats: [100,82,85289]
12-09 10:39:02.203 0 0 I auditd : type=1400 audit(0.0:20152): avc: denied { kill } for comm="swapper/3" capability=5 scontext=u:r:kernel:s0 tcontext=u:r:kernel:s0 tclass=capability permissive=0
12-09 10:39:03.203 0 0 I auditd : type=1400 audit(0.0:20153): avc: denied { kill } for comm="swapper/3" capability=5 scontext=u:r:kernel:s0 tcontext=u:r:kernel:s0 tclass=capability permissive=0
12-09 10:39:04.203 0 0 I auditd : type=1400 audit(0.0:20154): avc: denied { kill } for comm="swapper/3" capability=5 scontext=u:r:kernel:s0 tcontext=u:r:kernel:s0 tclass=capability permissive=0
12-09 10:39:05.203 0 0 I auditd : type=1400 audit(0.0:20155): avc: denied { kill } for comm="swapper/3" capability=5 scontext=u:r:kernel:s0 tcontext=u:r:kernel:s0 tclass=capability permissive=0
12-09 10:39:06.203 0 0 I auditd : type=1400 audit(0.0:20156): avc: denied { kill } for comm="swapper/3" capability=5 scontext=u:r:kernel:s0 tcontext=u:r:kernel:s0 tclass=capability permissive=0
12-09 10:39:07.203 0 0 I auditd : type=1400 audit(0.0:20157): avc: denied { kill } for comm="swapper/3" capability=5 scontext=u:r:kernel:s0 tcontext=u:r:kernel:s0 tclass=capability permissive=0
12-09 10:39:08.203 0 0 I auditd : type=1400 audit(0.0:20158): avc: denied { kill } for comm="swapper/3" capability=5 scontext=u:r:kernel:s0 tcontext=u:r:kernel:s0 tclass=capability permissive=0
12-09 10:39:09.203 0 0 I auditd : type=1400 audit(0.0:20159): avc: denied { kill } for comm="swapper/3" capability=5 scontext=u:r:kernel:s0 tcontext=u:r:kernel:s0 tclass=capability permissive=0
12-09 10:39:10.203 0 0 I auditd : type=1400 audit(0.0:20160): avc: denied { kill } for comm="swapper/3" capability=5 scontext=u:r:kernel:s0 tcontext=u:r:kernel:s0 tclass=capability permissive=0
12-09 10:39:11.203 0 0 I auditd : type=1400 audit(0.0:20161): avc: denied { kill } for comm="swapper/3" capability=5 scontext=u:r:kernel:s0 tcontext=u:r:kernel:s0 tclass=capability permissive=0
12-09 10:39:14.203 0 0 I auditd : type=1400 audit(0.0:20162): avc: denied { kill } for comm="swapper/3" capability=5 scontext=u:r:kernel:s0 tcontext=u:r:kernel:s0 tclass=capability permissive=0
12-09 10:39:15.203 0 0 I auditd : type=1400 audit(0.0:20163): avc: denied { kill } for comm="swapper/3" capability=5 scontext=u:r:kernel:s0 tcontext=u:r:kernel:s0 tclass=capability permissive=0
12-09 10:39:16.203 0 0 I auditd : type=1400 audit(0.0:20164): avc: denied { kill } for comm="swapper/3" capability=5 scontext=u:r:kernel:s0 tcontext=u:r:kernel:s0 tclass=capability permissive=0
12-09 10:39:17.203 0 0 I auditd : type=1400 audit(0.0:20165): avc: denied { kill } for comm="swapper/3" capability=5 scontext=u:r:kernel:s0 tcontext=u:r:kernel:s0 tclass=capability permissive=0
12-09 10:39:18.203 0 0 I auditd : type=1400 audit(0.0:20166): avc: denied { kill } for comm="swapper/3" capability=5 scontext=u:r:kernel:s0 tcontext=u:r:kernel:s0 tclass=capability permissive=0
12-09 10:39:19.203 0 0 I auditd : type=1400 audit(0.0:20167): avc: denied { kill } for comm="swapper/3" capability=5 scontext=u:r:kernel:s0 tcontext=u:r:kernel:s0 tclass=capability permissive=0
12-09 10:39:20.203 0 0 I auditd : type=1400 audit(0.0:20168): avc: denied { kill } for comm="swapper/3" capability=5 scontext=u:r:kernel:s0 tcontext=u:r:kernel:s0 tclass=capability permissive=0
12-09 10:39:21.203 0 0 I auditd : type=1400 audit(0.0:20169): avc: denied { kill } for comm="swapper/3" capability=5 scontext=u:r:kernel:s0 tcontext=u:r:kernel:s0 tclass=capability permissive=0
12-09 10:39:22.203 0 0 I auditd : type=1400 audit(0.0:20170): avc: denied { kill } for comm="swapper/3" capability=5 scontext=u:r:kernel:s0 tcontext=u:r:kernel:s0 tclass=capability permissive=0
12-09 10:39:23.203 0 0 I auditd : type=1400 audit(0.0:20171): avc: denied { kill } for comm="swapper/3" capability=5 scontext=u:r:kernel:s0 tcontext=u:r:kernel:s0 tclass=capability permissive=0
12-09 10:39:24.203 0 0 I auditd : type=1400 audit(0.0:20172): avc: denied { kill } for comm="swapper/3" capability=5 scontext=u:r:kernel:s0 tcontext=u:r:kernel:s0 tclass=capability permissive=0
12-09 10:39:25.203 0 0 I auditd : type=1400 audit(0.0:20173): avc: denied { kill } for comm="swapper/3" capability=5 scontext=u:r:kernel:s0 tcontext=u:r:kernel:s0 tclass=capability permissive=0
12-09 10:39:26.203 0 0 I auditd : type=1400 audit(0.0:20174): avc: denied { kill } for comm="swapper/3" capability=5 scontext=u:r:kernel:s0 tcontext=u:r:kernel:s0 tclass=capability permissive=0
12-09 10:39:27.203 0 0 I auditd : type=1400 audit(0.0:20175): avc: denied { kill } for comm="swapper/3" capability=5 scontext=u:r:kernel:s0 tcontext=u:r:kernel:s0 tclass=capability permissive=0
12-09 10:39:28.203 0 0 I auditd : type=1400 audit(0.0:20176): avc: denied { kill } for comm="swapper/3" capability=5 scontext=u:r:kernel:s0 tcontext=u:r:kernel:s0 tclass=capability permissive=0
12-09 10:39:29.203 0 0 I auditd : type=1400 audit(0.0:20177): avc: denied { kill } for comm="swapper/3" capability=5 scontext=u:r:kernel:s0 tcontext=u:r:kernel:s0 tclass=capability permissive=0
12-09 10:39:30.203 0 0 I auditd : type=1400 audit(0.0:20178): avc: denied { kill } for comm="swapper/3" capability=5 scontext=u:r:kernel:s0 tcontext=u:r:kernel:s0 tclass=capability permissive=0
12-09 10:39:31.203 0 0 I auditd : type=1400 audit(0.0:20179): avc: denied { kill } for comm="swapper/3" capability=5 scontext=u:r:kernel:s0 tcontext=u:r:kernel:s0 tclass=capability permissive=0
12-09 10:39:32.203 0 0 I auditd : type=1400 audit(0.0:20180): avc: denied { kill } for comm="swapper/3" capability=5 scontext=u:r:kernel:s0 tcontext=u:r:kernel:s0 tclass=capability permissive=0
12-09 10:39:33.203 0 0 I auditd : type=1400 audit(0.0:20181): avc: denied { kill } for comm="swapper/3" capability=5 scontext=u:r:kernel:s0 tcontext=u:r:kernel:s0 tclass=capability permissive=0
12-09 10:39:34.203 0 0 I auditd : type=1400 audit(0.0:20182): avc: denied { kill } for comm="swapper/3" capability=5 scontext=u:r:kernel:s0 tcontext=u:r:kernel:s0 tclass=capability permissive=0
12-09 10:39:35.203 0 0 I auditd : type=1400 audit(0.0:20183): avc: denied { kill } for comm="swapper/3" capability=5 scontext=u:r:kernel:s0 tcontext=u:r:kernel:s0 tclass=capability permissive=0
12-09 10:39:36.203 0 0 I auditd : type=1400 audit(0.0:20184): avc: denied { kill } for comm="swapper/3" capability=5 scontext=u:r:kernel:s0 tcontext=u:r:kernel:s0 tclass=capability permissive=0
12-09 10:39:37.203 0 0 I auditd : type=1400 audit(0.0:20185): avc: denied { kill } for comm="swapper/3" capability=5 scontext=u:r:kernel:s0 tcontext=u:r:kernel:s0 tclass=capability permissive=0
12-09 10:39:38.203 0 0 I auditd : type=1400 audit(0.0:20186): avc: denied { kill } for comm="swapper/3" capability=5 scontext=u:r:kernel:s0 tcontext=u:r:kernel:s0 tclass=capability permissive=0
12-09 10:39:39.203 0 0 I auditd : type=1400 audit(0.0:20187): avc: denied { kill } for comm="swapper/3" capability=5 scontext=u:r:kernel:s0 tcontext=u:r:kernel:s0 tclass=capability permissive=0
12-09 10:39:40.203 0 0 I auditd : type=1400 audit(0.0:20188): avc: denied { kill } for comm="swapper/3" capability=5 scontext=u:r:kernel:s0 tcontext=u:r:kernel:s0 tclass=capability permissive=0
12-09 10:39:41.203 0 0 I auditd : type=1400 audit(0.0:20189): avc: denied { kill } for comm="swapper/3" capability=5 scontext=u:r:kernel:s0 tcontext=u:r:kernel:s0 tclass=capability permissive=0
12-09 10:39:42.203 0 0 I auditd : type=1400 audit(0.0:20190): avc: denied { kill } for comm="swapper/3" capability=5 scontext=u:r:kernel:s0 tcontext=u:r:kernel:s0 tclass=capability permissive=0
12-09 10:39:43.203 0 0 I auditd : type=1400 audit(0.0:20191): avc: denied { kill } for comm="swapper/3" capability=5 scontext=u:r:kernel:s0 tcontext=u:r:kernel:s0 tclass=capability permissive=0
12-09 10:39:44.203 0 0 I auditd : type=1400 audit(0.0:20192): avc: denied { kill } for comm="swapper/3" capability=5 scontext=u:r:kernel:s0 tcontext=u:r:kernel:s0 tclass=capability permissive=0
12-09 10:39:45.203 0 0 I auditd : type=1400 audit(0.0:20193): avc: denied { kill } for comm="swapper/3" capability=5 scontext=u:r:kernel:s0 tcontext=u:r:kernel:s0 tclass=capability permissive=0
12-09 10:39:46.203 0 0 I auditd : type=1400 audit(0.0:20194): avc: denied { kill } for comm="swapper/3" capability=5 scontext=u:r:kernel:s0 tcontext=u:r:kernel:s0 tclass=capability permissive=0
12-09 10:39:47.203 0 0 I auditd : type=1400 audit(0.0:20195): avc: denied { kill } for comm="swapper/3" capability=5 scontext=u:r:kernel:s0 tcontext=u:r:kernel:s0 tclass=capability permissive=0
12-09 10:39:48.203 0 0 I auditd : type=1400 audit(0.0:20196): avc: denied { kill } for comm="swapper/3" capability=5 scontext=u:r:kernel:s0 tcontext=u:r:kernel:s0 tclass=capability permissive=0
12-09 10:39:50.203 0 0 I auditd : type=1400 audit(0.0:20197): avc: denied { kill } for comm="swapper/3" capability=5 scontext=u:r:kernel:s0 tcontext=u:r:kernel:s0 tclass=capability permissive=0
12-09 10:39:50.272 1509 1605 I am_uid_idle: 10088
12-09 10:39:50.742 1509 1605 I am_uid_idle: 10064
12-09 10:39:50.791 1509 1706 I netstats_mobile_sample: [0,0,0,0,0,0,0,0,0,0,0,0,1670553590791]
12-09 10:39:50.791 1509 1706 I netstats_wifi_sample: [27656014,63315,54677887,130481,27656014,63315,54677887,130481,35811486,118422,27522582,68242,1670553590791]
12-09 10:39:51.203 32 32 I auditd : type=1400 audit(0.0:20198): avc: denied { kill } for comm="rcuop/2" capability=5 scontext=u:r:kernel:s0 tcontext=u:r:kernel:s0 tclass=capability permissive=0
12-09 10:39:52.203 0 0 I auditd : type=1400 audit(0.0:20199): avc: denied { kill } for comm="swapper/3" capability=5 scontext=u:r:kernel:s0 tcontext=u:r:kernel:s0 tclass=capability permissive=0
12-09 10:39:53.203 0 0 I auditd : type=1400 audit(0.0:20200): avc: denied { kill } for comm="swapper/3" capability=5 scontext=u:r:kernel:s0 tcontext=u:r:kernel:s0 tclass=capability permissive=0
12-09 10:39:54.203 0 0 I auditd : type=1400 audit(0.0:20201): avc: denied { kill } for comm="swapper/3" capability=5 scontext=u:r:kernel:s0 tcontext=u:r:kernel:s0 tclass=capability permissive=0
12-09 10:39:54.675 1509 1621 V DisplayPowerController[0]: Brightness [0.05] reason changing to: 'manual [ dim ]', previous reason: 'manual'.
12-09 10:39:54.675 1509 1621 I sysui_multi_action: [757,1696,758,6,759,2]
12-09 10:39:54.675 1509 1621 W PowerManagerService: Screen on took 218682 ms
12-09 10:39:54.678 1509 1927 E DisplayDeviceConfig: requesting nits when no mapping exists.
12-09 10:39:54.679 1509 1927 E DisplayDeviceConfig: requesting nits when no mapping exists.
12-09 10:39:54.680 1509 1605 I am_wtf : [0,1509,system_server,-1,DisplayDeviceConfig,requesting nits when no mapping exists.]
12-09 10:39:54.681 1509 1605 I DropBoxManagerService: add tag=system_server_wtf isTagEnabled=true flags=0x2
12-09 10:39:54.684 1509 1605 I am_wtf : [0,1509,system_server,-1,DisplayDeviceConfig,requesting nits when no mapping exists.]
12-09 10:39:54.684 1509 1605 I DropBoxManagerService: add tag=system_server_wtf isTagEnabled=true flags=0x2
12-09 10:39:54.694 1509 1927 E DisplayDeviceConfig: requesting nits when no mapping exists.
12-09 10:39:54.694 1509 1927 E DisplayDeviceConfig: requesting nits when no mapping exists.
12-09 10:39:54.694 1509 1605 I am_wtf : [0,1509,system_server,-1,DisplayDeviceConfig,requesting nits when no mapping exists.]
12-09 10:39:54.695 1509 1605 I DropBoxManagerService: add tag=system_server_wtf isTagEnabled=true flags=0x2
12-09 10:39:54.696 1509 1605 I am_wtf : [0,1509,system_server,-1,DisplayDeviceConfig,requesting nits when no mapping exists.]
12-09 10:39:54.697 1509 1605 I DropBoxManagerService: add tag=system_server_wtf isTagEnabled=true flags=0x2
12-09 10:39:54.705 1509 1927 E DisplayDeviceConfig: requesting nits when no mapping exists.
12-09 10:39:54.705 1509 1927 E DisplayDeviceConfig: requesting nits when no mapping exists.
12-09 10:39:54.705 1509 1605 I am_wtf : [0,1509,system_server,-1,DisplayDeviceConfig,requesting nits when no mapping exists.]
12-09 10:39:54.706 1509 1605 I DropBoxManagerService: add tag=system_server_wtf isTagEnabled=true flags=0x2
12-09 10:39:54.706 1509 1605 I am_wtf : [0,1509,system_server,-1,DisplayDeviceConfig,requesting nits when no mapping exists.]
12-09 10:39:54.722 1509 1927 E DisplayDeviceConfig: requesting nits when no mapping exists.
12-09 10:39:54.723 1509 1927 E DisplayDeviceConfig: requesting nits when no mapping exists.
12-09 10:39:54.723 1509 1605 I am_wtf : [0,1509,system_server,-1,DisplayDeviceConfig,requesting nits when no mapping exists.]
12-09 10:39:54.724 1509 1605 I am_wtf : [0,1509,system_server,-1,DisplayDeviceConfig,requesting nits when no mapping exists.]
12-09 10:39:54.739 1509 1927 E DisplayDeviceConfig: requesting nits when no mapping exists.
12-09 10:39:54.739 1509 1605 I am_wtf : [0,1509,system_server,-1,DisplayDeviceConfig,requesting nits when no mapping exists.]
12-09 10:39:54.739 1509 1927 E DisplayDeviceConfig: requesting nits when no mapping exists.
12-09 10:39:54.740 1509 1605 I am_wtf : [0,1509,system_server,-1,DisplayDeviceConfig,requesting nits when no mapping exists.]
12-09 10:39:54.755 1509 1927 E DisplayDeviceConfig: requesting nits when no mapping exists.
12-09 10:39:54.756 1509 1927 E DisplayDeviceConfig: requesting nits when no mapping exists.
12-09 10:39:54.756 1509 1605 I am_wtf : [0,1509,system_server,-1,DisplayDeviceConfig,requesting nits when no mapping exists.]
12-09 10:39:54.757 1509 1605 I am_wtf : [0,1509,system_server,-1,DisplayDeviceConfig,requesting nits when no mapping exists.]
12-09 10:39:54.773 1509 1927 E DisplayDeviceConfig: requesting nits when no mapping exists.
12-09 10:39:54.773 1509 1605 I am_wtf : [0,1509,system_server,-1,DisplayDeviceConfig,requesting nits when no mapping exists.]
12-09 10:39:54.773 1509 1927 E DisplayDeviceConfig: requesting nits when no mapping exists.
12-09 10:39:54.774 1509 1605 I am_wtf : [0,1509,system_server,-1,DisplayDeviceConfig,requesting nits when no mapping exists.]
12-09 10:39:54.789 1509 1927 E DisplayDeviceConfig: requesting nits when no mapping exists.
12-09 10:39:54.790 1509 1927 E DisplayDeviceConfig: requesting nits when no mapping exists.
12-09 10:39:54.790 1509 1605 I am_wtf : [0,1509,system_server,-1,DisplayDeviceConfig,requesting nits when no mapping exists.]
12-09 10:39:54.791 1509 1605 I am_wtf : [0,1509,system_server,-1,DisplayDeviceConfig,requesting nits when no mapping exists.]
12-09 10:39:54.806 1509 1927 E DisplayDeviceConfig: requesting nits when no mapping exists.
12-09 10:39:54.807 1509 1605 I am_wtf : [0,1509,system_server,-1,DisplayDeviceConfig,requesting nits when no mapping exists.]
12-09 10:39:54.807 1509 1927 E DisplayDeviceConfig: requesting nits when no mapping exists.
12-09 10:39:54.808 1509 1605 I am_wtf : [0,1509,system_server,-1,DisplayDeviceConfig,requesting nits when no mapping exists.]
12-09 10:39:54.823 1509 1927 E DisplayDeviceConfig: requesting nits when no mapping exists.
12-09 10:39:54.823 1509 1927 E DisplayDeviceConfig: requesting nits when no mapping exists.
12-09 10:39:54.823 1509 1605 I am_wtf : [0,1509,system_server,-1,DisplayDeviceConfig,requesting nits when no mapping exists.]
12-09 10:39:54.824 1509 1605 I am_wtf : [0,1509,system_server,-1,DisplayDeviceConfig,requesting nits when no mapping exists.]
12-09 10:39:54.839 1509 1927 E DisplayDeviceConfig: requesting nits when no mapping exists.
12-09 10:39:54.839 1509 1927 E DisplayDeviceConfig: requesting nits when no mapping exists.
12-09 10:39:54.839 1509 1605 I am_wtf : [0,1509,system_server,-1,DisplayDeviceConfig,requesting nits when no mapping exists.]
12-09 10:39:54.840 1509 1605 I am_wtf : [0,1509,system_server,-1,DisplayDeviceConfig,requesting nits when no mapping exists.]
12-09 10:39:54.856 1509 1927 E DisplayDeviceConfig: requesting nits when no mapping exists.
12-09 10:39:54.856 1509 1927 E DisplayDeviceConfig: requesting nits when no mapping exists.
12-09 10:39:54.856 1509 1605 I am_wtf : [0,1509,system_server,-1,DisplayDeviceConfig,requesting nits when no mapping exists.]
12-09 10:39:54.857 1509 1605 I am_wtf : [0,1509,system_server,-1,DisplayDeviceConfig,requesting nits when no mapping exists.]
12-09 10:39:54.873 1509 1927 E DisplayDeviceConfig: requesting nits when no mapping exists.
12-09 10:39:54.873 1509 1927 E DisplayDeviceConfig: requesting nits when no mapping exists.
12-09 10:39:54.873 1509 1605 I am_wtf : [0,1509,system_server,-1,DisplayDeviceConfig,requesting nits when no mapping exists.]
12-09 10:39:54.874 1509 1605 I am_wtf : [0,1509,system_server,-1,DisplayDeviceConfig,requesting nits when no mapping exists.]
12-09 10:39:54.890 1509 1927 E DisplayDeviceConfig: requesting nits when no mapping exists.
12-09 10:39:54.890 1509 1927 E DisplayDeviceConfig: requesting nits when no mapping exists.
12-09 10:39:54.890 1509 1605 I am_wtf : [0,1509,system_server,-1,DisplayDeviceConfig,requesting nits when no mapping exists.]
12-09 10:39:54.891 1509 1605 I am_wtf : [0,1509,system_server,-1,DisplayDeviceConfig,requesting nits when no mapping exists.]
12-09 10:39:54.906 1509 1927 E DisplayDeviceConfig: requesting nits when no mapping exists.
12-09 10:39:54.907 1509 1605 I am_wtf : [0,1509,system_server,-1,DisplayDeviceConfig,requesting nits when no mapping exists.]
12-09 10:39:54.908 1509 1927 E DisplayDeviceConfig: requesting nits when no mapping exists.
12-09 10:39:54.908 1509 1605 I am_wtf : [0,1509,system_server,-1,DisplayDeviceConfig,requesting nits when no mapping exists.]
12-09 10:39:54.923 1509 1927 E DisplayDeviceConfig: requesting nits when no mapping exists.
12-09 10:39:54.924 1509 1605 I am_wtf : [0,1509,system_server,-1,DisplayDeviceConfig,requesting nits when no mapping exists.]
12-09 10:39:54.925 1509 1927 E DisplayDeviceConfig: requesting nits when no mapping exists.
12-09 10:39:54.926 1509 1605 I am_wtf : [0,1509,system_server,-1,DisplayDeviceConfig,requesting nits when no mapping exists.]
12-09 10:39:54.939 1509 1927 E DisplayDeviceConfig: requesting nits when no mapping exists.
12-09 10:39:54.940 1509 1927 E DisplayDeviceConfig: requesting nits when no mapping exists.
12-09 10:39:54.940 1509 1605 I am_wtf : [0,1509,system_server,-1,DisplayDeviceConfig,requesting nits when no mapping exists.]
12-09 10:39:54.940 1509 1605 I am_wtf : [0,1509,system_server,-1,DisplayDeviceConfig,requesting nits when no mapping exists.]
12-09 10:39:54.956 1509 1927 E DisplayDeviceConfig: requesting nits when no mapping exists.
12-09 10:39:54.956 1509 1927 E DisplayDeviceConfig: requesting nits when no mapping exists.
12-09 10:39:54.956 1509 1605 I am_wtf : [0,1509,system_server,-1,DisplayDeviceConfig,requesting nits when no mapping exists.]
12-09 10:39:54.957 1509 1605 I am_wtf : [0,1509,system_server,-1,DisplayDeviceConfig,requesting nits when no mapping exists.]
12-09 10:39:54.973 1509 1927 E DisplayDeviceConfig: requesting nits when no mapping exists.
12-09 10:39:54.973 1509 1927 E DisplayDeviceConfig: requesting nits when no mapping exists.
12-09 10:39:54.973 1509 1605 I am_wtf : [0,1509,system_server,-1,DisplayDeviceConfig,requesting nits when no mapping exists.]
12-09 10:39:54.974 1509 1605 I am_wtf : [0,1509,system_server,-1,DisplayDeviceConfig,requesting nits when no mapping exists.]
12-09 10:39:54.990 1509 1927 E DisplayDeviceConfig: requesting nits when no mapping exists.
12-09 10:39:54.990 1509 1927 E DisplayDeviceConfig: requesting nits when no mapping exists.
12-09 10:39:54.990 1509 1605 I am_wtf : [0,1509,system_server,-1,DisplayDeviceConfig,requesting nits when no mapping exists.]
12-09 10:39:54.991 1509 1605 I am_wtf : [0,1509,system_server,-1,DisplayDeviceConfig,requesting nits when no mapping exists.]
12-09 10:39:55.007 1509 1927 E DisplayDeviceConfig: requesting nits when no mapping exists.
12-09 10:39:55.007 1509 1927 E DisplayDeviceConfig: requesting nits when no mapping exists.
12-09 10:39:55.007 1509 1605 I am_wtf : [0,1509,system_server,-1,DisplayDeviceConfig,requesting nits when no mapping exists.]
12-09 10:39:55.008 1509 1605 I am_wtf : [0,1509,system_server,-1,DisplayDeviceConfig,requesting nits when no mapping exists.]
12-09 10:39:55.023 1509 1927 E DisplayDeviceConfig: requesting nits when no mapping exists.
12-09 10:39:55.024 1509 1927 E DisplayDeviceConfig: requesting nits when no mapping exists.
12-09 10:39:55.024 1509 1605 I am_wtf : [0,1509,system_server,-1,DisplayDeviceConfig,requesting nits when no mapping exists.]
12-09 10:39:55.025 1509 1605 I am_wtf : [0,1509,system_server,-1,DisplayDeviceConfig,requesting nits when no mapping exists.]
12-09 10:39:55.040 1509 1927 E DisplayDeviceConfig: requesting nits when no mapping exists.
12-09 10:39:55.040 1509 1927 E DisplayDeviceConfig: requesting nits when no mapping exists.
12-09 10:39:55.040 1509 1605 I am_wtf : [0,1509,system_server,-1,DisplayDeviceConfig,requesting nits when no mapping exists.]
12-09 10:39:55.041 1509 1605 I am_wtf : [0,1509,system_server,-1,DisplayDeviceConfig,requesting nits when no mapping exists.]
12-09 10:39:55.057 1509 1927 E DisplayDeviceConfig: requesting nits when no mapping exists.
12-09 10:39:55.057 1509 1927 E DisplayDeviceConfig: requesting nits when no mapping exists.
12-09 10:39:55.057 1509 1605 I am_wtf : [0,1509,system_server,-1,DisplayDeviceConfig,requesting nits when no mapping exists.]
12-09 10:39:55.058 1509 1605 I am_wtf : [0,1509,system_server,-1,DisplayDeviceConfig,requesting nits when no mapping exists.]
12-09 10:39:55.073 1509 1927 E DisplayDeviceConfig: requesting nits when no mapping exists.
12-09 10:39:55.074 1509 1927 E DisplayDeviceConfig: requesting nits when no mapping exists.
12-09 10:39:55.074 1509 1605 I am_wtf : [0,1509,system_server,-1,DisplayDeviceConfig,requesting nits when no mapping exists.]
12-09 10:39:55.075 1509 1605 I am_wtf : [0,1509,system_server,-1,DisplayDeviceConfig,requesting nits when no mapping exists.]
12-09 10:39:55.089 1509 1927 E DisplayDeviceConfig: requesting nits when no mapping exists.
12-09 10:39:55.090 1509 1605 I am_wtf : [0,1509,system_server,-1,DisplayDeviceConfig,requesting nits when no mapping exists.]
12-09 10:39:55.091 1509 1927 E DisplayDeviceConfig: requesting nits when no mapping exists.
12-09 10:39:55.091 1509 1605 I am_wtf : [0,1509,system_server,-1,DisplayDeviceConfig,requesting nits when no mapping exists.]
12-09 10:39:55.107 1509 1927 E DisplayDeviceConfig: requesting nits when no mapping exists.
12-09 10:39:55.107 1509 1927 E DisplayDeviceConfig: requesting nits when no mapping exists.
12-09 10:39:55.107 1509 1605 I am_wtf : [0,1509,system_server,-1,DisplayDeviceConfig,requesting nits when no mapping exists.]
12-09 10:39:55.108 1509 1605 I am_wtf : [0,1509,system_server,-1,DisplayDeviceConfig,requesting nits when no mapping exists.]
12-09 10:39:55.123 1509 1927 E DisplayDeviceConfig: requesting nits when no mapping exists.
12-09 10:39:55.123 1509 1927 E DisplayDeviceConfig: requesting nits when no mapping exists.
12-09 10:39:55.123 1509 1605 I am_wtf : [0,1509,system_server,-1,DisplayDeviceConfig,requesting nits when no mapping exists.]
12-09 10:39:55.125 1509 1605 I am_wtf : [0,1509,system_server,-1,DisplayDeviceConfig,requesting nits when no mapping exists.]
12-09 10:39:55.140 1509 1927 E DisplayDeviceConfig: requesting nits when no mapping exists.
12-09 10:39:55.140 1509 1605 I am_wtf : [0,1509,system_server,-1,DisplayDeviceConfig,requesting nits when no mapping exists.]
12-09 10:39:55.140 1509 1927 E DisplayDeviceConfig: requesting nits when no mapping exists.
12-09 10:39:55.141 1509 1605 I am_wtf : [0,1509,system_server,-1,DisplayDeviceConfig,requesting nits when no mapping exists.]
12-09 10:39:55.156 1509 1927 E DisplayDeviceConfig: requesting nits when no mapping exists.
12-09 10:39:55.157 1509 1927 E DisplayDeviceConfig: requesting nits when no mapping exists.
12-09 10:39:55.157 1509 1605 I am_wtf : [0,1509,system_server,-1,DisplayDeviceConfig,requesting nits when no mapping exists.]
12-09 10:39:55.158 1509 1605 I am_wtf : [0,1509,system_server,-1,DisplayDeviceConfig,requesting nits when no mapping exists.]
12-09 10:39:55.173 1509 1927 E DisplayDeviceConfig: requesting nits when no mapping exists.
12-09 10:39:55.173 1509 1605 I am_wtf : [0,1509,system_server,-1,DisplayDeviceConfig,requesting nits when no mapping exists.]
12-09 10:39:55.173 1509 1927 E DisplayDeviceConfig: requesting nits when no mapping exists.
12-09 10:39:55.175 1509 1605 I am_wtf : [0,1509,system_server,-1,DisplayDeviceConfig,requesting nits when no mapping exists.]
12-09 10:39:55.190 1509 1927 E DisplayDeviceConfig: requesting nits when no mapping exists.
12-09 10:39:55.191 1509 1927 E DisplayDeviceConfig: requesting nits when no mapping exists.
12-09 10:39:55.191 1509 1605 I am_wtf : [0,1509,system_server,-1,DisplayDeviceConfig,requesting nits when no mapping exists.]
12-09 10:39:55.192 1509 1605 I am_wtf : [0,1509,system_server,-1,DisplayDeviceConfig,requesting nits when no mapping exists.]
12-09 10:39:55.207 1509 1927 E DisplayDeviceConfig: requesting nits when no mapping exists.
12-09 10:39:55.207 1509 1927 E DisplayDeviceConfig: requesting nits when no mapping exists.
12-09 10:39:55.207 1509 1605 I am_wtf : [0,1509,system_server,-1,DisplayDeviceConfig,requesting nits when no mapping exists.]
12-09 10:39:55.209 1509 1605 I am_wtf : [0,1509,system_server,-1,DisplayDeviceConfig,requesting nits when no mapping exists.]
12-09 10:39:55.223 1509 1927 E DisplayDeviceConfig: requesting nits when no mapping exists.
12-09 10:39:55.224 1509 1927 E DisplayDeviceConfig: requesting nits when no mapping exists.
12-09 10:39:55.224 1509 1605 I am_wtf : [0,1509,system_server,-1,DisplayDeviceConfig,requesting nits when no mapping exists.]
12-09 10:39:55.225 1509 1605 I am_wtf : [0,1509,system_server,-1,DisplayDeviceConfig,requesting nits when no mapping exists.]
12-09 10:39:55.240 1509 1927 E DisplayDeviceConfig: requesting nits when no mapping exists.
12-09 10:39:55.241 1509 1605 I am_wtf : [0,1509,system_server,-1,DisplayDeviceConfig,requesting nits when no mapping exists.]
12-09 10:39:55.241 1509 1927 E DisplayDeviceConfig: requesting nits when no mapping exists.
12-09 10:39:55.242 1509 1605 I am_wtf : [0,1509,system_server,-1,DisplayDeviceConfig,requesting nits when no mapping exists.]
12-09 10:39:55.257 1509 1927 E DisplayDeviceConfig: requesting nits when no mapping exists.
12-09 10:39:55.257 1509 1927 E DisplayDeviceConfig: requesting nits when no mapping exists.
12-09 10:39:55.257 1509 1605 I am_wtf : [0,1509,system_server,-1,DisplayDeviceConfig,requesting nits when no mapping exists.]
12-09 10:39:55.259 1509 1605 I am_wtf : [0,1509,system_server,-1,DisplayDeviceConfig,requesting nits when no mapping exists.]
12-09 10:39:55.273 1509 1927 E DisplayDeviceConfig: requesting nits when no mapping exists.
12-09 10:39:55.274 1509 1927 E DisplayDeviceConfig: requesting nits when no mapping exists.
12-09 10:39:55.274 1509 1605 I am_wtf : [0,1509,system_server,-1,DisplayDeviceConfig,requesting nits when no mapping exists.]
12-09 10:39:55.275 1509 1605 I am_wtf : [0,1509,system_server,-1,DisplayDeviceConfig,requesting nits when no mapping exists.]
12-09 10:39:55.290 1509 1927 E DisplayDeviceConfig: requesting nits when no mapping exists.
12-09 10:39:55.291 1509 1927 E DisplayDeviceConfig: requesting nits when no mapping exists.
12-09 10:39:55.291 1509 1605 I am_wtf : [0,1509,system_server,-1,DisplayDeviceConfig,requesting nits when no mapping exists.]
12-09 10:39:55.292 1509 1605 I am_wtf : [0,1509,system_server,-1,DisplayDeviceConfig,requesting nits when no mapping exists.]
12-09 10:39:55.307 1509 1927 E DisplayDeviceConfig: requesting nits when no mapping exists.
12-09 10:39:55.308 1509 1927 E DisplayDeviceConfig: requesting nits when no mapping exists.
12-09 10:39:55.308 1509 1605 I am_wtf : [0,1509,system_server,-1,DisplayDeviceConfig,requesting nits when no mapping exists.]
12-09 10:39:55.309 1509 1605 I am_wtf : [0,1509,system_server,-1,DisplayDeviceConfig,requesting nits when no mapping exists.]
12-09 10:39:55.324 1509 1927 E DisplayDeviceConfig: requesting nits when no mapping exists.
12-09 10:39:55.324 1509 1927 E DisplayDeviceConfig: requesting nits when no mapping exists.
12-09 10:39:55.324 1509 1605 I am_wtf : [0,1509,system_server,-1,DisplayDeviceConfig,requesting nits when no mapping exists.]
12-09 10:39:55.325 1509 1605 I am_wtf : [0,1509,system_server,-1,DisplayDeviceConfig,requesting nits when no mapping exists.]
12-09 10:39:55.340 1509 1927 E DisplayDeviceConfig: requesting nits when no mapping exists.
12-09 10:39:55.341 1509 1927 E DisplayDeviceConfig: requesting nits when no mapping exists.
12-09 10:39:55.341 1509 1605 I am_wtf : [0,1509,system_server,-1,DisplayDeviceConfig,requesting nits when no mapping exists.]
12-09 10:39:55.342 1509 1605 I am_wtf : [0,1509,system_server,-1,DisplayDeviceConfig,requesting nits when no mapping exists.]
12-09 10:39:55.357 1509 1927 E DisplayDeviceConfig: requesting nits when no mapping exists.
12-09 10:39:55.358 1509 1927 E DisplayDeviceConfig: requesting nits when no mapping exists.
12-09 10:39:55.358 1509 1605 I am_wtf : [0,1509,system_server,-1,DisplayDeviceConfig,requesting nits when no mapping exists.]
12-09 10:39:55.359 1509 1605 I am_wtf : [0,1509,system_server,-1,DisplayDeviceConfig,requesting nits when no mapping exists.]
12-09 10:39:55.374 1509 1927 E DisplayDeviceConfig: requesting nits when no mapping exists.
12-09 10:39:55.375 1509 1927 E DisplayDeviceConfig: requesting nits when no mapping exists.
12-09 10:39:55.375 1509 1605 I am_wtf : [0,1509,system_server,-1,DisplayDeviceConfig,requesting nits when no mapping exists.]
12-09 10:39:55.376 1509 1605 I am_wtf : [0,1509,system_server,-1,DisplayDeviceConfig,requesting nits when no mapping exists.]
12-09 10:39:55.391 1509 1927 E DisplayDeviceConfig: requesting nits when no mapping exists.
12-09 10:39:55.391 1509 1927 E DisplayDeviceConfig: requesting nits when no mapping exists.
12-09 10:39:55.391 1509 1605 I am_wtf : [0,1509,system_server,-1,DisplayDeviceConfig,requesting nits when no mapping exists.]
12-09 10:39:55.392 1509 1605 I am_wtf : [0,1509,system_server,-1,DisplayDeviceConfig,requesting nits when no mapping exists.]
12-09 10:39:55.407 1509 1927 E DisplayDeviceConfig: requesting nits when no mapping exists.
12-09 10:39:55.408 1509 1927 E DisplayDeviceConfig: requesting nits when no mapping exists.
12-09 10:39:55.408 1509 1605 I am_wtf : [0,1509,system_server,-1,DisplayDeviceConfig,requesting nits when no mapping exists.]
12-09 10:39:55.409 1509 1605 I am_wtf : [0,1509,system_server,-1,DisplayDeviceConfig,requesting nits when no mapping exists.]
12-09 10:39:55.423 1509 1927 E DisplayDeviceConfig: requesting nits when no mapping exists.
12-09 10:39:55.424 1509 1927 E DisplayDeviceConfig: requesting nits when no mapping exists.
12-09 10:39:55.424 1509 1605 I am_wtf : [0,1509,system_server,-1,DisplayDeviceConfig,requesting nits when no mapping exists.]
12-09 10:39:55.425 1509 1605 I am_wtf : [0,1509,system_server,-1,DisplayDeviceConfig,requesting nits when no mapping exists.]
12-09 10:39:55.441 1509 1927 E DisplayDeviceConfig: requesting nits when no mapping exists.
12-09 10:39:55.441 1509 1927 E DisplayDeviceConfig: requesting nits when no mapping exists.
12-09 10:39:55.442 1509 1605 I am_wtf : [0,1509,system_server,-1,DisplayDeviceConfig,requesting nits when no mapping exists.]
12-09 10:39:55.444 1509 1605 I am_wtf : [0,1509,system_server,-1,DisplayDeviceConfig,requesting nits when no mapping exists.]
12-09 10:39:55.457 1509 1927 E DisplayDeviceConfig: requesting nits when no mapping exists.
12-09 10:39:55.457 1509 1605 I am_wtf : [0,1509,system_server,-1,DisplayDeviceConfig,requesting nits when no mapping exists.]
12-09 10:39:55.457 1509 1927 E DisplayDeviceConfig: requesting nits when no mapping exists.
12-09 10:39:55.459 1509 1605 I am_wtf : [0,1509,system_server,-1,DisplayDeviceConfig,requesting nits when no mapping exists.]
12-09 10:39:55.459 1509 1605 I service_manager_stats: [100,53,53790]
12-09 10:39:55.474 1509 1927 E DisplayDeviceConfig: requesting nits when no mapping exists.
12-09 10:39:55.475 1509 1605 I am_wtf : [0,1509,system_server,-1,DisplayDeviceConfig,requesting nits when no mapping exists.]
12-09 10:39:55.476 1509 1927 E DisplayDeviceConfig: requesting nits when no mapping exists.
12-09 10:39:55.477 1509 1605 I am_wtf : [0,1509,system_server,-1,DisplayDeviceConfig,requesting nits when no mapping exists.]
12-09 10:39:55.492 1509 1927 E DisplayDeviceConfig: requesting nits when no mapping exists.
12-09 10:39:55.492 1509 1605 I am_wtf : [0,1509,system_server,-1,DisplayDeviceConfig,requesting nits when no mapping exists.]
12-09 10:39:55.493 1509 1927 E DisplayDeviceConfig: requesting nits when no mapping exists.
12-09 10:39:55.495 1509 1605 I am_wtf : [0,1509,system_server,-1,DisplayDeviceConfig,requesting nits when no mapping exists.]
12-09 10:39:55.508 1509 1927 E DisplayDeviceConfig: requesting nits when no mapping exists.
12-09 10:39:55.509 1509 1605 I am_wtf : [0,1509,system_server,-1,DisplayDeviceConfig,requesting nits when no mapping exists.]
12-09 10:39:55.509 1509 1927 E DisplayDeviceConfig: requesting nits when no mapping exists.
12-09 10:39:55.509 1509 1605 I am_wtf : [0,1509,system_server,-1,DisplayDeviceConfig,requesting nits when no mapping exists.]
12-09 10:39:55.524 1509 1927 E DisplayDeviceConfig: requesting nits when no mapping exists.
12-09 10:39:55.525 1509 1927 E DisplayDeviceConfig: requesting nits when no mapping exists.
12-09 10:39:55.525 1509 1605 I am_wtf : [0,1509,system_server,-1,DisplayDeviceConfig,requesting nits when no mapping exists.]
12-09 10:39:55.526 1509 1605 I am_wtf : [0,1509,system_server,-1,DisplayDeviceConfig,requesting nits when no mapping exists.]
12-09 10:39:55.540 1509 1927 E DisplayDeviceConfig: requesting nits when no mapping exists.
12-09 10:39:55.541 1509 1927 E DisplayDeviceConfig: requesting nits when no mapping exists.
12-09 10:39:55.541 1509 1605 I am_wtf : [0,1509,system_server,-1,DisplayDeviceConfig,requesting nits when no mapping exists.]
12-09 10:39:55.542 1509 1605 I am_wtf : [0,1509,system_server,-1,DisplayDeviceConfig,requesting nits when no mapping exists.]
12-09 10:39:55.557 1509 1927 E DisplayDeviceConfig: requesting nits when no mapping exists.
12-09 10:39:55.558 1509 1927 E DisplayDeviceConfig: requesting nits when no mapping exists.
12-09 10:39:55.558 1509 1605 I am_wtf : [0,1509,system_server,-1,DisplayDeviceConfig,requesting nits when no mapping exists.]
12-09 10:39:55.559 1509 1605 I am_wtf : [0,1509,system_server,-1,DisplayDeviceConfig,requesting nits when no mapping exists.]
12-09 10:39:55.574 1509 1927 E DisplayDeviceConfig: requesting nits when no mapping exists.
12-09 10:39:55.575 1509 1927 E DisplayDeviceConfig: requesting nits when no mapping exists.
12-09 10:39:55.575 1509 1605 I am_wtf : [0,1509,system_server,-1,DisplayDeviceConfig,requesting nits when no mapping exists.]
12-09 10:39:55.576 1509 1605 I am_wtf : [0,1509,system_server,-1,DisplayDeviceConfig,requesting nits when no mapping exists.]
12-09 10:39:55.591 1509 1927 E DisplayDeviceConfig: requesting nits when no mapping exists.
12-09 10:39:55.591 1509 1927 E DisplayDeviceConfig: requesting nits when no mapping exists.
12-09 10:39:55.591 1509 1605 I am_wtf : [0,1509,system_server,-1,DisplayDeviceConfig,requesting nits when no mapping exists.]
12-09 10:39:55.593 1509 1605 I am_wtf : [0,1509,system_server,-1,DisplayDeviceConfig,requesting nits when no mapping exists.]
12-09 10:39:55.608 1509 1927 E DisplayDeviceConfig: requesting nits when no mapping exists.
12-09 10:39:55.608 1509 1927 E DisplayDeviceConfig: requesting nits when no mapping exists.
12-09 10:39:55.608 1509 1605 I am_wtf : [0,1509,system_server,-1,DisplayDeviceConfig,requesting nits when no mapping exists.]
12-09 10:39:55.609 1509 1605 I am_wtf : [0,1509,system_server,-1,DisplayDeviceConfig,requesting nits when no mapping exists.]
12-09 10:39:55.625 1509 1927 E DisplayDeviceConfig: requesting nits when no mapping exists.
12-09 10:39:55.625 1509 1605 I am_wtf : [0,1509,system_server,-1,DisplayDeviceConfig,requesting nits when no mapping exists.]
12-09 10:39:55.625 1509 1927 E DisplayDeviceConfig: requesting nits when no mapping exists.
12-09 10:39:55.627 1509 1605 I am_wtf : [0,1509,system_server,-1,DisplayDeviceConfig,requesting nits when no mapping exists.]
12-09 10:39:56.203 0 0 I auditd : type=1400 audit(0.0:20202): avc: denied { kill } for comm="swapper/3" capability=5 scontext=u:r:kernel:s0 tcontext=u:r:kernel:s0 tclass=capability permissive=0
12-09 10:39:57.203 0 0 I auditd : type=1400 audit(0.0:20203): avc: denied { kill } for comm="swapper/3" capability=5 scontext=u:r:kernel:s0 tcontext=u:r:kernel:s0 tclass=capability permissive=0
12-09 10:39:58.203 0 0 I auditd : type=1400 audit(0.0:20204): avc: denied { kill } for comm="swapper/3" capability=5 scontext=u:r:kernel:s0 tcontext=u:r:kernel:s0 tclass=capability permissive=0
12-09 10:39:59.203 0 0 I auditd : type=1400 audit(0.0:20205): avc: denied { kill } for comm="swapper/3" capability=5 scontext=u:r:kernel:s0 tcontext=u:r:kernel:s0 tclass=capability permissive=0
12-09 10:40:00.203 0 0 I auditd : type=1400 audit(0.0:20206): avc: denied { kill } for comm="swapper/3" capability=5 scontext=u:r:kernel:s0 tcontext=u:r:kernel:s0 tclass=capability permissive=0
12-09 10:40:01.203 0 0 I auditd : type=1400 audit(0.0:20207): avc: denied { kill } for comm="swapper/3" capability=5 scontext=u:r:kernel:s0 tcontext=u:r:kernel:s0 tclass=capability permissive=0
12-09 10:40:01.287 1509 1604 I UsageStatsService: User[0] Flushing usage stats to disk
12-09 10:40:01.668 1509 1621 I PowerManagerService: Napping display group (groupId=0, uid=1000)...
12-09 10:40:01.668 1509 1621 I PowerManagerService: Nap time (uid 1000)...
12-09 10:40:01.669 1509 1621 I DreamManagerService: Entering dreamland.
12-09 10:40:01.671 1509 1621 I PowerManagerService: Dreaming...
12-09 10:40:01.677 1509 1594 I DreamController: Starting dream: name=ComponentInfo{com.thundercomm.screensaver/com.thundercomm.screensaver.service.SystemScreensaverDream}, isTest=false, canDoze=false, userId=0
12-09 10:40:01.677 1509 1594 I sysui_multi_action: [757,222,758,1]
12-09 10:40:01.680 1509 1594 I am_uid_active: 10051
12-09 10:40:01.691 1509 2104 I ActivityTaskManager: START u0 {flg=0x10000000 pkg=com.thundercomm.screensaver cmp=com.thundercomm.screensaver/android.service.dreams.DreamActivity (has extras)} from uid 10051
12-09 10:40:01.698 1509 1604 I am_pss : [19364,1000,com.android.settings,165190656,153288704,0,296509440,0,2,19]
12-09 10:40:01.701 1509 2104 I wm_task_created: [157,-1]
12-09 10:40:01.701 1509 2104 W ActivityTaskManager: Can't find TaskDisplayArea to determine support for multi window. Task id=157 attached=false
12-09 10:40:01.705 1509 2104 I wm_task_moved: [157,1,7]
12-09 10:40:01.705 1509 2104 I wm_task_to_front: [0,157]
12-09 10:40:01.706 1509 2104 I wm_create_task: [0,157]
12-09 10:40:01.706 1509 2104 I wm_create_activity: [0,132777596,157,com.thundercomm.screensaver/android.service.dreams.DreamActivity,NULL,NULL,NULL,276824064]
12-09 10:40:01.706 1509 2104 I wm_task_moved: [157,1,7]
12-09 10:40:01.709 1509 2104 I wm_pause_activity: [0,174652697,com.android.settings/.homepage.SettingsHomepageActivity,userLeaving=true,pauseBackTasks]
12-09 10:40:01.710 1509 1604 I am_pss : [18806,10084,com.android.music,42230784,35930112,0,162631680,0,4,10]
12-09 10:40:01.713 19364 19364 I wm_on_top_resumed_lost_called: [174652697,com.android.settings.homepage.SettingsHomepageActivity,topStateChangedWhenResumed]
12-09 10:40:01.720 1509 1604 I am_pss : [19365,10071,com.android.gallery3d,7963648,5505024,0,93294592,0,19,7]
12-09 10:40:01.722 19364 19364 I sysui_multi_action: [757,35,758,2,1089,77506]
12-09 10:40:01.723 19364 19364 I sysui_multi_action: [757,1014,758,2,1089,67374]
12-09 10:40:01.725 19364 19364 I wm_on_paused_called: [174652697,com.android.settings.homepage.SettingsHomepageActivity,performPause]
12-09 10:40:01.726 1509 2104 I ActivityTaskManager: FOREGROUND_APPLICATION_CHANGED to android.service.dreams.DreamActivity
12-09 10:40:01.727 1509 2104 I ActivityTaskManager: The Process com.thundercomm.screensaver Already Exists in BG. So sending its PID: 5084
12-09 10:40:01.727 1509 2104 W ActivityTaskManager: Tried to set launchTime (0) < mLastActivityLaunchTime (18968113)
12-09 10:40:01.727 1509 2104 I wm_add_to_stopping: [0,174652697,com.android.settings/.homepage.SettingsHomepageActivity,makeInvisible]
12-09 10:40:01.728 1509 2104 I wm_restart_activity: [0,132777596,157,com.thundercomm.screensaver/android.service.dreams.DreamActivity]
12-09 10:40:01.730 1509 2104 I wm_set_resumed_activity: [0,com.thundercomm.screensaver/android.service.dreams.DreamActivity,minimalResumeActivityLocked]
12-09 10:40:01.741 1509 1597 I sysui_multi_action: [757,803,799,window_time_0,802,78]
12-09 10:40:01.745 5084 5084 I wm_on_create_called: [132777596,android.service.dreams.DreamActivity,performCreate]
12-09 10:40:01.745 5084 5084 I wm_on_start_called: [132777596,android.service.dreams.DreamActivity,handleStartActivity]
12-09 10:40:01.746 5084 5084 I wm_on_resume_called: [132777596,android.service.dreams.DreamActivity,RESUME_ACTIVITY]
12-09 10:40:01.754 1509 6997 W WindowManager: Failed looking up window session=Session{94bf14e 5084:u0a10051} callers=com.android.server.wm.WindowManagerService.windowForClientLocked:5628 com.android.server.wm.Session.insetsModified:629 android.view.IWindowSession$Stub.onTransact:1151
12-09 10:40:01.756 12356 12373 W ContextImpl: Calling a method in the system process without a qualified user: android.app.ContextImpl.startService:1816 android.content.ContextWrapper.startService:774 com.thundercomm.gamemode.ingame.services.GameModeActionUtils.startGameModeService:99 com.thundercomm.gamemode.ingame.services.GameModeActionUtils.startGameModeEntry:22 com.thundercomm.gamemode.ingame.services.ActivityMonitoringService$1.onActivityLaunch:127
12-09 10:40:01.759 5084 5084 I wm_on_top_resumed_gained_called: [132777596,android.service.dreams.DreamActivity,topStateChangedWhenResumed]
12-09 10:40:01.759 1509 1680 I input_focus: [Focus leaving 107a2c0 com.android.settings/com.android.settings.homepage.SettingsHomepageActivity (server),reason=NO_WINDOW]
12-09 10:40:01.767 1509 1598 I input_focus: [Focus request 50f0e68 com.thundercomm.screensaver/android.service.dreams.DreamActivity,reason=UpdateInputWindows]
12-09 10:40:01.769 1509 1737 I GameModeConfig: isGameModeOn = false
12-09 10:40:01.769 1509 1737 I GameModeConfig: isGameModeOn = false
12-09 10:40:01.769 1509 1737 I GameModeConfig: isGameModeOn = false
12-09 10:40:01.769 1509 1737 I GameModeConfig: isGameModeOn = false
12-09 10:40:01.772 1962 1962 I sysui_multi_action: [757,111,758,2]
12-09 10:40:01.773 1962 1962 I sysui_multi_action: [757,111,758,2]
12-09 10:40:01.773 1509 1509 I notification_enqueue: [10082,1962,com.android.systemui,2048,NULL,0,Notification(channel=updateNotification shortcut=null contentView=null vibrate=null sound=null defaults=0x0 flags=0x0 color=0x00000000 vis=PRIVATE),1]
12-09 10:40:01.775 1509 1509 I GameModeConfig: Current uri is uri = content://com.thundercomm.gamemode.api/gamemode_settings/gamemode_isgaming
12-09 10:40:01.775 1509 1509 I am_uid_active: 10064
12-09 10:40:01.787 1509 1509 I GameModeConfig: isGameModeOn = false
12-09 10:40:01.787 1509 1509 I GameModeConfig: isGameModeOn = false
12-09 10:40:01.787 1509 1509 I GameModeConfig: isDisableVoice = true
12-09 10:40:01.793 1509 1621 V DisplayPowerController[0]: Brightness [1.0] reason changing to: 'manual', previous reason: 'manual [ dim ]'.
12-09 10:40:01.793 1509 1621 I sysui_multi_action: [757,1696,758,6,759,3]
12-09 10:40:01.794 1509 1594 I sysui_multi_action: [319,96,322,85,325,19211,757,761,758,8,759,2,806,com.thundercomm.screensaver,871,android.service.dreams.DreamActivity,904,com.thundercomm.screensaver,905,0,1320,8,1321,5]
12-09 10:40:01.795 1509 1594 I wm_activity_launch_time: [0,132777596,com.thundercomm.screensaver/android.service.dreams.DreamActivity,85]
12-09 10:40:01.799 1962 1962 I sysui_multi_action: [757,111,758,1]
12-09 10:40:01.799 1962 1962 I sysui_multi_action: [757,126,758,1,759,126,927,0,928,0,1593,1]
12-09 10:40:01.799 1962 1962 I sysui_multi_action: [757,113,758,1,759,113,927,1,928,1,1593,1]
12-09 10:40:01.799 1962 1962 I sysui_multi_action: [757,0,758,1,759,0,927,2,928,0,1593,1]
12-09 10:40:01.799 1962 1962 I sysui_multi_action: [757,0,758,1,759,0,927,3,928,0,1593,1]
12-09 10:40:01.799 1962 1962 I sysui_multi_action: [757,491,758,1,759,491,927,4,928,0,1311,-1,1593,0]
12-09 10:40:01.799 1962 1962 I sysui_multi_action: [757,0,758,1,759,0,927,5,928,0,1593,0]
12-09 10:40:01.799 1962 1962 I sysui_multi_action: [757,120,758,1,759,120,927,6,928,1,1593,0]
12-09 10:40:01.799 1962 1962 I sysui_multi_action: [757,111,758,1]
12-09 10:40:01.799 1962 1962 I sysui_multi_action: [757,126,758,1,759,126,927,0,928,0,1593,1]
12-09 10:40:01.799 1962 1962 I sysui_multi_action: [757,113,758,1,759,113,927,1,928,1,1593,1]
12-09 10:40:01.799 1962 1962 I sysui_multi_action: [757,0,758,1,759,0,927,2,928,0,1593,1]
12-09 10:40:01.799 1962 1962 I sysui_multi_action: [757,0,758,1,759,0,927,3,928,0,1593,1]
12-09 10:40:01.808 1509 1927 E DisplayDeviceConfig: requesting nits when no mapping exists.
12-09 10:40:01.808 1509 1927 E DisplayDeviceConfig: requesting nits when no mapping exists.
12-09 10:40:01.808 1509 1605 I am_wtf : [0,1509,system_server,-1,DisplayDeviceConfig,requesting nits when no mapping exists.]
12-09 10:40:01.809 1509 1680 I input_focus: [Focus entering 50f0e68 com.thundercomm.screensaver/android.service.dreams.DreamActivity (server),reason=Window became focusable. Previous reason: NOT_VISIBLE]
12-09 10:40:01.812 1509 1605 I am_wtf : [0,1509,system_server,-1,DisplayDeviceConfig,requesting nits when no mapping exists.]
12-09 10:40:01.826 1509 1927 E DisplayDeviceConfig: requesting nits when no mapping exists.
12-09 10:40:01.826 1509 1927 E DisplayDeviceConfig: requesting nits when no mapping exists.
12-09 10:40:01.827 1509 1605 I am_wtf : [0,1509,system_server,-1,DisplayDeviceConfig,requesting nits when no mapping exists.]
12-09 10:40:01.828 1509 1605 I am_wtf : [0,1509,system_server,-1,DisplayDeviceConfig,requesting nits when no mapping exists.]
12-09 10:40:01.841 1509 1927 E DisplayDeviceConfig: requesting nits when no mapping exists.
12-09 10:40:01.842 1509 1927 E DisplayDeviceConfig: requesting nits when no mapping exists.
12-09 10:40:01.842 1509 1605 I am_wtf : [0,1509,system_server,-1,DisplayDeviceConfig,requesting nits when no mapping exists.]
12-09 10:40:01.846 1509 1605 I am_wtf : [0,1509,system_server,-1,DisplayDeviceConfig,requesting nits when no mapping exists.]
12-09 10:40:01.849 12356 12373 W ContextImpl: Calling a method in the system process without a qualified user: android.app.ContextImpl.startService:1816 android.content.ContextWrapper.startService:774 com.thundercomm.gamemode.ingame.services.GameModeActionUtils.startGameModeService:99 com.thundercomm.gamemode.ingame.services.GameModeActionUtils.startGameModeEntry:22 com.thundercomm.gamemode.ingame.services.ActivityMonitoringService$1.onActivityLaunch:127
12-09 10:40:01.853 1509 1509 I GameModeConfig: Current uri is uri = content://com.thundercomm.gamemode.api/gamemode_settings/gamemode_isgaming
12-09 10:40:01.857 1509 1509 I GameModeConfig: isGameModeOn = false
12-09 10:40:01.858 1509 1509 I GameModeConfig: isGameModeOn = false
12-09 10:40:01.858 1509 1509 I GameModeConfig: isDisableVoice = true
12-09 10:40:01.860 1509 1927 E DisplayDeviceConfig: requesting nits when no mapping exists.
12-09 10:40:01.867 1509 1605 I am_wtf : [0,1509,system_server,-1,DisplayDeviceConfig,requesting nits when no mapping exists.]
12-09 10:40:01.866 1509 1927 E DisplayDeviceConfig: requesting nits when no mapping exists.
12-09 10:40:01.870 1509 1605 I am_wtf : [0,1509,system_server,-1,DisplayDeviceConfig,requesting nits when no mapping exists.]
12-09 10:40:01.875 1509 1927 E DisplayDeviceConfig: requesting nits when no mapping exists.
