12-09 12:34:39.436 I/OMX-VENC: venc_dev( 1203): stats: avg. fps 9.99, bitrate 52816
12-09 12:34:39.591 W/swapper/0( 0): type=1400 audit(0.0:8525): avc: denied { kill } for capability=5 scontext=u:r:kernel:s0 tcontext=u:r:kernel:s0 tclass=capability permissive=0
12-09 12:34:39.637 I/OMX-VENC: venc_dev( 1203): stats: avg. fps 1.00, bitrate 48981
12-09 12:34:39.909 I/mpu_uart( 649): [MSG-P:RECV]:No message received in 1000 ms
12-09 12:34:40.439 I/OMX-VENC: venc_dev( 1203): stats: avg. fps 9.97, bitrate 52828
12-09 12:34:40.591 W/swapper/0( 0): type=1400 audit(0.0:8526): avc: denied { kill } for capability=5 scontext=u:r:kernel:s0 tcontext=u:r:kernel:s0 tclass=capability permissive=0
12-09 12:34:40.640 I/OMX-VENC: venc_dev( 1203): stats: avg. fps 1.00, bitrate 48915
12-09 12:34:40.910 I/mpu_uart( 649): [MSG-P:RECV]:No message received in 1000 ms
12-09 12:34:41.441 I/OMX-VENC: venc_dev( 1203): stats: avg. fps 9.98, bitrate 52631
12-09 12:34:41.591 W/swapper/0( 0): type=1400 audit(0.0:8527): avc: denied { kill } for capability=5 scontext=u:r:kernel:s0 tcontext=u:r:kernel:s0 tclass=capability permissive=0
12-09 12:34:41.643 I/OMX-VENC: venc_dev( 1203): stats: avg. fps 1.00, bitrate 41115
12-09 12:34:41.832 I/mpu_uart( 649): [MSG-P:R]:recv sync frame timeout
12-09 12:34:41.910 I/mpu_uart( 649): [MSG-P:RECV]:No message received in 1000 ms
12-09 12:34:42.444 I/OMX-VENC: venc_dev( 1203): stats: avg. fps 9.97, bitrate 52708
12-09 12:34:42.644 I/OMX-VENC: venc_dev( 1203): stats: avg. fps 1.00, bitrate 40600
12-09 12:34:42.910 I/mpu_uart( 649): [MSG-P:RECV]:No message received in 1000 ms
12-09 12:34:43.447 I/OMX-VENC: venc_dev( 1203): stats: avg. fps 9.98, bitrate 52608
12-09 12:34:43.591 W/swapper/0( 0): type=1400 audit(0.0:8528): avc: denied { kill } for capability=5 scontext=u:r:kernel:s0 tcontext=u:r:kernel:s0 tclass=capability permissive=0
12-09 12:34:43.647 I/OMX-VENC: venc_dev( 1203): stats: avg. fps 1.00, bitrate 40243
12-09 12:34:43.910 I/mpu_uart( 649): [MSG-P:RECV]:No message received in 1000 ms
12-09 12:34:44.449 I/OMX-VENC: venc_dev( 1203): stats: avg. fps 9.98, bitrate 53136
12-09 12:34:44.591 W/swapper/0( 0): type=1400 audit(0.0:8529): avc: denied { kill } for capability=5 scontext=u:r:kernel:s0 tcontext=u:r:kernel:s0 tclass=capability permissive=0
12-09 12:34:44.650 I/OMX-VENC: venc_dev( 1203): stats: avg. fps 1.00, bitrate 48939
12-09 12:34:44.834 I/mpu_uart( 649): [MSG-P:R]:recv sync frame timeout
12-09 12:34:44.911 I/mpu_uart( 649): [MSG-P:RECV]:No message received in 1000 ms
12-09 12:34:45.451 I/OMX-VENC: venc_dev( 1203): stats: avg. fps 9.98, bitrate 52627
12-09 12:34:45.591 W/swapper/0( 0): type=1400 audit(0.0:8530): avc: denied { kill } for capability=5 scontext=u:r:kernel:s0 tcontext=u:r:kernel:s0 tclass=capability permissive=0
12-09 12:34:45.651 I/OMX-VENC: venc_dev( 1203): stats: avg. fps 1.00, bitrate 41430
12-09 12:34:45.911 I/mpu_uart( 649): [MSG-P:RECV]:No message received in 1000 ms
12-09 12:34:46.454 I/OMX-VENC: venc_dev( 1203): stats: avg. fps 9.97, bitrate 52828
12-09 12:34:46.591 W/swapper/0( 0): type=1400 audit(0.0:8531): avc: denied { kill } for capability=5 scontext=u:r:kernel:s0 tcontext=u:r:kernel:s0 tclass=capability permissive=0
12-09 12:34:46.656 I/OMX-VENC: venc_dev( 1203): stats: avg. fps 1.00, bitrate 40146
12-09 12:34:46.911 I/mpu_uart( 649): [MSG-P:RECV]:No message received in 1000 ms
12-09 12:34:47.492 I/OMX-VENC: venc_dev( 1203): stats: avg. fps 10.60, bitrate 56233
12-09 12:34:47.591 W/swapper/0( 0): type=1400 audit(0.0:8532): avc: denied { kill } for capability=5 scontext=u:r:kernel:s0 tcontext=u:r:kernel:s0 tclass=capability permissive=0
12-09 12:34:47.657 I/OMX-VENC: venc_dev( 1203): stats: avg. fps 2.00, bitrate 88700
12-09 12:34:47.709 D/ProcessState(19936): Binder ioctl to enable oneway spam detection failed: Invalid argument
12-09 12:34:47.715 I/UIAService(18567): On StartCommand
12-09 12:34:47.838 I/mpu_uart( 649): [MSG-P:R]:recv sync frame timeout
12-09 12:34:47.911 I/mpu_uart( 649): [MSG-P:RECV]:No message received in 1000 ms
12-09 12:34:48.559 I/OMX-VENC: venc_dev( 1203): stats: avg. fps 10.31, bitrate 54339
12-09 12:34:48.591 W/swapper/0( 0): type=1400 audit(0.0:8533): avc: denied { kill } for capability=5 scontext=u:r:kernel:s0 tcontext=u:r:kernel:s0 tclass=capability permissive=0
12-09 12:34:48.661 I/OMX-VENC: venc_dev( 1203): stats: avg. fps 1.00, bitrate 49051
12-09 12:34:48.912 I/mpu_uart( 649): [MSG-P:RECV]:No message received in 1000 ms
12-09 12:34:49.347 I/CNSS ( 1175): cnss_open_log_file: directory /data/vendor/wifi/wlan_logs/ created
12-09 12:34:49.561 I/OMX-VENC: venc_dev( 1203): stats: avg. fps 9.98, bitrate 52883
12-09 12:34:49.591 W/swapper/0( 0): type=1400 audit(0.0:8534): avc: denied { kill } for capability=5 scontext=u:r:kernel:s0 tcontext=u:r:kernel:s0 tclass=capability permissive=0
12-09 12:34:49.661 I/OMX-VENC: venc_dev( 1203): stats: avg. fps 1.00, bitrate 39902
12-09 12:34:49.912 I/mpu_uart( 649): [MSG-P:RECV]:No message received in 1000 ms
12-09 12:34:50.591 W/swapper/0( 0): type=1400 audit(0.0:8535): avc: denied { kill } for capability=5 scontext=u:r:kernel:s0 tcontext=u:r:kernel:s0 tclass=capability permissive=0
12-09 12:34:50.616 I/OMX-VENC: venc_dev( 1203): stats: avg. fps 10.43, bitrate 55221
12-09 12:34:50.664 I/OMX-VENC: venc_dev( 1203): stats: avg. fps 1.99, bitrate 96541
12-09 12:34:50.839 I/mpu_uart( 649): [MSG-P:R]:recv sync frame timeout
12-09 12:34:50.912 I/mpu_uart( 649): [MSG-P:RECV]:No message received in 1000 ms
12-09 12:34:51.421 I/selfinstaller( 1187): create socket failed: No route to host 113
12-09 12:34:51.591 W/swapper/0( 0): type=1400 audit(0.0:8536): avc: denied { kill } for capability=5 scontext=u:r:kernel:s0 tcontext=u:r:kernel:s0 tclass=capability permissive=0
12-09 12:34:51.664 I/OMX-VENC: venc_dev( 1203): stats: avg. fps 10.49, bitrate 55423
12-09 12:34:51.685 I/OMX-VENC: venc_dev( 1203): stats: avg. fps 0.98, bitrate 40004
12-09 12:34:51.912 I/mpu_uart( 649): [MSG-P:RECV]:No message received in 1000 ms
12-09 12:34:52.591 W/swapper/0( 0): type=1400 audit(0.0:8537): avc: denied { kill } for capability=5 scontext=u:r:kernel:s0 tcontext=u:r:kernel:s0 tclass=capability permissive=0
12-09 12:34:52.679 I/OMX-VENC: venc_dev( 1203): stats: avg. fps 10.84, bitrate 57261
12-09 12:34:52.686 I/OMX-VENC: venc_dev( 1203): stats: avg. fps 2.00, bitrate 80116
12-09 12:34:52.913 I/mpu_uart( 649): [MSG-P:RECV]:No message received in 1000 ms
12-09 12:34:53.591 W/swapper/0( 0): type=1400 audit(0.0:8538): avc: denied { kill } for capability=5 scontext=u:r:kernel:s0 tcontext=u:r:kernel:s0 tclass=capability permissive=0
12-09 12:34:53.682 I/OMX-VENC: venc_dev( 1203): stats: avg. fps 9.97, bitrate 52731
12-09 12:34:53.842 I/mpu_uart( 649): [MSG-P:R]:recv sync frame timeout
12-09 12:34:53.913 I/mpu_uart( 649): [MSG-P:RECV]:No message received in 1000 ms
12-09 12:34:54.591 W/swapper/0( 0): type=1400 audit(0.0:8539): avc: denied { kill } for capability=5 scontext=u:r:kernel:s0 tcontext=u:r:kernel:s0 tclass=capability permissive=0
12-09 12:34:54.684 I/OMX-VENC: venc_dev( 1203): stats: avg. fps 9.97, bitrate 52857
12-09 12:34:54.692 I/OMX-VENC: venc_dev( 1203): stats: avg. fps 1.00, bitrate 40734
12-09 12:34:54.913 I/mpu_uart( 649): [MSG-P:RECV]:No message received in 1000 ms
12-09 12:34:55.591 W/swapper/0( 0): type=1400 audit(0.0:8540): avc: denied { kill } for capability=5 scontext=u:r:kernel:s0 tcontext=u:r:kernel:s0 tclass=capability permissive=0
12-09 12:34:55.687 I/OMX-VENC: venc_dev( 1203): stats: avg. fps 9.97, bitrate 52580
12-09 12:34:55.694 I/OMX-VENC: venc_dev( 1203): stats: avg. fps 1.00, bitrate 39817
12-09 12:34:55.913 I/mpu_uart( 649): [MSG-P:RECV]:No message received in 1000 ms
12-09 12:34:56.591 W/swapper/0( 0): type=1400 audit(0.0:8541): avc: denied { kill } for capability=5 scontext=u:r:kernel:s0 tcontext=u:r:kernel:s0 tclass=capability permissive=0
12-09 12:34:56.782 I/OMX-VENC: venc_dev( 1203): stats: avg. fps 10.05, bitrate 53422
12-09 12:34:56.846 I/mpu_uart( 649): [MSG-P:R]:recv sync frame timeout
12-09 12:34:56.914 I/mpu_uart( 649): [MSG-P:RECV]:No message received in 1000 ms
12-09 12:34:57.591 W/swapper/0( 0): type=1400 audit(0.0:8542): avc: denied { kill } for capability=5 scontext=u:r:kernel:s0 tcontext=u:r:kernel:s0 tclass=capability permissive=0
12-09 12:34:57.699 I/OMX-VENC: venc_dev( 1203): stats: avg. fps 1.00, bitrate 40240
12-09 12:34:57.793 I/OMX-VENC: venc_dev( 1203): stats: avg. fps 10.88, bitrate 57361
12-09 12:34:57.914 I/mpu_uart( 649): [MSG-P:RECV]:No message received in 1000 ms
12-09 12:34:58.591 W/swapper/0( 0): type=1400 audit(0.0:8543): avc: denied { kill } for capability=5 scontext=u:r:kernel:s0 tcontext=u:r:kernel:s0 tclass=capability permissive=0
12-09 12:34:58.701 I/OMX-VENC: venc_dev( 1203): stats: avg. fps 1.00, bitrate 40198
12-09 12:34:58.794 I/OMX-VENC: venc_dev( 1203): stats: avg. fps 9.99, bitrate 52785
12-09 12:34:58.914 I/mpu_uart( 649): [MSG-P:RECV]:No message received in 1000 ms
12-09 12:34:59.591 W/swapper/0( 0): type=1400 audit(0.0:8544): avc: denied { kill } for capability=5 scontext=u:r:kernel:s0 tcontext=u:r:kernel:s0 tclass=capability permissive=0
12-09 12:34:59.704 I/OMX-VENC: venc_dev( 1203): stats: avg. fps 1.00, bitrate 48749
12-09 12:34:59.805 I/OMX-VENC: venc_dev( 1203): stats: avg. fps 9.90, bitrate 182064
12-09 12:34:59.849 I/mpu_uart( 649): [MSG-P:R]:recv sync frame timeout
12-09 12:34:59.914 I/mpu_uart( 649): [MSG-P:RECV]:No message received in 1000 ms
12-09 12:35:00.002 D/KeyguardUpdateMonitor( 2372): received broadcast android.intent.action.TIME_TICK
12-09 12:35:00.003 D/KeyguardUpdateMonitor( 2372): handleTimeUpdate
12-09 12:35:00.591 W/swapper/0( 0): type=1400 audit(0.0:8545): avc: denied { kill } for capability=5 scontext=u:r:kernel:s0 tcontext=u:r:kernel:s0 tclass=capability permissive=0
12-09 12:35:00.892 I/OMX-VENC: venc_dev( 1203): stats: avg. fps 11.04, bitrate 106900
12-09 12:35:00.915 I/mpu_uart( 649): [MSG-P:RECV]:No message received in 1000 ms
12-09 12:35:01.060 I/OMX-VENC: venc_dev( 1203): stats: avg. fps 2.21, bitrate 90806
12-09 12:35:01.591 W/swapper/0( 0): type=1400 audit(0.0:8546): avc: denied { kill } for capability=5 scontext=u:r:kernel:s0 tcontext=u:r:kernel:s0 tclass=capability permissive=0
12-09 12:35:01.915 I/mpu_uart( 649): [MSG-P:RECV]:No message received in 1000 ms
12-09 12:35:01.991 I/OMX-VENC: venc_dev( 1203): stats: avg. fps 10.92, bitrate 96911
12-09 12:35:02.591 W/swapper/0( 0): type=1400 audit(0.0:8547): avc: denied { kill } for capability=5 scontext=u:r:kernel:s0 tcontext=u:r:kernel:s0 tclass=capability permissive=0
12-09 12:35:02.710 I/OMX-VENC: venc_dev( 1203): stats: avg. fps 1.21, bitrate 47915
12-09 12:35:02.849 I/mpu_uart( 649): [MSG-P:R]:recv sync frame timeout
12-09 12:35:02.915 I/mpu_uart( 649): [MSG-P:RECV]:No message received in 1000 ms
12-09 12:35:03.012 I/OMX-VENC: venc_dev( 1203): stats: avg. fps 10.78, bitrate 95421
12-09 12:35:03.591 W/swapper/0( 0): type=1400 audit(0.0:8548): avc: denied { kill } for capability=5 scontext=u:r:kernel:s0 tcontext=u:r:kernel:s0 tclass=capability permissive=0
12-09 12:35:03.714 I/OMX-VENC: venc_dev( 1203): stats: avg. fps 1.00, bitrate 40139
12-09 12:35:03.915 I/mpu_uart( 649): [MSG-P:RECV]:No message received in 1000 ms
12-09 12:35:04.014 I/OMX-VENC: venc_dev( 1203): stats: avg. fps 9.98, bitrate 88503
12-09 12:35:04.591 W/swapper/0( 0): type=1400 audit(0.0:8549): avc: denied { kill } for capability=5 scontext=u:r:kernel:s0 tcontext=u:r:kernel:s0 tclass=capability permissive=0
12-09 12:35:04.715 I/OMX-VENC: venc_dev( 1203): stats: avg. fps 1.00, bitrate 40203
12-09 12:35:04.916 I/mpu_uart( 649): [MSG-P:RECV]:No message received in 1000 ms
12-09 12:35:05.015 I/OMX-VENC: venc_dev( 1203): stats: avg. fps 9.99, bitrate 88449
12-09 12:35:05.262 V/DisplayPowerController[0]( 1514): Brightness [0.05] reason changing to: 'manual [ dim ]', previous reason: 'manual'.
12-09 12:35:05.267 E/DisplayDeviceConfig( 1514): requesting nits when no mapping exists.
12-09 12:35:05.268 E/DisplayDeviceConfig( 1514): requesting nits when no mapping exists.
12-09 12:35:05.269 I/DropBoxManagerService( 1514): add tag=system_server_wtf isTagEnabled=true flags=0x2
12-09 12:35:05.272 I/DropBoxManagerService( 1514): add tag=system_server_wtf isTagEnabled=true flags=0x2
12-09 12:35:05.283 E/DisplayDeviceConfig( 1514): requesting nits when no mapping exists.
12-09 12:35:05.284 E/DisplayDeviceConfig( 1514): requesting nits when no mapping exists.
12-09 12:35:05.285 I/DropBoxManagerService( 1514): add tag=system_server_wtf isTagEnabled=true flags=0x2
12-09 12:35:05.287 I/DropBoxManagerService( 1514): add tag=system_server_wtf isTagEnabled=true flags=0x2
12-09 12:35:05.300 E/DisplayDeviceConfig( 1514): requesting nits when no mapping exists.
12-09 12:35:05.300 E/DisplayDeviceConfig( 1514): requesting nits when no mapping exists.
12-09 12:35:05.301 I/DropBoxManagerService( 1514): add tag=system_server_wtf isTagEnabled=true flags=0x2
12-09 12:35:05.316 E/DisplayDeviceConfig( 1514): requesting nits when no mapping exists.
12-09 12:35:05.317 E/DisplayDeviceConfig( 1514): requesting nits when no mapping exists.
12-09 12:35:05.333 E/DisplayDeviceConfig( 1514): requesting nits when no mapping exists.
12-09 12:35:05.333 E/DisplayDeviceConfig( 1514): requesting nits when no mapping exists.
12-09 12:35:05.350 E/DisplayDeviceConfig( 1514): requesting nits when no mapping exists.
12-09 12:35:05.350 E/DisplayDeviceConfig( 1514): requesting nits when no mapping exists.
12-09 12:35:05.366 E/DisplayDeviceConfig( 1514): requesting nits when no mapping exists.
12-09 12:35:05.367 E/DisplayDeviceConfig( 1514): requesting nits when no mapping exists.
12-09 12:35:05.383 E/DisplayDeviceConfig( 1514): requesting nits when no mapping exists.
12-09 12:35:05.384 E/DisplayDeviceConfig( 1514): requesting nits when no mapping exists.
12-09 12:35:05.400 E/DisplayDeviceConfig( 1514): requesting nits when no mapping exists.
12-09 12:35:05.400 E/DisplayDeviceConfig( 1514): requesting nits when no mapping exists.
12-09 12:35:05.417 E/DisplayDeviceConfig( 1514): requesting nits when no mapping exists.
12-09 12:35:05.417 E/DisplayDeviceConfig( 1514): requesting nits when no mapping exists.
12-09 12:35:05.434 E/DisplayDeviceConfig( 1514): requesting nits when no mapping exists.
12-09 12:35:05.434 E/DisplayDeviceConfig( 1514): requesting nits when no mapping exists.
12-09 12:35:05.450 E/DisplayDeviceConfig( 1514): requesting nits when no mapping exists.
12-09 12:35:05.451 E/DisplayDeviceConfig( 1514): requesting nits when no mapping exists.
12-09 12:35:05.467 E/DisplayDeviceConfig( 1514): requesting nits when no mapping exists.
12-09 12:35:05.468 E/DisplayDeviceConfig( 1514): requesting nits when no mapping exists.
12-09 12:35:05.484 E/DisplayDeviceConfig( 1514): requesting nits when no mapping exists.
12-09 12:35:05.484 E/DisplayDeviceConfig( 1514): requesting nits when no mapping exists.
12-09 12:35:05.500 E/DisplayDeviceConfig( 1514): requesting nits when no mapping exists.
12-09 12:35:05.500 E/DisplayDeviceConfig( 1514): requesting nits when no mapping exists.
12-09 12:35:05.517 E/DisplayDeviceConfig( 1514): requesting nits when no mapping exists.
12-09 12:35:05.517 E/DisplayDeviceConfig( 1514): requesting nits when no mapping exists.
12-09 12:35:05.534 E/DisplayDeviceConfig( 1514): requesting nits when no mapping exists.
12-09 12:35:05.535 E/DisplayDeviceConfig( 1514): requesting nits when no mapping exists.
12-09 12:35:05.550 E/DisplayDeviceConfig( 1514): requesting nits when no mapping exists.
12-09 12:35:05.551 E/DisplayDeviceConfig( 1514): requesting nits when no mapping exists.
12-09 12:35:05.567 E/DisplayDeviceConfig( 1514): requesting nits when no mapping exists.
12-09 12:35:05.567 E/DisplayDeviceConfig( 1514): requesting nits when no mapping exists.
12-09 12:35:05.583 E/DisplayDeviceConfig( 1514): requesting nits when no mapping exists.
12-09 12:35:05.584 E/DisplayDeviceConfig( 1514): requesting nits when no mapping exists.
12-09 12:35:05.591 W/swapper/0( 0): type=1400 audit(0.0:8550): avc: denied { kill } for capability=5 scontext=u:r:kernel:s0 tcontext=u:r:kernel:s0 tclass=capability permissive=0
12-09 12:35:05.601 E/DisplayDeviceConfig( 1514): requesting nits when no mapping exists.
12-09 12:35:05.601 E/DisplayDeviceConfig( 1514): requesting nits when no mapping exists.
12-09 12:35:05.617 E/DisplayDeviceConfig( 1514): requesting nits when no mapping exists.
12-09 12:35:05.617 E/DisplayDeviceConfig( 1514): requesting nits when no mapping exists.
12-09 12:35:05.633 E/DisplayDeviceConfig( 1514): requesting nits when no mapping exists.
12-09 12:35:05.634 E/DisplayDeviceConfig( 1514): requesting nits when no mapping exists.
12-09 12:35:05.650 E/DisplayDeviceConfig( 1514): requesting nits when no mapping exists.
12-09 12:35:05.651 E/DisplayDeviceConfig( 1514): requesting nits when no mapping exists.
12-09 12:35:05.667 E/DisplayDeviceConfig( 1514): requesting nits when no mapping exists.
12-09 12:35:05.668 E/DisplayDeviceConfig( 1514): requesting nits when no mapping exists.
12-09 12:35:05.684 E/DisplayDeviceConfig( 1514): requesting nits when no mapping exists.
12-09 12:35:05.684 E/DisplayDeviceConfig( 1514): requesting nits when no mapping exists.
12-09 12:35:05.701 E/DisplayDeviceConfig( 1514): requesting nits when no mapping exists.
12-09 12:35:05.703 E/DisplayDeviceConfig( 1514): requesting nits when no mapping exists.
12-09 12:35:05.718 E/DisplayDeviceConfig( 1514): requesting nits when no mapping exists.
12-09 12:35:05.719 E/DisplayDeviceConfig( 1514): requesting nits when no mapping exists.
12-09 12:35:05.721 I/OMX-VENC: venc_dev( 1203): stats: avg. fps 0.99, bitrate 40643
12-09 12:35:05.735 E/DisplayDeviceConfig( 1514): requesting nits when no mapping exists.
12-09 12:35:05.735 E/DisplayDeviceConfig( 1514): requesting nits when no mapping exists.
12-09 12:35:05.751 E/DisplayDeviceConfig( 1514): requesting nits when no mapping exists.
12-09 12:35:05.751 E/DisplayDeviceConfig( 1514): requesting nits when no mapping exists.
12-09 12:35:05.768 E/DisplayDeviceConfig( 1514): requesting nits when no mapping exists.
12-09 12:35:05.768 E/DisplayDeviceConfig( 1514): requesting nits when no mapping exists.
12-09 12:35:05.785 E/DisplayDeviceConfig( 1514): requesting nits when no mapping exists.
12-09 12:35:05.786 E/DisplayDeviceConfig( 1514): requesting nits when no mapping exists.
12-09 12:35:05.801 E/DisplayDeviceConfig( 1514): requesting nits when no mapping exists.
12-09 12:35:05.802 E/DisplayDeviceConfig( 1514): requesting nits when no mapping exists.
12-09 12:35:05.818 E/DisplayDeviceConfig( 1514): requesting nits when no mapping exists.
12-09 12:35:05.818 E/DisplayDeviceConfig( 1514): requesting nits when no mapping exists.
12-09 12:35:05.833 I/hpplay-java( 3295): [main]:IMTask:getIMRoot
12-09 12:35:05.836 E/DisplayDeviceConfig( 1514): requesting nits when no mapping exists.
12-09 12:35:05.836 E/DisplayDeviceConfig( 1514): requesting nits when no mapping exists.
12-09 12:35:05.851 I/mpu_uart( 649): [MSG-P:R]:recv sync frame timeout
12-09 12:35:05.851 E/DisplayDeviceConfig( 1514): requesting nits when no mapping exists.
12-09 12:35:05.852 E/DisplayDeviceConfig( 1514): requesting nits when no mapping exists.
12-09 12:35:05.868 E/DisplayDeviceConfig( 1514): requesting nits when no mapping exists.
12-09 12:35:05.868 E/DisplayDeviceConfig( 1514): requesting nits when no mapping exists.
12-09 12:35:05.885 E/DisplayDeviceConfig( 1514): requesting nits when no mapping exists.
12-09 12:35:05.886 E/DisplayDeviceConfig( 1514): requesting nits when no mapping exists.
12-09 12:35:05.901 E/DisplayDeviceConfig( 1514): requesting nits when no mapping exists.
12-09 12:35:05.902 E/DisplayDeviceConfig( 1514): requesting nits when no mapping exists.
12-09 12:35:05.916 I/mpu_uart( 649): [MSG-P:RECV]:No message received in 1000 ms
12-09 12:35:05.918 E/DisplayDeviceConfig( 1514): requesting nits when no mapping exists.
12-09 12:35:05.919 E/DisplayDeviceConfig( 1514): requesting nits when no mapping exists.
12-09 12:35:05.935 E/DisplayDeviceConfig( 1514): requesting nits when no mapping exists.
12-09 12:35:05.936 E/DisplayDeviceConfig( 1514): requesting nits when no mapping exists.
12-09 12:35:05.952 E/DisplayDeviceConfig( 1514): requesting nits when no mapping exists.
12-09 12:35:05.952 E/DisplayDeviceConfig( 1514): requesting nits when no mapping exists.
12-09 12:35:05.968 E/DisplayDeviceConfig( 1514): requesting nits when no mapping exists.
12-09 12:35:05.969 E/DisplayDeviceConfig( 1514): requesting nits when no mapping exists.
12-09 12:35:05.985 E/DisplayDeviceConfig( 1514): requesting nits when no mapping exists.
12-09 12:35:05.985 E/DisplayDeviceConfig( 1514): requesting nits when no mapping exists.
12-09 12:35:06.002 E/DisplayDeviceConfig( 1514): requesting nits when no mapping exists.
12-09 12:35:06.003 E/DisplayDeviceConfig( 1514): requesting nits when no mapping exists.
12-09 12:35:06.018 E/DisplayDeviceConfig( 1514): requesting nits when no mapping exists.
12-09 12:35:06.019 E/DisplayDeviceConfig( 1514): requesting nits when no mapping exists.
12-09 12:35:06.020 I/OMX-VENC: venc_dev( 1203): stats: avg. fps 9.96, bitrate 88445
12-09 12:35:06.035 E/DisplayDeviceConfig( 1514): requesting nits when no mapping exists.
12-09 12:35:06.036 E/DisplayDeviceConfig( 1514): requesting nits when no mapping exists.
12-09 12:35:06.054 E/DisplayDeviceConfig( 1514): requesting nits when no mapping exists.
12-09 12:35:06.055 E/DisplayDeviceConfig( 1514): requesting nits when no mapping exists.
12-09 12:35:06.068 E/DisplayDeviceConfig( 1514): requesting nits when no mapping exists.
12-09 12:35:06.069 E/DisplayDeviceConfig( 1514): requesting nits when no mapping exists.
12-09 12:35:06.085 E/DisplayDeviceConfig( 1514): requesting nits when no mapping exists.
12-09 12:35:06.086 E/DisplayDeviceConfig( 1514): requesting nits when no mapping exists.
12-09 12:35:06.102 E/DisplayDeviceConfig( 1514): requesting nits when no mapping exists.
12-09 12:35:06.103 E/DisplayDeviceConfig( 1514): requesting nits when no mapping exists.
12-09 12:35:06.119 E/DisplayDeviceConfig( 1514): requesting nits when no mapping exists.
12-09 12:35:06.119 E/DisplayDeviceConfig( 1514): requesting nits when no mapping exists.
12-09 12:35:06.135 E/DisplayDeviceConfig( 1514): requesting nits when no mapping exists.
12-09 12:35:06.137 E/DisplayDeviceConfig( 1514): requesting nits when no mapping exists.
12-09 12:35:06.152 E/DisplayDeviceConfig( 1514): requesting nits when no mapping exists.
12-09 12:35:06.154 E/DisplayDeviceConfig( 1514): requesting nits when no mapping exists.
12-09 12:35:06.169 E/DisplayDeviceConfig( 1514): requesting nits when no mapping exists.
12-09 12:35:06.169 E/DisplayDeviceConfig( 1514): requesting nits when no mapping exists.
12-09 12:35:06.186 E/DisplayDeviceConfig( 1514): requesting nits when no mapping exists.
12-09 12:35:06.186 E/DisplayDeviceConfig( 1514): requesting nits when no mapping exists.
12-09 12:35:06.202 E/DisplayDeviceConfig( 1514): requesting nits when no mapping exists.
12-09 12:35:06.203 E/DisplayDeviceConfig( 1514): requesting nits when no mapping exists.
12-09 12:35:06.219 E/DisplayDeviceConfig( 1514): requesting nits when no mapping exists.
12-09 12:35:06.220 E/DisplayDeviceConfig( 1514): requesting nits when no mapping exists.
12-09 12:35:06.591 W/swapper/0( 0): type=1400 audit(0.0:8551): avc: denied { kill } for capability=5 scontext=u:r:kernel:s0 tcontext=u:r:kernel:s0 tclass=capability permissive=0
12-09 12:35:06.723 I/OMX-VENC: venc_dev( 1203): stats: avg. fps 1.00, bitrate 49533
12-09 12:35:06.916 I/mpu_uart( 649): [MSG-P:RECV]:No message received in 1000 ms
12-09 12:35:07.022 I/OMX-VENC: venc_dev( 1203): stats: avg. fps 9.98, bitrate 88669
12-09 12:35:07.591 W/swapper/0( 0): type=1400 audit(0.0:8552): avc: denied { kill } for capability=5 scontext=u:r:kernel:s0 tcontext=u:r:kernel:s0 tclass=capability permissive=0
12-09 12:35:07.724 I/OMX-VENC: venc_dev( 1203): stats: avg. fps 2.00, bitrate 81175
12-09 12:35:07.917 I/mpu_uart( 649): [MSG-P:RECV]:No message received in 1000 ms
12-09 12:35:08.022 I/OMX-VENC: venc_dev( 1203): stats: avg. fps 10.00, bitrate 88703
12-09 12:35:08.731 I/OMX-VENC: venc_dev( 1203): stats: avg. fps 0.99, bitrate 767870
12-09 12:35:08.854 I/mpu_uart( 649): [MSG-P:R]:recv sync frame timeout
12-09 12:35:08.917 I/mpu_uart( 649): [MSG-P:RECV]:No message received in 1000 ms
12-09 12:35:09.024 I/OMX-VENC: venc_dev( 1203): stats: avg. fps 9.98, bitrate 88622
12-09 12:35:09.591 W/swapper/1( 0): type=1400 audit(0.0:8553): avc: denied { kill } for capability=5 scontext=u:r:kernel:s0 tcontext=u:r:kernel:s0 tclass=capability permissive=0
12-09 12:35:09.917 I/mpu_uart( 649): [MSG-P:RECV]:No message received in 1000 ms
12-09 12:35:10.027 I/OMX-VENC: venc_dev( 1203): stats: avg. fps 9.97, bitrate 88338
12-09 12:35:10.591 W/swapper/1( 0): type=1400 audit(0.0:8554): avc: denied { kill } for capability=5 scontext=u:r:kernel:s0 tcontext=u:r:kernel:s0 tclass=capability permissive=0
12-09 12:35:10.729 I/OMX-VENC: venc_dev( 1203): stats: avg. fps 0.50, bitrate 40188
12-09 12:35:10.917 I/mpu_uart( 649): [MSG-P:RECV]:No message received in 1000 ms
12-09 12:35:11.030 I/OMX-VENC: venc_dev( 1203): stats: avg. fps 9.97, bitrate 88271
12-09 12:35:11.591 W/swapper/1( 0): type=1400 audit(0.0:8555): avc: denied { kill } for capability=5 scontext=u:r:kernel:s0 tcontext=u:r:kernel:s0 tclass=capability permissive=0
12-09 12:35:11.734 I/OMX-VENC: venc_dev( 1203): stats: avg. fps 1.99, bitrate 85854
12-09 12:35:11.856 I/mpu_uart( 649): [MSG-P:R]:recv sync frame timeout
12-09 12:35:11.918 I/mpu_uart( 649): [MSG-P:RECV]:No message received in 1000 ms
12-09 12:35:12.034 I/OMX-VENC: venc_dev( 1203): stats: avg. fps 10.96, bitrate 97520
12-09 12:35:12.263 I/PowerManagerService( 1514): Napping display group (groupId=0, uid=1000)...
12-09 12:35:12.263 I/PowerManagerService( 1514): Nap time (uid 1000)...
12-09 12:35:12.265 I/DreamManagerService( 1514): Entering dreamland.
12-09 12:35:12.268 I/PowerManagerService( 1514): Dreaming...
12-09 12:35:12.271 I/DreamController( 1514): Starting dream: name=ComponentInfo{com.thundercomm.screensaver/com.thundercomm.saverclock.service.ClockScreensaver}, isTest=false, canDoze=false, userId=0
12-09 12:35:12.272 V/ShadeControllerImpl( 2372): NotificationShadeWindow: com.android.systemui.statusbar.phone.NotificationShadeWindowView{7f4383b I.E...... ......ID 0,0-2380,1020} canPanelBeCollapsed(): false
12-09 12:35:12.275 D/CompatibilityChangeReporter( 1514): Compat change id reported: 135634846; UID 10051; state: DISABLED
12-09 12:35:12.275 D/CompatibilityChangeReporter( 1514): Compat change id reported: 177438394; UID 10051; state: DISABLED
12-09 12:35:12.275 D/CompatibilityChangeReporter( 1514): Compat change id reported: 135772972; UID 10051; state: DISABLED
12-09 12:35:12.275 D/CompatibilityChangeReporter( 1514): Compat change id reported: 135754954; UID 10051; state: ENABLED
12-09 12:35:12.276 D/CompatibilityChangeReporter( 1514): Compat change id reported: 143937733; UID 10051; state: ENABLED
12-09 12:35:12.289 D/Zygote ( 670): Forked child process 19942
12-09 12:35:12.289 I/ActivityManager( 1514): Start proc 19942:com.thundercomm.screensaver/u0a51 for service {com.thundercomm.screensaver/com.thundercomm.saverclock.service.ClockScreensaver}
12-09 12:35:12.315 E/omm.screensave(19942): Not starting debugger since process cannot load the jdwp agent.
12-09 12:35:12.318 D/ProcessState(19942): Binder ioctl to enable oneway spam detection failed: Invalid argument
12-09 12:35:12.324 D/CompatibilityInfo( 1514): mCompatibilityFlags - 4
12-09 12:35:12.324 D/CompatibilityInfo( 1514): applicationDensity - 240
12-09 12:35:12.324 D/CompatibilityInfo( 1514): applicationScale - 1.0
12-09 12:35:12.328 D/CompatibilityInfo( 1514): mCompatibilityFlags - 4
12-09 12:35:12.328 D/CompatibilityInfo( 1514): applicationDensity - 240
12-09 12:35:12.328 D/CompatibilityInfo( 1514): applicationScale - 1.0
12-09 12:35:12.330 D/CompatibilityChangeReporter(19942): Compat change id reported: 171979766; UID 10051; state: ENABLED
12-09 12:35:12.350 I/Perf (19942): Connecting to perf service.
12-09 12:35:12.353 V/GraphicsEnvironment(19942): ANGLE Developer option for 'com.thundercomm.screensaver' set to: 'default'
12-09 12:35:12.354 V/GraphicsEnvironment(19942): ANGLE GameManagerService for com.thundercomm.screensaver: false
12-09 12:35:12.355 D/NetworkSecurityConfig(19942): Using Network Security Config from resource network_security_config debugBuild: false
12-09 12:35:12.357 D/NetworkSecurityConfig(19942): Using Network Security Config from resource network_security_config debugBuild: false
12-09 12:35:12.360 I/ScreenSaver_12(19942): [ScreenSaverApplication] onCreate
12-09 12:35:12.368 D/ScreenSaver_12(19942): [ScreensaverManager] connect:108 start connect screensaver service...
12-09 12:35:12.368 D/ScreenSaver_12(19942): [ScreensaverManager] bindService:113 start bindService
12-09 12:35:12.369 D/CompatibilityInfo( 1514): mCompatibilityFlags - 4
12-09 12:35:12.369 D/CompatibilityInfo( 1514): applicationDensity - 240
12-09 12:35:12.369 D/CompatibilityInfo( 1514): applicationScale - 1.0
12-09 12:35:12.369 D/ScreenSaver_12(19942): [ScreensaverManager] bindService:120 bindService mIsBind: true
12-09 12:35:12.374 I/ScreenSaver_12(19942): [AlbumSettings] readSubscribedThemesLocked readSubscribedThemesLocked.size: 1
12-09 12:35:12.375 I/ScreenSaver_12(19942): [AlbumSettings] readMoreThemesLocked mMoreThemes.size: 3
12-09 12:35:12.384 I/ScreenSaver_12(19942): [ScreensaverService] started
12-09 12:35:12.384 D/ScreenSaver_12(19942): [ScreensaverMicroService] getInstance:38 getInstance
12-09 12:35:12.385 I/ScreenSaver_12(19942): [ScreensaverMicroService] ScreensaverMicroService
12-09 12:35:12.385 I/ScreenSaver_12(19942): [ScreensaverMicroService] initMicroService
12-09 12:35:12.386 D/MicroServiceManager(19942): add linkToDeath
12-09 12:35:12.386 D/MicroServiceManager(19942): bindMicroService: called already get service
12-09 12:35:12.386 I/MicroServiceManager(19942): addCommonCallbackListener add listener
12-09 12:35:12.386 I/MicroServiceManager(19942): addConnectChangedListener add listener
12-09 12:35:12.386 D/ScreenSaver_12(19942): [ScreensaverMicroService] onBindStatus:159 connect micro service ok!!!
12-09 12:35:12.386 I/ScreenSaver_12(19942): [ScreensaverService] onBind
12-09 12:35:12.387 D/ScreenSaver_12(19942): [ScreensaverService] getBinder:39 getBinder
12-09 12:35:12.387 D/ScreenSaver_12(19942): [ScreensaverService] getBinder:43 action: com.thundercomm.serviceserver.microservice.IBinderScreensaverService
12-09 12:35:12.387 I/MicroService( 2562): registerCommonListener: 2
12-09 12:35:12.387 I/MicroService( 2562): registerConnectListener: 2
12-09 12:35:12.387 I/MicroService( 2562): onConnectStateChanged: -1
12-09 12:35:12.387 I/MicroService( 2562): onConnectStateChanged count = 2
12-09 12:35:12.388 D/SettingMicroservices( 2580): onNettyConnectState: -1mLastNettyState: -1
12-09 12:35:12.388 I/ActivityTaskManager( 1514): START u0 {flg=0x10000000 pkg=com.thundercomm.screensaver cmp=com.thundercomm.screensaver/android.service.dreams.DreamActivity (has extras)} from uid 10051
12-09 12:35:12.389 I/EventSequenceValidator( 1514): Transition from ACTIVITY_FINISHED to INTENT_STARTED
12-09 12:35:12.390 D/ScreenSaver_12(19942): [ScreensaverMicroService] onConnectStateChange:133 onConnectStateChange: -1, mLastNettyState: 0
12-09 12:35:12.390 D/ScreenSaver_12(19942): [ScreensaverMicroService] onConnectStateChange:142 disconnect
12-09 12:35:12.391 D/CompatibilityChangeReporter( 1514): Compat change id reported: 184838306; UID 10051; state: DISABLED
12-09 12:35:12.392 D/CompatibilityChangeReporter( 1514): Compat change id reported: 185004937; UID 10051; state: DISABLED
12-09 12:35:12.393 D/CompatibilityChangeReporter( 1514): Compat change id reported: 181136395; UID 10051; state: DISABLED
12-09 12:35:12.393 D/CompatibilityChangeReporter( 1514): Compat change id reported: 174042936; UID 10051; state: DISABLED
12-09 12:35:12.394 D/CompatibilityChangeReporter( 1514): Compat change id reported: 174042980; UID 10051; state: DISABLED
12-09 12:35:12.395 W/ActivityTaskManager( 1514): Can't find TaskDisplayArea to determine support for multi window. Task id=192 attached=false
12-09 12:35:12.402 D/CompatibilityInfo( 1514): mCompatibilityFlags - 4
12-09 12:35:12.402 D/CompatibilityInfo( 1514): applicationDensity - 240
12-09 12:35:12.402 D/CompatibilityInfo( 1514): applicationScale - 1.0
12-09 12:35:12.403 D/ActivityTrigger( 1514): ActivityTrigger activityPauseTrigger
12-09 12:35:12.404 W/WindowManager( 1514): updateScale0.7996942
12-09 12:35:12.409 D/ScreenSaver_12(19942): [ScreensaverManager] onServiceConnected:129 ScreensaverManager onServiceConnected
12-09 12:35:12.409 D/ScreenSaver_12(19942): [ScreensaverManager] onServiceConnected:134 onServiceConnected: iBinder is success!
12-09 12:35:12.409 D/ScreenSaver_12(19942): [ScreensaverServiceBinder] registerScreensaverCallback:140 registerScreensaverCallback:
12-09 12:35:12.409 I/ScreenSaver_12(19942): [ScreensaverManager] subscribe screensaverService and mode Callback ok!
12-09 12:35:12.409 D/ScreenSaver_12(19942): [ScreensaverManager] getActivityThemeScreensaverList:272 getActivityThemeScreensaverList
12-09 12:35:12.409 D/ScreenSaver_12(19942): [ScreensaverServiceBinder] getActivityThemeScreensaverList:40 getActivityThemeResources
12-09 12:35:12.411 D/ScreenSaver_12(19942): [ScreensaverManager] onActivityThemeScreensaverData:61 onActivityThemeScreensaverData: 3
12-09 12:35:12.411 D/ScreenSaver_12(19942): [ScreensaverServiceBinder] getActivityThemeScreensaverList:55 getActivityThemeResources
12-09 12:35:12.412 D/ScreenSaver_12(19942): [ScreensaverManager] getCustomScreensaverList:286 getCustomScreensaverList
12-09 12:35:12.412 D/ScreenSaver_12(19942): [ScreensaverServiceBinder] getCustomScreensaverList:67 getCustomThemeResources
12-09 12:35:12.412 I/ActivityTaskManager( 1514): FOREGROUND_APPLICATION_CHANGED to android.service.dreams.DreamActivity
12-09 12:35:12.412 D/ScreenSaver_12(19942): [ScreensaverManager] onCustomScreensaverData:70 onCustomScreensaverData: 0
12-09 12:35:12.413 I/ActivityTaskManager( 1514): The Process com.thundercomm.screensaver Already Exists in BG. So sending its PID: 19942
12-09 12:35:12.415 D/CompatibilityInfo( 1514): mCompatibilityFlags - 4
12-09 12:35:12.415 D/CompatibilityInfo( 1514): applicationDensity - 240
12-09 12:35:12.415 D/CompatibilityInfo( 1514): applicationScale - 1.0
12-09 12:35:12.427 I/EventSequenceValidator( 1514): Transition from INTENT_STARTED to ACTIVITY_LAUNCHED
12-09 12:35:12.428 I/GameMode_ActivityMonitoringService( 9074): onForegroundActivitiesChanged uid 10051 pid 19942 fg true
12-09 12:35:12.439 I/GameMode_ActivityMonitoringService( 9074): Updating top task to: TaskInfoContainer [topActivity=ComponentInfo{com.thundercomm.screensaver/android.service.dreams.DreamActivity}, taskId=192, stackId=192, userId=0, displayId=0, position=7
12-09 12:35:12.439 I/GameMode_ActivityMonitoringService( 9074): Notifying about top task: TaskInfoContainer [topActivity=ComponentInfo{com.thundercomm.screensaver/android.service.dreams.DreamActivity}, taskId=192, stackId=192, userId=0, displayId=0, position=7
12-09 12:35:12.439 E/GameMode_ActivityMonitoringService( 9074): onActivityLaunch:com.thundercomm.screensaver
12-09 12:35:12.439 V/GameMode_GameTypeUtils( 9074): judge isGame:com.thundercomm.screensaver
12-09 12:35:12.439 V/GameMode_GpuUtils( 9074): fps:60
12-09 12:35:12.441 D/GameMode_GameModeActionUtils( 9074): Show GameMode entry by service!
12-09 12:35:12.442 W/ContextImpl( 9074): Calling a method in the system process without a qualified user: android.app.ContextImpl.startService:1816 android.content.ContextWrapper.startService:774 com.thundercomm.gamemode.ingame.services.GameModeActionUtils.startGameModeService:99 com.thundercomm.gamemode.ingame.services.GameModeActionUtils.startGameModeEntry:22 com.thundercomm.gamemode.ingame.services.ActivityMonitoringService$1.onActivityLaunch:127
12-09 12:35:12.444 D/GameMode_GameModeService( 9074): type=hide_entry
12-09 12:35:12.444 D/GameModeIF_GameModeSettings( 9074): getUriFor setting_content_uri_root = content://com.thundercomm.gamemode.api/gamemode_settings , name = gamemode_isgaming
12-09 12:35:12.449 I/GameModeConfig( 1514): Current uri is uri = content://com.thundercomm.gamemode.api/gamemode_settings/gamemode_isgaming
12-09 12:35:12.449 D/GameModeIF_GameModeSettings( 1514): getUriFor setting_content_uri_root = content://com.thundercomm.gamemode.api/gamemode_settings , name = gamemode_isgaming
12-09 12:35:12.450 D/GameMode_GameSettingsObserver( 9074): Game Data change!!!! uri = content://com.thundercomm.gamemode.api/gamemode_settings/gamemode_isgaming
12-09 12:35:12.450 D/GameModeIF_GameModeSettings( 9074): getUriFor setting_content_uri_root = content://com.thundercomm.gamemode.api/gamemode_settings , name = gamemode_isgaming
12-09 12:35:12.453 I/GameModeConfig( 1514): isGameModeOn = false
12-09 12:35:12.454 D/KeyguardViewMediator( 2372): setOccluded true
12-09 12:35:12.454 D/GameMode_GameModeService( 9074): updateGlobalSettings = gamemode_isgaming
12-09 12:35:12.455 I/GameModeConfig( 1514): isGameModeOn = false
12-09 12:35:12.455 I/GameModeConfig( 1514): isDisableVoice = true
12-09 12:35:12.455 D/GameModeIF_GameModeSettings( 9074): gamemode_isgaming set to 0
12-09 12:35:12.457 V/KeyguardUpdateMonitor( 2372): startListeningForFingerprint()
12-09 12:35:12.458 D/KeyguardViewMediator( 2372): adjustStatusBarLocked: mShowing=false mOccluded=true isSecure=false force=false --> flags=0x0
12-09 12:35:12.465 E/ThemeUtils(19942): View class androidx.appcompat.widget.AppCompatImageView is an AppCompat widget that can only be used with a Theme.AppCompat theme (or descendant).
12-09 12:35:12.468 E/ThemeUtils(19942): View class androidx.appcompat.widget.AppCompatImageView is an AppCompat widget that can only be used with a Theme.AppCompat theme (or descendant).
12-09 12:35:12.469 E/ThemeUtils(19942): View class androidx.appcompat.widget.AppCompatImageView is an AppCompat widget that can only be used with a Theme.AppCompat theme (or descendant).
12-09 12:35:12.469 E/ThemeUtils(19942): View class androidx.appcompat.widget.AppCompatImageView is an AppCompat widget that can only be used with a Theme.AppCompat theme (or descendant).
12-09 12:35:12.476 D/CompatibilityChangeReporter(19942): Compat change id reported: 170233598; UID 10051; state: DISABLED
12-09 12:35:12.487 W/WindowManager( 1514): updateScale0.7996942
12-09 12:35:12.493 I/GameModeConfig( 1514): isGameModeOn = false
12-09 12:35:12.493 I/GameModeConfig( 1514): isGameModeOn = false
12-09 12:35:12.493 I/GameModeConfig( 1514): isGameModeOn = false
12-09 12:35:12.493 I/GameModeConfig( 1514): isGameModeOn = false
12-09 12:35:12.494 I/GameModeConfig( 1514): isGameModeOn = false
12-09 12:35:12.494 I/GameModeConfig( 1514): isGameModeOn = false
12-09 12:35:12.501 I/AdrenoGLES-0(19942): QUALCOMM build : 47421dbee6, I139f36ad46
12-09 12:35:12.501 I/AdrenoGLES-0(19942): Build Date : 02/18/22
12-09 12:35:12.501 I/AdrenoGLES-0(19942): OpenGL ES Shader Compiler Version: EV031.32.02.17
12-09 12:35:12.501 I/AdrenoGLES-0(19942): Local Branch :
12-09 12:35:12.501 I/AdrenoGLES-0(19942): Remote Branch :
12-09 12:35:12.501 I/AdrenoGLES-0(19942): Remote Branch :
12-09 12:35:12.501 I/AdrenoGLES-0(19942): Reconstruct Branch :
12-09 12:35:12.501 I/AdrenoGLES-0(19942): Build Config : S P 10.0.7 AArch64
12-09 12:35:12.501 I/AdrenoGLES-0(19942): Driver Path : /vendor/lib64/egl/libGLESv2_adreno.so
12-09 12:35:12.501 I/hwservicemanager( 503): getTransport: Cannot find entry android.hardware.graphics.mapper@4.0::IMapper/default in either framework or device VINTF manifest.
12-09 12:35:12.505 W/WindowManager( 1514): updateScale0.7996942
12-09 12:35:12.507 W/WindowManager( 1514): updateScale0.7996942
12-09 12:35:12.508 I/AdrenoGLES-0(19942): PFP: 0x016dd093, ME: 0x00000000
12-09 12:35:12.509 I/BpBinder( 975): onLastStrongRef automatically unlinking death recipients:
12-09 12:35:12.518 D/libEGL (19942): MSAA-->msaa:0 gamemode:0 4x_msaa:0
12-09 12:35:12.518 D/libEGL (19942): MSAA-->msaa:0 gamemode:0 4x_msaa:0
12-09 12:35:12.519 D/libEGL (19942): MSAA-->msaa:0 gamemode:0 4x_msaa:0
12-09 12:35:12.519 I/GameMode_ActivityMonitoringService( 9074): onTaskStackChanged
12-09 12:35:12.523 I/GameMode_ActivityMonitoringService( 9074): Updating top task to: TaskInfoContainer [topActivity=ComponentInfo{com.thundercomm.screensaver/android.service.dreams.DreamActivity}, taskId=192, stackId=192, userId=0, displayId=0, position=7
12-09 12:35:12.523 I/GameMode_ActivityMonitoringService( 9074): Notifying about top task: TaskInfoContainer [topActivity=ComponentInfo{com.thundercomm.screensaver/android.service.dreams.DreamActivity}, taskId=192, stackId=192, userId=0, displayId=0, position=7
12-09 12:35:12.523 E/GameMode_ActivityMonitoringService( 9074): onActivityLaunch:com.thundercomm.screensaver
12-09 12:35:12.523 V/GameMode_GameTypeUtils( 9074): judge isGame:com.thundercomm.screensaver
12-09 12:35:12.523 V/GameMode_GpuUtils( 9074): fps:60
12-09 12:35:12.525 D/GameMode_GameModeActionUtils( 9074): Show GameMode entry by service!
12-09 12:35:12.525 W/ContextImpl( 9074): Calling a method in the system process without a qualified user: android.app.ContextImpl.startService:1816 android.content.ContextWrapper.startService:774 com.thundercomm.gamemode.ingame.services.GameModeActionUtils.startGameModeService:99 com.thundercomm.gamemode.ingame.services.GameModeActionUtils.startGameModeEntry:22 com.thundercomm.gamemode.ingame.services.ActivityMonitoringService$1.onActivityLaunch:127
12-09 12:35:12.525 W/View ( 2372): requestLayout() improperly called by android.widget.TextView{f259a0f V.ED..... ..S...ID 0,38-136,68 #7f0b00a4 app:id/app_label} during layout: running second layout pass
12-09 12:35:12.526 I/SDM ( 861): HWCDisplay::GetColorModeCount: Supported color mode count = 1
12-09 12:35:12.526 I/SDM ( 861): HWCDisplay::GetColorModes: Color mode = 0 is supported
12-09 12:35:12.527 E/HWComposer( 975): getSupportedContentTypes: getSupportedContentTypes failed for display 4630946370410392961: Unsupported (8)
12-09 12:35:12.527 D/GameMode_GameModeService( 9074): type=hide_entry
12-09 12:35:12.527 D/hw-ProcessState(19942): Binder ioctl to enable oneway spam detection failed: Invalid argument
12-09 12:35:12.529 W/View ( 2372): requestLayout() improperly called by android.widget.TextView{f259a0f V.ED..... ..S...ID 0,38-136,68 #7f0b00a4 app:id/app_label} during second layout pass: posting in next frame
12-09 12:35:12.529 I/hwservicemanager( 503): getTransport: Cannot find entry android.hardware.graphics.mapper@4.0::IMapper/default in either framework or device VINTF manifest.
12-09 12:35:12.529 I/Gralloc4(19942): mapper 4.x is not supported
12-09 12:35:12.530 D/GameModeIF_GameModeSettings( 9074): getUriFor setting_content_uri_root = content://com.thundercomm.gamemode.api/gamemode_settings , name = gamemode_isgaming
12-09 12:35:12.532 I/hwservicemanager( 503): getTransport: Cannot find entry android.hardware.graphics.allocator@4.0::IAllocator/default in either framework or device VINTF manifest.
12-09 12:35:12.532 W/Gralloc4(19942): allocator 4.x is not supported
12-09 12:35:12.533 D/GameMode_GameSettingsObserver( 9074): Game Data change!!!! uri = content://com.thundercomm.gamemode.api/gamemode_settings/gamemode_isgaming
12-09 12:35:12.533 D/GameModeIF_GameModeSettings( 9074): getUriFor setting_content_uri_root = content://com.thundercomm.gamemode.api/gamemode_settings , name = gamemode_isgaming
12-09 12:35:12.533 D/GameModeIF_GameModeSettings( 9074): gamemode_isgaming set to 0
12-09 12:35:12.533 I/GameModeConfig( 1514): Current uri is uri = content://com.thundercomm.gamemode.api/gamemode_settings/gamemode_isgaming
12-09 12:35:12.533 D/GameModeIF_GameModeSettings( 1514): getUriFor setting_content_uri_root = content://com.thundercomm.gamemode.api/gamemode_settings , name = gamemode_isgaming
12-09 12:35:12.535 D/GameMode_GameModeService( 9074): updateGlobalSettings = gamemode_isgaming
12-09 12:35:12.536 I/GameModeConfig( 1514): isGameModeOn = false
12-09 12:35:12.536 I/GameModeConfig( 1514): isGameModeOn = false
12-09 12:35:12.536 I/GameModeConfig( 1514): isDisableVoice = true
12-09 12:35:12.541 W/WindowManager( 1514): updateScale0.7996942
12-09 12:35:12.545 W/WindowManager( 1514): updateScale0.7996942
12-09 12:35:12.546 W/WindowManager( 1514): updateScale0.7996942
12-09 12:35:12.547 I/EventSequenceValidator( 1514): Transition from ACTIVITY_LAUNCHED to ACTIVITY_FINISHED
12-09 12:35:12.547 V/DisplayPowerController[0]( 1514): Brightness [1.0] reason changing to: 'manual', previous reason: 'manual [ dim ]'.
12-09 12:35:12.553 E/DisplayDeviceConfig( 1514): requesting nits when no mapping exists.
12-09 12:35:12.553 D/StatusBar( 2372): disable disable2
12-09 12:35:12.554 E/DisplayDeviceConfig( 1514): requesting nits when no mapping exists.
12-09 12:35:12.561 I/ActivityTaskManager( 1514): Displayed com.thundercomm.screensaver/android.service.dreams.DreamActivity: +155ms
12-09 12:35:12.570 E/DisplayDeviceConfig( 1514): requesting nits when no mapping exists.
12-09 12:35:12.570 E/DisplayDeviceConfig( 1514): requesting nits when no mapping exists.
12-09 12:35:12.587 E/DisplayDeviceConfig( 1514): requesting nits when no mapping exists.
12-09 12:35:12.587 E/DisplayDeviceConfig( 1514): requesting nits when no mapping exists.
12-09 12:35:12.591 W/qmp_aop ( 89): type=1400 audit(0.0:8556): avc: denied { kill } for capability=5 scontext=u:r:kernel:s0 tcontext=u:r:kernel:s0 tclass=capability permissive=0
12-09 12:35:12.604 E/DisplayDeviceConfig( 1514): requesting nits when no mapping exists.
12-09 12:35:12.604 E/DisplayDeviceConfig( 1514): requesting nits when no mapping exists.
12-09 12:35:12.620 E/DisplayDeviceConfig( 1514): requesting nits when no mapping exists.
12-09 12:35:12.621 E/DisplayDeviceConfig( 1514): requesting nits when no mapping exists.
12-09 12:35:12.637 E/DisplayDeviceConfig( 1514): requesting nits when no mapping exists.
12-09 12:35:12.639 E/DisplayDeviceConfig( 1514): requesting nits when no mapping exists.
12-09 12:35:12.654 E/DisplayDeviceConfig( 1514): requesting nits when no mapping exists.
12-09 12:35:12.655 E/DisplayDeviceConfig( 1514): requesting nits when no mapping exists.
12-09 12:35:12.673 E/DisplayDeviceConfig( 1514): requesting nits when no mapping exists.
12-09 12:35:12.674 E/DisplayDeviceConfig( 1514): requesting nits when no mapping exists.
12-09 12:35:12.690 E/DisplayDeviceConfig( 1514): requesting nits when no mapping exists.
12-09 12:35:12.691 E/DisplayDeviceConfig( 1514): requesting nits when no mapping exists.
12-09 12:35:12.699 I/GameModeConfig( 1514): isGameModeOn = false
12-09 12:35:12.702 V/GameMode_GameTypeUtils( 9074): judge isGame:com.thundercomm.screensaver
12-09 12:35:12.703 E/GameMode_GameModeNotificationListenerService( 9074): title :content :,PackageName:com.android.systemui,isGameModeOn:false,isBulletScreenOn:false,isBulletScreenPackage:false
12-09 12:35:12.706 E/DisplayDeviceConfig( 1514): requesting nits when no mapping exists.
12-09 12:35:12.707 E/DisplayDeviceConfig( 1514): requesting nits when no mapping exists.
12-09 12:35:12.717 D/InterruptionStateProvider( 2372): No bubble up: not allowed to bubble: 0|com.android.systemui|2048|null|10082
12-09 12:35:12.718 D/InterruptionStateProvider( 2372): No heads up: unimportant notification: 0|com.android.systemui|2048|null|10082
12-09 12:35:12.724 E/DisplayDeviceConfig( 1514): requesting nits when no mapping exists.
12-09 12:35:12.725 E/DisplayDeviceConfig( 1514): requesting nits when no mapping exists.
12-09 12:35:12.729 D/PeopleSpaceWidgetMgr( 2372): Sbn doesn't contain valid PeopleTileKey: null/0/com.android.systemui
12-09 12:35:12.742 E/DisplayDeviceConfig( 1514): requesting nits when no mapping exists.
12-09 12:35:12.742 E/DisplayDeviceConfig( 1514): requesting nits when no mapping exists.
12-09 12:35:12.749 I/OMX-VENC: venc_dev( 1203): stats: avg. fps 17.75, bitrate 2139759
12-09 12:35:12.761 E/DisplayDeviceConfig( 1514): requesting nits when no mapping exists.
12-09 12:35:12.761 E/DisplayDeviceConfig( 1514): requesting nits when no mapping exists.
12-09 12:35:12.776 E/DisplayDeviceConfig( 1514): requesting nits when no mapping exists.
12-09 12:35:12.776 E/DisplayDeviceConfig( 1514): requesting nits when no mapping exists.
12-09 12:35:12.793 E/DisplayDeviceConfig( 1514): requesting nits when no mapping exists.
12-09 12:35:12.793 E/DisplayDeviceConfig( 1514): requesting nits when no mapping exists.
12-09 12:35:12.809 E/DisplayDeviceConfig( 1514): requesting nits when no mapping exists.
12-09 12:35:12.809 E/DisplayDeviceConfig( 1514): requesting nits when no mapping exists.
12-09 12:35:12.828 E/DisplayDeviceConfig( 1514): requesting nits when no mapping exists.
12-09 12:35:12.828 E/DisplayDeviceConfig( 1514): requesting nits when no mapping exists.
12-09 12:35:12.840 W/WindowManager( 1514): updateScale0.7996942
12-09 12:35:12.851 E/DisplayDeviceConfig( 1514): requesting nits when no mapping exists.
12-09 12:35:12.852 E/DisplayDeviceConfig( 1514): requesting nits when no mapping exists.
12-09 12:35:12.854 E/DisplayDeviceConfig( 1514): requesting nits when no mapping exists.
12-09 12:35:12.855 E/DisplayDeviceConfig( 1514): requesting nits when no mapping exists.
12-09 12:35:12.873 E/DisplayDeviceConfig( 1514): requesting nits when no mapping exists.
12-09 12:35:12.873 E/DisplayDeviceConfig( 1514): requesting nits when no mapping exists.
12-09 12:35:12.875 W/WindowManager( 1514): updateScale0.7996942
12-09 12:35:12.880 D/StateManager( 2834): goToState: Normal
12-09 12:35:12.889 E/DisplayDeviceConfig( 1514): requesting nits when no mapping exists.
12-09 12:35:12.889 E/DisplayDeviceConfig( 1514): requesting nits when no mapping exists.
12-09 12:35:12.890 W/WindowManager( 1514): updateScale0.7996942
