12-09 12:30:12.333 D/GameMode_GameModeService( 9074): type=hide_entry
12-09 12:30:12.334 D/libEGL ( 1514): MSAA-->msaa:0 gamemode:0 4x_msaa:0
12-09 12:30:12.343 D/GameMode_GameSettingsObserver( 9074): Game Data change!!!! uri = content://com.thundercomm.gamemode.api/gamemode_settings/gamemode_isgaming
12-09 12:30:12.343 D/GameModeIF_GameModeSettings( 9074): getUriFor setting_content_uri_root = content://com.thundercomm.gamemode.api/gamemode_settings , name = gamemode_isgaming
12-09 12:30:12.343 I/GameModeConfig( 1514): Current uri is uri = content://com.thundercomm.gamemode.api/gamemode_settings/gamemode_isgaming
12-09 12:30:12.343 D/GameModeIF_GameModeSettings( 1514): getUriFor setting_content_uri_root = content://com.thundercomm.gamemode.api/gamemode_settings , name = gamemode_isgaming
12-09 12:30:12.344 D/GameModeIF_GameModeSettings( 9074): gamemode_isgaming set to 0
12-09 12:30:12.345 I/GameModeConfig( 1514): isGameModeOn = false
12-09 12:30:12.345 D/GameMode_GameModeService( 9074): updateGlobalSettings = gamemode_isgaming
12-09 12:30:12.345 I/GameModeConfig( 1514): isGameModeOn = false
12-09 12:30:12.345 I/GameModeConfig( 1514): isDisableVoice = true
12-09 12:30:12.376 D/UIAutomatorStub(18567): URI: /jsonrpc/0, Method: POST, params, {NanoHttpd.QUERY_STRING=null}, files: {postData={"jsonrpc": "2.0", "id": "c4754e4282b112c9f5c08da56fa29c40", "method": "objInfo", "params": [{"mask": 2097153, "childOrSibling": [], "childOrSiblingSelector": [], "resourceId": "com.android.launcher3:id/name_tv", "text": "\u65e5\u5386"}]}}
12-09 12:30:12.378 W/QueryController(18567): Could not detect idle state.
12-09 12:30:12.400 W/QueryController(18567): Could not detect idle state.
12-09 12:30:12.411 W/QueryController(18567): Could not detect idle state.
12-09 12:30:12.412 W/QueryController(18567): Could not detect idle state.
12-09 12:30:12.413 W/QueryController(18567): Could not detect idle state.
12-09 12:30:12.413 W/QueryController(18567): Could not detect idle state.
12-09 12:30:12.415 W/QueryController(18567): Could not detect idle state.
12-09 12:30:12.427 W/QueryController(18567): Could not detect idle state.
12-09 12:30:12.428 W/QueryController(18567): Could not detect idle state.
12-09 12:30:12.429 W/QueryController(18567): Could not detect idle state.
12-09 12:30:12.429 W/QueryController(18567): Could not detect idle state.
12-09 12:30:12.430 W/QueryController(18567): Could not detect idle state.
12-09 12:30:12.431 W/QueryController(18567): Could not detect idle state.
12-09 12:30:12.444 W/QueryController(18567): Could not detect idle state.
12-09 12:30:12.445 W/QueryController(18567): Could not detect idle state.
12-09 12:30:12.446 W/QueryController(18567): Could not detect idle state.
12-09 12:30:12.447 W/QueryController(18567): Could not detect idle state.
12-09 12:30:12.460 W/QueryController(18567): Could not detect idle state.
12-09 12:30:12.512 D/UIAutomatorStub(18567): URI: /jsonrpc/0, Method: POST, params, {NanoHttpd.QUERY_STRING=null}, files: {postData={"jsonrpc": "2.0", "id": "2e7467b9265b5db1147f8aa385c81f54", "method": "click", "params": [206.0, 405.0]}}
12-09 12:30:12.515 D/FreeFormWindowHelper( 1514): Remove freefrom task=Task{f8959af #167 type=standard A=10069:android.task.calendar U=0 visible=false mode=freeform translucent=true sz=0}
12-09 12:30:12.609 W/System ( 1514): A resource failed to call close.
12-09 12:30:12.609 W/System ( 1514): A resource failed to call close.
12-09 12:30:12.610 W/System ( 1514): A resource failed to call close.
12-09 12:30:12.610 W/System ( 1514): A resource failed to call close.
12-09 12:30:12.667 D/FreeWindowHelper( 2834): setExitFlag: old=0,new=1
12-09 12:30:12.668 I/EventSequenceValidator( 1514): Transition from ACTIVITY_FINISHED to INTENT_STARTED
12-09 12:30:12.668 I/ActivityTaskManager( 1514): START u0 {flg=0x10008000 cmp=com.android.calendar/.AllInOneActivity} from uid 10075
12-09 12:30:12.670 E/ANDR-PERF-JNI( 1514): com_qualcomm_qtiperformance_native_perf_io_prefetch_start
12-09 12:30:12.671 W/ActivityTaskManager( 1514): Can't find TaskDisplayArea to determine support for multi window. Task id=168 attached=false
12-09 12:30:12.672 D/FreeFormWindowHelper( 1514): Add freeform task=Task{eb6d711 #168 type=standard ?? U=0 visible=false mode=freeform translucent=true sz=0}
12-09 12:30:12.674 E/ANDR-IOP( 865): io prefetch is disabled
12-09 12:30:12.675 D/CompatibilityInfo( 1514): mCompatibilityFlags - 4
12-09 12:30:12.675 D/CompatibilityInfo( 1514): applicationDensity - 240
12-09 12:30:12.675 D/CompatibilityInfo( 1514): applicationScale - 1.0
12-09 12:30:12.676 I/ActivityTaskManager( 1514): FOREGROUND_APPLICATION_CHANGED to com.android.calendar.AllInOneActivity
12-09 12:30:12.676 I/ActivityTaskManager( 1514): The Process com.android.calendar Already Exists in BG. So sending its PID: 19196
12-09 12:30:12.676 W/ActivityTaskManager( 1514): Tried to set launchTime (0) < mLastActivityLaunchTime (25817627)
12-09 12:30:12.677 D/CompatibilityInfo( 1514): mCompatibilityFlags - 4
12-09 12:30:12.677 D/CompatibilityInfo( 1514): applicationDensity - 240
12-09 12:30:12.677 D/CompatibilityInfo( 1514): applicationScale - 1.0
12-09 12:30:12.682 D/StateManager( 2834): goToState: Normal
12-09 12:30:12.683 D/EditModeHelper( 2834): setHotseatVisibility: 0
12-09 12:30:12.687 I/GameMode_ActivityMonitoringService( 9074): onForegroundActivitiesChanged uid 10069 pid 19196 fg true
12-09 12:30:12.691 I/EventSequenceValidator( 1514): Transition from INTENT_STARTED to ACTIVITY_LAUNCHED
12-09 12:30:12.695 I/GameMode_ActivityMonitoringService( 9074): Updating top task to: TaskInfoContainer [topActivity=ComponentInfo{com.android.calendar/com.android.calendar.AllInOneActivity}, taskId=168, stackId=168, userId=0, displayId=0, position=6
12-09 12:30:12.695 I/GameMode_ActivityMonitoringService( 9074): Notifying about top task: TaskInfoContainer [topActivity=ComponentInfo{com.android.calendar/com.android.calendar.AllInOneActivity}, taskId=168, stackId=168, userId=0, displayId=0, position=6
12-09 12:30:12.695 E/GameMode_ActivityMonitoringService( 9074): onActivityLaunch:com.android.calendar
12-09 12:30:12.695 V/GameMode_GameTypeUtils( 9074): judge isGame:com.android.calendar
12-09 12:30:12.695 V/GameMode_GpuUtils( 9074): fps:60
12-09 12:30:12.698 D/GameMode_GameModeActionUtils( 9074): Show GameMode entry by service!
12-09 12:30:12.698 W/ContextImpl( 9074): Calling a method in the system process without a qualified user: android.app.ContextImpl.startService:1816 android.content.ContextWrapper.startService:774 com.thundercomm.gamemode.ingame.services.GameModeActionUtils.startGameModeService:99 com.thundercomm.gamemode.ingame.services.GameModeActionUtils.startGameModeEntry:22 com.thundercomm.gamemode.ingame.services.ActivityMonitoringService$1.onActivityLaunch:127
12-09 12:30:12.701 D/GameModeIF_GameModeSettings( 9074): getUriFor setting_content_uri_root = content://com.thundercomm.gamemode.api/gamemode_settings , name = gamemode_isgaming
12-09 12:30:12.701 D/GameMode_GameModeService( 9074): type=hide_entry
12-09 12:30:12.703 I/GameModeConfig( 1514): Current uri is uri = content://com.thundercomm.gamemode.api/gamemode_settings/gamemode_isgaming
12-09 12:30:12.703 D/GameModeIF_GameModeSettings( 1514): getUriFor setting_content_uri_root = content://com.thundercomm.gamemode.api/gamemode_settings , name = gamemode_isgaming
12-09 12:30:12.704 I/GameModeConfig( 1514): isGameModeOn = false
12-09 12:30:12.704 I/GameModeConfig( 1514): isGameModeOn = false
12-09 12:30:12.704 I/GameModeConfig( 1514): isDisableVoice = true
12-09 12:30:12.705 D/GameModeIF_GameModeSettings( 9074): gamemode_isgaming set to 0
12-09 12:30:12.705 D/GameMode_GameSettingsObserver( 9074): Game Data change!!!! uri = content://com.thundercomm.gamemode.api/gamemode_settings/gamemode_isgaming
12-09 12:30:12.705 D/GameModeIF_GameModeSettings( 9074): getUriFor setting_content_uri_root = content://com.thundercomm.gamemode.api/gamemode_settings , name = gamemode_isgaming
12-09 12:30:12.707 D/GameMode_GameModeService( 9074): updateGlobalSettings = gamemode_isgaming
12-09 12:30:12.713 D/AccountManagerService( 1514): bind attempt failed for Session: expectLaunch true, connected false, stats (0/0/0), lifetime 0.0, addAccount, accountType com.google, requiredFeatures null
12-09 12:30:12.719 W/WindowManager( 1514): updateScale0.7996942
12-09 12:30:12.723 D/FreeWindowHelper( 2834): enterOrExitRecentTasks: isEnterRecentTasks=false,mExitFlag=1
12-09 12:30:12.723 W/FreeFormWindowHelper( 1514): exitRecentTasks type=1
12-09 12:30:12.724 E/PagedView( 2834): validateNewPage: failed to find a page < mMaxScrollX
12-09 12:30:12.730 W/WindowManager( 1514): updateScale0.7996942
12-09 12:30:12.734 W/WindowManager( 1514): updateScale0.7996942
12-09 12:30:12.735 W/WindowManager( 1514): updateScale0.7996942
12-09 12:30:12.736 I/EventSequenceValidator( 1514): Transition from ACTIVITY_LAUNCHED to ACTIVITY_FINISHED
12-09 12:30:12.738 I/ActivityTaskManager( 1514): Displayed com.android.calendar/.AllInOneActivity: +65ms
12-09 12:30:12.761 I/OpenGLRenderer( 2834): Davey! duration=9223346209056ms; Flags=0, FrameTimelineVsyncId=411072, IntendedVsync=25827792386972, Vsync=25827792386972, InputEventId=0, HandleInputStart=25827801109415, AnimationStart=25827801111290, PerformTraversalsStart=25827801234103, DrawStart=25827801895301, FrameDeadline=25827825720304, FrameInterval=25827801105249, FrameStartTime=16666666, SyncQueued=25827802084311, SyncStart=25827807905249, IssueDrawCommandsStart=25827814124468, SwapBuffers=25827823501290, FrameCompleted=9223372036854775807, DequeueBufferDuration=31094, QueueBufferDuration=503333, GpuCompleted=9223372036854775807, SwapBuffersCompleted=25827824404728, DisplayPresentTime=0,
12-09 12:30:12.824 I/mpu_uart( 649): [MSG-P:RECV]:No message received in 1000 ms
12-09 12:30:12.993 I/OMX-VENC: venc_dev( 1203): stats: avg. fps 43.78, bitrate 1359976
12-09 12:30:12.999 I/OMX-VENC: venc_dev( 1203): stats: avg. fps 41.87, bitrate 4133469
12-09 12:30:13.021 W/WindowManager( 1514): updateScale0.7996942
12-09 12:30:13.150 E/PagedView( 2834): validateNewPage: failed to find a page < mMaxScrollX
12-09 12:30:13.591 W/swapper/3( 0): type=1400 audit(0.0:8292): avc: denied { kill } for capability=5 scontext=u:r:kernel:s0 tcontext=u:r:kernel:s0 tclass=capability permissive=0
12-09 12:30:13.825 I/mpu_uart( 649): [MSG-P:RECV]:No message received in 1000 ms
12-09 12:30:14.084 I/OMX-VENC: venc_dev( 1203): stats: avg. fps 17.42, bitrate 544711
12-09 12:30:14.584 I/mpu_uart( 649): [MSG-P:R]:recv sync frame timeout
12-09 12:30:14.591 W/swapper/3( 0): type=1400 audit(0.0:8293): avc: denied { kill } for capability=5 scontext=u:r:kernel:s0 tcontext=u:r:kernel:s0 tclass=capability permissive=0
12-09 12:30:14.825 I/mpu_uart( 649): [MSG-P:RECV]:No message received in 1000 ms
12-09 12:30:15.003 I/OMX-VENC: venc_dev( 1203): stats: avg. fps 5.99, bitrate 643205
12-09 12:30:15.096 I/OMX-VENC: venc_dev( 1203): stats: avg. fps 10.87, bitrate 89530
12-09 12:30:15.591 W/swapper/3( 0): type=1400 audit(0.0:8294): avc: denied { kill } for capability=5 scontext=u:r:kernel:s0 tcontext=u:r:kernel:s0 tclass=capability permissive=0
12-09 12:30:15.825 I/mpu_uart( 649): [MSG-P:RECV]:No message received in 1000 ms
12-09 12:30:16.004 I/OMX-VENC: venc_dev( 1203): stats: avg. fps 1.00, bitrate 50653
12-09 12:30:16.097 I/OMX-VENC: venc_dev( 1203): stats: avg. fps 9.99, bitrate 82578
12-09 12:30:16.529 E/TaskPersister( 1514): File error accessing recents directory (directory doesn't exist?).
12-09 12:30:16.591 W/swapper/3( 0): type=1400 audit(0.0:8295): avc: denied { kill } for capability=5 scontext=u:r:kernel:s0 tcontext=u:r:kernel:s0 tclass=capability permissive=0
12-09 12:30:16.826 I/mpu_uart( 649): [MSG-P:RECV]:No message received in 1000 ms
12-09 12:30:17.008 I/OMX-VENC: venc_dev( 1203): stats: avg. fps 1.00, bitrate 123751
12-09 12:30:17.101 I/OMX-VENC: venc_dev( 1203): stats: avg. fps 9.96, bitrate 82648
12-09 12:30:17.587 I/mpu_uart( 649): [MSG-P:R]:recv sync frame timeout
12-09 12:30:17.591 W/swapper/3( 0): type=1400 audit(0.0:8296): avc: denied { kill } for capability=5 scontext=u:r:kernel:s0 tcontext=u:r:kernel:s0 tclass=capability permissive=0
12-09 12:30:17.826 I/mpu_uart( 649): [MSG-P:RECV]:No message received in 1000 ms
12-09 12:30:18.009 I/OMX-VENC: venc_dev( 1203): stats: avg. fps 1.00, bitrate 76843
12-09 12:30:18.104 I/OMX-VENC: venc_dev( 1203): stats: avg. fps 9.97, bitrate 82458
12-09 12:30:18.591 W/swapper/3( 0): type=1400 audit(0.0:8297): avc: denied { kill } for capability=5 scontext=u:r:kernel:s0 tcontext=u:r:kernel:s0 tclass=capability permissive=0
12-09 12:30:18.758 D/UIAutomatorStub(18567): URI: /jsonrpc/0, Method: POST, params, {NanoHttpd.QUERY_STRING=null}, files: {postData={"jsonrpc": "2.0", "id": "0ab200e21ef81ef1394dde042d327ee7", "method": "waitForExists", "params": [{"mask": 2097152, "childOrSibling": [], "childOrSiblingSelector": [], "resourceId": "android:id/move_window"}, 3000]}}
12-09 12:30:18.762 W/QueryController(18567): Could not detect idle state.
12-09 12:30:18.826 I/mpu_uart( 649): [MSG-P:RECV]:No message received in 1000 ms
12-09 12:30:18.842 D/UIAutomatorStub(18567): URI: /jsonrpc/0, Method: POST, params, {NanoHttpd.QUERY_STRING=null}, files: {postData={"jsonrpc": "2.0", "id": "15e203d268fbabc6392152b27da728f3", "method": "objInfo", "params": [{"mask": 2097152, "childOrSibling": [], "childOrSiblingSelector": [], "resourceId": "android:id/move_window"}]}}
12-09 12:30:18.845 W/QueryController(18567): Could not detect idle state.
12-09 12:30:18.862 W/QueryController(18567): Could not detect idle state.
12-09 12:30:18.865 W/QueryController(18567): Could not detect idle state.
12-09 12:30:18.867 W/QueryController(18567): Could not detect idle state.
12-09 12:30:18.869 W/QueryController(18567): Could not detect idle state.
12-09 12:30:18.871 W/QueryController(18567): Could not detect idle state.
12-09 12:30:18.872 W/QueryController(18567): Could not detect idle state.
12-09 12:30:18.874 W/QueryController(18567): Could not detect idle state.
12-09 12:30:18.876 W/QueryController(18567): Could not detect idle state.
12-09 12:30:18.878 W/QueryController(18567): Could not detect idle state.
12-09 12:30:18.880 W/QueryController(18567): Could not detect idle state.
12-09 12:30:18.881 W/QueryController(18567): Could not detect idle state.
12-09 12:30:18.883 W/QueryController(18567): Could not detect idle state.
12-09 12:30:18.884 W/QueryController(18567): Could not detect idle state.
12-09 12:30:18.886 W/QueryController(18567): Could not detect idle state.
12-09 12:30:18.887 W/QueryController(18567): Could not detect idle state.
12-09 12:30:18.890 W/QueryController(18567): Could not detect idle state.
12-09 12:30:18.891 W/QueryController(18567): Could not detect idle state.
12-09 12:30:18.937 W/System (18567): A resource failed to call end.
12-09 12:30:18.938 W/System (18567): A resource failed to call end.
12-09 12:30:18.938 W/System (18567): A resource failed to call end.
12-09 12:30:18.938 W/System (18567): A resource failed to call end.
12-09 12:30:18.938 W/System (18567): A resource failed to call end.
12-09 12:30:18.938 W/System (18567): A resource failed to call end.
12-09 12:30:18.938 W/System (18567): A resource failed to call end.
12-09 12:30:18.939 W/System (18567): A resource failed to call end.
12-09 12:30:18.939 W/System (18567): A resource failed to call end.
12-09 12:30:18.939 W/System (18567): A resource failed to call end.
12-09 12:30:18.939 W/System (18567): A resource failed to call end.
12-09 12:30:18.939 W/System (18567): A resource failed to call end.
12-09 12:30:18.939 W/System (18567): A resource failed to call end.
12-09 12:30:18.939 W/System (18567): A resource failed to call end.
12-09 12:30:18.943 D/UIAutomatorStub(18567): URI: /jsonrpc/0, Method: POST, params, {NanoHttpd.QUERY_STRING=null}, files: {postData={"jsonrpc": "2.0", "id": "d99adc34c9dd09ab45a917b8348c50c0", "method": "click", "params": [261.5, 99.0]}}
12-09 12:30:19.023 I/OMX-VENC: venc_dev( 1203): stats: avg. fps 2.96, bitrate 133491
12-09 12:30:19.124 I/OMX-VENC: venc_dev( 1203): stats: avg. fps 15.69, bitrate 129249
12-09 12:30:19.591 W/swapper/3( 0): type=1400 audit(0.0:8298): avc: denied { kill } for capability=5 scontext=u:r:kernel:s0 tcontext=u:r:kernel:s0 tclass=capability permissive=0
12-09 12:30:19.827 I/mpu_uart( 649): [MSG-P:RECV]:No message received in 1000 ms
12-09 12:30:20.067 I/OMX-VENC: venc_dev( 1203): stats: avg. fps 12.45, bitrate 571971
12-09 12:30:20.149 D/UIAutomatorStub(18567): URI: /jsonrpc/0, Method: POST, params, {NanoHttpd.QUERY_STRING=null}, files: {postData={"jsonrpc": "2.0", "id": "43bf2213e16ad057d89a1d676a375666", "method": "exist", "params": [{"mask": 2097152, "childOrSibling": [], "childOrSiblingSelector": [], "resourceId": "android:id/caption"}]}}
12-09 12:30:20.157 W/QueryController(18567): Could not detect idle state.
12-09 12:30:20.159 I/OMX-VENC: venc_dev( 1203): stats: avg. fps 15.46, bitrate 127501
12-09 12:30:20.590 I/mpu_uart( 649): [MSG-P:R]:recv sync frame timeout
12-09 12:30:20.591 W/swapper/3( 0): type=1400 audit(0.0:8299): avc: denied { kill } for capability=5 scontext=u:r:kernel:s0 tcontext=u:r:kernel:s0 tclass=capability permissive=0
12-09 12:30:20.827 I/mpu_uart( 649): [MSG-P:RECV]:No message received in 1000 ms
12-09 12:30:21.199 I/OMX-VENC: venc_dev( 1203): stats: avg. fps 10.58, bitrate 87152
12-09 12:30:21.418 I/CNSS ( 1175): cnss_open_log_file: directory /data/vendor/wifi/wlan_logs/ created
12-09 12:30:21.591 W/swapper/3( 0): type=1400 audit(0.0:8300): avc: denied { kill } for capability=5 scontext=u:r:kernel:s0 tcontext=u:r:kernel:s0 tclass=capability permissive=0
12-09 12:30:21.827 I/mpu_uart( 649): [MSG-P:RECV]:No message received in 1000 ms
12-09 12:30:22.001 I/OMX-VENC: venc_dev( 1203): stats: avg. fps 1.03, bitrate 48599
12-09 12:30:22.201 I/OMX-VENC: venc_dev( 1203): stats: avg. fps 9.98, bitrate 82526
12-09 12:30:22.249 D/ProcessState(19676): Binder ioctl to enable oneway spam detection failed: Invalid argument
12-09 12:30:22.255 D/StateManager( 2834): goToState: Overview
12-09 12:30:22.256 D/EditModeHelper( 2834): setHotseatVisibility: 0
12-09 12:30:22.258 V/ShadeControllerImpl( 2372): NotificationShadeWindow: com.android.systemui.statusbar.phone.NotificationShadeWindowView{7f4383b I.E...... ......ID 0,0-2380,1020} canPanelBeCollapsed(): false
12-09 12:30:22.268 D/UIAutomatorStub(18567): URI: /jsonrpc/0, Method: POST, params, {NanoHttpd.QUERY_STRING=null}, files: {postData={"jsonrpc": "2.0", "id": "e63883536c0984d2116eb33e553feb29", "method": "waitForExists", "params": [{"mask": 2097153, "childOrSibling": [], "childOrSiblingSelector": [], "resourceId": "com.android.launcher3:id/name_tv", "text": "\u65e5\u5386"}, 3000]}}
12-09 12:30:22.271 W/QueryController(18567): Could not detect idle state.
12-09 12:30:22.274 D/FreeWindowHelper( 2834): enterOrExitRecentTasks: isEnterRecentTasks=true,mExitFlag=1
12-09 12:30:22.283 D/ActivityTrigger( 1514): ActivityTrigger activityPauseTrigger
12-09 12:30:22.290 D/FreeWindowContainer( 2834): reloadTask: TaskInfo{userId=0 taskId=168 displayId=0 isRunning=false baseIntent=Intent { flg=0x10008000 cmp=com.android.calendar/.AllInOneActivity } baseActivity=null topActivity=null origActivity=null realActivity=ComponentInfo{com.android.calendar/com.android.calendar.AllInOneActivity} numActivities=0 lastActiveTime=25837361 supportsSplitScreenMultiWindow=true supportsMultiWindow=true resizeMode=1 isResizeable=true token=WCT{android.window.IWindowContainerToken$Stub$Proxy@1a512aa} topActivityType=1 pictureInPictureParams=null displayCutoutSafeInsets=null topActivityInfo=null launchCookies=[] positionInParent=Point(0, 72) parentTaskId=-1 isFocused=false isVisible=true topActivityInSizeCompat=false locusId= null}
12-09 12:30:22.292 I/ActivityTaskManager( 1514): FOREGROUND_APPLICATION_CHANGED to com.android.launcher3.uioverrides.QuickstepLauncher
12-09 12:30:22.312 I/GameMode_ActivityMonitoringService( 9074): onForegroundActivitiesChanged uid 10069 pid 19196 fg false
12-09 12:30:22.324 I/GameMode_ActivityMonitoringService( 9074): Updating top task to: TaskInfoContainer [topActivity=ComponentInfo{com.android.launcher3/com.android.launcher3.uioverrides.QuickstepLauncher}, taskId=10, stackId=1, userId=0, displayId=0, position=6
12-09 12:30:22.324 I/GameMode_ActivityMonitoringService( 9074): Notifying about top task: TaskInfoContainer [topActivity=ComponentInfo{com.android.launcher3/com.android.launcher3.uioverrides.QuickstepLauncher}, taskId=10, stackId=1, userId=0, displayId=0, position=6
12-09 12:30:22.324 E/GameMode_ActivityMonitoringService( 9074): onActivityLaunch:com.android.launcher3
12-09 12:30:22.324 V/GameMode_GameTypeUtils( 9074): judge isGame:com.android.launcher3
12-09 12:30:22.324 V/GameMode_GpuUtils( 9074): fps:60
12-09 12:30:22.325 W/InputManager-JNI( 1514): Input channel object '3621f05 com.android.calendar/com.android.calendar.AllInOneActivity (client)' was disposed without first being removed with the input manager!
12-09 12:30:22.326 W/UiDevice(18567): Skipping null root node for window: AccessibilityWindowInfo[title=日历, displayId=0, id=155, type=TYPE_APPLICATION, layer=1, region=SkRegion((0,72,418,814)), bounds=Rect(0, 72 - 418, 814), focused=true, active=true, pictureInPicture=false, hasParent=false, isAnchored=false, hasChildren=false]
12-09 12:30:22.329 D/GameMode_GameModeActionUtils( 9074): Show GameMode entry by service!
12-09 12:30:22.330 W/ContextImpl( 9074): Calling a method in the system process without a qualified user: android.app.ContextImpl.startService:1816 android.content.ContextWrapper.startService:774 com.thundercomm.gamemode.ingame.services.GameModeActionUtils.startGameModeService:99 com.thundercomm.gamemode.ingame.services.GameModeActionUtils.startGameModeEntry:22 com.thundercomm.gamemode.ingame.services.ActivityMonitoringService$1.onActivityLaunch:127
12-09 12:30:22.332 D/GameMode_GameModeService( 9074): type=hide_entry
12-09 12:30:22.332 D/GameModeIF_GameModeSettings( 9074): getUriFor setting_content_uri_root = content://com.thundercomm.gamemode.api/gamemode_settings , name = gamemode_isgaming
12-09 12:30:22.335 W/ActivityTaskManager( 1514): getTaskSnapshot: taskId=167 not found
12-09 12:30:22.338 D/GameMode_GameSettingsObserver( 9074): Game Data change!!!! uri = content://com.thundercomm.gamemode.api/gamemode_settings/gamemode_isgaming
12-09 12:30:22.338 D/GameModeIF_GameModeSettings( 9074): getUriFor setting_content_uri_root = content://com.thundercomm.gamemode.api/gamemode_settings , name = gamemode_isgaming
12-09 12:30:22.339 I/GameModeConfig( 1514): Current uri is uri = content://com.thundercomm.gamemode.api/gamemode_settings/gamemode_isgaming
12-09 12:30:22.339 D/GameModeIF_GameModeSettings( 1514): getUriFor setting_content_uri_root = content://com.thundercomm.gamemode.api/gamemode_settings , name = gamemode_isgaming
12-09 12:30:22.344 I/GameModeConfig( 1514): isGameModeOn = false
12-09 12:30:22.344 I/GameModeConfig( 1514): isGameModeOn = false
12-09 12:30:22.344 I/GameModeConfig( 1514): isDisableVoice = true
12-09 12:30:22.345 D/GameMode_GameModeService( 9074): updateGlobalSettings = gamemode_isgaming
12-09 12:30:22.345 D/GameModeIF_GameModeSettings( 9074): gamemode_isgaming set to 0
12-09 12:30:22.347 D/libEGL ( 1514): MSAA-->msaa:0 gamemode:0 4x_msaa:0
12-09 12:30:22.348 D/libEGL ( 1514): MSAA-->msaa:0 gamemode:0 4x_msaa:0
12-09 12:30:22.349 D/libEGL ( 1514): MSAA-->msaa:0 gamemode:0 4x_msaa:0
12-09 12:30:22.359 D/BaseIconFactory( 2834): normalizeAndWrapToAdaptiveIcon: scale=0.8095241
12-09 12:30:22.360 W/ActivityTaskManager( 1514): getTaskSnapshot: taskId=5168 not found
12-09 12:30:22.363 D/BaseIconFactory( 2834): normalizeAndWrapToAdaptiveIcon: scale=0.8095241
12-09 12:30:22.364 W/ActivityTaskManager( 1514): getTaskSnapshot: taskId=4168 not found
12-09 12:30:22.365 D/BaseIconFactory( 2834): normalizeAndWrapToAdaptiveIcon: scale=0.8095241
12-09 12:30:22.365 W/ActivityTaskManager( 1514): getTaskSnapshot: taskId=3168 not found
12-09 12:30:22.366 D/BaseIconFactory( 2834): normalizeAndWrapToAdaptiveIcon: scale=0.8095241
12-09 12:30:22.367 W/ActivityTaskManager( 1514): getTaskSnapshot: taskId=2168 not found
12-09 12:30:22.367 D/BaseIconFactory( 2834): normalizeAndWrapToAdaptiveIcon: scale=0.8095241
12-09 12:30:22.369 W/ActivityTaskManager( 1514): getTaskSnapshot: taskId=1168 not found
12-09 12:30:22.370 D/BaseIconFactory( 2834): normalizeAndWrapToAdaptiveIcon: scale=0.8095241
12-09 12:30:22.373 W/ActivityTaskManager( 1514): getTaskSnapshot: taskId=5168 not found
12-09 12:30:22.374 W/ActivityTaskManager( 1514): getTaskSnapshot: taskId=4168 not found
12-09 12:30:22.374 W/ActivityTaskManager( 1514): getTaskSnapshot: taskId=3168 not found
12-09 12:30:22.374 W/ActivityTaskManager( 1514): getTaskSnapshot: taskId=2168 not found
12-09 12:30:22.374 W/ActivityTaskManager( 1514): getTaskSnapshot: taskId=1168 not found
12-09 12:30:22.391 D/UIAutomatorStub(18567): URI: /jsonrpc/0, Method: POST, params, {NanoHttpd.QUERY_STRING=null}, files: {postData={"jsonrpc": "2.0", "id": "022b108b5e6af20c47a4edadea8ffd98", "method": "objInfo", "params": [{"mask": 2097153, "childOrSibling": [], "childOrSiblingSelector": [], "resourceId": "com.android.launcher3:id/name_tv", "text": "\u65e5\u5386"}]}}
12-09 12:30:22.392 W/QueryController(18567): Could not detect idle state.
12-09 12:30:22.394 I/GameMode_ActivityMonitoringService( 9074): onTaskStackChanged
12-09 12:30:22.396 I/GameMode_ActivityMonitoringService( 9074): Updating top task to: TaskInfoContainer [topActivity=ComponentInfo{com.android.launcher3/com.android.launcher3.uioverrides.QuickstepLauncher}, taskId=10, stackId=1, userId=0, displayId=0, position=6
12-09 12:30:22.397 I/GameMode_ActivityMonitoringService( 9074): Notifying about top task: TaskInfoContainer [topActivity=ComponentInfo{com.android.launcher3/com.android.launcher3.uioverrides.QuickstepLauncher}, taskId=10, stackId=1, userId=0, displayId=0, position=6
12-09 12:30:22.397 E/GameMode_ActivityMonitoringService( 9074): onActivityLaunch:com.android.launcher3
12-09 12:30:22.397 V/GameMode_GameTypeUtils( 9074): judge isGame:com.android.launcher3
12-09 12:30:22.397 V/GameMode_GpuUtils( 9074): fps:60
12-09 12:30:22.400 D/GameMode_GameModeActionUtils( 9074): Show GameMode entry by service!
12-09 12:30:22.400 W/ContextImpl( 9074): Calling a method in the system process without a qualified user: android.app.ContextImpl.startService:1816 android.content.ContextWrapper.startService:774 com.thundercomm.gamemode.ingame.services.GameModeActionUtils.startGameModeService:99 com.thundercomm.gamemode.ingame.services.GameModeActionUtils.startGameModeEntry:22 com.thundercomm.gamemode.ingame.services.ActivityMonitoringService$1.onActivityLaunch:127
12-09 12:30:22.402 D/GameModeIF_GameModeSettings( 9074): getUriFor setting_content_uri_root = content://com.thundercomm.gamemode.api/gamemode_settings , name = gamemode_isgaming
12-09 12:30:22.402 D/GameMode_GameModeService( 9074): type=hide_entry
12-09 12:30:22.404 I/GameModeConfig( 1514): Current uri is uri = content://com.thundercomm.gamemode.api/gamemode_settings/gamemode_isgaming
12-09 12:30:22.404 D/GameModeIF_GameModeSettings( 1514): getUriFor setting_content_uri_root = content://com.thundercomm.gamemode.api/gamemode_settings , name = gamemode_isgaming
12-09 12:30:22.404 D/GameMode_GameSettingsObserver( 9074): Game Data change!!!! uri = content://com.thundercomm.gamemode.api/gamemode_settings/gamemode_isgaming
12-09 12:30:22.405 D/GameModeIF_GameModeSettings( 9074): gamemode_isgaming set to 0
12-09 12:30:22.407 D/GameModeIF_GameModeSettings( 9074): getUriFor setting_content_uri_root = content://com.thundercomm.gamemode.api/gamemode_settings , name = gamemode_isgaming
12-09 12:30:22.408 I/GameModeConfig( 1514): isGameModeOn = false
12-09 12:30:22.408 I/GameModeConfig( 1514): isGameModeOn = false
12-09 12:30:22.408 I/GameModeConfig( 1514): isDisableVoice = true
12-09 12:30:22.411 D/GameMode_GameModeService( 9074): updateGlobalSettings = gamemode_isgaming
12-09 12:30:22.425 W/QueryController(18567): Could not detect idle state.
12-09 12:30:22.436 W/QueryController(18567): Could not detect idle state.
12-09 12:30:22.437 W/QueryController(18567): Could not detect idle state.
12-09 12:30:22.438 W/QueryController(18567): Could not detect idle state.
12-09 12:30:22.452 W/QueryController(18567): Could not detect idle state.
12-09 12:30:22.453 W/QueryController(18567): Could not detect idle state.
12-09 12:30:22.454 W/QueryController(18567): Could not detect idle state.
12-09 12:30:22.455 W/QueryController(18567): Could not detect idle state.
12-09 12:30:22.467 W/QueryController(18567): Could not detect idle state.
12-09 12:30:22.468 W/QueryController(18567): Could not detect idle state.
12-09 12:30:22.470 W/QueryController(18567): Could not detect idle state.
12-09 12:30:22.470 W/QueryController(18567): Could not detect idle state.
12-09 12:30:22.471 W/QueryController(18567): Could not detect idle state.
12-09 12:30:22.472 W/QueryController(18567): Could not detect idle state.
12-09 12:30:22.483 W/QueryController(18567): Could not detect idle state.
12-09 12:30:22.488 W/QueryController(18567): Could not detect idle state.
12-09 12:30:22.500 W/QueryController(18567): Could not detect idle state.
12-09 12:30:22.552 D/UIAutomatorStub(18567): URI: /jsonrpc/0, Method: POST, params, {NanoHttpd.QUERY_STRING=null}, files: {postData={"jsonrpc": "2.0", "id": "a4cc06f40699a99111164fc608c3f813", "method": "click", "params": [206.0, 405.0]}}
12-09 12:30:22.589 D/FreeFormWindowHelper( 1514): Remove freefrom task=Task{eb6d711 #168 type=standard A=10069:android.task.calendar U=0 visible=false mode=freeform translucent=true sz=0}
12-09 12:30:22.696 W/System ( 1514): A resource failed to call close.
12-09 12:30:22.697 W/System ( 1514): A resource failed to call close.
12-09 12:30:22.697 W/System ( 1514): A resource failed to call close.
12-09 12:30:22.698 W/System ( 1514): A resource failed to call close.
12-09 12:30:22.698 W/System ( 1514): A resource failed to call close.
12-09 12:30:22.698 W/System ( 1514): A resource failed to call close.
12-09 12:30:22.699 W/System ( 1514): A resource failed to call close.
12-09 12:30:22.699 W/System ( 1514): A resource failed to call close.
12-09 12:30:22.699 W/System ( 1514): A resource failed to call close.
12-09 12:30:22.699 W/System ( 1514): A resource failed to call close.
12-09 12:30:22.700 W/System ( 1514): A resource failed to call close.
12-09 12:30:22.700 W/System ( 1514): A resource failed to call close.
12-09 12:30:22.700 W/System ( 1514): A resource failed to call close.
12-09 12:30:22.700 W/System ( 1514): A resource failed to call close.
12-09 12:30:22.700 W/System ( 1514): A resource failed to call close.
12-09 12:30:22.701 W/System ( 1514): A resource failed to call close.
12-09 12:30:22.701 W/System ( 1514): A resource failed to call close.
12-09 12:30:22.744 D/FreeWindowHelper( 2834): setExitFlag: old=0,new=1
12-09 12:30:22.745 I/ActivityTaskManager( 1514): START u0 {flg=0x10008000 cmp=com.android.calendar/.AllInOneActivity} from uid 10075
12-09 12:30:22.746 I/EventSequenceValidator( 1514): Transition from ACTIVITY_FINISHED to INTENT_STARTED
12-09 12:30:22.747 E/ANDR-PERF-JNI( 1514): com_qualcomm_qtiperformance_native_perf_io_prefetch_start
12-09 12:30:22.748 W/ActivityTaskManager( 1514): Can't find TaskDisplayArea to determine support for multi window. Task id=169 attached=false
12-09 12:30:22.749 D/FreeFormWindowHelper( 1514): Add freeform task=Task{f6e1cc2 #169 type=standard ?? U=0 visible=false mode=freeform translucent=true sz=0}
12-09 12:30:22.751 D/CompatibilityInfo( 1514): mCompatibilityFlags - 4
12-09 12:30:22.751 D/CompatibilityInfo( 1514): applicationDensity - 240
12-09 12:30:22.751 D/CompatibilityInfo( 1514): applicationScale - 1.0
12-09 12:30:22.752 I/ActivityTaskManager( 1514): FOREGROUND_APPLICATION_CHANGED to com.android.calendar.AllInOneActivity
12-09 12:30:22.752 I/ActivityTaskManager( 1514): The Process com.android.calendar Already Exists in BG. So sending its PID: 19196
12-09 12:30:22.752 W/ActivityTaskManager( 1514): Tried to set launchTime (0) < mLastActivityLaunchTime (25827755)
12-09 12:30:22.753 D/CompatibilityInfo( 1514): mCompatibilityFlags - 4
12-09 12:30:22.753 D/CompatibilityInfo( 1514): applicationDensity - 240
12-09 12:30:22.753 D/CompatibilityInfo( 1514): applicationScale - 1.0
12-09 12:30:22.757 D/StateManager( 2834): goToState: Normal
12-09 12:30:22.757 E/ANDR-IOP( 865): io prefetch is disabled
12-09 12:30:22.758 D/EditModeHelper( 2834): setHotseatVisibility: 0
12-09 12:30:22.761 I/GameMode_ActivityMonitoringService( 9074): onForegroundActivitiesChanged uid 10069 pid 19196 fg true
12-09 12:30:22.764 I/EventSequenceValidator( 1514): Transition from INTENT_STARTED to ACTIVITY_LAUNCHED
12-09 12:30:22.772 I/GameMode_ActivityMonitoringService( 9074): Updating top task to: TaskInfoContainer [topActivity=ComponentInfo{com.android.calendar/com.android.calendar.AllInOneActivity}, taskId=169, stackId=169, userId=0, displayId=0, position=6
12-09 12:30:22.772 I/GameMode_ActivityMonitoringService( 9074): Notifying about top task: TaskInfoContainer [topActivity=ComponentInfo{com.android.calendar/com.android.calendar.AllInOneActivity}, taskId=169, stackId=169, userId=0, displayId=0, position=6
12-09 12:30:22.772 E/GameMode_ActivityMonitoringService( 9074): onActivityLaunch:com.android.calendar
12-09 12:30:22.772 V/GameMode_GameTypeUtils( 9074): judge isGame:com.android.calendar
12-09 12:30:22.772 V/GameMode_GpuUtils( 9074): fps:60
12-09 12:30:22.774 D/GameMode_GameModeActionUtils( 9074): Show GameMode entry by service!
12-09 12:30:22.774 W/ContextImpl( 9074): Calling a method in the system process without a qualified user: android.app.ContextImpl.startService:1816 android.content.ContextWrapper.startService:774 com.thundercomm.gamemode.ingame.services.GameModeActionUtils.startGameModeService:99 com.thundercomm.gamemode.ingame.services.GameModeActionUtils.startGameModeEntry:22 com.thundercomm.gamemode.ingame.services.ActivityMonitoringService$1.onActivityLaunch:127
12-09 12:30:22.776 D/GameMode_GameModeService( 9074): type=hide_entry
12-09 12:30:22.776 D/GameModeIF_GameModeSettings( 9074): getUriFor setting_content_uri_root = content://com.thundercomm.gamemode.api/gamemode_settings , name = gamemode_isgaming
12-09 12:30:22.778 I/GameModeConfig( 1514): Current uri is uri = content://com.thundercomm.gamemode.api/gamemode_settings/gamemode_isgaming
12-09 12:30:22.778 D/GameModeIF_GameModeSettings( 1514): getUriFor setting_content_uri_root = content://com.thundercomm.gamemode.api/gamemode_settings , name = gamemode_isgaming
12-09 12:30:22.778 D/GameMode_GameSettingsObserver( 9074): Game Data change!!!! uri = content://com.thundercomm.gamemode.api/gamemode_settings/gamemode_isgaming
12-09 12:30:22.778 D/GameModeIF_GameModeSettings( 9074): getUriFor setting_content_uri_root = content://com.thundercomm.gamemode.api/gamemode_settings , name = gamemode_isgaming
12-09 12:30:22.779 D/GameModeIF_GameModeSettings( 9074): gamemode_isgaming set to 0
12-09 12:30:22.780 I/GameModeConfig( 1514): isGameModeOn = false
12-09 12:30:22.780 I/GameModeConfig( 1514): isGameModeOn = false
12-09 12:30:22.780 I/GameModeConfig( 1514): isDisableVoice = true
12-09 12:30:22.781 D/GameMode_GameModeService( 9074): updateGlobalSettings = gamemode_isgaming
12-09 12:30:22.783 D/AccountManagerService( 1514): bind attempt failed for Session: expectLaunch true, connected false, stats (0/0/0), lifetime 0.0, addAccount, accountType com.google, requiredFeatures null
12-09 12:30:22.792 D/FreeWindowHelper( 2834): enterOrExitRecentTasks: isEnterRecentTasks=false,mExitFlag=1
12-09 12:30:22.792 W/FreeFormWindowHelper( 1514): exitRecentTasks type=1
12-09 12:30:22.793 E/PagedView( 2834): validateNewPage: failed to find a page < mMaxScrollX
12-09 12:30:22.794 W/WindowManager( 1514): updateScale0.7996942
12-09 12:30:22.802 W/WindowManager( 1514): updateScale0.7996942
12-09 12:30:22.806 W/WindowManager( 1514): updateScale0.7996942
12-09 12:30:22.807 W/WindowManager( 1514): updateScale0.7996942
12-09 12:30:22.808 I/EventSequenceValidator( 1514): Transition from ACTIVITY_LAUNCHED to ACTIVITY_FINISHED
12-09 12:30:22.814 I/ActivityTaskManager( 1514): Displayed com.android.calendar/.AllInOneActivity: +60ms
12-09 12:30:22.828 I/mpu_uart( 649): [MSG-P:RECV]:No message received in 1000 ms
12-09 12:30:23.010 I/OMX-VENC: venc_dev( 1203): stats: avg. fps 38.66, bitrate 4634712
12-09 12:30:23.094 W/WindowManager( 1514): updateScale0.7996942
12-09 12:30:23.201 I/OMX-VENC: venc_dev( 1203): stats: avg. fps 47.97, bitrate 1803837
12-09 12:30:23.207 E/PagedView( 2834): validateNewPage: failed to find a page < mMaxScrollX
12-09 12:30:23.594 I/mpu_uart( 649): [MSG-P:R]:recv sync frame timeout
12-09 12:30:23.591 W/swapper/3( 0): type=1400 audit(0.0:8301): avc: denied { kill } for capability=5 scontext=u:r:kernel:s0 tcontext=u:r:kernel:s0 tclass=capability permissive=0
12-09 12:30:23.828 I/mpu_uart( 649): [MSG-P:RECV]:No message received in 1000 ms
12-09 12:30:24.012 I/OMX-VENC: venc_dev( 1203): stats: avg. fps 13.97, bitrate 1374051
12-09 12:30:24.212 I/OMX-VENC: venc_dev( 1203): stats: avg. fps 13.86, bitrate 350012
12-09 12:30:24.591 W/swapper/3( 0): type=1400 audit(0.0:8302): avc: denied { kill } for capability=5 scontext=u:r:kernel:s0 tcontext=u:r:kernel:s0 tclass=capability permissive=0
12-09 12:30:24.828 I/mpu_uart( 649): [MSG-P:RECV]:No message received in 1000 ms
12-09 12:30:25.028 I/OMX-VENC: venc_dev( 1203): stats: avg. fps 0.98, bitrate 31006
12-09 12:30:25.228 I/OMX-VENC: venc_dev( 1203): stats: avg. fps 10.82, bitrate 63474
12-09 12:30:25.591 W/swapper/3( 0): type=1400 audit(0.0:8303): avc: denied { kill } for capability=5 scontext=u:r:kernel:s0 tcontext=u:r:kernel:s0 tclass=capability permissive=0
12-09 12:30:25.750 I/hpplay-java( 3295): [main]:IMTask:getIMRoot
12-09 12:30:25.821 I/selfinstaller( 1187): create socket failed: No route to host 113
12-09 12:30:25.828 I/mpu_uart( 649): [MSG-P:RECV]:No message received in 1000 ms
12-09 12:30:25.852 D/ConnectivityService( 1514): Data stall detected with methods: 1
12-09 12:30:25.852 D/NetworkMonitor/104( 2515): isDataStall: result=1, tcp packets received=0, latest tcp fail rate=-1, consecutive dns timeout count=229
12-09 12:30:25.852 D/NetworkMonitor/104( 2515): Suspecting data stall, reevaluate
12-09 12:30:25.854 D/NetworkMonitor/104( 2515): Validation disabled.
12-09 12:30:25.859 D/ConnectivityService( 1514): [104 WIFI] validation passed
12-09 12:30:26.118 I/OMX-VENC: venc_dev( 1203): stats: avg. fps 1.84, bitrate 148393
12-09 12:30:26.314 I/OMX-VENC: venc_dev( 1203): stats: avg. fps 11.05, bitrate 62108
12-09 12:30:26.591 W/swapper/3( 0): type=1400 audit(0.0:8304): avc: denied { kill } for capability=5 scontext=u:r:kernel:s0 tcontext=u:r:kernel:s0 tclass=capability permissive=0
12-09 12:30:26.595 I/mpu_uart( 649): [MSG-P:R]:recv sync frame timeout
12-09 12:30:26.600 E/TaskPersister( 1514): File error accessing recents directory (directory doesn't exist?).
12-09 12:30:26.828 I/mpu_uart( 649): [MSG-P:RECV]:No message received in 1000 ms
12-09 12:30:27.414 I/OMX-VENC: venc_dev( 1203): stats: avg. fps 10.00, bitrate 55394
12-09 12:30:27.591 W/swapper/3( 0): type=1400 audit(0.0:8305): avc: denied { kill } for capability=5 scontext=u:r:kernel:s0 tcontext=u:r:kernel:s0 tclass=capability permissive=0
12-09 12:30:27.829 I/mpu_uart( 649): [MSG-P:RECV]:No message received in 1000 ms
12-09 12:30:28.016 I/OMX-VENC: venc_dev( 1203): stats: avg. fps 1.05, bitrate 41152
12-09 12:30:28.416 I/OMX-VENC: venc_dev( 1203): stats: avg. fps 9.98, bitrate 55161
12-09 12:30:28.591 W/swapper/3( 0): type=1400 audit(0.0:8306): avc: denied { kill } for capability=5 scontext=u:r:kernel:s0 tcontext=u:r:kernel:s0 tclass=capability permissive=0
12-09 12:30:28.769 I/hpplay-java( 3295): [main]:AuthSDK:requestQRInfo
12-09 12:30:28.829 I/mpu_uart( 649): [MSG-P:RECV]:No message received in 1000 ms
12-09 12:30:28.832 D/UIAutomatorStub(18567): URI: /jsonrpc/0, Method: POST, params, {NanoHttpd.QUERY_STRING=null}, files: {postData={"jsonrpc": "2.0", "id": "551cee1213585b7bf14cc418263e151d", "method": "waitForExists", "params": [{"mask": 2097152, "childOrSibling": [], "childOrSiblingSelector": [], "resourceId": "android:id/move_window"}, 3000]}}
12-09 12:30:28.836 W/QueryController(18567): Could not detect idle state.
12-09 12:30:28.920 D/UIAutomatorStub(18567): URI: /jsonrpc/0, Method: POST, params, {NanoHttpd.QUERY_STRING=null}, files: {postData={"jsonrpc": "2.0", "id": "33763aeed64252a1c82c04a26c048d27", "method": "objInfo", "params": [{"mask": 2097152, "childOrSibling": [], "childOrSiblingSelector": [], "resourceId": "android:id/move_window"}]}}
12-09 12:30:28.923 W/QueryController(18567): Could not detect idle state.
12-09 12:30:28.939 W/QueryController(18567): Could not detect idle state.
12-09 12:30:28.941 W/QueryController(18567): Could not detect idle state.
12-09 12:30:28.943 W/QueryController(18567): Could not detect idle state.
12-09 12:30:28.945 W/QueryController(18567): Could not detect idle state.
12-09 12:30:28.946 W/QueryController(18567): Could not detect idle state.
12-09 12:30:28.948 W/QueryController(18567): Could not detect idle state.
12-09 12:30:28.950 W/QueryController(18567): Could not detect idle state.
12-09 12:30:28.952 W/QueryController(18567): Could not detect idle state.
12-09 12:30:28.953 W/QueryController(18567): Could not detect idle state.
12-09 12:30:28.955 W/QueryController(18567): Could not detect idle state.
12-09 12:30:28.956 W/QueryController(18567): Could not detect idle state.
12-09 12:30:28.958 W/QueryController(18567): Could not detect idle state.
12-09 12:30:28.959 W/QueryController(18567): Could not detect idle state.
12-09 12:30:28.961 W/QueryController(18567): Could not detect idle state.
12-09 12:30:28.962 W/QueryController(18567): Could not detect idle state.
12-09 12:30:28.964 W/QueryController(18567): Could not detect idle state.
12-09 12:30:28.966 W/QueryController(18567): Could not detect idle state.
12-09 12:30:29.019 I/OMX-VENC: venc_dev( 1203): stats: avg. fps 1.00, bitrate 48039
12-09 12:30:29.024 D/UIAutomatorStub(18567): URI: /jsonrpc/0, Method: POST, params, {NanoHttpd.QUERY_STRING=null}, files: {postData={"jsonrpc": "2.0", "id": "38b28338b54e1cab3a433cfc4fe42195", "method": "click", "params": [261.5, 99.0]}}
12-09 12:30:29.449 I/OMX-VENC: venc_dev( 1203): stats: avg. fps 18.40, bitrate 101532
12-09 12:30:29.591 W/swapper/3( 0): type=1400 audit(0.0:8307): avc: denied { kill } for capability=5 scontext=u:r:kernel:s0 tcontext=u:r:kernel:s0 tclass=capability permissive=0
12-09 12:30:29.599 I/mpu_uart( 649): [MSG-P:R]:recv sync frame timeout
12-09 12:30:29.829 I/mpu_uart( 649): [MSG-P:RECV]:No message received in 1000 ms
12-09 12:30:30.025 I/OMX-VENC: venc_dev( 1203): stats: avg. fps 13.92, bitrate 631298
12-09 12:30:30.244 D/UIAutomatorStub(18567): URI: /jsonrpc/0, Method: POST, params, {NanoHttpd.QUERY_STRING=null}, files: {postData={"jsonrpc": "2.0", "id": "53d528a6b7fc97be96859d310383adb8", "method": "exist", "params": [{"mask": 2097152, "childOrSibling": [], "childOrSiblingSelector": [], "resourceId": "android:id/caption"}]}}
12-09 12:30:30.248 W/QueryController(18567): Could not detect idle state.
12-09 12:30:30.527 I/OMX-VENC: venc_dev( 1203): stats: avg. fps 10.21, bitrate 56410
12-09 12:30:30.591 W/swapper/3( 0): type=1400 audit(0.0:8308): avc: denied { kill } for capability=5 scontext=u:r:kernel:s0 tcontext=u:r:kernel:s0 tclass=capability permissive=0
12-09 12:30:30.829 I/mpu_uart( 649): [MSG-P:RECV]:No message received in 1000 ms
12-09 12:30:31.025 I/OMX-VENC: venc_dev( 1203): stats: avg. fps 2.00, bitrate 75840
12-09 12:30:31.591 W/swapper/3( 0): type=1400 audit(0.0:8309): avc: denied { kill } for capability=5 scontext=u:r:kernel:s0 tcontext=u:r:kernel:s0 tclass=capability permissive=0
12-09 12:30:31.625 I/OMX-VENC: venc_dev( 1203): stats: avg. fps 10.01, bitrate 55353
12-09 12:30:31.830 I/mpu_uart( 649): [MSG-P:RECV]:No message received in 1000 ms
12-09 12:30:32.365 D/ProcessState(19693): Binder ioctl to enable oneway spam detection failed: Invalid argument
12-09 12:30:32.371 D/StateManager( 2834): goToState: Overview
12-09 12:30:32.372 D/EditModeHelper( 2834): setHotseatVisibility: 0
12-09 12:30:32.376 V/ShadeControllerImpl( 2372): NotificationShadeWindow: com.android.systemui.statusbar.phone.NotificationShadeWindowView{7f4383b I.E...... ......ID 0,0-2380,1020} canPanelBeCollapsed(): false
12-09 12:30:32.385 D/UIAutomatorStub(18567): URI: /jsonrpc/0, Method: POST, params, {NanoHttpd.QUERY_STRING=null}, files: {postData={"jsonrpc": "2.0", "id": "6e32b5dfd19a547b5a7bfea56e0cd869", "method": "waitForExists", "params": [{"mask": 2097153, "childOrSibling": [], "childOrSiblingSelector": [], "resourceId": "com.android.launcher3:id/name_tv", "text": "\u65e5\u5386"}, 3000]}}
12-09 12:30:32.388 W/QueryController(18567): Could not detect idle state.
12-09 12:30:32.398 D/FreeWindowHelper( 2834): enterOrExitRecentTasks: isEnterRecentTasks=true,mExitFlag=1
12-09 12:30:32.408 D/ActivityTrigger( 1514): ActivityTrigger activityPauseTrigger
12-09 12:30:32.417 D/FreeWindowContainer( 2834): reloadTask: TaskInfo{userId=0 taskId=169 displayId=0 isRunning=false baseIntent=Intent { flg=0x10008000 cmp=com.android.calendar/.AllInOneActivity } baseActivity=null topActivity=null origActivity=null realActivity=ComponentInfo{com.android.calendar/com.android.calendar.AllInOneActivity} numActivities=0 lastActiveTime=25847486 supportsSplitScreenMultiWindow=true supportsMultiWindow=true resizeMode=1 isResizeable=true token=WCT{android.window.IWindowContainerToken$Stub$Proxy@172f4ca} topActivityType=1 pictureInPictureParams=null displayCutoutSafeInsets=null topActivityInfo=null launchCookies=[] positionInParent=Point(0, 72) parentTaskId=-1 isFocused=false isVisible=true topActivityInSizeCompat=false locusId= null}
12-09 12:30:32.423 I/ActivityTaskManager( 1514): FOREGROUND_APPLICATION_CHANGED to com.android.launcher3.uioverrides.QuickstepLauncher
12-09 12:30:32.446 I/GameMode_ActivityMonitoringService( 9074): onForegroundActivitiesChanged uid 10069 pid 19196 fg false
12-09 12:30:32.448 W/ActivityTaskManager( 1514): getTaskSnapshot: taskId=168 not found
12-09 12:30:32.449 W/ActivityTaskManager( 1514): getTaskSnapshot: taskId=5168 not found
12-09 12:30:32.451 I/GameMode_ActivityMonitoringService( 9074): Updating top task to: TaskInfoContainer [topActivity=ComponentInfo{com.android.launcher3/com.android.launcher3.uioverrides.QuickstepLauncher}, taskId=10, stackId=1, userId=0, displayId=0, position=6
12-09 12:30:32.452 I/GameMode_ActivityMonitoringService( 9074): Notifying about top task: TaskInfoContainer [topActivity=ComponentInfo{com.android.launcher3/com.android.launcher3.uioverrides.QuickstepLauncher}, taskId=10, stackId=1, userId=0, displayId=0, position=6
12-09 12:30:32.452 E/GameMode_ActivityMonitoringService( 9074): onActivityLaunch:com.android.launcher3
12-09 12:30:32.452 V/GameMode_GameTypeUtils( 9074): judge isGame:com.android.launcher3
12-09 12:30:32.452 V/GameMode_GpuUtils( 9074): fps:60
12-09 12:30:32.457 D/GameMode_GameModeActionUtils( 9074): Show GameMode entry by service!
12-09 12:30:32.457 W/ContextImpl( 9074): Calling a method in the system process without a qualified user: android.app.ContextImpl.startService:1816 android.content.ContextWrapper.startService:774 com.thundercomm.gamemode.ingame.services.GameModeActionUtils.startGameModeService:99 com.thundercomm.gamemode.ingame.services.GameModeActionUtils.startGameModeEntry:22 com.thundercomm.gamemode.ingame.services.ActivityMonitoringService$1.onActivityLaunch:127
12-09 12:30:32.459 W/ActivityTaskManager( 1514): getTaskSnapshot: taskId=4168 not found
12-09 12:30:32.459 D/GameMode_GameModeService( 9074): type=hide_entry
12-09 12:30:32.459 W/ActivityTaskManager( 1514): getTaskSnapshot: taskId=3168 not found
12-09 12:30:32.459 D/GameModeIF_GameModeSettings( 9074): getUriFor setting_content_uri_root = content://com.thundercomm.gamemode.api/gamemode_settings , name = gamemode_isgaming
12-09 12:30:32.464 I/GameModeConfig( 1514): Current uri is uri = content://com.thundercomm.gamemode.api/gamemode_settings/gamemode_isgaming
12-09 12:30:32.465 D/BaseIconFactory( 2834): normalizeAndWrapToAdaptiveIcon: scale=0.8095241
12-09 12:30:32.465 D/GameModeIF_GameModeSettings( 1514): getUriFor setting_content_uri_root = content://com.thundercomm.gamemode.api/gamemode_settings , name = gamemode_isgaming
12-09 12:30:32.466 D/GameModeIF_GameModeSettings( 9074): gamemode_isgaming set to 0
12-09 12:30:32.466 W/ActivityTaskManager( 1514): getTaskSnapshot: taskId=5169 not found
12-09 12:30:32.468 D/BaseIconFactory( 2834): normalizeAndWrapToAdaptiveIcon: scale=0.8095241
12-09 12:30:32.469 I/GameModeConfig( 1514): isGameModeOn = false
12-09 12:30:32.469 I/GameModeConfig( 1514): isGameModeOn = false
12-09 12:30:32.469 I/GameModeConfig( 1514): isDisableVoice = true
12-09 12:30:32.469 W/InputManager-JNI( 1514): Input channel object '48f1728 com.android.calendar/com.android.calendar.AllInOneActivity (client)' was disposed without first being removed with the input manager!
12-09 12:30:32.471 D/GameMode_GameSettingsObserver( 9074): Game Data change!!!! uri = content://com.thundercomm.gamemode.api/gamemode_settings/gamemode_isgaming
12-09 12:30:32.472 D/GameModeIF_GameModeSettings( 9074): getUriFor setting_content_uri_root = content://com.thundercomm.gamemode.api/gamemode_settings , name = gamemode_isgaming
12-09 12:30:32.475 D/GameMode_GameModeService( 9074): updateGlobalSettings = gamemode_isgaming
12-09 12:30:32.475 W/ActivityTaskManager( 1514): getTaskSnapshot: taskId=5169 not found
12-09 12:30:32.476 W/ActivityTaskManager( 1514): getTaskSnapshot: taskId=4169 not found
12-09 12:30:32.478 D/BaseIconFactory( 2834): normalizeAndWrapToAdaptiveIcon: scale=0.8095241
