12-09 12:30:52.663 D/GameMode_GameModeActionUtils( 9074): Show GameMode entry by service!
12-09 12:30:52.663 W/ContextImpl( 9074): Calling a method in the system process without a qualified user: android.app.ContextImpl.startService:1816 android.content.ContextWrapper.startService:774 com.thundercomm.gamemode.ingame.services.GameModeActionUtils.startGameModeService:99 com.thundercomm.gamemode.ingame.services.GameModeActionUtils.startGameModeEntry:22 com.thundercomm.gamemode.ingame.services.ActivityMonitoringService$1.onActivityLaunch:127
12-09 12:30:52.663 D/BaseIconFactory( 2834): normalizeAndWrapToAdaptiveIcon: scale=0.8095241
12-09 12:30:52.664 D/GameMode_GameModeService( 9074): type=hide_entry
12-09 12:30:52.664 W/ActivityTaskManager( 1514): getTaskSnapshot: taskId=3171 not found
12-09 12:30:52.664 D/GameModeIF_GameModeSettings( 9074): getUriFor setting_content_uri_root = content://com.thundercomm.gamemode.api/gamemode_settings , name = gamemode_isgaming
12-09 12:30:52.664 W/ActivityTaskManager( 1514): getTaskSnapshot: taskId=2171 not found
12-09 12:30:52.664 W/ActivityTaskManager( 1514): getTaskSnapshot: taskId=1171 not found
12-09 12:30:52.665 W/ActivityTaskManager( 1514): getTaskSnapshot: taskId=5171 not found
12-09 12:30:52.666 W/ActivityTaskManager( 1514): getTaskSnapshot: taskId=4171 not found
12-09 12:30:52.671 D/BaseIconFactory( 2834): normalizeAndWrapToAdaptiveIcon: scale=0.8095241
12-09 12:30:52.672 W/ActivityTaskManager( 1514): getTaskSnapshot: taskId=3171 not found
12-09 12:30:52.673 D/BaseIconFactory( 2834): normalizeAndWrapToAdaptiveIcon: scale=0.8095241
12-09 12:30:52.674 W/ActivityTaskManager( 1514): getTaskSnapshot: taskId=2171 not found
12-09 12:30:52.675 D/BaseIconFactory( 2834): normalizeAndWrapToAdaptiveIcon: scale=0.8095241
12-09 12:30:52.675 W/ActivityTaskManager( 1514): getTaskSnapshot: taskId=1171 not found
12-09 12:30:52.676 D/BaseIconFactory( 2834): normalizeAndWrapToAdaptiveIcon: scale=0.8095241
12-09 12:30:52.679 I/GameModeConfig( 1514): Current uri is uri = content://com.thundercomm.gamemode.api/gamemode_settings/gamemode_isgaming
12-09 12:30:52.679 D/GameMode_GameSettingsObserver( 9074): Game Data change!!!! uri = content://com.thundercomm.gamemode.api/gamemode_settings/gamemode_isgaming
12-09 12:30:52.679 D/GameModeIF_GameModeSettings( 1514): getUriFor setting_content_uri_root = content://com.thundercomm.gamemode.api/gamemode_settings , name = gamemode_isgaming
12-09 12:30:52.679 D/GameModeIF_GameModeSettings( 9074): getUriFor setting_content_uri_root = content://com.thundercomm.gamemode.api/gamemode_settings , name = gamemode_isgaming
12-09 12:30:52.680 D/GameModeIF_GameModeSettings( 9074): gamemode_isgaming set to 0
12-09 12:30:52.681 D/GameMode_GameModeService( 9074): updateGlobalSettings = gamemode_isgaming
12-09 12:30:52.684 W/ActivityTaskManager( 1514): getTaskSnapshot: taskId=2171 not found
12-09 12:30:52.684 W/ActivityTaskManager( 1514): getTaskSnapshot: taskId=1171 not found
12-09 12:30:52.685 I/GameModeConfig( 1514): isGameModeOn = false
12-09 12:30:52.685 I/GameModeConfig( 1514): isGameModeOn = false
12-09 12:30:52.685 I/GameModeConfig( 1514): isDisableVoice = true
12-09 12:30:52.725 D/UIAutomatorStub(18567): URI: /jsonrpc/0, Method: POST, params, {NanoHttpd.QUERY_STRING=null}, files: {postData={"jsonrpc": "2.0", "id": "9f3182afa0142bf73ec02d0b1b0e6865", "method": "objInfo", "params": [{"mask": 2097153, "childOrSibling": [], "childOrSiblingSelector": [], "resourceId": "com.android.launcher3:id/name_tv", "text": "\u65e5\u5386"}]}}
12-09 12:30:52.726 I/GameMode_ActivityMonitoringService( 9074): onTaskStackChanged
12-09 12:30:52.729 D/libEGL ( 1514): MSAA-->msaa:0 gamemode:0 4x_msaa:0
12-09 12:30:52.729 I/GameMode_ActivityMonitoringService( 9074): Updating top task to: TaskInfoContainer [topActivity=ComponentInfo{com.android.launcher3/com.android.launcher3.uioverrides.QuickstepLauncher}, taskId=10, stackId=1, userId=0, displayId=0, position=6
12-09 12:30:52.729 I/GameMode_ActivityMonitoringService( 9074): Notifying about top task: TaskInfoContainer [topActivity=ComponentInfo{com.android.launcher3/com.android.launcher3.uioverrides.QuickstepLauncher}, taskId=10, stackId=1, userId=0, displayId=0, position=6
12-09 12:30:52.729 E/GameMode_ActivityMonitoringService( 9074): onActivityLaunch:com.android.launcher3
12-09 12:30:52.729 V/GameMode_GameTypeUtils( 9074): judge isGame:com.android.launcher3
12-09 12:30:52.729 V/GameMode_GpuUtils( 9074): fps:60
12-09 12:30:52.730 D/libEGL ( 1514): MSAA-->msaa:0 gamemode:0 4x_msaa:0
12-09 12:30:52.730 D/libEGL ( 1514): MSAA-->msaa:0 gamemode:0 4x_msaa:0
12-09 12:30:52.730 W/QueryController(18567): Could not detect idle state.
12-09 12:30:52.731 D/GameMode_GameModeActionUtils( 9074): Show GameMode entry by service!
12-09 12:30:52.731 W/ContextImpl( 9074): Calling a method in the system process without a qualified user: android.app.ContextImpl.startService:1816 android.content.ContextWrapper.startService:774 com.thundercomm.gamemode.ingame.services.GameModeActionUtils.startGameModeService:99 com.thundercomm.gamemode.ingame.services.GameModeActionUtils.startGameModeEntry:22 com.thundercomm.gamemode.ingame.services.ActivityMonitoringService$1.onActivityLaunch:127
12-09 12:30:52.733 D/GameModeIF_GameModeSettings( 9074): getUriFor setting_content_uri_root = content://com.thundercomm.gamemode.api/gamemode_settings , name = gamemode_isgaming
12-09 12:30:52.735 I/GameModeConfig( 1514): Current uri is uri = content://com.thundercomm.gamemode.api/gamemode_settings/gamemode_isgaming
12-09 12:30:52.735 D/GameModeIF_GameModeSettings( 1514): getUriFor setting_content_uri_root = content://com.thundercomm.gamemode.api/gamemode_settings , name = gamemode_isgaming
12-09 12:30:52.735 D/GameMode_GameSettingsObserver( 9074): Game Data change!!!! uri = content://com.thundercomm.gamemode.api/gamemode_settings/gamemode_isgaming
12-09 12:30:52.735 D/GameModeIF_GameModeSettings( 9074): getUriFor setting_content_uri_root = content://com.thundercomm.gamemode.api/gamemode_settings , name = gamemode_isgaming
12-09 12:30:52.735 D/GameModeIF_GameModeSettings( 9074): gamemode_isgaming set to 0
12-09 12:30:52.737 D/GameMode_GameModeService( 9074): type=hide_entry
12-09 12:30:52.737 D/GameMode_GameModeService( 9074): updateGlobalSettings = gamemode_isgaming
12-09 12:30:52.738 I/GameModeConfig( 1514): isGameModeOn = false
12-09 12:30:52.738 I/GameModeConfig( 1514): isGameModeOn = false
12-09 12:30:52.738 I/GameModeConfig( 1514): isDisableVoice = true
12-09 12:30:52.745 I/OpenGLRenderer( 2834): Davey! duration=9223346169066ms; Flags=0, FrameTimelineVsyncId=411937, IntendedVsync=25867788550133, Vsync=25867788550133, InputEventId=0, HandleInputStart=25867788847213, AnimationStart=25867788848515, PerformTraversalsStart=25867799107421, DrawStart=25867799520129, FrameDeadline=25867805216799, FrameInterval=25867788843150, FrameStartTime=16666666, SyncQueued=25867799679973, SyncStart=25867799733879, IssueDrawCommandsStart=25867799913671, SwapBuffers=25867800746484, FrameCompleted=9223372036854775807, DequeueBufferDuration=14948, QueueBufferDuration=431927, GpuCompleted=9223372036854775807, SwapBuffersCompleted=25867801357265, DisplayPresentTime=0,
12-09 12:30:52.759 W/QueryController(18567): Could not detect idle state.
12-09 12:30:52.760 I/OpenGLRenderer( 2834): Davey! duration=9223346169049ms; Flags=0, FrameTimelineVsyncId=411940, IntendedVsync=25867805252527, Vsync=25867805252527, InputEventId=0, HandleInputStart=25867805563463, AnimationStart=25867805565234, PerformTraversalsStart=25867817474765, DrawStart=25867818030390, FrameDeadline=25867838585859, FrameInterval=25867805558723, FrameStartTime=16666666, SyncQueued=25867818212838, SyncStart=25867818269609, IssueDrawCommandsStart=25867818452317, SwapBuffers=25867819240702, FrameCompleted=9223372036854775807, DequeueBufferDuration=14375, QueueBufferDuration=376250, GpuCompleted=9223372036854775807, SwapBuffersCompleted=25867819817577, DisplayPresentTime=0,
12-09 12:30:52.763 W/QueryController(18567): Could not detect idle state.
12-09 12:30:52.774 W/QueryController(18567): Could not detect idle state.
12-09 12:30:52.775 W/QueryController(18567): Could not detect idle state.
12-09 12:30:52.775 W/QueryController(18567): Could not detect idle state.
12-09 12:30:52.776 W/QueryController(18567): Could not detect idle state.
12-09 12:30:52.776 W/QueryController(18567): Could not detect idle state.
12-09 12:30:52.777 W/QueryController(18567): Could not detect idle state.
12-09 12:30:52.778 I/OpenGLRenderer( 2834): Davey! duration=9223346169032ms; Flags=0, FrameTimelineVsyncId=411943, IntendedVsync=25867821961116, Vsync=25867821961116, InputEventId=0, HandleInputStart=25867822909036, AnimationStart=25867822909869, PerformTraversalsStart=25867833401067, DrawStart=25867833781067, FrameDeadline=25867855294448, FrameInterval=25867822906536, FrameStartTime=16666666, SyncQueued=25867833974556, SyncStart=25867834042317, IssueDrawCommandsStart=25867834272161, SwapBuffers=25867834979088, FrameCompleted=9223372036854775807, DequeueBufferDuration=24531, QueueBufferDuration=349115, GpuCompleted=9223372036854775807, SwapBuffersCompleted=25867835488463, DisplayPresentTime=0,
12-09 12:30:52.779 W/QueryController(18567): Could not detect idle state.
12-09 12:30:52.790 W/QueryController(18567): Could not detect idle state.
12-09 12:30:52.791 W/QueryController(18567): Could not detect idle state.
12-09 12:30:52.792 W/QueryController(18567): Could not detect idle state.
12-09 12:30:52.792 W/QueryController(18567): Could not detect idle state.
12-09 12:30:52.793 W/QueryController(18567): Could not detect idle state.
12-09 12:30:52.794 W/QueryController(18567): Could not detect idle state.
12-09 12:30:52.809 W/QueryController(18567): Could not detect idle state.
12-09 12:30:52.810 W/QueryController(18567): Could not detect idle state.
12-09 12:30:52.827 I/OpenGLRenderer( 2834): Davey! duration=9223346168982ms; Flags=0, FrameTimelineVsyncId=411952, IntendedVsync=25867872064839, Vsync=25867872064839, InputEventId=0, HandleInputStart=25867872905911, AnimationStart=25867872906744, PerformTraversalsStart=25867883608671, DrawStart=25867884087577, FrameDeadline=25867905398171, FrameInterval=25867872903359, FrameStartTime=16666666, SyncQueued=25867884294244, SyncStart=25867884355129, IssueDrawCommandsStart=25867884539765, SwapBuffers=25867885188567, FrameCompleted=9223372036854775807, DequeueBufferDuration=13907, QueueBufferDuration=398802, GpuCompleted=9223372036854775807, SwapBuffersCompleted=25867885764036, DisplayPresentTime=0,
12-09 12:30:52.837 I/mpu_uart( 649): [MSG-P:RECV]:No message received in 1000 ms
12-09 12:30:52.866 D/UIAutomatorStub(18567): URI: /jsonrpc/0, Method: POST, params, {NanoHttpd.QUERY_STRING=null}, files: {postData={"jsonrpc": "2.0", "id": "2a7d73625ac9279a4123f36a6fe3ca31", "method": "click", "params": [206.0, 405.0]}}
12-09 12:30:52.928 D/FreeFormWindowHelper( 1514): Remove freefrom task=Task{c7b2e1d #171 type=standard A=10069:android.task.calendar U=0 visible=false mode=freeform translucent=true sz=0}
12-09 12:30:52.941 I/OpenGLRenderer( 2834): Davey! duration=9223346168865ms; Flags=0, FrameTimelineVsyncId=411973, IntendedVsync=25867989004167, Vsync=25867989004167, InputEventId=0, HandleInputStart=25867989296848, AnimationStart=25867989298358, PerformTraversalsStart=25868001654036, DrawStart=25868002131483, FrameDeadline=25868022337499, FrameInterval=25867989293619, FrameStartTime=16666666, SyncQueued=25868002266848, SyncStart=25868002319556, IssueDrawCommandsStart=25868002485598, SwapBuffers=25868003379036, FrameCompleted=9223372036854775807, DequeueBufferDuration=14271, QueueBufferDuration=455000, GpuCompleted=9223372036854775807, SwapBuffersCompleted=25868004208931, DisplayPresentTime=0,
12-09 12:30:52.972 I/OpenGLRenderer( 2834): Davey! duration=9223346168849ms; Flags=0, FrameTimelineVsyncId=411976, IntendedVsync=25868005701656, Vsync=25868005701656, InputEventId=0, HandleInputStart=25868005990233, AnimationStart=25868005991536, PerformTraversalsStart=25868017864556, DrawStart=25868034514348, FrameDeadline=25868039034988, FrameInterval=25868005987473, FrameStartTime=16666666, SyncQueued=25868034687317, SyncStart=25868034747838, IssueDrawCommandsStart=25868034963983, SwapBuffers=25868035618306, FrameCompleted=9223372036854775807, DequeueBufferDuration=14687, QueueBufferDuration=544010, GpuCompleted=9223372036854775807, SwapBuffersCompleted=25868036334296, DisplayPresentTime=0,
12-09 12:30:53.006 W/System ( 1514): A resource failed to call close.
12-09 12:30:53.006 W/System ( 1514): A resource failed to call close.
12-09 12:30:53.007 W/System ( 1514): A resource failed to call close.
12-09 12:30:53.007 W/System ( 1514): A resource failed to call close.
12-09 12:30:53.027 I/OpenGLRenderer( 2834): Davey! duration=9223346168784ms; Flags=0, FrameTimelineVsyncId=411986, IntendedVsync=25868070354377, Vsync=25868070354377, InputEventId=0, HandleInputStart=25868072374921, AnimationStart=25868072375963, PerformTraversalsStart=25868088917213, DrawStart=25868089284400, FrameDeadline=25868108354375, FrameInterval=25868072372890, FrameStartTime=16666666, SyncQueued=25868089413306, SyncStart=25868089469973, IssueDrawCommandsStart=25868089640025, SwapBuffers=25868090275129, FrameCompleted=9223372036854775807, DequeueBufferDuration=11354, QueueBufferDuration=533125, GpuCompleted=9223372036854775807, SwapBuffersCompleted=25868091077577, DisplayPresentTime=0,
12-09 12:30:53.063 D/FreeWindowHelper( 2834): setExitFlag: old=0,new=1
12-09 12:30:53.064 I/ActivityTaskManager( 1514): START u0 {flg=0x10008000 cmp=com.android.calendar/.AllInOneActivity} from uid 10075
12-09 12:30:53.065 I/EventSequenceValidator( 1514): Transition from ACTIVITY_FINISHED to INTENT_STARTED
12-09 12:30:53.067 E/ANDR-PERF-JNI( 1514): com_qualcomm_qtiperformance_native_perf_io_prefetch_start
12-09 12:30:53.067 W/ActivityTaskManager( 1514): Can't find TaskDisplayArea to determine support for multi window. Task id=172 attached=false
12-09 12:30:53.068 D/FreeFormWindowHelper( 1514): Add freeform task=Task{75ce11c #172 type=standard ?? U=0 visible=false mode=freeform translucent=true sz=0}
12-09 12:30:53.070 E/ANDR-IOP( 865): io prefetch is disabled
12-09 12:30:53.072 D/CompatibilityInfo( 1514): mCompatibilityFlags - 4
12-09 12:30:53.072 D/CompatibilityInfo( 1514): applicationDensity - 240
12-09 12:30:53.072 D/CompatibilityInfo( 1514): applicationScale - 1.0
12-09 12:30:53.073 I/ActivityTaskManager( 1514): FOREGROUND_APPLICATION_CHANGED to com.android.calendar.AllInOneActivity
12-09 12:30:53.073 I/ActivityTaskManager( 1514): The Process com.android.calendar Already Exists in BG. So sending its PID: 19196
12-09 12:30:53.074 W/ActivityTaskManager( 1514): Tried to set launchTime (0) < mLastActivityLaunchTime (25858017)
12-09 12:30:53.075 D/CompatibilityInfo( 1514): mCompatibilityFlags - 4
12-09 12:30:53.075 D/CompatibilityInfo( 1514): applicationDensity - 240
12-09 12:30:53.075 D/CompatibilityInfo( 1514): applicationScale - 1.0
12-09 12:30:53.081 D/StateManager( 2834): goToState: Normal
12-09 12:30:53.081 D/EditModeHelper( 2834): setHotseatVisibility: 0
12-09 12:30:53.089 I/EventSequenceValidator( 1514): Transition from INTENT_STARTED to ACTIVITY_LAUNCHED
12-09 12:30:53.097 I/GameMode_ActivityMonitoringService( 9074): onForegroundActivitiesChanged uid 10069 pid 19196 fg true
12-09 12:30:53.100 I/GameMode_ActivityMonitoringService( 9074): Updating top task to: TaskInfoContainer [topActivity=ComponentInfo{com.android.calendar/com.android.calendar.AllInOneActivity}, taskId=172, stackId=172, userId=0, displayId=0, position=6
12-09 12:30:53.100 I/GameMode_ActivityMonitoringService( 9074): Notifying about top task: TaskInfoContainer [topActivity=ComponentInfo{com.android.calendar/com.android.calendar.AllInOneActivity}, taskId=172, stackId=172, userId=0, displayId=0, position=6
12-09 12:30:53.100 E/GameMode_ActivityMonitoringService( 9074): onActivityLaunch:com.android.calendar
12-09 12:30:53.101 V/GameMode_GameTypeUtils( 9074): judge isGame:com.android.calendar
12-09 12:30:53.101 V/GameMode_GpuUtils( 9074): fps:60
12-09 12:30:53.102 D/GameMode_GameModeActionUtils( 9074): Show GameMode entry by service!
12-09 12:30:53.103 W/ContextImpl( 9074): Calling a method in the system process without a qualified user: android.app.ContextImpl.startService:1816 android.content.ContextWrapper.startService:774 com.thundercomm.gamemode.ingame.services.GameModeActionUtils.startGameModeService:99 com.thundercomm.gamemode.ingame.services.GameModeActionUtils.startGameModeEntry:22 com.thundercomm.gamemode.ingame.services.ActivityMonitoringService$1.onActivityLaunch:127
12-09 12:30:53.105 D/GameModeIF_GameModeSettings( 9074): getUriFor setting_content_uri_root = content://com.thundercomm.gamemode.api/gamemode_settings , name = gamemode_isgaming
12-09 12:30:53.105 D/GameMode_GameModeService( 9074): type=hide_entry
12-09 12:30:53.106 I/GameModeConfig( 1514): Current uri is uri = content://com.thundercomm.gamemode.api/gamemode_settings/gamemode_isgaming
12-09 12:30:53.106 D/GameModeIF_GameModeSettings( 1514): getUriFor setting_content_uri_root = content://com.thundercomm.gamemode.api/gamemode_settings , name = gamemode_isgaming
12-09 12:30:53.107 D/GameModeIF_GameModeSettings( 9074): gamemode_isgaming set to 0
12-09 12:30:53.107 D/AccountManagerService( 1514): bind attempt failed for Session: expectLaunch true, connected false, stats (0/0/0), lifetime 0.0, addAccount, accountType com.google, requiredFeatures null
12-09 12:30:53.110 D/GameMode_GameSettingsObserver( 9074): Game Data change!!!! uri = content://com.thundercomm.gamemode.api/gamemode_settings/gamemode_isgaming
12-09 12:30:53.110 D/GameModeIF_GameModeSettings( 9074): getUriFor setting_content_uri_root = content://com.thundercomm.gamemode.api/gamemode_settings , name = gamemode_isgaming
12-09 12:30:53.111 I/OMX-VENC: venc_dev( 1203): stats: avg. fps 27.00, bitrate 2623478
12-09 12:30:53.111 I/GameModeConfig( 1514): isGameModeOn = false
12-09 12:30:53.112 I/GameModeConfig( 1514): isGameModeOn = false
12-09 12:30:53.112 I/GameModeConfig( 1514): isDisableVoice = true
12-09 12:30:53.113 D/GameMode_GameModeService( 9074): updateGlobalSettings = gamemode_isgaming
12-09 12:30:53.116 W/WindowManager( 1514): updateScale0.7996942
12-09 12:30:53.121 D/FreeWindowHelper( 2834): enterOrExitRecentTasks: isEnterRecentTasks=false,mExitFlag=1
12-09 12:30:53.121 W/FreeFormWindowHelper( 1514): exitRecentTasks type=1
12-09 12:30:53.122 E/PagedView( 2834): validateNewPage: failed to find a page < mMaxScrollX
12-09 12:30:53.130 W/WindowManager( 1514): updateScale0.7996942
12-09 12:30:53.132 W/WindowManager( 1514): updateScale0.7996942
12-09 12:30:53.134 W/WindowManager( 1514): updateScale0.7996942
12-09 12:30:53.134 I/EventSequenceValidator( 1514): Transition from ACTIVITY_LAUNCHED to ACTIVITY_FINISHED
12-09 12:30:53.136 I/ActivityTaskManager( 1514): Displayed com.android.calendar/.AllInOneActivity: +67ms
12-09 12:30:53.375 I/OMX-VENC: venc_dev( 1203): stats: avg. fps 42.97, bitrate 1216468
12-09 12:30:53.418 W/WindowManager( 1514): updateScale0.7996942
12-09 12:30:53.544 E/PagedView( 2834): validateNewPage: failed to find a page < mMaxScrollX
12-09 12:30:53.591 W/swapper/0( 0): type=1400 audit(0.0:8328): avc: denied { kill } for capability=5 scontext=u:r:kernel:s0 tcontext=u:r:kernel:s0 tclass=capability permissive=0
12-09 12:30:53.622 I/mpu_uart( 649): [MSG-P:R]:recv sync frame timeout
12-09 12:30:53.838 I/mpu_uart( 649): [MSG-P:RECV]:No message received in 1000 ms
12-09 12:30:54.383 I/OMX-VENC: venc_dev( 1203): stats: avg. fps 19.83, bitrate 619049
12-09 12:30:54.591 W/swapper/0( 0): type=1400 audit(0.0:8329): avc: denied { kill } for capability=5 scontext=u:r:kernel:s0 tcontext=u:r:kernel:s0 tclass=capability permissive=0
12-09 12:30:54.838 I/mpu_uart( 649): [MSG-P:RECV]:No message received in 1000 ms
12-09 12:30:55.081 I/OMX-VENC: venc_dev( 1203): stats: avg. fps 14.21, bitrate 1395271
12-09 12:30:55.481 I/OMX-VENC: venc_dev( 1203): stats: avg. fps 10.02, bitrate 75346
12-09 12:30:55.591 W/swapper/0( 0): type=1400 audit(0.0:8330): avc: denied { kill } for capability=5 scontext=u:r:kernel:s0 tcontext=u:r:kernel:s0 tclass=capability permissive=0
12-09 12:30:55.838 I/mpu_uart( 649): [MSG-P:RECV]:No message received in 1000 ms
12-09 12:30:56.576 I/OMX-VENC: venc_dev( 1203): stats: avg. fps 10.04, bitrate 75814
12-09 12:30:56.591 W/swapper/0( 0): type=1400 audit(0.0:8331): avc: denied { kill } for capability=5 scontext=u:r:kernel:s0 tcontext=u:r:kernel:s0 tclass=capability permissive=0
12-09 12:30:56.626 I/mpu_uart( 649): [MSG-P:R]:recv sync frame timeout
12-09 12:30:56.839 I/mpu_uart( 649): [MSG-P:RECV]:No message received in 1000 ms
12-09 12:30:56.942 E/TaskPersister( 1514): File error accessing recents directory (directory doesn't exist?).
12-09 12:30:57.086 I/OMX-VENC: venc_dev( 1203): stats: avg. fps 1.00, bitrate 87510
12-09 12:30:57.586 I/OMX-VENC: venc_dev( 1203): stats: avg. fps 10.89, bitrate 81106
12-09 12:30:57.591 W/kworker/u16:6(18634): type=1400 audit(0.0:8332): avc: denied { kill } for capability=5 scontext=u:r:kernel:s0 tcontext=u:r:kernel:s0 tclass=capability permissive=0
12-09 12:30:57.839 I/mpu_uart( 649): [MSG-P:RECV]:No message received in 1000 ms
12-09 12:30:58.089 I/OMX-VENC: venc_dev( 1203): stats: avg. fps 1.00, bitrate 49709
12-09 12:30:58.590 I/OMX-VENC: venc_dev( 1203): stats: avg. fps 9.96, bitrate 74474
12-09 12:30:58.591 W/swapper/0( 0): type=1400 audit(0.0:8333): avc: denied { kill } for capability=5 scontext=u:r:kernel:s0 tcontext=u:r:kernel:s0 tclass=capability permissive=0
12-09 12:30:58.839 I/mpu_uart( 649): [MSG-P:RECV]:No message received in 1000 ms
12-09 12:30:59.091 I/OMX-VENC: venc_dev( 1203): stats: avg. fps 1.00, bitrate 49809
12-09 12:30:59.177 D/UIAutomatorStub(18567): URI: /jsonrpc/0, Method: POST, params, {NanoHttpd.QUERY_STRING=null}, files: {postData={"jsonrpc": "2.0", "id": "24435b7738d26ba387c50a5cf4f930da", "method": "waitForExists", "params": [{"mask": 2097152, "childOrSibling": [], "childOrSiblingSelector": [], "resourceId": "android:id/move_window"}, 3000]}}
12-09 12:30:59.182 W/QueryController(18567): Could not detect idle state.
12-09 12:30:59.335 D/UIAutomatorStub(18567): URI: /jsonrpc/0, Method: POST, params, {NanoHttpd.QUERY_STRING=null}, files: {postData={"jsonrpc": "2.0", "id": "879a6c2ba39db6ef477fa9ad13eb77ac", "method": "objInfo", "params": [{"mask": 2097152, "childOrSibling": [], "childOrSiblingSelector": [], "resourceId": "android:id/move_window"}]}}
12-09 12:30:59.338 W/QueryController(18567): Could not detect idle state.
12-09 12:30:59.376 W/QueryController(18567): Could not detect idle state.
12-09 12:30:59.380 W/QueryController(18567): Could not detect idle state.
12-09 12:30:59.381 W/QueryController(18567): Could not detect idle state.
12-09 12:30:59.382 W/QueryController(18567): Could not detect idle state.
12-09 12:30:59.383 W/QueryController(18567): Could not detect idle state.
12-09 12:30:59.384 W/QueryController(18567): Could not detect idle state.
12-09 12:30:59.385 W/QueryController(18567): Could not detect idle state.
12-09 12:30:59.386 W/QueryController(18567): Could not detect idle state.
12-09 12:30:59.386 W/System (18567): A resource failed to call end.
12-09 12:30:59.386 W/QueryController(18567): Could not detect idle state.
12-09 12:30:59.387 W/System (18567): A resource failed to call end.
12-09 12:30:59.387 W/System (18567): A resource failed to call end.
12-09 12:30:59.387 W/System (18567): A resource failed to call end.
12-09 12:30:59.387 W/System (18567): A resource failed to call end.
12-09 12:30:59.387 W/System (18567): A resource failed to call end.
12-09 12:30:59.387 W/System (18567): A resource failed to call end.
12-09 12:30:59.387 W/QueryController(18567): Could not detect idle state.
12-09 12:30:59.387 W/System (18567): A resource failed to call end.
12-09 12:30:59.387 W/System (18567): A resource failed to call end.
12-09 12:30:59.388 W/System (18567): A resource failed to call end.
12-09 12:30:59.388 W/System (18567): A resource failed to call end.
12-09 12:30:59.388 W/System (18567): A resource failed to call end.
12-09 12:30:59.388 W/System (18567): A resource failed to call end.
12-09 12:30:59.388 W/System (18567): A resource failed to call end.
12-09 12:30:59.388 W/QueryController(18567): Could not detect idle state.
12-09 12:30:59.394 W/QueryController(18567): Could not detect idle state.
12-09 12:30:59.394 W/QueryController(18567): Could not detect idle state.
12-09 12:30:59.395 W/QueryController(18567): Could not detect idle state.
12-09 12:30:59.396 W/QueryController(18567): Could not detect idle state.
12-09 12:30:59.397 W/QueryController(18567): Could not detect idle state.
12-09 12:30:59.398 W/QueryController(18567): Could not detect idle state.
12-09 12:30:59.453 D/UIAutomatorStub(18567): URI: /jsonrpc/0, Method: POST, params, {NanoHttpd.QUERY_STRING=null}, files: {postData={"jsonrpc": "2.0", "id": "4ec1837197b1799595ea4db4c70c5644", "method": "click", "params": [261.5, 99.0]}}
12-09 12:30:59.591 W/swapper/0( 0): type=1400 audit(0.0:8334): avc: denied { kill } for capability=5 scontext=u:r:kernel:s0 tcontext=u:r:kernel:s0 tclass=capability permissive=0
12-09 12:30:59.603 I/OMX-VENC: venc_dev( 1203): stats: avg. fps 15.80, bitrate 118584
12-09 12:30:59.629 I/mpu_uart( 649): [MSG-P:R]:recv sync frame timeout
12-09 12:30:59.840 I/mpu_uart( 649): [MSG-P:RECV]:No message received in 1000 ms
12-09 12:31:00.002 D/KeyguardUpdateMonitor( 2372): received broadcast android.intent.action.TIME_TICK
12-09 12:31:00.009 D/KeyguardUpdateMonitor( 2372): handleTimeUpdate
12-09 12:31:00.093 I/OMX-VENC: venc_dev( 1203): stats: avg. fps 16.97, bitrate 860558
12-09 12:31:00.651 D/UIAutomatorStub(18567): URI: /jsonrpc/0, Method: POST, params, {NanoHttpd.QUERY_STRING=null}, files: {postData={"jsonrpc": "2.0", "id": "6279a12ae00b6b885bae95ea788727db", "method": "exist", "params": [{"mask": 2097152, "childOrSibling": [], "childOrSiblingSelector": [], "resourceId": "android:id/caption"}]}}
12-09 12:31:00.654 W/QueryController(18567): Could not detect idle state.
12-09 12:31:00.696 I/OMX-VENC: venc_dev( 1203): stats: avg. fps 16.46, bitrate 123732
12-09 12:31:00.840 I/mpu_uart( 649): [MSG-P:RECV]:No message received in 1000 ms
12-09 12:31:01.098 I/OMX-VENC: venc_dev( 1203): stats: avg. fps 1.99, bitrate 95378
12-09 12:31:01.591 W/swapper/0( 0): type=1400 audit(0.0:8335): avc: denied { kill } for capability=5 scontext=u:r:kernel:s0 tcontext=u:r:kernel:s0 tclass=capability permissive=0
12-09 12:31:01.697 I/OMX-VENC: venc_dev( 1203): stats: avg. fps 9.99, bitrate 74821
12-09 12:31:01.840 I/mpu_uart( 649): [MSG-P:RECV]:No message received in 1000 ms
12-09 12:31:02.100 I/OMX-VENC: venc_dev( 1203): stats: avg. fps 2.00, bitrate 82195
12-09 12:31:02.591 W/swapper/0( 0): type=1400 audit(0.0:8336): avc: denied { kill } for capability=5 scontext=u:r:kernel:s0 tcontext=u:r:kernel:s0 tclass=capability permissive=0
12-09 12:31:02.632 I/mpu_uart( 649): [MSG-P:R]:recv sync frame timeout
12-09 12:31:02.698 I/OMX-VENC: venc_dev( 1203): stats: avg. fps 9.99, bitrate 74801
12-09 12:31:02.761 D/ProcessState(19723): Binder ioctl to enable oneway spam detection failed: Invalid argument
12-09 12:31:02.767 D/StateManager( 2834): goToState: Overview
12-09 12:31:02.767 D/EditModeHelper( 2834): setHotseatVisibility: 0
12-09 12:31:02.770 V/ShadeControllerImpl( 2372): NotificationShadeWindow: com.android.systemui.statusbar.phone.NotificationShadeWindowView{7f4383b I.E...... ......ID 0,0-2380,1020} canPanelBeCollapsed(): false
12-09 12:31:02.776 D/UIAutomatorStub(18567): URI: /jsonrpc/0, Method: POST, params, {NanoHttpd.QUERY_STRING=null}, files: {postData={"jsonrpc": "2.0", "id": "ecdc10118119062113104a5e441cca00", "method": "waitForExists", "params": [{"mask": 2097153, "childOrSibling": [], "childOrSiblingSelector": [], "resourceId": "com.android.launcher3:id/name_tv", "text": "\u65e5\u5386"}, 3000]}}
12-09 12:31:02.778 W/QueryController(18567): Could not detect idle state.
12-09 12:31:02.787 D/FreeWindowHelper( 2834): enterOrExitRecentTasks: isEnterRecentTasks=true,mExitFlag=1
12-09 12:31:02.797 D/ActivityTrigger( 1514): ActivityTrigger activityPauseTrigger
12-09 12:31:02.805 D/FreeWindowContainer( 2834): reloadTask: TaskInfo{userId=0 taskId=172 displayId=0 isRunning=false baseIntent=Intent { flg=0x10008000 cmp=com.android.calendar/.AllInOneActivity } baseActivity=null topActivity=null origActivity=null realActivity=ComponentInfo{com.android.calendar/com.android.calendar.AllInOneActivity} numActivities=0 lastActiveTime=25877876 supportsSplitScreenMultiWindow=true supportsMultiWindow=true resizeMode=1 isResizeable=true token=WCT{android.window.IWindowContainerToken$Stub$Proxy@4a95491} topActivityType=1 pictureInPictureParams=null displayCutoutSafeInsets=null topActivityInfo=null launchCookies=[] positionInParent=Point(0, 72) parentTaskId=-1 isFocused=false isVisible=true topActivityInSizeCompat=false locusId= null}
12-09 12:31:02.812 I/ActivityTaskManager( 1514): FOREGROUND_APPLICATION_CHANGED to com.android.launcher3.uioverrides.QuickstepLauncher
12-09 12:31:02.832 I/GameMode_ActivityMonitoringService( 9074): onForegroundActivitiesChanged uid 10069 pid 19196 fg false
12-09 12:31:02.835 W/InputManager-JNI( 1514): Input channel object 'f473752 com.android.calendar/com.android.calendar.AllInOneActivity (client)' was disposed without first being removed with the input manager!
12-09 12:31:02.839 I/GameMode_ActivityMonitoringService( 9074): Updating top task to: TaskInfoContainer [topActivity=ComponentInfo{com.android.launcher3/com.android.launcher3.uioverrides.QuickstepLauncher}, taskId=10, stackId=1, userId=0, displayId=0, position=6
12-09 12:31:02.839 I/GameMode_ActivityMonitoringService( 9074): Notifying about top task: TaskInfoContainer [topActivity=ComponentInfo{com.android.launcher3/com.android.launcher3.uioverrides.QuickstepLauncher}, taskId=10, stackId=1, userId=0, displayId=0, position=6
12-09 12:31:02.839 E/GameMode_ActivityMonitoringService( 9074): onActivityLaunch:com.android.launcher3
12-09 12:31:02.839 V/GameMode_GameTypeUtils( 9074): judge isGame:com.android.launcher3
12-09 12:31:02.839 V/GameMode_GpuUtils( 9074): fps:60
12-09 12:31:02.841 I/mpu_uart( 649): [MSG-P:RECV]:No message received in 1000 ms
12-09 12:31:02.842 W/ActivityTaskManager( 1514): getTaskSnapshot: taskId=171 not found
12-09 12:31:02.846 W/ActivityTaskManager( 1514): getTaskSnapshot: taskId=5171 not found
12-09 12:31:02.846 W/ActivityTaskManager( 1514): getTaskSnapshot: taskId=4171 not found
12-09 12:31:02.847 W/ActivityTaskManager( 1514): getTaskSnapshot: taskId=3171 not found
12-09 12:31:02.862 D/BaseIconFactory( 2834): normalizeAndWrapToAdaptiveIcon: scale=0.8095241
12-09 12:31:02.864 W/ActivityTaskManager( 1514): getTaskSnapshot: taskId=5172 not found
12-09 12:31:02.864 D/GameMode_GameModeActionUtils( 9074): Show GameMode entry by service!
12-09 12:31:02.864 W/ContextImpl( 9074): Calling a method in the system process without a qualified user: android.app.ContextImpl.startService:1816 android.content.ContextWrapper.startService:774 com.thundercomm.gamemode.ingame.services.GameModeActionUtils.startGameModeService:99 com.thundercomm.gamemode.ingame.services.GameModeActionUtils.startGameModeEntry:22 com.thundercomm.gamemode.ingame.services.ActivityMonitoringService$1.onActivityLaunch:127
12-09 12:31:02.865 D/BaseIconFactory( 2834): normalizeAndWrapToAdaptiveIcon: scale=0.8095241
12-09 12:31:02.866 W/ActivityTaskManager( 1514): getTaskSnapshot: taskId=4172 not found
12-09 12:31:02.867 D/BaseIconFactory( 2834): normalizeAndWrapToAdaptiveIcon: scale=0.8095241
12-09 12:31:02.867 D/GameMode_GameModeService( 9074): type=hide_entry
12-09 12:31:02.867 D/GameModeIF_GameModeSettings( 9074): getUriFor setting_content_uri_root = content://com.thundercomm.gamemode.api/gamemode_settings , name = gamemode_isgaming
12-09 12:31:02.868 W/ActivityTaskManager( 1514): getTaskSnapshot: taskId=3172 not found
12-09 12:31:02.869 D/BaseIconFactory( 2834): normalizeAndWrapToAdaptiveIcon: scale=0.8095241
12-09 12:31:02.870 W/ActivityTaskManager( 1514): getTaskSnapshot: taskId=2172 not found
12-09 12:31:02.871 D/BaseIconFactory( 2834): normalizeAndWrapToAdaptiveIcon: scale=0.8095241
12-09 12:31:02.875 I/GameModeConfig( 1514): Current uri is uri = content://com.thundercomm.gamemode.api/gamemode_settings/gamemode_isgaming
12-09 12:31:02.875 D/GameModeIF_GameModeSettings( 1514): getUriFor setting_content_uri_root = content://com.thundercomm.gamemode.api/gamemode_settings , name = gamemode_isgaming
12-09 12:31:02.875 D/GameModeIF_GameModeSettings( 9074): gamemode_isgaming set to 0
12-09 12:31:02.876 W/ActivityTaskManager( 1514): getTaskSnapshot: taskId=4172 not found
12-09 12:31:02.876 D/GameMode_GameSettingsObserver( 9074): Game Data change!!!! uri = content://com.thundercomm.gamemode.api/gamemode_settings/gamemode_isgaming
12-09 12:31:02.876 W/ActivityTaskManager( 1514): getTaskSnapshot: taskId=3172 not found
12-09 12:31:02.876 D/GameModeIF_GameModeSettings( 9074): getUriFor setting_content_uri_root = content://com.thundercomm.gamemode.api/gamemode_settings , name = gamemode_isgaming
12-09 12:31:02.876 W/ActivityTaskManager( 1514): getTaskSnapshot: taskId=2172 not found
12-09 12:31:02.876 W/ActivityTaskManager( 1514): getTaskSnapshot: taskId=1172 not found
12-09 12:31:02.877 D/BaseIconFactory( 2834): normalizeAndWrapToAdaptiveIcon: scale=0.8095241
12-09 12:31:02.880 D/GameMode_GameModeService( 9074): updateGlobalSettings = gamemode_isgaming
12-09 12:31:02.881 W/System ( 2372): A resource failed to call close.
12-09 12:31:02.881 W/System ( 2372): A resource failed to call close.
12-09 12:31:02.882 W/System ( 2372): A resource failed to call close.
12-09 12:31:02.882 W/System ( 2372): A resource failed to call close.
12-09 12:31:02.882 W/System ( 2372): A resource failed to call close.
12-09 12:31:02.882 W/System ( 2372): A resource failed to call close.
12-09 12:31:02.882 W/System ( 2372): A resource failed to call close.
12-09 12:31:02.882 W/System ( 2372): A resource failed to call close.
12-09 12:31:02.882 W/System ( 2372): A resource failed to call close.
12-09 12:31:02.883 W/System ( 2372): A resource failed to call close.
12-09 12:31:02.883 W/System ( 2372): A resource failed to call close.
12-09 12:31:02.883 W/System ( 2372): A resource failed to call close.
12-09 12:31:02.883 W/System ( 2372): A resource failed to call close.
12-09 12:31:02.888 I/GameModeConfig( 1514): isGameModeOn = false
12-09 12:31:02.888 I/GameModeConfig( 1514): isGameModeOn = false
12-09 12:31:02.888 I/GameModeConfig( 1514): isDisableVoice = true
12-09 12:31:02.914 I/GameMode_ActivityMonitoringService( 9074): onTaskStackChanged
12-09 12:31:02.916 D/UIAutomatorStub(18567): URI: /jsonrpc/0, Method: POST, params, {NanoHttpd.QUERY_STRING=null}, files: {postData={"jsonrpc": "2.0", "id": "7b9e9b5a0cde070da495fa6f42cdcd03", "method": "objInfo", "params": [{"mask": 2097153, "childOrSibling": [], "childOrSiblingSelector": [], "resourceId": "com.android.launcher3:id/name_tv", "text": "\u65e5\u5386"}]}}
12-09 12:31:02.917 D/libEGL ( 1514): MSAA-->msaa:0 gamemode:0 4x_msaa:0
12-09 12:31:02.917 W/QueryController(18567): Could not detect idle state.
12-09 12:31:02.917 D/libEGL ( 1514): MSAA-->msaa:0 gamemode:0 4x_msaa:0
12-09 12:31:02.918 D/libEGL ( 1514): MSAA-->msaa:0 gamemode:0 4x_msaa:0
12-09 12:31:02.920 I/GameMode_ActivityMonitoringService( 9074): Updating top task to: TaskInfoContainer [topActivity=ComponentInfo{com.android.launcher3/com.android.launcher3.uioverrides.QuickstepLauncher}, taskId=10, stackId=1, userId=0, displayId=0, position=6
12-09 12:31:02.920 I/GameMode_ActivityMonitoringService( 9074): Notifying about top task: TaskInfoContainer [topActivity=ComponentInfo{com.android.launcher3/com.android.launcher3.uioverrides.QuickstepLauncher}, taskId=10, stackId=1, userId=0, displayId=0, position=6
12-09 12:31:02.920 E/GameMode_ActivityMonitoringService( 9074): onActivityLaunch:com.android.launcher3
12-09 12:31:02.920 V/GameMode_GameTypeUtils( 9074): judge isGame:com.android.launcher3
12-09 12:31:02.921 V/GameMode_GpuUtils( 9074): fps:60
12-09 12:31:02.926 D/GameMode_GameModeActionUtils( 9074): Show GameMode entry by service!
12-09 12:31:02.926 W/ContextImpl( 9074): Calling a method in the system process without a qualified user: android.app.ContextImpl.startService:1816 android.content.ContextWrapper.startService:774 com.thundercomm.gamemode.ingame.services.GameModeActionUtils.startGameModeService:99 com.thundercomm.gamemode.ingame.services.GameModeActionUtils.startGameModeEntry:22 com.thundercomm.gamemode.ingame.services.ActivityMonitoringService$1.onActivityLaunch:127
12-09 12:31:02.928 D/GameMode_GameModeService( 9074): type=hide_entry
12-09 12:31:02.928 D/GameModeIF_GameModeSettings( 9074): getUriFor setting_content_uri_root = content://com.thundercomm.gamemode.api/gamemode_settings , name = gamemode_isgaming
12-09 12:31:02.936 W/QueryController(18567): Could not detect idle state.
12-09 12:31:02.936 I/GameModeConfig( 1514): Current uri is uri = content://com.thundercomm.gamemode.api/gamemode_settings/gamemode_isgaming
12-09 12:31:02.936 D/GameModeIF_GameModeSettings( 1514): getUriFor setting_content_uri_root = content://com.thundercomm.gamemode.api/gamemode_settings , name = gamemode_isgaming
12-09 12:31:02.936 D/GameMode_GameSettingsObserver( 9074): Game Data change!!!! uri = content://com.thundercomm.gamemode.api/gamemode_settings/gamemode_isgaming
12-09 12:31:02.936 D/GameModeIF_GameModeSettings( 9074): getUriFor setting_content_uri_root = content://com.thundercomm.gamemode.api/gamemode_settings , name = gamemode_isgaming
12-09 12:31:02.937 D/GameModeIF_GameModeSettings( 9074): gamemode_isgaming set to 0
12-09 12:31:02.938 I/GameModeConfig( 1514): isGameModeOn = false
12-09 12:31:02.938 I/GameModeConfig( 1514): isGameModeOn = false
12-09 12:31:02.938 I/GameModeConfig( 1514): isDisableVoice = true
12-09 12:31:02.939 D/GameMode_GameModeService( 9074): updateGlobalSettings = gamemode_isgaming
12-09 12:31:02.948 W/QueryController(18567): Could not detect idle state.
12-09 12:31:02.948 W/QueryController(18567): Could not detect idle state.
12-09 12:31:02.949 W/QueryController(18567): Could not detect idle state.
12-09 12:31:02.950 W/QueryController(18567): Could not detect idle state.
12-09 12:31:02.950 W/QueryController(18567): Could not detect idle state.
12-09 12:31:02.951 W/QueryController(18567): Could not detect idle state.
12-09 12:31:02.952 W/QueryController(18567): Could not detect idle state.
12-09 12:31:02.955 W/QueryController(18567): Could not detect idle state.
12-09 12:31:02.964 W/QueryController(18567): Could not detect idle state.
12-09 12:31:02.965 W/QueryController(18567): Could not detect idle state.
12-09 12:31:02.965 W/QueryController(18567): Could not detect idle state.
12-09 12:31:02.966 W/QueryController(18567): Could not detect idle state.
12-09 12:31:02.967 W/QueryController(18567): Could not detect idle state.
12-09 12:31:02.968 W/QueryController(18567): Could not detect idle state.
12-09 12:31:02.982 W/QueryController(18567): Could not detect idle state.
12-09 12:31:02.987 W/QueryController(18567): Could not detect idle state.
12-09 12:31:03.050 D/UIAutomatorStub(18567): URI: /jsonrpc/0, Method: POST, params, {NanoHttpd.QUERY_STRING=null}, files: {postData={"jsonrpc": "2.0", "id": "61d7cbb136040860429a6203f235551e", "method": "click", "params": [206.0, 405.0]}}
12-09 12:31:03.103 D/FreeFormWindowHelper( 1514): Remove freefrom task=Task{75ce11c #172 type=standard A=10069:android.task.calendar U=0 visible=false mode=freeform translucent=true sz=0}
12-09 12:31:03.109 I/OMX-VENC: venc_dev( 1203): stats: avg. fps 15.85, bitrate 2410709
12-09 12:31:03.222 W/System ( 1514): A resource failed to call close.
12-09 12:31:03.223 W/System ( 1514): A resource failed to call close.
12-09 12:31:03.224 W/System ( 1514): A resource failed to call close.
12-09 12:31:03.224 W/System ( 1514): A resource failed to call close.
12-09 12:31:03.242 D/FreeWindowHelper( 2834): setExitFlag: old=0,new=1
12-09 12:31:03.243 I/ActivityTaskManager( 1514): START u0 {flg=0x10008000 cmp=com.android.calendar/.AllInOneActivity} from uid 10075
12-09 12:31:03.243 I/EventSequenceValidator( 1514): Transition from ACTIVITY_FINISHED to INTENT_STARTED
12-09 12:31:03.244 E/ANDR-PERF-JNI( 1514): com_qualcomm_qtiperformance_native_perf_io_prefetch_start
12-09 12:31:03.245 W/ActivityTaskManager( 1514): Can't find TaskDisplayArea to determine support for multi window. Task id=173 attached=false
12-09 12:31:03.246 D/FreeFormWindowHelper( 1514): Add freeform task=Task{15c8f1 #173 type=standard ?? U=0 visible=false mode=freeform translucent=true sz=0}
12-09 12:31:03.250 D/CompatibilityInfo( 1514): mCompatibilityFlags - 4
12-09 12:31:03.250 D/CompatibilityInfo( 1514): applicationDensity - 240
12-09 12:31:03.250 D/CompatibilityInfo( 1514): applicationScale - 1.0
12-09 12:31:03.250 I/ActivityTaskManager( 1514): FOREGROUND_APPLICATION_CHANGED to com.android.calendar.AllInOneActivity
12-09 12:31:03.250 I/ActivityTaskManager( 1514): The Process com.android.calendar Already Exists in BG. So sending its PID: 19196
12-09 12:31:03.251 E/ANDR-IOP( 865): io prefetch is disabled
12-09 12:31:03.251 W/ActivityTaskManager( 1514): Tried to set launchTime (0) < mLastActivityLaunchTime (25868152)
12-09 12:31:03.252 D/CompatibilityInfo( 1514): mCompatibilityFlags - 4
12-09 12:31:03.252 D/CompatibilityInfo( 1514): applicationDensity - 240
12-09 12:31:03.252 D/CompatibilityInfo( 1514): applicationScale - 1.0
12-09 12:31:03.256 D/StateManager( 2834): goToState: Normal
12-09 12:31:03.257 D/EditModeHelper( 2834): setHotseatVisibility: 0
12-09 12:31:03.257 I/GameMode_ActivityMonitoringService( 9074): onForegroundActivitiesChanged uid 10069 pid 19196 fg true
12-09 12:31:03.260 I/EventSequenceValidator( 1514): Transition from INTENT_STARTED to ACTIVITY_LAUNCHED
12-09 12:31:03.263 I/GameMode_ActivityMonitoringService( 9074): Updating top task to: TaskInfoContainer [topActivity=ComponentInfo{com.android.calendar/com.android.calendar.AllInOneActivity}, taskId=173, stackId=173, userId=0, displayId=0, position=6
12-09 12:31:03.263 I/GameMode_ActivityMonitoringService( 9074): Notifying about top task: TaskInfoContainer [topActivity=ComponentInfo{com.android.calendar/com.android.calendar.AllInOneActivity}, taskId=173, stackId=173, userId=0, displayId=0, position=6
12-09 12:31:03.263 E/GameMode_ActivityMonitoringService( 9074): onActivityLaunch:com.android.calendar
12-09 12:31:03.263 V/GameMode_GameTypeUtils( 9074): judge isGame:com.android.calendar
12-09 12:31:03.263 V/GameMode_GpuUtils( 9074): fps:60
12-09 12:31:03.268 D/GameMode_GameModeActionUtils( 9074): Show GameMode entry by service!
12-09 12:31:03.269 W/ContextImpl( 9074): Calling a method in the system process without a qualified user: android.app.ContextImpl.startService:1816 android.content.ContextWrapper.startService:774 com.thundercomm.gamemode.ingame.services.GameModeActionUtils.startGameModeService:99 com.thundercomm.gamemode.ingame.services.GameModeActionUtils.startGameModeEntry:22 com.thundercomm.gamemode.ingame.services.ActivityMonitoringService$1.onActivityLaunch:127
12-09 12:31:03.273 D/GameMode_GameModeService( 9074): type=hide_entry
12-09 12:31:03.273 D/GameModeIF_GameModeSettings( 9074): getUriFor setting_content_uri_root = content://com.thundercomm.gamemode.api/gamemode_settings , name = gamemode_isgaming
12-09 12:31:03.275 D/GameModeIF_GameModeSettings( 9074): gamemode_isgaming set to 0
12-09 12:31:03.275 I/GameModeConfig( 1514): Current uri is uri = content://com.thundercomm.gamemode.api/gamemode_settings/gamemode_isgaming
12-09 12:31:03.275 D/GameModeIF_GameModeSettings( 1514): getUriFor setting_content_uri_root = content://com.thundercomm.gamemode.api/gamemode_settings , name = gamemode_isgaming
12-09 12:31:03.275 D/GameMode_GameSettingsObserver( 9074): Game Data change!!!! uri = content://com.thundercomm.gamemode.api/gamemode_settings/gamemode_isgaming
12-09 12:31:03.275 D/GameModeIF_GameModeSettings( 9074): getUriFor setting_content_uri_root = content://com.thundercomm.gamemode.api/gamemode_settings , name = gamemode_isgaming
12-09 12:31:03.277 I/GameModeConfig( 1514): isGameModeOn = false
12-09 12:31:03.277 I/GameModeConfig( 1514): isGameModeOn = false
12-09 12:31:03.277 I/GameModeConfig( 1514): isDisableVoice = true
12-09 12:31:03.279 D/GameMode_GameModeService( 9074): updateGlobalSettings = gamemode_isgaming
12-09 12:31:03.287 D/FreeWindowHelper( 2834): enterOrExitRecentTasks: isEnterRecentTasks=false,mExitFlag=1
12-09 12:31:03.287 W/FreeFormWindowHelper( 1514): exitRecentTasks type=1
12-09 12:31:03.288 E/PagedView( 2834): validateNewPage: failed to find a page < mMaxScrollX
12-09 12:31:03.293 W/WindowManager( 1514): updateScale0.7996942
12-09 12:31:03.309 W/WindowManager( 1514): updateScale0.7996942
12-09 12:31:03.309 D/AccountManagerService( 1514): bind attempt failed for Session: expectLaunch true, connected false, stats (0/0/0), lifetime 0.0, addAccount, accountType com.google, requiredFeatures null
12-09 12:31:03.314 W/WindowManager( 1514): updateScale0.7996942
12-09 12:31:03.315 W/WindowManager( 1514): updateScale0.7996942
12-09 12:31:03.316 I/EventSequenceValidator( 1514): Transition from ACTIVITY_LAUNCHED to ACTIVITY_FINISHED
12-09 12:31:03.321 I/ActivityTaskManager( 1514): Displayed com.android.calendar/.AllInOneActivity: +70ms
12-09 12:31:03.592 W/WindowManager( 1514): updateScale0.7996942
12-09 12:31:03.591 W/swapper/0( 0): type=1400 audit(0.0:8337): avc: denied { kill } for capability=5 scontext=u:r:kernel:s0 tcontext=u:r:kernel:s0 tclass=capability permissive=0
12-09 12:31:03.700 I/OMX-VENC: venc_dev( 1203): stats: avg. fps 48.90, bitrate 1760874
12-09 12:31:03.704 E/PagedView( 2834): validateNewPage: failed to find a page < mMaxScrollX
12-09 12:31:03.841 I/mpu_uart( 649): [MSG-P:RECV]:No message received in 1000 ms
12-09 12:31:04.591 W/swapper/0( 0): type=1400 audit(0.0:8338): avc: denied { kill } for capability=5 scontext=u:r:kernel:s0 tcontext=u:r:kernel:s0 tclass=capability permissive=0
12-09 12:31:04.706 I/OMX-VENC: venc_dev( 1203): stats: avg. fps 14.91, bitrate 366109
12-09 12:31:04.842 I/mpu_uart( 649): [MSG-P:RECV]:No message received in 1000 ms
12-09 12:31:05.124 I/OMX-VENC: venc_dev( 1203): stats: avg. fps 19.36, bitrate 1950415
12-09 12:31:05.591 W/swapper/0( 0): type=1400 audit(0.0:8339): avc: denied { kill } for capability=5 scontext=u:r:kernel:s0 tcontext=u:r:kernel:s0 tclass=capability permissive=0
12-09 12:31:05.636 I/mpu_uart( 649): [MSG-P:R]:recv sync frame timeout
12-09 12:31:05.726 I/OMX-VENC: venc_dev( 1203): stats: avg. fps 10.79, bitrate 91765
12-09 12:31:05.842 I/mpu_uart( 649): [MSG-P:RECV]:No message received in 1000 ms
12-09 12:31:06.126 I/OMX-VENC: venc_dev( 1203): stats: avg. fps 1.00, bitrate 105551
12-09 12:31:06.591 W/swapper/0( 0): type=1400 audit(0.0:8340): avc: denied { kill } for capability=5 scontext=u:r:kernel:s0 tcontext=u:r:kernel:s0 tclass=capability permissive=0
12-09 12:31:06.727 I/OMX-VENC: venc_dev( 1203): stats: avg. fps 9.99, bitrate 85530
12-09 12:31:06.843 I/mpu_uart( 649): [MSG-P:RECV]:No message received in 1000 ms
12-09 12:31:07.120 E/TaskPersister( 1514): File error accessing recents directory (directory doesn't exist?).
12-09 12:31:07.128 I/OMX-VENC: venc_dev( 1203): stats: avg. fps 1.00, bitrate 79621
12-09 12:31:07.729 I/OMX-VENC: venc_dev( 1203): stats: avg. fps 9.98, bitrate 85302
12-09 12:31:07.843 I/mpu_uart( 649): [MSG-P:RECV]:No message received in 1000 ms
12-09 12:31:08.130 I/OMX-VENC: venc_dev( 1203): stats: avg. fps 1.00, bitrate 48436
12-09 12:31:08.591 W/swapper/0( 0): type=1400 audit(0.0:8341): avc: denied { kill } for capability=5 scontext=u:r:kernel:s0 tcontext=u:r:kernel:s0 tclass=capability permissive=0
12-09 12:31:08.639 I/mpu_uart( 649): [MSG-P:R]:recv sync frame timeout
12-09 12:31:08.799 I/OMX-VENC: venc_dev( 1203): stats: avg. fps 10.28, bitrate 87800
12-09 12:31:08.843 I/mpu_uart( 649): [MSG-P:RECV]:No message received in 1000 ms
12-09 12:31:09.135 I/OMX-VENC: venc_dev( 1203): stats: avg. fps 1.99, bitrate 87000
12-09 12:31:09.333 D/UIAutomatorStub(18567): URI: /jsonrpc/0, Method: POST, params, {NanoHttpd.QUERY_STRING=null}, files: {postData={"jsonrpc": "2.0", "id": "ee8a4d09d2790e4bdf866b47e4fa3ac2", "method": "waitForExists", "params": [{"mask": 2097152, "childOrSibling": [], "childOrSiblingSelector": [], "resourceId": "android:id/move_window"}, 3000]}}
12-09 12:31:09.337 W/QueryController(18567): Could not detect idle state.
12-09 12:31:09.429 D/UIAutomatorStub(18567): URI: /jsonrpc/0, Method: POST, params, {NanoHttpd.QUERY_STRING=null}, files: {postData={"jsonrpc": "2.0", "id": "3b255a119e480d4266e71559a25bf4f1", "method": "objInfo", "params": [{"mask": 2097152, "childOrSibling": [], "childOrSiblingSelector": [], "resourceId": "android:id/move_window"}]}}
12-09 12:31:09.432 W/QueryController(18567): Could not detect idle state.
12-09 12:31:09.455 W/QueryController(18567): Could not detect idle state.
12-09 12:31:09.458 W/QueryController(18567): Could not detect idle state.
12-09 12:31:09.459 W/QueryController(18567): Could not detect idle state.
12-09 12:31:09.461 W/QueryController(18567): Could not detect idle state.
12-09 12:31:09.462 W/QueryController(18567): Could not detect idle state.
12-09 12:31:09.463 W/QueryController(18567): Could not detect idle state.
12-09 12:31:09.465 W/QueryController(18567): Could not detect idle state.
12-09 12:31:09.466 W/QueryController(18567): Could not detect idle state.
12-09 12:31:09.467 W/QueryController(18567): Could not detect idle state.
12-09 12:31:09.469 W/QueryController(18567): Could not detect idle state.
12-09 12:31:09.470 W/QueryController(18567): Could not detect idle state.
