12-09 12:26:49.105 D/BaseIconFactory( 2834): normalizeAndWrapToAdaptiveIcon: scale=0.8095241
12-09 12:26:49.106 W/ActivityTaskManager( 1514): getTaskSnapshot: taskId=1147 not found
12-09 12:26:49.107 D/BaseIconFactory( 2834): normalizeAndWrapToAdaptiveIcon: scale=0.8095241
12-09 12:26:49.112 W/System ( 2372): A resource failed to call close.
12-09 12:26:49.112 W/System ( 2372): A resource failed to call close.
12-09 12:26:49.112 W/System ( 2372): A resource failed to call close.
12-09 12:26:49.112 W/System ( 2372): A resource failed to call close.
12-09 12:26:49.113 W/System ( 2372): A resource failed to call release.
12-09 12:26:49.113 W/System ( 2372): A resource failed to call close.
12-09 12:26:49.113 W/System ( 2372): A resource failed to call close.
12-09 12:26:49.113 W/System ( 2372): A resource failed to call close.
12-09 12:26:49.113 W/System ( 2372): A resource failed to call close.
12-09 12:26:49.113 W/System ( 2372): A resource failed to call close.
12-09 12:26:49.115 W/ActivityTaskManager( 1514): getTaskSnapshot: taskId=3147 not found
12-09 12:26:49.115 W/ActivityTaskManager( 1514): getTaskSnapshot: taskId=2147 not found
12-09 12:26:49.115 W/ActivityTaskManager( 1514): getTaskSnapshot: taskId=1147 not found
12-09 12:26:49.152 I/GameMode_ActivityMonitoringService( 9074): onTaskStackChanged
12-09 12:26:49.155 I/GameMode_ActivityMonitoringService( 9074): Updating top task to: TaskInfoContainer [topActivity=ComponentInfo{com.android.launcher3/com.android.launcher3.uioverrides.QuickstepLauncher}, taskId=10, stackId=1, userId=0, displayId=0, position=6
12-09 12:26:49.155 I/GameMode_ActivityMonitoringService( 9074): Notifying about top task: TaskInfoContainer [topActivity=ComponentInfo{com.android.launcher3/com.android.launcher3.uioverrides.QuickstepLauncher}, taskId=10, stackId=1, userId=0, displayId=0, position=6
12-09 12:26:49.155 E/GameMode_ActivityMonitoringService( 9074): onActivityLaunch:com.android.launcher3
12-09 12:26:49.155 V/GameMode_GameTypeUtils( 9074): judge isGame:com.android.launcher3
12-09 12:26:49.155 V/GameMode_GpuUtils( 9074): fps:60
12-09 12:26:49.158 D/libEGL ( 1514): MSAA-->msaa:0 gamemode:0 4x_msaa:0
12-09 12:26:49.160 D/libEGL ( 1514): MSAA-->msaa:0 gamemode:0 4x_msaa:0
12-09 12:26:49.161 D/libEGL ( 1514): MSAA-->msaa:0 gamemode:0 4x_msaa:0
12-09 12:26:49.166 D/GameMode_GameModeActionUtils( 9074): Show GameMode entry by service!
12-09 12:26:49.166 W/ContextImpl( 9074): Calling a method in the system process without a qualified user: android.app.ContextImpl.startService:1816 android.content.ContextWrapper.startService:774 com.thundercomm.gamemode.ingame.services.GameModeActionUtils.startGameModeService:99 com.thundercomm.gamemode.ingame.services.GameModeActionUtils.startGameModeEntry:22 com.thundercomm.gamemode.ingame.services.ActivityMonitoringService$1.onActivityLaunch:127
12-09 12:26:49.167 D/UIAutomatorStub(18567): URI: /jsonrpc/0, Method: POST, params, {NanoHttpd.QUERY_STRING=null}, files: {postData={"jsonrpc": "2.0", "id": "5e426fb8ae721c96ad2eabc9b26469bf", "method": "objInfo", "params": [{"mask": 2097153, "childOrSibling": [], "childOrSiblingSelector": [], "resourceId": "com.android.launcher3:id/name_tv", "text": "\u65e5\u5386"}]}}
12-09 12:26:49.168 W/QueryController(18567): Could not detect idle state.
12-09 12:26:49.168 D/GameMode_GameModeService( 9074): type=hide_entry
12-09 12:26:49.168 D/GameModeIF_GameModeSettings( 9074): getUriFor setting_content_uri_root = content://com.thundercomm.gamemode.api/gamemode_settings , name = gamemode_isgaming
12-09 12:26:49.170 D/GameMode_GameSettingsObserver( 9074): Game Data change!!!! uri = content://com.thundercomm.gamemode.api/gamemode_settings/gamemode_isgaming
12-09 12:26:49.170 D/GameModeIF_GameModeSettings( 9074): getUriFor setting_content_uri_root = content://com.thundercomm.gamemode.api/gamemode_settings , name = gamemode_isgaming
12-09 12:26:49.170 D/GameModeIF_GameModeSettings( 9074): gamemode_isgaming set to 0
12-09 12:26:49.173 D/GameMode_GameModeService( 9074): updateGlobalSettings = gamemode_isgaming
12-09 12:26:49.174 I/GameModeConfig( 1514): Current uri is uri = content://com.thundercomm.gamemode.api/gamemode_settings/gamemode_isgaming
12-09 12:26:49.174 D/GameModeIF_GameModeSettings( 1514): getUriFor setting_content_uri_root = content://com.thundercomm.gamemode.api/gamemode_settings , name = gamemode_isgaming
12-09 12:26:49.175 I/GameModeConfig( 1514): isGameModeOn = false
12-09 12:26:49.176 I/GameModeConfig( 1514): isGameModeOn = false
12-09 12:26:49.176 I/GameModeConfig( 1514): isDisableVoice = true
12-09 12:26:49.196 W/QueryController(18567): Could not detect idle state.
12-09 12:26:49.208 W/QueryController(18567): Could not detect idle state.
12-09 12:26:49.208 W/QueryController(18567): Could not detect idle state.
12-09 12:26:49.209 W/QueryController(18567): Could not detect idle state.
12-09 12:26:49.221 W/QueryController(18567): Could not detect idle state.
12-09 12:26:49.222 W/QueryController(18567): Could not detect idle state.
12-09 12:26:49.222 W/QueryController(18567): Could not detect idle state.
12-09 12:26:49.223 W/QueryController(18567): Could not detect idle state.
12-09 12:26:49.224 W/QueryController(18567): Could not detect idle state.
12-09 12:26:49.225 W/QueryController(18567): Could not detect idle state.
12-09 12:26:49.226 W/QueryController(18567): Could not detect idle state.
12-09 12:26:49.239 W/QueryController(18567): Could not detect idle state.
12-09 12:26:49.240 W/QueryController(18567): Could not detect idle state.
12-09 12:26:49.241 W/QueryController(18567): Could not detect idle state.
12-09 12:26:49.242 W/QueryController(18567): Could not detect idle state.
12-09 12:26:49.256 W/QueryController(18567): Could not detect idle state.
12-09 12:26:49.257 W/QueryController(18567): Could not detect idle state.
12-09 12:26:49.298 W/System ( 1514): A resource failed to call close.
12-09 12:26:49.299 W/System ( 1514): A resource failed to call close.
12-09 12:26:49.299 W/System ( 1514): A resource failed to call close.
12-09 12:26:49.313 D/UIAutomatorStub(18567): URI: /jsonrpc/0, Method: POST, params, {NanoHttpd.QUERY_STRING=null}, files: {postData={"jsonrpc": "2.0", "id": "89c9d8176d80a09a9c0daf7693ca79b3", "method": "click", "params": [206.0, 405.0]}}
12-09 12:26:49.343 D/FreeFormWindowHelper( 1514): Remove freefrom task=Task{7ff9d70 #147 type=standard A=10069:android.task.calendar U=0 visible=false mode=freeform translucent=true sz=0}
12-09 12:26:49.473 D/FreeWindowHelper( 2834): setExitFlag: old=0,new=1
12-09 12:26:49.474 I/ActivityTaskManager( 1514): START u0 {flg=0x10008000 cmp=com.android.calendar/.AllInOneActivity} from uid 10075
12-09 12:26:49.474 I/EventSequenceValidator( 1514): Transition from ACTIVITY_FINISHED to INTENT_STARTED
12-09 12:26:49.477 E/ANDR-PERF-JNI( 1514): com_qualcomm_qtiperformance_native_perf_io_prefetch_start
12-09 12:26:49.478 W/ActivityTaskManager( 1514): Can't find TaskDisplayArea to determine support for multi window. Task id=148 attached=false
12-09 12:26:49.479 D/FreeFormWindowHelper( 1514): Add freeform task=Task{4d937fb #148 type=standard ?? U=0 visible=false mode=freeform translucent=true sz=0}
12-09 12:26:49.479 I/OMX-VENC: venc_dev( 1203): stats: avg. fps 24.82, bitrate 3178978
12-09 12:26:49.481 D/CompatibilityInfo( 1514): mCompatibilityFlags - 4
12-09 12:26:49.481 D/CompatibilityInfo( 1514): applicationDensity - 240
12-09 12:26:49.481 D/CompatibilityInfo( 1514): applicationScale - 1.0
12-09 12:26:49.482 I/ActivityTaskManager( 1514): FOREGROUND_APPLICATION_CHANGED to com.android.calendar.AllInOneActivity
12-09 12:26:49.482 I/ActivityTaskManager( 1514): The Process com.android.calendar Already Exists in BG. So sending its PID: 19196
12-09 12:26:49.483 W/ActivityTaskManager( 1514): Tried to set launchTime (0) < mLastActivityLaunchTime (25614554)
12-09 12:26:49.483 D/CompatibilityInfo( 1514): mCompatibilityFlags - 4
12-09 12:26:49.483 D/CompatibilityInfo( 1514): applicationDensity - 240
12-09 12:26:49.483 D/CompatibilityInfo( 1514): applicationScale - 1.0
12-09 12:26:49.485 E/ANDR-IOP( 865): io prefetch is disabled
12-09 12:26:49.493 D/StateManager( 2834): goToState: Normal
12-09 12:26:49.493 D/EditModeHelper( 2834): setHotseatVisibility: 0
12-09 12:26:49.497 I/GameMode_ActivityMonitoringService( 9074): onForegroundActivitiesChanged uid 10069 pid 19196 fg true
12-09 12:26:49.503 I/EventSequenceValidator( 1514): Transition from INTENT_STARTED to ACTIVITY_LAUNCHED
12-09 12:26:49.508 I/GameMode_ActivityMonitoringService( 9074): Updating top task to: TaskInfoContainer [topActivity=ComponentInfo{com.android.calendar/com.android.calendar.AllInOneActivity}, taskId=148, stackId=148, userId=0, displayId=0, position=6
12-09 12:26:49.509 I/GameMode_ActivityMonitoringService( 9074): Notifying about top task: TaskInfoContainer [topActivity=ComponentInfo{com.android.calendar/com.android.calendar.AllInOneActivity}, taskId=148, stackId=148, userId=0, displayId=0, position=6
12-09 12:26:49.509 E/GameMode_ActivityMonitoringService( 9074): onActivityLaunch:com.android.calendar
12-09 12:26:49.509 V/GameMode_GameTypeUtils( 9074): judge isGame:com.android.calendar
12-09 12:26:49.509 V/GameMode_GpuUtils( 9074): fps:60
12-09 12:26:49.512 D/GameMode_GameModeActionUtils( 9074): Show GameMode entry by service!
12-09 12:26:49.512 W/ContextImpl( 9074): Calling a method in the system process without a qualified user: android.app.ContextImpl.startService:1816 android.content.ContextWrapper.startService:774 com.thundercomm.gamemode.ingame.services.GameModeActionUtils.startGameModeService:99 com.thundercomm.gamemode.ingame.services.GameModeActionUtils.startGameModeEntry:22 com.thundercomm.gamemode.ingame.services.ActivityMonitoringService$1.onActivityLaunch:127
12-09 12:26:49.515 D/GameModeIF_GameModeSettings( 9074): getUriFor setting_content_uri_root = content://com.thundercomm.gamemode.api/gamemode_settings , name = gamemode_isgaming
12-09 12:26:49.515 D/GameMode_GameModeService( 9074): type=hide_entry
12-09 12:26:49.517 I/GameModeConfig( 1514): Current uri is uri = content://com.thundercomm.gamemode.api/gamemode_settings/gamemode_isgaming
12-09 12:26:49.517 D/GameMode_GameSettingsObserver( 9074): Game Data change!!!! uri = content://com.thundercomm.gamemode.api/gamemode_settings/gamemode_isgaming
12-09 12:26:49.517 D/GameModeIF_GameModeSettings( 1514): getUriFor setting_content_uri_root = content://com.thundercomm.gamemode.api/gamemode_settings , name = gamemode_isgaming
12-09 12:26:49.517 D/GameModeIF_GameModeSettings( 9074): getUriFor setting_content_uri_root = content://com.thundercomm.gamemode.api/gamemode_settings , name = gamemode_isgaming
12-09 12:26:49.517 D/GameModeIF_GameModeSettings( 9074): gamemode_isgaming set to 0
12-09 12:26:49.518 I/GameModeConfig( 1514): isGameModeOn = false
12-09 12:26:49.518 D/GameMode_GameModeService( 9074): updateGlobalSettings = gamemode_isgaming
12-09 12:26:49.519 I/GameModeConfig( 1514): isGameModeOn = false
12-09 12:26:49.519 I/GameModeConfig( 1514): isDisableVoice = true
12-09 12:26:49.526 D/AccountManagerService( 1514): bind attempt failed for Session: expectLaunch true, connected false, stats (0/0/0), lifetime 0.0, addAccount, accountType com.google, requiredFeatures null
12-09 12:26:49.531 W/WindowManager( 1514): updateScale0.7996942
12-09 12:26:49.544 D/FreeWindowHelper( 2834): enterOrExitRecentTasks: isEnterRecentTasks=false,mExitFlag=1
12-09 12:26:49.545 W/FreeFormWindowHelper( 1514): exitRecentTasks type=1
12-09 12:26:49.545 W/WindowManager( 1514): updateScale0.7996942
12-09 12:26:49.545 E/PagedView( 2834): validateNewPage: failed to find a page < mMaxScrollX
12-09 12:26:49.547 W/WindowManager( 1514): updateScale0.7996942
12-09 12:26:49.548 W/WindowManager( 1514): updateScale0.7996942
12-09 12:26:49.549 I/EventSequenceValidator( 1514): Transition from ACTIVITY_LAUNCHED to ACTIVITY_FINISHED
12-09 12:26:49.556 I/ActivityTaskManager( 1514): Displayed com.android.calendar/.AllInOneActivity: +72ms
12-09 12:26:49.741 I/mpu_uart( 649): [MSG-P:RECV]:No message received in 1000 ms
12-09 12:26:49.786 I/OMX-VENC: venc_dev( 1203): stats: avg. fps 41.44, bitrate 1247134
12-09 12:26:49.833 W/WindowManager( 1514): updateScale0.7996942
12-09 12:26:49.957 E/PagedView( 2834): validateNewPage: failed to find a page < mMaxScrollX
12-09 12:26:50.344 D/vendor.qti.bluetooth@1.0-ibs_handler( 814): SerialClockVote: vote for UART CLK ON
12-09 12:26:50.344 D/vendor.qti.bluetooth@1.0-wake_lock( 814): Acquire wakelock is acquired
12-09 12:26:50.344 I/vendor.qti.bluetooth@1.0-ibs_handler( 814): DeviceWakeUp: Writing IBS_WAKE_IND
12-09 12:26:50.351 I/vendor.qti.bluetooth@1.0-ibs_handler( 814): ProcessIbsCmd: Received IBS_WAKE_ACK: 0xFC
12-09 12:26:50.351 I/vendor.qti.bluetooth@1.0-ibs_handler( 814): ProcessIbsCmd: Signal wack_cond_
12-09 12:26:50.351 D/vendor.qti.bluetooth@1.0-ibs_handler( 814): DeviceWakeUp: Unblocked from waiting for FC, pthread_cond_timedwait ret = 0
12-09 12:26:50.351 I/vendor.qti.bluetooth@1.0-ibs_handler( 814): ProcessIbsCmd: Received IBS_WAKE_IND: 0xFD
12-09 12:26:50.351 I/vendor.qti.bluetooth@1.0-ibs_handler( 814): ProcessIbsCmd: Writing IBS_WAKE_ACK
12-09 12:26:50.353 I/bt_stack( 5198): [INFO:btm_ble_bgconn.cc(429)] Already connection initiated (or) No Pending connections(or) Resources of lcb are exhausted
12-09 12:26:50.406 I/mpu_uart( 649): [MSG-P:R]:recv sync frame timeout
12-09 12:26:50.433 I/vendor.qti.bluetooth@1.0-ibs_handler( 814): ProcessIbsCmd: Received IBS_SLEEP_IND: 0xFE
12-09 12:26:50.483 I/OMX-VENC: venc_dev( 1203): stats: avg. fps 28.91, bitrate 2687259
12-09 12:26:50.591 W/swapper/3( 0): type=1400 audit(0.0:8114): avc: denied { kill } for capability=5 scontext=u:r:kernel:s0 tcontext=u:r:kernel:s0 tclass=capability permissive=0
12-09 12:26:50.742 I/mpu_uart( 649): [MSG-P:RECV]:No message received in 1000 ms
12-09 12:26:50.882 I/OMX-VENC: venc_dev( 1203): stats: avg. fps 20.08, bitrate 590727
12-09 12:26:51.353 I/vendor.qti.bluetooth@1.0-ibs_handler( 814): DeviceSleep: TX Awake, Sending SLEEP_IND
12-09 12:26:51.353 D/vendor.qti.bluetooth@1.0-ibs_handler( 814): SerialClockVote: vote for UART CLK OFF
12-09 12:26:51.504 D/vendor.qti.bluetooth@1.0-wake_lock( 814): Release wakelock is released
12-09 12:26:51.591 W/swapper/3( 0): type=1400 audit(0.0:8115): avc: denied { kill } for capability=5 scontext=u:r:kernel:s0 tcontext=u:r:kernel:s0 tclass=capability permissive=0
12-09 12:26:51.742 I/mpu_uart( 649): [MSG-P:RECV]:No message received in 1000 ms
12-09 12:26:51.980 I/OMX-VENC: venc_dev( 1203): stats: avg. fps 10.01, bitrate 61409
12-09 12:26:52.481 I/OMX-VENC: venc_dev( 1203): stats: avg. fps 1.00, bitrate 87160
12-09 12:26:52.591 W/swapper/3( 0): type=1400 audit(0.0:8116): avc: denied { kill } for capability=5 scontext=u:r:kernel:s0 tcontext=u:r:kernel:s0 tclass=capability permissive=0
12-09 12:26:52.742 I/mpu_uart( 649): [MSG-P:RECV]:No message received in 1000 ms
12-09 12:26:52.983 I/OMX-VENC: venc_dev( 1203): stats: avg. fps 9.97, bitrate 61021
12-09 12:26:53.343 I/selfinstaller( 1187): create socket failed: No route to host 113
12-09 12:26:53.356 E/TaskPersister( 1514): File error accessing recents directory (directory doesn't exist?).
12-09 12:26:53.410 I/mpu_uart( 649): [MSG-P:R]:recv sync frame timeout
12-09 12:26:53.485 I/OMX-VENC: venc_dev( 1203): stats: avg. fps 1.00, bitrate 75885
12-09 12:26:53.591 W/swapper/3( 0): type=1400 audit(0.0:8117): avc: denied { kill } for capability=5 scontext=u:r:kernel:s0 tcontext=u:r:kernel:s0 tclass=capability permissive=0
12-09 12:26:53.627 E/WifiHAL ( 833): wifi_get_link_stats: requestResponse Error:-7
12-09 12:26:53.629 E/WifiVendorHal( 1514): getWifiLinkLayerStats_1_3_Internal(l.1168) failed {.code = ERROR_UNKNOWN, .description = , timed out}
12-09 12:26:53.743 I/mpu_uart( 649): [MSG-P:RECV]:No message received in 1000 ms
12-09 12:26:54.003 I/OMX-VENC: venc_dev( 1203): stats: avg. fps 10.79, bitrate 66524
12-09 12:26:54.486 I/OMX-VENC: venc_dev( 1203): stats: avg. fps 2.00, bitrate 87336
12-09 12:26:54.591 W/swapper/3( 0): type=1400 audit(0.0:8118): avc: denied { kill } for capability=5 scontext=u:r:kernel:s0 tcontext=u:r:kernel:s0 tclass=capability permissive=0
12-09 12:26:54.744 I/mpu_uart( 649): [MSG-P:RECV]:No message received in 1000 ms
12-09 12:26:55.089 I/OMX-VENC: venc_dev( 1203): stats: avg. fps 10.12, bitrate 185997
12-09 12:26:55.489 I/OMX-VENC: venc_dev( 1203): stats: avg. fps 1.00, bitrate 41122
12-09 12:26:55.560 D/UIAutomatorStub(18567): URI: /jsonrpc/0, Method: POST, params, {NanoHttpd.QUERY_STRING=null}, files: {postData={"jsonrpc": "2.0", "id": "9c6451d9a4928900ff93f85bee8e2dbe", "method": "waitForExists", "params": [{"mask": 2097152, "childOrSibling": [], "childOrSiblingSelector": [], "resourceId": "android:id/move_window"}, 3000]}}
12-09 12:26:55.563 W/QueryController(18567): Could not detect idle state.
12-09 12:26:55.591 W/swapper/3( 0): type=1400 audit(0.0:8119): avc: denied { kill } for capability=5 scontext=u:r:kernel:s0 tcontext=u:r:kernel:s0 tclass=capability permissive=0
12-09 12:26:55.645 D/UIAutomatorStub(18567): URI: /jsonrpc/0, Method: POST, params, {NanoHttpd.QUERY_STRING=null}, files: {postData={"jsonrpc": "2.0", "id": "d15e965e0bb6d7c85894541eaa36dea5", "method": "objInfo", "params": [{"mask": 2097152, "childOrSibling": [], "childOrSiblingSelector": [], "resourceId": "android:id/move_window"}]}}
12-09 12:26:55.648 W/QueryController(18567): Could not detect idle state.
12-09 12:26:55.672 W/QueryController(18567): Could not detect idle state.
12-09 12:26:55.676 W/QueryController(18567): Could not detect idle state.
12-09 12:26:55.677 W/QueryController(18567): Could not detect idle state.
12-09 12:26:55.678 I/hpplay-java( 3295): [main]:IMTask:getIMRoot
12-09 12:26:55.680 W/QueryController(18567): Could not detect idle state.
12-09 12:26:55.682 W/QueryController(18567): Could not detect idle state.
12-09 12:26:55.684 W/QueryController(18567): Could not detect idle state.
12-09 12:26:55.685 W/QueryController(18567): Could not detect idle state.
12-09 12:26:55.687 W/QueryController(18567): Could not detect idle state.
12-09 12:26:55.688 W/QueryController(18567): Could not detect idle state.
12-09 12:26:55.690 W/QueryController(18567): Could not detect idle state.
12-09 12:26:55.691 W/QueryController(18567): Could not detect idle state.
12-09 12:26:55.692 W/QueryController(18567): Could not detect idle state.
12-09 12:26:55.693 W/QueryController(18567): Could not detect idle state.
12-09 12:26:55.694 W/QueryController(18567): Could not detect idle state.
12-09 12:26:55.695 W/QueryController(18567): Could not detect idle state.
12-09 12:26:55.697 W/QueryController(18567): Could not detect idle state.
12-09 12:26:55.698 W/QueryController(18567): Could not detect idle state.
12-09 12:26:55.744 I/mpu_uart( 649): [MSG-P:RECV]:No message received in 1000 ms
12-09 12:26:55.765 D/UIAutomatorStub(18567): URI: /jsonrpc/0, Method: POST, params, {NanoHttpd.QUERY_STRING=null}, files: {postData={"jsonrpc": "2.0", "id": "15aa0b5aca0538df158d1bd86d3e34b6", "method": "click", "params": [261.5, 99.0]}}
12-09 12:26:56.189 I/OMX-VENC: venc_dev( 1203): stats: avg. fps 20.92, bitrate 159244
12-09 12:26:56.413 I/mpu_uart( 649): [MSG-P:R]:recv sync frame timeout
12-09 12:26:56.496 I/OMX-VENC: venc_dev( 1203): stats: avg. fps 15.89, bitrate 737995
12-09 12:26:56.591 W/swapper/3( 0): type=1400 audit(0.0:8120): avc: denied { kill } for capability=5 scontext=u:r:kernel:s0 tcontext=u:r:kernel:s0 tclass=capability permissive=0
12-09 12:26:56.744 I/mpu_uart( 649): [MSG-P:RECV]:No message received in 1000 ms
12-09 12:26:57.001 D/UIAutomatorStub(18567): URI: /jsonrpc/0, Method: POST, params, {NanoHttpd.QUERY_STRING=null}, files: {postData={"jsonrpc": "2.0", "id": "55ed1b2550c97dc01cb8b0304fc7a533", "method": "exist", "params": [{"mask": 2097152, "childOrSibling": [], "childOrSiblingSelector": [], "resourceId": "android:id/caption"}]}}
12-09 12:26:57.004 W/QueryController(18567): Could not detect idle state.
12-09 12:26:57.213 I/OMX-VENC: venc_dev( 1203): stats: avg. fps 11.72, bitrate 99772
12-09 12:26:57.591 W/swapper/3( 0): type=1400 audit(0.0:8121): avc: denied { kill } for capability=5 scontext=u:r:kernel:s0 tcontext=u:r:kernel:s0 tclass=capability permissive=0
12-09 12:26:57.745 I/mpu_uart( 649): [MSG-P:RECV]:No message received in 1000 ms
12-09 12:26:58.295 I/OMX-VENC: venc_dev( 1203): stats: avg. fps 10.16, bitrate 87824
12-09 12:26:58.496 I/OMX-VENC: venc_dev( 1203): stats: avg. fps 1.50, bitrate 71438
12-09 12:26:58.591 W/swapper/3( 0): type=1400 audit(0.0:8122): avc: denied { kill } for capability=5 scontext=u:r:kernel:s0 tcontext=u:r:kernel:s0 tclass=capability permissive=0
12-09 12:26:58.745 I/mpu_uart( 649): [MSG-P:RECV]:No message received in 1000 ms
12-09 12:26:59.124 D/ProcessState(19445): Binder ioctl to enable oneway spam detection failed: Invalid argument
12-09 12:26:59.130 D/StateManager( 2834): goToState: Overview
12-09 12:26:59.130 D/EditModeHelper( 2834): setHotseatVisibility: 0
12-09 12:26:59.137 V/ShadeControllerImpl( 2372): NotificationShadeWindow: com.android.systemui.statusbar.phone.NotificationShadeWindowView{7f4383b I.E...... ......ID 0,0-2380,1020} canPanelBeCollapsed(): false
12-09 12:26:59.143 D/UIAutomatorStub(18567): URI: /jsonrpc/0, Method: POST, params, {NanoHttpd.QUERY_STRING=null}, files: {postData={"jsonrpc": "2.0", "id": "73e65f3bc69309b2a040474890a53fdd", "method": "waitForExists", "params": [{"mask": 2097153, "childOrSibling": [], "childOrSiblingSelector": [], "resourceId": "com.android.launcher3:id/name_tv", "text": "\u65e5\u5386"}, 3000]}}
12-09 12:26:59.146 W/QueryController(18567): Could not detect idle state.
12-09 12:26:59.161 D/FreeWindowHelper( 2834): enterOrExitRecentTasks: isEnterRecentTasks=true,mExitFlag=1
12-09 12:26:59.170 D/ActivityTrigger( 1514): ActivityTrigger activityPauseTrigger
12-09 12:26:59.182 D/FreeWindowContainer( 2834): reloadTask: TaskInfo{userId=0 taskId=148 displayId=0 isRunning=false baseIntent=Intent { flg=0x10008000 cmp=com.android.calendar/.AllInOneActivity } baseActivity=null topActivity=null origActivity=null realActivity=ComponentInfo{com.android.calendar/com.android.calendar.AllInOneActivity} numActivities=0 lastActiveTime=25634250 supportsSplitScreenMultiWindow=true supportsMultiWindow=true resizeMode=1 isResizeable=true token=WCT{android.window.IWindowContainerToken$Stub$Proxy@bc17d38} topActivityType=1 pictureInPictureParams=null displayCutoutSafeInsets=null topActivityInfo=null launchCookies=[] positionInParent=Point(0, 72) parentTaskId=-1 isFocused=false isVisible=true topActivityInSizeCompat=false locusId= null}
12-09 12:26:59.190 I/ActivityTaskManager( 1514): FOREGROUND_APPLICATION_CHANGED to com.android.launcher3.uioverrides.QuickstepLauncher
12-09 12:26:59.212 I/GameMode_ActivityMonitoringService( 9074): onForegroundActivitiesChanged uid 10069 pid 19196 fg false
12-09 12:26:59.217 W/ActivityTaskManager( 1514): getTaskSnapshot: taskId=147 not found
12-09 12:26:59.218 W/ActivityTaskManager( 1514): getTaskSnapshot: taskId=5147 not found
12-09 12:26:59.218 W/ActivityTaskManager( 1514): getTaskSnapshot: taskId=4147 not found
12-09 12:26:59.219 W/ActivityTaskManager( 1514): getTaskSnapshot: taskId=3147 not found
12-09 12:26:59.222 W/InputManager-JNI( 1514): Input channel object '1b96a9 com.android.calendar/com.android.calendar.AllInOneActivity (client)' was disposed without first being removed with the input manager!
12-09 12:26:59.222 I/GameMode_ActivityMonitoringService( 9074): Updating top task to: TaskInfoContainer [topActivity=ComponentInfo{com.android.launcher3/com.android.launcher3.uioverrides.QuickstepLauncher}, taskId=10, stackId=1, userId=0, displayId=0, position=6
12-09 12:26:59.223 I/GameMode_ActivityMonitoringService( 9074): Notifying about top task: TaskInfoContainer [topActivity=ComponentInfo{com.android.launcher3/com.android.launcher3.uioverrides.QuickstepLauncher}, taskId=10, stackId=1, userId=0, displayId=0, position=6
12-09 12:26:59.223 E/GameMode_ActivityMonitoringService( 9074): onActivityLaunch:com.android.launcher3
12-09 12:26:59.223 V/GameMode_GameTypeUtils( 9074): judge isGame:com.android.launcher3
12-09 12:26:59.223 V/GameMode_GpuUtils( 9074): fps:60
12-09 12:26:59.227 D/GameMode_GameModeActionUtils( 9074): Show GameMode entry by service!
12-09 12:26:59.228 W/ContextImpl( 9074): Calling a method in the system process without a qualified user: android.app.ContextImpl.startService:1816 android.content.ContextWrapper.startService:774 com.thundercomm.gamemode.ingame.services.GameModeActionUtils.startGameModeService:99 com.thundercomm.gamemode.ingame.services.GameModeActionUtils.startGameModeEntry:22 com.thundercomm.gamemode.ingame.services.ActivityMonitoringService$1.onActivityLaunch:127
12-09 12:26:59.230 D/GameMode_GameModeService( 9074): type=hide_entry
12-09 12:26:59.230 D/GameModeIF_GameModeSettings( 9074): getUriFor setting_content_uri_root = content://com.thundercomm.gamemode.api/gamemode_settings , name = gamemode_isgaming
12-09 12:26:59.231 D/libEGL ( 1514): MSAA-->msaa:0 gamemode:0 4x_msaa:0
12-09 12:26:59.231 D/libEGL ( 1514): MSAA-->msaa:0 gamemode:0 4x_msaa:0
12-09 12:26:59.232 D/libEGL ( 1514): MSAA-->msaa:0 gamemode:0 4x_msaa:0
12-09 12:26:59.233 I/GameModeConfig( 1514): Current uri is uri = content://com.thundercomm.gamemode.api/gamemode_settings/gamemode_isgaming
12-09 12:26:59.233 D/GameModeIF_GameModeSettings( 1514): getUriFor setting_content_uri_root = content://com.thundercomm.gamemode.api/gamemode_settings , name = gamemode_isgaming
12-09 12:26:59.234 D/GameMode_GameSettingsObserver( 9074): Game Data change!!!! uri = content://com.thundercomm.gamemode.api/gamemode_settings/gamemode_isgaming
12-09 12:26:59.234 D/GameModeIF_GameModeSettings( 9074): getUriFor setting_content_uri_root = content://com.thundercomm.gamemode.api/gamemode_settings , name = gamemode_isgaming
12-09 12:26:59.236 I/GameModeConfig( 1514): isGameModeOn = false
12-09 12:26:59.236 I/GameModeConfig( 1514): isGameModeOn = false
12-09 12:26:59.236 I/GameModeConfig( 1514): isDisableVoice = true
12-09 12:26:59.238 D/GameMode_GameModeService( 9074): updateGlobalSettings = gamemode_isgaming
12-09 12:26:59.238 D/GameModeIF_GameModeSettings( 9074): gamemode_isgaming set to 0
12-09 12:26:59.251 D/BaseIconFactory( 2834): normalizeAndWrapToAdaptiveIcon: scale=0.8095241
12-09 12:26:59.252 W/ActivityTaskManager( 1514): getTaskSnapshot: taskId=5148 not found
12-09 12:26:59.253 D/BaseIconFactory( 2834): normalizeAndWrapToAdaptiveIcon: scale=0.8095241
12-09 12:26:59.253 W/ActivityTaskManager( 1514): getTaskSnapshot: taskId=4148 not found
12-09 12:26:59.254 D/BaseIconFactory( 2834): normalizeAndWrapToAdaptiveIcon: scale=0.8095241
12-09 12:26:59.255 W/ActivityTaskManager( 1514): getTaskSnapshot: taskId=3148 not found
12-09 12:26:59.256 D/BaseIconFactory( 2834): normalizeAndWrapToAdaptiveIcon: scale=0.8095241
12-09 12:26:59.256 W/ActivityTaskManager( 1514): getTaskSnapshot: taskId=2148 not found
12-09 12:26:59.257 D/BaseIconFactory( 2834): normalizeAndWrapToAdaptiveIcon: scale=0.8095241
12-09 12:26:59.257 W/ActivityTaskManager( 1514): getTaskSnapshot: taskId=1148 not found
12-09 12:26:59.258 D/BaseIconFactory( 2834): normalizeAndWrapToAdaptiveIcon: scale=0.8095241
12-09 12:26:59.272 W/ActivityTaskManager( 1514): getTaskSnapshot: taskId=3148 not found
12-09 12:26:59.272 W/ActivityTaskManager( 1514): getTaskSnapshot: taskId=2148 not found
12-09 12:26:59.272 W/ActivityTaskManager( 1514): getTaskSnapshot: taskId=1148 not found
12-09 12:26:59.293 I/GameMode_ActivityMonitoringService( 9074): onTaskStackChanged
12-09 12:26:59.295 I/GameMode_ActivityMonitoringService( 9074): Updating top task to: TaskInfoContainer [topActivity=ComponentInfo{com.android.launcher3/com.android.launcher3.uioverrides.QuickstepLauncher}, taskId=10, stackId=1, userId=0, displayId=0, position=6
12-09 12:26:59.295 I/GameMode_ActivityMonitoringService( 9074): Notifying about top task: TaskInfoContainer [topActivity=ComponentInfo{com.android.launcher3/com.android.launcher3.uioverrides.QuickstepLauncher}, taskId=10, stackId=1, userId=0, displayId=0, position=6
12-09 12:26:59.295 E/GameMode_ActivityMonitoringService( 9074): onActivityLaunch:com.android.launcher3
12-09 12:26:59.295 V/GameMode_GameTypeUtils( 9074): judge isGame:com.android.launcher3
12-09 12:26:59.296 V/GameMode_GpuUtils( 9074): fps:60
12-09 12:26:59.298 D/GameMode_GameModeActionUtils( 9074): Show GameMode entry by service!
12-09 12:26:59.298 W/ContextImpl( 9074): Calling a method in the system process without a qualified user: android.app.ContextImpl.startService:1816 android.content.ContextWrapper.startService:774 com.thundercomm.gamemode.ingame.services.GameModeActionUtils.startGameModeService:99 com.thundercomm.gamemode.ingame.services.GameModeActionUtils.startGameModeEntry:22 com.thundercomm.gamemode.ingame.services.ActivityMonitoringService$1.onActivityLaunch:127
12-09 12:26:59.299 W/ByMatcher(18567): Node returned null child: android.view.accessibility.AccessibilityNodeInfo@128a3; boundsInParent: Rect(0, 0 - 1496, 772); boundsInScreen: Rect(562, 142 - 2058, 914); packageName: com.android.launcher3; className: android.widget.ListView; text: null; error: null; maxTextLength: -1; stateDescription: null; contentDescription: ; tooltipText: null; viewIdResName: com.android.launcher3:id/overview_panel; checkable: false; checked: false; focusable: false; focused: false; selected: false; clickable: false; longClickable: false; contextClickable: false; enabled: true; password: false; scrollable: true; importantForAccessibility: true; visible: true; actions: [AccessibilityAction: ACTION_SELECT - null, AccessibilityAction: ACTION_CLEAR_SELECTION - null, AccessibilityAction: ACTION_ACCESSIBILITY_FOCUS - null, AccessibilityAction: ACTION_SCROLL_FORWARD - null, AccessibilityAction: ACTION_SCROLL_BACKWARD - null, AccessibilityAction: ACTION_SHOW_ON_SCREEN - null, AccessibilityAction: ACTION_PAGE_LEFT - null, AccessibilityAction: ACTION_PAGE_RIGHT - null]
12-09 12:26:59.299 W/ByMatcher(18567): Skipping null child (5 of 6)
12-09 12:26:59.300 D/GameMode_GameModeService( 9074): type=hide_entry
12-09 12:26:59.300 D/GameModeIF_GameModeSettings( 9074): getUriFor setting_content_uri_root = content://com.thundercomm.gamemode.api/gamemode_settings , name = gamemode_isgaming
12-09 12:26:59.302 I/GameModeConfig( 1514): Current uri is uri = content://com.thundercomm.gamemode.api/gamemode_settings/gamemode_isgaming
12-09 12:26:59.302 D/GameModeIF_GameModeSettings( 1514): getUriFor setting_content_uri_root = content://com.thundercomm.gamemode.api/gamemode_settings , name = gamemode_isgaming
12-09 12:26:59.302 D/GameModeIF_GameModeSettings( 9074): gamemode_isgaming set to 0
12-09 12:26:59.304 D/GameMode_GameSettingsObserver( 9074): Game Data change!!!! uri = content://com.thundercomm.gamemode.api/gamemode_settings/gamemode_isgaming
12-09 12:26:59.304 D/GameModeIF_GameModeSettings( 9074): getUriFor setting_content_uri_root = content://com.thundercomm.gamemode.api/gamemode_settings , name = gamemode_isgaming
12-09 12:26:59.306 I/GameModeConfig( 1514): isGameModeOn = false
12-09 12:26:59.306 I/GameModeConfig( 1514): isGameModeOn = false
12-09 12:26:59.306 I/GameModeConfig( 1514): isDisableVoice = true
12-09 12:26:59.308 D/GameMode_GameModeService( 9074): updateGlobalSettings = gamemode_isgaming
12-09 12:26:59.309 I/OMX-VENC: venc_dev( 1203): stats: avg. fps 14.81, bitrate 185349
12-09 12:26:59.358 D/UIAutomatorStub(18567): URI: /jsonrpc/0, Method: POST, params, {NanoHttpd.QUERY_STRING=null}, files: {postData={"jsonrpc": "2.0", "id": "60bce8077b25ef9720a95b8132c6ccb3", "method": "objInfo", "params": [{"mask": 2097153, "childOrSibling": [], "childOrSiblingSelector": [], "resourceId": "com.android.launcher3:id/name_tv", "text": "\u65e5\u5386"}]}}
12-09 12:26:59.360 W/QueryController(18567): Could not detect idle state.
12-09 12:26:59.370 I/OpenGLRenderer( 2834): Davey! duration=9223346402443ms; Flags=0, FrameTimelineVsyncId=406566, IntendedVsync=25634410875226, Vsync=25634410875226, InputEventId=0, HandleInputStart=25634411775062, AnimationStart=25634411776000, PerformTraversalsStart=25634426292823, DrawStart=25634426703083, FrameDeadline=25634444208558, FrameInterval=25634411772875, FrameStartTime=16666666, SyncQueued=25634426879177, SyncStart=25634426943968, IssueDrawCommandsStart=25634427114385, SwapBuffers=25634427723448, FrameCompleted=9223372036854775807, DequeueBufferDuration=15000, QueueBufferDuration=456406, GpuCompleted=9223372036854775807, SwapBuffersCompleted=25634428344177, DisplayPresentTime=0,
12-09 12:26:59.377 W/System ( 1514): A resource failed to call close.
12-09 12:26:59.377 W/System ( 1514): A resource failed to call close.
12-09 12:26:59.378 W/System ( 1514): A resource failed to call close.
12-09 12:26:59.378 W/System ( 1514): A resource failed to call close.
12-09 12:26:59.388 I/OpenGLRenderer( 2834): Davey! duration=9223346402427ms; Flags=0, FrameTimelineVsyncId=406569, IntendedVsync=25634427581618, Vsync=25634427581618, InputEventId=0, HandleInputStart=25634428538448, AnimationStart=25634428538968, PerformTraversalsStart=25634443814854, DrawStart=25634444356781, FrameDeadline=25634460914950, FrameInterval=25634428535270, FrameStartTime=16666666, SyncQueued=25634444525791, SyncStart=25634444591468, IssueDrawCommandsStart=25634444770427, SwapBuffers=25634445922823, FrameCompleted=9223372036854775807, DequeueBufferDuration=14896, QueueBufferDuration=327604, GpuCompleted=9223372036854775807, SwapBuffersCompleted=25634446493083, DisplayPresentTime=0,
12-09 12:26:59.401 W/QueryController(18567): Could not detect idle state.
12-09 12:26:59.406 I/OpenGLRenderer( 2834): Davey! duration=9223346402410ms; Flags=0, FrameTimelineVsyncId=406572, IntendedVsync=25634444289449, Vsync=25634444289449, InputEventId=0, HandleInputStart=25634453625479, AnimationStart=25634453626729, PerformTraversalsStart=25634463670218, DrawStart=25634464060375, FrameDeadline=25634477622781, FrameInterval=25634453623135, FrameStartTime=16666666, SyncQueued=25634464195270, SyncStart=25634464272875, IssueDrawCommandsStart=25634464497354, SwapBuffers=25634465321208, FrameCompleted=9223372036854775807, DequeueBufferDuration=18802, QueueBufferDuration=401614, GpuCompleted=9223372036854775807, SwapBuffersCompleted=25634465929541, DisplayPresentTime=0,
12-09 12:26:59.413 W/QueryController(18567): Could not detect idle state.
12-09 12:26:59.414 I/mpu_uart( 649): [MSG-P:R]:recv sync frame timeout
12-09 12:26:59.415 W/QueryController(18567): Could not detect idle state.
12-09 12:26:59.416 W/QueryController(18567): Could not detect idle state.
12-09 12:26:59.417 W/QueryController(18567): Could not detect idle state.
12-09 12:26:59.431 W/QueryController(18567): Could not detect idle state.
12-09 12:26:59.432 W/QueryController(18567): Could not detect idle state.
12-09 12:26:59.434 W/QueryController(18567): Could not detect idle state.
12-09 12:26:59.435 W/System (18567): A resource failed to call end.
12-09 12:26:59.436 W/System (18567): A resource failed to call end.
12-09 12:26:59.436 W/System (18567): A resource failed to call end.
12-09 12:26:59.436 W/System (18567): A resource failed to call end.
12-09 12:26:59.436 W/System (18567): A resource failed to call end.
12-09 12:26:59.436 W/System (18567): A resource failed to call end.
12-09 12:26:59.436 W/System (18567): A resource failed to call end.
12-09 12:26:59.436 W/System (18567): A resource failed to call end.
12-09 12:26:59.436 W/System (18567): A resource failed to call end.
12-09 12:26:59.437 W/System (18567): A resource failed to call end.
12-09 12:26:59.437 W/System (18567): A resource failed to call end.
12-09 12:26:59.439 W/System (18567): A resource failed to call end.
12-09 12:26:59.446 W/QueryController(18567): Could not detect idle state.
12-09 12:26:59.447 W/QueryController(18567): Could not detect idle state.
12-09 12:26:59.449 W/QueryController(18567): Could not detect idle state.
12-09 12:26:59.450 W/QueryController(18567): Could not detect idle state.
12-09 12:26:59.452 W/QueryController(18567): Could not detect idle state.
12-09 12:26:59.462 W/QueryController(18567): Could not detect idle state.
12-09 12:26:59.463 W/QueryController(18567): Could not detect idle state.
12-09 12:26:59.469 W/QueryController(18567): Could not detect idle state.
12-09 12:26:59.481 W/QueryController(18567): Could not detect idle state.
12-09 12:26:59.484 D/FreeFormWindowHelper( 1514): Remove freefrom task=Task{4d937fb #148 type=standard A=10069:android.task.calendar U=0 visible=false mode=freeform translucent=true sz=0}
12-09 12:26:59.497 I/OMX-VENC: venc_dev( 1203): stats: avg. fps 18.99, bitrate 2505331
12-09 12:26:59.541 D/UIAutomatorStub(18567): URI: /jsonrpc/0, Method: POST, params, {NanoHttpd.QUERY_STRING=null}, files: {postData={"jsonrpc": "2.0", "id": "93a925b7539b9f2e7098937bc22cfa5d", "method": "click", "params": [206.0, 405.0]}}
12-09 12:26:59.663 D/FreeWindowHelper( 2834): setExitFlag: old=0,new=1
12-09 12:26:59.665 I/EventSequenceValidator( 1514): Transition from ACTIVITY_FINISHED to INTENT_STARTED
12-09 12:26:59.665 I/ActivityTaskManager( 1514): START u0 {flg=0x10008000 cmp=com.android.calendar/.AllInOneActivity} from uid 10075
12-09 12:26:59.669 E/ANDR-PERF-JNI( 1514): com_qualcomm_qtiperformance_native_perf_io_prefetch_start
12-09 12:26:59.670 W/ActivityTaskManager( 1514): Can't find TaskDisplayArea to determine support for multi window. Task id=149 attached=false
12-09 12:26:59.671 D/FreeFormWindowHelper( 1514): Add freeform task=Task{4704343 #149 type=standard ?? U=0 visible=false mode=freeform translucent=true sz=0}
12-09 12:26:59.673 E/ANDR-IOP( 865): io prefetch is disabled
12-09 12:26:59.674 D/CompatibilityInfo( 1514): mCompatibilityFlags - 4
12-09 12:26:59.674 D/CompatibilityInfo( 1514): applicationDensity - 240
12-09 12:26:59.674 D/CompatibilityInfo( 1514): applicationScale - 1.0
12-09 12:26:59.675 I/ActivityTaskManager( 1514): FOREGROUND_APPLICATION_CHANGED to com.android.calendar.AllInOneActivity
12-09 12:26:59.675 I/ActivityTaskManager( 1514): The Process com.android.calendar Already Exists in BG. So sending its PID: 19196
12-09 12:26:59.675 W/ActivityTaskManager( 1514): Tried to set launchTime (0) < mLastActivityLaunchTime (25624561)
12-09 12:26:59.676 D/CompatibilityInfo( 1514): mCompatibilityFlags - 4
12-09 12:26:59.676 D/CompatibilityInfo( 1514): applicationDensity - 240
12-09 12:26:59.676 D/CompatibilityInfo( 1514): applicationScale - 1.0
12-09 12:26:59.682 D/StateManager( 2834): goToState: Normal
12-09 12:26:59.683 D/EditModeHelper( 2834): setHotseatVisibility: 0
12-09 12:26:59.689 I/EventSequenceValidator( 1514): Transition from INTENT_STARTED to ACTIVITY_LAUNCHED
12-09 12:26:59.689 I/GameMode_ActivityMonitoringService( 9074): onForegroundActivitiesChanged uid 10069 pid 19196 fg true
12-09 12:26:59.698 I/GameMode_ActivityMonitoringService( 9074): Updating top task to: TaskInfoContainer [topActivity=ComponentInfo{com.android.calendar/com.android.calendar.AllInOneActivity}, taskId=149, stackId=149, userId=0, displayId=0, position=6
12-09 12:26:59.698 I/GameMode_ActivityMonitoringService( 9074): Notifying about top task: TaskInfoContainer [topActivity=ComponentInfo{com.android.calendar/com.android.calendar.AllInOneActivity}, taskId=149, stackId=149, userId=0, displayId=0, position=6
12-09 12:26:59.698 E/GameMode_ActivityMonitoringService( 9074): onActivityLaunch:com.android.calendar
12-09 12:26:59.698 V/GameMode_GameTypeUtils( 9074): judge isGame:com.android.calendar
12-09 12:26:59.698 V/GameMode_GpuUtils( 9074): fps:60
12-09 12:26:59.700 D/GameMode_GameModeActionUtils( 9074): Show GameMode entry by service!
12-09 12:26:59.700 W/ContextImpl( 9074): Calling a method in the system process without a qualified user: android.app.ContextImpl.startService:1816 android.content.ContextWrapper.startService:774 com.thundercomm.gamemode.ingame.services.GameModeActionUtils.startGameModeService:99 com.thundercomm.gamemode.ingame.services.GameModeActionUtils.startGameModeEntry:22 com.thundercomm.gamemode.ingame.services.ActivityMonitoringService$1.onActivityLaunch:127
12-09 12:26:59.702 D/GameModeIF_GameModeSettings( 9074): getUriFor setting_content_uri_root = content://com.thundercomm.gamemode.api/gamemode_settings , name = gamemode_isgaming
12-09 12:26:59.704 D/GameMode_GameSettingsObserver( 9074): Game Data change!!!! uri = content://com.thundercomm.gamemode.api/gamemode_settings/gamemode_isgaming
12-09 12:26:59.704 D/GameModeIF_GameModeSettings( 9074): getUriFor setting_content_uri_root = content://com.thundercomm.gamemode.api/gamemode_settings , name = gamemode_isgaming
12-09 12:26:59.704 I/GameModeConfig( 1514): Current uri is uri = content://com.thundercomm.gamemode.api/gamemode_settings/gamemode_isgaming
12-09 12:26:59.704 D/GameModeIF_GameModeSettings( 1514): getUriFor setting_content_uri_root = content://com.thundercomm.gamemode.api/gamemode_settings , name = gamemode_isgaming
12-09 12:26:59.704 D/GameModeIF_GameModeSettings( 9074): gamemode_isgaming set to 0
12-09 12:26:59.705 D/AccountManagerService( 1514): bind attempt failed for Session: expectLaunch true, connected false, stats (0/0/0), lifetime 0.0, addAccount, accountType com.google, requiredFeatures null
12-09 12:26:59.706 D/GameMode_GameModeService( 9074): updateGlobalSettings = gamemode_isgaming
12-09 12:26:59.706 D/GameMode_GameModeService( 9074): type=hide_entry
12-09 12:26:59.710 I/GameModeConfig( 1514): isGameModeOn = false
12-09 12:26:59.710 I/GameModeConfig( 1514): isGameModeOn = false
12-09 12:26:59.710 I/GameModeConfig( 1514): isDisableVoice = true
12-09 12:26:59.713 W/WindowManager( 1514): updateScale0.7996942
12-09 12:26:59.725 W/WindowManager( 1514): updateScale0.7996942
12-09 12:26:59.726 D/FreeWindowHelper( 2834): enterOrExitRecentTasks: isEnterRecentTasks=false,mExitFlag=1
12-09 12:26:59.727 W/FreeFormWindowHelper( 1514): exitRecentTasks type=1
12-09 12:26:59.727 E/PagedView( 2834): validateNewPage: failed to find a page < mMaxScrollX
12-09 12:26:59.728 W/WindowManager( 1514): updateScale0.7996942
12-09 12:26:59.729 W/WindowManager( 1514): updateScale0.7996942
12-09 12:26:59.730 I/EventSequenceValidator( 1514): Transition from ACTIVITY_LAUNCHED to ACTIVITY_FINISHED
12-09 12:26:59.736 I/ActivityTaskManager( 1514): Displayed com.android.calendar/.AllInOneActivity: +61ms
12-09 12:26:59.745 I/mpu_uart( 649): [MSG-P:RECV]:No message received in 1000 ms
12-09 12:26:59.749 I/OpenGLRenderer(19196): Davey! duration=9223346402059ms; Flags=0, FrameTimelineVsyncId=406621, IntendedVsync=25634795096590, Vsync=25634795096590, InputEventId=0, HandleInputStart=25634804740062, AnimationStart=25634804741989, PerformTraversalsStart=25634804872562, DrawStart=25634809882354, FrameDeadline=25634828429922, FrameInterval=25634804733708, FrameStartTime=16666666, SyncQueued=25634810398864, SyncStart=25634810422197, IssueDrawCommandsStart=25634810519281, SwapBuffers=25634811443239, FrameCompleted=9223372036854775807, DequeueBufferDuration=11250, QueueBufferDuration=320260, GpuCompleted=9223372036854775807, SwapBuffersCompleted=25634811907302, DisplayPresentTime=0,
12-09 12:27:00.001 D/KeyguardUpdateMonitor( 2372): received broadcast android.intent.action.TIME_TICK
12-09 12:27:00.006 W/WindowManager( 1514): updateScale0.7996942
12-09 12:27:00.013 D/KeyguardUpdateMonitor( 2372): handleTimeUpdate
12-09 12:27:00.015 D/KeyguardUpdateMonitor( 2372): received broadcast android.intent.action.TIME_TICK
12-09 12:27:00.033 D/KeyguardUpdateMonitor( 2372): handleTimeUpdate
12-09 12:27:00.132 E/PagedView( 2834): validateNewPage: failed to find a page < mMaxScrollX
12-09 12:27:00.330 I/OMX-VENC: venc_dev( 1203): stats: avg. fps 43.07, bitrate 1731624
12-09 12:27:00.505 I/OMX-VENC: venc_dev( 1203): stats: avg. fps 32.74, bitrate 2987009
12-09 12:27:00.591 W/swapper/3( 0): type=1400 audit(0.0:8123): avc: denied { kill } for capability=5 scontext=u:r:kernel:s0 tcontext=u:r:kernel:s0 tclass=capability permissive=0
12-09 12:27:00.746 I/mpu_uart( 649): [MSG-P:RECV]:No message received in 1000 ms
12-09 12:27:01.295 D/ConnectivityService( 1514): Data stall detected with methods: 1
12-09 12:27:01.295 D/NetworkMonitor/104( 2515): isDataStall: result=1, tcp packets received=0, latest tcp fail rate=-1, consecutive dns timeout count=226
12-09 12:27:01.296 D/NetworkMonitor/104( 2515): Suspecting data stall, reevaluate
12-09 12:27:01.299 D/NetworkMonitor/104( 2515): Validation disabled.
12-09 12:27:01.305 D/ConnectivityService( 1514): [104 WIFI] validation passed
12-09 12:27:01.337 I/OMX-VENC: venc_dev( 1203): stats: avg. fps 10.92, bitrate 108545
12-09 12:27:01.507 I/OMX-VENC: venc_dev( 1203): stats: avg. fps 2.00, bitrate 152727
12-09 12:27:01.746 I/mpu_uart( 649): [MSG-P:RECV]:No message received in 1000 ms
12-09 12:27:02.408 I/OMX-VENC: venc_dev( 1203): stats: avg. fps 10.27, bitrate 98836
12-09 12:27:02.417 I/mpu_uart( 649): [MSG-P:R]:recv sync frame timeout
12-09 12:27:02.507 I/OMX-VENC: venc_dev( 1203): stats: avg. fps 1.00, bitrate 54242
12-09 12:27:02.749 I/mpu_uart( 649): [MSG-P:RECV]:No message received in 1000 ms
12-09 12:27:03.472 I/OMX-VENC: venc_dev( 1203): stats: avg. fps 10.34, bitrate 101911
12-09 12:27:03.501 E/TaskPersister( 1514): File error accessing recents directory (directory doesn't exist?).
12-09 12:27:03.512 I/OMX-VENC: venc_dev( 1203): stats: avg. fps 1.99, bitrate 79368
12-09 12:27:03.591 W/swapper/3( 0): type=1400 audit(0.0:8124): avc: denied { kill } for capability=5 scontext=u:r:kernel:s0 tcontext=u:r:kernel:s0 tclass=capability permissive=0
12-09 12:27:03.749 I/mpu_uart( 649): [MSG-P:RECV]:No message received in 1000 ms
12-09 12:27:04.506 I/OMX-VENC: venc_dev( 1203): stats: avg. fps 10.64, bitrate 102663
12-09 12:27:04.512 I/OMX-VENC: venc_dev( 1203): stats: avg. fps 2.00, bitrate 98176
12-09 12:27:04.591 W/swapper/3( 0): type=1400 audit(0.0:8125): avc: denied { kill } for capability=5 scontext=u:r:kernel:s0 tcontext=u:r:kernel:s0 tclass=capability permissive=0
12-09 12:27:04.750 I/mpu_uart( 649): [MSG-P:RECV]:No message received in 1000 ms
12-09 12:27:05.418 I/mpu_uart( 649): [MSG-P:R]:recv sync frame timeout
12-09 12:27:05.506 I/OMX-VENC: venc_dev( 1203): stats: avg. fps 11.00, bitrate 108794
12-09 12:27:05.591 W/swapper/3( 0): type=1400 audit(0.0:8126): avc: denied { kill } for capability=5 scontext=u:r:kernel:s0 tcontext=u:r:kernel:s0 tclass=capability permissive=0
12-09 12:27:05.694 W/hpplay-java( 3295): [AsyncTask #1020]:HttpRequest:
12-09 12:27:05.696 W/hpplay-java( 3295): [AsyncTask #1020]:HttpRequest:
12-09 12:27:05.696 D/NetworkMonitor/104( 2515): isDataStall: result=1, tcp packets received=0, latest tcp fail rate=-1, consecutive dns timeout count=227
12-09 12:27:05.696 D/NetworkMonitor/104( 2515): Suspecting data stall, reevaluate
12-09 12:27:05.697 W/hpplay-java( 3295): [AsyncTask #1020]:HttpRequest:
12-09 12:27:05.697 E/hpplay-java( 3295): [main]:IMTask:getIMRoot failed
12-09 12:27:05.698 D/ConnectivityService( 1514): Data stall detected with methods: 1
12-09 12:27:05.698 D/NetworkMonitor/104( 2515): Validation disabled.
12-09 12:27:05.702 D/ConnectivityService( 1514): [104 WIFI] validation passed
12-09 12:27:05.744 D/UIAutomatorStub(18567): URI: /jsonrpc/0, Method: POST, params, {NanoHttpd.QUERY_STRING=null}, files: {postData={"jsonrpc": "2.0", "id": "c0bef905051c0e9dde0054644d1b9ed5", "method": "waitForExists", "params": [{"mask": 2097152, "childOrSibling": [], "childOrSiblingSelector": [], "resourceId": "android:id/move_window"}, 3000]}}
12-09 12:27:05.746 W/QueryController(18567): Could not detect idle state.
12-09 12:27:05.750 I/mpu_uart( 649): [MSG-P:RECV]:No message received in 1000 ms
12-09 12:27:05.784 D/UIAutomatorStub(18567): URI: /jsonrpc/0, Method: POST, params, {NanoHttpd.QUERY_STRING=null}, files: {postData={"jsonrpc": "2.0", "id": "fc7f8f881c9c7a8b7797bf7b26e3f784", "method": "objInfo", "params": [{"mask": 2097152, "childOrSibling": [], "childOrSiblingSelector": [], "resourceId": "android:id/move_window"}]}}
12-09 12:27:05.785 W/QueryController(18567): Could not detect idle state.
12-09 12:27:05.794 W/QueryController(18567): Could not detect idle state.
12-09 12:27:05.796 W/QueryController(18567): Could not detect idle state.
12-09 12:27:05.797 W/QueryController(18567): Could not detect idle state.
12-09 12:27:05.798 W/QueryController(18567): Could not detect idle state.
12-09 12:27:05.799 W/QueryController(18567): Could not detect idle state.
12-09 12:27:05.799 W/QueryController(18567): Could not detect idle state.
12-09 12:27:05.800 W/QueryController(18567): Could not detect idle state.
12-09 12:27:05.801 W/QueryController(18567): Could not detect idle state.
12-09 12:27:05.802 W/QueryController(18567): Could not detect idle state.
12-09 12:27:05.803 W/QueryController(18567): Could not detect idle state.
12-09 12:27:05.804 W/QueryController(18567): Could not detect idle state.
12-09 12:27:05.804 W/QueryController(18567): Could not detect idle state.
12-09 12:27:05.805 W/QueryController(18567): Could not detect idle state.
12-09 12:27:05.806 W/QueryController(18567): Could not detect idle state.
12-09 12:27:05.807 W/QueryController(18567): Could not detect idle state.
12-09 12:27:05.809 W/QueryController(18567): Could not detect idle state.
12-09 12:27:05.810 W/QueryController(18567): Could not detect idle state.
12-09 12:27:05.865 D/UIAutomatorStub(18567): URI: /jsonrpc/0, Method: POST, params, {NanoHttpd.QUERY_STRING=null}, files: {postData={"jsonrpc": "2.0", "id": "f28b6736f456e223bc22123c7ebe69cd", "method": "click", "params": [261.5, 99.0]}}
12-09 12:27:06.513 I/OMX-VENC: venc_dev( 1203): stats: avg. fps 20.86, bitrate 200375
12-09 12:27:06.520 I/OMX-VENC: venc_dev( 1203): stats: avg. fps 16.89, bitrate 1266372
12-09 12:27:06.591 W/swapper/3( 0): type=1400 audit(0.0:8127): avc: denied { kill } for capability=5 scontext=u:r:kernel:s0 tcontext=u:r:kernel:s0 tclass=capability permissive=0
