12-09 12:28:57.604 W/QueryController(18567): Could not detect idle state.
12-09 12:28:57.606 W/QueryController(18567): Could not detect idle state.
12-09 12:28:57.607 W/QueryController(18567): Could not detect idle state.
12-09 12:28:57.608 W/QueryController(18567): Could not detect idle state.
12-09 12:28:57.609 W/QueryController(18567): Could not detect idle state.
12-09 12:28:57.610 W/QueryController(18567): Could not detect idle state.
12-09 12:28:57.611 W/QueryController(18567): Could not detect idle state.
12-09 12:28:57.613 W/QueryController(18567): Could not detect idle state.
12-09 12:28:57.614 W/QueryController(18567): Could not detect idle state.
12-09 12:28:57.666 D/UIAutomatorStub(18567): URI: /jsonrpc/0, Method: POST, params, {NanoHttpd.QUERY_STRING=null}, files: {postData={"jsonrpc": "2.0", "id": "4343c8afab45245ea8e6c78887037b47", "method": "click", "params": [261.5, 99.0]}}
12-09 12:28:57.793 I/mpu_uart( 649): [MSG-P:RECV]:No message received in 1000 ms
12-09 12:28:57.797 I/OMX-VENC: venc_dev( 1203): stats: avg. fps 4.00, bitrate 204463
12-09 12:28:58.230 I/OMX-VENC: venc_dev( 1203): stats: avg. fps 19.38, bitrate 177650
12-09 12:28:58.591 W/swapper/3( 0): type=1400 audit(0.0:8229): avc: denied { kill } for capability=5 scontext=u:r:kernel:s0 tcontext=u:r:kernel:s0 tclass=capability permissive=0
12-09 12:28:58.793 I/mpu_uart( 649): [MSG-P:RECV]:No message received in 1000 ms
12-09 12:28:58.804 I/OMX-VENC: venc_dev( 1203): stats: avg. fps 9.93, bitrate 950578
12-09 12:28:58.913 D/UIAutomatorStub(18567): URI: /jsonrpc/0, Method: POST, params, {NanoHttpd.QUERY_STRING=null}, files: {postData={"jsonrpc": "2.0", "id": "99e3a7ff0861a21f78c9f12fb474f0f7", "method": "exist", "params": [{"mask": 2097152, "childOrSibling": [], "childOrSiblingSelector": [], "resourceId": "android:id/caption"}]}}
12-09 12:28:58.917 W/QueryController(18567): Could not detect idle state.
12-09 12:28:59.304 I/OMX-VENC: venc_dev( 1203): stats: avg. fps 10.23, bitrate 92291
12-09 12:28:59.523 I/mpu_uart( 649): [MSG-P:R]:recv sync frame timeout
12-09 12:28:59.591 W/swapper/3( 0): type=1400 audit(0.0:8230): avc: denied { kill } for capability=5 scontext=u:r:kernel:s0 tcontext=u:r:kernel:s0 tclass=capability permissive=0
12-09 12:28:59.794 I/mpu_uart( 649): [MSG-P:RECV]:No message received in 1000 ms
12-09 12:28:59.804 I/OMX-VENC: venc_dev( 1203): stats: avg. fps 2.00, bitrate 53832
12-09 12:29:00.003 D/KeyguardUpdateMonitor( 2372): received broadcast android.intent.action.TIME_TICK
12-09 12:29:00.004 D/KeyguardUpdateMonitor( 2372): handleTimeUpdate
12-09 12:29:00.373 I/OMX-VENC: venc_dev( 1203): stats: avg. fps 10.29, bitrate 98299
12-09 12:29:00.591 W/swapper/3( 0): type=1400 audit(0.0:8231): avc: denied { kill } for capability=5 scontext=u:r:kernel:s0 tcontext=u:r:kernel:s0 tclass=capability permissive=0
12-09 12:29:00.794 I/mpu_uart( 649): [MSG-P:RECV]:No message received in 1000 ms
12-09 12:29:00.809 I/OMX-VENC: venc_dev( 1203): stats: avg. fps 1.00, bitrate 35094
12-09 12:29:01.013 D/ProcessState(19588): Binder ioctl to enable oneway spam detection failed: Invalid argument
12-09 12:29:01.020 D/StateManager( 2834): goToState: Overview
12-09 12:29:01.021 D/EditModeHelper( 2834): setHotseatVisibility: 0
12-09 12:29:01.022 V/ShadeControllerImpl( 2372): NotificationShadeWindow: com.android.systemui.statusbar.phone.NotificationShadeWindowView{7f4383b I.E...... ......ID 0,0-2380,1020} canPanelBeCollapsed(): false
12-09 12:29:01.030 D/UIAutomatorStub(18567): URI: /jsonrpc/0, Method: POST, params, {NanoHttpd.QUERY_STRING=null}, files: {postData={"jsonrpc": "2.0", "id": "5efbe41808df3f84bd8f4b87c2cbe5dc", "method": "waitForExists", "params": [{"mask": 2097153, "childOrSibling": [], "childOrSiblingSelector": [], "resourceId": "com.android.launcher3:id/name_tv", "text": "\u65e5\u5386"}, 3000]}}
12-09 12:29:01.033 W/QueryController(18567): Could not detect idle state.
12-09 12:29:01.045 D/FreeWindowHelper( 2834): enterOrExitRecentTasks: isEnterRecentTasks=true,mExitFlag=1
12-09 12:29:01.055 D/ActivityTrigger( 1514): ActivityTrigger activityPauseTrigger
12-09 12:29:01.063 D/FreeWindowContainer( 2834): reloadTask: TaskInfo{userId=0 taskId=160 displayId=0 isRunning=false baseIntent=Intent { flg=0x10008000 cmp=com.android.calendar/.AllInOneActivity } baseActivity=null topActivity=null origActivity=null realActivity=ComponentInfo{com.android.calendar/com.android.calendar.AllInOneActivity} numActivities=0 lastActiveTime=25756134 supportsSplitScreenMultiWindow=true supportsMultiWindow=true resizeMode=1 isResizeable=true token=WCT{android.window.IWindowContainerToken$Stub$Proxy@ed55505} topActivityType=1 pictureInPictureParams=null displayCutoutSafeInsets=null topActivityInfo=null launchCookies=[] positionInParent=Point(0, 72) parentTaskId=-1 isFocused=false isVisible=true topActivityInSizeCompat=false locusId= null}
12-09 12:29:01.070 I/ActivityTaskManager( 1514): FOREGROUND_APPLICATION_CHANGED to com.android.launcher3.uioverrides.QuickstepLauncher
12-09 12:29:01.083 I/GameMode_ActivityMonitoringService( 9074): onForegroundActivitiesChanged uid 10069 pid 19196 fg false
12-09 12:29:01.093 W/InputManager-JNI( 1514): Input channel object 'c9fbd3c com.android.calendar/com.android.calendar.AllInOneActivity (client)' was disposed without first being removed with the input manager!
12-09 12:29:01.095 I/GameMode_ActivityMonitoringService( 9074): Updating top task to: TaskInfoContainer [topActivity=ComponentInfo{com.android.launcher3/com.android.launcher3.uioverrides.QuickstepLauncher}, taskId=10, stackId=1, userId=0, displayId=0, position=6
12-09 12:29:01.095 I/GameMode_ActivityMonitoringService( 9074): Notifying about top task: TaskInfoContainer [topActivity=ComponentInfo{com.android.launcher3/com.android.launcher3.uioverrides.QuickstepLauncher}, taskId=10, stackId=1, userId=0, displayId=0, position=6
12-09 12:29:01.095 E/GameMode_ActivityMonitoringService( 9074): onActivityLaunch:com.android.launcher3
12-09 12:29:01.095 V/GameMode_GameTypeUtils( 9074): judge isGame:com.android.launcher3
12-09 12:29:01.095 V/GameMode_GpuUtils( 9074): fps:60
12-09 12:29:01.096 W/ByMatcher(18567): Node returned null child: android.view.accessibility.AccessibilityNodeInfo@80006d51; boundsInParent: Rect(0, 0 - 523, 928); boundsInScreen: Rect(0, 72 - 523, 1000); packageName: com.android.calendar; className: android.widget.FrameLayout; text: null; error: null; maxTextLength: -1; stateDescription: null; contentDescription: null; tooltipText: null; viewIdResName: null; checkable: false; checked: false; focusable: false; focused: false; selected: false; clickable: false; longClickable: false; contextClickable: false; enabled: true; password: false; scrollable: false; importantForAccessibility: true; visible: true; actions: [AccessibilityAction: ACTION_SELECT - null, AccessibilityAction: ACTION_CLEAR_SELECTION - null, AccessibilityAction: ACTION_ACCESSIBILITY_FOCUS - null, AccessibilityAction: ACTION_SHOW_ON_SCREEN - null]
12-09 12:29:01.096 W/ByMatcher(18567): Skipping null child (0 of 1)
12-09 12:29:01.096 W/ByMatcher(18567): Node returned null child: android.view.accessibility.AccessibilityNodeInfo@80006d51; boundsInParent: Rect(0, 0 - 523, 928); boundsInScreen: Rect(0, 72 - 523, 1000); packageName: com.android.calendar; className: android.widget.FrameLayout; text: null; error: null; maxTextLength: -1; stateDescription: null; contentDescription: null; tooltipText: null; viewIdResName: null; checkable: false; checked: false; focusable: false; focused: false; selected: false; clickable: false; longClickable: false; contextClickable: false; enabled: true; password: false; scrollable: false; importantForAccessibility: true; visible: true; actions: [AccessibilityAction: ACTION_SELECT - null, AccessibilityAction: ACTION_CLEAR_SELECTION - null, AccessibilityAction: ACTION_ACCESSIBILITY_FOCUS - null, AccessibilityAction: ACTION_SHOW_ON_SCREEN - null]
12-09 12:29:01.096 W/ByMatcher(18567): Skipping null child (0 of 1)
12-09 12:29:01.097 W/ActivityTaskManager( 1514): getTaskSnapshot: taskId=159 not found
12-09 12:29:01.097 D/GameMode_GameModeActionUtils( 9074): Show GameMode entry by service!
12-09 12:29:01.098 W/ContextImpl( 9074): Calling a method in the system process without a qualified user: android.app.ContextImpl.startService:1816 android.content.ContextWrapper.startService:774 com.thundercomm.gamemode.ingame.services.GameModeActionUtils.startGameModeService:99 com.thundercomm.gamemode.ingame.services.GameModeActionUtils.startGameModeEntry:22 com.thundercomm.gamemode.ingame.services.ActivityMonitoringService$1.onActivityLaunch:127
12-09 12:29:01.098 W/ActivityTaskManager( 1514): getTaskSnapshot: taskId=5159 not found
12-09 12:29:01.099 W/ActivityTaskManager( 1514): getTaskSnapshot: taskId=4159 not found
12-09 12:29:01.100 D/GameModeIF_GameModeSettings( 9074): getUriFor setting_content_uri_root = content://com.thundercomm.gamemode.api/gamemode_settings , name = gamemode_isgaming
12-09 12:29:01.101 W/ActivityTaskManager( 1514): getTaskSnapshot: taskId=3159 not found
12-09 12:29:01.103 D/GameMode_GameSettingsObserver( 9074): Game Data change!!!! uri = content://com.thundercomm.gamemode.api/gamemode_settings/gamemode_isgaming
12-09 12:29:01.103 D/GameModeIF_GameModeSettings( 9074): getUriFor setting_content_uri_root = content://com.thundercomm.gamemode.api/gamemode_settings , name = gamemode_isgaming
12-09 12:29:01.104 I/GameModeConfig( 1514): Current uri is uri = content://com.thundercomm.gamemode.api/gamemode_settings/gamemode_isgaming
12-09 12:29:01.104 D/GameModeIF_GameModeSettings( 1514): getUriFor setting_content_uri_root = content://com.thundercomm.gamemode.api/gamemode_settings , name = gamemode_isgaming
12-09 12:29:01.104 D/GameModeIF_GameModeSettings( 9074): gamemode_isgaming set to 0
12-09 12:29:01.106 I/GameModeConfig( 1514): isGameModeOn = false
12-09 12:29:01.106 I/GameModeConfig( 1514): isGameModeOn = false
12-09 12:29:01.106 I/GameModeConfig( 1514): isDisableVoice = true
12-09 12:29:01.107 D/GameMode_GameModeService( 9074): type=hide_entry
12-09 12:29:01.107 D/GameMode_GameModeService( 9074): updateGlobalSettings = gamemode_isgaming
12-09 12:29:01.114 D/libEGL ( 1514): MSAA-->msaa:0 gamemode:0 4x_msaa:0
12-09 12:29:01.115 D/libEGL ( 1514): MSAA-->msaa:0 gamemode:0 4x_msaa:0
12-09 12:29:01.119 D/libEGL ( 1514): MSAA-->msaa:0 gamemode:0 4x_msaa:0
12-09 12:29:01.131 D/BaseIconFactory( 2834): normalizeAndWrapToAdaptiveIcon: scale=0.8095241
12-09 12:29:01.131 W/ActivityTaskManager( 1514): getTaskSnapshot: taskId=5160 not found
12-09 12:29:01.132 D/BaseIconFactory( 2834): normalizeAndWrapToAdaptiveIcon: scale=0.8095241
12-09 12:29:01.133 W/ActivityTaskManager( 1514): getTaskSnapshot: taskId=4160 not found
12-09 12:29:01.134 D/BaseIconFactory( 2834): normalizeAndWrapToAdaptiveIcon: scale=0.8095241
12-09 12:29:01.135 W/ActivityTaskManager( 1514): getTaskSnapshot: taskId=3160 not found
12-09 12:29:01.135 D/BaseIconFactory( 2834): normalizeAndWrapToAdaptiveIcon: scale=0.8095241
12-09 12:29:01.136 W/ActivityTaskManager( 1514): getTaskSnapshot: taskId=2160 not found
12-09 12:29:01.137 D/BaseIconFactory( 2834): normalizeAndWrapToAdaptiveIcon: scale=0.8095241
12-09 12:29:01.137 W/ActivityTaskManager( 1514): getTaskSnapshot: taskId=1160 not found
12-09 12:29:01.138 D/BaseIconFactory( 2834): normalizeAndWrapToAdaptiveIcon: scale=0.8095241
12-09 12:29:01.146 W/ActivityTaskManager( 1514): getTaskSnapshot: taskId=3160 not found
12-09 12:29:01.147 W/ActivityTaskManager( 1514): getTaskSnapshot: taskId=2160 not found
12-09 12:29:01.147 W/ActivityTaskManager( 1514): getTaskSnapshot: taskId=1160 not found
12-09 12:29:01.172 I/GameMode_ActivityMonitoringService( 9074): onTaskStackChanged
12-09 12:29:01.175 I/GameMode_ActivityMonitoringService( 9074): Updating top task to: TaskInfoContainer [topActivity=ComponentInfo{com.android.launcher3/com.android.launcher3.uioverrides.QuickstepLauncher}, taskId=10, stackId=1, userId=0, displayId=0, position=6
12-09 12:29:01.175 I/GameMode_ActivityMonitoringService( 9074): Notifying about top task: TaskInfoContainer [topActivity=ComponentInfo{com.android.launcher3/com.android.launcher3.uioverrides.QuickstepLauncher}, taskId=10, stackId=1, userId=0, displayId=0, position=6
12-09 12:29:01.175 E/GameMode_ActivityMonitoringService( 9074): onActivityLaunch:com.android.launcher3
12-09 12:29:01.176 V/GameMode_GameTypeUtils( 9074): judge isGame:com.android.launcher3
12-09 12:29:01.176 V/GameMode_GpuUtils( 9074): fps:60
12-09 12:29:01.180 D/GameMode_GameModeActionUtils( 9074): Show GameMode entry by service!
12-09 12:29:01.180 W/ContextImpl( 9074): Calling a method in the system process without a qualified user: android.app.ContextImpl.startService:1816 android.content.ContextWrapper.startService:774 com.thundercomm.gamemode.ingame.services.GameModeActionUtils.startGameModeService:99 com.thundercomm.gamemode.ingame.services.GameModeActionUtils.startGameModeEntry:22 com.thundercomm.gamemode.ingame.services.ActivityMonitoringService$1.onActivityLaunch:127
12-09 12:29:01.183 D/GameModeIF_GameModeSettings( 9074): getUriFor setting_content_uri_root = content://com.thundercomm.gamemode.api/gamemode_settings , name = gamemode_isgaming
12-09 12:29:01.184 I/GameModeConfig( 1514): Current uri is uri = content://com.thundercomm.gamemode.api/gamemode_settings/gamemode_isgaming
12-09 12:29:01.184 D/GameModeIF_GameModeSettings( 1514): getUriFor setting_content_uri_root = content://com.thundercomm.gamemode.api/gamemode_settings , name = gamemode_isgaming
12-09 12:29:01.185 D/GameMode_GameModeService( 9074): type=hide_entry
12-09 12:29:01.186 I/GameModeConfig( 1514): isGameModeOn = false
12-09 12:29:01.186 I/GameModeConfig( 1514): isGameModeOn = false
12-09 12:29:01.186 I/GameModeConfig( 1514): isDisableVoice = true
12-09 12:29:01.187 D/GameMode_GameSettingsObserver( 9074): Game Data change!!!! uri = content://com.thundercomm.gamemode.api/gamemode_settings/gamemode_isgaming
12-09 12:29:01.187 D/GameModeIF_GameModeSettings( 9074): getUriFor setting_content_uri_root = content://com.thundercomm.gamemode.api/gamemode_settings , name = gamemode_isgaming
12-09 12:29:01.187 D/GameModeIF_GameModeSettings( 9074): gamemode_isgaming set to 0
12-09 12:29:01.188 D/GameMode_GameModeService( 9074): updateGlobalSettings = gamemode_isgaming
12-09 12:29:01.272 W/System ( 1514): A resource failed to call close.
12-09 12:29:01.272 W/System ( 1514): A resource failed to call close.
12-09 12:29:01.273 W/System ( 1514): A resource failed to call close.
12-09 12:29:01.273 W/System ( 1514): A resource failed to call close.
12-09 12:29:01.280 W/ByMatcher(18567): Node returned null child: android.view.accessibility.AccessibilityNodeInfo@128a3; boundsInParent: Rect(0, 0 - 1496, 772); boundsInScreen: Rect(562, 142 - 2058, 914); packageName: com.android.launcher3; className: android.widget.ListView; text: null; error: null; maxTextLength: -1; stateDescription: null; contentDescription: ; tooltipText: null; viewIdResName: com.android.launcher3:id/overview_panel; checkable: false; checked: false; focusable: false; focused: false; selected: false; clickable: false; longClickable: false; contextClickable: false; enabled: true; password: false; scrollable: true; importantForAccessibility: true; visible: true; actions: [AccessibilityAction: ACTION_SELECT - null, AccessibilityAction: ACTION_CLEAR_SELECTION - null, AccessibilityAction: ACTION_ACCESSIBILITY_FOCUS - null, AccessibilityAction: ACTION_SCROLL_FORWARD - null, AccessibilityAction: ACTION_SCROLL_BACKWARD - null, AccessibilityAction: ACTION_SHOW_ON_SCREEN - null, AccessibilityAction: ACTION_PAGE_LEFT - null, AccessibilityAction: ACTION_PAGE_RIGHT - null]
12-09 12:29:01.280 W/ByMatcher(18567): Skipping null child (5 of 6)
12-09 12:29:01.340 D/UIAutomatorStub(18567): URI: /jsonrpc/0, Method: POST, params, {NanoHttpd.QUERY_STRING=null}, files: {postData={"jsonrpc": "2.0", "id": "ea972191a16a7a3f0f425e67be75e3d3", "method": "objInfo", "params": [{"mask": 2097153, "childOrSibling": [], "childOrSiblingSelector": [], "resourceId": "com.android.launcher3:id/name_tv", "text": "\u65e5\u5386"}]}}
12-09 12:29:01.342 W/QueryController(18567): Could not detect idle state.
12-09 12:29:01.360 D/FreeFormWindowHelper( 1514): Remove freefrom task=Task{1016d36 #160 type=standard A=10069:android.task.calendar U=0 visible=false mode=freeform translucent=true sz=0}
12-09 12:29:01.391 I/OMX-VENC: venc_dev( 1203): stats: avg. fps 23.58, bitrate 653842
12-09 12:29:01.399 W/QueryController(18567): Could not detect idle state.
12-09 12:29:01.426 W/QueryController(18567): Could not detect idle state.
12-09 12:29:01.445 W/QueryController(18567): Could not detect idle state.
12-09 12:29:01.459 W/QueryController(18567): Could not detect idle state.
12-09 12:29:01.479 W/QueryController(18567): Could not detect idle state.
12-09 12:29:01.494 W/QueryController(18567): Could not detect idle state.
12-09 12:29:01.495 W/QueryController(18567): Could not detect idle state.
12-09 12:29:01.496 W/QueryController(18567): Could not detect idle state.
12-09 12:29:01.501 W/QueryController(18567): Could not detect idle state.
12-09 12:29:01.502 W/QueryController(18567): Could not detect idle state.
12-09 12:29:01.503 W/QueryController(18567): Could not detect idle state.
12-09 12:29:01.504 W/QueryController(18567): Could not detect idle state.
12-09 12:29:01.505 W/QueryController(18567): Could not detect idle state.
12-09 12:29:01.506 W/QueryController(18567): Could not detect idle state.
12-09 12:29:01.507 W/QueryController(18567): Could not detect idle state.
12-09 12:29:01.511 W/QueryController(18567): Could not detect idle state.
12-09 12:29:01.512 W/QueryController(18567): Could not detect idle state.
12-09 12:29:01.539 W/System (18567): A resource failed to call end.
12-09 12:29:01.540 W/System (18567): A resource failed to call end.
12-09 12:29:01.540 W/System (18567): A resource failed to call end.
12-09 12:29:01.540 W/System (18567): A resource failed to call end.
12-09 12:29:01.540 W/System (18567): A resource failed to call end.
12-09 12:29:01.540 W/System (18567): A resource failed to call end.
12-09 12:29:01.540 W/System (18567): A resource failed to call end.
12-09 12:29:01.540 W/System (18567): A resource failed to call end.
12-09 12:29:01.540 W/System (18567): A resource failed to call end.
12-09 12:29:01.540 W/System (18567): A resource failed to call end.
12-09 12:29:01.540 W/System (18567): A resource failed to call end.
12-09 12:29:01.540 W/System (18567): A resource failed to call end.
12-09 12:29:01.563 D/UIAutomatorStub(18567): URI: /jsonrpc/0, Method: POST, params, {NanoHttpd.QUERY_STRING=null}, files: {postData={"jsonrpc": "2.0", "id": "a2ee7356329732f6463914dc0f315511", "method": "click", "params": [206.0, 405.0]}}
12-09 12:29:01.688 D/FreeWindowHelper( 2834): setExitFlag: old=0,new=1
12-09 12:29:01.690 I/ActivityTaskManager( 1514): START u0 {flg=0x10008000 cmp=com.android.calendar/.AllInOneActivity} from uid 10075
12-09 12:29:01.690 I/EventSequenceValidator( 1514): Transition from ACTIVITY_FINISHED to INTENT_STARTED
12-09 12:29:01.694 E/ANDR-PERF-JNI( 1514): com_qualcomm_qtiperformance_native_perf_io_prefetch_start
12-09 12:29:01.695 W/ActivityTaskManager( 1514): Can't find TaskDisplayArea to determine support for multi window. Task id=161 attached=false
12-09 12:29:01.697 D/FreeFormWindowHelper( 1514): Add freeform task=Task{1f1eb1e #161 type=standard ?? U=0 visible=false mode=freeform translucent=true sz=0}
12-09 12:29:01.700 E/ANDR-IOP( 865): io prefetch is disabled
12-09 12:29:01.701 D/CompatibilityInfo( 1514): mCompatibilityFlags - 4
12-09 12:29:01.701 D/CompatibilityInfo( 1514): applicationDensity - 240
12-09 12:29:01.701 D/CompatibilityInfo( 1514): applicationScale - 1.0
12-09 12:29:01.701 I/ActivityTaskManager( 1514): FOREGROUND_APPLICATION_CHANGED to com.android.calendar.AllInOneActivity
12-09 12:29:01.701 I/ActivityTaskManager( 1514): The Process com.android.calendar Already Exists in BG. So sending its PID: 19196
12-09 12:29:01.706 W/ActivityTaskManager( 1514): Tried to set launchTime (0) < mLastActivityLaunchTime (25746565)
12-09 12:29:01.707 D/CompatibilityInfo( 1514): mCompatibilityFlags - 4
12-09 12:29:01.707 D/CompatibilityInfo( 1514): applicationDensity - 240
12-09 12:29:01.707 D/CompatibilityInfo( 1514): applicationScale - 1.0
12-09 12:29:01.714 D/StateManager( 2834): goToState: Normal
12-09 12:29:01.715 D/EditModeHelper( 2834): setHotseatVisibility: 0
12-09 12:29:01.717 I/GameMode_ActivityMonitoringService( 9074): onForegroundActivitiesChanged uid 10069 pid 19196 fg true
12-09 12:29:01.723 I/EventSequenceValidator( 1514): Transition from INTENT_STARTED to ACTIVITY_LAUNCHED
12-09 12:29:01.724 I/GameMode_ActivityMonitoringService( 9074): Updating top task to: TaskInfoContainer [topActivity=ComponentInfo{com.android.calendar/com.android.calendar.AllInOneActivity}, taskId=161, stackId=161, userId=0, displayId=0, position=6
12-09 12:29:01.724 I/GameMode_ActivityMonitoringService( 9074): Notifying about top task: TaskInfoContainer [topActivity=ComponentInfo{com.android.calendar/com.android.calendar.AllInOneActivity}, taskId=161, stackId=161, userId=0, displayId=0, position=6
12-09 12:29:01.724 E/GameMode_ActivityMonitoringService( 9074): onActivityLaunch:com.android.calendar
12-09 12:29:01.724 V/GameMode_GameTypeUtils( 9074): judge isGame:com.android.calendar
12-09 12:29:01.724 V/GameMode_GpuUtils( 9074): fps:60
12-09 12:29:01.726 D/GameMode_GameModeActionUtils( 9074): Show GameMode entry by service!
12-09 12:29:01.726 W/ContextImpl( 9074): Calling a method in the system process without a qualified user: android.app.ContextImpl.startService:1816 android.content.ContextWrapper.startService:774 com.thundercomm.gamemode.ingame.services.GameModeActionUtils.startGameModeService:99 com.thundercomm.gamemode.ingame.services.GameModeActionUtils.startGameModeEntry:22 com.thundercomm.gamemode.ingame.services.ActivityMonitoringService$1.onActivityLaunch:127
12-09 12:29:01.728 D/GameModeIF_GameModeSettings( 9074): getUriFor setting_content_uri_root = content://com.thundercomm.gamemode.api/gamemode_settings , name = gamemode_isgaming
12-09 12:29:01.728 D/GameMode_GameModeService( 9074): type=hide_entry
12-09 12:29:01.730 I/GameModeConfig( 1514): Current uri is uri = content://com.thundercomm.gamemode.api/gamemode_settings/gamemode_isgaming
12-09 12:29:01.730 D/GameModeIF_GameModeSettings( 1514): getUriFor setting_content_uri_root = content://com.thundercomm.gamemode.api/gamemode_settings , name = gamemode_isgaming
12-09 12:29:01.730 D/GameModeIF_GameModeSettings( 9074): gamemode_isgaming set to 0
12-09 12:29:01.732 D/GameMode_GameSettingsObserver( 9074): Game Data change!!!! uri = content://com.thundercomm.gamemode.api/gamemode_settings/gamemode_isgaming
12-09 12:29:01.732 D/GameModeIF_GameModeSettings( 9074): getUriFor setting_content_uri_root = content://com.thundercomm.gamemode.api/gamemode_settings , name = gamemode_isgaming
12-09 12:29:01.732 I/GameModeConfig( 1514): isGameModeOn = false
12-09 12:29:01.732 I/GameModeConfig( 1514): isGameModeOn = false
12-09 12:29:01.732 I/GameModeConfig( 1514): isDisableVoice = true
12-09 12:29:01.734 D/GameMode_GameModeService( 9074): updateGlobalSettings = gamemode_isgaming
12-09 12:29:01.752 D/AccountManagerService( 1514): bind attempt failed for Session: expectLaunch true, connected false, stats (0/0/0), lifetime 0.0, addAccount, accountType com.google, requiredFeatures null
12-09 12:29:01.756 W/WindowManager( 1514): updateScale0.7996942
12-09 12:29:01.770 W/WindowManager( 1514): updateScale0.7996942
12-09 12:29:01.773 W/WindowManager( 1514): updateScale0.7996942
12-09 12:29:01.773 D/FreeWindowHelper( 2834): enterOrExitRecentTasks: isEnterRecentTasks=false,mExitFlag=1
12-09 12:29:01.774 W/FreeFormWindowHelper( 1514): exitRecentTasks type=1
12-09 12:29:01.774 W/WindowManager( 1514): updateScale0.7996942
12-09 12:29:01.775 E/PagedView( 2834): validateNewPage: failed to find a page < mMaxScrollX
12-09 12:29:01.775 I/EventSequenceValidator( 1514): Transition from ACTIVITY_LAUNCHED to ACTIVITY_FINISHED
12-09 12:29:01.785 I/ActivityTaskManager( 1514): Displayed com.android.calendar/.AllInOneActivity: +83ms
12-09 12:29:01.794 I/mpu_uart( 649): [MSG-P:RECV]:No message received in 1000 ms
12-09 12:29:01.815 I/OMX-VENC: venc_dev( 1203): stats: avg. fps 32.80, bitrate 3245668
12-09 12:29:02.049 W/WindowManager( 1514): updateScale0.7996942
12-09 12:29:02.174 E/PagedView( 2834): validateNewPage: failed to find a page < mMaxScrollX
12-09 12:29:02.478 I/OMX-VENC: venc_dev( 1203): stats: avg. fps 35.90, bitrate 1220813
12-09 12:29:02.526 I/mpu_uart( 649): [MSG-P:R]:recv sync frame timeout
12-09 12:29:02.591 W/swapper/3( 0): type=1400 audit(0.0:8232): avc: denied { kill } for capability=5 scontext=u:r:kernel:s0 tcontext=u:r:kernel:s0 tclass=capability permissive=0
12-09 12:29:02.797 I/mpu_uart( 649): [MSG-P:RECV]:No message received in 1000 ms
12-09 12:29:02.816 I/OMX-VENC: venc_dev( 1203): stats: avg. fps 22.99, bitrate 2600961
12-09 12:29:03.517 I/OMX-VENC: venc_dev( 1203): stats: avg. fps 10.58, bitrate 66498
12-09 12:29:03.591 W/swapper/3( 0): type=1400 audit(0.0:8233): avc: denied { kill } for capability=5 scontext=u:r:kernel:s0 tcontext=u:r:kernel:s0 tclass=capability permissive=0
12-09 12:29:03.798 I/mpu_uart( 649): [MSG-P:RECV]:No message received in 1000 ms
12-09 12:29:03.817 I/OMX-VENC: venc_dev( 1203): stats: avg. fps 2.00, bitrate 134104
12-09 12:29:04.591 W/swapper/3( 0): type=1400 audit(0.0:8234): avc: denied { kill } for capability=5 scontext=u:r:kernel:s0 tcontext=u:r:kernel:s0 tclass=capability permissive=0
12-09 12:29:04.615 I/OMX-VENC: venc_dev( 1203): stats: avg. fps 10.02, bitrate 52239
12-09 12:29:04.798 I/mpu_uart( 649): [MSG-P:RECV]:No message received in 1000 ms
12-09 12:29:04.818 I/OMX-VENC: venc_dev( 1203): stats: avg. fps 1.00, bitrate 51933
12-09 12:29:05.371 E/TaskPersister( 1514): File error accessing recents directory (directory doesn't exist?).
12-09 12:29:05.527 I/mpu_uart( 649): [MSG-P:R]:recv sync frame timeout
12-09 12:29:05.591 W/swapper/3( 0): type=1400 audit(0.0:8235): avc: denied { kill } for capability=5 scontext=u:r:kernel:s0 tcontext=u:r:kernel:s0 tclass=capability permissive=0
12-09 12:29:05.618 I/OMX-VENC: venc_dev( 1203): stats: avg. fps 9.97, bitrate 51565
12-09 12:29:05.798 I/mpu_uart( 649): [MSG-P:RECV]:No message received in 1000 ms
12-09 12:29:05.803 D/ConnectivityService( 1514): Data stall detected with methods: 1
12-09 12:29:05.803 D/NetworkMonitor/104( 2515): isDataStall: result=1, tcp packets received=0, latest tcp fail rate=-1, consecutive dns timeout count=228
12-09 12:29:05.804 D/NetworkMonitor/104( 2515): Suspecting data stall, reevaluate
12-09 12:29:05.805 D/NetworkMonitor/104( 2515): Validation disabled.
12-09 12:29:05.813 D/ConnectivityService( 1514): [104 WIFI] validation passed
12-09 12:29:06.591 W/swapper/3( 0): type=1400 audit(0.0:8236): avc: denied { kill } for capability=5 scontext=u:r:kernel:s0 tcontext=u:r:kernel:s0 tclass=capability permissive=0
12-09 12:29:06.623 I/OMX-VENC: venc_dev( 1203): stats: avg. fps 9.95, bitrate 51439
12-09 12:29:06.798 I/mpu_uart( 649): [MSG-P:RECV]:No message received in 1000 ms
12-09 12:29:06.821 I/OMX-VENC: venc_dev( 1203): stats: avg. fps 1.00, bitrate 42632
12-09 12:29:07.591 W/swapper/3( 0): type=1400 audit(0.0:8237): avc: denied { kill } for capability=5 scontext=u:r:kernel:s0 tcontext=u:r:kernel:s0 tclass=capability permissive=0
12-09 12:29:07.623 I/OMX-VENC: venc_dev( 1203): stats: avg. fps 10.00, bitrate 51966
12-09 12:29:07.766 D/UIAutomatorStub(18567): URI: /jsonrpc/0, Method: POST, params, {NanoHttpd.QUERY_STRING=null}, files: {postData={"jsonrpc": "2.0", "id": "b05c3419134fd02bb38e3b8a81dd7299", "method": "waitForExists", "params": [{"mask": 2097152, "childOrSibling": [], "childOrSiblingSelector": [], "resourceId": "android:id/move_window"}, 3000]}}
12-09 12:29:07.769 W/QueryController(18567): Could not detect idle state.
12-09 12:29:07.799 I/mpu_uart( 649): [MSG-P:RECV]:No message received in 1000 ms
12-09 12:29:07.822 I/OMX-VENC: venc_dev( 1203): stats: avg. fps 1.00, bitrate 37899
12-09 12:29:07.860 D/UIAutomatorStub(18567): URI: /jsonrpc/0, Method: POST, params, {NanoHttpd.QUERY_STRING=null}, files: {postData={"jsonrpc": "2.0", "id": "d9d508a152410df1b1310077e068a217", "method": "objInfo", "params": [{"mask": 2097152, "childOrSibling": [], "childOrSiblingSelector": [], "resourceId": "android:id/move_window"}]}}
12-09 12:29:07.863 W/QueryController(18567): Could not detect idle state.
12-09 12:29:07.878 W/QueryController(18567): Could not detect idle state.
12-09 12:29:07.881 W/QueryController(18567): Could not detect idle state.
12-09 12:29:07.883 W/QueryController(18567): Could not detect idle state.
12-09 12:29:07.885 W/QueryController(18567): Could not detect idle state.
12-09 12:29:07.886 W/QueryController(18567): Could not detect idle state.
12-09 12:29:07.888 W/QueryController(18567): Could not detect idle state.
12-09 12:29:07.890 W/QueryController(18567): Could not detect idle state.
12-09 12:29:07.891 W/QueryController(18567): Could not detect idle state.
12-09 12:29:07.893 W/QueryController(18567): Could not detect idle state.
12-09 12:29:07.894 W/QueryController(18567): Could not detect idle state.
12-09 12:29:07.896 W/QueryController(18567): Could not detect idle state.
12-09 12:29:07.898 W/QueryController(18567): Could not detect idle state.
12-09 12:29:07.900 W/QueryController(18567): Could not detect idle state.
12-09 12:29:07.902 W/QueryController(18567): Could not detect idle state.
12-09 12:29:07.903 W/QueryController(18567): Could not detect idle state.
12-09 12:29:07.905 W/QueryController(18567): Could not detect idle state.
12-09 12:29:07.906 W/QueryController(18567): Could not detect idle state.
12-09 12:29:07.960 D/UIAutomatorStub(18567): URI: /jsonrpc/0, Method: POST, params, {NanoHttpd.QUERY_STRING=null}, files: {postData={"jsonrpc": "2.0", "id": "c7d42ab3f90a3f3234719dd6a7fa1843", "method": "click", "params": [261.5, 99.0]}}
12-09 12:29:08.530 I/mpu_uart( 649): [MSG-P:R]:recv sync frame timeout
12-09 12:29:08.591 W/swapper/3( 0): type=1400 audit(0.0:8238): avc: denied { kill } for capability=5 scontext=u:r:kernel:s0 tcontext=u:r:kernel:s0 tclass=capability permissive=0
12-09 12:29:08.628 I/OMX-VENC: venc_dev( 1203): stats: avg. fps 20.89, bitrate 107955
12-09 12:29:08.799 I/mpu_uart( 649): [MSG-P:RECV]:No message received in 1000 ms
12-09 12:29:08.831 I/OMX-VENC: venc_dev( 1203): stats: avg. fps 15.86, bitrate 737860
12-09 12:29:09.180 D/UIAutomatorStub(18567): URI: /jsonrpc/0, Method: POST, params, {NanoHttpd.QUERY_STRING=null}, files: {postData={"jsonrpc": "2.0", "id": "30751f7164b9101523a155da415c6395", "method": "exist", "params": [{"mask": 2097152, "childOrSibling": [], "childOrSiblingSelector": [], "resourceId": "android:id/caption"}]}}
12-09 12:29:09.183 W/QueryController(18567): Could not detect idle state.
12-09 12:29:09.591 W/swapper/3( 0): type=1400 audit(0.0:8239): avc: denied { kill } for capability=5 scontext=u:r:kernel:s0 tcontext=u:r:kernel:s0 tclass=capability permissive=0
12-09 12:29:09.635 I/OMX-VENC: venc_dev( 1203): stats: avg. fps 9.94, bitrate 51141
12-09 12:29:09.801 I/mpu_uart( 649): [MSG-P:RECV]:No message received in 1000 ms
12-09 12:29:10.591 W/wlan_logging_th( 1237): type=1400 audit(0.0:8240): avc: denied { kill } for capability=5 scontext=u:r:kernel:s0 tcontext=u:r:kernel:s0 tclass=capability permissive=0
12-09 12:29:10.731 I/OMX-VENC: venc_dev( 1203): stats: avg. fps 10.04, bitrate 51615
12-09 12:29:10.802 I/mpu_uart( 649): [MSG-P:RECV]:No message received in 1000 ms
12-09 12:29:10.831 I/OMX-VENC: venc_dev( 1203): stats: avg. fps 1.00, bitrate 47074
12-09 12:29:11.281 D/ProcessState(19598): Binder ioctl to enable oneway spam detection failed: Invalid argument
12-09 12:29:11.286 D/StateManager( 2834): goToState: Overview
12-09 12:29:11.286 D/EditModeHelper( 2834): setHotseatVisibility: 0
12-09 12:29:11.290 V/ShadeControllerImpl( 2372): NotificationShadeWindow: com.android.systemui.statusbar.phone.NotificationShadeWindowView{7f4383b I.E...... ......ID 0,0-2380,1020} canPanelBeCollapsed(): false
12-09 12:29:11.300 D/UIAutomatorStub(18567): URI: /jsonrpc/0, Method: POST, params, {NanoHttpd.QUERY_STRING=null}, files: {postData={"jsonrpc": "2.0", "id": "2d8f239459af52fe10c395f635a4b963", "method": "waitForExists", "params": [{"mask": 2097153, "childOrSibling": [], "childOrSiblingSelector": [], "resourceId": "com.android.launcher3:id/name_tv", "text": "\u65e5\u5386"}, 3000]}}
12-09 12:29:11.302 W/QueryController(18567): Could not detect idle state.
12-09 12:29:11.304 D/FreeWindowHelper( 2834): enterOrExitRecentTasks: isEnterRecentTasks=true,mExitFlag=1
12-09 12:29:11.312 D/ActivityTrigger( 1514): ActivityTrigger activityPauseTrigger
12-09 12:29:11.320 D/FreeWindowContainer( 2834): reloadTask: TaskInfo{userId=0 taskId=161 displayId=0 isRunning=false baseIntent=Intent { flg=0x10008000 cmp=com.android.calendar/.AllInOneActivity } baseActivity=null topActivity=null origActivity=null realActivity=ComponentInfo{com.android.calendar/com.android.calendar.AllInOneActivity} numActivities=0 lastActiveTime=25766390 supportsSplitScreenMultiWindow=true supportsMultiWindow=true resizeMode=1 isResizeable=true token=WCT{android.window.IWindowContainerToken$Stub$Proxy@f455f1e} topActivityType=1 pictureInPictureParams=null displayCutoutSafeInsets=null topActivityInfo=null launchCookies=[] positionInParent=Point(0, 72) parentTaskId=-1 isFocused=false isVisible=true topActivityInSizeCompat=false locusId= null}
12-09 12:29:11.333 W/UiDevice(18567): Skipping null root node for window: AccessibilityWindowInfo[title=日历, displayId=0, id=148, type=TYPE_APPLICATION, layer=1, region=SkRegion((0,72,418,814)), bounds=Rect(0, 72 - 418, 814), focused=true, active=true, pictureInPicture=false, hasParent=false, isAnchored=false, hasChildren=false]
12-09 12:29:11.333 I/ActivityTaskManager( 1514): FOREGROUND_APPLICATION_CHANGED to com.android.launcher3.uioverrides.QuickstepLauncher
12-09 12:29:11.341 I/GameMode_ActivityMonitoringService( 9074): onForegroundActivitiesChanged uid 10069 pid 19196 fg false
12-09 12:29:11.348 W/ActivityTaskManager( 1514): getTaskSnapshot: taskId=160 not found
12-09 12:29:11.349 I/GameMode_ActivityMonitoringService( 9074): Updating top task to: TaskInfoContainer [topActivity=ComponentInfo{com.android.launcher3/com.android.launcher3.uioverrides.QuickstepLauncher}, taskId=10, stackId=1, userId=0, displayId=0, position=6
12-09 12:29:11.349 I/GameMode_ActivityMonitoringService( 9074): Notifying about top task: TaskInfoContainer [topActivity=ComponentInfo{com.android.launcher3/com.android.launcher3.uioverrides.QuickstepLauncher}, taskId=10, stackId=1, userId=0, displayId=0, position=6
12-09 12:29:11.350 E/GameMode_ActivityMonitoringService( 9074): onActivityLaunch:com.android.launcher3
12-09 12:29:11.350 V/GameMode_GameTypeUtils( 9074): judge isGame:com.android.launcher3
12-09 12:29:11.350 V/GameMode_GpuUtils( 9074): fps:60
12-09 12:29:11.352 W/InputManager-JNI( 1514): Input channel object '8ee4e64 com.android.calendar/com.android.calendar.AllInOneActivity (client)' was disposed without first being removed with the input manager!
12-09 12:29:11.355 W/ActivityTaskManager( 1514): getTaskSnapshot: taskId=5160 not found
12-09 12:29:11.356 W/ActivityTaskManager( 1514): getTaskSnapshot: taskId=4160 not found
12-09 12:29:11.356 D/GameMode_GameModeActionUtils( 9074): Show GameMode entry by service!
12-09 12:29:11.356 W/ContextImpl( 9074): Calling a method in the system process without a qualified user: android.app.ContextImpl.startService:1816 android.content.ContextWrapper.startService:774 com.thundercomm.gamemode.ingame.services.GameModeActionUtils.startGameModeService:99 com.thundercomm.gamemode.ingame.services.GameModeActionUtils.startGameModeEntry:22 com.thundercomm.gamemode.ingame.services.ActivityMonitoringService$1.onActivityLaunch:127
12-09 12:29:11.360 D/GameMode_GameModeService( 9074): type=hide_entry
12-09 12:29:11.360 D/GameModeIF_GameModeSettings( 9074): getUriFor setting_content_uri_root = content://com.thundercomm.gamemode.api/gamemode_settings , name = gamemode_isgaming
12-09 12:29:11.360 W/ActivityTaskManager( 1514): getTaskSnapshot: taskId=3160 not found
12-09 12:29:11.364 I/GameModeConfig( 1514): Current uri is uri = content://com.thundercomm.gamemode.api/gamemode_settings/gamemode_isgaming
12-09 12:29:11.365 D/GameModeIF_GameModeSettings( 1514): getUriFor setting_content_uri_root = content://com.thundercomm.gamemode.api/gamemode_settings , name = gamemode_isgaming
12-09 12:29:11.365 D/GameModeIF_GameModeSettings( 9074): gamemode_isgaming set to 0
12-09 12:29:11.365 D/GameMode_GameSettingsObserver( 9074): Game Data change!!!! uri = content://com.thundercomm.gamemode.api/gamemode_settings/gamemode_isgaming
12-09 12:29:11.365 D/GameModeIF_GameModeSettings( 9074): getUriFor setting_content_uri_root = content://com.thundercomm.gamemode.api/gamemode_settings , name = gamemode_isgaming
12-09 12:29:11.373 I/GameModeConfig( 1514): isGameModeOn = false
12-09 12:29:11.374 I/GameModeConfig( 1514): isGameModeOn = false
12-09 12:29:11.374 I/GameModeConfig( 1514): isDisableVoice = true
12-09 12:29:11.375 D/GameMode_GameModeService( 9074): updateGlobalSettings = gamemode_isgaming
12-09 12:29:11.375 D/libEGL ( 1514): MSAA-->msaa:0 gamemode:0 4x_msaa:0
12-09 12:29:11.376 D/libEGL ( 1514): MSAA-->msaa:0 gamemode:0 4x_msaa:0
12-09 12:29:11.377 D/libEGL ( 1514): MSAA-->msaa:0 gamemode:0 4x_msaa:0
12-09 12:29:11.389 W/ActivityTaskManager( 1514): getTaskSnapshot: taskId=2161 not found
12-09 12:29:11.391 D/BaseIconFactory( 2834): normalizeAndWrapToAdaptiveIcon: scale=0.8095241
12-09 12:29:11.392 W/ActivityTaskManager( 1514): getTaskSnapshot: taskId=5161 not found
12-09 12:29:11.395 D/BaseIconFactory( 2834): normalizeAndWrapToAdaptiveIcon: scale=0.8095241
12-09 12:29:11.396 W/ActivityTaskManager( 1514): getTaskSnapshot: taskId=4161 not found
12-09 12:29:11.397 D/BaseIconFactory( 2834): normalizeAndWrapToAdaptiveIcon: scale=0.8095241
12-09 12:29:11.397 W/ActivityTaskManager( 1514): getTaskSnapshot: taskId=3161 not found
12-09 12:29:11.399 D/BaseIconFactory( 2834): normalizeAndWrapToAdaptiveIcon: scale=0.8095241
12-09 12:29:11.399 W/ActivityTaskManager( 1514): getTaskSnapshot: taskId=2161 not found
12-09 12:29:11.400 D/BaseIconFactory( 2834): normalizeAndWrapToAdaptiveIcon: scale=0.8095241
12-09 12:29:11.402 W/ActivityTaskManager( 1514): getTaskSnapshot: taskId=1161 not found
12-09 12:29:11.404 D/BaseIconFactory( 2834): normalizeAndWrapToAdaptiveIcon: scale=0.8095241
12-09 12:29:11.405 W/ActivityTaskManager( 1514): getTaskSnapshot: taskId=5161 not found
12-09 12:29:11.405 W/ActivityTaskManager( 1514): getTaskSnapshot: taskId=4161 not found
12-09 12:29:11.405 W/ActivityTaskManager( 1514): getTaskSnapshot: taskId=3161 not found
12-09 12:29:11.405 W/ActivityTaskManager( 1514): getTaskSnapshot: taskId=2161 not found
12-09 12:29:11.405 W/ActivityTaskManager( 1514): getTaskSnapshot: taskId=1161 not found
12-09 12:29:11.437 I/GameMode_ActivityMonitoringService( 9074): onTaskStackChanged
12-09 12:29:11.439 I/GameMode_ActivityMonitoringService( 9074): Updating top task to: TaskInfoContainer [topActivity=ComponentInfo{com.android.launcher3/com.android.launcher3.uioverrides.QuickstepLauncher}, taskId=10, stackId=1, userId=0, displayId=0, position=6
12-09 12:29:11.440 I/GameMode_ActivityMonitoringService( 9074): Notifying about top task: TaskInfoContainer [topActivity=ComponentInfo{com.android.launcher3/com.android.launcher3.uioverrides.QuickstepLauncher}, taskId=10, stackId=1, userId=0, displayId=0, position=6
12-09 12:29:11.440 E/GameMode_ActivityMonitoringService( 9074): onActivityLaunch:com.android.launcher3
12-09 12:29:11.440 V/GameMode_GameTypeUtils( 9074): judge isGame:com.android.launcher3
12-09 12:29:11.440 V/GameMode_GpuUtils( 9074): fps:60
12-09 12:29:11.442 D/GameMode_GameModeActionUtils( 9074): Show GameMode entry by service!
12-09 12:29:11.442 W/ContextImpl( 9074): Calling a method in the system process without a qualified user: android.app.ContextImpl.startService:1816 android.content.ContextWrapper.startService:774 com.thundercomm.gamemode.ingame.services.GameModeActionUtils.startGameModeService:99 com.thundercomm.gamemode.ingame.services.GameModeActionUtils.startGameModeEntry:22 com.thundercomm.gamemode.ingame.services.ActivityMonitoringService$1.onActivityLaunch:127
12-09 12:29:11.444 D/GameModeIF_GameModeSettings( 9074): getUriFor setting_content_uri_root = content://com.thundercomm.gamemode.api/gamemode_settings , name = gamemode_isgaming
12-09 12:29:11.445 D/GameMode_GameModeService( 9074): type=hide_entry
12-09 12:29:11.446 I/GameModeConfig( 1514): Current uri is uri = content://com.thundercomm.gamemode.api/gamemode_settings/gamemode_isgaming
12-09 12:29:11.446 D/GameModeIF_GameModeSettings( 1514): getUriFor setting_content_uri_root = content://com.thundercomm.gamemode.api/gamemode_settings , name = gamemode_isgaming
12-09 12:29:11.446 D/GameModeIF_GameModeSettings( 9074): gamemode_isgaming set to 0
12-09 12:29:11.446 D/GameMode_GameSettingsObserver( 9074): Game Data change!!!! uri = content://com.thundercomm.gamemode.api/gamemode_settings/gamemode_isgaming
12-09 12:29:11.446 D/GameModeIF_GameModeSettings( 9074): getUriFor setting_content_uri_root = content://com.thundercomm.gamemode.api/gamemode_settings , name = gamemode_isgaming
12-09 12:29:11.449 I/GameModeConfig( 1514): isGameModeOn = false
12-09 12:29:11.449 I/GameModeConfig( 1514): isGameModeOn = false
12-09 12:29:11.449 I/GameModeConfig( 1514): isDisableVoice = true
12-09 12:29:11.452 D/GameMode_GameModeService( 9074): updateGlobalSettings = gamemode_isgaming
12-09 12:29:11.503 W/System ( 1514): A resource failed to call close.
12-09 12:29:11.504 W/System ( 1514): A resource failed to call close.
12-09 12:29:11.504 W/System ( 1514): A resource failed to call close.
12-09 12:29:11.505 W/System ( 1514): A resource failed to call close.
12-09 12:29:11.506 D/UIAutomatorStub(18567): URI: /jsonrpc/0, Method: POST, params, {NanoHttpd.QUERY_STRING=null}, files: {postData={"jsonrpc": "2.0", "id": "16322dd3b05bf4900c78305032e31c9e", "method": "objInfo", "params": [{"mask": 2097153, "childOrSibling": [], "childOrSiblingSelector": [], "resourceId": "com.android.launcher3:id/name_tv", "text": "\u65e5\u5386"}]}}
12-09 12:29:11.509 W/QueryController(18567): Could not detect idle state.
12-09 12:29:11.531 I/mpu_uart( 649): [MSG-P:R]:recv sync frame timeout
12-09 12:29:11.549 W/QueryController(18567): Could not detect idle state.
12-09 12:29:11.552 W/QueryController(18567): Could not detect idle state.
12-09 12:29:11.564 W/QueryController(18567): Could not detect idle state.
12-09 12:29:11.565 W/QueryController(18567): Could not detect idle state.
12-09 12:29:11.565 W/QueryController(18567): Could not detect idle state.
12-09 12:29:11.566 W/QueryController(18567): Could not detect idle state.
12-09 12:29:11.567 W/QueryController(18567): Could not detect idle state.
12-09 12:29:11.568 W/QueryController(18567): Could not detect idle state.
12-09 12:29:11.582 W/QueryController(18567): Could not detect idle state.
12-09 12:29:11.583 W/QueryController(18567): Could not detect idle state.
12-09 12:29:11.584 W/QueryController(18567): Could not detect idle state.
12-09 12:29:11.584 W/QueryController(18567): Could not detect idle state.
12-09 12:29:11.591 W/swapper/3( 0): type=1400 audit(0.0:8241): avc: denied { kill } for capability=5 scontext=u:r:kernel:s0 tcontext=u:r:kernel:s0 tclass=capability permissive=0
12-09 12:29:11.598 W/QueryController(18567): Could not detect idle state.
12-09 12:29:11.602 W/QueryController(18567): Could not detect idle state.
12-09 12:29:11.617 W/QueryController(18567): Could not detect idle state.
12-09 12:29:11.634 W/QueryController(18567): Could not detect idle state.
12-09 12:29:11.635 D/FreeFormWindowHelper( 1514): Remove freefrom task=Task{1f1eb1e #161 type=standard A=10069:android.task.calendar U=0 visible=false mode=freeform translucent=true sz=0}
12-09 12:29:11.655 W/QueryController(18567): Could not detect idle state.
12-09 12:29:11.721 D/UIAutomatorStub(18567): URI: /jsonrpc/0, Method: POST, params, {NanoHttpd.QUERY_STRING=null}, files: {postData={"jsonrpc": "2.0", "id": "b297337ae48a75254007ac181c61fb63", "method": "click", "params": [206.0, 405.0]}}
12-09 12:29:11.732 I/OMX-VENC: venc_dev( 1203): stats: avg. fps 29.96, bitrate 729171
12-09 12:29:11.802 I/mpu_uart( 649): [MSG-P:RECV]:No message received in 1000 ms
12-09 12:29:11.842 D/FreeWindowHelper( 2834): setExitFlag: old=0,new=1
12-09 12:29:11.844 I/ActivityTaskManager( 1514): START u0 {flg=0x10008000 cmp=com.android.calendar/.AllInOneActivity} from uid 10075
12-09 12:29:11.844 I/EventSequenceValidator( 1514): Transition from ACTIVITY_FINISHED to INTENT_STARTED
12-09 12:29:11.847 E/ANDR-PERF-JNI( 1514): com_qualcomm_qtiperformance_native_perf_io_prefetch_start
12-09 12:29:11.849 W/ActivityTaskManager( 1514): Can't find TaskDisplayArea to determine support for multi window. Task id=162 attached=false
12-09 12:29:11.850 D/FreeFormWindowHelper( 1514): Add freeform task=Task{b565c06 #162 type=standard ?? U=0 visible=false mode=freeform translucent=true sz=0}
12-09 12:29:11.851 E/ANDR-IOP( 865): io prefetch is disabled
12-09 12:29:11.854 D/CompatibilityInfo( 1514): mCompatibilityFlags - 4
12-09 12:29:11.855 D/CompatibilityInfo( 1514): applicationDensity - 240
12-09 12:29:11.855 D/CompatibilityInfo( 1514): applicationScale - 1.0
12-09 12:29:11.855 I/ActivityTaskManager( 1514): FOREGROUND_APPLICATION_CHANGED to com.android.calendar.AllInOneActivity
12-09 12:29:11.856 I/ActivityTaskManager( 1514): The Process com.android.calendar Already Exists in BG. So sending its PID: 19196
12-09 12:29:11.856 W/ActivityTaskManager( 1514): Tried to set launchTime (0) < mLastActivityLaunchTime (25756784)
12-09 12:29:11.858 D/CompatibilityInfo( 1514): mCompatibilityFlags - 4
12-09 12:29:11.858 D/CompatibilityInfo( 1514): applicationDensity - 240
12-09 12:29:11.858 D/CompatibilityInfo( 1514): applicationScale - 1.0
12-09 12:29:11.864 D/StateManager( 2834): goToState: Normal
12-09 12:29:11.865 D/EditModeHelper( 2834): setHotseatVisibility: 0
12-09 12:29:11.870 I/GameMode_ActivityMonitoringService( 9074): onForegroundActivitiesChanged uid 10069 pid 19196 fg true
12-09 12:29:11.871 I/EventSequenceValidator( 1514): Transition from INTENT_STARTED to ACTIVITY_LAUNCHED
12-09 12:29:11.880 I/GameMode_ActivityMonitoringService( 9074): Updating top task to: TaskInfoContainer [topActivity=ComponentInfo{com.android.calendar/com.android.calendar.AllInOneActivity}, taskId=162, stackId=162, userId=0, displayId=0, position=6
12-09 12:29:11.880 I/GameMode_ActivityMonitoringService( 9074): Notifying about top task: TaskInfoContainer [topActivity=ComponentInfo{com.android.calendar/com.android.calendar.AllInOneActivity}, taskId=162, stackId=162, userId=0, displayId=0, position=6
12-09 12:29:11.880 E/GameMode_ActivityMonitoringService( 9074): onActivityLaunch:com.android.calendar
12-09 12:29:11.880 V/GameMode_GameTypeUtils( 9074): judge isGame:com.android.calendar
12-09 12:29:11.880 V/GameMode_GpuUtils( 9074): fps:60
12-09 12:29:11.883 D/GameMode_GameModeActionUtils( 9074): Show GameMode entry by service!
12-09 12:29:11.884 W/ContextImpl( 9074): Calling a method in the system process without a qualified user: android.app.ContextImpl.startService:1816 android.content.ContextWrapper.startService:774 com.thundercomm.gamemode.ingame.services.GameModeActionUtils.startGameModeService:99 com.thundercomm.gamemode.ingame.services.GameModeActionUtils.startGameModeEntry:22 com.thundercomm.gamemode.ingame.services.ActivityMonitoringService$1.onActivityLaunch:127
12-09 12:29:11.888 D/GameModeIF_GameModeSettings( 9074): getUriFor setting_content_uri_root = content://com.thundercomm.gamemode.api/gamemode_settings , name = gamemode_isgaming
12-09 12:29:11.888 D/GameMode_GameModeService( 9074): type=hide_entry
12-09 12:29:11.889 I/GameModeConfig( 1514): Current uri is uri = content://com.thundercomm.gamemode.api/gamemode_settings/gamemode_isgaming
12-09 12:29:11.890 D/GameMode_GameSettingsObserver( 9074): Game Data change!!!! uri = content://com.thundercomm.gamemode.api/gamemode_settings/gamemode_isgaming
12-09 12:29:11.890 D/GameModeIF_GameModeSettings( 9074): getUriFor setting_content_uri_root = content://com.thundercomm.gamemode.api/gamemode_settings , name = gamemode_isgaming
12-09 12:29:11.890 D/GameModeIF_GameModeSettings( 1514): getUriFor setting_content_uri_root = content://com.thundercomm.gamemode.api/gamemode_settings , name = gamemode_isgaming
12-09 12:29:11.890 D/GameModeIF_GameModeSettings( 9074): gamemode_isgaming set to 0
12-09 12:29:11.890 I/OMX-VENC: venc_dev( 1203): stats: avg. fps 26.43, bitrate 2708263
12-09 12:29:11.891 I/GameModeConfig( 1514): isGameModeOn = false
12-09 12:29:11.891 I/GameModeConfig( 1514): isGameModeOn = false
12-09 12:29:11.891 I/GameModeConfig( 1514): isDisableVoice = true
12-09 12:29:11.893 D/FreeWindowHelper( 2834): enterOrExitRecentTasks: isEnterRecentTasks=false,mExitFlag=1
12-09 12:29:11.893 W/FreeFormWindowHelper( 1514): exitRecentTasks type=1
12-09 12:29:11.893 D/GameMode_GameModeService( 9074): updateGlobalSettings = gamemode_isgaming
12-09 12:29:11.894 E/PagedView( 2834): validateNewPage: failed to find a page < mMaxScrollX
12-09 12:29:11.899 D/AccountManagerService( 1514): bind attempt failed for Session: expectLaunch true, connected false, stats (0/0/0), lifetime 0.0, addAccount, accountType com.google, requiredFeatures null
12-09 12:29:11.906 W/WindowManager( 1514): updateScale0.7996942
12-09 12:29:11.916 W/WindowManager( 1514): updateScale0.7996942
12-09 12:29:11.919 W/WindowManager( 1514): updateScale0.7996942
12-09 12:29:11.920 W/WindowManager( 1514): updateScale0.7996942
