12-09 12:28:40.933 W/ActivityTaskManager( 1514): getTaskSnapshot: taskId=1158 not found
12-09 12:28:40.959 D/UIAutomatorStub(18567): URI: /jsonrpc/0, Method: POST, params, {NanoHttpd.QUERY_STRING=null}, files: {postData={"jsonrpc": "2.0", "id": "7452b5a75c8a316d4343370b8eaedc58", "method": "objInfo", "params": [{"mask": 2097153, "childOrSibling": [], "childOrSiblingSelector": [], "resourceId": "com.android.launcher3:id/name_tv", "text": "\u65e5\u5386"}]}}
12-09 12:28:40.960 I/GameMode_ActivityMonitoringService( 9074): onTaskStackChanged
12-09 12:28:40.961 W/QueryController(18567): Could not detect idle state.
12-09 12:28:40.964 I/GameMode_ActivityMonitoringService( 9074): Updating top task to: TaskInfoContainer [topActivity=ComponentInfo{com.android.launcher3/com.android.launcher3.uioverrides.QuickstepLauncher}, taskId=10, stackId=1, userId=0, displayId=0, position=6
12-09 12:28:40.964 I/GameMode_ActivityMonitoringService( 9074): Notifying about top task: TaskInfoContainer [topActivity=ComponentInfo{com.android.launcher3/com.android.launcher3.uioverrides.QuickstepLauncher}, taskId=10, stackId=1, userId=0, displayId=0, position=6
12-09 12:28:40.964 E/GameMode_ActivityMonitoringService( 9074): onActivityLaunch:com.android.launcher3
12-09 12:28:40.964 V/GameMode_GameTypeUtils( 9074): judge isGame:com.android.launcher3
12-09 12:28:40.964 V/GameMode_GpuUtils( 9074): fps:60
12-09 12:28:40.966 D/GameMode_GameModeActionUtils( 9074): Show GameMode entry by service!
12-09 12:28:40.966 W/ContextImpl( 9074): Calling a method in the system process without a qualified user: android.app.ContextImpl.startService:1816 android.content.ContextWrapper.startService:774 com.thundercomm.gamemode.ingame.services.GameModeActionUtils.startGameModeService:99 com.thundercomm.gamemode.ingame.services.GameModeActionUtils.startGameModeEntry:22 com.thundercomm.gamemode.ingame.services.ActivityMonitoringService$1.onActivityLaunch:127
12-09 12:28:40.968 D/GameModeIF_GameModeSettings( 9074): getUriFor setting_content_uri_root = content://com.thundercomm.gamemode.api/gamemode_settings , name = gamemode_isgaming
12-09 12:28:40.968 D/GameMode_GameModeService( 9074): type=hide_entry
12-09 12:28:40.970 I/GameModeConfig( 1514): Current uri is uri = content://com.thundercomm.gamemode.api/gamemode_settings/gamemode_isgaming
12-09 12:28:40.970 D/GameModeIF_GameModeSettings( 9074): gamemode_isgaming set to 0
12-09 12:28:40.970 D/GameModeIF_GameModeSettings( 1514): getUriFor setting_content_uri_root = content://com.thundercomm.gamemode.api/gamemode_settings , name = gamemode_isgaming
12-09 12:28:40.970 D/GameMode_GameSettingsObserver( 9074): Game Data change!!!! uri = content://com.thundercomm.gamemode.api/gamemode_settings/gamemode_isgaming
12-09 12:28:40.970 D/GameModeIF_GameModeSettings( 9074): getUriFor setting_content_uri_root = content://com.thundercomm.gamemode.api/gamemode_settings , name = gamemode_isgaming
12-09 12:28:40.972 I/GameModeConfig( 1514): isGameModeOn = false
12-09 12:28:40.972 I/GameModeConfig( 1514): isGameModeOn = false
12-09 12:28:40.972 I/GameModeConfig( 1514): isDisableVoice = true
12-09 12:28:40.972 D/GameMode_GameModeService( 9074): updateGlobalSettings = gamemode_isgaming
12-09 12:28:40.975 D/libEGL ( 1514): MSAA-->msaa:0 gamemode:0 4x_msaa:0
12-09 12:28:40.976 D/libEGL ( 1514): MSAA-->msaa:0 gamemode:0 4x_msaa:0
12-09 12:28:40.977 D/libEGL ( 1514): MSAA-->msaa:0 gamemode:0 4x_msaa:0
12-09 12:28:40.979 I/OpenGLRenderer( 2834): Davey! duration=9223346300832ms; Flags=0, FrameTimelineVsyncId=408888, IntendedVsync=25736021798956, Vsync=25736021798956, InputEventId=0, HandleInputStart=25736022126221, AnimationStart=25736022130440, PerformTraversalsStart=25736031508200, DrawStart=25736032072628, FrameDeadline=25736055132288, FrameInterval=25736022120700, FrameStartTime=16666666, SyncQueued=25736032265648, SyncStart=25736032313148, IssueDrawCommandsStart=25736032545128, SwapBuffers=25736033396482, FrameCompleted=9223372036854775807, DequeueBufferDuration=14219, QueueBufferDuration=394479, GpuCompleted=9223372036854775807, SwapBuffersCompleted=25736034073357, DisplayPresentTime=0,
12-09 12:28:40.993 W/QueryController(18567): Could not detect idle state.
12-09 12:28:40.996 W/QueryController(18567): Could not detect idle state.
12-09 12:28:41.009 W/QueryController(18567): Could not detect idle state.
12-09 12:28:41.010 W/QueryController(18567): Could not detect idle state.
12-09 12:28:41.012 W/QueryController(18567): Could not detect idle state.
12-09 12:28:41.024 W/QueryController(18567): Could not detect idle state.
12-09 12:28:41.027 W/QueryController(18567): Could not detect idle state.
12-09 12:28:41.047 W/QueryController(18567): Could not detect idle state.
12-09 12:28:41.067 W/QueryController(18567): Could not detect idle state.
12-09 12:28:41.069 W/System ( 1514): A resource failed to call close.
12-09 12:28:41.070 W/System ( 1514): A resource failed to call close.
12-09 12:28:41.070 W/System ( 1514): A resource failed to call close.
12-09 12:28:41.079 W/QueryController(18567): Could not detect idle state.
12-09 12:28:41.086 I/OpenGLRenderer( 2834): Davey! duration=9223346300732ms; Flags=0, FrameTimelineVsyncId=408906, IntendedVsync=25736122024309, Vsync=25736122024309, InputEventId=0, HandleInputStart=25736123046586, AnimationStart=25736123048044, PerformTraversalsStart=25736140636794, DrawStart=25736141584294, FrameDeadline=25736155357641, FrameInterval=25736123042471, FrameStartTime=16666666, SyncQueued=25736141887680, SyncStart=25736141950648, IssueDrawCommandsStart=25736142180805, SwapBuffers=25736142986534, FrameCompleted=9223372036854775807, DequeueBufferDuration=16042, QueueBufferDuration=597396, GpuCompleted=9223372036854775807, SwapBuffersCompleted=25736143816378, DisplayPresentTime=0,
12-09 12:28:41.089 W/QueryController(18567): Could not detect idle state.
12-09 12:28:41.089 W/QueryController(18567): Could not detect idle state.
12-09 12:28:41.090 W/QueryController(18567): Could not detect idle state.
12-09 12:28:41.091 W/QueryController(18567): Could not detect idle state.
12-09 12:28:41.091 W/QueryController(18567): Could not detect idle state.
12-09 12:28:41.094 W/QueryController(18567): Could not detect idle state.
12-09 12:28:41.098 W/QueryController(18567): Could not detect idle state.
12-09 12:28:41.156 D/UIAutomatorStub(18567): URI: /jsonrpc/0, Method: POST, params, {NanoHttpd.QUERY_STRING=null}, files: {postData={"jsonrpc": "2.0", "id": "b9992f9354f5a0ce0cea70b8b06b2ba2", "method": "click", "params": [206.0, 405.0]}}
12-09 12:28:41.162 D/FreeFormWindowHelper( 1514): Remove freefrom task=Task{87d6bbc #158 type=standard A=10069:android.task.calendar U=0 visible=false mode=freeform translucent=true sz=0}
12-09 12:28:41.311 D/FreeWindowHelper( 2834): setExitFlag: old=0,new=1
12-09 12:28:41.311 I/EventSequenceValidator( 1514): Transition from ACTIVITY_FINISHED to INTENT_STARTED
12-09 12:28:41.312 I/ActivityTaskManager( 1514): START u0 {flg=0x10008000 cmp=com.android.calendar/.AllInOneActivity} from uid 10075
12-09 12:28:41.315 E/ANDR-PERF-JNI( 1514): com_qualcomm_qtiperformance_native_perf_io_prefetch_start
12-09 12:28:41.316 W/ActivityTaskManager( 1514): Can't find TaskDisplayArea to determine support for multi window. Task id=159 attached=false
12-09 12:28:41.318 D/FreeFormWindowHelper( 1514): Add freeform task=Task{357a877 #159 type=standard ?? U=0 visible=false mode=freeform translucent=true sz=0}
12-09 12:28:41.318 E/ANDR-IOP( 865): io prefetch is disabled
12-09 12:28:41.321 D/CompatibilityInfo( 1514): mCompatibilityFlags - 4
12-09 12:28:41.321 D/CompatibilityInfo( 1514): applicationDensity - 240
12-09 12:28:41.321 D/CompatibilityInfo( 1514): applicationScale - 1.0
12-09 12:28:41.322 I/ActivityTaskManager( 1514): FOREGROUND_APPLICATION_CHANGED to com.android.calendar.AllInOneActivity
12-09 12:28:41.323 I/ActivityTaskManager( 1514): The Process com.android.calendar Already Exists in BG. So sending its PID: 19196
12-09 12:28:41.323 W/ActivityTaskManager( 1514): Tried to set launchTime (0) < mLastActivityLaunchTime (25726255)
12-09 12:28:41.324 D/CompatibilityInfo( 1514): mCompatibilityFlags - 4
12-09 12:28:41.324 D/CompatibilityInfo( 1514): applicationDensity - 240
12-09 12:28:41.324 D/CompatibilityInfo( 1514): applicationScale - 1.0
12-09 12:28:41.329 D/StateManager( 2834): goToState: Normal
12-09 12:28:41.329 D/EditModeHelper( 2834): setHotseatVisibility: 0
12-09 12:28:41.332 I/GameMode_ActivityMonitoringService( 9074): onForegroundActivitiesChanged uid 10069 pid 19196 fg true
12-09 12:28:41.335 I/EventSequenceValidator( 1514): Transition from INTENT_STARTED to ACTIVITY_LAUNCHED
12-09 12:28:41.337 I/GameMode_ActivityMonitoringService( 9074): Updating top task to: TaskInfoContainer [topActivity=ComponentInfo{com.android.calendar/com.android.calendar.AllInOneActivity}, taskId=159, stackId=159, userId=0, displayId=0, position=6
12-09 12:28:41.337 I/GameMode_ActivityMonitoringService( 9074): Notifying about top task: TaskInfoContainer [topActivity=ComponentInfo{com.android.calendar/com.android.calendar.AllInOneActivity}, taskId=159, stackId=159, userId=0, displayId=0, position=6
12-09 12:28:41.337 E/GameMode_ActivityMonitoringService( 9074): onActivityLaunch:com.android.calendar
12-09 12:28:41.337 V/GameMode_GameTypeUtils( 9074): judge isGame:com.android.calendar
12-09 12:28:41.337 V/GameMode_GpuUtils( 9074): fps:60
12-09 12:28:41.341 D/GameMode_GameModeActionUtils( 9074): Show GameMode entry by service!
12-09 12:28:41.342 W/ContextImpl( 9074): Calling a method in the system process without a qualified user: android.app.ContextImpl.startService:1816 android.content.ContextWrapper.startService:774 com.thundercomm.gamemode.ingame.services.GameModeActionUtils.startGameModeService:99 com.thundercomm.gamemode.ingame.services.GameModeActionUtils.startGameModeEntry:22 com.thundercomm.gamemode.ingame.services.ActivityMonitoringService$1.onActivityLaunch:127
12-09 12:28:41.343 D/GameMode_GameModeService( 9074): type=hide_entry
12-09 12:28:41.345 D/GameModeIF_GameModeSettings( 9074): getUriFor setting_content_uri_root = content://com.thundercomm.gamemode.api/gamemode_settings , name = gamemode_isgaming
12-09 12:28:41.347 I/GameModeConfig( 1514): Current uri is uri = content://com.thundercomm.gamemode.api/gamemode_settings/gamemode_isgaming
12-09 12:28:41.347 D/GameModeIF_GameModeSettings( 1514): getUriFor setting_content_uri_root = content://com.thundercomm.gamemode.api/gamemode_settings , name = gamemode_isgaming
12-09 12:28:41.348 I/GameModeConfig( 1514): isGameModeOn = false
12-09 12:28:41.349 I/GameModeConfig( 1514): isGameModeOn = false
12-09 12:28:41.349 I/GameModeConfig( 1514): isDisableVoice = true
12-09 12:28:41.352 D/GameMode_GameSettingsObserver( 9074): Game Data change!!!! uri = content://com.thundercomm.gamemode.api/gamemode_settings/gamemode_isgaming
12-09 12:28:41.352 D/GameModeIF_GameModeSettings( 9074): getUriFor setting_content_uri_root = content://com.thundercomm.gamemode.api/gamemode_settings , name = gamemode_isgaming
12-09 12:28:41.353 D/GameModeIF_GameModeSettings( 9074): gamemode_isgaming set to 0
12-09 12:28:41.354 D/GameMode_GameModeService( 9074): updateGlobalSettings = gamemode_isgaming
12-09 12:28:41.364 D/AccountManagerService( 1514): bind attempt failed for Session: expectLaunch true, connected false, stats (0/0/0), lifetime 0.0, addAccount, accountType com.google, requiredFeatures null
12-09 12:28:41.368 W/WindowManager( 1514): updateScale0.7996942
12-09 12:28:41.386 W/WindowManager( 1514): updateScale0.7996942
12-09 12:28:41.386 D/FreeWindowHelper( 2834): enterOrExitRecentTasks: isEnterRecentTasks=false,mExitFlag=1
12-09 12:28:41.388 W/FreeFormWindowHelper( 1514): exitRecentTasks type=1
12-09 12:28:41.389 W/WindowManager( 1514): updateScale0.7996942
12-09 12:28:41.390 W/WindowManager( 1514): updateScale0.7996942
12-09 12:28:41.391 E/PagedView( 2834): validateNewPage: failed to find a page < mMaxScrollX
12-09 12:28:41.391 I/EventSequenceValidator( 1514): Transition from ACTIVITY_LAUNCHED to ACTIVITY_FINISHED
12-09 12:28:41.397 I/ActivityTaskManager( 1514): Displayed com.android.calendar/.AllInOneActivity: +76ms
12-09 12:28:41.441 W/System (18567): A resource failed to call end.
12-09 12:28:41.441 W/System (18567): A resource failed to call end.
12-09 12:28:41.441 W/System (18567): A resource failed to call end.
12-09 12:28:41.441 W/System (18567): A resource failed to call end.
12-09 12:28:41.441 W/System (18567): A resource failed to call end.
12-09 12:28:41.441 W/System (18567): A resource failed to call end.
12-09 12:28:41.442 W/System (18567): A resource failed to call end.
12-09 12:28:41.442 W/System (18567): A resource failed to call end.
12-09 12:28:41.442 W/System (18567): A resource failed to call end.
12-09 12:28:41.442 W/System (18567): A resource failed to call end.
12-09 12:28:41.478 I/OMX-VENC: venc_dev( 1203): stats: avg. fps 33.31, bitrate 1152109
12-09 12:28:41.506 I/mpu_uart( 649): [MSG-P:R]:recv sync frame timeout
12-09 12:28:41.591 W/swapper/3( 0): type=1400 audit(0.0:8212): avc: denied { kill } for capability=5 scontext=u:r:kernel:s0 tcontext=u:r:kernel:s0 tclass=capability permissive=0
12-09 12:28:41.669 W/WindowManager( 1514): updateScale0.7996942
12-09 12:28:41.760 I/OMX-VENC: venc_dev( 1203): stats: avg. fps 45.93, bitrate 5536996
12-09 12:28:41.786 I/mpu_uart( 649): [MSG-P:RECV]:No message received in 1000 ms
12-09 12:28:41.816 E/PagedView( 2834): validateNewPage: failed to find a page < mMaxScrollX
12-09 12:28:42.493 I/OMX-VENC: venc_dev( 1203): stats: avg. fps 24.65, bitrate 873566
12-09 12:28:42.591 W/swapper/3( 0): type=1400 audit(0.0:8213): avc: denied { kill } for capability=5 scontext=u:r:kernel:s0 tcontext=u:r:kernel:s0 tclass=capability permissive=0
12-09 12:28:42.766 I/OMX-VENC: venc_dev( 1203): stats: avg. fps 6.96, bitrate 823005
12-09 12:28:42.786 I/mpu_uart( 649): [MSG-P:RECV]:No message received in 1000 ms
12-09 12:28:43.567 I/OMX-VENC: venc_dev( 1203): stats: avg. fps 10.23, bitrate 83487
12-09 12:28:43.591 W/swapper/3( 0): type=1400 audit(0.0:8214): avc: denied { kill } for capability=5 scontext=u:r:kernel:s0 tcontext=u:r:kernel:s0 tclass=capability permissive=0
12-09 12:28:43.786 I/mpu_uart( 649): [MSG-P:RECV]:No message received in 1000 ms
12-09 12:28:44.509 I/mpu_uart( 649): [MSG-P:R]:recv sync frame timeout
12-09 12:28:44.591 W/swapper/3( 0): type=1400 audit(0.0:8215): avc: denied { kill } for capability=5 scontext=u:r:kernel:s0 tcontext=u:r:kernel:s0 tclass=capability permissive=0
12-09 12:28:44.667 I/OMX-VENC: venc_dev( 1203): stats: avg. fps 10.00, bitrate 81593
12-09 12:28:44.767 I/OMX-VENC: venc_dev( 1203): stats: avg. fps 1.00, bitrate 41734
12-09 12:28:44.786 I/mpu_uart( 649): [MSG-P:RECV]:No message received in 1000 ms
12-09 12:28:45.174 E/TaskPersister( 1514): File error accessing recents directory (directory doesn't exist?).
12-09 12:28:45.591 W/swapper/3( 0): type=1400 audit(0.0:8216): avc: denied { kill } for capability=5 scontext=u:r:kernel:s0 tcontext=u:r:kernel:s0 tclass=capability permissive=0
12-09 12:28:45.720 I/OMX-VENC: venc_dev( 1203): stats: avg. fps 10.45, bitrate 85111
12-09 12:28:45.773 I/OMX-VENC: venc_dev( 1203): stats: avg. fps 1.99, bitrate 159274
12-09 12:28:45.782 D/ConnectivityService( 1514): Data stall detected with methods: 1
12-09 12:28:45.783 D/NetworkMonitor/104( 2515): isDataStall: result=1, tcp packets received=0, latest tcp fail rate=-1, consecutive dns timeout count=228
12-09 12:28:45.783 D/NetworkMonitor/104( 2515): Suspecting data stall, reevaluate
12-09 12:28:45.786 D/NetworkMonitor/104( 2515): Validation disabled.
12-09 12:28:45.787 I/mpu_uart( 649): [MSG-P:RECV]:No message received in 1000 ms
12-09 12:28:45.792 D/ConnectivityService( 1514): [104 WIFI] validation passed
12-09 12:28:46.591 W/swapper/3( 0): type=1400 audit(0.0:8217): avc: denied { kill } for capability=5 scontext=u:r:kernel:s0 tcontext=u:r:kernel:s0 tclass=capability permissive=0
12-09 12:28:46.766 I/OMX-VENC: venc_dev( 1203): stats: avg. fps 10.52, bitrate 85296
12-09 12:28:46.774 I/OMX-VENC: venc_dev( 1203): stats: avg. fps 2.00, bitrate 80059
12-09 12:28:46.787 I/mpu_uart( 649): [MSG-P:RECV]:No message received in 1000 ms
12-09 12:28:47.423 D/UIAutomatorStub(18567): URI: /jsonrpc/0, Method: POST, params, {NanoHttpd.QUERY_STRING=null}, files: {postData={"jsonrpc": "2.0", "id": "109f12f56334a922d48c47161aa39b99", "method": "waitForExists", "params": [{"mask": 2097152, "childOrSibling": [], "childOrSiblingSelector": [], "resourceId": "android:id/move_window"}, 3000]}}
12-09 12:28:47.427 W/QueryController(18567): Could not detect idle state.
12-09 12:28:47.473 D/UIAutomatorStub(18567): URI: /jsonrpc/0, Method: POST, params, {NanoHttpd.QUERY_STRING=null}, files: {postData={"jsonrpc": "2.0", "id": "2fcb2c865cb6fe08cb2b058ef7820926", "method": "objInfo", "params": [{"mask": 2097152, "childOrSibling": [], "childOrSiblingSelector": [], "resourceId": "android:id/move_window"}]}}
12-09 12:28:47.475 W/QueryController(18567): Could not detect idle state.
12-09 12:28:47.489 W/QueryController(18567): Could not detect idle state.
12-09 12:28:47.492 W/QueryController(18567): Could not detect idle state.
12-09 12:28:47.493 W/QueryController(18567): Could not detect idle state.
12-09 12:28:47.495 W/QueryController(18567): Could not detect idle state.
12-09 12:28:47.496 W/QueryController(18567): Could not detect idle state.
12-09 12:28:47.497 W/QueryController(18567): Could not detect idle state.
12-09 12:28:47.499 W/QueryController(18567): Could not detect idle state.
12-09 12:28:47.500 W/QueryController(18567): Could not detect idle state.
12-09 12:28:47.501 W/QueryController(18567): Could not detect idle state.
12-09 12:28:47.503 W/QueryController(18567): Could not detect idle state.
12-09 12:28:47.505 W/QueryController(18567): Could not detect idle state.
12-09 12:28:47.506 W/QueryController(18567): Could not detect idle state.
12-09 12:28:47.508 W/QueryController(18567): Could not detect idle state.
12-09 12:28:47.509 W/QueryController(18567): Could not detect idle state.
12-09 12:28:47.510 W/QueryController(18567): Could not detect idle state.
12-09 12:28:47.510 I/mpu_uart( 649): [MSG-P:R]:recv sync frame timeout
12-09 12:28:47.512 W/QueryController(18567): Could not detect idle state.
12-09 12:28:47.513 W/QueryController(18567): Could not detect idle state.
12-09 12:28:47.568 D/UIAutomatorStub(18567): URI: /jsonrpc/0, Method: POST, params, {NanoHttpd.QUERY_STRING=null}, files: {postData={"jsonrpc": "2.0", "id": "d5ad3a10a4736d062066d58bb3970080", "method": "click", "params": [261.5, 99.0]}}
12-09 12:28:47.591 W/swapper/3( 0): type=1400 audit(0.0:8218): avc: denied { kill } for capability=5 scontext=u:r:kernel:s0 tcontext=u:r:kernel:s0 tclass=capability permissive=0
12-09 12:28:47.787 I/mpu_uart( 649): [MSG-P:RECV]:No message received in 1000 ms
12-09 12:28:47.788 I/OMX-VENC: venc_dev( 1203): stats: avg. fps 16.62, bitrate 134802
12-09 12:28:47.793 I/OMX-VENC: venc_dev( 1203): stats: avg. fps 7.85, bitrate 328649
12-09 12:28:48.380 D/ActivityManager( 1514): freezing 16747 com.qti.diagservices
12-09 12:28:48.380 E/ActivityManager( 1514): Unable to freeze binder for 16747 com.qti.diagservices
12-09 12:28:48.383 D/ActivityManager( 1514): froze 16747 com.qti.diagservices
12-09 12:28:48.383 E/ActivityManager( 1514): Unable to freeze binder for 16747 com.qti.diagservices
12-09 12:28:48.384 I/ActivityManager( 1514): Killing 16747:com.qti.diagservices/1000 (adj 945): Unable to freeze binder interface
12-09 12:28:48.387 I/libprocessgroup( 1514): Successfully killed process cgroup uid 1000 pid 16747 in 0ms
12-09 12:28:48.414 I/Zygote ( 670): Process 16747 exited due to signal 9 (Killed)
12-09 12:28:48.415 W/ActivityManager( 1514): Scheduling restart of crashed service com.qti.diagservices/.QTIDiagServices in 1000ms for start-requested
12-09 12:28:48.591 W/swapper/3( 0): type=1400 audit(0.0:8219): avc: denied { kill } for capability=5 scontext=u:r:kernel:s0 tcontext=u:r:kernel:s0 tclass=capability permissive=0
12-09 12:28:48.789 I/mpu_uart( 649): [MSG-P:RECV]:No message received in 1000 ms
12-09 12:28:48.791 D/UIAutomatorStub(18567): URI: /jsonrpc/0, Method: POST, params, {NanoHttpd.QUERY_STRING=null}, files: {postData={"jsonrpc": "2.0", "id": "8907e9b351483da2d7f5d63c3a28e27e", "method": "exist", "params": [{"mask": 2097152, "childOrSibling": [], "childOrSiblingSelector": [], "resourceId": "android:id/caption"}]}}
12-09 12:28:48.794 W/QueryController(18567): Could not detect idle state.
12-09 12:28:48.880 I/OMX-VENC: venc_dev( 1203): stats: avg. fps 13.74, bitrate 111041
12-09 12:28:49.420 D/CompatibilityChangeReporter( 1514): Compat change id reported: 135634846; UID 1000; state: DISABLED
12-09 12:28:49.421 D/CompatibilityChangeReporter( 1514): Compat change id reported: 177438394; UID 1000; state: DISABLED
12-09 12:28:49.421 D/CompatibilityChangeReporter( 1514): Compat change id reported: 135772972; UID 1000; state: DISABLED
12-09 12:28:49.422 D/CompatibilityChangeReporter( 1514): Compat change id reported: 135754954; UID 1000; state: ENABLED
12-09 12:28:49.445 D/Zygote ( 670): Forked child process 19560
12-09 12:28:49.445 I/ActivityManager( 1514): Start proc 19560:com.qti.diagservices/1000 for service {com.qti.diagservices/com.qti.diagservices.QTIDiagServices}
12-09 12:28:49.476 E/ti.diagservice(19560): Not starting debugger since process cannot load the jdwp agent.
12-09 12:28:49.479 D/ProcessState(19560): Binder ioctl to enable oneway spam detection failed: Invalid argument
12-09 12:28:49.490 D/CompatibilityInfo( 1514): mCompatibilityFlags - 4
12-09 12:28:49.490 D/CompatibilityInfo( 1514): applicationDensity - 240
12-09 12:28:49.490 D/CompatibilityInfo( 1514): applicationScale - 1.0
12-09 12:28:49.495 D/CompatibilityInfo( 1514): mCompatibilityFlags - 4
12-09 12:28:49.495 D/CompatibilityInfo( 1514): applicationDensity - 240
12-09 12:28:49.495 D/CompatibilityInfo( 1514): applicationScale - 1.0
12-09 12:28:49.497 D/CompatibilityChangeReporter(19560): Compat change id reported: 171979766; UID 1000; state: DISABLED
12-09 12:28:49.515 I/Perf (19560): Connecting to perf service.
12-09 12:28:49.518 V/GraphicsEnvironment(19560): ANGLE Developer option for 'com.qti.diagservices' set to: 'default'
12-09 12:28:49.519 V/GraphicsEnvironment(19560): ANGLE GameManagerService for com.qti.diagservices: false
12-09 12:28:49.520 D/NetworkSecurityConfig(19560): No Network Security Config specified, using platform default
12-09 12:28:49.520 D/NetworkSecurityConfig(19560): No Network Security Config specified, using platform default
12-09 12:28:49.522 E/DiagJNIInterface(19560): Trying to load libDiagService
12-09 12:28:49.523 W/ti.diagservices(19560): type=1400 audit(0.0:8220): avc: denied { read write } for name="diag" dev="tmpfs" ino=12394 scontext=u:r:system_app:s0 tcontext=u:object_r:vendor_diag_device:s0 tclass=chr_file permissive=0
12-09 12:28:49.528 E/Diag_Lib(19560): Diag_LSM_Init: Failed to open handle to diag driver, error = 13
12-09 12:28:49.528 E/Diag_Lib(19560): Diag_LSM_Init call failed
12-09 12:28:49.528 E/DiagJNIInterface(19560): WARNING: Could not load libDiagService
12-09 12:28:49.591 W/swapper/3( 0): type=1400 audit(0.0:8221): avc: denied { kill } for capability=5 scontext=u:r:kernel:s0 tcontext=u:r:kernel:s0 tclass=capability permissive=0
12-09 12:28:49.781 I/OMX-VENC: venc_dev( 1203): stats: avg. fps 3.52, bitrate 232694
12-09 12:28:49.789 I/mpu_uart( 649): [MSG-P:RECV]:No message received in 1000 ms
12-09 12:28:49.979 I/OMX-VENC: venc_dev( 1203): stats: avg. fps 10.00, bitrate 81145
12-09 12:28:50.513 I/mpu_uart( 649): [MSG-P:R]:recv sync frame timeout
12-09 12:28:50.591 W/swapper/3( 0): type=1400 audit(0.0:8222): avc: denied { kill } for capability=5 scontext=u:r:kernel:s0 tcontext=u:r:kernel:s0 tclass=capability permissive=0
12-09 12:28:50.782 I/OMX-VENC: venc_dev( 1203): stats: avg. fps 1.00, bitrate 67458
12-09 12:28:50.790 I/mpu_uart( 649): [MSG-P:RECV]:No message received in 1000 ms
12-09 12:28:50.891 D/ProcessState(19579): Binder ioctl to enable oneway spam detection failed: Invalid argument
12-09 12:28:50.897 D/StateManager( 2834): goToState: Overview
12-09 12:28:50.897 D/EditModeHelper( 2834): setHotseatVisibility: 0
12-09 12:28:50.900 V/ShadeControllerImpl( 2372): NotificationShadeWindow: com.android.systemui.statusbar.phone.NotificationShadeWindowView{7f4383b I.E...... ......ID 0,0-2380,1020} canPanelBeCollapsed(): false
12-09 12:28:50.907 D/UIAutomatorStub(18567): URI: /jsonrpc/0, Method: POST, params, {NanoHttpd.QUERY_STRING=null}, files: {postData={"jsonrpc": "2.0", "id": "6125dfa613141b98c5d9e8cc0addf78d", "method": "waitForExists", "params": [{"mask": 2097153, "childOrSibling": [], "childOrSiblingSelector": [], "resourceId": "com.android.launcher3:id/name_tv", "text": "\u65e5\u5386"}, 3000]}}
12-09 12:28:50.909 W/QueryController(18567): Could not detect idle state.
12-09 12:28:50.919 D/FreeWindowHelper( 2834): enterOrExitRecentTasks: isEnterRecentTasks=true,mExitFlag=1
12-09 12:28:50.928 D/ActivityTrigger( 1514): ActivityTrigger activityPauseTrigger
12-09 12:28:50.935 D/FreeWindowContainer( 2834): reloadTask: TaskInfo{userId=0 taskId=159 displayId=0 isRunning=false baseIntent=Intent { flg=0x10008000 cmp=com.android.calendar/.AllInOneActivity } baseActivity=null topActivity=null origActivity=null realActivity=ComponentInfo{com.android.calendar/com.android.calendar.AllInOneActivity} numActivities=0 lastActiveTime=25746006 supportsSplitScreenMultiWindow=true supportsMultiWindow=true resizeMode=1 isResizeable=true token=WCT{android.window.IWindowContainerToken$Stub$Proxy@12eeede} topActivityType=1 pictureInPictureParams=null displayCutoutSafeInsets=null topActivityInfo=null launchCookies=[] positionInParent=Point(0, 72) parentTaskId=-1 isFocused=false isVisible=true topActivityInSizeCompat=false locusId= null}
12-09 12:28:50.940 I/ActivityTaskManager( 1514): FOREGROUND_APPLICATION_CHANGED to com.android.launcher3.uioverrides.QuickstepLauncher
12-09 12:28:50.957 I/GameMode_ActivityMonitoringService( 9074): onForegroundActivitiesChanged uid 10069 pid 19196 fg false
12-09 12:28:50.972 W/ActivityTaskManager( 1514): getTaskSnapshot: taskId=158 not found
12-09 12:28:50.973 W/InputManager-JNI( 1514): Input channel object 'a35105 com.android.calendar/com.android.calendar.AllInOneActivity (client)' was disposed without first being removed with the input manager!
12-09 12:28:50.976 I/GameMode_ActivityMonitoringService( 9074): Updating top task to: TaskInfoContainer [topActivity=ComponentInfo{com.android.launcher3/com.android.launcher3.uioverrides.QuickstepLauncher}, taskId=10, stackId=1, userId=0, displayId=0, position=6
12-09 12:28:50.976 I/GameMode_ActivityMonitoringService( 9074): Notifying about top task: TaskInfoContainer [topActivity=ComponentInfo{com.android.launcher3/com.android.launcher3.uioverrides.QuickstepLauncher}, taskId=10, stackId=1, userId=0, displayId=0, position=6
12-09 12:28:50.976 E/GameMode_ActivityMonitoringService( 9074): onActivityLaunch:com.android.launcher3
12-09 12:28:50.976 V/GameMode_GameTypeUtils( 9074): judge isGame:com.android.launcher3
12-09 12:28:50.976 V/GameMode_GpuUtils( 9074): fps:60
12-09 12:28:50.982 W/ActivityTaskManager( 1514): getTaskSnapshot: taskId=5158 not found
12-09 12:28:50.982 W/ActivityTaskManager( 1514): getTaskSnapshot: taskId=4158 not found
12-09 12:28:50.987 W/ActivityTaskManager( 1514): getTaskSnapshot: taskId=3158 not found
12-09 12:28:50.992 D/GameMode_GameModeActionUtils( 9074): Show GameMode entry by service!
12-09 12:28:50.992 W/ContextImpl( 9074): Calling a method in the system process without a qualified user: android.app.ContextImpl.startService:1816 android.content.ContextWrapper.startService:774 com.thundercomm.gamemode.ingame.services.GameModeActionUtils.startGameModeService:99 com.thundercomm.gamemode.ingame.services.GameModeActionUtils.startGameModeEntry:22 com.thundercomm.gamemode.ingame.services.ActivityMonitoringService$1.onActivityLaunch:127
12-09 12:28:50.994 D/GameModeIF_GameModeSettings( 9074): getUriFor setting_content_uri_root = content://com.thundercomm.gamemode.api/gamemode_settings , name = gamemode_isgaming
12-09 12:28:50.994 D/GameMode_GameModeService( 9074): type=hide_entry
12-09 12:28:50.996 I/OMX-VENC: venc_dev( 1203): stats: avg. fps 11.80, bitrate 95418
12-09 12:28:50.999 I/GameModeConfig( 1514): Current uri is uri = content://com.thundercomm.gamemode.api/gamemode_settings/gamemode_isgaming
12-09 12:28:50.999 D/GameModeIF_GameModeSettings( 1514): getUriFor setting_content_uri_root = content://com.thundercomm.gamemode.api/gamemode_settings , name = gamemode_isgaming
12-09 12:28:51.000 D/GameMode_GameSettingsObserver( 9074): Game Data change!!!! uri = content://com.thundercomm.gamemode.api/gamemode_settings/gamemode_isgaming
12-09 12:28:51.000 D/GameModeIF_GameModeSettings( 9074): getUriFor setting_content_uri_root = content://com.thundercomm.gamemode.api/gamemode_settings , name = gamemode_isgaming
12-09 12:28:51.000 D/GameModeIF_GameModeSettings( 9074): gamemode_isgaming set to 0
12-09 12:28:51.004 D/GameMode_GameModeService( 9074): updateGlobalSettings = gamemode_isgaming
12-09 12:28:51.004 D/libEGL ( 1514): MSAA-->msaa:0 gamemode:0 4x_msaa:0
12-09 12:28:51.004 W/ByMatcher(18567): Node returned null child: android.view.accessibility.AccessibilityNodeInfo@80006d50; boundsInParent: Rect(0, 0 - 523, 928); boundsInScreen: Rect(0, 72 - 523, 1000); packageName: com.android.calendar; className: android.widget.FrameLayout; text: null; error: null; maxTextLength: -1; stateDescription: null; contentDescription: null; tooltipText: null; viewIdResName: null; checkable: false; checked: false; focusable: false; focused: false; selected: false; clickable: false; longClickable: false; contextClickable: false; enabled: true; password: false; scrollable: false; importantForAccessibility: true; visible: true; actions: [AccessibilityAction: ACTION_SELECT - null, AccessibilityAction: ACTION_CLEAR_SELECTION - null, AccessibilityAction: ACTION_ACCESSIBILITY_FOCUS - null, AccessibilityAction: ACTION_SHOW_ON_SCREEN - null]
12-09 12:28:51.004 W/ByMatcher(18567): Skipping null child (0 of 1)
12-09 12:28:51.005 D/libEGL ( 1514): MSAA-->msaa:0 gamemode:0 4x_msaa:0
12-09 12:28:51.005 D/libEGL ( 1514): MSAA-->msaa:0 gamemode:0 4x_msaa:0
12-09 12:28:51.010 I/GameModeConfig( 1514): isGameModeOn = false
12-09 12:28:51.011 I/GameModeConfig( 1514): isGameModeOn = false
12-09 12:28:51.011 I/GameModeConfig( 1514): isDisableVoice = true
12-09 12:28:51.006 W/ByMatcher(18567): Node returned null child: android.view.accessibility.AccessibilityNodeInfo@80006d50; boundsInParent: Rect(0, 0 - 523, 928); boundsInScreen: Rect(0, 72 - 523, 1000); packageName: com.android.calendar; className: android.widget.FrameLayout; text: null; error: null; maxTextLength: -1; stateDescription: null; contentDescription: null; tooltipText: null; viewIdResName: null; checkable: false; checked: false; focusable: false; focused: false; selected: false; clickable: false; longClickable: false; contextClickable: false; enabled: true; password: false; scrollable: false; importantForAccessibility: true; visible: true; actions: [AccessibilityAction: ACTION_SELECT - null, AccessibilityAction: ACTION_CLEAR_SELECTION - null, AccessibilityAction: ACTION_ACCESSIBILITY_FOCUS - null, AccessibilityAction: ACTION_SHOW_ON_SCREEN - null]
12-09 12:28:51.015 W/ByMatcher(18567): Skipping null child (0 of 1)
12-09 12:28:51.021 D/BaseIconFactory( 2834): normalizeAndWrapToAdaptiveIcon: scale=0.8095241
12-09 12:28:51.021 W/ActivityTaskManager( 1514): getTaskSnapshot: taskId=5159 not found
12-09 12:28:51.022 D/BaseIconFactory( 2834): normalizeAndWrapToAdaptiveIcon: scale=0.8095241
12-09 12:28:51.023 W/ActivityTaskManager( 1514): getTaskSnapshot: taskId=4159 not found
12-09 12:28:51.025 D/BaseIconFactory( 2834): normalizeAndWrapToAdaptiveIcon: scale=0.8095241
12-09 12:28:51.025 W/ActivityTaskManager( 1514): getTaskSnapshot: taskId=3159 not found
12-09 12:28:51.026 D/BaseIconFactory( 2834): normalizeAndWrapToAdaptiveIcon: scale=0.8095241
12-09 12:28:51.026 W/ActivityTaskManager( 1514): getTaskSnapshot: taskId=2159 not found
12-09 12:28:51.027 D/BaseIconFactory( 2834): normalizeAndWrapToAdaptiveIcon: scale=0.8095241
12-09 12:28:51.028 W/ActivityTaskManager( 1514): getTaskSnapshot: taskId=1159 not found
12-09 12:28:51.028 D/BaseIconFactory( 2834): normalizeAndWrapToAdaptiveIcon: scale=0.8095241
12-09 12:28:51.029 W/System ( 2372): A resource failed to call close.
12-09 12:28:51.029 W/System ( 2372): A resource failed to call close.
12-09 12:28:51.029 W/System ( 2372): A resource failed to call close.
12-09 12:28:51.030 W/System ( 2372): A resource failed to call close.
12-09 12:28:51.030 W/System ( 2372): A resource failed to call close.
12-09 12:28:51.030 W/System ( 2372): A resource failed to call close.
12-09 12:28:51.030 W/System ( 2372): A resource failed to call close.
12-09 12:28:51.030 W/System ( 2372): A resource failed to call close.
12-09 12:28:51.030 W/System ( 2372): A resource failed to call close.
12-09 12:28:51.030 W/System ( 2372): A resource failed to call close.
12-09 12:28:51.031 W/System ( 2372): A resource failed to call close.
12-09 12:28:51.031 W/System ( 2372): A resource failed to call close.
12-09 12:28:51.039 W/ActivityTaskManager( 1514): getTaskSnapshot: taskId=4159 not found
12-09 12:28:51.039 W/ActivityTaskManager( 1514): getTaskSnapshot: taskId=3159 not found
12-09 12:28:51.039 W/ActivityTaskManager( 1514): getTaskSnapshot: taskId=2159 not found
12-09 12:28:51.039 W/ActivityTaskManager( 1514): getTaskSnapshot: taskId=1159 not found
12-09 12:28:51.042 I/GameMode_ActivityMonitoringService( 9074): onTaskStackChanged
12-09 12:28:51.045 I/GameMode_ActivityMonitoringService( 9074): Updating top task to: TaskInfoContainer [topActivity=ComponentInfo{com.android.launcher3/com.android.launcher3.uioverrides.QuickstepLauncher}, taskId=10, stackId=1, userId=0, displayId=0, position=6
12-09 12:28:51.045 I/GameMode_ActivityMonitoringService( 9074): Notifying about top task: TaskInfoContainer [topActivity=ComponentInfo{com.android.launcher3/com.android.launcher3.uioverrides.QuickstepLauncher}, taskId=10, stackId=1, userId=0, displayId=0, position=6
12-09 12:28:51.045 E/GameMode_ActivityMonitoringService( 9074): onActivityLaunch:com.android.launcher3
12-09 12:28:51.045 V/GameMode_GameTypeUtils( 9074): judge isGame:com.android.launcher3
12-09 12:28:51.045 V/GameMode_GpuUtils( 9074): fps:60
12-09 12:28:51.047 D/GameMode_GameModeActionUtils( 9074): Show GameMode entry by service!
12-09 12:28:51.047 W/ContextImpl( 9074): Calling a method in the system process without a qualified user: android.app.ContextImpl.startService:1816 android.content.ContextWrapper.startService:774 com.thundercomm.gamemode.ingame.services.GameModeActionUtils.startGameModeService:99 com.thundercomm.gamemode.ingame.services.GameModeActionUtils.startGameModeEntry:22 com.thundercomm.gamemode.ingame.services.ActivityMonitoringService$1.onActivityLaunch:127
12-09 12:28:51.049 D/GameMode_GameModeService( 9074): type=hide_entry
12-09 12:28:51.049 D/GameModeIF_GameModeSettings( 9074): getUriFor setting_content_uri_root = content://com.thundercomm.gamemode.api/gamemode_settings , name = gamemode_isgaming
12-09 12:28:51.050 I/GameModeConfig( 1514): Current uri is uri = content://com.thundercomm.gamemode.api/gamemode_settings/gamemode_isgaming
12-09 12:28:51.051 D/GameModeIF_GameModeSettings( 1514): getUriFor setting_content_uri_root = content://com.thundercomm.gamemode.api/gamemode_settings , name = gamemode_isgaming
12-09 12:28:51.051 D/GameMode_GameSettingsObserver( 9074): Game Data change!!!! uri = content://com.thundercomm.gamemode.api/gamemode_settings/gamemode_isgaming
12-09 12:28:51.051 D/GameModeIF_GameModeSettings( 9074): getUriFor setting_content_uri_root = content://com.thundercomm.gamemode.api/gamemode_settings , name = gamemode_isgaming
12-09 12:28:51.051 D/GameModeIF_GameModeSettings( 9074): gamemode_isgaming set to 0
12-09 12:28:51.052 I/GameModeConfig( 1514): isGameModeOn = false
12-09 12:28:51.052 I/GameModeConfig( 1514): isGameModeOn = false
12-09 12:28:51.052 I/GameModeConfig( 1514): isDisableVoice = true
12-09 12:28:51.056 D/GameMode_GameModeService( 9074): updateGlobalSettings = gamemode_isgaming
12-09 12:28:51.098 D/UIAutomatorStub(18567): URI: /jsonrpc/0, Method: POST, params, {NanoHttpd.QUERY_STRING=null}, files: {postData={"jsonrpc": "2.0", "id": "31a70c1cb98c0d6e8c111c0f49c016af", "method": "objInfo", "params": [{"mask": 2097153, "childOrSibling": [], "childOrSiblingSelector": [], "resourceId": "com.android.launcher3:id/name_tv", "text": "\u65e5\u5386"}]}}
12-09 12:28:51.100 W/QueryController(18567): Could not detect idle state.
12-09 12:28:51.172 W/QueryController(18567): Could not detect idle state.
12-09 12:28:51.184 W/System ( 1514): A resource failed to call close.
12-09 12:28:51.185 W/System ( 1514): A resource failed to call close.
12-09 12:28:51.186 W/System ( 1514): A resource failed to call close.
12-09 12:28:51.186 W/System ( 1514): A resource failed to call close.
12-09 12:28:51.198 W/QueryController(18567): Could not detect idle state.
12-09 12:28:51.199 W/QueryController(18567): Could not detect idle state.
12-09 12:28:51.200 W/QueryController(18567): Could not detect idle state.
12-09 12:28:51.200 W/QueryController(18567): Could not detect idle state.
12-09 12:28:51.201 W/QueryController(18567): Could not detect idle state.
12-09 12:28:51.202 W/QueryController(18567): Could not detect idle state.
12-09 12:28:51.214 W/QueryController(18567): Could not detect idle state.
12-09 12:28:51.216 W/QueryController(18567): Could not detect idle state.
12-09 12:28:51.217 W/QueryController(18567): Could not detect idle state.
12-09 12:28:51.218 W/QueryController(18567): Could not detect idle state.
12-09 12:28:51.219 W/QueryController(18567): Could not detect idle state.
12-09 12:28:51.234 W/QueryController(18567): Could not detect idle state.
12-09 12:28:51.235 W/QueryController(18567): Could not detect idle state.
12-09 12:28:51.236 D/FreeFormWindowHelper( 1514): Remove freefrom task=Task{357a877 #159 type=standard A=10069:android.task.calendar U=0 visible=false mode=freeform translucent=true sz=0}
12-09 12:28:51.262 W/QueryController(18567): Could not detect idle state.
12-09 12:28:51.284 W/QueryController(18567): Could not detect idle state.
12-09 12:28:51.295 W/QueryController(18567): Could not detect idle state.
12-09 12:28:51.348 D/UIAutomatorStub(18567): URI: /jsonrpc/0, Method: POST, params, {NanoHttpd.QUERY_STRING=null}, files: {postData={"jsonrpc": "2.0", "id": "b1f6256f07160944b415db9251cbb7b3", "method": "click", "params": [206.0, 405.0]}}
12-09 12:28:51.460 D/FreeWindowHelper( 2834): setExitFlag: old=0,new=1
12-09 12:28:51.462 I/ActivityTaskManager( 1514): START u0 {flg=0x10008000 cmp=com.android.calendar/.AllInOneActivity} from uid 10075
12-09 12:28:51.463 I/EventSequenceValidator( 1514): Transition from ACTIVITY_FINISHED to INTENT_STARTED
12-09 12:28:51.467 E/ANDR-PERF-JNI( 1514): com_qualcomm_qtiperformance_native_perf_io_prefetch_start
12-09 12:28:51.468 W/ActivityTaskManager( 1514): Can't find TaskDisplayArea to determine support for multi window. Task id=160 attached=false
12-09 12:28:51.470 D/FreeFormWindowHelper( 1514): Add freeform task=Task{1016d36 #160 type=standard ?? U=0 visible=false mode=freeform translucent=true sz=0}
12-09 12:28:51.470 E/ANDR-IOP( 865): io prefetch is disabled
12-09 12:28:51.473 D/CompatibilityInfo( 1514): mCompatibilityFlags - 4
12-09 12:28:51.473 D/CompatibilityInfo( 1514): applicationDensity - 240
12-09 12:28:51.473 D/CompatibilityInfo( 1514): applicationScale - 1.0
12-09 12:28:51.474 I/ActivityTaskManager( 1514): FOREGROUND_APPLICATION_CHANGED to com.android.calendar.AllInOneActivity
12-09 12:28:51.474 I/ActivityTaskManager( 1514): The Process com.android.calendar Already Exists in BG. So sending its PID: 19196
12-09 12:28:51.486 W/ActivityTaskManager( 1514): Tried to set launchTime (0) < mLastActivityLaunchTime (25736401)
12-09 12:28:51.487 D/CompatibilityInfo( 1514): mCompatibilityFlags - 4
12-09 12:28:51.487 D/CompatibilityInfo( 1514): applicationDensity - 240
12-09 12:28:51.487 D/CompatibilityInfo( 1514): applicationScale - 1.0
12-09 12:28:51.493 D/StateManager( 2834): goToState: Normal
12-09 12:28:51.494 D/EditModeHelper( 2834): setHotseatVisibility: 0
12-09 12:28:51.497 I/GameMode_ActivityMonitoringService( 9074): onForegroundActivitiesChanged uid 10069 pid 19196 fg true
12-09 12:28:51.501 I/EventSequenceValidator( 1514): Transition from INTENT_STARTED to ACTIVITY_LAUNCHED
12-09 12:28:51.506 I/GameMode_ActivityMonitoringService( 9074): Updating top task to: TaskInfoContainer [topActivity=ComponentInfo{com.android.calendar/com.android.calendar.AllInOneActivity}, taskId=160, stackId=160, userId=0, displayId=0, position=6
12-09 12:28:51.506 I/GameMode_ActivityMonitoringService( 9074): Notifying about top task: TaskInfoContainer [topActivity=ComponentInfo{com.android.calendar/com.android.calendar.AllInOneActivity}, taskId=160, stackId=160, userId=0, displayId=0, position=6
12-09 12:28:51.506 E/GameMode_ActivityMonitoringService( 9074): onActivityLaunch:com.android.calendar
12-09 12:28:51.506 V/GameMode_GameTypeUtils( 9074): judge isGame:com.android.calendar
12-09 12:28:51.506 V/GameMode_GpuUtils( 9074): fps:60
12-09 12:28:51.508 D/GameMode_GameModeActionUtils( 9074): Show GameMode entry by service!
12-09 12:28:51.508 W/ContextImpl( 9074): Calling a method in the system process without a qualified user: android.app.ContextImpl.startService:1816 android.content.ContextWrapper.startService:774 com.thundercomm.gamemode.ingame.services.GameModeActionUtils.startGameModeService:99 com.thundercomm.gamemode.ingame.services.GameModeActionUtils.startGameModeEntry:22 com.thundercomm.gamemode.ingame.services.ActivityMonitoringService$1.onActivityLaunch:127
12-09 12:28:51.517 D/GameModeIF_GameModeSettings( 9074): getUriFor setting_content_uri_root = content://com.thundercomm.gamemode.api/gamemode_settings , name = gamemode_isgaming
12-09 12:28:51.517 D/GameMode_GameModeService( 9074): type=hide_entry
12-09 12:28:51.518 I/GameModeConfig( 1514): Current uri is uri = content://com.thundercomm.gamemode.api/gamemode_settings/gamemode_isgaming
12-09 12:28:51.518 D/GameModeIF_GameModeSettings( 1514): getUriFor setting_content_uri_root = content://com.thundercomm.gamemode.api/gamemode_settings , name = gamemode_isgaming
12-09 12:28:51.519 D/GameMode_GameSettingsObserver( 9074): Game Data change!!!! uri = content://com.thundercomm.gamemode.api/gamemode_settings/gamemode_isgaming
12-09 12:28:51.519 D/AccountManagerService( 1514): bind attempt failed for Session: expectLaunch true, connected false, stats (0/0/0), lifetime 0.0, addAccount, accountType com.google, requiredFeatures null
12-09 12:28:51.519 D/GameModeIF_GameModeSettings( 9074): getUriFor setting_content_uri_root = content://com.thundercomm.gamemode.api/gamemode_settings , name = gamemode_isgaming
12-09 12:28:51.523 I/GameModeConfig( 1514): isGameModeOn = false
12-09 12:28:51.523 I/GameModeConfig( 1514): isGameModeOn = false
12-09 12:28:51.523 I/GameModeConfig( 1514): isDisableVoice = true
12-09 12:28:51.525 D/GameMode_GameModeService( 9074): updateGlobalSettings = gamemode_isgaming
12-09 12:28:51.526 D/GameModeIF_GameModeSettings( 9074): gamemode_isgaming set to 0
12-09 12:28:51.527 W/WindowManager( 1514): updateScale0.7996942
12-09 12:28:51.528 D/FreeWindowHelper( 2834): enterOrExitRecentTasks: isEnterRecentTasks=false,mExitFlag=1
12-09 12:28:51.528 W/FreeFormWindowHelper( 1514): exitRecentTasks type=1
12-09 12:28:51.529 E/PagedView( 2834): validateNewPage: failed to find a page < mMaxScrollX
12-09 12:28:51.538 W/WindowManager( 1514): updateScale0.7996942
12-09 12:28:51.540 W/WindowManager( 1514): updateScale0.7996942
12-09 12:28:51.541 W/WindowManager( 1514): updateScale0.7996942
12-09 12:28:51.541 I/EventSequenceValidator( 1514): Transition from ACTIVITY_LAUNCHED to ACTIVITY_FINISHED
12-09 12:28:51.547 I/ActivityTaskManager( 1514): Displayed com.android.calendar/.AllInOneActivity: +77ms
12-09 12:28:51.550 I/OpenGLRenderer(19196): Davey! duration=9223346290257ms; Flags=1, FrameTimelineVsyncId=409189, IntendedVsync=25746597183982, Vsync=25746597183982, InputEventId=0, HandleInputStart=25746597971113, AnimationStart=25746597972207, PerformTraversalsStart=25746598035644, DrawStart=25746611237467, FrameDeadline=25746613850648, FrameInterval=25746597968040, FrameStartTime=16666666, SyncQueued=25746611731946, SyncStart=25746611865228, IssueDrawCommandsStart=25746611931738, SwapBuffers=25746613471634, FrameCompleted=9223372036854775807, DequeueBufferDuration=11458, QueueBufferDuration=398021, GpuCompleted=9223372036854775807, SwapBuffersCompleted=25746614050124, DisplayPresentTime=0,
12-09 12:28:51.551 I/OpenGLRenderer( 2834): Davey! duration=9223346290274ms; Flags=0, FrameTimelineVsyncId=409186, IntendedVsync=25746580476830, Vsync=25746580476830, InputEventId=-404741068, HandleInputStart=25746581197884, AnimationStart=25746581199342, PerformTraversalsStart=25746581650384, DrawStart=25746581767311, FrameDeadline=25746597143496, FrameInterval=25746581192832, FrameStartTime=16666666, SyncQueued=25746604674915, SyncStart=25746604923509, IssueDrawCommandsStart=25746605720384, SwapBuffers=25746611847259, FrameCompleted=9223372036854775807, DequeueBufferDuration=65312, QueueBufferDuration=1828906, GpuCompleted=9223372036854775807, SwapBuffersCompleted=25746614641894, DisplayPresentTime=0,
12-09 12:28:51.591 W/crtc_commit:125( 760): type=1400 audit(0.0:8223): avc: denied { kill } for capability=5 scontext=u:r:kernel:s0 tcontext=u:r:kernel:s0 tclass=capability permissive=0
12-09 12:28:51.783 I/OMX-VENC: venc_dev( 1203): stats: avg. fps 40.96, bitrate 4773212
12-09 12:28:51.790 I/mpu_uart( 649): [MSG-P:RECV]:No message received in 1000 ms
12-09 12:28:51.826 W/WindowManager( 1514): updateScale0.7996942
12-09 12:28:51.933 E/PagedView( 2834): validateNewPage: failed to find a page < mMaxScrollX
12-09 12:28:52.012 I/OMX-VENC: venc_dev( 1203): stats: avg. fps 49.22, bitrate 1870958
12-09 12:28:52.591 W/swapper/3( 0): type=1400 audit(0.0:8224): avc: denied { kill } for capability=5 scontext=u:r:kernel:s0 tcontext=u:r:kernel:s0 tclass=capability permissive=0
12-09 12:28:52.790 I/mpu_uart( 649): [MSG-P:RECV]:No message received in 1000 ms
12-09 12:28:52.791 I/OMX-VENC: venc_dev( 1203): stats: avg. fps 13.88, bitrate 1213966
12-09 12:28:53.091 I/OMX-VENC: venc_dev( 1203): stats: avg. fps 12.04, bitrate 107674
12-09 12:28:53.517 I/mpu_uart( 649): [MSG-P:R]:recv sync frame timeout
12-09 12:28:53.791 I/mpu_uart( 649): [MSG-P:RECV]:No message received in 1000 ms
12-09 12:28:54.188 I/OMX-VENC: venc_dev( 1203): stats: avg. fps 10.03, bitrate 90600
12-09 12:28:54.591 W/swapper/3( 0): type=1400 audit(0.0:8225): avc: denied { kill } for capability=5 scontext=u:r:kernel:s0 tcontext=u:r:kernel:s0 tclass=capability permissive=0
12-09 12:28:54.791 I/mpu_uart( 649): [MSG-P:RECV]:No message received in 1000 ms
12-09 12:28:54.793 I/OMX-VENC: venc_dev( 1203): stats: avg. fps 1.00, bitrate 89596
12-09 12:28:55.192 I/OMX-VENC: venc_dev( 1203): stats: avg. fps 9.96, bitrate 90111
12-09 12:28:55.248 E/TaskPersister( 1514): File error accessing recents directory (directory doesn't exist?).
12-09 12:28:55.591 W/swapper/3( 0): type=1400 audit(0.0:8226): avc: denied { kill } for capability=5 scontext=u:r:kernel:s0 tcontext=u:r:kernel:s0 tclass=capability permissive=0
12-09 12:28:55.791 I/mpu_uart( 649): [MSG-P:RECV]:No message received in 1000 ms
12-09 12:28:55.794 I/OMX-VENC: venc_dev( 1203): stats: avg. fps 1.00, bitrate 42732
12-09 12:28:56.195 I/OMX-VENC: venc_dev( 1203): stats: avg. fps 9.97, bitrate 90215
12-09 12:28:56.520 I/mpu_uart( 649): [MSG-P:R]:recv sync frame timeout
12-09 12:28:56.591 W/swapper/3( 0): type=1400 audit(0.0:8227): avc: denied { kill } for capability=5 scontext=u:r:kernel:s0 tcontext=u:r:kernel:s0 tclass=capability permissive=0
12-09 12:28:56.792 I/mpu_uart( 649): [MSG-P:RECV]:No message received in 1000 ms
12-09 12:28:56.797 I/OMX-VENC: venc_dev( 1203): stats: avg. fps 1.00, bitrate 37949
12-09 12:28:57.198 I/OMX-VENC: venc_dev( 1203): stats: avg. fps 9.97, bitrate 90390
12-09 12:28:57.544 D/UIAutomatorStub(18567): URI: /jsonrpc/0, Method: POST, params, {NanoHttpd.QUERY_STRING=null}, files: {postData={"jsonrpc": "2.0", "id": "871f5e6421bcbbe7a01054b096387644", "method": "waitForExists", "params": [{"mask": 2097152, "childOrSibling": [], "childOrSiblingSelector": [], "resourceId": "android:id/move_window"}, 3000]}}
12-09 12:28:57.548 W/QueryController(18567): Could not detect idle state.
12-09 12:28:57.581 D/UIAutomatorStub(18567): URI: /jsonrpc/0, Method: POST, params, {NanoHttpd.QUERY_STRING=null}, files: {postData={"jsonrpc": "2.0", "id": "221055b0e05c92fa36cefd4ddcec6bbf", "method": "objInfo", "params": [{"mask": 2097152, "childOrSibling": [], "childOrSiblingSelector": [], "resourceId": "android:id/move_window"}]}}
12-09 12:28:57.584 W/QueryController(18567): Could not detect idle state.
12-09 12:28:57.592 W/QueryController(18567): Could not detect idle state.
12-09 12:28:57.595 W/QueryController(18567): Could not detect idle state.
12-09 12:28:57.591 W/swapper/3( 0): type=1400 audit(0.0:8228): avc: denied { kill } for capability=5 scontext=u:r:kernel:s0 tcontext=u:r:kernel:s0 tclass=capability permissive=0
12-09 12:28:57.596 W/QueryController(18567): Could not detect idle state.
12-09 12:28:57.598 W/QueryController(18567): Could not detect idle state.
12-09 12:28:57.599 W/QueryController(18567): Could not detect idle state.
12-09 12:28:57.601 W/QueryController(18567): Could not detect idle state.
12-09 12:28:57.602 W/QueryController(18567): Could not detect idle state.
12-09 12:28:57.603 W/QueryController(18567): Could not detect idle state.
