12-09 12:25:13.610 D/vendor.qti.vibrator( 877): Notifying on complete
12-09 12:25:13.610 D/vendor.qti.vibrator( 877): QTI Vibrator off
12-09 12:25:13.711 I/mpu_uart( 649): [MSG-P:RECV]:No message received in 1000 ms
12-09 12:25:13.817 D/NoButtonQuickSwitchTouchController( 2834): onDragEnd: noFling=true,isPaused=true,velocity=PointF(-0.19479643, 2.9225088E-5)
12-09 12:25:13.818 D/EditModeHelper( 2834): setHotseatVisibility: 0
12-09 12:25:13.872 W/View ( 2834): requestLayout() improperly called by com.android.launcher3.views.NoInsetView{a9fdf28 V.ED..... ......ID 2038,0-2380,1020 #7f09007c app:id/bg_hotseat} during layout: running second layout pass
12-09 12:25:13.915 I/OpenGLRenderer( 2834): Davey! duration=9223346507899ms; Flags=0, FrameTimelineVsyncId=404542, IntendedVsync=25528955225706, Vsync=25528955225706, InputEventId=0, HandleInputStart=25528955547029, AnimationStart=25528955548123, PerformTraversalsStart=25528967392759, DrawStart=25528967949217, FrameDeadline=25528993225704, FrameInterval=25528955544217, FrameStartTime=16666666, SyncQueued=25528969519946, SyncStart=25528969571144, IssueDrawCommandsStart=25528969761873, SwapBuffers=25528972183019, FrameCompleted=9223372036854775807, DequeueBufferDuration=12343, QueueBufferDuration=394115, GpuCompleted=9223372036854775807, SwapBuffersCompleted=25528972759842, DisplayPresentTime=0,
12-09 12:25:14.052 W/SDM ( 861): HWCDisplay::GetHWCLayer: [0] GetLayer(765) failed: no such layer
12-09 12:25:14.055 W/HwcComposer( 975): command 0x3000000 generated error 3
12-09 12:25:14.201 D/StateManager( 2834): goToState: Overview
12-09 12:25:14.202 D/FreeWindowHelper( 2834): enterOrExitRecentTasks: isEnterRecentTasks=true,mExitFlag=1
12-09 12:25:14.220 D/ActivityTrigger( 1514): ActivityTrigger activityPauseTrigger
12-09 12:25:14.223 D/FreeWindowContainer( 2834): reloadTask: TaskInfo{userId=0 taskId=143 displayId=0 isRunning=false baseIntent=Intent { flg=0x10008000 cmp=com.android.calendar/.AllInOneActivity } baseActivity=null topActivity=null origActivity=null realActivity=ComponentInfo{com.android.calendar/com.android.calendar.AllInOneActivity} numActivities=0 lastActiveTime=25529298 supportsSplitScreenMultiWindow=true supportsMultiWindow=true resizeMode=1 isResizeable=true token=WCT{android.window.IWindowContainerToken$Stub$Proxy@fcd7001} topActivityType=1 pictureInPictureParams=null displayCutoutSafeInsets=null topActivityInfo=null launchCookies=[] positionInParent=Point(0, 72) parentTaskId=-1 isFocused=false isVisible=true topActivityInSizeCompat=false locusId= null}
12-09 12:25:14.236 W/QueryController(18567): Could not detect idle state.
12-09 12:25:14.240 I/GameMode_ActivityMonitoringService( 9074): onForegroundActivitiesChanged uid 10069 pid 19196 fg false
12-09 12:25:14.250 I/GameMode_ActivityMonitoringService( 9074): Updating top task to: TaskInfoContainer [topActivity=ComponentInfo{com.android.launcher3/com.android.launcher3.uioverrides.QuickstepLauncher}, taskId=10, stackId=1, userId=0, displayId=0, position=6
12-09 12:25:14.250 D/EditModeHelper( 2834): setHotseatVisibility: 0
12-09 12:25:14.250 I/GameMode_ActivityMonitoringService( 9074): Notifying about top task: TaskInfoContainer [topActivity=ComponentInfo{com.android.launcher3/com.android.launcher3.uioverrides.QuickstepLauncher}, taskId=10, stackId=1, userId=0, displayId=0, position=6
12-09 12:25:14.250 E/GameMode_ActivityMonitoringService( 9074): onActivityLaunch:com.android.launcher3
12-09 12:25:14.250 V/GameMode_GameTypeUtils( 9074): judge isGame:com.android.launcher3
12-09 12:25:14.250 V/GameMode_GpuUtils( 9074): fps:60
12-09 12:25:14.257 D/GameMode_GameModeActionUtils( 9074): Show GameMode entry by service!
12-09 12:25:14.258 W/ContextImpl( 9074): Calling a method in the system process without a qualified user: android.app.ContextImpl.startService:1816 android.content.ContextWrapper.startService:774 com.thundercomm.gamemode.ingame.services.GameModeActionUtils.startGameModeService:99 com.thundercomm.gamemode.ingame.services.GameModeActionUtils.startGameModeEntry:22 com.thundercomm.gamemode.ingame.services.ActivityMonitoringService$1.onActivityLaunch:127
12-09 12:25:14.259 D/GameMode_GameModeService( 9074): type=hide_entry
12-09 12:25:14.260 I/OMX-VENC: venc_dev( 1203): stats: avg. fps 49.26, bitrate 1187205
12-09 12:25:14.261 D/GameModeIF_GameModeSettings( 9074): getUriFor setting_content_uri_root = content://com.thundercomm.gamemode.api/gamemode_settings , name = gamemode_isgaming
12-09 12:25:14.261 W/InputManager-JNI( 1514): Input channel object 'cea67cb com.android.calendar/com.android.calendar.AllInOneActivity (client)' was disposed without first being removed with the input manager!
12-09 12:25:14.267 I/GameModeConfig( 1514): Current uri is uri = content://com.thundercomm.gamemode.api/gamemode_settings/gamemode_isgaming
12-09 12:25:14.267 D/GameModeIF_GameModeSettings( 1514): getUriFor setting_content_uri_root = content://com.thundercomm.gamemode.api/gamemode_settings , name = gamemode_isgaming
12-09 12:25:14.275 I/GameModeConfig( 1514): isGameModeOn = false
12-09 12:25:14.275 I/GameModeConfig( 1514): isGameModeOn = false
12-09 12:25:14.275 I/GameModeConfig( 1514): isDisableVoice = true
12-09 12:25:14.275 D/GameMode_GameSettingsObserver( 9074): Game Data change!!!! uri = content://com.thundercomm.gamemode.api/gamemode_settings/gamemode_isgaming
12-09 12:25:14.275 D/GameModeIF_GameModeSettings( 9074): getUriFor setting_content_uri_root = content://com.thundercomm.gamemode.api/gamemode_settings , name = gamemode_isgaming
12-09 12:25:14.276 D/GameModeIF_GameModeSettings( 9074): gamemode_isgaming set to 0
12-09 12:25:14.285 D/GameMode_GameModeService( 9074): updateGlobalSettings = gamemode_isgaming
12-09 12:25:14.286 I/OMX-VENC: venc_dev( 1203): stats: avg. fps 48.16, bitrate 3864270
12-09 12:25:14.314 I/mpu_uart( 649): [MSG-P:R]:recv sync frame timeout
12-09 12:25:14.340 I/GameMode_ActivityMonitoringService( 9074): onTaskStackChanged
12-09 12:25:14.343 I/GameMode_ActivityMonitoringService( 9074): Updating top task to: TaskInfoContainer [topActivity=ComponentInfo{com.android.launcher3/com.android.launcher3.uioverrides.QuickstepLauncher}, taskId=10, stackId=1, userId=0, displayId=0, position=6
12-09 12:25:14.343 I/GameMode_ActivityMonitoringService( 9074): Notifying about top task: TaskInfoContainer [topActivity=ComponentInfo{com.android.launcher3/com.android.launcher3.uioverrides.QuickstepLauncher}, taskId=10, stackId=1, userId=0, displayId=0, position=6
12-09 12:25:14.343 E/GameMode_ActivityMonitoringService( 9074): onActivityLaunch:com.android.launcher3
12-09 12:25:14.343 V/GameMode_GameTypeUtils( 9074): judge isGame:com.android.launcher3
12-09 12:25:14.343 V/GameMode_GpuUtils( 9074): fps:60
12-09 12:25:14.346 D/GameMode_GameModeActionUtils( 9074): Show GameMode entry by service!
12-09 12:25:14.346 W/ContextImpl( 9074): Calling a method in the system process without a qualified user: android.app.ContextImpl.startService:1816 android.content.ContextWrapper.startService:774 com.thundercomm.gamemode.ingame.services.GameModeActionUtils.startGameModeService:99 com.thundercomm.gamemode.ingame.services.GameModeActionUtils.startGameModeEntry:22 com.thundercomm.gamemode.ingame.services.ActivityMonitoringService$1.onActivityLaunch:127
12-09 12:25:14.348 D/GameModeIF_GameModeSettings( 9074): getUriFor setting_content_uri_root = content://com.thundercomm.gamemode.api/gamemode_settings , name = gamemode_isgaming
12-09 12:25:14.348 D/GameMode_GameModeService( 9074): type=hide_entry
12-09 12:25:14.349 I/GameModeConfig( 1514): Current uri is uri = content://com.thundercomm.gamemode.api/gamemode_settings/gamemode_isgaming
12-09 12:25:14.349 D/GameModeIF_GameModeSettings( 1514): getUriFor setting_content_uri_root = content://com.thundercomm.gamemode.api/gamemode_settings , name = gamemode_isgaming
12-09 12:25:14.350 D/GameModeIF_GameModeSettings( 9074): gamemode_isgaming set to 0
12-09 12:25:14.351 W/System ( 1514): A resource failed to call close.
12-09 12:25:14.351 W/System ( 1514): A resource failed to call close.
12-09 12:25:14.351 W/System ( 1514): A resource failed to call close.
12-09 12:25:14.351 W/System ( 1514): A resource failed to call close.
12-09 12:25:14.352 I/GameModeConfig( 1514): isGameModeOn = false
12-09 12:25:14.352 I/GameModeConfig( 1514): isGameModeOn = false
12-09 12:25:14.352 I/GameModeConfig( 1514): isDisableVoice = true
12-09 12:25:14.352 D/GameMode_GameSettingsObserver( 9074): Game Data change!!!! uri = content://com.thundercomm.gamemode.api/gamemode_settings/gamemode_isgaming
12-09 12:25:14.353 D/GameModeIF_GameModeSettings( 9074): getUriFor setting_content_uri_root = content://com.thundercomm.gamemode.api/gamemode_settings , name = gamemode_isgaming
12-09 12:25:14.354 D/GameMode_GameModeService( 9074): updateGlobalSettings = gamemode_isgaming
12-09 12:25:14.532 D/FreeFormWindowHelper( 1514): Remove freefrom task=Task{481278d #143 type=standard A=10069:android.task.calendar U=0 visible=false mode=freeform translucent=true sz=0}
12-09 12:25:14.591 W/swapper/2( 0): type=1400 audit(0.0:8029): avc: denied { kill } for capability=5 scontext=u:r:kernel:s0 tcontext=u:r:kernel:s0 tclass=capability permissive=0
12-09 12:25:14.711 I/mpu_uart( 649): [MSG-P:RECV]:No message received in 1000 ms
12-09 12:25:15.344 I/OMX-VENC: venc_dev( 1203): stats: avg. fps 21.20, bitrate 450125
12-09 12:25:15.354 W/QueryController(18567): Could not detect idle state.
12-09 12:25:15.591 W/swapper/2( 0): type=1400 audit(0.0:8030): avc: denied { kill } for capability=5 scontext=u:r:kernel:s0 tcontext=u:r:kernel:s0 tclass=capability permissive=0
12-09 12:25:15.711 I/mpu_uart( 649): [MSG-P:RECV]:No message received in 1000 ms
12-09 12:25:16.246 I/OMX-VENC: venc_dev( 1203): stats: avg. fps 8.67, bitrate 731519
12-09 12:25:16.346 I/OMX-VENC: venc_dev( 1203): stats: avg. fps 9.99, bitrate 87817
12-09 12:25:16.427 W/QueryController(18567): Could not detect idle state.
12-09 12:25:16.591 W/swapper/2( 0): type=1400 audit(0.0:8031): avc: denied { kill } for capability=5 scontext=u:r:kernel:s0 tcontext=u:r:kernel:s0 tclass=capability permissive=0
12-09 12:25:16.711 I/mpu_uart( 649): [MSG-P:RECV]:No message received in 1000 ms
12-09 12:25:16.818 W/Choreographer( 2834): Frame time is 0.009549 ms in the future! Check that graphics HAL is generating vsync timestamps using the correct timebase.
12-09 12:25:17.247 I/OMX-VENC: venc_dev( 1203): stats: avg. fps 12.98, bitrate 1300707
12-09 12:25:17.277 W/SDM ( 861): HWCDisplay::GetHWCLayer: [0] GetLayer(766) failed: no such layer
12-09 12:25:17.283 W/HwcComposer( 975): command 0x3000000 generated error 3
12-09 12:25:17.317 I/mpu_uart( 649): [MSG-P:R]:recv sync frame timeout
12-09 12:25:17.373 D/FreeWindowContainer( 2834): removeTaskInternal:
12-09 12:25:17.373 D/FreeWindowHelper( 2834): setExitFlag: old=0,new=2
12-09 12:25:17.392 I/OMX-VENC: venc_dev( 1203): stats: avg. fps 21.02, bitrate 364155
12-09 12:25:17.472 W/ActivityTaskManager( 1514): Request to remove task ignored for non-existent task 136
12-09 12:25:17.473 W/ActivityTaskManager( 1514): Request to remove task ignored for non-existent task 137
12-09 12:25:17.473 W/ActivityTaskManager( 1514): Request to remove task ignored for non-existent task 143
12-09 12:25:17.475 W/ActivityTaskManager( 1514): removeTask: No task remove with id=143
12-09 12:25:17.591 W/swapper/2( 0): type=1400 audit(0.0:8032): avc: denied { kill } for capability=5 scontext=u:r:kernel:s0 tcontext=u:r:kernel:s0 tclass=capability permissive=0
12-09 12:25:17.712 I/mpu_uart( 649): [MSG-P:RECV]:No message received in 1000 ms
12-09 12:25:18.447 I/OMX-VENC: venc_dev( 1203): stats: avg. fps 11.37, bitrate 84322
12-09 12:25:18.591 W/swapper/2( 0): type=1400 audit(0.0:8033): avc: denied { kill } for capability=5 scontext=u:r:kernel:s0 tcontext=u:r:kernel:s0 tclass=capability permissive=0
12-09 12:25:18.649 D/ProcessState(19344): Binder ioctl to enable oneway spam detection failed: Invalid argument
12-09 12:25:18.654 D/StateManager( 2834): goToState: Normal
12-09 12:25:18.655 D/EditModeHelper( 2834): setHotseatVisibility: 0
12-09 12:25:18.655 V/ShadeControllerImpl( 2372): NotificationShadeWindow: com.android.systemui.statusbar.phone.NotificationShadeWindowView{7f4383b I.E...... ......ID 0,0-2380,1020} canPanelBeCollapsed(): false
12-09 12:25:18.661 D/FreeWindowHelper( 2834): enterOrExitRecentTasks: isEnterRecentTasks=false,mExitFlag=2
12-09 12:25:18.662 W/FreeFormWindowHelper( 1514): exitRecentTasks type=2
12-09 12:25:18.667 D/UIAutomatorStub(18567): URI: /jsonrpc/0, Method: POST, params, {NanoHttpd.QUERY_STRING=null}, files: {postData={"jsonrpc": "2.0", "id": "05dbf160d417b01aefe52be96fe250eb", "method": "waitForExists", "params": [{"mask": 2097153, "childOrSibling": [], "childOrSiblingSelector": [], "resourceId": "com.android.launcher3:id/name_tv", "text": "\u65e5\u5386"}, 3000]}}
12-09 12:25:18.670 W/QueryController(18567): Could not detect idle state.
12-09 12:25:18.700 I/OMX-VENC: venc_dev( 1203): stats: avg. fps 4.13, bitrate 184007
12-09 12:25:18.712 I/mpu_uart( 649): [MSG-P:RECV]:No message received in 1000 ms
12-09 12:25:19.041 E/TaskPersister( 1514): File error accessing recents directory (directory doesn't exist?).
12-09 12:25:19.456 I/OMX-VENC: venc_dev( 1203): stats: avg. fps 30.72, bitrate 747480
12-09 12:25:19.591 W/swapper/2( 0): type=1400 audit(0.0:8034): avc: denied { kill } for capability=5 scontext=u:r:kernel:s0 tcontext=u:r:kernel:s0 tclass=capability permissive=0
12-09 12:25:19.712 I/mpu_uart( 649): [MSG-P:RECV]:No message received in 1000 ms
12-09 12:25:19.721 W/QueryController(18567): Could not detect idle state.
12-09 12:25:20.255 I/OMX-VENC: venc_dev( 1203): stats: avg. fps 16.72, bitrate 1499461
12-09 12:25:20.321 I/mpu_uart( 649): [MSG-P:R]:recv sync frame timeout
12-09 12:25:20.555 I/OMX-VENC: venc_dev( 1203): stats: avg. fps 10.01, bitrate 66974
12-09 12:25:20.591 W/swapper/2( 0): type=1400 audit(0.0:8035): avc: denied { kill } for capability=5 scontext=u:r:kernel:s0 tcontext=u:r:kernel:s0 tclass=capability permissive=0
12-09 12:25:20.712 I/mpu_uart( 649): [MSG-P:RECV]:No message received in 1000 ms
12-09 12:25:20.768 W/QueryController(18567): Could not detect idle state.
12-09 12:25:21.163 D/ConnectivityService( 1514): Data stall detected with methods: 1
12-09 12:25:21.165 D/NetworkMonitor/104( 2515): isDataStall: result=1, tcp packets received=0, latest tcp fail rate=-1, consecutive dns timeout count=225
12-09 12:25:21.166 D/NetworkMonitor/104( 2515): Suspecting data stall, reevaluate
12-09 12:25:21.168 D/NetworkMonitor/104( 2515): Validation disabled.
12-09 12:25:21.173 D/ConnectivityService( 1514): [104 WIFI] validation passed
12-09 12:25:21.259 I/OMX-VENC: venc_dev( 1203): stats: avg. fps 1.00, bitrate 29015
12-09 12:25:21.559 I/OMX-VENC: venc_dev( 1203): stats: avg. fps 9.97, bitrate 67104
12-09 12:25:21.591 W/swapper/2( 0): type=1400 audit(0.0:8036): avc: denied { kill } for capability=5 scontext=u:r:kernel:s0 tcontext=u:r:kernel:s0 tclass=capability permissive=0
12-09 12:25:21.713 I/mpu_uart( 649): [MSG-P:RECV]:No message received in 1000 ms
12-09 12:25:21.796 W/QueryController(18567): Could not detect idle state.
12-09 12:25:21.830 E/fi.iki.elonen.NanoHTTPD(18567): Could not send response to the client
12-09 12:25:21.830 E/fi.iki.elonen.NanoHTTPD(18567): java.net.SocketException: Broken pipe
12-09 12:25:21.830 E/fi.iki.elonen.NanoHTTPD(18567): at java.net.SocketOutputStream.socketWrite0(Native Method)
12-09 12:25:21.830 E/fi.iki.elonen.NanoHTTPD(18567): at java.net.SocketOutputStream.socketWrite(SocketOutputStream.java:117)
12-09 12:25:21.830 E/fi.iki.elonen.NanoHTTPD(18567): at java.net.SocketOutputStream.write(SocketOutputStream.java:149)
12-09 12:25:21.830 E/fi.iki.elonen.NanoHTTPD(18567): at fi.iki.elonen.NanoHTTPD$Response$ChunkedOutputStream.write(NanoHTTPD.java:1442)
12-09 12:25:21.830 E/fi.iki.elonen.NanoHTTPD(18567): at fi.iki.elonen.NanoHTTPD$Response$ChunkedOutputStream.write(NanoHTTPD.java:1435)
12-09 12:25:21.830 E/fi.iki.elonen.NanoHTTPD(18567): at java.util.zip.GZIPOutputStream.writeHeader(GZIPOutputStream.java:182)
12-09 12:25:21.830 E/fi.iki.elonen.NanoHTTPD(18567): at java.util.zip.GZIPOutputStream.(GZIPOutputStream.java:94)
12-09 12:25:21.830 E/fi.iki.elonen.NanoHTTPD(18567): at java.util.zip.GZIPOutputStream.(GZIPOutputStream.java:109)
12-09 12:25:21.830 E/fi.iki.elonen.NanoHTTPD(18567): at fi.iki.elonen.NanoHTTPD$Response.sendBodyWithCorrectEncoding(NanoHTTPD.java:1663)
12-09 12:25:21.830 E/fi.iki.elonen.NanoHTTPD(18567): at fi.iki.elonen.NanoHTTPD$Response.sendBodyWithCorrectTransferAndEncoding(NanoHTTPD.java:1654)
12-09 12:25:21.830 E/fi.iki.elonen.NanoHTTPD(18567): at fi.iki.elonen.NanoHTTPD$Response.send(NanoHTTPD.java:1624)
12-09 12:25:21.830 E/fi.iki.elonen.NanoHTTPD(18567): at fi.iki.elonen.NanoHTTPD$HTTPSession.execute(NanoHTTPD.java:957)
12-09 12:25:21.830 E/fi.iki.elonen.NanoHTTPD(18567): at fi.iki.elonen.NanoHTTPD$ClientHandler.run(NanoHTTPD.java:192)
12-09 12:25:21.830 E/fi.iki.elonen.NanoHTTPD(18567): at java.lang.Thread.run(Thread.java:920)
12-09 12:25:22.260 I/OMX-VENC: venc_dev( 1203): stats: avg. fps 1.00, bitrate 54491
12-09 12:25:22.560 I/OMX-VENC: venc_dev( 1203): stats: avg. fps 9.99, bitrate 66724
12-09 12:25:22.591 W/swapper/2( 0): type=1400 audit(0.0:8037): avc: denied { kill } for capability=5 scontext=u:r:kernel:s0 tcontext=u:r:kernel:s0 tclass=capability permissive=0
12-09 12:25:22.713 I/mpu_uart( 649): [MSG-P:RECV]:No message received in 1000 ms
12-09 12:25:23.263 I/OMX-VENC: venc_dev( 1203): stats: avg. fps 1.00, bitrate 117165
12-09 12:25:23.324 I/mpu_uart( 649): [MSG-P:R]:recv sync frame timeout
12-09 12:25:23.563 I/OMX-VENC: venc_dev( 1203): stats: avg. fps 9.97, bitrate 66770
12-09 12:25:23.591 W/swapper/2( 0): type=1400 audit(0.0:8038): avc: denied { kill } for capability=5 scontext=u:r:kernel:s0 tcontext=u:r:kernel:s0 tclass=capability permissive=0
12-09 12:25:23.713 I/mpu_uart( 649): [MSG-P:RECV]:No message received in 1000 ms
12-09 12:25:24.228 W/ActivityTaskManager( 1514): Launch timeout has expired, giving up wake lock!
12-09 12:25:24.265 I/OMX-VENC: venc_dev( 1203): stats: avg. fps 1.00, bitrate 75464
12-09 12:25:24.565 I/OMX-VENC: venc_dev( 1203): stats: avg. fps 9.97, bitrate 66506
12-09 12:25:24.591 W/swapper/2( 0): type=1400 audit(0.0:8039): avc: denied { kill } for capability=5 scontext=u:r:kernel:s0 tcontext=u:r:kernel:s0 tclass=capability permissive=0
12-09 12:25:24.714 I/mpu_uart( 649): [MSG-P:RECV]:No message received in 1000 ms
12-09 12:25:25.268 I/OMX-VENC: venc_dev( 1203): stats: avg. fps 1.00, bitrate 52327
12-09 12:25:25.567 I/OMX-VENC: venc_dev( 1203): stats: avg. fps 9.98, bitrate 66821
12-09 12:25:25.591 W/swapper/2( 0): type=1400 audit(0.0:8040): avc: denied { kill } for capability=5 scontext=u:r:kernel:s0 tcontext=u:r:kernel:s0 tclass=capability permissive=0
12-09 12:25:25.714 I/mpu_uart( 649): [MSG-P:RECV]:No message received in 1000 ms
12-09 12:25:26.270 I/OMX-VENC: venc_dev( 1203): stats: avg. fps 1.00, bitrate 51898
12-09 12:25:26.326 I/mpu_uart( 649): [MSG-P:R]:recv sync frame timeout
12-09 12:25:26.570 I/OMX-VENC: venc_dev( 1203): stats: avg. fps 9.97, bitrate 66859
12-09 12:25:26.591 W/swapper/2( 0): type=1400 audit(0.0:8041): avc: denied { kill } for capability=5 scontext=u:r:kernel:s0 tcontext=u:r:kernel:s0 tclass=capability permissive=0
12-09 12:25:26.714 I/mpu_uart( 649): [MSG-P:RECV]:No message received in 1000 ms
12-09 12:25:27.272 I/OMX-VENC: venc_dev( 1203): stats: avg. fps 1.00, bitrate 43905
12-09 12:25:27.572 I/OMX-VENC: venc_dev( 1203): stats: avg. fps 9.98, bitrate 66711
12-09 12:25:27.591 W/swapper/2( 0): type=1400 audit(0.0:8042): avc: denied { kill } for capability=5 scontext=u:r:kernel:s0 tcontext=u:r:kernel:s0 tclass=capability permissive=0
12-09 12:25:27.715 I/mpu_uart( 649): [MSG-P:RECV]:No message received in 1000 ms
12-09 12:25:28.276 I/OMX-VENC: venc_dev( 1203): stats: avg. fps 1.00, bitrate 51162
12-09 12:25:28.575 I/OMX-VENC: venc_dev( 1203): stats: avg. fps 9.97, bitrate 67015
12-09 12:25:28.591 W/swapper/2( 0): type=1400 audit(0.0:8043): avc: denied { kill } for capability=5 scontext=u:r:kernel:s0 tcontext=u:r:kernel:s0 tclass=capability permissive=0
12-09 12:25:28.715 I/mpu_uart( 649): [MSG-P:RECV]:No message received in 1000 ms
12-09 12:25:29.279 I/OMX-VENC: venc_dev( 1203): stats: avg. fps 1.00, bitrate 51532
12-09 12:25:29.329 I/mpu_uart( 649): [MSG-P:R]:recv sync frame timeout
12-09 12:25:29.578 I/OMX-VENC: venc_dev( 1203): stats: avg. fps 9.97, bitrate 67096
12-09 12:25:29.591 W/swapper/2( 0): type=1400 audit(0.0:8044): avc: denied { kill } for capability=5 scontext=u:r:kernel:s0 tcontext=u:r:kernel:s0 tclass=capability permissive=0
12-09 12:25:29.715 I/mpu_uart( 649): [MSG-P:RECV]:No message received in 1000 ms
12-09 12:25:30.280 I/OMX-VENC: venc_dev( 1203): stats: avg. fps 1.00, bitrate 51747
12-09 12:25:30.579 I/OMX-VENC: venc_dev( 1203): stats: avg. fps 9.99, bitrate 183428
12-09 12:25:30.591 W/swapper/2( 0): type=1400 audit(0.0:8045): avc: denied { kill } for capability=5 scontext=u:r:kernel:s0 tcontext=u:r:kernel:s0 tclass=capability permissive=0
12-09 12:25:30.716 I/mpu_uart( 649): [MSG-P:RECV]:No message received in 1000 ms
12-09 12:25:31.281 I/OMX-VENC: venc_dev( 1203): stats: avg. fps 1.00, bitrate 51357
12-09 12:25:31.581 I/OMX-VENC: venc_dev( 1203): stats: avg. fps 9.98, bitrate 66452
12-09 12:25:31.591 W/swapper/2( 0): type=1400 audit(0.0:8046): avc: denied { kill } for capability=5 scontext=u:r:kernel:s0 tcontext=u:r:kernel:s0 tclass=capability permissive=0
12-09 12:25:31.716 I/mpu_uart( 649): [MSG-P:RECV]:No message received in 1000 ms
12-09 12:25:32.284 I/OMX-VENC: venc_dev( 1203): stats: avg. fps 1.00, bitrate 52669
12-09 12:25:32.330 I/mpu_uart( 649): [MSG-P:R]:recv sync frame timeout
12-09 12:25:32.585 I/OMX-VENC: venc_dev( 1203): stats: avg. fps 9.96, bitrate 65248
12-09 12:25:32.591 W/swapper/2( 0): type=1400 audit(0.0:8047): avc: denied { kill } for capability=5 scontext=u:r:kernel:s0 tcontext=u:r:kernel:s0 tclass=capability permissive=0
12-09 12:25:32.716 I/mpu_uart( 649): [MSG-P:RECV]:No message received in 1000 ms
12-09 12:25:33.288 I/OMX-VENC: venc_dev( 1203): stats: avg. fps 1.00, bitrate 51115
12-09 12:25:33.587 I/OMX-VENC: venc_dev( 1203): stats: avg. fps 9.99, bitrate 65320
12-09 12:25:33.591 W/swapper/2( 0): type=1400 audit(0.0:8048): avc: denied { kill } for capability=5 scontext=u:r:kernel:s0 tcontext=u:r:kernel:s0 tclass=capability permissive=0
12-09 12:25:33.716 I/mpu_uart( 649): [MSG-P:RECV]:No message received in 1000 ms
12-09 12:25:34.289 I/OMX-VENC: venc_dev( 1203): stats: avg. fps 1.00, bitrate 51936
12-09 12:25:34.590 I/OMX-VENC: venc_dev( 1203): stats: avg. fps 9.97, bitrate 64970
12-09 12:25:34.591 W/swapper/2( 0): type=1400 audit(0.0:8049): avc: denied { kill } for capability=5 scontext=u:r:kernel:s0 tcontext=u:r:kernel:s0 tclass=capability permissive=0
12-09 12:25:34.717 I/mpu_uart( 649): [MSG-P:RECV]:No message received in 1000 ms
12-09 12:25:35.292 I/OMX-VENC: venc_dev( 1203): stats: avg. fps 1.00, bitrate 51327
12-09 12:25:35.334 I/mpu_uart( 649): [MSG-P:R]:recv sync frame timeout
12-09 12:25:35.593 I/OMX-VENC: venc_dev( 1203): stats: avg. fps 9.97, bitrate 65086
12-09 12:25:35.591 W/kworker/u17:2(16168): type=1400 audit(0.0:8050): avc: denied { kill } for capability=5 scontext=u:r:kernel:s0 tcontext=u:r:kernel:s0 tclass=capability permissive=0
12-09 12:25:35.717 I/mpu_uart( 649): [MSG-P:RECV]:No message received in 1000 ms
12-09 12:25:36.294 I/OMX-VENC: venc_dev( 1203): stats: avg. fps 1.00, bitrate 51868
12-09 12:25:36.594 I/OMX-VENC: venc_dev( 1203): stats: avg. fps 9.98, bitrate 65296
12-09 12:25:36.718 I/mpu_uart( 649): [MSG-P:RECV]:No message received in 1000 ms
12-09 12:25:37.297 I/OMX-VENC: venc_dev( 1203): stats: avg. fps 1.00, bitrate 51182
12-09 12:25:37.591 W/swapper/2( 0): type=1400 audit(0.0:8051): avc: denied { kill } for capability=5 scontext=u:r:kernel:s0 tcontext=u:r:kernel:s0 tclass=capability permissive=0
12-09 12:25:37.596 I/OMX-VENC: venc_dev( 1203): stats: avg. fps 9.98, bitrate 65046
12-09 12:25:37.718 I/mpu_uart( 649): [MSG-P:RECV]:No message received in 1000 ms
12-09 12:25:38.300 I/OMX-VENC: venc_dev( 1203): stats: avg. fps 1.00, bitrate 51183
12-09 12:25:38.336 I/mpu_uart( 649): [MSG-P:R]:recv sync frame timeout
12-09 12:25:38.591 W/swapper/2( 0): type=1400 audit(0.0:8052): avc: denied { kill } for capability=5 scontext=u:r:kernel:s0 tcontext=u:r:kernel:s0 tclass=capability permissive=0
12-09 12:25:38.600 I/OMX-VENC: venc_dev( 1203): stats: avg. fps 9.96, bitrate 65006
12-09 12:25:38.718 I/mpu_uart( 649): [MSG-P:RECV]:No message received in 1000 ms
12-09 12:25:39.301 I/OMX-VENC: venc_dev( 1203): stats: avg. fps 1.00, bitrate 51490
12-09 12:25:39.591 W/swapper/2( 0): type=1400 audit(0.0:8053): avc: denied { kill } for capability=5 scontext=u:r:kernel:s0 tcontext=u:r:kernel:s0 tclass=capability permissive=0
12-09 12:25:39.601 I/OMX-VENC: venc_dev( 1203): stats: avg. fps 9.99, bitrate 65190
12-09 12:25:39.719 I/mpu_uart( 649): [MSG-P:RECV]:No message received in 1000 ms
12-09 12:25:40.303 I/OMX-VENC: venc_dev( 1203): stats: avg. fps 1.00, bitrate 492426
12-09 12:25:40.591 W/swapper/2( 0): type=1400 audit(0.0:8054): avc: denied { kill } for capability=5 scontext=u:r:kernel:s0 tcontext=u:r:kernel:s0 tclass=capability permissive=0
12-09 12:25:40.603 I/OMX-VENC: venc_dev( 1203): stats: avg. fps 9.98, bitrate 65051
12-09 12:25:40.719 I/mpu_uart( 649): [MSG-P:RECV]:No message received in 1000 ms
12-09 12:25:41.305 I/OMX-VENC: venc_dev( 1203): stats: avg. fps 1.00, bitrate 65481
12-09 12:25:41.340 I/mpu_uart( 649): [MSG-P:R]:recv sync frame timeout
12-09 12:25:41.605 I/OMX-VENC: venc_dev( 1203): stats: avg. fps 9.98, bitrate 65000
12-09 12:25:41.720 I/mpu_uart( 649): [MSG-P:RECV]:No message received in 1000 ms
12-09 12:25:42.308 I/OMX-VENC: venc_dev( 1203): stats: avg. fps 1.00, bitrate 55992
12-09 12:25:42.591 W/swapper/2( 0): type=1400 audit(0.0:8055): avc: denied { kill } for capability=5 scontext=u:r:kernel:s0 tcontext=u:r:kernel:s0 tclass=capability permissive=0
12-09 12:25:42.608 I/OMX-VENC: venc_dev( 1203): stats: avg. fps 9.97, bitrate 64972
12-09 12:25:42.720 I/mpu_uart( 649): [MSG-P:RECV]:No message received in 1000 ms
12-09 12:25:42.763 D/ProcessState(19349): Binder ioctl to enable oneway spam detection failed: Invalid argument
12-09 12:25:42.769 D/StateManager( 2834): goToState: Overview
12-09 12:25:42.770 D/EditModeHelper( 2834): setHotseatVisibility: 0
12-09 12:25:42.773 V/ShadeControllerImpl( 2372): NotificationShadeWindow: com.android.systemui.statusbar.phone.NotificationShadeWindowView{7f4383b I.E...... ......ID 0,0-2380,1020} canPanelBeCollapsed(): false
12-09 12:25:42.782 D/FreeWindowHelper( 2834): enterOrExitRecentTasks: isEnterRecentTasks=true,mExitFlag=2
12-09 12:25:42.783 D/FreeWindowContainer( 2834): reloadTask: null
12-09 12:25:42.789 D/UIAutomatorStub(18567): URI: /jsonrpc/0, Method: POST, params, {NanoHttpd.QUERY_STRING=null}, files: {postData={"jsonrpc": "2.0", "id": "5560f5892defe37393532927f849a4d0", "method": "waitForExists", "params": [{"mask": 2097153, "childOrSibling": [], "childOrSiblingSelector": [], "resourceId": "com.android.launcher3:id/name_tv", "text": "\u65e5\u5386"}, 3000]}}
12-09 12:25:42.792 W/QueryController(18567): Could not detect idle state.
12-09 12:25:42.857 D/UIAutomatorStub(18567): URI: /jsonrpc/0, Method: POST, params, {NanoHttpd.QUERY_STRING=null}, files: {postData={"jsonrpc": "2.0", "id": "e89193e5e5d5b66323c44a3f574265d4", "method": "objInfo", "params": [{"mask": 2097153, "childOrSibling": [], "childOrSiblingSelector": [], "resourceId": "com.android.launcher3:id/name_tv", "text": "\u65e5\u5386"}]}}
12-09 12:25:42.859 W/QueryController(18567): Could not detect idle state.
12-09 12:25:42.893 W/QueryController(18567): Could not detect idle state.
12-09 12:25:42.897 W/QueryController(18567): Could not detect idle state.
12-09 12:25:42.899 W/QueryController(18567): Could not detect idle state.
12-09 12:25:42.901 W/QueryController(18567): Could not detect idle state.
12-09 12:25:42.901 W/QueryController(18567): Could not detect idle state.
12-09 12:25:42.902 W/QueryController(18567): Could not detect idle state.
12-09 12:25:42.903 W/QueryController(18567): Could not detect idle state.
12-09 12:25:42.904 W/QueryController(18567): Could not detect idle state.
12-09 12:25:42.905 W/QueryController(18567): Could not detect idle state.
12-09 12:25:42.905 W/QueryController(18567): Could not detect idle state.
12-09 12:25:42.906 W/QueryController(18567): Could not detect idle state.
12-09 12:25:42.907 W/QueryController(18567): Could not detect idle state.
12-09 12:25:42.909 W/QueryController(18567): Could not detect idle state.
12-09 12:25:42.912 W/QueryController(18567): Could not detect idle state.
12-09 12:25:42.913 W/QueryController(18567): Could not detect idle state.
12-09 12:25:42.918 W/System (18567): A resource failed to call end.
12-09 12:25:42.919 W/System (18567): A resource failed to call end.
12-09 12:25:42.919 W/System (18567): A resource failed to call end.
12-09 12:25:42.919 W/System (18567): A resource failed to call end.
12-09 12:25:42.919 W/System (18567): A resource failed to call end.
12-09 12:25:42.919 W/System (18567): A resource failed to call end.
12-09 12:25:42.921 W/QueryController(18567): Could not detect idle state.
12-09 12:25:42.922 W/QueryController(18567): Could not detect idle state.
12-09 12:25:42.976 D/UIAutomatorStub(18567): URI: /jsonrpc/0, Method: POST, params, {NanoHttpd.QUERY_STRING=null}, files: {postData={"jsonrpc": "2.0", "id": "abf8256eb05fd82b513e060ebfe4102c", "method": "click", "params": [206.0, 405.0]}}
12-09 12:25:43.098 D/FreeWindowHelper( 2834): setExitFlag: old=0,new=1
12-09 12:25:43.099 I/ActivityTaskManager( 1514): START u0 {flg=0x10008000 cmp=com.android.calendar/.AllInOneActivity} from uid 10075
12-09 12:25:43.100 I/EventSequenceValidator( 1514): Transition from INTENT_FAILED to INTENT_STARTED
12-09 12:25:43.102 E/ANDR-PERF-JNI( 1514): com_qualcomm_qtiperformance_native_perf_io_prefetch_start
12-09 12:25:43.103 W/ActivityTaskManager( 1514): Can't find TaskDisplayArea to determine support for multi window. Task id=144 attached=false
12-09 12:25:43.104 D/FreeFormWindowHelper( 1514): Add freeform task=Task{db52efe #144 type=standard ?? U=0 visible=false mode=freeform translucent=true sz=0}
12-09 12:25:43.108 D/CompatibilityInfo( 1514): mCompatibilityFlags - 4
12-09 12:25:43.108 D/CompatibilityInfo( 1514): applicationDensity - 240
12-09 12:25:43.108 D/CompatibilityInfo( 1514): applicationScale - 1.0
12-09 12:25:43.108 I/ActivityTaskManager( 1514): FOREGROUND_APPLICATION_CHANGED to com.android.calendar.AllInOneActivity
12-09 12:25:43.109 I/ActivityTaskManager( 1514): The Process com.android.calendar Already Exists in BG. So sending its PID: 19196
12-09 12:25:43.109 W/ActivityTaskManager( 1514): Tried to set launchTime (0) < mLastActivityLaunchTime (25522185)
12-09 12:25:43.110 D/CompatibilityInfo( 1514): mCompatibilityFlags - 4
12-09 12:25:43.110 D/CompatibilityInfo( 1514): applicationDensity - 240
12-09 12:25:43.110 D/CompatibilityInfo( 1514): applicationScale - 1.0
12-09 12:25:43.116 D/StateManager( 2834): goToState: Normal
12-09 12:25:43.117 D/EditModeHelper( 2834): setHotseatVisibility: 0
12-09 12:25:43.119 I/GameMode_ActivityMonitoringService( 9074): onForegroundActivitiesChanged uid 10069 pid 19196 fg true
12-09 12:25:43.120 E/ANDR-IOP( 865): io prefetch is disabled
12-09 12:25:43.122 I/GameMode_ActivityMonitoringService( 9074): Updating top task to: TaskInfoContainer [topActivity=ComponentInfo{com.android.calendar/com.android.calendar.AllInOneActivity}, taskId=144, stackId=144, userId=0, displayId=0, position=6
12-09 12:25:43.122 I/GameMode_ActivityMonitoringService( 9074): Notifying about top task: TaskInfoContainer [topActivity=ComponentInfo{com.android.calendar/com.android.calendar.AllInOneActivity}, taskId=144, stackId=144, userId=0, displayId=0, position=6
12-09 12:25:43.122 E/GameMode_ActivityMonitoringService( 9074): onActivityLaunch:com.android.calendar
12-09 12:25:43.122 V/GameMode_GameTypeUtils( 9074): judge isGame:com.android.calendar
12-09 12:25:43.122 V/GameMode_GpuUtils( 9074): fps:60
12-09 12:25:43.125 D/GameMode_GameModeActionUtils( 9074): Show GameMode entry by service!
12-09 12:25:43.125 W/ContextImpl( 9074): Calling a method in the system process without a qualified user: android.app.ContextImpl.startService:1816 android.content.ContextWrapper.startService:774 com.thundercomm.gamemode.ingame.services.GameModeActionUtils.startGameModeService:99 com.thundercomm.gamemode.ingame.services.GameModeActionUtils.startGameModeEntry:22 com.thundercomm.gamemode.ingame.services.ActivityMonitoringService$1.onActivityLaunch:127
12-09 12:25:43.127 I/EventSequenceValidator( 1514): Transition from INTENT_STARTED to ACTIVITY_LAUNCHED
12-09 12:25:43.135 D/GameMode_GameModeService( 9074): type=hide_entry
12-09 12:25:43.135 D/GameModeIF_GameModeSettings( 9074): getUriFor setting_content_uri_root = content://com.thundercomm.gamemode.api/gamemode_settings , name = gamemode_isgaming
12-09 12:25:43.144 D/GameMode_GameSettingsObserver( 9074): Game Data change!!!! uri = content://com.thundercomm.gamemode.api/gamemode_settings/gamemode_isgaming
12-09 12:25:43.144 D/GameModeIF_GameModeSettings( 9074): getUriFor setting_content_uri_root = content://com.thundercomm.gamemode.api/gamemode_settings , name = gamemode_isgaming
12-09 12:25:43.145 I/GameModeConfig( 1514): Current uri is uri = content://com.thundercomm.gamemode.api/gamemode_settings/gamemode_isgaming
12-09 12:25:43.145 D/GameModeIF_GameModeSettings( 1514): getUriFor setting_content_uri_root = content://com.thundercomm.gamemode.api/gamemode_settings , name = gamemode_isgaming
12-09 12:25:43.146 D/GameMode_GameModeService( 9074): updateGlobalSettings = gamemode_isgaming
12-09 12:25:43.148 D/GameModeIF_GameModeSettings( 9074): gamemode_isgaming set to 0
12-09 12:25:43.149 I/GameModeConfig( 1514): isGameModeOn = false
12-09 12:25:43.149 I/GameModeConfig( 1514): isGameModeOn = false
12-09 12:25:43.149 I/GameModeConfig( 1514): isDisableVoice = true
12-09 12:25:43.152 D/AccountManagerService( 1514): bind attempt failed for Session: expectLaunch true, connected false, stats (0/0/0), lifetime 0.0, addAccount, accountType com.google, requiredFeatures null
12-09 12:25:43.159 W/WindowManager( 1514): updateScale0.7996942
12-09 12:25:43.176 W/WindowManager( 1514): updateScale0.7996942
12-09 12:25:43.180 W/WindowManager( 1514): updateScale0.7996942
12-09 12:25:43.182 W/WindowManager( 1514): updateScale0.7996942
12-09 12:25:43.184 I/EventSequenceValidator( 1514): Transition from ACTIVITY_LAUNCHED to ACTIVITY_FINISHED
12-09 12:25:43.185 I/ActivityTaskManager( 1514): Displayed com.android.calendar/.AllInOneActivity: +79ms
12-09 12:25:43.309 I/OMX-VENC: venc_dev( 1203): stats: avg. fps 30.95, bitrate 2942933
12-09 12:25:43.455 W/WindowManager( 1514): updateScale0.7996942
12-09 12:25:43.591 W/kgsl_worker_thr( 288): type=1400 audit(0.0:8056): avc: denied { kill } for capability=5 scontext=u:r:kernel:s0 tcontext=u:r:kernel:s0 tclass=capability permissive=0
12-09 12:25:43.621 I/OMX-VENC: venc_dev( 1203): stats: avg. fps 44.43, bitrate 1590318
12-09 12:25:43.720 I/mpu_uart( 649): [MSG-P:RECV]:No message received in 1000 ms
12-09 12:25:44.322 I/OMX-VENC: venc_dev( 1203): stats: avg. fps 17.77, bitrate 1583633
12-09 12:25:44.342 I/mpu_uart( 649): [MSG-P:R]:recv sync frame timeout
12-09 12:25:44.591 W/swapper/2( 0): type=1400 audit(0.0:8057): avc: denied { kill } for capability=5 scontext=u:r:kernel:s0 tcontext=u:r:kernel:s0 tclass=capability permissive=0
12-09 12:25:44.622 I/OMX-VENC: venc_dev( 1203): stats: avg. fps 12.99, bitrate 109112
12-09 12:25:44.720 I/mpu_uart( 649): [MSG-P:RECV]:No message received in 1000 ms
12-09 12:25:45.556 I/OMX-VENC: venc_dev( 1203): stats: avg. fps 1.62, bitrate 146378
12-09 12:25:45.591 W/swapper/2( 0): type=1400 audit(0.0:8058): avc: denied { kill } for capability=5 scontext=u:r:kernel:s0 tcontext=u:r:kernel:s0 tclass=capability permissive=0
12-09 12:25:45.644 I/hpplay-java( 3295): [main]:IMTask:getIMRoot
12-09 12:25:45.656 I/OMX-VENC: venc_dev( 1203): stats: avg. fps 11.60, bitrate 69138
12-09 12:25:45.721 I/mpu_uart( 649): [MSG-P:RECV]:No message received in 1000 ms
12-09 12:25:46.119 E/TaskPersister( 1514): File error accessing recents directory (directory doesn't exist?).
12-09 12:25:46.566 D/UIAutomatorStub(18567): URI: /jsonrpc/0, Method: POST, params, {NanoHttpd.QUERY_STRING=null}, files: {postData={"jsonrpc": "2.0", "id": "ef8982ccb1e508b9d9a92a2422a4f7f2", "method": "exist", "params": [{"mask": 2097152, "childOrSibling": [], "childOrSiblingSelector": [], "resourceId": "android:id/caption"}]}}
12-09 12:25:46.570 W/QueryController(18567): Could not detect idle state.
12-09 12:25:46.721 I/mpu_uart( 649): [MSG-P:RECV]:No message received in 1000 ms
12-09 12:25:46.724 I/OMX-VENC: venc_dev( 1203): stats: avg. fps 9.37, bitrate 55755
12-09 12:25:47.327 I/OMX-VENC: venc_dev( 1203): stats: avg. fps 1.13, bitrate 44800
12-09 12:25:47.346 I/mpu_uart( 649): [MSG-P:R]:recv sync frame timeout
12-09 12:25:47.591 W/swapper/3( 0): type=1400 audit(0.0:8059): avc: denied { kill } for capability=5 scontext=u:r:kernel:s0 tcontext=u:r:kernel:s0 tclass=capability permissive=0
12-09 12:25:47.722 I/mpu_uart( 649): [MSG-P:RECV]:No message received in 1000 ms
12-09 12:25:47.726 I/OMX-VENC: venc_dev( 1203): stats: avg. fps 9.98, bitrate 59039
12-09 12:25:48.327 I/OMX-VENC: venc_dev( 1203): stats: avg. fps 1.00, bitrate 47091
12-09 12:25:48.591 W/swapper/3( 0): type=1400 audit(0.0:8060): avc: denied { kill } for capability=5 scontext=u:r:kernel:s0 tcontext=u:r:kernel:s0 tclass=capability permissive=0
12-09 12:25:48.722 I/mpu_uart( 649): [MSG-P:RECV]:No message received in 1000 ms
12-09 12:25:48.748 D/ProcessState(19361): Binder ioctl to enable oneway spam detection failed: Invalid argument
12-09 12:25:48.754 D/StateManager( 2834): goToState: Overview
12-09 12:25:48.755 D/EditModeHelper( 2834): setHotseatVisibility: 0
12-09 12:25:48.757 V/ShadeControllerImpl( 2372): NotificationShadeWindow: com.android.systemui.statusbar.phone.NotificationShadeWindowView{7f4383b I.E...... ......ID 0,0-2380,1020} canPanelBeCollapsed(): false
12-09 12:25:48.769 D/FreeWindowHelper( 2834): enterOrExitRecentTasks: isEnterRecentTasks=true,mExitFlag=1
12-09 12:25:48.771 D/UIAutomatorStub(18567): URI: /jsonrpc/0, Method: POST, params, {NanoHttpd.QUERY_STRING=null}, files: {postData={"jsonrpc": "2.0", "id": "53d0a1dd16adcb55f13b546696c350ed", "method": "waitForExists", "params": [{"mask": 2097153, "childOrSibling": [], "childOrSiblingSelector": [], "resourceId": "com.android.launcher3:id/name_tv", "text": "\u65e5\u5386"}, 3000]}}
12-09 12:25:48.774 W/QueryController(18567): Could not detect idle state.
12-09 12:25:48.778 I/OMX-VENC: venc_dev( 1203): stats: avg. fps 10.46, bitrate 61808
12-09 12:25:48.778 D/ActivityTrigger( 1514): ActivityTrigger activityPauseTrigger
12-09 12:25:48.785 D/FreeWindowContainer( 2834): reloadTask: TaskInfo{userId=0 taskId=144 displayId=0 isRunning=false baseIntent=Intent { flg=0x10008000 cmp=com.android.calendar/.AllInOneActivity } baseActivity=null topActivity=null origActivity=null realActivity=ComponentInfo{com.android.calendar/com.android.calendar.AllInOneActivity} numActivities=0 lastActiveTime=25563856 supportsSplitScreenMultiWindow=true supportsMultiWindow=true resizeMode=1 isResizeable=true token=WCT{android.window.IWindowContainerToken$Stub$Proxy@a94dbc3} topActivityType=1 pictureInPictureParams=null displayCutoutSafeInsets=null topActivityInfo=null launchCookies=[] positionInParent=Point(0, 72) parentTaskId=-1 isFocused=false isVisible=true topActivityInSizeCompat=false locusId= null}
12-09 12:25:48.794 I/ActivityTaskManager( 1514): FOREGROUND_APPLICATION_CHANGED to com.android.launcher3.uioverrides.QuickstepLauncher
12-09 12:25:48.811 I/GameMode_ActivityMonitoringService( 9074): onForegroundActivitiesChanged uid 10069 pid 19196 fg false
12-09 12:25:48.814 I/GameMode_ActivityMonitoringService( 9074): Updating top task to: TaskInfoContainer [topActivity=ComponentInfo{com.android.launcher3/com.android.launcher3.uioverrides.QuickstepLauncher}, taskId=10, stackId=1, userId=0, displayId=0, position=6
12-09 12:25:48.814 I/GameMode_ActivityMonitoringService( 9074): Notifying about top task: TaskInfoContainer [topActivity=ComponentInfo{com.android.launcher3/com.android.launcher3.uioverrides.QuickstepLauncher}, taskId=10, stackId=1, userId=0, displayId=0, position=6
12-09 12:25:48.814 E/GameMode_ActivityMonitoringService( 9074): onActivityLaunch:com.android.launcher3
12-09 12:25:48.815 V/GameMode_GameTypeUtils( 9074): judge isGame:com.android.launcher3
12-09 12:25:48.815 V/GameMode_GpuUtils( 9074): fps:60
12-09 12:25:48.819 D/GameMode_GameModeActionUtils( 9074): Show GameMode entry by service!
12-09 12:25:48.820 W/ContextImpl( 9074): Calling a method in the system process without a qualified user: android.app.ContextImpl.startService:1816 android.content.ContextWrapper.startService:774 com.thundercomm.gamemode.ingame.services.GameModeActionUtils.startGameModeService:99 com.thundercomm.gamemode.ingame.services.GameModeActionUtils.startGameModeEntry:22 com.thundercomm.gamemode.ingame.services.ActivityMonitoringService$1.onActivityLaunch:127
12-09 12:25:48.821 D/BaseIconFactory( 2834): normalizeAndWrapToAdaptiveIcon: scale=0.8095241
12-09 12:25:48.822 W/ActivityTaskManager( 1514): getTaskSnapshot: taskId=5144 not found
12-09 12:25:48.823 D/BaseIconFactory( 2834): normalizeAndWrapToAdaptiveIcon: scale=0.8095241
12-09 12:25:48.824 D/GameMode_GameModeService( 9074): type=hide_entry
12-09 12:25:48.826 E/PagedView( 2834): validateNewPage: failed to find a page < mMaxScrollX
12-09 12:25:48.827 W/ActivityTaskManager( 1514): getTaskSnapshot: taskId=1144 not found
12-09 12:25:48.829 W/ActivityTaskManager( 1514): getTaskSnapshot: taskId=5144 not found
12-09 12:25:48.831 W/ActivityTaskManager( 1514): getTaskSnapshot: taskId=4144 not found
12-09 12:25:48.832 D/GameModeIF_GameModeSettings( 9074): getUriFor setting_content_uri_root = content://com.thundercomm.gamemode.api/gamemode_settings , name = gamemode_isgaming
12-09 12:25:48.833 W/InputManager-JNI( 1514): Input channel object 'ec46362 com.android.calendar/com.android.calendar.AllInOneActivity (client)' was disposed without first being removed with the input manager!
12-09 12:25:48.835 D/BaseIconFactory( 2834): normalizeAndWrapToAdaptiveIcon: scale=0.8095241
12-09 12:25:48.837 W/ActivityTaskManager( 1514): getTaskSnapshot: taskId=3144 not found
12-09 12:25:48.837 I/GameModeConfig( 1514): Current uri is uri = content://com.thundercomm.gamemode.api/gamemode_settings/gamemode_isgaming
12-09 12:25:48.837 D/GameModeIF_GameModeSettings( 1514): getUriFor setting_content_uri_root = content://com.thundercomm.gamemode.api/gamemode_settings , name = gamemode_isgaming
12-09 12:25:48.838 D/GameMode_GameSettingsObserver( 9074): Game Data change!!!! uri = content://com.thundercomm.gamemode.api/gamemode_settings/gamemode_isgaming
12-09 12:25:48.838 D/GameModeIF_GameModeSettings( 9074): getUriFor setting_content_uri_root = content://com.thundercomm.gamemode.api/gamemode_settings , name = gamemode_isgaming
12-09 12:25:48.838 D/BaseIconFactory( 2834): normalizeAndWrapToAdaptiveIcon: scale=0.8095241
12-09 12:25:48.839 D/GameModeIF_GameModeSettings( 9074): gamemode_isgaming set to 0
12-09 12:25:48.839 W/ActivityTaskManager( 1514): getTaskSnapshot: taskId=2144 not found
12-09 12:25:48.840 I/GameModeConfig( 1514): isGameModeOn = false
12-09 12:25:48.840 I/GameModeConfig( 1514): isGameModeOn = false
12-09 12:25:48.840 I/GameModeConfig( 1514): isDisableVoice = true
12-09 12:25:48.841 D/BaseIconFactory( 2834): normalizeAndWrapToAdaptiveIcon: scale=0.8095241
12-09 12:25:48.841 W/ActivityTaskManager( 1514): getTaskSnapshot: taskId=1144 not found
12-09 12:25:48.842 D/GameMode_GameModeService( 9074): updateGlobalSettings = gamemode_isgaming
12-09 12:25:48.843 D/BaseIconFactory( 2834): normalizeAndWrapToAdaptiveIcon: scale=0.8095241
12-09 12:25:48.844 W/ActivityTaskManager( 1514): getTaskSnapshot: taskId=4144 not found
12-09 12:25:48.844 W/ActivityTaskManager( 1514): getTaskSnapshot: taskId=3144 not found
12-09 12:25:48.845 W/ActivityTaskManager( 1514): getTaskSnapshot: taskId=2144 not found
12-09 12:25:48.845 W/ActivityTaskManager( 1514): getTaskSnapshot: taskId=1144 not found
12-09 12:25:48.853 I/OpenGLRenderer( 2834): Davey! duration=9223346472965ms; Flags=0, FrameTimelineVsyncId=405035, IntendedVsync=25563889210080, Vsync=25563889210080, InputEventId=0, HandleInputStart=25563900721964, AnimationStart=25563900723318, PerformTraversalsStart=25563903427381, DrawStart=25563905706860, FrameDeadline=25563927210078, FrameInterval=25563900718631, FrameStartTime=16666666, SyncQueued=25563908358631, SyncStart=25563908423527, IssueDrawCommandsStart=25563908711287, SwapBuffers=25563910969881, FrameCompleted=9223372036854775807, DequeueBufferDuration=20625, QueueBufferDuration=306094, GpuCompleted=9223372036854775807, SwapBuffersCompleted=25563911553058, DisplayPresentTime=0,
12-09 12:25:48.884 I/OpenGLRenderer( 2834): Davey! duration=9223346472929ms; Flags=0, FrameTimelineVsyncId=405043, IntendedVsync=25563924767714, Vsync=25563924767714, InputEventId=0, HandleInputStart=25563932973474, AnimationStart=25563932974933, PerformTraversalsStart=25563942974568, DrawStart=25563943363527, FrameDeadline=25563958101046, FrameInterval=25563932970506, FrameStartTime=16666666, SyncQueued=25563943523162, SyncStart=25563943582849, IssueDrawCommandsStart=25563943784829, SwapBuffers=25563944558110, FrameCompleted=9223372036854775807, DequeueBufferDuration=16614, QueueBufferDuration=390104, GpuCompleted=9223372036854775807, SwapBuffersCompleted=25563945200558, DisplayPresentTime=0,
12-09 12:25:48.895 D/UIAutomatorStub(18567): URI: /jsonrpc/0, Method: POST, params, {NanoHttpd.QUERY_STRING=null}, files: {postData={"jsonrpc": "2.0", "id": "5992b309791107ea9cfa9ef91b66f687", "method": "objInfo", "params": [{"mask": 2097153, "childOrSibling": [], "childOrSiblingSelector": [], "resourceId": "com.android.launcher3:id/name_tv", "text": "\u65e5\u5386"}]}}
12-09 12:25:48.897 I/GameMode_ActivityMonitoringService( 9074): onTaskStackChanged
12-09 12:25:48.900 W/QueryController(18567): Could not detect idle state.
12-09 12:25:48.901 I/GameMode_ActivityMonitoringService( 9074): Updating top task to: TaskInfoContainer [topActivity=ComponentInfo{com.android.launcher3/com.android.launcher3.uioverrides.QuickstepLauncher}, taskId=10, stackId=1, userId=0, displayId=0, position=6
12-09 12:25:48.901 I/GameMode_ActivityMonitoringService( 9074): Notifying about top task: TaskInfoContainer [topActivity=ComponentInfo{com.android.launcher3/com.android.launcher3.uioverrides.QuickstepLauncher}, taskId=10, stackId=1, userId=0, displayId=0, position=6
12-09 12:25:48.901 E/GameMode_ActivityMonitoringService( 9074): onActivityLaunch:com.android.launcher3
12-09 12:25:48.901 V/GameMode_GameTypeUtils( 9074): judge isGame:com.android.launcher3
12-09 12:25:48.901 V/GameMode_GpuUtils( 9074): fps:60
12-09 12:25:48.903 D/GameMode_GameModeActionUtils( 9074): Show GameMode entry by service!
12-09 12:25:48.904 W/ContextImpl( 9074): Calling a method in the system process without a qualified user: android.app.ContextImpl.startService:1816 android.content.ContextWrapper.startService:774 com.thundercomm.gamemode.ingame.services.GameModeActionUtils.startGameModeService:99 com.thundercomm.gamemode.ingame.services.GameModeActionUtils.startGameModeEntry:22 com.thundercomm.gamemode.ingame.services.ActivityMonitoringService$1.onActivityLaunch:127
12-09 12:25:48.904 D/libEGL ( 1514): MSAA-->msaa:0 gamemode:0 4x_msaa:0
12-09 12:25:48.905 D/libEGL ( 1514): MSAA-->msaa:0 gamemode:0 4x_msaa:0
12-09 12:25:48.905 D/GameModeIF_GameModeSettings( 9074): getUriFor setting_content_uri_root = content://com.thundercomm.gamemode.api/gamemode_settings , name = gamemode_isgaming
12-09 12:25:48.905 D/libEGL ( 1514): MSAA-->msaa:0 gamemode:0 4x_msaa:0
12-09 12:25:48.907 D/GameMode_GameModeService( 9074): type=hide_entry
12-09 12:25:48.907 I/GameModeConfig( 1514): Current uri is uri = content://com.thundercomm.gamemode.api/gamemode_settings/gamemode_isgaming
12-09 12:25:48.907 D/GameModeIF_GameModeSettings( 1514): getUriFor setting_content_uri_root = content://com.thundercomm.gamemode.api/gamemode_settings , name = gamemode_isgaming
12-09 12:25:48.907 D/GameModeIF_GameModeSettings( 9074): gamemode_isgaming set to 0
12-09 12:25:48.908 D/GameMode_GameSettingsObserver( 9074): Game Data change!!!! uri = content://com.thundercomm.gamemode.api/gamemode_settings/gamemode_isgaming
12-09 12:25:48.908 D/GameModeIF_GameModeSettings( 9074): getUriFor setting_content_uri_root = content://com.thundercomm.gamemode.api/gamemode_settings , name = gamemode_isgaming
12-09 12:25:48.910 I/GameModeConfig( 1514): isGameModeOn = false
12-09 12:25:48.911 I/GameModeConfig( 1514): isGameModeOn = false
12-09 12:25:48.911 I/GameModeConfig( 1514): isDisableVoice = true
12-09 12:25:48.912 D/GameMode_GameModeService( 9074): updateGlobalSettings = gamemode_isgaming
12-09 12:25:48.929 W/QueryController(18567): Could not detect idle state.
12-09 12:25:48.941 W/QueryController(18567): Could not detect idle state.
12-09 12:25:48.953 W/QueryController(18567): Could not detect idle state.
12-09 12:25:48.964 W/QueryController(18567): Could not detect idle state.
12-09 12:25:48.977 W/QueryController(18567): Could not detect idle state.
12-09 12:25:48.978 W/QueryController(18567): Could not detect idle state.
12-09 12:25:48.979 W/QueryController(18567): Could not detect idle state.
12-09 12:25:48.980 W/QueryController(18567): Could not detect idle state.
12-09 12:25:48.981 W/QueryController(18567): Could not detect idle state.
