12-09 12:24:21.720 D/PeopleSpaceWidgetMgr( 2372): Sbn doesn't contain valid PeopleTileKey: null/0/com.android.systemui
12-09 12:24:21.725 D/InterruptionStateProvider( 2372): No bubble up: not allowed to bubble: 0|com.android.systemui|2048|null|10082
12-09 12:24:21.725 D/InterruptionStateProvider( 2372): No heads up: unimportant notification: 0|com.android.systemui|2048|null|10082
12-09 12:24:21.726 I/GameModeConfig( 1514): isGameModeOn = false
12-09 12:24:21.726 E/NotificationService( 1514): Muting recently noisy 0|com.android.systemui|2048|null|10082
12-09 12:24:21.728 V/GameMode_GameTypeUtils( 9074): judge isGame:com.android.launcher3
12-09 12:24:21.730 E/GameMode_GameModeNotificationListenerService( 9074): title :content :,PackageName:com.android.systemui,isGameModeOn:false,isBulletScreenOn:false,isBulletScreenPackage:false
12-09 12:24:21.732 D/PeopleSpaceWidgetMgr( 2372): Sbn doesn't contain valid PeopleTileKey: null/0/com.android.systemui
12-09 12:24:21.739 I/GameModeConfig( 1514): isGameModeOn = false
12-09 12:24:21.740 E/NotificationService( 1514): Muting recently noisy 0|com.android.systemui|2048|null|10082
12-09 12:24:21.742 V/GameMode_GameTypeUtils( 9074): judge isGame:com.android.launcher3
12-09 12:24:21.742 E/GameMode_GameModeNotificationListenerService( 9074): title :content :,PackageName:com.android.systemui,isGameModeOn:false,isBulletScreenOn:false,isBulletScreenPackage:false
12-09 12:24:21.742 D/InterruptionStateProvider( 2372): No bubble up: not allowed to bubble: 0|com.android.systemui|2048|null|10082
12-09 12:24:21.742 D/InterruptionStateProvider( 2372): No heads up: unimportant notification: 0|com.android.systemui|2048|null|10082
12-09 12:24:21.749 D/PeopleSpaceWidgetMgr( 2372): Sbn doesn't contain valid PeopleTileKey: null/0/com.android.systemui
12-09 12:24:21.759 D/InterruptionStateProvider( 2372): No bubble up: not allowed to bubble: 0|com.android.systemui|2048|null|10082
12-09 12:24:21.759 I/GameModeConfig( 1514): isGameModeOn = false
12-09 12:24:21.760 D/InterruptionStateProvider( 2372): No heads up: unimportant notification: 0|com.android.systemui|2048|null|10082
12-09 12:24:21.760 E/NotificationService( 1514): Muting recently noisy 0|com.android.systemui|2048|null|10082
12-09 12:24:21.762 V/GameMode_GameTypeUtils( 9074): judge isGame:com.android.launcher3
12-09 12:24:21.762 E/GameMode_GameModeNotificationListenerService( 9074): title :content :,PackageName:com.android.systemui,isGameModeOn:false,isBulletScreenOn:false,isBulletScreenPackage:false
12-09 12:24:21.767 D/PeopleSpaceWidgetMgr( 2372): Sbn doesn't contain valid PeopleTileKey: null/0/com.android.systemui
12-09 12:24:21.775 D/InterruptionStateProvider( 2372): No bubble up: not allowed to bubble: 0|com.android.systemui|2048|null|10082
12-09 12:24:21.776 D/InterruptionStateProvider( 2372): No heads up: unimportant notification: 0|com.android.systemui|2048|null|10082
12-09 12:24:21.783 D/PeopleSpaceWidgetMgr( 2372): Sbn doesn't contain valid PeopleTileKey: null/0/com.android.systemui
12-09 12:24:22.091 I/OMX-VENC: venc_dev( 1203): stats: avg. fps 48.05, bitrate 1169062
12-09 12:24:22.591 W/swapper/2( 0): type=1400 audit(0.0:7984): avc: denied { kill } for capability=5 scontext=u:r:kernel:s0 tcontext=u:r:kernel:s0 tclass=capability permissive=0
12-09 12:24:22.694 I/mpu_uart( 649): [MSG-P:RECV]:No message received in 1000 ms
12-09 12:24:23.266 I/mpu_uart( 649): [MSG-P:R]:recv sync frame timeout
12-09 12:24:23.581 D/StatusBar( 2372): disable disable2
12-09 12:24:23.583 I/GameModeConfig( 1514): isGameModeOn = false
12-09 12:24:23.583 I/GameModeConfig( 1514): isGameModeOn = false
12-09 12:24:23.583 I/GameModeConfig( 1514): isGameModeOn = false
12-09 12:24:23.583 I/GameModeConfig( 1514): isGameModeOn = false
12-09 12:24:23.583 I/GameModeConfig( 1514): isGameModeOn = false
12-09 12:24:23.617 W/View ( 2372): requestLayout() improperly called by android.widget.TextView{f259a0f V.ED..... ..S...ID 0,38-136,68 #7f0b00a4 app:id/app_label} during layout: running second layout pass
12-09 12:24:23.620 I/OMX-VENC: venc_dev( 1203): stats: avg. fps 7.20, bitrate 66313
12-09 12:24:23.627 I/GameModeConfig( 1514): isGameModeOn = false
12-09 12:24:23.627 I/GameModeConfig( 1514): isGameModeOn = false
12-09 12:24:23.627 I/GameModeConfig( 1514): isGameModeOn = false
12-09 12:24:23.627 I/GameModeConfig( 1514): isGameModeOn = false
12-09 12:24:23.627 I/GameModeConfig( 1514): isGameModeOn = false
12-09 12:24:23.640 W/View ( 2372): requestLayout() improperly called by android.widget.TextView{f259a0f V.ED..... ..S...ID 0,38-136,68 #7f0b00a4 app:id/app_label} during layout: running second layout pass
12-09 12:24:23.649 W/View ( 2372): requestLayout() improperly called by android.widget.TextView{f259a0f V.ED..... ..S..... 0,38-136,68 #7f0b00a4 app:id/app_label} during second layout pass: posting in next frame
12-09 12:24:23.657 W/View ( 2372): requestLayout() improperly called by android.widget.TextView{f259a0f V.ED..... ..S..... 0,38-136,68 #7f0b00a4 app:id/app_label} during second layout pass: posting in next frame
12-09 12:24:23.680 I/GameModeConfig( 1514): isGameModeOn = false
12-09 12:24:23.681 I/GameModeConfig( 1514): isGameModeOn = false
12-09 12:24:23.681 I/GameModeConfig( 1514): isGameModeOn = false
12-09 12:24:23.682 I/GameModeConfig( 1514): isGameModeOn = false
12-09 12:24:23.682 I/GameModeConfig( 1514): isGameModeOn = false
12-09 12:24:23.696 I/mpu_uart( 649): [MSG-P:RECV]:No message received in 1000 ms
12-09 12:24:23.705 W/View ( 2372): requestLayout() improperly called by android.widget.TextView{f259a0f V.ED..... ..S...ID 0,38-136,68 #7f0b00a4 app:id/app_label} during layout: running second layout pass
12-09 12:24:23.723 I/OpenGLRenderer( 2372): Davey! duration=9223346558103ms; Flags=0, FrameTimelineVsyncId=402510, IntendedVsync=25478751015666, Vsync=25478751015666, InputEventId=0, HandleInputStart=25478767360538, AnimationStart=25478767362778, PerformTraversalsStart=25478768292934, DrawStart=25478784786997, FrameDeadline=25478789015664, FrameInterval=25478767356424, FrameStartTime=16666666, SyncQueued=25478786197361, SyncStart=25478786279965, IssueDrawCommandsStart=25478786627986, SwapBuffers=25478788525486, FrameCompleted=9223372036854775807, DequeueBufferDuration=17032, QueueBufferDuration=886979, GpuCompleted=9223372036854775807, SwapBuffersCompleted=25478789860069, DisplayPresentTime=0,
12-09 12:24:23.724 W/View ( 2372): requestLayout() improperly called by android.widget.TextView{f259a0f V.ED..... ..S...ID 0,38-136,68 #7f0b00a4 app:id/app_label} during second layout pass: posting in next frame
12-09 12:24:23.787 I/GameModeConfig( 1514): isGameModeOn = false
12-09 12:24:23.790 V/GameMode_GameTypeUtils( 9074): judge isGame:com.android.launcher3
12-09 12:24:23.790 E/GameMode_GameModeNotificationListenerService( 9074): title :content :,PackageName:com.android.systemui,isGameModeOn:false,isBulletScreenOn:false,isBulletScreenPackage:false
12-09 12:24:23.814 D/InterruptionStateProvider( 2372): No bubble up: not allowed to bubble: 0|com.android.systemui|2048|null|10082
12-09 12:24:23.815 D/InterruptionStateProvider( 2372): No heads up: unimportant notification: 0|com.android.systemui|2048|null|10082
12-09 12:24:23.823 D/PeopleSpaceWidgetMgr( 2372): Sbn doesn't contain valid PeopleTileKey: null/0/com.android.systemui
12-09 12:24:23.829 I/GameModeConfig( 1514): isGameModeOn = false
12-09 12:24:23.830 E/NotificationService( 1514): Muting recently noisy 0|com.android.systemui|2048|null|10082
12-09 12:24:23.832 V/GameMode_GameTypeUtils( 9074): judge isGame:com.android.launcher3
12-09 12:24:23.832 E/GameMode_GameModeNotificationListenerService( 9074): title :content :,PackageName:com.android.systemui,isGameModeOn:false,isBulletScreenOn:false,isBulletScreenPackage:false
12-09 12:24:23.864 D/InterruptionStateProvider( 2372): No bubble up: not allowed to bubble: 0|com.android.systemui|2048|null|10082
12-09 12:24:23.865 D/InterruptionStateProvider( 2372): No heads up: unimportant notification: 0|com.android.systemui|2048|null|10082
12-09 12:24:23.873 D/PeopleSpaceWidgetMgr( 2372): Sbn doesn't contain valid PeopleTileKey: null/0/com.android.systemui
12-09 12:24:23.889 I/GameModeConfig( 1514): isGameModeOn = false
12-09 12:24:23.890 E/NotificationService( 1514): Muting recently noisy 0|com.android.systemui|2048|null|10082
12-09 12:24:23.893 V/GameMode_GameTypeUtils( 9074): judge isGame:com.android.launcher3
12-09 12:24:23.893 E/GameMode_GameModeNotificationListenerService( 9074): title :content :,PackageName:com.android.systemui,isGameModeOn:false,isBulletScreenOn:false,isBulletScreenPackage:false
12-09 12:24:23.914 D/InterruptionStateProvider( 2372): No bubble up: not allowed to bubble: 0|com.android.systemui|2048|null|10082
12-09 12:24:23.915 D/InterruptionStateProvider( 2372): No heads up: unimportant notification: 0|com.android.systemui|2048|null|10082
12-09 12:24:23.923 D/PeopleSpaceWidgetMgr( 2372): Sbn doesn't contain valid PeopleTileKey: null/0/com.android.systemui
12-09 12:24:24.592 I/ActivityTaskManager( 1514): START u0 {flg=0x10000000 cmp=com.android.systemui/.screenrecord.ScreenRecordDialog} from uid 10082
12-09 12:24:24.593 I/EventSequenceValidator( 1514): Transition from ACTIVITY_FINISHED to INTENT_STARTED
12-09 12:24:24.595 E/ANDR-PERF-JNI( 1514): com_qualcomm_qtiperformance_native_perf_io_prefetch_start
12-09 12:24:24.591 W/swapper/2( 0): type=1400 audit(0.0:7985): avc: denied { kill } for capability=5 scontext=u:r:kernel:s0 tcontext=u:r:kernel:s0 tclass=capability permissive=0
12-09 12:24:24.596 W/ActivityTaskManager( 1514): Can't find TaskDisplayArea to determine support for multi window. Task id=138 attached=false
12-09 12:24:24.602 E/ANDR-IOP( 865): io prefetch is disabled
12-09 12:24:24.606 D/CompatibilityInfo( 1514): mCompatibilityFlags - 4
12-09 12:24:24.606 D/CompatibilityInfo( 1514): applicationDensity - 240
12-09 12:24:24.606 D/CompatibilityInfo( 1514): applicationScale - 1.0
12-09 12:24:24.606 D/ActivityTrigger( 1514): ActivityTrigger activityPauseTrigger
12-09 12:24:24.612 V/ShadeControllerImpl( 2372): NotificationShadeWindow: com.android.systemui.statusbar.phone.NotificationShadeWindowView{7f4383b V.E...... .......D 0,0-2380,1020} canPanelBeCollapsed(): true
12-09 12:24:24.614 I/ActivityTaskManager( 1514): FOREGROUND_APPLICATION_CHANGED to com.android.systemui.screenrecord.ScreenRecordDialog
12-09 12:24:24.615 I/ActivityTaskManager( 1514): The Process com.android.systemui Already Exists in BG. So sending its PID: 2372
12-09 12:24:24.615 W/ActivityTaskManager( 1514): Tried to set launchTime (0) < mLastActivityLaunchTime (24866662)
12-09 12:24:24.617 D/CompatibilityInfo( 1514): mCompatibilityFlags - 4
12-09 12:24:24.617 D/CompatibilityInfo( 1514): applicationDensity - 240
12-09 12:24:24.617 D/CompatibilityInfo( 1514): applicationScale - 1.0
12-09 12:24:24.623 I/EventSequenceValidator( 1514): Transition from INTENT_STARTED to ACTIVITY_LAUNCHED
12-09 12:24:24.629 I/OMX-VENC: venc_dev( 1203): stats: avg. fps 59.44, bitrate 3058543
12-09 12:24:24.687 D/KeyguardViewMediator( 2372): setOccluded true
12-09 12:24:24.696 I/mpu_uart( 649): [MSG-P:RECV]:No message received in 1000 ms
12-09 12:24:24.697 D/KeyguardViewMediator( 2372): setOccluded false
12-09 12:24:24.719 I/EventSequenceValidator( 1514): Transition from ACTIVITY_LAUNCHED to ACTIVITY_FINISHED
12-09 12:24:24.720 I/GameMode_ActivityMonitoringService( 9074): onTaskStackChanged
12-09 12:24:24.725 I/GameMode_ActivityMonitoringService( 9074): Updating top task to: TaskInfoContainer [topActivity=ComponentInfo{com.android.systemui/com.android.systemui.screenrecord.ScreenRecordDialog}, taskId=138, stackId=138, userId=0, displayId=0, position=6
12-09 12:24:24.725 I/GameMode_ActivityMonitoringService( 9074): Notifying about top task: TaskInfoContainer [topActivity=ComponentInfo{com.android.systemui/com.android.systemui.screenrecord.ScreenRecordDialog}, taskId=138, stackId=138, userId=0, displayId=0, position=6
12-09 12:24:24.725 E/GameMode_ActivityMonitoringService( 9074): onActivityLaunch:com.android.systemui
12-09 12:24:24.725 V/GameMode_GameTypeUtils( 9074): judge isGame:com.android.systemui
12-09 12:24:24.726 V/GameMode_GpuUtils( 9074): fps:60
12-09 12:24:24.734 D/GameMode_GameModeActionUtils( 9074): Show GameMode entry by service!
12-09 12:24:24.734 W/ContextImpl( 9074): Calling a method in the system process without a qualified user: android.app.ContextImpl.startService:1816 android.content.ContextWrapper.startService:774 com.thundercomm.gamemode.ingame.services.GameModeActionUtils.startGameModeService:99 com.thundercomm.gamemode.ingame.services.GameModeActionUtils.startGameModeEntry:22 com.thundercomm.gamemode.ingame.services.ActivityMonitoringService$1.onActivityLaunch:127
12-09 12:24:24.740 D/libEGL ( 1514): MSAA-->msaa:0 gamemode:0 4x_msaa:0
12-09 12:24:24.741 I/OpenGLRenderer( 2372): Davey! duration=9223346557082ms; Flags=0, FrameTimelineVsyncId=402650, IntendedVsync=25479772482165, Vsync=25479789148831, InputEventId=0, HandleInputStart=25479796876944, AnimationStart=25479796878559, PerformTraversalsStart=25479797967204, DrawStart=25479801451684, FrameDeadline=25479805815497, FrameInterval=25479796873923, FrameStartTime=16666666, SyncQueued=25479802012882, SyncStart=25479802082673, IssueDrawCommandsStart=25479802409704, SwapBuffers=25479803918350, FrameCompleted=9223372036854775807, DequeueBufferDuration=16303, QueueBufferDuration=521354, GpuCompleted=9223372036854775807, SwapBuffersCompleted=25479804853038, DisplayPresentTime=0,
12-09 12:24:24.741 D/libEGL ( 1514): MSAA-->msaa:0 gamemode:0 4x_msaa:0
12-09 12:24:24.741 D/libEGL ( 1514): MSAA-->msaa:0 gamemode:0 4x_msaa:0
12-09 12:24:24.742 D/GameModeIF_GameModeSettings( 9074): getUriFor setting_content_uri_root = content://com.thundercomm.gamemode.api/gamemode_settings , name = gamemode_isgaming
12-09 12:24:24.743 D/GameMode_GameModeService( 9074): type=hide_entry
12-09 12:24:24.746 D/GameMode_GameSettingsObserver( 9074): Game Data change!!!! uri = content://com.thundercomm.gamemode.api/gamemode_settings/gamemode_isgaming
12-09 12:24:24.746 I/GameModeConfig( 1514): Current uri is uri = content://com.thundercomm.gamemode.api/gamemode_settings/gamemode_isgaming
12-09 12:24:24.746 D/GameModeIF_GameModeSettings( 1514): getUriFor setting_content_uri_root = content://com.thundercomm.gamemode.api/gamemode_settings , name = gamemode_isgaming
12-09 12:24:24.746 D/GameModeIF_GameModeSettings( 9074): getUriFor setting_content_uri_root = content://com.thundercomm.gamemode.api/gamemode_settings , name = gamemode_isgaming
12-09 12:24:24.748 I/ActivityTaskManager( 1514): Displayed com.android.systemui/.screenrecord.ScreenRecordDialog: +124ms
12-09 12:24:24.750 D/GameMode_GameModeService( 9074): updateGlobalSettings = gamemode_isgaming
12-09 12:24:24.751 D/GameModeIF_GameModeSettings( 9074): gamemode_isgaming set to 0
12-09 12:24:24.757 I/GameModeConfig( 1514): isGameModeOn = false
12-09 12:24:24.757 I/GameModeConfig( 1514): isGameModeOn = false
12-09 12:24:24.757 I/GameModeConfig( 1514): isDisableVoice = true
12-09 12:24:24.757 I/OpenGLRenderer( 2372): Davey! duration=9223346557048ms; Flags=0, FrameTimelineVsyncId=402656, IntendedVsync=25479805908210, Vsync=25479805908210, InputEventId=0, HandleInputStart=25479816571163, AnimationStart=25479816572986, PerformTraversalsStart=25479817855486, DrawStart=25479817928715, FrameDeadline=25479839241542, FrameInterval=25479816568454, FrameStartTime=16666666, SyncQueued=25479818222569, SyncStart=25479818249340, IssueDrawCommandsStart=25479818547673, SwapBuffers=25479819870017, FrameCompleted=9223372036854775807, DequeueBufferDuration=21563, QueueBufferDuration=461302, GpuCompleted=9223372036854775807, SwapBuffersCompleted=25479820667465, DisplayPresentTime=0,
12-09 12:24:24.843 I/OpenGLRenderer( 2372): Davey! duration=9223346556965ms; Flags=0, FrameTimelineVsyncId=402671, IntendedVsync=25479889434492, Vsync=25479889434492, InputEventId=0, HandleInputStart=25479889800850, AnimationStart=25479889803663, PerformTraversalsStart=25479891961892, DrawStart=25479899981527, FrameDeadline=25479922767824, FrameInterval=25479889796423, FrameStartTime=16666666, SyncQueued=25479900953975, SyncStart=25479901023767, IssueDrawCommandsStart=25479901513507, SwapBuffers=25479903675382, FrameCompleted=9223372036854775807, DequeueBufferDuration=21146, QueueBufferDuration=648177, GpuCompleted=9223372036854775807, SwapBuffersCompleted=25479904918923, DisplayPresentTime=0,
12-09 12:24:24.880 I/GameModeConfig( 1514): isGameModeOn = false
12-09 12:24:24.880 I/GameModeConfig( 1514): isGameModeOn = false
12-09 12:24:24.881 I/GameModeConfig( 1514): isGameModeOn = false
12-09 12:24:24.881 I/GameModeConfig( 1514): isGameModeOn = false
12-09 12:24:24.881 I/GameModeConfig( 1514): isGameModeOn = false
12-09 12:24:24.897 W/View ( 2372): requestLayout() improperly called by android.widget.TextView{f259a0f V.ED..... ..S...ID 0,38-136,68 #7f0b00a4 app:id/app_label} during layout: running second layout pass
12-09 12:24:24.905 I/GameModeConfig( 1514): isGameModeOn = false
12-09 12:24:24.905 I/GameModeConfig( 1514): isGameModeOn = false
12-09 12:24:24.905 I/GameModeConfig( 1514): isGameModeOn = false
12-09 12:24:24.906 I/GameModeConfig( 1514): isGameModeOn = false
12-09 12:24:24.906 I/GameModeConfig( 1514): isGameModeOn = false
12-09 12:24:24.921 W/View ( 2372): requestLayout() improperly called by android.widget.TextView{f259a0f V.ED..... ..S...ID 0,38-136,68 #7f0b00a4 app:id/app_label} during layout: running second layout pass
12-09 12:24:24.925 W/View ( 2372): requestLayout() improperly called by android.widget.TextView{f259a0f V.ED..... ..S..... 0,38-136,68 #7f0b00a4 app:id/app_label} during second layout pass: posting in next frame
12-09 12:24:24.931 I/GameModeConfig( 1514): isGameModeOn = false
12-09 12:24:24.932 I/GameModeConfig( 1514): isGameModeOn = false
12-09 12:24:24.932 I/GameModeConfig( 1514): isGameModeOn = false
12-09 12:24:24.932 I/GameModeConfig( 1514): isGameModeOn = false
12-09 12:24:24.932 I/GameModeConfig( 1514): isGameModeOn = false
12-09 12:24:24.939 W/View ( 2372): requestLayout() improperly called by android.widget.TextView{f259a0f V.ED..... ..S...ID 0,38-136,68 #7f0b00a4 app:id/app_label} during layout: running second layout pass
12-09 12:24:24.948 I/GameModeConfig( 1514): isGameModeOn = false
12-09 12:24:24.948 I/GameModeConfig( 1514): isGameModeOn = false
12-09 12:24:24.948 I/GameModeConfig( 1514): isGameModeOn = false
12-09 12:24:24.948 I/GameModeConfig( 1514): isGameModeOn = false
12-09 12:24:24.948 I/GameModeConfig( 1514): isGameModeOn = false
12-09 12:24:24.956 W/View ( 2372): requestLayout() improperly called by android.widget.TextView{f259a0f V.ED..... ..S...ID 0,38-136,68 #7f0b00a4 app:id/app_label} during layout: running second layout pass
12-09 12:24:24.959 W/View ( 2372): requestLayout() improperly called by android.widget.TextView{f259a0f V.ED..... ..S..... 0,38-136,68 #7f0b00a4 app:id/app_label} during second layout pass: posting in next frame
12-09 12:24:24.960 W/View ( 2372): requestLayout() improperly called by android.widget.TextView{f259a0f V.ED..... ..S...I. 0,38-136,68 #7f0b00a4 app:id/app_label} during second layout pass: posting in next frame
12-09 12:24:24.963 I/GameModeConfig( 1514): isGameModeOn = false
12-09 12:24:24.963 I/GameModeConfig( 1514): isGameModeOn = false
12-09 12:24:24.963 I/GameModeConfig( 1514): isGameModeOn = false
12-09 12:24:24.963 I/GameModeConfig( 1514): isGameModeOn = false
12-09 12:24:24.963 I/GameModeConfig( 1514): isGameModeOn = false
12-09 12:24:24.973 W/View ( 2372): requestLayout() improperly called by android.widget.TextView{f259a0f V.ED..... ..S...ID 0,38-136,68 #7f0b00a4 app:id/app_label} during layout: running second layout pass
12-09 12:24:24.978 W/View ( 2372): requestLayout() improperly called by android.widget.TextView{f259a0f V.ED..... ..S..... 0,38-136,68 #7f0b00a4 app:id/app_label} during second layout pass: posting in next frame
12-09 12:24:24.979 I/GameModeConfig( 1514): isGameModeOn = false
12-09 12:24:24.979 I/GameModeConfig( 1514): isGameModeOn = false
12-09 12:24:24.979 I/GameModeConfig( 1514): isGameModeOn = false
12-09 12:24:24.980 I/GameModeConfig( 1514): isGameModeOn = false
12-09 12:24:24.980 I/GameModeConfig( 1514): isGameModeOn = false
12-09 12:24:24.988 W/View ( 2372): requestLayout() improperly called by android.widget.TextView{f259a0f V.ED..... ..S...ID 0,38-136,68 #7f0b00a4 app:id/app_label} during layout: running second layout pass
12-09 12:24:24.991 W/View ( 2372): requestLayout() improperly called by android.widget.TextView{f259a0f V.ED..... ..S..... 0,38-136,68 #7f0b00a4 app:id/app_label} during second layout pass: posting in next frame
12-09 12:24:24.996 I/GameModeConfig( 1514): isGameModeOn = false
12-09 12:24:24.996 I/GameModeConfig( 1514): isGameModeOn = false
12-09 12:24:24.996 I/GameModeConfig( 1514): isGameModeOn = false
12-09 12:24:24.996 I/GameModeConfig( 1514): isGameModeOn = false
12-09 12:24:24.997 I/GameModeConfig( 1514): isGameModeOn = false
12-09 12:24:25.006 W/View ( 2372): requestLayout() improperly called by android.widget.TextView{f259a0f V.ED..... ..S...ID 0,38-136,68 #7f0b00a4 app:id/app_label} during layout: running second layout pass
12-09 12:24:25.009 W/View ( 2372): requestLayout() improperly called by android.widget.TextView{f259a0f V.ED..... ..S..... 0,38-136,68 #7f0b00a4 app:id/app_label} during second layout pass: posting in next frame
12-09 12:24:25.013 I/GameModeConfig( 1514): isGameModeOn = false
12-09 12:24:25.013 I/GameModeConfig( 1514): isGameModeOn = false
12-09 12:24:25.013 I/GameModeConfig( 1514): isGameModeOn = false
12-09 12:24:25.013 I/GameModeConfig( 1514): isGameModeOn = false
12-09 12:24:25.013 I/GameModeConfig( 1514): isGameModeOn = false
12-09 12:24:25.021 W/View ( 2372): requestLayout() improperly called by android.widget.TextView{f259a0f V.ED..... ..S...ID 0,38-136,68 #7f0b00a4 app:id/app_label} during layout: running second layout pass
12-09 12:24:25.024 W/View ( 2372): requestLayout() improperly called by android.widget.TextView{f259a0f V.ED..... ..S..... 0,38-136,68 #7f0b00a4 app:id/app_label} during second layout pass: posting in next frame
12-09 12:24:25.031 I/GameModeConfig( 1514): isGameModeOn = false
12-09 12:24:25.031 I/GameModeConfig( 1514): isGameModeOn = false
12-09 12:24:25.031 I/GameModeConfig( 1514): isGameModeOn = false
12-09 12:24:25.031 I/GameModeConfig( 1514): isGameModeOn = false
12-09 12:24:25.032 I/GameModeConfig( 1514): isGameModeOn = false
12-09 12:24:25.038 W/View ( 2372): requestLayout() improperly called by android.widget.TextView{f259a0f V.ED..... ..S...ID 0,38-136,68 #7f0b00a4 app:id/app_label} during layout: running second layout pass
12-09 12:24:25.041 W/View ( 2372): requestLayout() improperly called by android.widget.TextView{f259a0f V.ED..... ..S..... 0,38-136,68 #7f0b00a4 app:id/app_label} during second layout pass: posting in next frame
12-09 12:24:25.046 I/GameModeConfig( 1514): isGameModeOn = false
12-09 12:24:25.047 I/GameModeConfig( 1514): isGameModeOn = false
12-09 12:24:25.047 I/GameModeConfig( 1514): isGameModeOn = false
12-09 12:24:25.047 I/GameModeConfig( 1514): isGameModeOn = false
12-09 12:24:25.047 I/GameModeConfig( 1514): isGameModeOn = false
12-09 12:24:25.055 W/View ( 2372): requestLayout() improperly called by android.widget.TextView{f259a0f V.ED..... ..S...ID 0,38-136,68 #7f0b00a4 app:id/app_label} during layout: running second layout pass
12-09 12:24:25.058 W/View ( 2372): requestLayout() improperly called by android.widget.TextView{f259a0f V.ED..... ..S..... 0,38-136,68 #7f0b00a4 app:id/app_label} during second layout pass: posting in next frame
12-09 12:24:25.063 I/GameModeConfig( 1514): isGameModeOn = false
12-09 12:24:25.063 I/GameModeConfig( 1514): isGameModeOn = false
12-09 12:24:25.063 I/GameModeConfig( 1514): isGameModeOn = false
12-09 12:24:25.064 I/GameModeConfig( 1514): isGameModeOn = false
12-09 12:24:25.064 I/GameModeConfig( 1514): isGameModeOn = false
12-09 12:24:25.072 W/View ( 2372): requestLayout() improperly called by android.widget.TextView{f259a0f V.ED..... ..S...ID 0,38-136,68 #7f0b00a4 app:id/app_label} during layout: running second layout pass
12-09 12:24:25.075 W/View ( 2372): requestLayout() improperly called by android.widget.TextView{f259a0f V.ED..... ..S..... 0,38-136,68 #7f0b00a4 app:id/app_label} during second layout pass: posting in next frame
12-09 12:24:25.077 I/GameModeConfig( 1514): isGameModeOn = false
12-09 12:24:25.078 I/GameModeConfig( 1514): isGameModeOn = false
12-09 12:24:25.078 I/GameModeConfig( 1514): isGameModeOn = false
12-09 12:24:25.078 I/GameModeConfig( 1514): isGameModeOn = false
12-09 12:24:25.078 I/GameModeConfig( 1514): isGameModeOn = false
12-09 12:24:25.085 I/GameModeConfig( 1514): isGameModeOn = false
12-09 12:24:25.086 W/View ( 2372): requestLayout() improperly called by android.widget.TextView{f259a0f V.ED..... ..S...ID 0,38-136,68 #7f0b00a4 app:id/app_label} during layout: running second layout pass
12-09 12:24:25.089 W/View ( 2372): requestLayout() improperly called by android.widget.TextView{f259a0f V.ED..... ..S..... 0,38-136,68 #7f0b00a4 app:id/app_label} during second layout pass: posting in next frame
12-09 12:24:25.091 V/GameMode_GameTypeUtils( 9074): judge isGame:com.android.systemui
12-09 12:24:25.092 E/GameMode_GameModeNotificationListenerService( 9074): title :content :,PackageName:com.android.systemui,isGameModeOn:false,isBulletScreenOn:false,isBulletScreenPackage:false
12-09 12:24:25.095 I/GameModeConfig( 1514): isGameModeOn = false
12-09 12:24:25.095 I/GameModeConfig( 1514): isGameModeOn = false
12-09 12:24:25.095 I/GameModeConfig( 1514): isGameModeOn = false
12-09 12:24:25.095 I/GameModeConfig( 1514): isGameModeOn = false
12-09 12:24:25.095 I/GameModeConfig( 1514): isGameModeOn = false
12-09 12:24:25.102 W/View ( 2372): requestLayout() improperly called by android.widget.TextView{f259a0f V.ED..... ..S...ID 0,38-136,68 #7f0b00a4 app:id/app_label} during layout: running second layout pass
12-09 12:24:25.105 W/View ( 2372): requestLayout() improperly called by android.widget.TextView{f259a0f V.ED..... ..S..... 0,38-136,68 #7f0b00a4 app:id/app_label} during second layout pass: posting in next frame
12-09 12:24:25.108 I/GameModeConfig( 1514): isGameModeOn = false
12-09 12:24:25.108 E/NotificationService( 1514): Muting recently noisy 0|com.android.systemui|2048|null|10082
12-09 12:24:25.112 V/GameMode_GameTypeUtils( 9074): judge isGame:com.android.systemui
12-09 12:24:25.112 E/GameMode_GameModeNotificationListenerService( 9074): title :content :,PackageName:com.android.systemui,isGameModeOn:false,isBulletScreenOn:false,isBulletScreenPackage:false
12-09 12:24:25.113 I/GameModeConfig( 1514): isGameModeOn = false
12-09 12:24:25.113 I/GameModeConfig( 1514): isGameModeOn = false
12-09 12:24:25.113 I/GameModeConfig( 1514): isGameModeOn = false
12-09 12:24:25.114 I/GameModeConfig( 1514): isGameModeOn = false
12-09 12:24:25.114 I/GameModeConfig( 1514): isGameModeOn = false
12-09 12:24:25.119 W/View ( 2372): requestLayout() improperly called by android.widget.TextView{f259a0f V.ED..... ..S...ID 0,38-136,68 #7f0b00a4 app:id/app_label} during layout: running second layout pass
12-09 12:24:25.122 D/InterruptionStateProvider( 2372): No bubble up: not allowed to bubble: 0|com.android.systemui|2048|null|10082
12-09 12:24:25.122 D/InterruptionStateProvider( 2372): No heads up: unimportant notification: 0|com.android.systemui|2048|null|10082
12-09 12:24:25.124 D/PeopleSpaceWidgetMgr( 2372): Sbn doesn't contain valid PeopleTileKey: null/0/com.android.systemui
12-09 12:24:25.125 W/View ( 2372): requestLayout() improperly called by android.widget.TextView{f259a0f V.ED..... ..S..... 0,38-136,68 #7f0b00a4 app:id/app_label} during second layout pass: posting in next frame
12-09 12:24:25.127 I/GameModeConfig( 1514): isGameModeOn = false
12-09 12:24:25.128 I/GameModeConfig( 1514): isGameModeOn = false
12-09 12:24:25.128 I/GameModeConfig( 1514): isGameModeOn = false
12-09 12:24:25.128 I/GameModeConfig( 1514): isGameModeOn = false
12-09 12:24:25.128 I/GameModeConfig( 1514): isGameModeOn = false
12-09 12:24:25.130 I/GameModeConfig( 1514): isGameModeOn = false
12-09 12:24:25.130 E/NotificationService( 1514): Muting recently noisy 0|com.android.systemui|2048|null|10082
12-09 12:24:25.134 V/GameMode_GameTypeUtils( 9074): judge isGame:com.android.systemui
12-09 12:24:25.134 E/GameMode_GameModeNotificationListenerService( 9074): title :content :,PackageName:com.android.systemui,isGameModeOn:false,isBulletScreenOn:false,isBulletScreenPackage:false
12-09 12:24:25.141 W/View ( 2372): requestLayout() improperly called by android.widget.TextView{f259a0f V.ED..... ..S...ID 0,38-136,68 #7f0b00a4 app:id/app_label} during layout: running second layout pass
12-09 12:24:25.144 D/InterruptionStateProvider( 2372): No bubble up: not allowed to bubble: 0|com.android.systemui|2048|null|10082
12-09 12:24:25.144 D/InterruptionStateProvider( 2372): No heads up: unimportant notification: 0|com.android.systemui|2048|null|10082
12-09 12:24:25.147 D/PeopleSpaceWidgetMgr( 2372): Sbn doesn't contain valid PeopleTileKey: null/0/com.android.systemui
12-09 12:24:25.148 I/GameModeConfig( 1514): isGameModeOn = false
12-09 12:24:25.148 I/GameModeConfig( 1514): isGameModeOn = false
12-09 12:24:25.148 I/GameModeConfig( 1514): isGameModeOn = false
12-09 12:24:25.149 I/GameModeConfig( 1514): isGameModeOn = false
12-09 12:24:25.149 I/GameModeConfig( 1514): isGameModeOn = false
12-09 12:24:25.152 I/GameModeConfig( 1514): isGameModeOn = false
12-09 12:24:25.152 E/NotificationService( 1514): Muting recently noisy 0|com.android.systemui|2048|null|10082
12-09 12:24:25.154 D/StatusBar( 2372): disable disable2
12-09 12:24:25.154 W/View ( 2372): requestLayout() improperly called by android.widget.TextView{f259a0f V.ED..... ......ID 0,38-136,68 #7f0b00a4 app:id/app_label} during second layout pass: posting in next frame
12-09 12:24:25.154 V/GameMode_GameTypeUtils( 9074): judge isGame:com.android.systemui
12-09 12:24:25.155 E/GameMode_GameModeNotificationListenerService( 9074): title :content :,PackageName:com.android.systemui,isGameModeOn:false,isBulletScreenOn:false,isBulletScreenPackage:false
12-09 12:24:25.165 W/View ( 2372): requestLayout() improperly called by android.widget.TextView{f259a0f V.ED..... ..S...ID 0,38-136,68 #7f0b00a4 app:id/app_label} during layout: running second layout pass
12-09 12:24:25.166 I/GameModeConfig( 1514): isGameModeOn = false
12-09 12:24:25.166 E/NotificationService( 1514): Muting recently noisy 0|com.android.systemui|2048|null|10082
12-09 12:24:25.169 D/InterruptionStateProvider( 2372): No bubble up: not allowed to bubble: 0|com.android.systemui|2048|null|10082
12-09 12:24:25.169 D/InterruptionStateProvider( 2372): No heads up: unimportant notification: 0|com.android.systemui|2048|null|10082
12-09 12:24:25.172 D/PeopleSpaceWidgetMgr( 2372): Sbn doesn't contain valid PeopleTileKey: null/0/com.android.systemui
12-09 12:24:25.173 W/View ( 2372): requestLayout() improperly called by android.widget.TextView{f259a0f V.ED..... ..S...ID 0,38-136,68 #7f0b00a4 app:id/app_label} during second layout pass: posting in next frame
12-09 12:24:25.174 V/GameMode_GameTypeUtils( 9074): judge isGame:com.android.systemui
12-09 12:24:25.174 E/GameMode_GameModeNotificationListenerService( 9074): title :content :,PackageName:com.android.systemui,isGameModeOn:false,isBulletScreenOn:false,isBulletScreenPackage:false
12-09 12:24:25.176 W/View ( 2372): requestLayout() improperly called by android.widget.TextView{f259a0f V.ED..... ..S...ID 0,38-136,68 #7f0b00a4 app:id/app_label} during second layout pass: posting in next frame
12-09 12:24:25.177 D/InterruptionStateProvider( 2372): No bubble up: not allowed to bubble: 0|com.android.systemui|2048|null|10082
12-09 12:24:25.177 D/InterruptionStateProvider( 2372): No heads up: unimportant notification: 0|com.android.systemui|2048|null|10082
12-09 12:24:25.180 D/PeopleSpaceWidgetMgr( 2372): Sbn doesn't contain valid PeopleTileKey: null/0/com.android.systemui
12-09 12:24:25.180 V/KeyguardUpdateMonitor( 2372): *** unregister callback for com.android.keyguard.CarrierTextManager$2@cd48267
12-09 12:24:25.182 I/GameModeConfig( 1514): isGameModeOn = false
12-09 12:24:25.182 E/NotificationService( 1514): Muting recently noisy 0|com.android.systemui|2048|null|10082
12-09 12:24:25.184 D/InterruptionStateProvider( 2372): No bubble up: not allowed to bubble: 0|com.android.systemui|2048|null|10082
12-09 12:24:25.184 D/InterruptionStateProvider( 2372): No heads up: unimportant notification: 0|com.android.systemui|2048|null|10082
12-09 12:24:25.185 V/GameMode_GameTypeUtils( 9074): judge isGame:com.android.systemui
12-09 12:24:25.185 E/GameMode_GameModeNotificationListenerService( 9074): title :content :,PackageName:com.android.systemui,isGameModeOn:false,isBulletScreenOn:false,isBulletScreenPackage:false
12-09 12:24:25.187 D/PeopleSpaceWidgetMgr( 2372): Sbn doesn't contain valid PeopleTileKey: null/0/com.android.systemui
12-09 12:24:25.196 D/InterruptionStateProvider( 2372): No bubble up: not allowed to bubble: 0|com.android.systemui|2048|null|10082
12-09 12:24:25.197 D/InterruptionStateProvider( 2372): No heads up: unimportant notification: 0|com.android.systemui|2048|null|10082
12-09 12:24:25.198 I/GameModeConfig( 1514): isGameModeOn = false
12-09 12:24:25.198 E/NotificationService( 1514): Muting recently noisy 0|com.android.systemui|2048|null|10082
12-09 12:24:25.199 D/PeopleSpaceWidgetMgr( 2372): Sbn doesn't contain valid PeopleTileKey: null/0/com.android.systemui
12-09 12:24:25.200 V/GameMode_GameTypeUtils( 9074): judge isGame:com.android.systemui
12-09 12:24:25.200 E/GameMode_GameModeNotificationListenerService( 9074): title :content :,PackageName:com.android.systemui,isGameModeOn:false,isBulletScreenOn:false,isBulletScreenPackage:false
12-09 12:24:25.214 D/InterruptionStateProvider( 2372): No bubble up: not allowed to bubble: 0|com.android.systemui|2048|null|10082
12-09 12:24:25.214 D/InterruptionStateProvider( 2372): No heads up: unimportant notification: 0|com.android.systemui|2048|null|10082
12-09 12:24:25.216 I/GameModeConfig( 1514): isGameModeOn = false
12-09 12:24:25.216 E/NotificationService( 1514): Muting recently noisy 0|com.android.systemui|2048|null|10082
12-09 12:24:25.218 V/GameMode_GameTypeUtils( 9074): judge isGame:com.android.systemui
12-09 12:24:25.218 E/GameMode_GameModeNotificationListenerService( 9074): title :content :,PackageName:com.android.systemui,isGameModeOn:false,isBulletScreenOn:false,isBulletScreenPackage:false
12-09 12:24:25.218 D/PeopleSpaceWidgetMgr( 2372): Sbn doesn't contain valid PeopleTileKey: null/0/com.android.systemui
12-09 12:24:25.231 D/InterruptionStateProvider( 2372): No bubble up: not allowed to bubble: 0|com.android.systemui|2048|null|10082
12-09 12:24:25.231 D/InterruptionStateProvider( 2372): No heads up: unimportant notification: 0|com.android.systemui|2048|null|10082
12-09 12:24:25.234 I/GameModeConfig( 1514): isGameModeOn = false
12-09 12:24:25.234 E/NotificationService( 1514): Muting recently noisy 0|com.android.systemui|2048|null|10082
12-09 12:24:25.235 D/PeopleSpaceWidgetMgr( 2372): Sbn doesn't contain valid PeopleTileKey: null/0/com.android.systemui
12-09 12:24:25.238 V/GameMode_GameTypeUtils( 9074): judge isGame:com.android.systemui
12-09 12:24:25.238 E/GameMode_GameModeNotificationListenerService( 9074): title :content :,PackageName:com.android.systemui,isGameModeOn:false,isBulletScreenOn:false,isBulletScreenPackage:false
12-09 12:24:25.249 I/GameModeConfig( 1514): isGameModeOn = false
12-09 12:24:25.250 E/NotificationService( 1514): Muting recently noisy 0|com.android.systemui|2048|null|10082
12-09 12:24:25.251 D/InterruptionStateProvider( 2372): No bubble up: not allowed to bubble: 0|com.android.systemui|2048|null|10082
12-09 12:24:25.251 D/InterruptionStateProvider( 2372): No heads up: unimportant notification: 0|com.android.systemui|2048|null|10082
12-09 12:24:25.253 V/GameMode_GameTypeUtils( 9074): judge isGame:com.android.systemui
12-09 12:24:25.254 E/GameMode_GameModeNotificationListenerService( 9074): title :content :,PackageName:com.android.systemui,isGameModeOn:false,isBulletScreenOn:false,isBulletScreenPackage:false
12-09 12:24:25.258 D/PeopleSpaceWidgetMgr( 2372): Sbn doesn't contain valid PeopleTileKey: null/0/com.android.systemui
12-09 12:24:25.266 I/GameModeConfig( 1514): isGameModeOn = false
12-09 12:24:25.266 D/InterruptionStateProvider( 2372): No bubble up: not allowed to bubble: 0|com.android.systemui|2048|null|10082
12-09 12:24:25.266 E/NotificationService( 1514): Muting recently noisy 0|com.android.systemui|2048|null|10082
12-09 12:24:25.267 D/InterruptionStateProvider( 2372): No heads up: unimportant notification: 0|com.android.systemui|2048|null|10082
12-09 12:24:25.269 V/GameMode_GameTypeUtils( 9074): judge isGame:com.android.systemui
12-09 12:24:25.269 E/GameMode_GameModeNotificationListenerService( 9074): title :content :,PackageName:com.android.systemui,isGameModeOn:false,isBulletScreenOn:false,isBulletScreenPackage:false
12-09 12:24:25.273 D/PeopleSpaceWidgetMgr( 2372): Sbn doesn't contain valid PeopleTileKey: null/0/com.android.systemui
12-09 12:24:25.281 I/GameModeConfig( 1514): isGameModeOn = false
12-09 12:24:25.281 E/NotificationService( 1514): Muting recently noisy 0|com.android.systemui|2048|null|10082
12-09 12:24:25.282 D/InterruptionStateProvider( 2372): No bubble up: not allowed to bubble: 0|com.android.systemui|2048|null|10082
12-09 12:24:25.283 D/InterruptionStateProvider( 2372): No heads up: unimportant notification: 0|com.android.systemui|2048|null|10082
12-09 12:24:25.284 V/GameMode_GameTypeUtils( 9074): judge isGame:com.android.systemui
12-09 12:24:25.284 E/GameMode_GameModeNotificationListenerService( 9074): title :content :,PackageName:com.android.systemui,isGameModeOn:false,isBulletScreenOn:false,isBulletScreenPackage:false
12-09 12:24:25.289 D/PeopleSpaceWidgetMgr( 2372): Sbn doesn't contain valid PeopleTileKey: null/0/com.android.systemui
12-09 12:24:25.297 I/GameModeConfig( 1514): isGameModeOn = false
12-09 12:24:25.297 E/NotificationService( 1514): Muting recently noisy 0|com.android.systemui|2048|null|10082
12-09 12:24:25.299 D/InterruptionStateProvider( 2372): No bubble up: not allowed to bubble: 0|com.android.systemui|2048|null|10082
12-09 12:24:25.299 D/InterruptionStateProvider( 2372): No heads up: unimportant notification: 0|com.android.systemui|2048|null|10082
12-09 12:24:25.300 V/GameMode_GameTypeUtils( 9074): judge isGame:com.android.systemui
12-09 12:24:25.300 E/GameMode_GameModeNotificationListenerService( 9074): title :content :,PackageName:com.android.systemui,isGameModeOn:false,isBulletScreenOn:false,isBulletScreenPackage:false
12-09 12:24:25.305 D/PeopleSpaceWidgetMgr( 2372): Sbn doesn't contain valid PeopleTileKey: null/0/com.android.systemui
12-09 12:24:25.314 I/GameModeConfig( 1514): isGameModeOn = false
12-09 12:24:25.314 E/NotificationService( 1514): Muting recently noisy 0|com.android.systemui|2048|null|10082
12-09 12:24:25.315 D/InterruptionStateProvider( 2372): No bubble up: not allowed to bubble: 0|com.android.systemui|2048|null|10082
12-09 12:24:25.316 D/InterruptionStateProvider( 2372): No heads up: unimportant notification: 0|com.android.systemui|2048|null|10082
12-09 12:24:25.317 V/GameMode_GameTypeUtils( 9074): judge isGame:com.android.systemui
12-09 12:24:25.317 E/GameMode_GameModeNotificationListenerService( 9074): title :content :,PackageName:com.android.systemui,isGameModeOn:false,isBulletScreenOn:false,isBulletScreenPackage:false
12-09 12:24:25.322 D/PeopleSpaceWidgetMgr( 2372): Sbn doesn't contain valid PeopleTileKey: null/0/com.android.systemui
12-09 12:24:25.332 D/InterruptionStateProvider( 2372): No bubble up: not allowed to bubble: 0|com.android.systemui|2048|null|10082
12-09 12:24:25.332 I/GameModeConfig( 1514): isGameModeOn = false
12-09 12:24:25.332 D/InterruptionStateProvider( 2372): No heads up: unimportant notification: 0|com.android.systemui|2048|null|10082
12-09 12:24:25.333 E/NotificationService( 1514): Muting recently noisy 0|com.android.systemui|2048|null|10082
12-09 12:24:25.338 D/PeopleSpaceWidgetMgr( 2372): Sbn doesn't contain valid PeopleTileKey: null/0/com.android.systemui
12-09 12:24:25.338 V/GameMode_GameTypeUtils( 9074): judge isGame:com.android.systemui
12-09 12:24:25.339 E/GameMode_GameModeNotificationListenerService( 9074): title :content :,PackageName:com.android.systemui,isGameModeOn:false,isBulletScreenOn:false,isBulletScreenPackage:false
12-09 12:24:25.350 D/InterruptionStateProvider( 2372): No bubble up: not allowed to bubble: 0|com.android.systemui|2048|null|10082
12-09 12:24:25.350 D/InterruptionStateProvider( 2372): No heads up: unimportant notification: 0|com.android.systemui|2048|null|10082
12-09 12:24:25.355 I/GameModeConfig( 1514): isGameModeOn = false
12-09 12:24:25.355 E/NotificationService( 1514): Muting recently noisy 0|com.android.systemui|2048|null|10082
12-09 12:24:25.358 D/PeopleSpaceWidgetMgr( 2372): Sbn doesn't contain valid PeopleTileKey: null/0/com.android.systemui
12-09 12:24:25.358 V/GameMode_GameTypeUtils( 9074): judge isGame:com.android.systemui
12-09 12:24:25.358 E/GameMode_GameModeNotificationListenerService( 9074): title :content :,PackageName:com.android.systemui,isGameModeOn:false,isBulletScreenOn:false,isBulletScreenPackage:false
12-09 12:24:25.367 D/InterruptionStateProvider( 2372): No bubble up: not allowed to bubble: 0|com.android.systemui|2048|null|10082
12-09 12:24:25.368 D/InterruptionStateProvider( 2372): No heads up: unimportant notification: 0|com.android.systemui|2048|null|10082
12-09 12:24:25.375 D/PeopleSpaceWidgetMgr( 2372): Sbn doesn't contain valid PeopleTileKey: null/0/com.android.systemui
12-09 12:24:25.591 W/swapper/2( 0): type=1400 audit(0.0:7986): avc: denied { kill } for capability=5 scontext=u:r:kernel:s0 tcontext=u:r:kernel:s0 tclass=capability permissive=0
12-09 12:24:25.680 I/OMX-VENC: venc_dev( 1203): stats: avg. fps 52.33, bitrate 1197216
12-09 12:24:25.696 I/mpu_uart( 649): [MSG-P:RECV]:No message received in 1000 ms
12-09 12:24:26.269 I/mpu_uart( 649): [MSG-P:R]:recv sync frame timeout
12-09 12:24:26.591 W/swapper/2( 0): type=1400 audit(0.0:7987): avc: denied { kill } for capability=5 scontext=u:r:kernel:s0 tcontext=u:r:kernel:s0 tclass=capability permissive=0
12-09 12:24:26.696 I/mpu_uart( 649): [MSG-P:RECV]:No message received in 1000 ms
12-09 12:24:26.717 I/OMX-VENC: venc_dev( 1203): stats: avg. fps 11.58, bitrate 98434
12-09 12:24:27.591 W/swapper/2( 0): type=1400 audit(0.0:7988): avc: denied { kill } for capability=5 scontext=u:r:kernel:s0 tcontext=u:r:kernel:s0 tclass=capability permissive=0
12-09 12:24:27.697 I/mpu_uart( 649): [MSG-P:RECV]:No message received in 1000 ms
12-09 12:24:27.760 I/OMX-VENC: venc_dev( 1203): stats: avg. fps 10.55, bitrate 91431
12-09 12:24:27.891 D/ActivityTrigger( 1514): ActivityTrigger activityPauseTrigger
12-09 12:24:27.916 I/ActivityTaskManager( 1514): FOREGROUND_APPLICATION_CHANGED to com.android.launcher3.uioverrides.QuickstepLauncher
12-09 12:24:27.950 W/InputManager-JNI( 1514): Input channel object 'f04b7c3 com.android.systemui/com.android.systemui.screenrecord.ScreenRecordDialog (client)' was disposed without first being removed with the input manager!
12-09 12:24:28.020 I/GameMode_ActivityMonitoringService( 9074): onTaskStackChanged
12-09 12:24:28.024 I/GameMode_ActivityMonitoringService( 9074): Updating top task to: TaskInfoContainer [topActivity=ComponentInfo{com.android.launcher3/com.android.launcher3.uioverrides.QuickstepLauncher}, taskId=10, stackId=1, userId=0, displayId=0, position=6
12-09 12:24:28.025 I/GameMode_ActivityMonitoringService( 9074): Notifying about top task: TaskInfoContainer [topActivity=ComponentInfo{com.android.launcher3/com.android.launcher3.uioverrides.QuickstepLauncher}, taskId=10, stackId=1, userId=0, displayId=0, position=6
12-09 12:24:28.025 E/GameMode_ActivityMonitoringService( 9074): onActivityLaunch:com.android.launcher3
12-09 12:24:28.025 V/GameMode_GameTypeUtils( 9074): judge isGame:com.android.launcher3
12-09 12:24:28.025 V/GameMode_GpuUtils( 9074): fps:60
12-09 12:24:28.028 D/GameMode_GameModeActionUtils( 9074): Show GameMode entry by service!
12-09 12:24:28.028 W/ContextImpl( 9074): Calling a method in the system process without a qualified user: android.app.ContextImpl.startService:1816 android.content.ContextWrapper.startService:774 com.thundercomm.gamemode.ingame.services.GameModeActionUtils.startGameModeService:99 com.thundercomm.gamemode.ingame.services.GameModeActionUtils.startGameModeEntry:22 com.thundercomm.gamemode.ingame.services.ActivityMonitoringService$1.onActivityLaunch:127
12-09 12:24:28.030 D/GameModeIF_GameModeSettings( 9074): getUriFor setting_content_uri_root = content://com.thundercomm.gamemode.api/gamemode_settings , name = gamemode_isgaming
12-09 12:24:28.031 D/GameMode_GameModeService( 9074): type=hide_entry
12-09 12:24:28.035 I/GameModeConfig( 1514): Current uri is uri = content://com.thundercomm.gamemode.api/gamemode_settings/gamemode_isgaming
12-09 12:24:28.035 D/GameModeIF_GameModeSettings( 1514): getUriFor setting_content_uri_root = content://com.thundercomm.gamemode.api/gamemode_settings , name = gamemode_isgaming
12-09 12:24:28.036 D/GameMode_GameSettingsObserver( 9074): Game Data change!!!! uri = content://com.thundercomm.gamemode.api/gamemode_settings/gamemode_isgaming
12-09 12:24:28.036 D/GameModeIF_GameModeSettings( 9074): getUriFor setting_content_uri_root = content://com.thundercomm.gamemode.api/gamemode_settings , name = gamemode_isgaming
12-09 12:24:28.037 D/GameModeIF_GameModeSettings( 9074): gamemode_isgaming set to 0
12-09 12:24:28.038 I/GameModeConfig( 1514): isGameModeOn = false
12-09 12:24:28.038 I/GameModeConfig( 1514): isGameModeOn = false
12-09 12:24:28.038 I/GameModeConfig( 1514): isDisableVoice = true
12-09 12:24:28.040 D/GameMode_GameModeService( 9074): updateGlobalSettings = gamemode_isgaming
12-09 12:24:28.189 W/ActivityTaskManager( 1514): Can't find TaskDisplayArea to determine support for multi window. Task id=138 attached=false
12-09 12:24:28.189 W/ActivityTaskManager( 1514): Can't find TaskDisplayArea to determine support for multi window. Task id=138 attached=false
12-09 12:24:28.389 D/ProcessState(19186): Binder ioctl to enable oneway spam detection failed: Invalid argument
12-09 12:24:28.396 D/StateManager( 2834): goToState: Overview
12-09 12:24:28.396 D/EditModeHelper( 2834): setHotseatVisibility: 0
12-09 12:24:28.398 V/ShadeControllerImpl( 2372): NotificationShadeWindow: com.android.systemui.statusbar.phone.NotificationShadeWindowView{7f4383b I.E...... ......ID 0,0-2380,1020} canPanelBeCollapsed(): false
12-09 12:24:28.407 D/FreeWindowHelper( 2834): enterOrExitRecentTasks: isEnterRecentTasks=true,mExitFlag=1
12-09 12:24:28.408 D/FreeWindowContainer( 2834): reloadTask: null
12-09 12:24:28.414 D/UIAutomatorStub(18567): URI: /jsonrpc/0, Method: POST, params, {NanoHttpd.QUERY_STRING=null}, files: {postData={"jsonrpc": "2.0", "id": "5739df71a02e9e9889c5045571d8b5de", "method": "waitForExists", "params": [{"mask": 2097153, "childOrSibling": [], "childOrSiblingSelector": [], "resourceId": "com.android.launcher3:id/name_tv", "text": "\u65e5\u5386"}, 3000]}}
12-09 12:24:28.418 W/QueryController(18567): Could not detect idle state.
12-09 12:24:28.444 W/System (18567): A resource failed to call end.
12-09 12:24:28.445 W/System (18567): A resource failed to call end.
12-09 12:24:28.446 W/System (18567): A resource failed to call end.
12-09 12:24:28.446 W/System (18567): A resource failed to call end.
12-09 12:24:28.446 W/System (18567): A resource failed to call end.
12-09 12:24:28.446 W/System (18567): A resource failed to call end.
12-09 12:24:28.447 W/System (18567): A resource failed to call end.
12-09 12:24:28.452 W/ActivityTaskManager( 1514): getTaskSnapshot: taskId=5136 not found
12-09 12:24:28.452 W/ActivityTaskManager( 1514): getTaskSnapshot: taskId=4136 not found
12-09 12:24:28.452 W/ActivityTaskManager( 1514): getTaskSnapshot: taskId=3136 not found
12-09 12:24:28.453 W/ActivityTaskManager( 1514): getTaskSnapshot: taskId=2136 not found
12-09 12:24:28.493 D/BaseIconFactory( 2834): normalizeAndWrapToAdaptiveIcon: scale=0.8095241
12-09 12:24:28.502 W/ActivityTaskManager( 1514): getTaskSnapshot: taskId=4136 not found
12-09 12:24:28.512 W/ActivityTaskManager( 1514): getTaskSnapshot: taskId=4136 not found
12-09 12:24:28.512 W/ActivityTaskManager( 1514): getTaskSnapshot: taskId=3136 not found
12-09 12:24:28.512 W/ActivityTaskManager( 1514): getTaskSnapshot: taskId=2136 not found
12-09 12:24:28.529 W/ActivityTaskManager( 1514): getTaskSnapshot: taskId=4136 not found
12-09 12:24:28.529 W/ActivityTaskManager( 1514): getTaskSnapshot: taskId=3136 not found
12-09 12:24:28.530 W/ActivityTaskManager( 1514): getTaskSnapshot: taskId=2136 not found
12-09 12:24:28.540 W/ActivityTaskManager( 1514): getTaskSnapshot: taskId=4136 not found
12-09 12:24:28.540 W/ActivityTaskManager( 1514): getTaskSnapshot: taskId=3136 not found
12-09 12:24:28.540 W/ActivityTaskManager( 1514): getTaskSnapshot: taskId=2136 not found
12-09 12:24:28.580 W/System ( 1514): A resource failed to call close.
12-09 12:24:28.581 W/System ( 1514): A resource failed to call close.
12-09 12:24:28.581 W/System ( 1514): A resource failed to call close.
12-09 12:24:28.581 W/System ( 1514): A resource failed to call close.
12-09 12:24:28.581 W/System ( 1514): A resource failed to call close.
12-09 12:24:28.581 W/System ( 1514): A resource failed to call close.
12-09 12:24:28.582 W/System ( 1514): A resource failed to call close.
12-09 12:24:28.582 W/System ( 1514): A resource failed to call close.
12-09 12:24:28.583 W/System ( 1514): A resource failed to call close.
12-09 12:24:28.583 W/System ( 1514): A resource failed to call release.
12-09 12:24:28.583 W/System ( 1514): A resource failed to call close.
