12-09 12:26:29.003 W/ContextImpl( 9074): Calling a method in the system process without a qualified user: android.app.ContextImpl.startService:1816 android.content.ContextWrapper.startService:774 com.thundercomm.gamemode.ingame.services.GameModeActionUtils.startGameModeService:99 com.thundercomm.gamemode.ingame.services.GameModeActionUtils.startGameModeEntry:22 com.thundercomm.gamemode.ingame.services.ActivityMonitoringService$1.onActivityLaunch:127
12-09 12:26:29.006 D/GameMode_GameModeService( 9074): type=hide_entry
12-09 12:26:29.007 D/GameModeIF_GameModeSettings( 9074): getUriFor setting_content_uri_root = content://com.thundercomm.gamemode.api/gamemode_settings , name = gamemode_isgaming
12-09 12:26:29.010 I/GameModeConfig( 1514): Current uri is uri = content://com.thundercomm.gamemode.api/gamemode_settings/gamemode_isgaming
12-09 12:26:29.010 D/GameModeIF_GameModeSettings( 1514): getUriFor setting_content_uri_root = content://com.thundercomm.gamemode.api/gamemode_settings , name = gamemode_isgaming
12-09 12:26:29.010 D/GameMode_GameSettingsObserver( 9074): Game Data change!!!! uri = content://com.thundercomm.gamemode.api/gamemode_settings/gamemode_isgaming
12-09 12:26:29.010 D/GameModeIF_GameModeSettings( 9074): getUriFor setting_content_uri_root = content://com.thundercomm.gamemode.api/gamemode_settings , name = gamemode_isgaming
12-09 12:26:29.012 I/GameModeConfig( 1514): isGameModeOn = false
12-09 12:26:29.012 I/GameModeConfig( 1514): isGameModeOn = false
12-09 12:26:29.012 I/GameModeConfig( 1514): isDisableVoice = true
12-09 12:26:29.014 D/GameModeIF_GameModeSettings( 9074): gamemode_isgaming set to 0
12-09 12:26:29.014 D/GameMode_GameModeService( 9074): updateGlobalSettings = gamemode_isgaming
12-09 12:26:29.018 D/UIAutomatorStub(18567): URI: /jsonrpc/0, Method: POST, params, {NanoHttpd.QUERY_STRING=null}, files: {postData={"jsonrpc": "2.0", "id": "7d14293e1a94da1e8d9b75a8d96a3ba3", "method": "objInfo", "params": [{"mask": 2097153, "childOrSibling": [], "childOrSiblingSelector": [], "resourceId": "com.android.launcher3:id/name_tv", "text": "\u65e5\u5386"}]}}
12-09 12:26:29.020 W/QueryController(18567): Could not detect idle state.
12-09 12:26:29.033 I/OMX-VENC: venc_dev( 1203): stats: avg. fps 15.82, bitrate 174260
12-09 12:26:29.042 W/QueryController(18567): Could not detect idle state.
12-09 12:26:29.046 W/QueryController(18567): Could not detect idle state.
12-09 12:26:29.058 W/QueryController(18567): Could not detect idle state.
12-09 12:26:29.061 W/QueryController(18567): Could not detect idle state.
12-09 12:26:29.073 W/QueryController(18567): Could not detect idle state.
12-09 12:26:29.074 W/QueryController(18567): Could not detect idle state.
12-09 12:26:29.075 W/QueryController(18567): Could not detect idle state.
12-09 12:26:29.076 W/QueryController(18567): Could not detect idle state.
12-09 12:26:29.077 W/QueryController(18567): Could not detect idle state.
12-09 12:26:29.080 W/QueryController(18567): Could not detect idle state.
12-09 12:26:29.091 W/QueryController(18567): Could not detect idle state.
12-09 12:26:29.093 W/QueryController(18567): Could not detect idle state.
12-09 12:26:29.094 W/QueryController(18567): Could not detect idle state.
12-09 12:26:29.109 W/QueryController(18567): Could not detect idle state.
12-09 12:26:29.112 W/QueryController(18567): Could not detect idle state.
12-09 12:26:29.127 W/QueryController(18567): Could not detect idle state.
12-09 12:26:29.139 W/QueryController(18567): Could not detect idle state.
12-09 12:26:29.190 D/UIAutomatorStub(18567): URI: /jsonrpc/0, Method: POST, params, {NanoHttpd.QUERY_STRING=null}, files: {postData={"jsonrpc": "2.0", "id": "16cf14045b7802952f91f1c940c5d876", "method": "click", "params": [206.0, 405.0]}}
12-09 12:26:29.194 D/FreeFormWindowHelper( 1514): Remove freefrom task=Task{a95cd27 #145 type=standard A=10069:android.task.calendar U=0 visible=false mode=freeform translucent=true sz=0}
12-09 12:26:29.293 W/System ( 1514): A resource failed to call close.
12-09 12:26:29.293 W/System ( 1514): A resource failed to call close.
12-09 12:26:29.294 W/System ( 1514): A resource failed to call close.
12-09 12:26:29.321 D/FreeWindowHelper( 2834): setExitFlag: old=0,new=1
12-09 12:26:29.321 I/ActivityTaskManager( 1514): START u0 {flg=0x10008000 cmp=com.android.calendar/.AllInOneActivity} from uid 10075
12-09 12:26:29.321 I/EventSequenceValidator( 1514): Transition from INTENT_FAILED to INTENT_STARTED
12-09 12:26:29.323 E/ANDR-PERF-JNI( 1514): com_qualcomm_qtiperformance_native_perf_io_prefetch_start
12-09 12:26:29.323 W/ActivityTaskManager( 1514): Can't find TaskDisplayArea to determine support for multi window. Task id=146 attached=false
12-09 12:26:29.324 D/FreeFormWindowHelper( 1514): Add freeform task=Task{bfa37dc #146 type=standard ?? U=0 visible=false mode=freeform translucent=true sz=0}
12-09 12:26:29.326 D/CompatibilityInfo( 1514): mCompatibilityFlags - 4
12-09 12:26:29.327 D/CompatibilityInfo( 1514): applicationDensity - 240
12-09 12:26:29.327 D/CompatibilityInfo( 1514): applicationScale - 1.0
12-09 12:26:29.327 I/ActivityTaskManager( 1514): FOREGROUND_APPLICATION_CHANGED to com.android.calendar.AllInOneActivity
12-09 12:26:29.327 I/ActivityTaskManager( 1514): The Process com.android.calendar Already Exists in BG. So sending its PID: 19196
12-09 12:26:29.327 W/ActivityTaskManager( 1514): Tried to set launchTime (0) < mLastActivityLaunchTime (25594392)
12-09 12:26:29.329 D/CompatibilityInfo( 1514): mCompatibilityFlags - 4
12-09 12:26:29.329 D/CompatibilityInfo( 1514): applicationDensity - 240
12-09 12:26:29.329 D/CompatibilityInfo( 1514): applicationScale - 1.0
12-09 12:26:29.332 D/StateManager( 2834): goToState: Normal
12-09 12:26:29.333 D/EditModeHelper( 2834): setHotseatVisibility: 0
12-09 12:26:29.333 E/ANDR-IOP( 865): io prefetch is disabled
12-09 12:26:29.335 I/EventSequenceValidator( 1514): Transition from INTENT_STARTED to ACTIVITY_LAUNCHED
12-09 12:26:29.337 I/GameMode_ActivityMonitoringService( 9074): onForegroundActivitiesChanged uid 10069 pid 19196 fg true
12-09 12:26:29.341 I/GameMode_ActivityMonitoringService( 9074): Updating top task to: TaskInfoContainer [topActivity=ComponentInfo{com.android.calendar/com.android.calendar.AllInOneActivity}, taskId=146, stackId=146, userId=0, displayId=0, position=6
12-09 12:26:29.341 I/GameMode_ActivityMonitoringService( 9074): Notifying about top task: TaskInfoContainer [topActivity=ComponentInfo{com.android.calendar/com.android.calendar.AllInOneActivity}, taskId=146, stackId=146, userId=0, displayId=0, position=6
12-09 12:26:29.341 E/GameMode_ActivityMonitoringService( 9074): onActivityLaunch:com.android.calendar
12-09 12:26:29.341 V/GameMode_GameTypeUtils( 9074): judge isGame:com.android.calendar
12-09 12:26:29.341 V/GameMode_GpuUtils( 9074): fps:60
12-09 12:26:29.349 D/GameMode_GameModeActionUtils( 9074): Show GameMode entry by service!
12-09 12:26:29.349 W/ContextImpl( 9074): Calling a method in the system process without a qualified user: android.app.ContextImpl.startService:1816 android.content.ContextWrapper.startService:774 com.thundercomm.gamemode.ingame.services.GameModeActionUtils.startGameModeService:99 com.thundercomm.gamemode.ingame.services.GameModeActionUtils.startGameModeEntry:22 com.thundercomm.gamemode.ingame.services.ActivityMonitoringService$1.onActivityLaunch:127
12-09 12:26:29.351 D/GameModeIF_GameModeSettings( 9074): getUriFor setting_content_uri_root = content://com.thundercomm.gamemode.api/gamemode_settings , name = gamemode_isgaming
12-09 12:26:29.351 D/GameMode_GameModeService( 9074): type=hide_entry
12-09 12:26:29.353 I/GameModeConfig( 1514): Current uri is uri = content://com.thundercomm.gamemode.api/gamemode_settings/gamemode_isgaming
12-09 12:26:29.353 D/GameModeIF_GameModeSettings( 1514): getUriFor setting_content_uri_root = content://com.thundercomm.gamemode.api/gamemode_settings , name = gamemode_isgaming
12-09 12:26:29.353 D/GameModeIF_GameModeSettings( 9074): gamemode_isgaming set to 0
12-09 12:26:29.353 D/GameMode_GameSettingsObserver( 9074): Game Data change!!!! uri = content://com.thundercomm.gamemode.api/gamemode_settings/gamemode_isgaming
12-09 12:26:29.354 D/GameModeIF_GameModeSettings( 9074): getUriFor setting_content_uri_root = content://com.thundercomm.gamemode.api/gamemode_settings , name = gamemode_isgaming
12-09 12:26:29.355 I/GameModeConfig( 1514): isGameModeOn = false
12-09 12:26:29.355 I/GameModeConfig( 1514): isGameModeOn = false
12-09 12:26:29.355 I/GameModeConfig( 1514): isDisableVoice = true
12-09 12:26:29.357 D/GameMode_GameModeService( 9074): updateGlobalSettings = gamemode_isgaming
12-09 12:26:29.363 D/FreeWindowHelper( 2834): enterOrExitRecentTasks: isEnterRecentTasks=false,mExitFlag=1
12-09 12:26:29.363 W/FreeFormWindowHelper( 1514): exitRecentTasks type=1
12-09 12:26:29.364 E/PagedView( 2834): validateNewPage: failed to find a page < mMaxScrollX
12-09 12:26:29.366 W/WindowManager( 1514): updateScale0.7996942
12-09 12:26:29.376 W/WindowManager( 1514): updateScale0.7996942
12-09 12:26:29.376 D/AccountManagerService( 1514): bind attempt failed for Session: expectLaunch true, connected false, stats (0/0/0), lifetime 0.0, addAccount, accountType com.google, requiredFeatures null
12-09 12:26:29.379 W/WindowManager( 1514): updateScale0.7996942
12-09 12:26:29.380 W/WindowManager( 1514): updateScale0.7996942
12-09 12:26:29.381 I/EventSequenceValidator( 1514): Transition from ACTIVITY_LAUNCHED to ACTIVITY_FINISHED
12-09 12:26:29.387 I/mpu_uart( 649): [MSG-P:R]:recv sync frame timeout
12-09 12:26:29.388 I/ActivityTaskManager( 1514): Displayed com.android.calendar/.AllInOneActivity: +56ms
12-09 12:26:29.433 I/OMX-VENC: venc_dev( 1203): stats: avg. fps 30.71, bitrate 3447135
12-09 12:26:29.667 W/WindowManager( 1514): updateScale0.7996942
12-09 12:26:29.735 I/mpu_uart( 649): [MSG-P:RECV]:No message received in 1000 ms
12-09 12:26:29.775 E/PagedView( 2834): validateNewPage: failed to find a page < mMaxScrollX
12-09 12:26:30.073 I/OMX-VENC: venc_dev( 1203): stats: avg. fps 42.33, bitrate 1691498
12-09 12:26:30.433 I/OMX-VENC: venc_dev( 1203): stats: avg. fps 20.99, bitrate 2369400
12-09 12:26:30.591 W/swapper/2( 0): type=1400 audit(0.0:8099): avc: denied { kill } for capability=5 scontext=u:r:kernel:s0 tcontext=u:r:kernel:s0 tclass=capability permissive=0
12-09 12:26:30.735 I/mpu_uart( 649): [MSG-P:RECV]:No message received in 1000 ms
12-09 12:26:31.135 I/OMX-VENC: venc_dev( 1203): stats: avg. fps 10.36, bitrate 101231
12-09 12:26:31.591 W/swapper/2( 0): type=1400 audit(0.0:8100): avc: denied { kill } for capability=5 scontext=u:r:kernel:s0 tcontext=u:r:kernel:s0 tclass=capability permissive=0
12-09 12:26:31.736 I/mpu_uart( 649): [MSG-P:RECV]:No message received in 1000 ms
12-09 12:26:32.231 I/OMX-VENC: venc_dev( 1203): stats: avg. fps 10.04, bitrate 99843
12-09 12:26:32.390 I/mpu_uart( 649): [MSG-P:R]:recv sync frame timeout
12-09 12:26:32.433 I/OMX-VENC: venc_dev( 1203): stats: avg. fps 1.00, bitrate 32963
12-09 12:26:32.591 W/swapper/2( 0): type=1400 audit(0.0:8101): avc: denied { kill } for capability=5 scontext=u:r:kernel:s0 tcontext=u:r:kernel:s0 tclass=capability permissive=0
12-09 12:26:32.736 I/mpu_uart( 649): [MSG-P:RECV]:No message received in 1000 ms
12-09 12:26:33.208 E/TaskPersister( 1514): File error accessing recents directory (directory doesn't exist?).
12-09 12:26:33.235 I/OMX-VENC: venc_dev( 1203): stats: avg. fps 9.96, bitrate 97397
12-09 12:26:33.437 I/OMX-VENC: venc_dev( 1203): stats: avg. fps 1.00, bitrate 41654
12-09 12:26:33.591 W/swapper/2( 0): type=1400 audit(0.0:8102): avc: denied { kill } for capability=5 scontext=u:r:kernel:s0 tcontext=u:r:kernel:s0 tclass=capability permissive=0
12-09 12:26:33.737 I/mpu_uart( 649): [MSG-P:RECV]:No message received in 1000 ms
12-09 12:26:34.237 I/OMX-VENC: venc_dev( 1203): stats: avg. fps 9.98, bitrate 97678
12-09 12:26:34.440 I/OMX-VENC: venc_dev( 1203): stats: avg. fps 1.00, bitrate 63961
12-09 12:26:34.591 W/swapper/2( 0): type=1400 audit(0.0:8103): avc: denied { kill } for capability=5 scontext=u:r:kernel:s0 tcontext=u:r:kernel:s0 tclass=capability permissive=0
12-09 12:26:34.737 I/mpu_uart( 649): [MSG-P:RECV]:No message received in 1000 ms
12-09 12:26:35.241 I/OMX-VENC: venc_dev( 1203): stats: avg. fps 9.97, bitrate 97481
12-09 12:26:35.394 I/mpu_uart( 649): [MSG-P:R]:recv sync frame timeout
12-09 12:26:35.399 D/UIAutomatorStub(18567): URI: /jsonrpc/0, Method: POST, params, {NanoHttpd.QUERY_STRING=null}, files: {postData={"jsonrpc": "2.0", "id": "63960ecf40e3a76a5e22ce6e7ffbcd48", "method": "waitForExists", "params": [{"mask": 2097152, "childOrSibling": [], "childOrSiblingSelector": [], "resourceId": "android:id/move_window"}, 3000]}}
12-09 12:26:35.403 W/QueryController(18567): Could not detect idle state.
12-09 12:26:35.469 D/UIAutomatorStub(18567): URI: /jsonrpc/0, Method: POST, params, {NanoHttpd.QUERY_STRING=null}, files: {postData={"jsonrpc": "2.0", "id": "034c9f85fb0afa1e3b985641b76160d3", "method": "objInfo", "params": [{"mask": 2097152, "childOrSibling": [], "childOrSiblingSelector": [], "resourceId": "android:id/move_window"}]}}
12-09 12:26:35.472 W/QueryController(18567): Could not detect idle state.
12-09 12:26:35.487 W/QueryController(18567): Could not detect idle state.
12-09 12:26:35.491 W/QueryController(18567): Could not detect idle state.
12-09 12:26:35.493 W/QueryController(18567): Could not detect idle state.
12-09 12:26:35.494 W/QueryController(18567): Could not detect idle state.
12-09 12:26:35.496 W/QueryController(18567): Could not detect idle state.
12-09 12:26:35.498 W/QueryController(18567): Could not detect idle state.
12-09 12:26:35.500 W/QueryController(18567): Could not detect idle state.
12-09 12:26:35.501 W/QueryController(18567): Could not detect idle state.
12-09 12:26:35.503 W/QueryController(18567): Could not detect idle state.
12-09 12:26:35.505 W/QueryController(18567): Could not detect idle state.
12-09 12:26:35.511 W/QueryController(18567): Could not detect idle state.
12-09 12:26:35.513 W/QueryController(18567): Could not detect idle state.
12-09 12:26:35.515 W/QueryController(18567): Could not detect idle state.
12-09 12:26:35.516 W/QueryController(18567): Could not detect idle state.
12-09 12:26:35.518 W/QueryController(18567): Could not detect idle state.
12-09 12:26:35.520 W/QueryController(18567): Could not detect idle state.
12-09 12:26:35.521 W/QueryController(18567): Could not detect idle state.
12-09 12:26:35.576 D/UIAutomatorStub(18567): URI: /jsonrpc/0, Method: POST, params, {NanoHttpd.QUERY_STRING=null}, files: {postData={"jsonrpc": "2.0", "id": "e9562794546345abb51a6e14139b9acb", "method": "click", "params": [261.5, 99.0]}}
12-09 12:26:35.591 W/swapper/2( 0): type=1400 audit(0.0:8104): avc: denied { kill } for capability=5 scontext=u:r:kernel:s0 tcontext=u:r:kernel:s0 tclass=capability permissive=0
12-09 12:26:35.638 I/OpenGLRenderer(19196): Davey! duration=9223346426175ms; Flags=0, FrameTimelineVsyncId=-1, IntendedVsync=25610678353613, Vsync=25610678357884, InputEventId=-107909504, HandleInputStart=25610678373040, AnimationStart=25610678376946, PerformTraversalsStart=25610678598352, DrawStart=25610678718717, FrameDeadline=9223372036854775807, FrameInterval=25610678357884, FrameStartTime=16666666, SyncQueued=25610679039550, SyncStart=25610680221061, IssueDrawCommandsStart=25610681505852, SwapBuffers=25610685277259, FrameCompleted=9223372036854775807, DequeueBufferDuration=52084, QueueBufferDuration=1585521, GpuCompleted=9223372036854775807, SwapBuffersCompleted=25610687746477, DisplayPresentTime=0,
12-09 12:26:35.643 I/OMX-VENC: venc_dev( 1203): stats: avg. fps 1.66, bitrate 66145
12-09 12:26:35.738 I/mpu_uart( 649): [MSG-P:RECV]:No message received in 1000 ms
12-09 12:26:36.308 I/OMX-VENC: venc_dev( 1203): stats: avg. fps 19.68, bitrate 190992
12-09 12:26:36.738 I/mpu_uart( 649): [MSG-P:RECV]:No message received in 1000 ms
12-09 12:26:36.790 D/UIAutomatorStub(18567): URI: /jsonrpc/0, Method: POST, params, {NanoHttpd.QUERY_STRING=null}, files: {postData={"jsonrpc": "2.0", "id": "263b890834347c7157af6ddb03524c52", "method": "exist", "params": [{"mask": 2097152, "childOrSibling": [], "childOrSiblingSelector": [], "resourceId": "android:id/caption"}]}}
12-09 12:26:36.793 W/QueryController(18567): Could not detect idle state.
12-09 12:26:37.349 I/OMX-VENC: venc_dev( 1203): stats: avg. fps 10.56, bitrate 104341
12-09 12:26:37.446 I/OMX-VENC: venc_dev( 1203): stats: avg. fps 7.77, bitrate 353334
12-09 12:26:37.591 W/swapper/0( 0): type=1400 audit(0.0:8105): avc: denied { kill } for capability=5 scontext=u:r:kernel:s0 tcontext=u:r:kernel:s0 tclass=capability permissive=0
12-09 12:26:37.738 I/mpu_uart( 649): [MSG-P:RECV]:No message received in 1000 ms
12-09 12:26:38.395 I/mpu_uart( 649): [MSG-P:R]:recv sync frame timeout
12-09 12:26:38.443 I/OMX-VENC: venc_dev( 1203): stats: avg. fps 10.06, bitrate 97370
12-09 12:26:38.467 I/OMX-VENC: venc_dev( 1203): stats: avg. fps 0.98, bitrate 45018
12-09 12:26:38.591 W/swapper/0( 0): type=1400 audit(0.0:8106): avc: denied { kill } for capability=5 scontext=u:r:kernel:s0 tcontext=u:r:kernel:s0 tclass=capability permissive=0
12-09 12:26:38.739 I/mpu_uart( 649): [MSG-P:RECV]:No message received in 1000 ms
12-09 12:26:38.898 D/ProcessState(19422): Binder ioctl to enable oneway spam detection failed: Invalid argument
12-09 12:26:38.903 D/StateManager( 2834): goToState: Overview
12-09 12:26:38.903 D/EditModeHelper( 2834): setHotseatVisibility: 0
12-09 12:26:38.906 V/ShadeControllerImpl( 2372): NotificationShadeWindow: com.android.systemui.statusbar.phone.NotificationShadeWindowView{7f4383b I.E...... ......ID 0,0-2380,1020} canPanelBeCollapsed(): false
12-09 12:26:38.914 D/UIAutomatorStub(18567): URI: /jsonrpc/0, Method: POST, params, {NanoHttpd.QUERY_STRING=null}, files: {postData={"jsonrpc": "2.0", "id": "e803092a001de6d23a716be53fcbcf26", "method": "waitForExists", "params": [{"mask": 2097153, "childOrSibling": [], "childOrSiblingSelector": [], "resourceId": "com.android.launcher3:id/name_tv", "text": "\u65e5\u5386"}, 3000]}}
12-09 12:26:38.917 W/QueryController(18567): Could not detect idle state.
12-09 12:26:38.919 D/FreeWindowHelper( 2834): enterOrExitRecentTasks: isEnterRecentTasks=true,mExitFlag=1
12-09 12:26:38.928 D/ActivityTrigger( 1514): ActivityTrigger activityPauseTrigger
12-09 12:26:38.933 D/FreeWindowContainer( 2834): reloadTask: TaskInfo{userId=0 taskId=146 displayId=0 isRunning=false baseIntent=Intent { flg=0x10008000 cmp=com.android.calendar/.AllInOneActivity } baseActivity=null topActivity=null origActivity=null realActivity=ComponentInfo{com.android.calendar/com.android.calendar.AllInOneActivity} numActivities=0 lastActiveTime=25614006 supportsSplitScreenMultiWindow=true supportsMultiWindow=true resizeMode=1 isResizeable=true token=WCT{android.window.IWindowContainerToken$Stub$Proxy@605dd37} topActivityType=1 pictureInPictureParams=null displayCutoutSafeInsets=null topActivityInfo=null launchCookies=[] positionInParent=Point(0, 72) parentTaskId=-1 isFocused=false isVisible=true topActivityInSizeCompat=false locusId= null}
12-09 12:26:38.935 I/ActivityTaskManager( 1514): FOREGROUND_APPLICATION_CHANGED to com.android.launcher3.uioverrides.QuickstepLauncher
12-09 12:26:38.959 W/ActivityTaskManager( 1514): getTaskSnapshot: taskId=145 not found
12-09 12:26:38.959 W/ActivityTaskManager( 1514): getTaskSnapshot: taskId=5145 not found
12-09 12:26:38.962 W/ActivityTaskManager( 1514): getTaskSnapshot: taskId=4145 not found
12-09 12:26:38.964 I/GameMode_ActivityMonitoringService( 9074): onForegroundActivitiesChanged uid 10069 pid 19196 fg false
12-09 12:26:38.964 W/UiDevice(18567): Skipping null root node for window: AccessibilityWindowInfo[title=日历, displayId=0, id=133, type=TYPE_APPLICATION, layer=1, region=SkRegion((0,72,418,814)), bounds=Rect(0, 72 - 418, 814), focused=true, active=true, pictureInPicture=false, hasParent=false, isAnchored=false, hasChildren=false]
12-09 12:26:38.968 W/ActivityTaskManager( 1514): getTaskSnapshot: taskId=3145 not found
12-09 12:26:38.968 I/GameMode_ActivityMonitoringService( 9074): Updating top task to: TaskInfoContainer [topActivity=ComponentInfo{com.android.launcher3/com.android.launcher3.uioverrides.QuickstepLauncher}, taskId=10, stackId=1, userId=0, displayId=0, position=6
12-09 12:26:38.968 I/GameMode_ActivityMonitoringService( 9074): Notifying about top task: TaskInfoContainer [topActivity=ComponentInfo{com.android.launcher3/com.android.launcher3.uioverrides.QuickstepLauncher}, taskId=10, stackId=1, userId=0, displayId=0, position=6
12-09 12:26:38.968 E/GameMode_ActivityMonitoringService( 9074): onActivityLaunch:com.android.launcher3
12-09 12:26:38.968 V/GameMode_GameTypeUtils( 9074): judge isGame:com.android.launcher3
12-09 12:26:38.969 V/GameMode_GpuUtils( 9074): fps:60
12-09 12:26:38.972 W/InputManager-JNI( 1514): Input channel object 'f2a07e3 com.android.calendar/com.android.calendar.AllInOneActivity (client)' was disposed without first being removed with the input manager!
12-09 12:26:38.973 D/GameMode_GameModeActionUtils( 9074): Show GameMode entry by service!
12-09 12:26:38.973 W/ContextImpl( 9074): Calling a method in the system process without a qualified user: android.app.ContextImpl.startService:1816 android.content.ContextWrapper.startService:774 com.thundercomm.gamemode.ingame.services.GameModeActionUtils.startGameModeService:99 com.thundercomm.gamemode.ingame.services.GameModeActionUtils.startGameModeEntry:22 com.thundercomm.gamemode.ingame.services.ActivityMonitoringService$1.onActivityLaunch:127
12-09 12:26:38.975 D/GameModeIF_GameModeSettings( 9074): getUriFor setting_content_uri_root = content://com.thundercomm.gamemode.api/gamemode_settings , name = gamemode_isgaming
12-09 12:26:38.975 D/GameMode_GameModeService( 9074): type=hide_entry
12-09 12:26:38.978 D/GameMode_GameSettingsObserver( 9074): Game Data change!!!! uri = content://com.thundercomm.gamemode.api/gamemode_settings/gamemode_isgaming
12-09 12:26:38.978 D/GameModeIF_GameModeSettings( 9074): getUriFor setting_content_uri_root = content://com.thundercomm.gamemode.api/gamemode_settings , name = gamemode_isgaming
12-09 12:26:38.979 I/GameModeConfig( 1514): Current uri is uri = content://com.thundercomm.gamemode.api/gamemode_settings/gamemode_isgaming
12-09 12:26:38.979 D/GameModeIF_GameModeSettings( 1514): getUriFor setting_content_uri_root = content://com.thundercomm.gamemode.api/gamemode_settings , name = gamemode_isgaming
12-09 12:26:38.979 D/GameModeIF_GameModeSettings( 9074): gamemode_isgaming set to 0
12-09 12:26:38.982 I/GameModeConfig( 1514): isGameModeOn = false
12-09 12:26:38.983 I/GameModeConfig( 1514): isGameModeOn = false
12-09 12:26:38.983 I/GameModeConfig( 1514): isDisableVoice = true
12-09 12:26:38.989 D/GameMode_GameModeService( 9074): updateGlobalSettings = gamemode_isgaming
12-09 12:26:38.989 D/libEGL ( 1514): MSAA-->msaa:0 gamemode:0 4x_msaa:0
12-09 12:26:38.995 D/libEGL ( 1514): MSAA-->msaa:0 gamemode:0 4x_msaa:0
12-09 12:26:38.996 D/libEGL ( 1514): MSAA-->msaa:0 gamemode:0 4x_msaa:0
12-09 12:26:39.005 D/BaseIconFactory( 2834): normalizeAndWrapToAdaptiveIcon: scale=0.8095241
12-09 12:26:39.006 W/ActivityTaskManager( 1514): getTaskSnapshot: taskId=5146 not found
12-09 12:26:39.007 D/BaseIconFactory( 2834): normalizeAndWrapToAdaptiveIcon: scale=0.8095241
12-09 12:26:39.007 W/ActivityTaskManager( 1514): getTaskSnapshot: taskId=4146 not found
12-09 12:26:39.008 D/BaseIconFactory( 2834): normalizeAndWrapToAdaptiveIcon: scale=0.8095241
12-09 12:26:39.008 W/ActivityTaskManager( 1514): getTaskSnapshot: taskId=3146 not found
12-09 12:26:39.009 D/BaseIconFactory( 2834): normalizeAndWrapToAdaptiveIcon: scale=0.8095241
12-09 12:26:39.010 W/ActivityTaskManager( 1514): getTaskSnapshot: taskId=2146 not found
12-09 12:26:39.010 D/BaseIconFactory( 2834): normalizeAndWrapToAdaptiveIcon: scale=0.8095241
12-09 12:26:39.011 W/ActivityTaskManager( 1514): getTaskSnapshot: taskId=1146 not found
12-09 12:26:39.011 D/BaseIconFactory( 2834): normalizeAndWrapToAdaptiveIcon: scale=0.8095241
12-09 12:26:39.022 W/ActivityTaskManager( 1514): getTaskSnapshot: taskId=3146 not found
12-09 12:26:39.022 W/ActivityTaskManager( 1514): getTaskSnapshot: taskId=2146 not found
12-09 12:26:39.022 W/ActivityTaskManager( 1514): getTaskSnapshot: taskId=1146 not found
12-09 12:26:39.036 I/GameMode_ActivityMonitoringService( 9074): onTaskStackChanged
12-09 12:26:39.038 I/GameMode_ActivityMonitoringService( 9074): Updating top task to: TaskInfoContainer [topActivity=ComponentInfo{com.android.launcher3/com.android.launcher3.uioverrides.QuickstepLauncher}, taskId=10, stackId=1, userId=0, displayId=0, position=6
12-09 12:26:39.039 I/GameMode_ActivityMonitoringService( 9074): Notifying about top task: TaskInfoContainer [topActivity=ComponentInfo{com.android.launcher3/com.android.launcher3.uioverrides.QuickstepLauncher}, taskId=10, stackId=1, userId=0, displayId=0, position=6
12-09 12:26:39.039 E/GameMode_ActivityMonitoringService( 9074): onActivityLaunch:com.android.launcher3
12-09 12:26:39.039 V/GameMode_GameTypeUtils( 9074): judge isGame:com.android.launcher3
12-09 12:26:39.039 V/GameMode_GpuUtils( 9074): fps:60
12-09 12:26:39.040 D/GameMode_GameModeActionUtils( 9074): Show GameMode entry by service!
12-09 12:26:39.040 W/ContextImpl( 9074): Calling a method in the system process without a qualified user: android.app.ContextImpl.startService:1816 android.content.ContextWrapper.startService:774 com.thundercomm.gamemode.ingame.services.GameModeActionUtils.startGameModeService:99 com.thundercomm.gamemode.ingame.services.GameModeActionUtils.startGameModeEntry:22 com.thundercomm.gamemode.ingame.services.ActivityMonitoringService$1.onActivityLaunch:127
12-09 12:26:39.043 D/GameMode_GameModeService( 9074): type=hide_entry
12-09 12:26:39.043 D/GameModeIF_GameModeSettings( 9074): getUriFor setting_content_uri_root = content://com.thundercomm.gamemode.api/gamemode_settings , name = gamemode_isgaming
12-09 12:26:39.044 I/GameModeConfig( 1514): Current uri is uri = content://com.thundercomm.gamemode.api/gamemode_settings/gamemode_isgaming
12-09 12:26:39.044 D/GameModeIF_GameModeSettings( 1514): getUriFor setting_content_uri_root = content://com.thundercomm.gamemode.api/gamemode_settings , name = gamemode_isgaming
12-09 12:26:39.045 D/GameMode_GameSettingsObserver( 9074): Game Data change!!!! uri = content://com.thundercomm.gamemode.api/gamemode_settings/gamemode_isgaming
12-09 12:26:39.045 D/GameModeIF_GameModeSettings( 9074): getUriFor setting_content_uri_root = content://com.thundercomm.gamemode.api/gamemode_settings , name = gamemode_isgaming
12-09 12:26:39.045 D/GameModeIF_GameModeSettings( 9074): gamemode_isgaming set to 0
12-09 12:26:39.046 I/GameModeConfig( 1514): isGameModeOn = false
12-09 12:26:39.046 I/GameModeConfig( 1514): isGameModeOn = false
12-09 12:26:39.046 I/GameModeConfig( 1514): isDisableVoice = true
12-09 12:26:39.047 D/GameMode_GameModeService( 9074): updateGlobalSettings = gamemode_isgaming
12-09 12:26:39.067 D/UIAutomatorStub(18567): URI: /jsonrpc/0, Method: POST, params, {NanoHttpd.QUERY_STRING=null}, files: {postData={"jsonrpc": "2.0", "id": "713e8453bbfedf7af73498aeb5e63460", "method": "objInfo", "params": [{"mask": 2097153, "childOrSibling": [], "childOrSiblingSelector": [], "resourceId": "com.android.launcher3:id/name_tv", "text": "\u65e5\u5386"}]}}
12-09 12:26:39.071 W/QueryController(18567): Could not detect idle state.
12-09 12:26:39.152 W/QueryController(18567): Could not detect idle state.
12-09 12:26:39.167 W/QueryController(18567): Could not detect idle state.
12-09 12:26:39.169 W/QueryController(18567): Could not detect idle state.
12-09 12:26:39.184 W/QueryController(18567): Could not detect idle state.
12-09 12:26:39.188 W/QueryController(18567): Could not detect idle state.
12-09 12:26:39.197 W/QueryController(18567): Could not detect idle state.
12-09 12:26:39.199 W/QueryController(18567): Could not detect idle state.
12-09 12:26:39.200 W/QueryController(18567): Could not detect idle state.
12-09 12:26:39.201 W/QueryController(18567): Could not detect idle state.
12-09 12:26:39.202 W/QueryController(18567): Could not detect idle state.
12-09 12:26:39.215 W/QueryController(18567): Could not detect idle state.
12-09 12:26:39.217 W/QueryController(18567): Could not detect idle state.
12-09 12:26:39.218 W/QueryController(18567): Could not detect idle state.
12-09 12:26:39.235 D/FreeFormWindowHelper( 1514): Remove freefrom task=Task{bfa37dc #146 type=standard A=10069:android.task.calendar U=0 visible=false mode=freeform translucent=true sz=0}
12-09 12:26:39.241 W/QueryController(18567): Could not detect idle state.
12-09 12:26:39.255 I/OpenGLRenderer( 2834): Davey! duration=9223346422558ms; Flags=0, FrameTimelineVsyncId=406119, IntendedVsync=25614295828058, Vsync=25614295828058, InputEventId=0, HandleInputStart=25614296248716, AnimationStart=25614296250018, PerformTraversalsStart=25614315806216, DrawStart=25614316176789, FrameDeadline=25614329161390, FrameInterval=25614296245539, FrameStartTime=16666666, SyncQueued=25614316316007, SyncStart=25614316373820, IssueDrawCommandsStart=25614316562049, SwapBuffers=25614317191528, FrameCompleted=9223372036854775807, DequeueBufferDuration=14375, QueueBufferDuration=394688, GpuCompleted=9223372036854775807, SwapBuffersCompleted=25614317752674, DisplayPresentTime=0,
12-09 12:26:39.264 W/System ( 1514): A resource failed to call close.
12-09 12:26:39.264 W/System ( 1514): A resource failed to call close.
12-09 12:26:39.265 W/System ( 1514): A resource failed to call close.
12-09 12:26:39.265 W/System ( 1514): A resource failed to call close.
12-09 12:26:39.269 W/QueryController(18567): Could not detect idle state.
12-09 12:26:39.281 W/QueryController(18567): Could not detect idle state.
12-09 12:26:39.281 W/QueryController(18567): Could not detect idle state.
12-09 12:26:39.337 D/UIAutomatorStub(18567): URI: /jsonrpc/0, Method: POST, params, {NanoHttpd.QUERY_STRING=null}, files: {postData={"jsonrpc": "2.0", "id": "42de43a3f1278ba081ac05e8f23b6728", "method": "click", "params": [206.0, 405.0]}}
12-09 12:26:39.460 D/FreeWindowHelper( 2834): setExitFlag: old=0,new=1
12-09 12:26:39.463 I/ActivityTaskManager( 1514): START u0 {flg=0x10008000 cmp=com.android.calendar/.AllInOneActivity} from uid 10075
12-09 12:26:39.463 I/EventSequenceValidator( 1514): Transition from ACTIVITY_FINISHED to INTENT_STARTED
12-09 12:26:39.467 E/ANDR-PERF-JNI( 1514): com_qualcomm_qtiperformance_native_perf_io_prefetch_start
12-09 12:26:39.468 W/ActivityTaskManager( 1514): Can't find TaskDisplayArea to determine support for multi window. Task id=147 attached=false
12-09 12:26:39.470 D/FreeFormWindowHelper( 1514): Add freeform task=Task{7ff9d70 #147 type=standard ?? U=0 visible=false mode=freeform translucent=true sz=0}
12-09 12:26:39.474 D/CompatibilityInfo( 1514): mCompatibilityFlags - 4
12-09 12:26:39.474 D/CompatibilityInfo( 1514): applicationDensity - 240
12-09 12:26:39.474 D/CompatibilityInfo( 1514): applicationScale - 1.0
12-09 12:26:39.475 I/ActivityTaskManager( 1514): FOREGROUND_APPLICATION_CHANGED to com.android.calendar.AllInOneActivity
12-09 12:26:39.475 I/ActivityTaskManager( 1514): The Process com.android.calendar Already Exists in BG. So sending its PID: 19196
12-09 12:26:39.475 E/ANDR-IOP( 865): io prefetch is disabled
12-09 12:26:39.475 W/ActivityTaskManager( 1514): Tried to set launchTime (0) < mLastActivityLaunchTime (25604406)
12-09 12:26:39.477 D/CompatibilityInfo( 1514): mCompatibilityFlags - 4
12-09 12:26:39.477 D/CompatibilityInfo( 1514): applicationDensity - 240
12-09 12:26:39.477 D/CompatibilityInfo( 1514): applicationScale - 1.0
12-09 12:26:39.484 D/StateManager( 2834): goToState: Normal
12-09 12:26:39.485 D/EditModeHelper( 2834): setHotseatVisibility: 0
12-09 12:26:39.491 I/GameMode_ActivityMonitoringService( 9074): onForegroundActivitiesChanged uid 10069 pid 19196 fg true
12-09 12:26:39.494 I/OMX-VENC: venc_dev( 1203): stats: avg. fps 30.43, bitrate 890175
12-09 12:26:39.498 I/GameMode_ActivityMonitoringService( 9074): Updating top task to: TaskInfoContainer [topActivity=ComponentInfo{com.android.calendar/com.android.calendar.AllInOneActivity}, taskId=147, stackId=147, userId=0, displayId=0, position=6
12-09 12:26:39.498 I/GameMode_ActivityMonitoringService( 9074): Notifying about top task: TaskInfoContainer [topActivity=ComponentInfo{com.android.calendar/com.android.calendar.AllInOneActivity}, taskId=147, stackId=147, userId=0, displayId=0, position=6
12-09 12:26:39.498 E/GameMode_ActivityMonitoringService( 9074): onActivityLaunch:com.android.calendar
12-09 12:26:39.498 V/GameMode_GameTypeUtils( 9074): judge isGame:com.android.calendar
12-09 12:26:39.498 V/GameMode_GpuUtils( 9074): fps:60
12-09 12:26:39.503 D/GameMode_GameModeActionUtils( 9074): Show GameMode entry by service!
12-09 12:26:39.504 I/EventSequenceValidator( 1514): Transition from INTENT_STARTED to ACTIVITY_LAUNCHED
12-09 12:26:39.504 W/ContextImpl( 9074): Calling a method in the system process without a qualified user: android.app.ContextImpl.startService:1816 android.content.ContextWrapper.startService:774 com.thundercomm.gamemode.ingame.services.GameModeActionUtils.startGameModeService:99 com.thundercomm.gamemode.ingame.services.GameModeActionUtils.startGameModeEntry:22 com.thundercomm.gamemode.ingame.services.ActivityMonitoringService$1.onActivityLaunch:127
12-09 12:26:39.506 D/GameModeIF_GameModeSettings( 9074): getUriFor setting_content_uri_root = content://com.thundercomm.gamemode.api/gamemode_settings , name = gamemode_isgaming
12-09 12:26:39.507 D/GameMode_GameModeService( 9074): type=hide_entry
12-09 12:26:39.507 D/FreeWindowHelper( 2834): enterOrExitRecentTasks: isEnterRecentTasks=false,mExitFlag=1
12-09 12:26:39.507 W/FreeFormWindowHelper( 1514): exitRecentTasks type=1
12-09 12:26:39.508 E/PagedView( 2834): validateNewPage: failed to find a page < mMaxScrollX
12-09 12:26:39.508 I/GameModeConfig( 1514): Current uri is uri = content://com.thundercomm.gamemode.api/gamemode_settings/gamemode_isgaming
12-09 12:26:39.509 D/GameModeIF_GameModeSettings( 1514): getUriFor setting_content_uri_root = content://com.thundercomm.gamemode.api/gamemode_settings , name = gamemode_isgaming
12-09 12:26:39.509 D/GameMode_GameSettingsObserver( 9074): Game Data change!!!! uri = content://com.thundercomm.gamemode.api/gamemode_settings/gamemode_isgaming
12-09 12:26:39.509 D/GameModeIF_GameModeSettings( 9074): getUriFor setting_content_uri_root = content://com.thundercomm.gamemode.api/gamemode_settings , name = gamemode_isgaming
12-09 12:26:39.509 D/GameModeIF_GameModeSettings( 9074): gamemode_isgaming set to 0
12-09 12:26:39.511 I/GameModeConfig( 1514): isGameModeOn = false
12-09 12:26:39.511 I/GameModeConfig( 1514): isGameModeOn = false
12-09 12:26:39.511 I/GameModeConfig( 1514): isDisableVoice = true
12-09 12:26:39.514 D/AccountManagerService( 1514): bind attempt failed for Session: expectLaunch true, connected false, stats (0/0/0), lifetime 0.001, addAccount, accountType com.google, requiredFeatures null
12-09 12:26:39.515 I/OMX-VENC: venc_dev( 1203): stats: avg. fps 26.71, bitrate 2560915
12-09 12:26:39.516 D/GameMode_GameModeService( 9074): updateGlobalSettings = gamemode_isgaming
12-09 12:26:39.525 W/WindowManager( 1514): updateScale0.7996942
12-09 12:26:39.537 W/WindowManager( 1514): updateScale0.7996942
12-09 12:26:39.539 W/WindowManager( 1514): updateScale0.7996942
12-09 12:26:39.541 W/WindowManager( 1514): updateScale0.7996942
12-09 12:26:39.542 I/EventSequenceValidator( 1514): Transition from ACTIVITY_LAUNCHED to ACTIVITY_FINISHED
12-09 12:26:39.548 I/ActivityTaskManager( 1514): Displayed com.android.calendar/.AllInOneActivity: +76ms
12-09 12:26:39.739 I/mpu_uart( 649): [MSG-P:RECV]:No message received in 1000 ms
12-09 12:26:39.825 W/WindowManager( 1514): updateScale0.7996942
12-09 12:26:39.921 E/PagedView( 2834): validateNewPage: failed to find a page < mMaxScrollX
12-09 12:26:40.557 I/OMX-VENC: venc_dev( 1203): stats: avg. fps 28.25, bitrate 934102
12-09 12:26:40.591 W/swapper/3( 0): type=1400 audit(0.0:8107): avc: denied { kill } for capability=5 scontext=u:r:kernel:s0 tcontext=u:r:kernel:s0 tclass=capability permissive=0
12-09 12:26:40.739 I/mpu_uart( 649): [MSG-P:RECV]:No message received in 1000 ms
12-09 12:26:41.255 D/ConnectivityService( 1514): Data stall detected with methods: 1
12-09 12:26:41.256 D/NetworkMonitor/104( 2515): isDataStall: result=1, tcp packets received=0, latest tcp fail rate=-1, consecutive dns timeout count=226
12-09 12:26:41.256 D/NetworkMonitor/104( 2515): Suspecting data stall, reevaluate
12-09 12:26:41.259 D/NetworkMonitor/104( 2515): Validation disabled.
12-09 12:26:41.265 D/ConnectivityService( 1514): [104 WIFI] validation passed
12-09 12:26:41.399 I/mpu_uart( 649): [MSG-P:R]:recv sync frame timeout
12-09 12:26:41.455 I/OMX-VENC: venc_dev( 1203): stats: avg. fps 13.40, bitrate 1451507
12-09 12:26:41.591 W/swapper/3( 0): type=1400 audit(0.0:8108): avc: denied { kill } for capability=5 scontext=u:r:kernel:s0 tcontext=u:r:kernel:s0 tclass=capability permissive=0
12-09 12:26:41.654 I/OMX-VENC: venc_dev( 1203): stats: avg. fps 10.03, bitrate 59496
12-09 12:26:41.739 I/mpu_uart( 649): [MSG-P:RECV]:No message received in 1000 ms
12-09 12:26:41.792 I/CNSS ( 1175): cnss_open_log_file: directory /data/vendor/wifi/wlan_logs/ created
12-09 12:26:42.457 I/OMX-VENC: venc_dev( 1203): stats: avg. fps 1.00, bitrate 52455
12-09 12:26:42.657 I/OMX-VENC: venc_dev( 1203): stats: avg. fps 9.97, bitrate 57434
12-09 12:26:42.740 I/mpu_uart( 649): [MSG-P:RECV]:No message received in 1000 ms
12-09 12:26:43.253 E/TaskPersister( 1514): File error accessing recents directory (directory doesn't exist?).
12-09 12:26:43.460 I/OMX-VENC: venc_dev( 1203): stats: avg. fps 1.00, bitrate 48359
12-09 12:26:43.591 W/swapper/3( 0): type=1400 audit(0.0:8109): avc: denied { kill } for capability=5 scontext=u:r:kernel:s0 tcontext=u:r:kernel:s0 tclass=capability permissive=0
12-09 12:26:43.658 I/OMX-VENC: venc_dev( 1203): stats: avg. fps 9.98, bitrate 57890
12-09 12:26:43.740 I/mpu_uart( 649): [MSG-P:RECV]:No message received in 1000 ms
12-09 12:26:44.402 I/mpu_uart( 649): [MSG-P:R]:recv sync frame timeout
12-09 12:26:44.482 I/OMX-VENC: venc_dev( 1203): stats: avg. fps 0.98, bitrate 47798
12-09 12:26:44.591 W/swapper/3( 0): type=1400 audit(0.0:8110): avc: denied { kill } for capability=5 scontext=u:r:kernel:s0 tcontext=u:r:kernel:s0 tclass=capability permissive=0
12-09 12:26:44.681 I/OMX-VENC: venc_dev( 1203): stats: avg. fps 10.76, bitrate 61731
12-09 12:26:44.740 I/mpu_uart( 649): [MSG-P:RECV]:No message received in 1000 ms
12-09 12:26:45.483 I/OMX-VENC: venc_dev( 1203): stats: avg. fps 1.00, bitrate 77137
12-09 12:26:45.545 D/UIAutomatorStub(18567): URI: /jsonrpc/0, Method: POST, params, {NanoHttpd.QUERY_STRING=null}, files: {postData={"jsonrpc": "2.0", "id": "97f80b97b4285fe6b7c4094a9a192f04", "method": "waitForExists", "params": [{"mask": 2097152, "childOrSibling": [], "childOrSiblingSelector": [], "resourceId": "android:id/move_window"}, 3000]}}
12-09 12:26:45.548 W/QueryController(18567): Could not detect idle state.
12-09 12:26:45.615 D/UIAutomatorStub(18567): URI: /jsonrpc/0, Method: POST, params, {NanoHttpd.QUERY_STRING=null}, files: {postData={"jsonrpc": "2.0", "id": "626e3d540327c9061f7106d19e24dbd7", "method": "objInfo", "params": [{"mask": 2097152, "childOrSibling": [], "childOrSiblingSelector": [], "resourceId": "android:id/move_window"}]}}
12-09 12:26:45.617 W/QueryController(18567): Could not detect idle state.
12-09 12:26:45.633 W/QueryController(18567): Could not detect idle state.
12-09 12:26:45.635 W/QueryController(18567): Could not detect idle state.
12-09 12:26:45.637 W/QueryController(18567): Could not detect idle state.
12-09 12:26:45.638 W/QueryController(18567): Could not detect idle state.
12-09 12:26:45.639 W/QueryController(18567): Could not detect idle state.
12-09 12:26:45.641 W/QueryController(18567): Could not detect idle state.
12-09 12:26:45.641 W/System (18567): A resource failed to call end.
12-09 12:26:45.642 W/System (18567): A resource failed to call end.
12-09 12:26:45.642 W/System (18567): A resource failed to call end.
12-09 12:26:45.643 W/QueryController(18567): Could not detect idle state.
12-09 12:26:45.643 W/System (18567): A resource failed to call end.
12-09 12:26:45.643 W/System (18567): A resource failed to call end.
12-09 12:26:45.643 W/System (18567): A resource failed to call end.
12-09 12:26:45.643 W/System (18567): A resource failed to call end.
12-09 12:26:45.643 W/System (18567): A resource failed to call end.
12-09 12:26:45.643 W/System (18567): A resource failed to call end.
12-09 12:26:45.643 W/System (18567): A resource failed to call end.
12-09 12:26:45.643 W/System (18567): A resource failed to call end.
12-09 12:26:45.643 W/System (18567): A resource failed to call end.
12-09 12:26:45.643 W/QueryController(18567): Could not detect idle state.
12-09 12:26:45.644 W/System (18567): A resource failed to call end.
12-09 12:26:45.644 W/QueryController(18567): Could not detect idle state.
12-09 12:26:45.645 W/QueryController(18567): Could not detect idle state.
12-09 12:26:45.646 W/QueryController(18567): Could not detect idle state.
12-09 12:26:45.647 W/QueryController(18567): Could not detect idle state.
12-09 12:26:45.648 W/QueryController(18567): Could not detect idle state.
12-09 12:26:45.649 W/QueryController(18567): Could not detect idle state.
12-09 12:26:45.649 W/QueryController(18567): Could not detect idle state.
12-09 12:26:45.651 W/QueryController(18567): Could not detect idle state.
12-09 12:26:45.652 W/QueryController(18567): Could not detect idle state.
12-09 12:26:45.683 I/OMX-VENC: venc_dev( 1203): stats: avg. fps 9.98, bitrate 57339
12-09 12:26:45.704 D/UIAutomatorStub(18567): URI: /jsonrpc/0, Method: POST, params, {NanoHttpd.QUERY_STRING=null}, files: {postData={"jsonrpc": "2.0", "id": "a09ae0d13b0718c547dffc0c013a6487", "method": "click", "params": [261.5, 99.0]}}
12-09 12:26:45.741 I/mpu_uart( 649): [MSG-P:RECV]:No message received in 1000 ms
12-09 12:26:46.591 W/swapper/3( 0): type=1400 audit(0.0:8111): avc: denied { kill } for capability=5 scontext=u:r:kernel:s0 tcontext=u:r:kernel:s0 tclass=capability permissive=0
12-09 12:26:46.741 I/mpu_uart( 649): [MSG-P:RECV]:No message received in 1000 ms
12-09 12:26:46.770 I/OMX-VENC: venc_dev( 1203): stats: avg. fps 19.32, bitrate 111391
12-09 12:26:46.857 I/OMX-VENC: venc_dev( 1203): stats: avg. fps 10.92, bitrate 552346
12-09 12:26:46.899 D/UIAutomatorStub(18567): URI: /jsonrpc/0, Method: POST, params, {NanoHttpd.QUERY_STRING=null}, files: {postData={"jsonrpc": "2.0", "id": "b0d41d680c12871ceabf54560924513d", "method": "exist", "params": [{"mask": 2097152, "childOrSibling": [], "childOrSiblingSelector": [], "resourceId": "android:id/caption"}]}}
12-09 12:26:46.902 W/QueryController(18567): Could not detect idle state.
12-09 12:26:47.405 I/mpu_uart( 649): [MSG-P:R]:recv sync frame timeout
12-09 12:26:47.591 W/swapper/3( 0): type=1400 audit(0.0:8112): avc: denied { kill } for capability=5 scontext=u:r:kernel:s0 tcontext=u:r:kernel:s0 tclass=capability permissive=0
12-09 12:26:47.741 I/mpu_uart( 649): [MSG-P:RECV]:No message received in 1000 ms
12-09 12:26:47.770 I/OMX-VENC: venc_dev( 1203): stats: avg. fps 11.00, bitrate 63485
12-09 12:26:48.472 I/OMX-VENC: venc_dev( 1203): stats: avg. fps 1.24, bitrate 59464
12-09 12:26:48.591 W/swapper/3( 0): type=1400 audit(0.0:8113): avc: denied { kill } for capability=5 scontext=u:r:kernel:s0 tcontext=u:r:kernel:s0 tclass=capability permissive=0
12-09 12:26:48.741 I/mpu_uart( 649): [MSG-P:RECV]:No message received in 1000 ms
12-09 12:26:48.772 I/OMX-VENC: venc_dev( 1203): stats: avg. fps 9.98, bitrate 54779
12-09 12:26:49.009 D/ProcessState(19432): Binder ioctl to enable oneway spam detection failed: Invalid argument
12-09 12:26:49.015 D/StateManager( 2834): goToState: Overview
12-09 12:26:49.015 D/EditModeHelper( 2834): setHotseatVisibility: 0
12-09 12:26:49.017 V/ShadeControllerImpl( 2372): NotificationShadeWindow: com.android.systemui.statusbar.phone.NotificationShadeWindowView{7f4383b I.E...... ......ID 0,0-2380,1020} canPanelBeCollapsed(): false
12-09 12:26:49.027 D/FreeWindowHelper( 2834): enterOrExitRecentTasks: isEnterRecentTasks=true,mExitFlag=1
12-09 12:26:49.031 D/UIAutomatorStub(18567): URI: /jsonrpc/0, Method: POST, params, {NanoHttpd.QUERY_STRING=null}, files: {postData={"jsonrpc": "2.0", "id": "ce4a83d90aa9247cb5a247e75a2c4124", "method": "waitForExists", "params": [{"mask": 2097153, "childOrSibling": [], "childOrSiblingSelector": [], "resourceId": "com.android.launcher3:id/name_tv", "text": "\u65e5\u5386"}, 3000]}}
12-09 12:26:49.034 W/QueryController(18567): Could not detect idle state.
12-09 12:26:49.036 D/ActivityTrigger( 1514): ActivityTrigger activityPauseTrigger
12-09 12:26:49.043 D/FreeWindowContainer( 2834): reloadTask: TaskInfo{userId=0 taskId=147 displayId=0 isRunning=false baseIntent=Intent { flg=0x10008000 cmp=com.android.calendar/.AllInOneActivity } baseActivity=null topActivity=null origActivity=null realActivity=ComponentInfo{com.android.calendar/com.android.calendar.AllInOneActivity} numActivities=0 lastActiveTime=25624114 supportsSplitScreenMultiWindow=true supportsMultiWindow=true resizeMode=1 isResizeable=true token=WCT{android.window.IWindowContainerToken$Stub$Proxy@c252ad} topActivityType=1 pictureInPictureParams=null displayCutoutSafeInsets=null topActivityInfo=null launchCookies=[] positionInParent=Point(0, 72) parentTaskId=-1 isFocused=false isVisible=true topActivityInSizeCompat=false locusId= null}
12-09 12:26:49.050 I/ActivityTaskManager( 1514): FOREGROUND_APPLICATION_CHANGED to com.android.launcher3.uioverrides.QuickstepLauncher
12-09 12:26:49.056 I/GameMode_ActivityMonitoringService( 9074): onForegroundActivitiesChanged uid 10069 pid 19196 fg false
12-09 12:26:49.062 I/GameMode_ActivityMonitoringService( 9074): Updating top task to: TaskInfoContainer [topActivity=ComponentInfo{com.android.launcher3/com.android.launcher3.uioverrides.QuickstepLauncher}, taskId=10, stackId=1, userId=0, displayId=0, position=6
12-09 12:26:49.062 I/GameMode_ActivityMonitoringService( 9074): Notifying about top task: TaskInfoContainer [topActivity=ComponentInfo{com.android.launcher3/com.android.launcher3.uioverrides.QuickstepLauncher}, taskId=10, stackId=1, userId=0, displayId=0, position=6
12-09 12:26:49.062 E/GameMode_ActivityMonitoringService( 9074): onActivityLaunch:com.android.launcher3
12-09 12:26:49.062 V/GameMode_GameTypeUtils( 9074): judge isGame:com.android.launcher3
12-09 12:26:49.062 V/GameMode_GpuUtils( 9074): fps:60
12-09 12:26:49.065 D/GameMode_GameModeActionUtils( 9074): Show GameMode entry by service!
12-09 12:26:49.065 W/ContextImpl( 9074): Calling a method in the system process without a qualified user: android.app.ContextImpl.startService:1816 android.content.ContextWrapper.startService:774 com.thundercomm.gamemode.ingame.services.GameModeActionUtils.startGameModeService:99 com.thundercomm.gamemode.ingame.services.GameModeActionUtils.startGameModeEntry:22 com.thundercomm.gamemode.ingame.services.ActivityMonitoringService$1.onActivityLaunch:127
12-09 12:26:49.068 D/GameMode_GameModeService( 9074): type=hide_entry
12-09 12:26:49.068 D/GameModeIF_GameModeSettings( 9074): getUriFor setting_content_uri_root = content://com.thundercomm.gamemode.api/gamemode_settings , name = gamemode_isgaming
12-09 12:26:49.072 I/GameModeConfig( 1514): Current uri is uri = content://com.thundercomm.gamemode.api/gamemode_settings/gamemode_isgaming
12-09 12:26:49.072 D/GameModeIF_GameModeSettings( 1514): getUriFor setting_content_uri_root = content://com.thundercomm.gamemode.api/gamemode_settings , name = gamemode_isgaming
12-09 12:26:49.072 D/GameModeIF_GameModeSettings( 9074): gamemode_isgaming set to 0
12-09 12:26:49.074 D/GameMode_GameSettingsObserver( 9074): Game Data change!!!! uri = content://com.thundercomm.gamemode.api/gamemode_settings/gamemode_isgaming
12-09 12:26:49.074 D/GameModeIF_GameModeSettings( 9074): getUriFor setting_content_uri_root = content://com.thundercomm.gamemode.api/gamemode_settings , name = gamemode_isgaming
12-09 12:26:49.075 W/Choreographer( 1514): Frame time is 0.009283 ms in the future! Check that graphics HAL is generating vsync timestamps using the correct timebase.
12-09 12:26:49.078 D/GameMode_GameModeService( 9074): updateGlobalSettings = gamemode_isgaming
12-09 12:26:49.079 I/GameModeConfig( 1514): isGameModeOn = false
12-09 12:26:49.080 I/GameModeConfig( 1514): isGameModeOn = false
12-09 12:26:49.080 I/GameModeConfig( 1514): isDisableVoice = true
12-09 12:26:49.083 W/ActivityTaskManager( 1514): getTaskSnapshot: taskId=146 not found
12-09 12:26:49.084 W/ActivityTaskManager( 1514): getTaskSnapshot: taskId=5146 not found
12-09 12:26:49.088 D/BaseIconFactory( 2834): normalizeAndWrapToAdaptiveIcon: scale=0.8095241
12-09 12:26:49.088 W/InputManager-JNI( 1514): Input channel object 'cb4d846 com.android.calendar/com.android.calendar.AllInOneActivity (client)' was disposed without first being removed with the input manager!
12-09 12:26:49.091 W/ActivityTaskManager( 1514): getTaskSnapshot: taskId=5147 not found
12-09 12:26:49.098 D/BaseIconFactory( 2834): normalizeAndWrapToAdaptiveIcon: scale=0.8095241
12-09 12:26:49.099 W/ActivityTaskManager( 1514): getTaskSnapshot: taskId=5147 not found
12-09 12:26:49.099 W/ActivityTaskManager( 1514): getTaskSnapshot: taskId=4147 not found
12-09 12:26:49.100 D/BaseIconFactory( 2834): normalizeAndWrapToAdaptiveIcon: scale=0.8095241
12-09 12:26:49.102 W/ActivityTaskManager( 1514): getTaskSnapshot: taskId=3147 not found
12-09 12:26:49.104 D/BaseIconFactory( 2834): normalizeAndWrapToAdaptiveIcon: scale=0.8095241
12-09 12:26:49.104 W/ActivityTaskManager( 1514): getTaskSnapshot: taskId=2147 not found
