12-09 12:31:09.471 W/QueryController(18567): Could not detect idle state.
12-09 12:31:09.472 W/QueryController(18567): Could not detect idle state.
12-09 12:31:09.474 W/QueryController(18567): Could not detect idle state.
12-09 12:31:09.475 W/QueryController(18567): Could not detect idle state.
12-09 12:31:09.477 W/QueryController(18567): Could not detect idle state.
12-09 12:31:09.478 W/QueryController(18567): Could not detect idle state.
12-09 12:31:09.533 D/UIAutomatorStub(18567): URI: /jsonrpc/0, Method: POST, params, {NanoHttpd.QUERY_STRING=null}, files: {postData={"jsonrpc": "2.0", "id": "7f0530a6b30757b9b838fe8127ccf336", "method": "click", "params": [261.5, 99.0]}}
12-09 12:31:09.808 I/OMX-VENC: venc_dev( 1203): stats: avg. fps 18.84, bitrate 160388
12-09 12:31:09.844 I/mpu_uart( 649): [MSG-P:RECV]:No message received in 1000 ms
12-09 12:31:10.138 I/OMX-VENC: venc_dev( 1203): stats: avg. fps 15.95, bitrate 732924
12-09 12:31:10.591 W/swapper/0( 0): type=1400 audit(0.0:8342): avc: denied { kill } for capability=5 scontext=u:r:kernel:s0 tcontext=u:r:kernel:s0 tclass=capability permissive=0
12-09 12:31:10.750 D/UIAutomatorStub(18567): URI: /jsonrpc/0, Method: POST, params, {NanoHttpd.QUERY_STRING=null}, files: {postData={"jsonrpc": "2.0", "id": "097ed6a3ffefd439ad39425bba7fdbba", "method": "exist", "params": [{"mask": 2097152, "childOrSibling": [], "childOrSiblingSelector": [], "resourceId": "android:id/caption"}]}}
12-09 12:31:10.754 W/QueryController(18567): Could not detect idle state.
12-09 12:31:10.840 I/OMX-VENC: venc_dev( 1203): stats: avg. fps 12.60, bitrate 107900
12-09 12:31:10.844 I/mpu_uart( 649): [MSG-P:RECV]:No message received in 1000 ms
12-09 12:31:11.138 I/OMX-VENC: venc_dev( 1203): stats: avg. fps 2.00, bitrate 95651
12-09 12:31:11.591 W/swapper/0( 0): type=1400 audit(0.0:8343): avc: denied { kill } for capability=5 scontext=u:r:kernel:s0 tcontext=u:r:kernel:s0 tclass=capability permissive=0
12-09 12:31:11.642 I/mpu_uart( 649): [MSG-P:R]:recv sync frame timeout
12-09 12:31:11.844 I/mpu_uart( 649): [MSG-P:RECV]:No message received in 1000 ms
12-09 12:31:11.938 I/OMX-VENC: venc_dev( 1203): stats: avg. fps 10.02, bitrate 85701
12-09 12:31:12.591 W/swapper/0( 0): type=1400 audit(0.0:8344): avc: denied { kill } for capability=5 scontext=u:r:kernel:s0 tcontext=u:r:kernel:s0 tclass=capability permissive=0
12-09 12:31:12.844 I/mpu_uart( 649): [MSG-P:RECV]:No message received in 1000 ms
12-09 12:31:12.847 D/ProcessState(19732): Binder ioctl to enable oneway spam detection failed: Invalid argument
12-09 12:31:12.853 D/StateManager( 2834): goToState: Overview
12-09 12:31:12.854 D/EditModeHelper( 2834): setHotseatVisibility: 0
12-09 12:31:12.856 V/ShadeControllerImpl( 2372): NotificationShadeWindow: com.android.systemui.statusbar.phone.NotificationShadeWindowView{7f4383b I.E...... ......ID 0,0-2380,1020} canPanelBeCollapsed(): false
12-09 12:31:12.871 D/UIAutomatorStub(18567): URI: /jsonrpc/0, Method: POST, params, {NanoHttpd.QUERY_STRING=null}, files: {postData={"jsonrpc": "2.0", "id": "83b08f32f0386350df679b2ef805689a", "method": "waitForExists", "params": [{"mask": 2097153, "childOrSibling": [], "childOrSiblingSelector": [], "resourceId": "com.android.launcher3:id/name_tv", "text": "\u65e5\u5386"}, 3000]}}
12-09 12:31:12.873 W/QueryController(18567): Could not detect idle state.
12-09 12:31:12.876 D/FreeWindowHelper( 2834): enterOrExitRecentTasks: isEnterRecentTasks=true,mExitFlag=1
12-09 12:31:12.898 D/ActivityTrigger( 1514): ActivityTrigger activityPauseTrigger
12-09 12:31:12.905 D/FreeWindowContainer( 2834): reloadTask: TaskInfo{userId=0 taskId=173 displayId=0 isRunning=false baseIntent=Intent { flg=0x10008000 cmp=com.android.calendar/.AllInOneActivity } baseActivity=null topActivity=null origActivity=null realActivity=ComponentInfo{com.android.calendar/com.android.calendar.AllInOneActivity} numActivities=0 lastActiveTime=25887976 supportsSplitScreenMultiWindow=true supportsMultiWindow=true resizeMode=1 isResizeable=true token=WCT{android.window.IWindowContainerToken$Stub$Proxy@561beec} topActivityType=1 pictureInPictureParams=null displayCutoutSafeInsets=null topActivityInfo=null launchCookies=[] positionInParent=Point(0, 72) parentTaskId=-1 isFocused=false isVisible=true topActivityInSizeCompat=false locusId= null}
12-09 12:31:12.912 I/ActivityTaskManager( 1514): FOREGROUND_APPLICATION_CHANGED to com.android.launcher3.uioverrides.QuickstepLauncher
12-09 12:31:12.927 I/GameMode_ActivityMonitoringService( 9074): onForegroundActivitiesChanged uid 10069 pid 19196 fg false
12-09 12:31:12.934 W/UiDevice(18567): Skipping null root node for window: AccessibilityWindowInfo[title=日历, displayId=0, id=160, type=TYPE_APPLICATION, layer=1, region=SkRegion((0,72,418,814)), bounds=Rect(0, 72 - 418, 814), focused=true, active=true, pictureInPicture=false, hasParent=false, isAnchored=false, hasChildren=false]
12-09 12:31:12.940 W/ActivityTaskManager( 1514): getTaskSnapshot: taskId=172 not found
12-09 12:31:12.941 I/GameMode_ActivityMonitoringService( 9074): Updating top task to: TaskInfoContainer [topActivity=ComponentInfo{com.android.launcher3/com.android.launcher3.uioverrides.QuickstepLauncher}, taskId=10, stackId=1, userId=0, displayId=0, position=6
12-09 12:31:12.941 I/GameMode_ActivityMonitoringService( 9074): Notifying about top task: TaskInfoContainer [topActivity=ComponentInfo{com.android.launcher3/com.android.launcher3.uioverrides.QuickstepLauncher}, taskId=10, stackId=1, userId=0, displayId=0, position=6
12-09 12:31:12.941 E/GameMode_ActivityMonitoringService( 9074): onActivityLaunch:com.android.launcher3
12-09 12:31:12.941 V/GameMode_GameTypeUtils( 9074): judge isGame:com.android.launcher3
12-09 12:31:12.941 V/GameMode_GpuUtils( 9074): fps:60
12-09 12:31:12.945 W/ActivityTaskManager( 1514): getTaskSnapshot: taskId=5172 not found
12-09 12:31:12.945 W/ActivityTaskManager( 1514): getTaskSnapshot: taskId=4172 not found
12-09 12:31:12.945 W/ActivityTaskManager( 1514): getTaskSnapshot: taskId=3172 not found
12-09 12:31:12.946 I/OMX-VENC: venc_dev( 1203): stats: avg. fps 12.90, bitrate 110354
12-09 12:31:12.946 D/GameMode_GameModeActionUtils( 9074): Show GameMode entry by service!
12-09 12:31:12.947 W/ContextImpl( 9074): Calling a method in the system process without a qualified user: android.app.ContextImpl.startService:1816 android.content.ContextWrapper.startService:774 com.thundercomm.gamemode.ingame.services.GameModeActionUtils.startGameModeService:99 com.thundercomm.gamemode.ingame.services.GameModeActionUtils.startGameModeEntry:22 com.thundercomm.gamemode.ingame.services.ActivityMonitoringService$1.onActivityLaunch:127
12-09 12:31:12.948 D/GameModeIF_GameModeSettings( 9074): getUriFor setting_content_uri_root = content://com.thundercomm.gamemode.api/gamemode_settings , name = gamemode_isgaming
12-09 12:31:12.949 D/GameMode_GameModeService( 9074): type=hide_entry
12-09 12:31:12.949 W/InputManager-JNI( 1514): Input channel object '19600ae com.android.calendar/com.android.calendar.AllInOneActivity (client)' was disposed without first being removed with the input manager!
12-09 12:31:12.951 I/GameModeConfig( 1514): Current uri is uri = content://com.thundercomm.gamemode.api/gamemode_settings/gamemode_isgaming
12-09 12:31:12.951 D/GameModeIF_GameModeSettings( 1514): getUriFor setting_content_uri_root = content://com.thundercomm.gamemode.api/gamemode_settings , name = gamemode_isgaming
12-09 12:31:12.952 D/GameModeIF_GameModeSettings( 9074): gamemode_isgaming set to 0
12-09 12:31:12.952 D/GameMode_GameSettingsObserver( 9074): Game Data change!!!! uri = content://com.thundercomm.gamemode.api/gamemode_settings/gamemode_isgaming
12-09 12:31:12.952 D/GameModeIF_GameModeSettings( 9074): getUriFor setting_content_uri_root = content://com.thundercomm.gamemode.api/gamemode_settings , name = gamemode_isgaming
12-09 12:31:12.954 D/GameMode_GameModeService( 9074): updateGlobalSettings = gamemode_isgaming
12-09 12:31:12.957 I/GameModeConfig( 1514): isGameModeOn = false
12-09 12:31:12.957 I/GameModeConfig( 1514): isGameModeOn = false
12-09 12:31:12.957 I/GameModeConfig( 1514): isDisableVoice = true
12-09 12:31:12.957 D/BaseIconFactory( 2834): normalizeAndWrapToAdaptiveIcon: scale=0.8095241
12-09 12:31:12.958 W/ActivityTaskManager( 1514): getTaskSnapshot: taskId=5173 not found
12-09 12:31:12.959 D/BaseIconFactory( 2834): normalizeAndWrapToAdaptiveIcon: scale=0.8095241
12-09 12:31:12.960 W/ActivityTaskManager( 1514): getTaskSnapshot: taskId=4173 not found
12-09 12:31:12.961 D/BaseIconFactory( 2834): normalizeAndWrapToAdaptiveIcon: scale=0.8095241
12-09 12:31:12.965 W/ActivityTaskManager( 1514): getTaskSnapshot: taskId=5173 not found
12-09 12:31:12.966 W/ActivityTaskManager( 1514): getTaskSnapshot: taskId=4173 not found
12-09 12:31:12.966 W/ActivityTaskManager( 1514): getTaskSnapshot: taskId=3173 not found
12-09 12:31:12.967 D/BaseIconFactory( 2834): normalizeAndWrapToAdaptiveIcon: scale=0.8095241
12-09 12:31:12.968 W/ActivityTaskManager( 1514): getTaskSnapshot: taskId=2173 not found
12-09 12:31:12.969 D/BaseIconFactory( 2834): normalizeAndWrapToAdaptiveIcon: scale=0.8095241
12-09 12:31:12.969 W/ActivityTaskManager( 1514): getTaskSnapshot: taskId=1173 not found
12-09 12:31:12.970 D/BaseIconFactory( 2834): normalizeAndWrapToAdaptiveIcon: scale=0.8095241
12-09 12:31:12.978 W/ActivityTaskManager( 1514): getTaskSnapshot: taskId=5173 not found
12-09 12:31:12.978 W/ActivityTaskManager( 1514): getTaskSnapshot: taskId=4173 not found
12-09 12:31:12.979 W/ActivityTaskManager( 1514): getTaskSnapshot: taskId=3173 not found
12-09 12:31:12.979 W/ActivityTaskManager( 1514): getTaskSnapshot: taskId=2173 not found
12-09 12:31:12.979 W/ActivityTaskManager( 1514): getTaskSnapshot: taskId=1173 not found
12-09 12:31:13.013 I/GameMode_ActivityMonitoringService( 9074): onTaskStackChanged
12-09 12:31:13.017 I/GameMode_ActivityMonitoringService( 9074): Updating top task to: TaskInfoContainer [topActivity=ComponentInfo{com.android.launcher3/com.android.launcher3.uioverrides.QuickstepLauncher}, taskId=10, stackId=1, userId=0, displayId=0, position=6
12-09 12:31:13.017 I/GameMode_ActivityMonitoringService( 9074): Notifying about top task: TaskInfoContainer [topActivity=ComponentInfo{com.android.launcher3/com.android.launcher3.uioverrides.QuickstepLauncher}, taskId=10, stackId=1, userId=0, displayId=0, position=6
12-09 12:31:13.017 E/GameMode_ActivityMonitoringService( 9074): onActivityLaunch:com.android.launcher3
12-09 12:31:13.017 V/GameMode_GameTypeUtils( 9074): judge isGame:com.android.launcher3
12-09 12:31:13.017 V/GameMode_GpuUtils( 9074): fps:60
12-09 12:31:13.020 D/GameMode_GameModeActionUtils( 9074): Show GameMode entry by service!
12-09 12:31:13.020 W/ContextImpl( 9074): Calling a method in the system process without a qualified user: android.app.ContextImpl.startService:1816 android.content.ContextWrapper.startService:774 com.thundercomm.gamemode.ingame.services.GameModeActionUtils.startGameModeService:99 com.thundercomm.gamemode.ingame.services.GameModeActionUtils.startGameModeEntry:22 com.thundercomm.gamemode.ingame.services.ActivityMonitoringService$1.onActivityLaunch:127
12-09 12:31:13.021 D/GameMode_GameModeService( 9074): type=hide_entry
12-09 12:31:13.021 D/GameModeIF_GameModeSettings( 9074): getUriFor setting_content_uri_root = content://com.thundercomm.gamemode.api/gamemode_settings , name = gamemode_isgaming
12-09 12:31:13.023 I/GameModeConfig( 1514): Current uri is uri = content://com.thundercomm.gamemode.api/gamemode_settings/gamemode_isgaming
12-09 12:31:13.024 D/GameModeIF_GameModeSettings( 1514): getUriFor setting_content_uri_root = content://com.thundercomm.gamemode.api/gamemode_settings , name = gamemode_isgaming
12-09 12:31:13.024 D/GameModeIF_GameModeSettings( 9074): gamemode_isgaming set to 0
12-09 12:31:13.024 D/GameMode_GameSettingsObserver( 9074): Game Data change!!!! uri = content://com.thundercomm.gamemode.api/gamemode_settings/gamemode_isgaming
12-09 12:31:13.024 D/GameModeIF_GameModeSettings( 9074): getUriFor setting_content_uri_root = content://com.thundercomm.gamemode.api/gamemode_settings , name = gamemode_isgaming
12-09 12:31:13.026 D/GameMode_GameModeService( 9074): updateGlobalSettings = gamemode_isgaming
12-09 12:31:13.026 I/GameModeConfig( 1514): isGameModeOn = false
12-09 12:31:13.027 I/GameModeConfig( 1514): isGameModeOn = false
12-09 12:31:13.027 I/GameModeConfig( 1514): isDisableVoice = true
12-09 12:31:13.032 D/libEGL ( 1514): MSAA-->msaa:0 gamemode:0 4x_msaa:0
12-09 12:31:13.032 D/libEGL ( 1514): MSAA-->msaa:0 gamemode:0 4x_msaa:0
12-09 12:31:13.033 D/libEGL ( 1514): MSAA-->msaa:0 gamemode:0 4x_msaa:0
12-09 12:31:13.053 D/UIAutomatorStub(18567): URI: /jsonrpc/0, Method: POST, params, {NanoHttpd.QUERY_STRING=null}, files: {postData={"jsonrpc": "2.0", "id": "69b03423b4980c5feb543d7c75e98012", "method": "objInfo", "params": [{"mask": 2097153, "childOrSibling": [], "childOrSiblingSelector": [], "resourceId": "com.android.launcher3:id/name_tv", "text": "\u65e5\u5386"}]}}
12-09 12:31:13.055 W/QueryController(18567): Could not detect idle state.
12-09 12:31:13.065 W/QueryController(18567): Could not detect idle state.
12-09 12:31:13.075 W/QueryController(18567): Could not detect idle state.
12-09 12:31:13.075 W/QueryController(18567): Could not detect idle state.
12-09 12:31:13.078 W/QueryController(18567): Could not detect idle state.
12-09 12:31:13.088 W/QueryController(18567): Could not detect idle state.
12-09 12:31:13.090 W/QueryController(18567): Could not detect idle state.
12-09 12:31:13.090 W/QueryController(18567): Could not detect idle state.
12-09 12:31:13.091 W/QueryController(18567): Could not detect idle state.
12-09 12:31:13.092 W/QueryController(18567): Could not detect idle state.
12-09 12:31:13.093 W/QueryController(18567): Could not detect idle state.
12-09 12:31:13.108 W/QueryController(18567): Could not detect idle state.
12-09 12:31:13.109 W/QueryController(18567): Could not detect idle state.
12-09 12:31:13.110 W/QueryController(18567): Could not detect idle state.
12-09 12:31:13.124 W/QueryController(18567): Could not detect idle state.
12-09 12:31:13.125 W/QueryController(18567): Could not detect idle state.
12-09 12:31:13.127 W/QueryController(18567): Could not detect idle state.
12-09 12:31:13.139 I/OMX-VENC: venc_dev( 1203): stats: avg. fps 16.00, bitrate 2174238
12-09 12:31:13.141 W/QueryController(18567): Could not detect idle state.
12-09 12:31:13.203 D/UIAutomatorStub(18567): URI: /jsonrpc/0, Method: POST, params, {NanoHttpd.QUERY_STRING=null}, files: {postData={"jsonrpc": "2.0", "id": "e296265f8cc654ab9ae851b6c6d03d2a", "method": "click", "params": [206.0, 405.0]}}
12-09 12:31:13.210 D/FreeFormWindowHelper( 1514): Remove freefrom task=Task{15c8f1 #173 type=standard A=10069:android.task.calendar U=0 visible=false mode=freeform translucent=true sz=0}
12-09 12:31:13.295 W/System ( 1514): A resource failed to call close.
12-09 12:31:13.295 W/System ( 1514): A resource failed to call close.
12-09 12:31:13.297 W/System ( 1514): A resource failed to call close.
12-09 12:31:13.297 W/System ( 1514): A resource failed to call close.
12-09 12:31:13.327 D/FreeWindowHelper( 2834): setExitFlag: old=0,new=1
12-09 12:31:13.328 I/ActivityTaskManager( 1514): START u0 {flg=0x10008000 cmp=com.android.calendar/.AllInOneActivity} from uid 10075
12-09 12:31:13.328 I/EventSequenceValidator( 1514): Transition from ACTIVITY_FINISHED to INTENT_STARTED
12-09 12:31:13.330 E/ANDR-PERF-JNI( 1514): com_qualcomm_qtiperformance_native_perf_io_prefetch_start
12-09 12:31:13.330 W/ActivityTaskManager( 1514): Can't find TaskDisplayArea to determine support for multi window. Task id=174 attached=false
12-09 12:31:13.331 D/FreeFormWindowHelper( 1514): Add freeform task=Task{605e979 #174 type=standard ?? U=0 visible=false mode=freeform translucent=true sz=0}
12-09 12:31:13.333 E/ANDR-IOP( 865): io prefetch is disabled
12-09 12:31:13.333 D/CompatibilityInfo( 1514): mCompatibilityFlags - 4
12-09 12:31:13.333 D/CompatibilityInfo( 1514): applicationDensity - 240
12-09 12:31:13.333 D/CompatibilityInfo( 1514): applicationScale - 1.0
12-09 12:31:13.334 I/ActivityTaskManager( 1514): FOREGROUND_APPLICATION_CHANGED to com.android.calendar.AllInOneActivity
12-09 12:31:13.334 I/ActivityTaskManager( 1514): The Process com.android.calendar Already Exists in BG. So sending its PID: 19196
12-09 12:31:13.337 W/ActivityTaskManager( 1514): Tried to set launchTime (0) < mLastActivityLaunchTime (25878329)
12-09 12:31:13.338 D/CompatibilityInfo( 1514): mCompatibilityFlags - 4
12-09 12:31:13.338 D/CompatibilityInfo( 1514): applicationDensity - 240
12-09 12:31:13.338 D/CompatibilityInfo( 1514): applicationScale - 1.0
12-09 12:31:13.342 D/StateManager( 2834): goToState: Normal
12-09 12:31:13.343 D/EditModeHelper( 2834): setHotseatVisibility: 0
12-09 12:31:13.348 I/EventSequenceValidator( 1514): Transition from INTENT_STARTED to ACTIVITY_LAUNCHED
12-09 12:31:13.352 I/GameMode_ActivityMonitoringService( 9074): onForegroundActivitiesChanged uid 10069 pid 19196 fg true
12-09 12:31:13.358 I/GameMode_ActivityMonitoringService( 9074): Updating top task to: TaskInfoContainer [topActivity=ComponentInfo{com.android.calendar/com.android.calendar.AllInOneActivity}, taskId=174, stackId=174, userId=0, displayId=0, position=6
12-09 12:31:13.359 I/GameMode_ActivityMonitoringService( 9074): Notifying about top task: TaskInfoContainer [topActivity=ComponentInfo{com.android.calendar/com.android.calendar.AllInOneActivity}, taskId=174, stackId=174, userId=0, displayId=0, position=6
12-09 12:31:13.359 E/GameMode_ActivityMonitoringService( 9074): onActivityLaunch:com.android.calendar
12-09 12:31:13.359 V/GameMode_GameTypeUtils( 9074): judge isGame:com.android.calendar
12-09 12:31:13.359 V/GameMode_GpuUtils( 9074): fps:60
12-09 12:31:13.361 D/GameMode_GameModeActionUtils( 9074): Show GameMode entry by service!
12-09 12:31:13.361 W/ContextImpl( 9074): Calling a method in the system process without a qualified user: android.app.ContextImpl.startService:1816 android.content.ContextWrapper.startService:774 com.thundercomm.gamemode.ingame.services.GameModeActionUtils.startGameModeService:99 com.thundercomm.gamemode.ingame.services.GameModeActionUtils.startGameModeEntry:22 com.thundercomm.gamemode.ingame.services.ActivityMonitoringService$1.onActivityLaunch:127
12-09 12:31:13.364 D/GameModeIF_GameModeSettings( 9074): getUriFor setting_content_uri_root = content://com.thundercomm.gamemode.api/gamemode_settings , name = gamemode_isgaming
12-09 12:31:13.364 D/GameMode_GameModeService( 9074): type=hide_entry
12-09 12:31:13.366 I/GameModeConfig( 1514): Current uri is uri = content://com.thundercomm.gamemode.api/gamemode_settings/gamemode_isgaming
12-09 12:31:13.366 D/GameModeIF_GameModeSettings( 1514): getUriFor setting_content_uri_root = content://com.thundercomm.gamemode.api/gamemode_settings , name = gamemode_isgaming
12-09 12:31:13.367 I/GameModeConfig( 1514): isGameModeOn = false
12-09 12:31:13.368 I/GameModeConfig( 1514): isGameModeOn = false
12-09 12:31:13.368 I/GameModeConfig( 1514): isDisableVoice = true
12-09 12:31:13.369 D/GameMode_GameSettingsObserver( 9074): Game Data change!!!! uri = content://com.thundercomm.gamemode.api/gamemode_settings/gamemode_isgaming
12-09 12:31:13.369 D/GameModeIF_GameModeSettings( 9074): getUriFor setting_content_uri_root = content://com.thundercomm.gamemode.api/gamemode_settings , name = gamemode_isgaming
12-09 12:31:13.369 D/GameModeIF_GameModeSettings( 9074): gamemode_isgaming set to 0
12-09 12:31:13.373 D/GameMode_GameModeService( 9074): updateGlobalSettings = gamemode_isgaming
12-09 12:31:13.375 D/AccountManagerService( 1514): bind attempt failed for Session: expectLaunch true, connected false, stats (0/0/0), lifetime 0.0, addAccount, accountType com.google, requiredFeatures null
12-09 12:31:13.378 W/System (18567): A resource failed to call end.
12-09 12:31:13.378 W/System (18567): A resource failed to call end.
12-09 12:31:13.378 W/System (18567): A resource failed to call end.
12-09 12:31:13.379 W/System (18567): A resource failed to call end.
12-09 12:31:13.379 W/System (18567): A resource failed to call end.
12-09 12:31:13.379 W/System (18567): A resource failed to call end.
12-09 12:31:13.379 W/System (18567): A resource failed to call end.
12-09 12:31:13.379 W/System (18567): A resource failed to call end.
12-09 12:31:13.379 W/System (18567): A resource failed to call end.
12-09 12:31:13.379 W/System (18567): A resource failed to call end.
12-09 12:31:13.379 W/System (18567): A resource failed to call end.
12-09 12:31:13.380 W/System (18567): A resource failed to call end.
12-09 12:31:13.380 W/System (18567): A resource failed to call end.
12-09 12:31:13.382 D/FreeWindowHelper( 2834): enterOrExitRecentTasks: isEnterRecentTasks=false,mExitFlag=1
12-09 12:31:13.382 W/FreeFormWindowHelper( 1514): exitRecentTasks type=1
12-09 12:31:13.383 E/PagedView( 2834): validateNewPage: failed to find a page < mMaxScrollX
12-09 12:31:13.383 W/WindowManager( 1514): updateScale0.7996942
12-09 12:31:13.392 W/WindowManager( 1514): updateScale0.7996942
12-09 12:31:13.395 W/WindowManager( 1514): updateScale0.7996942
12-09 12:31:13.396 W/WindowManager( 1514): updateScale0.7996942
12-09 12:31:13.397 I/EventSequenceValidator( 1514): Transition from ACTIVITY_LAUNCHED to ACTIVITY_FINISHED
12-09 12:31:13.398 I/ActivityTaskManager( 1514): Displayed com.android.calendar/.AllInOneActivity: +66ms
12-09 12:31:13.683 W/WindowManager( 1514): updateScale0.7996942
12-09 12:31:13.795 E/PagedView( 2834): validateNewPage: failed to find a page < mMaxScrollX
12-09 12:31:13.845 I/mpu_uart( 649): [MSG-P:RECV]:No message received in 1000 ms
12-09 12:31:13.989 I/OMX-VENC: venc_dev( 1203): stats: avg. fps 48.89, bitrate 1937128
12-09 12:31:14.591 W/swapper/0( 0): type=1400 audit(0.0:8345): avc: denied { kill } for capability=5 scontext=u:r:kernel:s0 tcontext=u:r:kernel:s0 tclass=capability permissive=0
12-09 12:31:14.646 I/mpu_uart( 649): [MSG-P:R]:recv sync frame timeout
12-09 12:31:14.845 I/mpu_uart( 649): [MSG-P:RECV]:No message received in 1000 ms
12-09 12:31:15.034 I/OMX-VENC: venc_dev( 1203): stats: avg. fps 10.53, bitrate 68730
12-09 12:31:15.147 I/OMX-VENC: venc_dev( 1203): stats: avg. fps 19.92, bitrate 1936448
12-09 12:31:15.591 W/swapper/0( 0): type=1400 audit(0.0:8346): avc: denied { kill } for capability=5 scontext=u:r:kernel:s0 tcontext=u:r:kernel:s0 tclass=capability permissive=0
12-09 12:31:15.845 I/mpu_uart( 649): [MSG-P:RECV]:No message received in 1000 ms
12-09 12:31:16.050 I/OMX-VENC: venc_dev( 1203): stats: avg. fps 10.82, bitrate 55791
12-09 12:31:16.149 I/OMX-VENC: venc_dev( 1203): stats: avg. fps 1.00, bitrate 113861
12-09 12:31:16.591 W/swapper/0( 0): type=1400 audit(0.0:8347): avc: denied { kill } for capability=5 scontext=u:r:kernel:s0 tcontext=u:r:kernel:s0 tclass=capability permissive=0
12-09 12:31:16.846 I/mpu_uart( 649): [MSG-P:RECV]:No message received in 1000 ms
12-09 12:31:17.053 I/OMX-VENC: venc_dev( 1203): stats: avg. fps 9.97, bitrate 50411
12-09 12:31:17.151 I/OMX-VENC: venc_dev( 1203): stats: avg. fps 1.00, bitrate 68171
12-09 12:31:17.224 E/TaskPersister( 1514): File error accessing recents directory (directory doesn't exist?).
12-09 12:31:17.591 W/swapper/0( 0): type=1400 audit(0.0:8348): avc: denied { kill } for capability=5 scontext=u:r:kernel:s0 tcontext=u:r:kernel:s0 tclass=capability permissive=0
12-09 12:31:17.646 I/mpu_uart( 649): [MSG-P:R]:recv sync frame timeout
12-09 12:31:17.846 I/mpu_uart( 649): [MSG-P:RECV]:No message received in 1000 ms
12-09 12:31:18.054 I/OMX-VENC: venc_dev( 1203): stats: avg. fps 9.99, bitrate 49991
12-09 12:31:18.154 I/OMX-VENC: venc_dev( 1203): stats: avg. fps 1.00, bitrate 35635
12-09 12:31:18.591 W/swapper/0( 0): type=1400 audit(0.0:8349): avc: denied { kill } for capability=5 scontext=u:r:kernel:s0 tcontext=u:r:kernel:s0 tclass=capability permissive=0
12-09 12:31:18.846 I/mpu_uart( 649): [MSG-P:RECV]:No message received in 1000 ms
12-09 12:31:18.942 I/selfinstaller( 1187): create socket failed: No route to host 113
12-09 12:31:19.056 I/OMX-VENC: venc_dev( 1203): stats: avg. fps 9.98, bitrate 50209
12-09 12:31:19.157 I/OMX-VENC: venc_dev( 1203): stats: avg. fps 1.00, bitrate 47115
12-09 12:31:19.591 W/swapper/0( 0): type=1400 audit(0.0:8350): avc: denied { kill } for capability=5 scontext=u:r:kernel:s0 tcontext=u:r:kernel:s0 tclass=capability permissive=0
12-09 12:31:19.788 D/UIAutomatorStub(18567): URI: /jsonrpc/0, Method: POST, params, {NanoHttpd.QUERY_STRING=null}, files: {postData={"jsonrpc": "2.0", "id": "67749b6f33c3f8d7e3cfda4e201ab7e9", "method": "waitForExists", "params": [{"mask": 2097152, "childOrSibling": [], "childOrSiblingSelector": [], "resourceId": "android:id/move_window"}, 3000]}}
12-09 12:31:19.792 W/QueryController(18567): Could not detect idle state.
12-09 12:31:19.846 I/mpu_uart( 649): [MSG-P:RECV]:No message received in 1000 ms
12-09 12:31:19.886 D/UIAutomatorStub(18567): URI: /jsonrpc/0, Method: POST, params, {NanoHttpd.QUERY_STRING=null}, files: {postData={"jsonrpc": "2.0", "id": "1020820edf89a3ab153e750adf4f1e6d", "method": "objInfo", "params": [{"mask": 2097152, "childOrSibling": [], "childOrSiblingSelector": [], "resourceId": "android:id/move_window"}]}}
12-09 12:31:19.888 W/QueryController(18567): Could not detect idle state.
12-09 12:31:19.900 W/QueryController(18567): Could not detect idle state.
12-09 12:31:19.902 W/QueryController(18567): Could not detect idle state.
12-09 12:31:19.903 W/QueryController(18567): Could not detect idle state.
12-09 12:31:19.904 W/QueryController(18567): Could not detect idle state.
12-09 12:31:19.905 W/QueryController(18567): Could not detect idle state.
12-09 12:31:19.906 W/QueryController(18567): Could not detect idle state.
12-09 12:31:19.907 W/QueryController(18567): Could not detect idle state.
12-09 12:31:19.908 W/QueryController(18567): Could not detect idle state.
12-09 12:31:19.909 W/QueryController(18567): Could not detect idle state.
12-09 12:31:19.910 W/QueryController(18567): Could not detect idle state.
12-09 12:31:19.911 W/QueryController(18567): Could not detect idle state.
12-09 12:31:19.912 W/QueryController(18567): Could not detect idle state.
12-09 12:31:19.914 W/QueryController(18567): Could not detect idle state.
12-09 12:31:19.915 W/QueryController(18567): Could not detect idle state.
12-09 12:31:19.916 W/QueryController(18567): Could not detect idle state.
12-09 12:31:19.917 W/QueryController(18567): Could not detect idle state.
12-09 12:31:19.918 W/QueryController(18567): Could not detect idle state.
12-09 12:31:19.972 D/UIAutomatorStub(18567): URI: /jsonrpc/0, Method: POST, params, {NanoHttpd.QUERY_STRING=null}, files: {postData={"jsonrpc": "2.0", "id": "9db350272672d64aca2b4c44ec87fa3c", "method": "click", "params": [261.5, 99.0]}}
12-09 12:31:20.059 I/OMX-VENC: venc_dev( 1203): stats: avg. fps 12.96, bitrate 64941
12-09 12:31:20.093 W/HWComposer( 975): Ignoring duplicate VSYNC event from HWC for display 4630946370410392961 (t=25895170403000)
12-09 12:31:20.109 W/HWComposer( 975): Ignoring duplicate VSYNC event from HWC for display 4630946370410392961 (t=25895187115000)
12-09 12:31:20.126 W/HWComposer( 975): Ignoring duplicate VSYNC event from HWC for display 4630946370410392961 (t=25895203815000)
12-09 12:31:20.143 W/HWComposer( 975): Ignoring duplicate VSYNC event from HWC for display 4630946370410392961 (t=25895220505000)
12-09 12:31:20.160 W/HWComposer( 975): Ignoring duplicate VSYNC event from HWC for display 4630946370410392961 (t=25895237218000)
12-09 12:31:20.168 I/OMX-VENC: venc_dev( 1203): stats: avg. fps 9.88, bitrate 875534
12-09 12:31:20.177 W/HWComposer( 975): Ignoring duplicate VSYNC event from HWC for display 4630946370410392961 (t=25895253937000)
12-09 12:31:20.591 W/swapper/0( 0): type=1400 audit(0.0:8351): avc: denied { kill } for capability=5 scontext=u:r:kernel:s0 tcontext=u:r:kernel:s0 tclass=capability permissive=0
12-09 12:31:20.649 I/mpu_uart( 649): [MSG-P:R]:recv sync frame timeout
12-09 12:31:20.847 I/mpu_uart( 649): [MSG-P:RECV]:No message received in 1000 ms
12-09 12:31:21.151 I/OMX-VENC: venc_dev( 1203): stats: avg. fps 18.32, bitrate 91681
12-09 12:31:21.165 D/UIAutomatorStub(18567): URI: /jsonrpc/0, Method: POST, params, {NanoHttpd.QUERY_STRING=null}, files: {postData={"jsonrpc": "2.0", "id": "4f78e6560c18bb0b06210db4fa51f29a", "method": "exist", "params": [{"mask": 2097152, "childOrSibling": [], "childOrSiblingSelector": [], "resourceId": "android:id/caption"}]}}
12-09 12:31:21.168 W/QueryController(18567): Could not detect idle state.
12-09 12:31:21.591 W/swapper/0( 0): type=1400 audit(0.0:8352): avc: denied { kill } for capability=5 scontext=u:r:kernel:s0 tcontext=u:r:kernel:s0 tclass=capability permissive=0
12-09 12:31:21.847 I/mpu_uart( 649): [MSG-P:RECV]:No message received in 1000 ms
12-09 12:31:22.157 I/OMX-VENC: venc_dev( 1203): stats: avg. fps 10.94, bitrate 54870
12-09 12:31:22.165 I/OMX-VENC: venc_dev( 1203): stats: avg. fps 3.51, bitrate 160957
12-09 12:31:22.591 W/swapper/0( 0): type=1400 audit(0.0:8353): avc: denied { kill } for capability=5 scontext=u:r:kernel:s0 tcontext=u:r:kernel:s0 tclass=capability permissive=0
12-09 12:31:22.847 I/mpu_uart( 649): [MSG-P:RECV]:No message received in 1000 ms
12-09 12:31:23.163 I/OMX-VENC: venc_dev( 1203): stats: avg. fps 9.93, bitrate 49846
12-09 12:31:23.167 I/OMX-VENC: venc_dev( 1203): stats: avg. fps 1.00, bitrate 46891
12-09 12:31:23.267 D/ProcessState(19742): Binder ioctl to enable oneway spam detection failed: Invalid argument
12-09 12:31:23.274 D/StateManager( 2834): goToState: Overview
12-09 12:31:23.274 D/EditModeHelper( 2834): setHotseatVisibility: 0
12-09 12:31:23.278 V/ShadeControllerImpl( 2372): NotificationShadeWindow: com.android.systemui.statusbar.phone.NotificationShadeWindowView{7f4383b I.E...... ......ID 0,0-2380,1020} canPanelBeCollapsed(): false
12-09 12:31:23.286 D/FreeWindowHelper( 2834): enterOrExitRecentTasks: isEnterRecentTasks=true,mExitFlag=1
12-09 12:31:23.293 D/UIAutomatorStub(18567): URI: /jsonrpc/0, Method: POST, params, {NanoHttpd.QUERY_STRING=null}, files: {postData={"jsonrpc": "2.0", "id": "3f2964e381012372d71a1771d1bc9a06", "method": "waitForExists", "params": [{"mask": 2097153, "childOrSibling": [], "childOrSiblingSelector": [], "resourceId": "com.android.launcher3:id/name_tv", "text": "\u65e5\u5386"}, 3000]}}
12-09 12:31:23.296 W/QueryController(18567): Could not detect idle state.
12-09 12:31:23.297 D/ActivityTrigger( 1514): ActivityTrigger activityPauseTrigger
12-09 12:31:23.304 D/FreeWindowContainer( 2834): reloadTask: TaskInfo{userId=0 taskId=174 displayId=0 isRunning=false baseIntent=Intent { flg=0x10008000 cmp=com.android.calendar/.AllInOneActivity } baseActivity=null topActivity=null origActivity=null realActivity=ComponentInfo{com.android.calendar/com.android.calendar.AllInOneActivity} numActivities=0 lastActiveTime=25898375 supportsSplitScreenMultiWindow=true supportsMultiWindow=true resizeMode=1 isResizeable=true token=WCT{android.window.IWindowContainerToken$Stub$Proxy@87523e3} topActivityType=1 pictureInPictureParams=null displayCutoutSafeInsets=null topActivityInfo=null launchCookies=[] positionInParent=Point(0, 72) parentTaskId=-1 isFocused=false isVisible=true topActivityInSizeCompat=false locusId= null}
12-09 12:31:23.311 I/ActivityTaskManager( 1514): FOREGROUND_APPLICATION_CHANGED to com.android.launcher3.uioverrides.QuickstepLauncher
12-09 12:31:23.318 I/GameMode_ActivityMonitoringService( 9074): onForegroundActivitiesChanged uid 10069 pid 19196 fg false
12-09 12:31:23.332 W/ActivityTaskManager( 1514): getTaskSnapshot: taskId=173 not found
12-09 12:31:23.337 I/GameMode_ActivityMonitoringService( 9074): Updating top task to: TaskInfoContainer [topActivity=ComponentInfo{com.android.launcher3/com.android.launcher3.uioverrides.QuickstepLauncher}, taskId=10, stackId=1, userId=0, displayId=0, position=6
12-09 12:31:23.337 I/GameMode_ActivityMonitoringService( 9074): Notifying about top task: TaskInfoContainer [topActivity=ComponentInfo{com.android.launcher3/com.android.launcher3.uioverrides.QuickstepLauncher}, taskId=10, stackId=1, userId=0, displayId=0, position=6
12-09 12:31:23.337 E/GameMode_ActivityMonitoringService( 9074): onActivityLaunch:com.android.launcher3
12-09 12:31:23.337 V/GameMode_GameTypeUtils( 9074): judge isGame:com.android.launcher3
12-09 12:31:23.337 V/GameMode_GpuUtils( 9074): fps:60
12-09 12:31:23.339 W/ActivityTaskManager( 1514): getTaskSnapshot: taskId=5173 not found
12-09 12:31:23.339 W/ActivityTaskManager( 1514): getTaskSnapshot: taskId=4173 not found
12-09 12:31:23.341 D/GameMode_GameModeActionUtils( 9074): Show GameMode entry by service!
12-09 12:31:23.341 W/ContextImpl( 9074): Calling a method in the system process without a qualified user: android.app.ContextImpl.startService:1816 android.content.ContextWrapper.startService:774 com.thundercomm.gamemode.ingame.services.GameModeActionUtils.startGameModeService:99 com.thundercomm.gamemode.ingame.services.GameModeActionUtils.startGameModeEntry:22 com.thundercomm.gamemode.ingame.services.ActivityMonitoringService$1.onActivityLaunch:127
12-09 12:31:23.342 W/ActivityTaskManager( 1514): getTaskSnapshot: taskId=3173 not found
12-09 12:31:23.342 D/GameModeIF_GameModeSettings( 9074): getUriFor setting_content_uri_root = content://com.thundercomm.gamemode.api/gamemode_settings , name = gamemode_isgaming
12-09 12:31:23.344 D/GameMode_GameModeService( 9074): type=hide_entry
12-09 12:31:23.347 I/GameModeConfig( 1514): Current uri is uri = content://com.thundercomm.gamemode.api/gamemode_settings/gamemode_isgaming
12-09 12:31:23.347 D/GameModeIF_GameModeSettings( 1514): getUriFor setting_content_uri_root = content://com.thundercomm.gamemode.api/gamemode_settings , name = gamemode_isgaming
12-09 12:31:23.347 D/GameModeIF_GameModeSettings( 9074): gamemode_isgaming set to 0
12-09 12:31:23.347 D/GameMode_GameSettingsObserver( 9074): Game Data change!!!! uri = content://com.thundercomm.gamemode.api/gamemode_settings/gamemode_isgaming
12-09 12:31:23.347 D/GameModeIF_GameModeSettings( 9074): getUriFor setting_content_uri_root = content://com.thundercomm.gamemode.api/gamemode_settings , name = gamemode_isgaming
12-09 12:31:23.349 I/GameModeConfig( 1514): isGameModeOn = false
12-09 12:31:23.349 D/GameMode_GameModeService( 9074): updateGlobalSettings = gamemode_isgaming
12-09 12:31:23.350 I/GameModeConfig( 1514): isGameModeOn = false
12-09 12:31:23.350 I/GameModeConfig( 1514): isDisableVoice = true
12-09 12:31:23.350 W/InputManager-JNI( 1514): Input channel object '5fad717 com.android.calendar/com.android.calendar.AllInOneActivity (client)' was disposed without first being removed with the input manager!
12-09 12:31:23.362 D/libEGL ( 1514): MSAA-->msaa:0 gamemode:0 4x_msaa:0
12-09 12:31:23.363 D/libEGL ( 1514): MSAA-->msaa:0 gamemode:0 4x_msaa:0
12-09 12:31:23.364 D/libEGL ( 1514): MSAA-->msaa:0 gamemode:0 4x_msaa:0
12-09 12:31:23.374 D/BaseIconFactory( 2834): normalizeAndWrapToAdaptiveIcon: scale=0.8095241
12-09 12:31:23.377 W/ActivityTaskManager( 1514): getTaskSnapshot: taskId=5174 not found
12-09 12:31:23.378 D/BaseIconFactory( 2834): normalizeAndWrapToAdaptiveIcon: scale=0.8095241
12-09 12:31:23.378 W/ActivityTaskManager( 1514): getTaskSnapshot: taskId=4174 not found
12-09 12:31:23.379 D/BaseIconFactory( 2834): normalizeAndWrapToAdaptiveIcon: scale=0.8095241
12-09 12:31:23.380 W/ActivityTaskManager( 1514): getTaskSnapshot: taskId=3174 not found
12-09 12:31:23.380 D/BaseIconFactory( 2834): normalizeAndWrapToAdaptiveIcon: scale=0.8095241
12-09 12:31:23.381 W/ActivityTaskManager( 1514): getTaskSnapshot: taskId=2174 not found
12-09 12:31:23.382 D/BaseIconFactory( 2834): normalizeAndWrapToAdaptiveIcon: scale=0.8095241
12-09 12:31:23.382 W/ActivityTaskManager( 1514): getTaskSnapshot: taskId=1174 not found
12-09 12:31:23.384 D/BaseIconFactory( 2834): normalizeAndWrapToAdaptiveIcon: scale=0.8095241
12-09 12:31:23.391 W/ActivityTaskManager( 1514): getTaskSnapshot: taskId=2174 not found
12-09 12:31:23.391 W/ActivityTaskManager( 1514): getTaskSnapshot: taskId=1174 not found
12-09 12:31:23.413 I/GameMode_ActivityMonitoringService( 9074): onTaskStackChanged
12-09 12:31:23.416 I/GameMode_ActivityMonitoringService( 9074): Updating top task to: TaskInfoContainer [topActivity=ComponentInfo{com.android.launcher3/com.android.launcher3.uioverrides.QuickstepLauncher}, taskId=10, stackId=1, userId=0, displayId=0, position=6
12-09 12:31:23.416 I/GameMode_ActivityMonitoringService( 9074): Notifying about top task: TaskInfoContainer [topActivity=ComponentInfo{com.android.launcher3/com.android.launcher3.uioverrides.QuickstepLauncher}, taskId=10, stackId=1, userId=0, displayId=0, position=6
12-09 12:31:23.416 E/GameMode_ActivityMonitoringService( 9074): onActivityLaunch:com.android.launcher3
12-09 12:31:23.416 V/GameMode_GameTypeUtils( 9074): judge isGame:com.android.launcher3
12-09 12:31:23.417 V/GameMode_GpuUtils( 9074): fps:60
12-09 12:31:23.419 D/GameMode_GameModeActionUtils( 9074): Show GameMode entry by service!
12-09 12:31:23.420 D/UIAutomatorStub(18567): URI: /jsonrpc/0, Method: POST, params, {NanoHttpd.QUERY_STRING=null}, files: {postData={"jsonrpc": "2.0", "id": "1181ca34965cffc8bb48aa36b11f3514", "method": "objInfo", "params": [{"mask": 2097153, "childOrSibling": [], "childOrSiblingSelector": [], "resourceId": "com.android.launcher3:id/name_tv", "text": "\u65e5\u5386"}]}}
12-09 12:31:23.422 W/ContextImpl( 9074): Calling a method in the system process without a qualified user: android.app.ContextImpl.startService:1816 android.content.ContextWrapper.startService:774 com.thundercomm.gamemode.ingame.services.GameModeActionUtils.startGameModeService:99 com.thundercomm.gamemode.ingame.services.GameModeActionUtils.startGameModeEntry:22 com.thundercomm.gamemode.ingame.services.ActivityMonitoringService$1.onActivityLaunch:127
12-09 12:31:23.424 D/GameMode_GameModeService( 9074): type=hide_entry
12-09 12:31:23.425 W/QueryController(18567): Could not detect idle state.
12-09 12:31:23.425 D/GameModeIF_GameModeSettings( 9074): getUriFor setting_content_uri_root = content://com.thundercomm.gamemode.api/gamemode_settings , name = gamemode_isgaming
12-09 12:31:23.427 I/GameModeConfig( 1514): Current uri is uri = content://com.thundercomm.gamemode.api/gamemode_settings/gamemode_isgaming
12-09 12:31:23.427 D/GameModeIF_GameModeSettings( 1514): getUriFor setting_content_uri_root = content://com.thundercomm.gamemode.api/gamemode_settings , name = gamemode_isgaming
12-09 12:31:23.427 D/GameModeIF_GameModeSettings( 9074): gamemode_isgaming set to 0
12-09 12:31:23.428 I/GameModeConfig( 1514): isGameModeOn = false
12-09 12:31:23.428 I/GameModeConfig( 1514): isGameModeOn = false
12-09 12:31:23.428 I/GameModeConfig( 1514): isDisableVoice = true
12-09 12:31:23.428 D/GameMode_GameSettingsObserver( 9074): Game Data change!!!! uri = content://com.thundercomm.gamemode.api/gamemode_settings/gamemode_isgaming
12-09 12:31:23.428 D/GameModeIF_GameModeSettings( 9074): getUriFor setting_content_uri_root = content://com.thundercomm.gamemode.api/gamemode_settings , name = gamemode_isgaming
12-09 12:31:23.430 D/GameMode_GameModeService( 9074): updateGlobalSettings = gamemode_isgaming
12-09 12:31:23.450 W/QueryController(18567): Could not detect idle state.
12-09 12:31:23.453 I/OpenGLRenderer( 2834): Davey! duration=9223346138359ms; Flags=0, FrameTimelineVsyncId=412649, IntendedVsync=25898495701413, Vsync=25898495701413, InputEventId=0, HandleInputStart=25898496293555, AnimationStart=25898496294545, PerformTraversalsStart=25898507916628, DrawStart=25898508348034, FrameDeadline=25898529034745, FrameInterval=25898496289909, FrameStartTime=16666666, SyncQueued=25898508497461, SyncStart=25898508553555, IssueDrawCommandsStart=25898508735899, SwapBuffers=25898509521159, FrameCompleted=9223372036854775807, DequeueBufferDuration=14115, QueueBufferDuration=461771, GpuCompleted=9223372036854775807, SwapBuffersCompleted=25898510203816, DisplayPresentTime=0,
12-09 12:31:23.453 W/QueryController(18567): Could not detect idle state.
12-09 12:31:23.464 W/QueryController(18567): Could not detect idle state.
12-09 12:31:23.465 W/QueryController(18567): Could not detect idle state.
12-09 12:31:23.466 W/QueryController(18567): Could not detect idle state.
12-09 12:31:23.466 W/QueryController(18567): Could not detect idle state.
12-09 12:31:23.467 W/QueryController(18567): Could not detect idle state.
12-09 12:31:23.468 W/QueryController(18567): Could not detect idle state.
12-09 12:31:23.481 W/QueryController(18567): Could not detect idle state.
12-09 12:31:23.483 W/QueryController(18567): Could not detect idle state.
12-09 12:31:23.484 W/QueryController(18567): Could not detect idle state.
12-09 12:31:23.485 W/QueryController(18567): Could not detect idle state.
12-09 12:31:23.486 I/OpenGLRenderer( 2834): Davey! duration=9223346138325ms; Flags=0, FrameTimelineVsyncId=412655, IntendedVsync=25898529108347, Vsync=25898529108347, InputEventId=0, HandleInputStart=25898529482513, AnimationStart=25898529484232, PerformTraversalsStart=25898539915951, DrawStart=25898540352618, FrameDeadline=25898562441679, FrameInterval=25898529479180, FrameStartTime=16666666, SyncQueued=25898540489024, SyncStart=25898540542045, IssueDrawCommandsStart=25898540755326, SwapBuffers=25898541549493, FrameCompleted=9223372036854775807, DequeueBufferDuration=13489, QueueBufferDuration=372656, GpuCompleted=9223372036854775807, SwapBuffersCompleted=25898542205013, DisplayPresentTime=0,
12-09 12:31:23.497 W/QueryController(18567): Could not detect idle state.
12-09 12:31:23.498 W/QueryController(18567): Could not detect idle state.
12-09 12:31:23.499 W/QueryController(18567): Could not detect idle state.
12-09 12:31:23.515 W/QueryController(18567): Could not detect idle state.
12-09 12:31:23.517 W/QueryController(18567): Could not detect idle state.
12-09 12:31:23.575 D/UIAutomatorStub(18567): URI: /jsonrpc/0, Method: POST, params, {NanoHttpd.QUERY_STRING=null}, files: {postData={"jsonrpc": "2.0", "id": "5d17cd9d05db6d7dc291a957841c2ba4", "method": "click", "params": [206.0, 405.0]}}
12-09 12:31:23.591 W/swapper/0( 0): type=1400 audit(0.0:8354): avc: denied { kill } for capability=5 scontext=u:r:kernel:s0 tcontext=u:r:kernel:s0 tclass=capability permissive=0
12-09 12:31:23.602 D/FreeFormWindowHelper( 1514): Remove freefrom task=Task{605e979 #174 type=standard A=10069:android.task.calendar U=0 visible=false mode=freeform translucent=true sz=0}
12-09 12:31:23.652 I/mpu_uart( 649): [MSG-P:R]:recv sync frame timeout
12-09 12:31:23.671 W/System ( 1514): A resource failed to call close.
12-09 12:31:23.672 W/System ( 1514): A resource failed to call close.
12-09 12:31:23.672 W/System ( 1514): A resource failed to call close.
12-09 12:31:23.673 W/System ( 1514): A resource failed to call close.
12-09 12:31:23.673 W/System ( 1514): A resource failed to call close.
12-09 12:31:23.730 D/FreeWindowHelper( 2834): setExitFlag: old=0,new=1
12-09 12:31:23.731 I/ActivityTaskManager( 1514): START u0 {flg=0x10008000 cmp=com.android.calendar/.AllInOneActivity} from uid 10075
12-09 12:31:23.731 I/EventSequenceValidator( 1514): Transition from ACTIVITY_FINISHED to INTENT_STARTED
12-09 12:31:23.733 E/ANDR-PERF-JNI( 1514): com_qualcomm_qtiperformance_native_perf_io_prefetch_start
12-09 12:31:23.733 W/ActivityTaskManager( 1514): Can't find TaskDisplayArea to determine support for multi window. Task id=175 attached=false
12-09 12:31:23.734 D/FreeFormWindowHelper( 1514): Add freeform task=Task{abe6901 #175 type=standard ?? U=0 visible=false mode=freeform translucent=true sz=0}
12-09 12:31:23.736 D/CompatibilityInfo( 1514): mCompatibilityFlags - 4
12-09 12:31:23.736 D/CompatibilityInfo( 1514): applicationDensity - 240
12-09 12:31:23.736 D/CompatibilityInfo( 1514): applicationScale - 1.0
12-09 12:31:23.736 I/ActivityTaskManager( 1514): FOREGROUND_APPLICATION_CHANGED to com.android.calendar.AllInOneActivity
12-09 12:31:23.736 I/ActivityTaskManager( 1514): The Process com.android.calendar Already Exists in BG. So sending its PID: 19196
12-09 12:31:23.736 E/ANDR-IOP( 865): io prefetch is disabled
12-09 12:31:23.736 W/ActivityTaskManager( 1514): Tried to set launchTime (0) < mLastActivityLaunchTime (25888415)
12-09 12:31:23.737 D/CompatibilityInfo( 1514): mCompatibilityFlags - 4
12-09 12:31:23.737 D/CompatibilityInfo( 1514): applicationDensity - 240
12-09 12:31:23.737 D/CompatibilityInfo( 1514): applicationScale - 1.0
12-09 12:31:23.740 D/StateManager( 2834): goToState: Normal
12-09 12:31:23.740 D/EditModeHelper( 2834): setHotseatVisibility: 0
12-09 12:31:23.741 I/GameMode_ActivityMonitoringService( 9074): onForegroundActivitiesChanged uid 10069 pid 19196 fg true
12-09 12:31:23.742 I/EventSequenceValidator( 1514): Transition from INTENT_STARTED to ACTIVITY_LAUNCHED
12-09 12:31:23.746 I/GameMode_ActivityMonitoringService( 9074): Updating top task to: TaskInfoContainer [topActivity=ComponentInfo{com.android.calendar/com.android.calendar.AllInOneActivity}, taskId=175, stackId=175, userId=0, displayId=0, position=6
12-09 12:31:23.746 I/GameMode_ActivityMonitoringService( 9074): Notifying about top task: TaskInfoContainer [topActivity=ComponentInfo{com.android.calendar/com.android.calendar.AllInOneActivity}, taskId=175, stackId=175, userId=0, displayId=0, position=6
12-09 12:31:23.746 E/GameMode_ActivityMonitoringService( 9074): onActivityLaunch:com.android.calendar
12-09 12:31:23.746 V/GameMode_GameTypeUtils( 9074): judge isGame:com.android.calendar
12-09 12:31:23.747 V/GameMode_GpuUtils( 9074): fps:60
12-09 12:31:23.749 D/GameMode_GameModeActionUtils( 9074): Show GameMode entry by service!
12-09 12:31:23.750 W/ContextImpl( 9074): Calling a method in the system process without a qualified user: android.app.ContextImpl.startService:1816 android.content.ContextWrapper.startService:774 com.thundercomm.gamemode.ingame.services.GameModeActionUtils.startGameModeService:99 com.thundercomm.gamemode.ingame.services.GameModeActionUtils.startGameModeEntry:22 com.thundercomm.gamemode.ingame.services.ActivityMonitoringService$1.onActivityLaunch:127
12-09 12:31:23.752 D/GameModeIF_GameModeSettings( 9074): getUriFor setting_content_uri_root = content://com.thundercomm.gamemode.api/gamemode_settings , name = gamemode_isgaming
12-09 12:31:23.754 I/GameModeConfig( 1514): Current uri is uri = content://com.thundercomm.gamemode.api/gamemode_settings/gamemode_isgaming
12-09 12:31:23.754 D/GameModeIF_GameModeSettings( 1514): getUriFor setting_content_uri_root = content://com.thundercomm.gamemode.api/gamemode_settings , name = gamemode_isgaming
12-09 12:31:23.754 D/GameModeIF_GameModeSettings( 9074): gamemode_isgaming set to 0
12-09 12:31:23.754 D/GameMode_GameModeService( 9074): type=hide_entry
12-09 12:31:23.755 D/GameMode_GameSettingsObserver( 9074): Game Data change!!!! uri = content://com.thundercomm.gamemode.api/gamemode_settings/gamemode_isgaming
12-09 12:31:23.755 D/GameModeIF_GameModeSettings( 9074): getUriFor setting_content_uri_root = content://com.thundercomm.gamemode.api/gamemode_settings , name = gamemode_isgaming
12-09 12:31:23.755 I/GameModeConfig( 1514): isGameModeOn = false
12-09 12:31:23.755 I/GameModeConfig( 1514): isGameModeOn = false
12-09 12:31:23.755 I/GameModeConfig( 1514): isDisableVoice = true
12-09 12:31:23.766 D/GameMode_GameModeService( 9074): updateGlobalSettings = gamemode_isgaming
12-09 12:31:23.772 D/FreeWindowHelper( 2834): enterOrExitRecentTasks: isEnterRecentTasks=false,mExitFlag=1
12-09 12:31:23.772 W/FreeFormWindowHelper( 1514): exitRecentTasks type=1
12-09 12:31:23.774 E/PagedView( 2834): validateNewPage: failed to find a page < mMaxScrollX
12-09 12:31:23.778 D/AccountManagerService( 1514): bind attempt failed for Session: expectLaunch true, connected false, stats (0/0/0), lifetime 0.0, addAccount, accountType com.google, requiredFeatures null
12-09 12:31:23.789 W/WindowManager( 1514): updateScale0.7996942
12-09 12:31:23.800 W/WindowManager( 1514): updateScale0.7996942
12-09 12:31:23.804 W/WindowManager( 1514): updateScale0.7996942
12-09 12:31:23.805 W/WindowManager( 1514): updateScale0.7996942
12-09 12:31:23.806 I/EventSequenceValidator( 1514): Transition from ACTIVITY_LAUNCHED to ACTIVITY_FINISHED
12-09 12:31:23.808 I/ActivityTaskManager( 1514): Displayed com.android.calendar/.AllInOneActivity: +71ms
12-09 12:31:23.848 I/mpu_uart( 649): [MSG-P:RECV]:No message received in 1000 ms
12-09 12:31:24.091 W/WindowManager( 1514): updateScale0.7996942
12-09 12:31:24.180 I/OMX-VENC: venc_dev( 1203): stats: avg. fps 47.19, bitrate 1459095
12-09 12:31:24.183 E/PagedView( 2834): validateNewPage: failed to find a page < mMaxScrollX
12-09 12:31:24.183 I/OMX-VENC: venc_dev( 1203): stats: avg. fps 45.29, bitrate 4486296
12-09 12:31:24.591 W/swapper/0( 0): type=1400 audit(0.0:8355): avc: denied { kill } for capability=5 scontext=u:r:kernel:s0 tcontext=u:r:kernel:s0 tclass=capability permissive=0
12-09 12:31:24.848 I/mpu_uart( 649): [MSG-P:RECV]:No message received in 1000 ms
12-09 12:31:25.266 I/OMX-VENC: venc_dev( 1203): stats: avg. fps 13.82, bitrate 287882
12-09 12:31:25.591 W/swapper/0( 0): type=1400 audit(0.0:8356): avc: denied { kill } for capability=5 scontext=u:r:kernel:s0 tcontext=u:r:kernel:s0 tclass=capability permissive=0
12-09 12:31:25.848 I/mpu_uart( 649): [MSG-P:RECV]:No message received in 1000 ms
12-09 12:31:26.175 I/OMX-VENC: venc_dev( 1203): stats: avg. fps 4.02, bitrate 372920
12-09 12:31:26.268 I/OMX-VENC: venc_dev( 1203): stats: avg. fps 9.98, bitrate 58098
12-09 12:31:26.591 W/swapper/0( 0): type=1400 audit(0.0:8357): avc: denied { kill } for capability=5 scontext=u:r:kernel:s0 tcontext=u:r:kernel:s0 tclass=capability permissive=0
12-09 12:31:26.654 I/mpu_uart( 649): [MSG-P:R]:recv sync frame timeout
12-09 12:31:26.848 I/mpu_uart( 649): [MSG-P:RECV]:No message received in 1000 ms
