--------- beginning of main
12-09 12:23:00.002 D/KeyguardUpdateMonitor( 2372): received broadcast android.intent.action.TIME_TICK
12-09 12:23:00.009 D/KeyguardUpdateMonitor( 2372): handleTimeUpdate
12-09 12:23:00.069 I/OMX-VENC: venc_dev( 1203): stats: avg. fps 0.10, bitrate 954
12-09 12:23:00.591 W/swapper/2( 0): type=1400 audit(0.0:7912): avc: denied { kill } for capability=5 scontext=u:r:kernel:s0 tcontext=u:r:kernel:s0 tclass=capability permissive=0
12-09 12:23:00.661 I/mpu_uart( 649): [MSG-P:RECV]:No message received in 1000 ms
12-09 12:23:01.125 I/OMX-VENC: venc_dev( 1203): stats: avg. fps 10.42, bitrate 93109
12-09 12:23:01.591 W/swapper/2( 0): type=1400 audit(0.0:7913): avc: denied { kill } for capability=5 scontext=u:r:kernel:s0 tcontext=u:r:kernel:s0 tclass=capability permissive=0
12-09 12:23:01.661 I/mpu_uart( 649): [MSG-P:RECV]:No message received in 1000 ms
12-09 12:23:02.178 I/mpu_uart( 649): [MSG-P:R]:recv sync frame timeout
12-09 12:23:02.591 W/swapper/2( 0): type=1400 audit(0.0:7914): avc: denied { kill } for capability=5 scontext=u:r:kernel:s0 tcontext=u:r:kernel:s0 tclass=capability permissive=0
12-09 12:23:02.662 I/mpu_uart( 649): [MSG-P:RECV]:No message received in 1000 ms
12-09 12:23:03.591 W/swapper/2( 0): type=1400 audit(0.0:7915): avc: denied { kill } for capability=5 scontext=u:r:kernel:s0 tcontext=u:r:kernel:s0 tclass=capability permissive=0
12-09 12:23:03.663 I/mpu_uart( 649): [MSG-P:RECV]:No message received in 1000 ms --------- beginning of system
12-09 12:23:04.114 I/PowerManagerService( 1514): Napping display group (groupId=0, uid=1000)...
12-09 12:23:04.115 I/PowerManagerService( 1514): Nap time (uid 1000)...
12-09 12:23:04.117 I/DreamManagerService( 1514): Entering dreamland.
12-09 12:23:04.121 I/PowerManagerService( 1514): Dreaming...
12-09 12:23:04.128 I/DreamController( 1514): Starting dream: name=ComponentInfo{com.thundercomm.screensaver/com.thundercomm.saverclock.service.ClockScreensaver}, isTest=false, canDoze=false, userId=0
12-09 12:23:04.131 V/ShadeControllerImpl( 2372): NotificationShadeWindow: com.android.systemui.statusbar.phone.NotificationShadeWindowView{7f4383b I.E...... ......ID 0,0-2380,1020} canPanelBeCollapsed(): false
12-09 12:23:04.135 D/CompatibilityInfo( 1514): mCompatibilityFlags - 4
12-09 12:23:04.135 D/CompatibilityInfo( 1514): applicationDensity - 240
12-09 12:23:04.135 D/CompatibilityInfo( 1514): applicationScale - 1.0
12-09 12:23:04.141 I/ActivityTaskManager( 1514): START u0 {flg=0x10000000 pkg=com.thundercomm.screensaver cmp=com.thundercomm.screensaver/android.service.dreams.DreamActivity (has extras)} from uid 10051
12-09 12:23:04.142 I/EventSequenceValidator( 1514): Transition from ACTIVITY_FINISHED to INTENT_STARTED
12-09 12:23:04.152 W/ActivityTaskManager( 1514): Can't find TaskDisplayArea to determine support for multi window. Task id=135 attached=false
12-09 12:23:04.158 D/CompatibilityInfo( 1514): mCompatibilityFlags - 4
12-09 12:23:04.158 D/CompatibilityInfo( 1514): applicationDensity - 240
12-09 12:23:04.158 D/CompatibilityInfo( 1514): applicationScale - 1.0
12-09 12:23:04.159 D/ActivityTrigger( 1514): ActivityTrigger activityPauseTrigger
12-09 12:23:04.166 I/ActivityTaskManager( 1514): FOREGROUND_APPLICATION_CHANGED to android.service.dreams.DreamActivity
12-09 12:23:04.166 I/ActivityTaskManager( 1514): The Process com.thundercomm.screensaver Already Exists in BG. So sending its PID: 16014
12-09 12:23:04.167 W/ActivityTaskManager( 1514): Tried to set launchTime (0) < mLastActivityLaunchTime (24668692)
12-09 12:23:04.168 D/CompatibilityInfo( 1514): mCompatibilityFlags - 4
12-09 12:23:04.168 D/CompatibilityInfo( 1514): applicationDensity - 240
12-09 12:23:04.168 D/CompatibilityInfo( 1514): applicationScale - 1.0
12-09 12:23:04.177 I/GameMode_ActivityMonitoringService( 9074): onForegroundActivitiesChanged uid 10051 pid 16014 fg true
12-09 12:23:04.184 I/OMX-VENC: venc_dev( 1203): stats: avg. fps 1.31, bitrate 7865
12-09 12:23:04.195 I/GameMode_ActivityMonitoringService( 9074): Updating top task to: TaskInfoContainer [topActivity=ComponentInfo{com.thundercomm.screensaver/android.service.dreams.DreamActivity}, taskId=135, stackId=135, userId=0, displayId=0, position=6
12-09 12:23:04.195 I/GameMode_ActivityMonitoringService( 9074): Notifying about top task: TaskInfoContainer [topActivity=ComponentInfo{com.thundercomm.screensaver/android.service.dreams.DreamActivity}, taskId=135, stackId=135, userId=0, displayId=0, position=6
12-09 12:23:04.195 E/GameMode_ActivityMonitoringService( 9074): onActivityLaunch:com.thundercomm.screensaver
12-09 12:23:04.195 V/GameMode_GameTypeUtils( 9074): judge isGame:com.thundercomm.screensaver
12-09 12:23:04.196 V/GameMode_GpuUtils( 9074): fps:60
12-09 12:23:04.197 I/EventSequenceValidator( 1514): Transition from INTENT_STARTED to ACTIVITY_LAUNCHED
12-09 12:23:04.197 W/WindowManager( 1514): Failed looking up window session=Session{db89fb 16014:u0a10051} callers=com.android.server.wm.WindowManagerService.windowForClientLocked:5628 com.android.server.wm.Session.insetsModified:629 android.view.IWindowSession$Stub.onTransact:1151
12-09 12:23:04.200 D/KeyguardViewMediator( 2372): setOccluded true
12-09 12:23:04.203 V/KeyguardUpdateMonitor( 2372): startListeningForFingerprint()
12-09 12:23:04.204 D/GameMode_GameModeActionUtils( 9074): Show GameMode entry by service!
12-09 12:23:04.204 W/ContextImpl( 9074): Calling a method in the system process without a qualified user: android.app.ContextImpl.startService:1816 android.content.ContextWrapper.startService:774 com.thundercomm.gamemode.ingame.services.GameModeActionUtils.startGameModeService:99 com.thundercomm.gamemode.ingame.services.GameModeActionUtils.startGameModeEntry:22 com.thundercomm.gamemode.ingame.services.ActivityMonitoringService$1.onActivityLaunch:127
12-09 12:23:04.205 D/KeyguardViewMediator( 2372): adjustStatusBarLocked: mShowing=false mOccluded=true isSecure=false force=false --> flags=0x0
12-09 12:23:04.205 E/ThemeUtils(16014): View class androidx.appcompat.widget.AppCompatImageView is an AppCompat widget that can only be used with a Theme.AppCompat theme (or descendant).
12-09 12:23:04.205 D/GameModeIF_GameModeSettings( 9074): getUriFor setting_content_uri_root = content://com.thundercomm.gamemode.api/gamemode_settings , name = gamemode_isgaming
12-09 12:23:04.206 E/ThemeUtils(16014): View class androidx.appcompat.widget.AppCompatImageView is an AppCompat widget that can only be used with a Theme.AppCompat theme (or descendant).
12-09 12:23:04.207 E/ThemeUtils(16014): View class androidx.appcompat.widget.AppCompatImageView is an AppCompat widget that can only be used with a Theme.AppCompat theme (or descendant).
12-09 12:23:04.207 E/ThemeUtils(16014): View class androidx.appcompat.widget.AppCompatImageView is an AppCompat widget that can only be used with a Theme.AppCompat theme (or descendant).
12-09 12:23:04.208 D/GameMode_GameModeService( 9074): type=hide_entry
12-09 12:23:04.213 I/GameModeConfig( 1514): Current uri is uri = content://com.thundercomm.gamemode.api/gamemode_settings/gamemode_isgaming
12-09 12:23:04.213 D/GameModeIF_GameModeSettings( 1514): getUriFor setting_content_uri_root = content://com.thundercomm.gamemode.api/gamemode_settings , name = gamemode_isgaming
12-09 12:23:04.214 D/GameModeIF_GameModeSettings( 9074): gamemode_isgaming set to 0
12-09 12:23:04.218 D/GameMode_GameSettingsObserver( 9074): Game Data change!!!! uri = content://com.thundercomm.gamemode.api/gamemode_settings/gamemode_isgaming
12-09 12:23:04.219 D/GameModeIF_GameModeSettings( 9074): getUriFor setting_content_uri_root = content://com.thundercomm.gamemode.api/gamemode_settings , name = gamemode_isgaming
12-09 12:23:04.219 I/GameModeConfig( 1514): isGameModeOn = false
12-09 12:23:04.220 I/GameModeConfig( 1514): isGameModeOn = false
12-09 12:23:04.220 I/GameModeConfig( 1514): isDisableVoice = true
12-09 12:23:04.226 I/GameModeConfig( 1514): isGameModeOn = false
12-09 12:23:04.226 I/GameModeConfig( 1514): isGameModeOn = false
12-09 12:23:04.227 I/GameModeConfig( 1514): isGameModeOn = false
12-09 12:23:04.227 I/GameModeConfig( 1514): isGameModeOn = false
12-09 12:23:04.227 I/GameModeConfig( 1514): isGameModeOn = false
12-09 12:23:04.228 D/GameMode_GameModeService( 9074): updateGlobalSettings = gamemode_isgaming
12-09 12:23:04.231 I/BpBinder( 975): onLastStrongRef automatically unlinking death recipients:
12-09 12:23:04.243 V/DisplayPowerController[0]( 1514): Brightness [1.0] reason changing to: 'manual', previous reason: 'manual [ dim ]'.
12-09 12:23:04.243 I/EventSequenceValidator( 1514): Transition from ACTIVITY_LAUNCHED to ACTIVITY_FINISHED
12-09 12:23:04.251 W/View ( 2372): requestLayout() improperly called by android.widget.TextView{f259a0f V.ED..... ..S...ID 0,38-136,68 #7f0b00a4 app:id/app_label} during layout: running second layout pass
12-09 12:23:04.253 E/DisplayDeviceConfig( 1514): requesting nits when no mapping exists.
12-09 12:23:04.253 E/DisplayDeviceConfig( 1514): requesting nits when no mapping exists.
12-09 12:23:04.255 I/ActivityTaskManager( 1514): Displayed com.thundercomm.screensaver/android.service.dreams.DreamActivity: +96ms
12-09 12:23:04.256 D/StatusBar( 2372): disable disable2
12-09 12:23:04.259 W/View ( 2372): requestLayout() improperly called by android.widget.TextView{f259a0f V.ED..... ..S...ID 0,38-136,68 #7f0b00a4 app:id/app_label} during second layout pass: posting in next frame
12-09 12:23:04.269 E/DisplayDeviceConfig( 1514): requesting nits when no mapping exists.
12-09 12:23:04.269 E/DisplayDeviceConfig( 1514): requesting nits when no mapping exists.
12-09 12:23:04.274 I/GameMode_ActivityMonitoringService( 9074): onTaskStackChanged
12-09 12:23:04.278 I/GameMode_ActivityMonitoringService( 9074): Updating top task to: TaskInfoContainer [topActivity=ComponentInfo{com.thundercomm.screensaver/android.service.dreams.DreamActivity}, taskId=135, stackId=135, userId=0, displayId=0, position=6
12-09 12:23:04.278 I/GameMode_ActivityMonitoringService( 9074): Notifying about top task: TaskInfoContainer [topActivity=ComponentInfo{com.thundercomm.screensaver/android.service.dreams.DreamActivity}, taskId=135, stackId=135, userId=0, displayId=0, position=6
12-09 12:23:04.278 E/GameMode_ActivityMonitoringService( 9074): onActivityLaunch:com.thundercomm.screensaver
12-09 12:23:04.278 V/GameMode_GameTypeUtils( 9074): judge isGame:com.thundercomm.screensaver
12-09 12:23:04.278 V/GameMode_GpuUtils( 9074): fps:60
12-09 12:23:04.280 D/GameMode_GameModeActionUtils( 9074): Show GameMode entry by service!
12-09 12:23:04.281 W/ContextImpl( 9074): Calling a method in the system process without a qualified user: android.app.ContextImpl.startService:1816 android.content.ContextWrapper.startService:774 com.thundercomm.gamemode.ingame.services.GameModeActionUtils.startGameModeService:99 com.thundercomm.gamemode.ingame.services.GameModeActionUtils.startGameModeEntry:22 com.thundercomm.gamemode.ingame.services.ActivityMonitoringService$1.onActivityLaunch:127
12-09 12:23:04.282 D/GameMode_GameModeService( 9074): type=hide_entry
12-09 12:23:04.282 D/GameModeIF_GameModeSettings( 9074): getUriFor setting_content_uri_root = content://com.thundercomm.gamemode.api/gamemode_settings , name = gamemode_isgaming
12-09 12:23:04.283 I/GameModeConfig( 1514): Current uri is uri = content://com.thundercomm.gamemode.api/gamemode_settings/gamemode_isgaming
12-09 12:23:04.283 D/GameModeIF_GameModeSettings( 1514): getUriFor setting_content_uri_root = content://com.thundercomm.gamemode.api/gamemode_settings , name = gamemode_isgaming
12-09 12:23:04.283 D/GameMode_GameSettingsObserver( 9074): Game Data change!!!! uri = content://com.thundercomm.gamemode.api/gamemode_settings/gamemode_isgaming
12-09 12:23:04.283 D/GameModeIF_GameModeSettings( 9074): getUriFor setting_content_uri_root = content://com.thundercomm.gamemode.api/gamemode_settings , name = gamemode_isgaming
12-09 12:23:04.284 D/GameModeIF_GameModeSettings( 9074): gamemode_isgaming set to 0
12-09 12:23:04.285 I/GameModeConfig( 1514): isGameModeOn = false
12-09 12:23:04.285 I/GameModeConfig( 1514): isGameModeOn = false
12-09 12:23:04.286 I/GameModeConfig( 1514): isDisableVoice = true
12-09 12:23:04.286 D/GameMode_GameModeService( 9074): updateGlobalSettings = gamemode_isgaming
12-09 12:23:04.286 E/DisplayDeviceConfig( 1514): requesting nits when no mapping exists.
12-09 12:23:04.286 E/DisplayDeviceConfig( 1514): requesting nits when no mapping exists.
12-09 12:23:04.304 E/DisplayDeviceConfig( 1514): requesting nits when no mapping exists.
12-09 12:23:04.305 E/DisplayDeviceConfig( 1514): requesting nits when no mapping exists.
12-09 12:23:04.319 E/DisplayDeviceConfig( 1514): requesting nits when no mapping exists.
12-09 12:23:04.319 E/DisplayDeviceConfig( 1514): requesting nits when no mapping exists.
12-09 12:23:04.336 E/DisplayDeviceConfig( 1514): requesting nits when no mapping exists.
12-09 12:23:04.337 E/DisplayDeviceConfig( 1514): requesting nits when no mapping exists.
12-09 12:23:04.352 E/DisplayDeviceConfig( 1514): requesting nits when no mapping exists.
12-09 12:23:04.353 E/DisplayDeviceConfig( 1514): requesting nits when no mapping exists.
12-09 12:23:04.372 E/DisplayDeviceConfig( 1514): requesting nits when no mapping exists.
12-09 12:23:04.373 E/DisplayDeviceConfig( 1514): requesting nits when no mapping exists.
12-09 12:23:04.386 E/DisplayDeviceConfig( 1514): requesting nits when no mapping exists.
12-09 12:23:04.386 E/DisplayDeviceConfig( 1514): requesting nits when no mapping exists.
12-09 12:23:04.405 E/DisplayDeviceConfig( 1514): requesting nits when no mapping exists.
12-09 12:23:04.407 E/DisplayDeviceConfig( 1514): requesting nits when no mapping exists.
12-09 12:23:04.422 E/DisplayDeviceConfig( 1514): requesting nits when no mapping exists.
12-09 12:23:04.423 E/DisplayDeviceConfig( 1514): requesting nits when no mapping exists.
12-09 12:23:04.430 I/GameModeConfig( 1514): isGameModeOn = false
12-09 12:23:04.433 V/GameMode_GameTypeUtils( 9074): judge isGame:com.thundercomm.screensaver
12-09 12:23:04.433 E/GameMode_GameModeNotificationListenerService( 9074): title :content :,PackageName:com.android.systemui,isGameModeOn:false,isBulletScreenOn:false,isBulletScreenPackage:false
12-09 12:23:04.442 E/DisplayDeviceConfig( 1514): requesting nits when no mapping exists.
12-09 12:23:04.443 D/InterruptionStateProvider( 2372): No bubble up: not allowed to bubble: 0|com.android.systemui|2048|null|10082
12-09 12:23:04.443 E/DisplayDeviceConfig( 1514): requesting nits when no mapping exists.
12-09 12:23:04.443 D/InterruptionStateProvider( 2372): No heads up: unimportant notification: 0|com.android.systemui|2048|null|10082
12-09 12:23:04.453 E/DisplayDeviceConfig( 1514): requesting nits when no mapping exists.
12-09 12:23:04.453 E/DisplayDeviceConfig( 1514): requesting nits when no mapping exists.
12-09 12:23:04.453 D/PeopleSpaceWidgetMgr( 2372): Sbn doesn't contain valid PeopleTileKey: null/0/com.android.systemui
12-09 12:23:04.470 E/DisplayDeviceConfig( 1514): requesting nits when no mapping exists.
12-09 12:23:04.471 E/DisplayDeviceConfig( 1514): requesting nits when no mapping exists.
12-09 12:23:04.487 E/DisplayDeviceConfig( 1514): requesting nits when no mapping exists.
12-09 12:23:04.488 E/DisplayDeviceConfig( 1514): requesting nits when no mapping exists.
12-09 12:23:04.503 E/DisplayDeviceConfig( 1514): requesting nits when no mapping exists.
12-09 12:23:04.504 E/DisplayDeviceConfig( 1514): requesting nits when no mapping exists.
12-09 12:23:04.519 E/DisplayDeviceConfig( 1514): requesting nits when no mapping exists.
12-09 12:23:04.520 E/DisplayDeviceConfig( 1514): requesting nits when no mapping exists.
12-09 12:23:04.537 E/DisplayDeviceConfig( 1514): requesting nits when no mapping exists.
12-09 12:23:04.538 E/DisplayDeviceConfig( 1514): requesting nits when no mapping exists.
12-09 12:23:04.553 E/DisplayDeviceConfig( 1514): requesting nits when no mapping exists.
12-09 12:23:04.554 E/DisplayDeviceConfig( 1514): requesting nits when no mapping exists.
12-09 12:23:04.570 E/DisplayDeviceConfig( 1514): requesting nits when no mapping exists.
12-09 12:23:04.570 E/DisplayDeviceConfig( 1514): requesting nits when no mapping exists.
12-09 12:23:04.579 D/StateManager( 2834): goToState: Normal
12-09 12:23:04.586 E/DisplayDeviceConfig( 1514): requesting nits when no mapping exists.
12-09 12:23:04.586 E/DisplayDeviceConfig( 1514): requesting nits when no mapping exists.
12-09 12:23:04.590 I/GameMode_ActivityMonitoringService( 9074): onForegroundActivitiesChanged uid 10075 pid 2834 fg false
12-09 12:23:04.592 I/GameMode_ActivityMonitoringService( 9074): Updating top task to: TaskInfoContainer [topActivity=ComponentInfo{com.thundercomm.screensaver/android.service.dreams.DreamActivity}, taskId=135, stackId=135, userId=0, displayId=0, position=6
12-09 12:23:04.592 I/GameMode_ActivityMonitoringService( 9074): Notifying about top task: TaskInfoContainer [topActivity=ComponentInfo{com.thundercomm.screensaver/android.service.dreams.DreamActivity}, taskId=135, stackId=135, userId=0, displayId=0, position=6
12-09 12:23:04.592 E/GameMode_ActivityMonitoringService( 9074): onActivityLaunch:com.thundercomm.screensaver
12-09 12:23:04.592 V/GameMode_GameTypeUtils( 9074): judge isGame:com.thundercomm.screensaver
12-09 12:23:04.592 V/GameMode_GpuUtils( 9074): fps:60
12-09 12:23:04.595 D/GameMode_GameModeActionUtils( 9074): Show GameMode entry by service!
12-09 12:23:04.595 W/ContextImpl( 9074): Calling a method in the system process without a qualified user: android.app.ContextImpl.startService:1816 android.content.ContextWrapper.startService:774 com.thundercomm.gamemode.ingame.services.GameModeActionUtils.startGameModeService:99 com.thundercomm.gamemode.ingame.services.GameModeActionUtils.startGameModeEntry:22 com.thundercomm.gamemode.ingame.services.ActivityMonitoringService$1.onActivityLaunch:127
12-09 12:23:04.597 D/GameModeIF_GameModeSettings( 9074): getUriFor setting_content_uri_root = content://com.thundercomm.gamemode.api/gamemode_settings , name = gamemode_isgaming
12-09 12:23:04.597 D/GameMode_GameModeService( 9074): type=hide_entry
12-09 12:23:04.599 I/GameModeConfig( 1514): Current uri is uri = content://com.thundercomm.gamemode.api/gamemode_settings/gamemode_isgaming
12-09 12:23:04.599 D/GameModeIF_GameModeSettings( 1514): getUriFor setting_content_uri_root = content://com.thundercomm.gamemode.api/gamemode_settings , name = gamemode_isgaming
12-09 12:23:04.599 D/GameModeIF_GameModeSettings( 9074): gamemode_isgaming set to 0
12-09 12:23:04.600 I/GameModeConfig( 1514): isGameModeOn = false
12-09 12:23:04.600 I/GameModeConfig( 1514): isGameModeOn = false
12-09 12:23:04.600 I/GameModeConfig( 1514): isDisableVoice = true
12-09 12:23:04.601 D/GameMode_GameSettingsObserver( 9074): Game Data change!!!! uri = content://com.thundercomm.gamemode.api/gamemode_settings/gamemode_isgaming
12-09 12:23:04.601 D/GameModeIF_GameModeSettings( 9074): getUriFor setting_content_uri_root = content://com.thundercomm.gamemode.api/gamemode_settings , name = gamemode_isgaming
12-09 12:23:04.603 E/DisplayDeviceConfig( 1514): requesting nits when no mapping exists.
12-09 12:23:04.603 E/DisplayDeviceConfig( 1514): requesting nits when no mapping exists.
12-09 12:23:04.605 D/GameMode_GameModeService( 9074): updateGlobalSettings = gamemode_isgaming
12-09 12:23:04.617 E/DisplayDeviceConfig( 1514): requesting nits when no mapping exists.
12-09 12:23:04.618 E/DisplayDeviceConfig( 1514): requesting nits when no mapping exists.
12-09 12:23:04.634 E/DisplayDeviceConfig( 1514): requesting nits when no mapping exists.
12-09 12:23:04.634 E/DisplayDeviceConfig( 1514): requesting nits when no mapping exists.
12-09 12:23:04.651 E/DisplayDeviceConfig( 1514): requesting nits when no mapping exists.
12-09 12:23:04.652 E/DisplayDeviceConfig( 1514): requesting nits when no mapping exists.
12-09 12:23:04.663 I/mpu_uart( 649): [MSG-P:RECV]:No message received in 1000 ms
12-09 12:23:04.668 E/DisplayDeviceConfig( 1514): requesting nits when no mapping exists.
12-09 12:23:04.669 E/DisplayDeviceConfig( 1514): requesting nits when no mapping exists.
12-09 12:23:04.684 E/DisplayDeviceConfig( 1514): requesting nits when no mapping exists.
12-09 12:23:04.685 E/DisplayDeviceConfig( 1514): requesting nits when no mapping exists.
12-09 12:23:04.701 E/DisplayDeviceConfig( 1514): requesting nits when no mapping exists.
12-09 12:23:04.701 E/DisplayDeviceConfig( 1514): requesting nits when no mapping exists.
12-09 12:23:04.718 E/DisplayDeviceConfig( 1514): requesting nits when no mapping exists.
12-09 12:23:04.718 E/DisplayDeviceConfig( 1514): requesting nits when no mapping exists.
12-09 12:23:04.735 E/DisplayDeviceConfig( 1514): requesting nits when no mapping exists.
12-09 12:23:04.736 E/DisplayDeviceConfig( 1514): requesting nits when no mapping exists.
12-09 12:23:04.751 E/DisplayDeviceConfig( 1514): requesting nits when no mapping exists.
12-09 12:23:04.752 E/DisplayDeviceConfig( 1514): requesting nits when no mapping exists.
12-09 12:23:04.768 E/DisplayDeviceConfig( 1514): requesting nits when no mapping exists.
12-09 12:23:04.769 E/DisplayDeviceConfig( 1514): requesting nits when no mapping exists.
12-09 12:23:04.785 E/DisplayDeviceConfig( 1514): requesting nits when no mapping exists.
12-09 12:23:04.785 E/DisplayDeviceConfig( 1514): requesting nits when no mapping exists.
12-09 12:23:04.801 E/DisplayDeviceConfig( 1514): requesting nits when no mapping exists.
12-09 12:23:04.802 E/DisplayDeviceConfig( 1514): requesting nits when no mapping exists.
12-09 12:23:04.818 E/DisplayDeviceConfig( 1514): requesting nits when no mapping exists.
12-09 12:23:04.820 E/DisplayDeviceConfig( 1514): requesting nits when no mapping exists.
12-09 12:23:04.835 E/DisplayDeviceConfig( 1514): requesting nits when no mapping exists.
12-09 12:23:04.836 E/DisplayDeviceConfig( 1514): requesting nits when no mapping exists.
12-09 12:23:04.851 E/DisplayDeviceConfig( 1514): requesting nits when no mapping exists.
12-09 12:23:04.852 E/DisplayDeviceConfig( 1514): requesting nits when no mapping exists.
12-09 12:23:04.868 E/DisplayDeviceConfig( 1514): requesting nits when no mapping exists.
12-09 12:23:04.869 E/DisplayDeviceConfig( 1514): requesting nits when no mapping exists.
12-09 12:23:04.885 E/DisplayDeviceConfig( 1514): requesting nits when no mapping exists.
12-09 12:23:04.885 E/DisplayDeviceConfig( 1514): requesting nits when no mapping exists.
12-09 12:23:04.901 E/DisplayDeviceConfig( 1514): requesting nits when no mapping exists.
12-09 12:23:04.902 E/DisplayDeviceConfig( 1514): requesting nits when no mapping exists.
12-09 12:23:04.918 E/DisplayDeviceConfig( 1514): requesting nits when no mapping exists.
12-09 12:23:04.919 E/DisplayDeviceConfig( 1514): requesting nits when no mapping exists.
12-09 12:23:04.935 E/DisplayDeviceConfig( 1514): requesting nits when no mapping exists.
12-09 12:23:04.935 E/DisplayDeviceConfig( 1514): requesting nits when no mapping exists.
12-09 12:23:04.952 E/DisplayDeviceConfig( 1514): requesting nits when no mapping exists.
12-09 12:23:04.953 E/DisplayDeviceConfig( 1514): requesting nits when no mapping exists.
12-09 12:23:04.968 E/DisplayDeviceConfig( 1514): requesting nits when no mapping exists.
12-09 12:23:04.969 E/DisplayDeviceConfig( 1514): requesting nits when no mapping exists.
12-09 12:23:04.985 E/DisplayDeviceConfig( 1514): requesting nits when no mapping exists.
12-09 12:23:04.986 E/DisplayDeviceConfig( 1514): requesting nits when no mapping exists.
12-09 12:23:05.003 E/DisplayDeviceConfig( 1514): requesting nits when no mapping exists.
12-09 12:23:05.003 E/DisplayDeviceConfig( 1514): requesting nits when no mapping exists.
12-09 12:23:05.019 E/DisplayDeviceConfig( 1514): requesting nits when no mapping exists.
12-09 12:23:05.019 E/DisplayDeviceConfig( 1514): requesting nits when no mapping exists.
12-09 12:23:05.035 E/DisplayDeviceConfig( 1514): requesting nits when no mapping exists.
12-09 12:23:05.036 E/DisplayDeviceConfig( 1514): requesting nits when no mapping exists.
12-09 12:23:05.052 E/DisplayDeviceConfig( 1514): requesting nits when no mapping exists.
12-09 12:23:05.052 E/DisplayDeviceConfig( 1514): requesting nits when no mapping exists.
12-09 12:23:05.070 E/DisplayDeviceConfig( 1514): requesting nits when no mapping exists.
12-09 12:23:05.071 E/DisplayDeviceConfig( 1514): requesting nits when no mapping exists.
12-09 12:23:05.085 E/DisplayDeviceConfig( 1514): requesting nits when no mapping exists.
12-09 12:23:05.086 E/DisplayDeviceConfig( 1514): requesting nits when no mapping exists.
12-09 12:23:05.102 E/DisplayDeviceConfig( 1514): requesting nits when no mapping exists.
12-09 12:23:05.103 E/DisplayDeviceConfig( 1514): requesting nits when no mapping exists.
12-09 12:23:05.119 E/DisplayDeviceConfig( 1514): requesting nits when no mapping exists.
12-09 12:23:05.119 E/DisplayDeviceConfig( 1514): requesting nits when no mapping exists.
12-09 12:23:05.135 E/DisplayDeviceConfig( 1514): requesting nits when no mapping exists.
12-09 12:23:05.136 E/DisplayDeviceConfig( 1514): requesting nits when no mapping exists.
12-09 12:23:05.152 E/DisplayDeviceConfig( 1514): requesting nits when no mapping exists.
12-09 12:23:05.153 E/DisplayDeviceConfig( 1514): requesting nits when no mapping exists.
12-09 12:23:05.169 E/DisplayDeviceConfig( 1514): requesting nits when no mapping exists.
12-09 12:23:05.169 E/DisplayDeviceConfig( 1514): requesting nits when no mapping exists.
12-09 12:23:05.180 I/mpu_uart( 649): [MSG-P:R]:recv sync frame timeout
12-09 12:23:05.185 E/DisplayDeviceConfig( 1514): requesting nits when no mapping exists.
12-09 12:23:05.186 I/OMX-VENC: venc_dev( 1203): stats: avg. fps 58.93, bitrate 613511
12-09 12:23:05.186 E/DisplayDeviceConfig( 1514): requesting nits when no mapping exists.
12-09 12:23:05.203 E/DisplayDeviceConfig( 1514): requesting nits when no mapping exists.
12-09 12:23:05.203 E/DisplayDeviceConfig( 1514): requesting nits when no mapping exists.
12-09 12:23:05.632 D/ConnectivityService( 1514): Data stall detected with methods: 1
12-09 12:23:05.633 D/NetworkMonitor/104( 2515): isDataStall: result=1, tcp packets received=0, latest tcp fail rate=-1, consecutive dns timeout count=219
12-09 12:23:05.633 D/NetworkMonitor/104( 2515): Suspecting data stall, reevaluate
12-09 12:23:05.635 D/NetworkMonitor/104( 2515): Validation disabled.
12-09 12:23:05.641 D/ConnectivityService( 1514): [104 WIFI] validation passed
12-09 12:23:05.665 I/mpu_uart( 649): [MSG-P:RECV]:No message received in 1000 ms
12-09 12:23:06.191 I/OMX-VENC: venc_dev( 1203): stats: avg. fps 59.71, bitrate 194116
12-09 12:23:06.591 W/swapper/2( 0): type=1400 audit(0.0:7916): avc: denied { kill } for capability=5 scontext=u:r:kernel:s0 tcontext=u:r:kernel:s0 tclass=capability permissive=0
12-09 12:23:06.667 I/mpu_uart( 649): [MSG-P:RECV]:No message received in 1000 ms
12-09 12:23:07.283 I/OMX-VENC: venc_dev( 1203): stats: avg. fps 54.02, bitrate 149061
12-09 12:23:07.591 W/swapper/2( 0): type=1400 audit(0.0:7917): avc: denied { kill } for capability=5 scontext=u:r:kernel:s0 tcontext=u:r:kernel:s0 tclass=capability permissive=0
12-09 12:23:07.668 I/mpu_uart( 649): [MSG-P:RECV]:No message received in 1000 ms
12-09 12:23:08.183 I/mpu_uart( 649): [MSG-P:R]:recv sync frame timeout
12-09 12:23:08.591 W/swapper/2( 0): type=1400 audit(0.0:7918): avc: denied { kill } for capability=5 scontext=u:r:kernel:s0 tcontext=u:r:kernel:s0 tclass=capability permissive=0
12-09 12:23:08.668 I/mpu_uart( 649): [MSG-P:RECV]:No message received in 1000 ms
12-09 12:23:09.591 W/swapper/2( 0): type=1400 audit(0.0:7919): avc: denied { kill } for capability=5 scontext=u:r:kernel:s0 tcontext=u:r:kernel:s0 tclass=capability permissive=0
12-09 12:23:09.668 I/mpu_uart( 649): [MSG-P:RECV]:No message received in 1000 ms
12-09 12:23:10.591 W/swapper/2( 0): type=1400 audit(0.0:7920): avc: denied { kill } for capability=5 scontext=u:r:kernel:s0 tcontext=u:r:kernel:s0 tclass=capability permissive=0
12-09 12:23:10.668 I/mpu_uart( 649): [MSG-P:RECV]:No message received in 1000 ms
12-09 12:23:11.186 I/mpu_uart( 649): [MSG-P:R]:recv sync frame timeout
12-09 12:23:11.591 W/swapper/2( 0): type=1400 audit(0.0:7921): avc: denied { kill } for capability=5 scontext=u:r:kernel:s0 tcontext=u:r:kernel:s0 tclass=capability permissive=0
12-09 12:23:11.669 I/mpu_uart( 649): [MSG-P:RECV]:No message received in 1000 ms
12-09 12:23:12.669 I/mpu_uart( 649): [MSG-P:RECV]:No message received in 1000 ms
12-09 12:23:13.591 W/swapper/1( 0): type=1400 audit(0.0:7922): avc: denied { kill } for capability=5 scontext=u:r:kernel:s0 tcontext=u:r:kernel:s0 tclass=capability permissive=0
12-09 12:23:13.669 I/mpu_uart( 649): [MSG-P:RECV]:No message received in 1000 ms
12-09 12:23:14.188 I/mpu_uart( 649): [MSG-P:R]:recv sync frame timeout
12-09 12:23:14.442 I/GameModeConfig( 1514): isGameModeOn = false
12-09 12:23:14.460 D/InterruptionStateProvider( 2372): No bubble up: not allowed to bubble: -1|android|26|null|1000
12-09 12:23:14.460 D/InterruptionStateProvider( 2372): No alerting: filtered notification: 0|com.android.systemui|1|empty_media|10082
12-09 12:23:14.460 D/InterruptionStateProvider( 2372): No bubble up: not allowed to bubble: 0|com.android.systemui|2048|null|10082
12-09 12:23:14.460 D/InterruptionStateProvider( 2372): No bubble up: not allowed to bubble: 0|com.github.uiautomator|1|null|10101
12-09 12:23:14.461 D/InterruptionStateProvider( 2372): No bubble up: not allowed to bubble: -1|android|32|null|1000
12-09 12:23:14.591 W/swapper/1( 0): type=1400 audit(0.0:7923): avc: denied { kill } for capability=5 scontext=u:r:kernel:s0 tcontext=u:r:kernel:s0 tclass=capability permissive=0
12-09 12:23:14.669 I/mpu_uart( 649): [MSG-P:RECV]:No message received in 1000 ms
12-09 12:23:15.591 W/swapper/1( 0): type=1400 audit(0.0:7924): avc: denied { kill } for capability=5 scontext=u:r:kernel:s0 tcontext=u:r:kernel:s0 tclass=capability permissive=0
12-09 12:23:15.669 I/mpu_uart( 649): [MSG-P:RECV]:No message received in 1000 ms
12-09 12:23:16.591 W/swapper/1( 0): type=1400 audit(0.0:7925): avc: denied { kill } for capability=5 scontext=u:r:kernel:s0 tcontext=u:r:kernel:s0 tclass=capability permissive=0
12-09 12:23:16.670 I/mpu_uart( 649): [MSG-P:RECV]:No message received in 1000 ms
12-09 12:23:17.188 I/mpu_uart( 649): [MSG-P:R]:recv sync frame timeout
12-09 12:23:17.591 W/swapper/1( 0): type=1400 audit(0.0:7926): avc: denied { kill } for capability=5 scontext=u:r:kernel:s0 tcontext=u:r:kernel:s0 tclass=capability permissive=0
12-09 12:23:17.670 I/mpu_uart( 649): [MSG-P:RECV]:No message received in 1000 ms
12-09 12:23:18.591 W/swapper/1( 0): type=1400 audit(0.0:7927): avc: denied { kill } for capability=5 scontext=u:r:kernel:s0 tcontext=u:r:kernel:s0 tclass=capability permissive=0
12-09 12:23:18.670 I/mpu_uart( 649): [MSG-P:RECV]:No message received in 1000 ms
12-09 12:23:19.591 W/swapper/1( 0): type=1400 audit(0.0:7928): avc: denied { kill } for capability=5 scontext=u:r:kernel:s0 tcontext=u:r:kernel:s0 tclass=capability permissive=0
12-09 12:23:19.670 I/mpu_uart( 649): [MSG-P:RECV]:No message received in 1000 ms
12-09 12:23:20.192 I/mpu_uart( 649): [MSG-P:R]:recv sync frame timeout
12-09 12:23:20.591 W/swapper/1( 0): type=1400 audit(0.0:7929): avc: denied { kill } for capability=5 scontext=u:r:kernel:s0 tcontext=u:r:kernel:s0 tclass=capability permissive=0
12-09 12:23:20.671 I/mpu_uart( 649): [MSG-P:RECV]:No message received in 1000 ms
12-09 12:23:20.861 I/selfinstaller( 1187): create socket failed: No route to host 113
12-09 12:23:21.591 W/swapper/1( 0): type=1400 audit(0.0:7930): avc: denied { kill } for capability=5 scontext=u:r:kernel:s0 tcontext=u:r:kernel:s0 tclass=capability permissive=0
12-09 12:23:21.671 I/mpu_uart( 649): [MSG-P:RECV]:No message received in 1000 ms
12-09 12:23:22.591 W/swapper/1( 0): type=1400 audit(0.0:7931): avc: denied { kill } for capability=5 scontext=u:r:kernel:s0 tcontext=u:r:kernel:s0 tclass=capability permissive=0
12-09 12:23:22.671 I/mpu_uart( 649): [MSG-P:RECV]:No message received in 1000 ms
12-09 12:23:23.195 I/mpu_uart( 649): [MSG-P:R]:recv sync frame timeout
12-09 12:23:23.591 W/swapper/1( 0): type=1400 audit(0.0:7932): avc: denied { kill } for capability=5 scontext=u:r:kernel:s0 tcontext=u:r:kernel:s0 tclass=capability permissive=0
12-09 12:23:23.671 I/mpu_uart( 649): [MSG-P:RECV]:No message received in 1000 ms
12-09 12:23:24.591 W/swapper/1( 0): type=1400 audit(0.0:7933): avc: denied { kill } for capability=5 scontext=u:r:kernel:s0 tcontext=u:r:kernel:s0 tclass=capability permissive=0
12-09 12:23:24.672 I/mpu_uart( 649): [MSG-P:RECV]:No message received in 1000 ms
12-09 12:23:25.591 W/swapper/1( 0): type=1400 audit(0.0:7934): avc: denied { kill } for capability=5 scontext=u:r:kernel:s0 tcontext=u:r:kernel:s0 tclass=capability permissive=0
12-09 12:23:25.598 I/hpplay-java( 3295): [main]:IMTask:getIMRoot
12-09 12:23:25.667 D/ConnectivityService( 1514): Data stall detected with methods: 1
12-09 12:23:25.668 D/NetworkMonitor/104( 2515): isDataStall: result=1, tcp packets received=0, latest tcp fail rate=-1, consecutive dns timeout count=219
12-09 12:23:25.668 D/NetworkMonitor/104( 2515): Suspecting data stall, reevaluate
12-09 12:23:25.670 D/NetworkMonitor/104( 2515): Validation disabled.
12-09 12:23:25.672 I/mpu_uart( 649): [MSG-P:RECV]:No message received in 1000 ms
12-09 12:23:25.675 D/ConnectivityService( 1514): [104 WIFI] validation passed
12-09 12:23:26.198 I/mpu_uart( 649): [MSG-P:R]:recv sync frame timeout
12-09 12:23:26.591 W/swapper/1( 0): type=1400 audit(0.0:7935): avc: denied { kill } for capability=5 scontext=u:r:kernel:s0 tcontext=u:r:kernel:s0 tclass=capability permissive=0
12-09 12:23:26.672 I/mpu_uart( 649): [MSG-P:RECV]:No message received in 1000 ms
12-09 12:23:27.591 W/swapper/1( 0): type=1400 audit(0.0:7936): avc: denied { kill } for capability=5 scontext=u:r:kernel:s0 tcontext=u:r:kernel:s0 tclass=capability permissive=0
12-09 12:23:27.672 I/mpu_uart( 649): [MSG-P:RECV]:No message received in 1000 ms
12-09 12:23:28.591 W/swapper/1( 0): type=1400 audit(0.0:7937): avc: denied { kill } for capability=5 scontext=u:r:kernel:s0 tcontext=u:r:kernel:s0 tclass=capability permissive=0
12-09 12:23:28.672 I/mpu_uart( 649): [MSG-P:RECV]:No message received in 1000 ms
12-09 12:23:29.202 I/mpu_uart( 649): [MSG-P:R]:recv sync frame timeout
12-09 12:23:29.591 W/swapper/1( 0): type=1400 audit(0.0:7938): avc: denied { kill } for capability=5 scontext=u:r:kernel:s0 tcontext=u:r:kernel:s0 tclass=capability permissive=0
12-09 12:23:29.673 I/mpu_uart( 649): [MSG-P:RECV]:No message received in 1000 ms
12-09 12:23:30.591 W/swapper/1( 0): type=1400 audit(0.0:7939): avc: denied { kill } for capability=5 scontext=u:r:kernel:s0 tcontext=u:r:kernel:s0 tclass=capability permissive=0
12-09 12:23:30.673 I/mpu_uart( 649): [MSG-P:RECV]:No message received in 1000 ms
12-09 12:23:31.591 W/swapper/1( 0): type=1400 audit(0.0:7940): avc: denied { kill } for capability=5 scontext=u:r:kernel:s0 tcontext=u:r:kernel:s0 tclass=capability permissive=0
12-09 12:23:31.673 I/mpu_uart( 649): [MSG-P:RECV]:No message received in 1000 ms
12-09 12:23:32.055 D/ActivityTrigger( 1514): ActivityTrigger activityPauseTrigger
12-09 12:23:32.064 I/DreamManagerService( 1514): Gently waking up from dream.
12-09 12:23:32.065 I/DreamManagerService( 1514): Performing gentle wake from dream.
12-09 12:23:32.067 I/ActivityTaskManager( 1514): FOREGROUND_APPLICATION_CHANGED to com.android.launcher3.uioverrides.QuickstepLauncher
12-09 12:23:32.069 D/KeyguardViewMediator( 2372): setOccluded false
12-09 12:23:32.071 D/StatusBar( 2372): disable disable2
12-09 12:23:32.075 D/KeyguardViewMediator( 2372): adjustStatusBarLocked: mShowing=false mOccluded=false isSecure=false force=false --> flags=0x0
12-09 12:23:32.078 I/GameMode_ActivityMonitoringService( 9074): onForegroundActivitiesChanged uid 10075 pid 2834 fg true
12-09 12:23:32.081 I/GameMode_ActivityMonitoringService( 9074): Updating top task to: TaskInfoContainer [topActivity=ComponentInfo{com.android.launcher3/com.android.launcher3.uioverrides.QuickstepLauncher}, taskId=10, stackId=1, userId=0, displayId=0, position=5
12-09 12:23:32.081 I/GameMode_ActivityMonitoringService( 9074): Notifying about top task: TaskInfoContainer [topActivity=ComponentInfo{com.android.launcher3/com.android.launcher3.uioverrides.QuickstepLauncher}, taskId=10, stackId=1, userId=0, displayId=0, position=5
12-09 12:23:32.081 E/GameMode_ActivityMonitoringService( 9074): onActivityLaunch:com.android.launcher3
12-09 12:23:32.081 V/GameMode_GameTypeUtils( 9074): judge isGame:com.android.launcher3
12-09 12:23:32.081 V/GameMode_GpuUtils( 9074): fps:60
12-09 12:23:32.083 D/GameMode_GameModeActionUtils( 9074): Show GameMode entry by service!
12-09 12:23:32.083 W/ContextImpl( 9074): Calling a method in the system process without a qualified user: android.app.ContextImpl.startService:1816 android.content.ContextWrapper.startService:774 com.thundercomm.gamemode.ingame.services.GameModeActionUtils.startGameModeService:99 com.thundercomm.gamemode.ingame.services.GameModeActionUtils.startGameModeEntry:22 com.thundercomm.gamemode.ingame.services.ActivityMonitoringService$1.onActivityLaunch:127
12-09 12:23:32.084 D/GameModeIF_GameModeSettings( 9074): getUriFor setting_content_uri_root = content://com.thundercomm.gamemode.api/gamemode_settings , name = gamemode_isgaming
12-09 12:23:32.084 D/GameMode_GameModeService( 9074): type=hide_entry
12-09 12:23:32.089 I/GameModeConfig( 1514): Current uri is uri = content://com.thundercomm.gamemode.api/gamemode_settings/gamemode_isgaming
12-09 12:23:32.089 D/GameModeIF_GameModeSettings( 1514): getUriFor setting_content_uri_root = content://com.thundercomm.gamemode.api/gamemode_settings , name = gamemode_isgaming
12-09 12:23:32.089 D/GameModeIF_GameModeSettings( 9074): gamemode_isgaming set to 0
12-09 12:23:32.091 D/GameMode_GameSettingsObserver( 9074): Game Data change!!!! uri = content://com.thundercomm.gamemode.api/gamemode_settings/gamemode_isgaming
12-09 12:23:32.091 D/GameModeIF_GameModeSettings( 9074): getUriFor setting_content_uri_root = content://com.thundercomm.gamemode.api/gamemode_settings , name = gamemode_isgaming
12-09 12:23:32.091 I/GameModeConfig( 1514): isGameModeOn = false
12-09 12:23:32.092 I/GameModeConfig( 1514): isGameModeOn = false
12-09 12:23:32.092 I/GameModeConfig( 1514): isDisableVoice = true
12-09 12:23:32.094 D/GameMode_GameModeService( 9074): updateGlobalSettings = gamemode_isgaming
12-09 12:23:32.101 I/OMX-VENC: venc_dev( 1203): stats: avg. fps 0.44, bitrate 520
12-09 12:23:32.131 I/PowerManagerService( 1514): Powering on display group fromDreaming (groupId=0, uid=1000, reason=WAKE_REASON_UNKNOWN, details=android.server.power:DREAM_FINISHED)...
12-09 12:23:32.131 I/PowerManagerService( 1514): Waking up from Dreaming (uid=1000, reason=WAKE_REASON_UNKNOWN, details=android.server.power:DREAM_FINISHED)...
12-09 12:23:32.178 I/GameMode_ActivityMonitoringService( 9074): onTaskStackChanged
12-09 12:23:32.181 I/GameMode_ActivityMonitoringService( 9074): Updating top task to: TaskInfoContainer [topActivity=ComponentInfo{com.android.launcher3/com.android.launcher3.uioverrides.QuickstepLauncher}, taskId=10, stackId=1, userId=0, displayId=0, position=5
12-09 12:23:32.181 I/GameMode_ActivityMonitoringService( 9074): Notifying about top task: TaskInfoContainer [topActivity=ComponentInfo{com.android.launcher3/com.android.launcher3.uioverrides.QuickstepLauncher}, taskId=10, stackId=1, userId=0, displayId=0, position=5
12-09 12:23:32.182 E/GameMode_ActivityMonitoringService( 9074): onActivityLaunch:com.android.launcher3
12-09 12:23:32.182 V/GameMode_GameTypeUtils( 9074): judge isGame:com.android.launcher3
12-09 12:23:32.182 V/GameMode_GpuUtils( 9074): fps:60
12-09 12:23:32.185 D/GameMode_GameModeActionUtils( 9074): Show GameMode entry by service!
12-09 12:23:32.185 W/ContextImpl( 9074): Calling a method in the system process without a qualified user: android.app.ContextImpl.startService:1816 android.content.ContextWrapper.startService:774 com.thundercomm.gamemode.ingame.services.GameModeActionUtils.startGameModeService:99 com.thundercomm.gamemode.ingame.services.GameModeActionUtils.startGameModeEntry:22 com.thundercomm.gamemode.ingame.services.ActivityMonitoringService$1.onActivityLaunch:127
12-09 12:23:32.187 D/GameMode_GameModeService( 9074): type=hide_entry
12-09 12:23:32.189 D/GameModeIF_GameModeSettings( 9074): getUriFor setting_content_uri_root = content://com.thundercomm.gamemode.api/gamemode_settings , name = gamemode_isgaming
12-09 12:23:32.192 D/GameMode_GameSettingsObserver( 9074): Game Data change!!!! uri = content://com.thundercomm.gamemode.api/gamemode_settings/gamemode_isgaming
12-09 12:23:32.192 D/GameModeIF_GameModeSettings( 9074): getUriFor setting_content_uri_root = content://com.thundercomm.gamemode.api/gamemode_settings , name = gamemode_isgaming
12-09 12:23:32.193 I/GameModeConfig( 1514): Current uri is uri = content://com.thundercomm.gamemode.api/gamemode_settings/gamemode_isgaming
12-09 12:23:32.194 D/GameModeIF_GameModeSettings( 1514): getUriFor setting_content_uri_root = content://com.thundercomm.gamemode.api/gamemode_settings , name = gamemode_isgaming
12-09 12:23:32.194 D/GameMode_GameModeService( 9074): updateGlobalSettings = gamemode_isgaming
12-09 12:23:32.195 D/GameModeIF_GameModeSettings( 9074): gamemode_isgaming set to 0
12-09 12:23:32.195 I/GameModeConfig( 1514): isGameModeOn = false
12-09 12:23:32.195 I/GameModeConfig( 1514): isGameModeOn = false
12-09 12:23:32.195 I/GameModeConfig( 1514): isDisableVoice = true
12-09 12:23:32.205 I/mpu_uart( 649): [MSG-P:R]:recv sync frame timeout
12-09 12:23:32.378 I/GameMode_ActivityMonitoringService( 9074): onForegroundActivitiesChanged uid 10051 pid 16014 fg false
12-09 12:23:32.382 I/GameMode_ActivityMonitoringService( 9074): Updating top task to: TaskInfoContainer [topActivity=ComponentInfo{com.android.launcher3/com.android.launcher3.uioverrides.QuickstepLauncher}, taskId=10, stackId=1, userId=0, displayId=0, position=5
12-09 12:23:32.382 I/GameMode_ActivityMonitoringService( 9074): Notifying about top task: TaskInfoContainer [topActivity=ComponentInfo{com.android.launcher3/com.android.launcher3.uioverrides.QuickstepLauncher}, taskId=10, stackId=1, userId=0, displayId=0, position=5
12-09 12:23:32.382 E/GameMode_ActivityMonitoringService( 9074): onActivityLaunch:com.android.launcher3
12-09 12:23:32.382 V/GameMode_GameTypeUtils( 9074): judge isGame:com.android.launcher3
12-09 12:23:32.382 V/GameMode_GpuUtils( 9074): fps:60
12-09 12:23:32.385 D/GameMode_GameModeActionUtils( 9074): Show GameMode entry by service!
12-09 12:23:32.385 W/ContextImpl( 9074): Calling a method in the system process without a qualified user: android.app.ContextImpl.startService:1816 android.content.ContextWrapper.startService:774 com.thundercomm.gamemode.ingame.services.GameModeActionUtils.startGameModeService:99 com.thundercomm.gamemode.ingame.services.GameModeActionUtils.startGameModeEntry:22 com.thundercomm.gamemode.ingame.services.ActivityMonitoringService$1.onActivityLaunch:127
12-09 12:23:32.389 D/GameMode_GameModeService( 9074): type=hide_entry
12-09 12:23:32.390 D/GameModeIF_GameModeSettings( 9074): getUriFor setting_content_uri_root = content://com.thundercomm.gamemode.api/gamemode_settings , name = gamemode_isgaming
12-09 12:23:32.392 I/GameModeConfig( 1514): Current uri is uri = content://com.thundercomm.gamemode.api/gamemode_settings/gamemode_isgaming
12-09 12:23:32.392 D/GameModeIF_GameModeSettings( 1514): getUriFor setting_content_uri_root = content://com.thundercomm.gamemode.api/gamemode_settings , name = gamemode_isgaming
12-09 12:23:32.392 D/GameMode_GameSettingsObserver( 9074): Game Data change!!!! uri = content://com.thundercomm.gamemode.api/gamemode_settings/gamemode_isgaming
12-09 12:23:32.392 D/GameModeIF_GameModeSettings( 9074): getUriFor setting_content_uri_root = content://com.thundercomm.gamemode.api/gamemode_settings , name = gamemode_isgaming
12-09 12:23:32.392 D/GameModeIF_GameModeSettings( 9074): gamemode_isgaming set to 0
12-09 12:23:32.394 I/GameModeConfig( 1514): isGameModeOn = false
12-09 12:23:32.394 I/GameModeConfig( 1514): isGameModeOn = false
12-09 12:23:32.394 I/GameModeConfig( 1514): isDisableVoice = true
12-09 12:23:32.394 D/GameMode_GameModeService( 9074): updateGlobalSettings = gamemode_isgaming
12-09 12:23:32.401 I/DreamManagerService( 1514): Leaving dreamland.
12-09 12:23:32.405 I/DreamManagerService( 1514): Performing gentle wake from dream.
12-09 12:23:32.405 I/DreamController( 1514): Stopping dream: name=ComponentInfo{com.thundercomm.screensaver/com.thundercomm.saverclock.service.ClockScreensaver}, isTest=false, canDoze=false, userId=0, reason='finished self'(from 'finished self')
12-09 12:23:32.414 W/InputManager-JNI( 1514): Input channel object '9a57266 com.thundercomm.screensaver/android.service.dreams.DreamActivity (client)' was disposed without first being removed with the input manager!
12-09 12:23:32.424 W/ActivityTaskManager( 1514): Can't find TaskDisplayArea to determine support for multi window. Task id=135 attached=false
12-09 12:23:32.591 W/swapper/1( 0): type=1400 audit(0.0:7941): avc: denied { kill } for capability=5 scontext=u:r:kernel:s0 tcontext=u:r:kernel:s0 tclass=capability permissive=0
12-09 12:23:32.673 I/mpu_uart( 649): [MSG-P:RECV]:No message received in 1000 ms
12-09 12:23:33.178 I/OMX-VENC: venc_dev( 1203): stats: avg. fps 34.35, bitrate 420354
12-09 12:23:33.591 W/swapper/1( 0): type=1400 audit(0.0:7942): avc: denied { kill } for capability=5 scontext=u:r:kernel:s0 tcontext=u:r:kernel:s0 tclass=capability permissive=0
12-09 12:23:33.674 I/mpu_uart( 649): [MSG-P:RECV]:No message received in 1000 ms
12-09 12:23:34.005 D/EditModeHelper( 2834): setHotseatVisibility: 8
12-09 12:23:34.009 D/FreeWindowContainer( 2834): reloadTask: null
12-09 12:23:34.027 I/InputDispatcher( 1514): Monitor swipe-up (server) is stealing touch from [4dc5ed0 com.android.launcher3/com.android.launcher3.uioverrides.QuickstepLauncher (server), 275647e com.android.systemui.ImageWallpaper (server), ]
12-09 12:23:34.030 V/ShadeControllerImpl( 2372): NotificationShadeWindow: com.android.systemui.statusbar.phone.NotificationShadeWindowView{7f4383b I.E...... ......ID 0,0-2380,1020} canPanelBeCollapsed(): false
12-09 12:23:34.053 I/OpenGLRenderer( 2834): Davey! duration=9223346607773ms; Flags=0, FrameTimelineVsyncId=401304, IntendedVsync=25429081409330, Vsync=25429081409330, InputEventId=414810138, HandleInputStart=25429081639984, AnimationStart=25429104384203, PerformTraversalsStart=25429104412588, DrawStart=25429107792172, FrameDeadline=25429102742662, FrameInterval=25429081637953, FrameStartTime=16666666, SyncQueued=25429108355974, SyncStart=25429108496286, IssueDrawCommandsStart=25429109048734, SwapBuffers=25429113478526, FrameCompleted=9223372036854775807, DequeueBufferDuration=43645, QueueBufferDuration=834166, GpuCompleted=9223372036854775807, SwapBuffersCompleted=25429115070557, DisplayPresentTime=0,
12-09 12:23:34.190 I/OMX-VENC: venc_dev( 1203): stats: avg. fps 13.83, bitrate 431368
12-09 12:23:34.206 D/NoButtonQuickSwitchTouchController( 2834): onMotionPauseDetected:
12-09 12:23:34.213 D/vendor.qti.vibrator( 877): Vibrator perform effect 0
12-09 12:23:34.243 D/vendor.qti.vibrator( 877): Vibrator on for timeoutMs: 30
12-09 12:23:34.244 D/vendor.qti.vibrator( 877): Starting on on another thread
12-09 12:23:34.272 D/NoButtonQuickSwitchTouchController( 2834): onDragEnd: noFling=true,isPaused=true,velocity=PointF(-0.1383749, -0.08860734)
12-09 12:23:34.272 D/EditModeHelper( 2834): setHotseatVisibility: 0
12-09 12:23:34.274 D/vendor.qti.vibrator( 877): Notifying on complete
12-09 12:23:34.275 D/vendor.qti.vibrator( 877): QTI Vibrator off
12-09 12:23:34.291 W/View ( 2834): requestLayout() improperly called by com.android.launcher3.views.NoInsetView{a9fdf28 V.ED..... ......ID 2038,0-2380,1020 #7f09007c app:id/bg_hotseat} during layout: running second layout pass
12-09 12:23:34.354 I/OpenGLRenderer( 2834): Davey! duration=9223346607471ms; Flags=0, FrameTimelineVsyncId=401350, IntendedVsync=25429382566120, Vsync=25429382566120, InputEventId=0, HandleInputStart=25429382862172, AnimationStart=25429382863526, PerformTraversalsStart=25429385565974, DrawStart=25429385734047, FrameDeadline=25429420566118, FrameInterval=25429382858578, FrameStartTime=16666666, SyncQueued=25429390805401, SyncStart=25429391227536, IssueDrawCommandsStart=25429391719359, SwapBuffers=25429417837276, FrameCompleted=9223372036854775807, DequeueBufferDuration=24948, QueueBufferDuration=858646, GpuCompleted=9223372036854775807, SwapBuffersCompleted=25429419746390, DisplayPresentTime=0,
12-09 12:23:34.593 D/StateManager( 2834): goToState: Overview
12-09 12:23:34.594 D/FreeWindowHelper( 2834): enterOrExitRecentTasks: isEnterRecentTasks=true,mExitFlag=0
12-09 12:23:34.598 D/FreeWindowContainer( 2834): reloadTask: null
12-09 12:23:34.621 D/EditModeHelper( 2834): setHotseatVisibility: 0
12-09 12:23:34.674 I/mpu_uart( 649): [MSG-P:RECV]:No message received in 1000 ms
12-09 12:23:35.208 I/mpu_uart( 649): [MSG-P:R]:recv sync frame timeout
12-09 12:23:35.273 I/OMX-VENC: venc_dev( 1203): stats: avg. fps 25.85, bitrate 638238
12-09 12:23:35.591 W/swapper/1( 0): type=1400 audit(0.0:7943): avc: denied { kill } for capability=5 scontext=u:r:kernel:s0 tcontext=u:r:kernel:s0 tclass=capability permissive=0
12-09 12:23:35.619 W/hpplay-java( 3295): [AsyncTask #1014]:HttpRequest:
12-09 12:23:35.620 D/NetworkMonitor/104( 2515): isDataStall: result=1, tcp packets received=0, latest tcp fail rate=-1, consecutive dns timeout count=220
12-09 12:23:35.620 D/NetworkMonitor/104( 2515): Suspecting data stall, reevaluate
12-09 12:23:35.620 W/hpplay-java( 3295): [AsyncTask #1014]:HttpRequest:
12-09 12:23:35.621 D/ConnectivityService( 1514): Data stall detected with methods: 1
