12-09 12:27:43.103 I/OMX-VENC: venc_dev( 1203): stats: avg. fps 9.98, bitrate 60309
12-09 12:27:43.591 W/swapper/3( 0): type=1400 audit(0.0:8160): avc: denied { kill } for capability=5 scontext=u:r:kernel:s0 tcontext=u:r:kernel:s0 tclass=capability permissive=0
12-09 12:27:43.606 I/OMX-VENC: venc_dev( 1203): stats: avg. fps 2.00, bitrate 186908
12-09 12:27:43.749 E/TaskPersister( 1514): File error accessing recents directory (directory doesn't exist?).
12-09 12:27:43.761 I/mpu_uart( 649): [MSG-P:RECV]:No message received in 1000 ms
12-09 12:27:44.104 I/OMX-VENC: venc_dev( 1203): stats: avg. fps 9.99, bitrate 60839
12-09 12:27:44.458 I/mpu_uart( 649): [MSG-P:R]:recv sync frame timeout
12-09 12:27:44.591 W/swapper/3( 0): type=1400 audit(0.0:8161): avc: denied { kill } for capability=5 scontext=u:r:kernel:s0 tcontext=u:r:kernel:s0 tclass=capability permissive=0
12-09 12:27:44.762 I/mpu_uart( 649): [MSG-P:RECV]:No message received in 1000 ms
12-09 12:27:45.105 I/OMX-VENC: venc_dev( 1203): stats: avg. fps 11.99, bitrate 70843
12-09 12:27:45.591 W/kworker/3:2(17574): type=1400 audit(0.0:8162): avc: denied { kill } for capability=5 scontext=u:r:kernel:s0 tcontext=u:r:kernel:s0 tclass=capability permissive=0
12-09 12:27:45.612 I/OMX-VENC: venc_dev( 1203): stats: avg. fps 1.99, bitrate 533418
12-09 12:27:45.762 I/mpu_uart( 649): [MSG-P:RECV]:No message received in 1000 ms
12-09 12:27:46.041 D/UIAutomatorStub(18567): URI: /jsonrpc/0, Method: POST, params, {NanoHttpd.QUERY_STRING=null}, files: {postData={"jsonrpc": "2.0", "id": "f32328406bc816d5acf5d42d296a02ec", "method": "waitForExists", "params": [{"mask": 2097152, "childOrSibling": [], "childOrSiblingSelector": [], "resourceId": "android:id/move_window"}, 3000]}}
12-09 12:27:46.044 W/QueryController(18567): Could not detect idle state.
12-09 12:27:46.113 I/OMX-VENC: venc_dev( 1203): stats: avg. fps 8.93, bitrate 52307
12-09 12:27:46.125 D/UIAutomatorStub(18567): URI: /jsonrpc/0, Method: POST, params, {NanoHttpd.QUERY_STRING=null}, files: {postData={"jsonrpc": "2.0", "id": "85c5d50f3acb348307da2fd5a8b18a64", "method": "objInfo", "params": [{"mask": 2097152, "childOrSibling": [], "childOrSiblingSelector": [], "resourceId": "android:id/move_window"}]}}
12-09 12:27:46.129 W/QueryController(18567): Could not detect idle state.
12-09 12:27:46.147 W/QueryController(18567): Could not detect idle state.
12-09 12:27:46.150 W/QueryController(18567): Could not detect idle state.
12-09 12:27:46.151 W/QueryController(18567): Could not detect idle state.
12-09 12:27:46.152 W/QueryController(18567): Could not detect idle state.
12-09 12:27:46.153 W/QueryController(18567): Could not detect idle state.
12-09 12:27:46.155 W/QueryController(18567): Could not detect idle state.
12-09 12:27:46.156 W/QueryController(18567): Could not detect idle state.
12-09 12:27:46.157 W/QueryController(18567): Could not detect idle state.
12-09 12:27:46.158 W/QueryController(18567): Could not detect idle state.
12-09 12:27:46.160 W/QueryController(18567): Could not detect idle state.
12-09 12:27:46.161 W/QueryController(18567): Could not detect idle state.
12-09 12:27:46.162 W/QueryController(18567): Could not detect idle state.
12-09 12:27:46.163 W/QueryController(18567): Could not detect idle state.
12-09 12:27:46.164 W/QueryController(18567): Could not detect idle state.
12-09 12:27:46.165 W/QueryController(18567): Could not detect idle state.
12-09 12:27:46.167 W/QueryController(18567): Could not detect idle state.
12-09 12:27:46.168 W/QueryController(18567): Could not detect idle state.
12-09 12:27:46.221 D/UIAutomatorStub(18567): URI: /jsonrpc/0, Method: POST, params, {NanoHttpd.QUERY_STRING=null}, files: {postData={"jsonrpc": "2.0", "id": "06e5cc79b22625e98944f261ba68650c", "method": "click", "params": [261.5, 99.0]}}
12-09 12:27:46.462 I/selfinstaller( 1187): create socket failed: No route to host 113
12-09 12:27:46.629 I/OMX-VENC: venc_dev( 1203): stats: avg. fps 14.74, bitrate 540929
12-09 12:27:46.762 I/mpu_uart( 649): [MSG-P:RECV]:No message received in 1000 ms
12-09 12:27:47.132 I/OMX-VENC: venc_dev( 1203): stats: avg. fps 20.62, bitrate 120640
12-09 12:27:47.443 D/UIAutomatorStub(18567): URI: /jsonrpc/0, Method: POST, params, {NanoHttpd.QUERY_STRING=null}, files: {postData={"jsonrpc": "2.0", "id": "e695e0cf66aeb957a39e365891cf2c1c", "method": "exist", "params": [{"mask": 2097152, "childOrSibling": [], "childOrSiblingSelector": [], "resourceId": "android:id/caption"}]}}
12-09 12:27:47.446 W/QueryController(18567): Could not detect idle state.
12-09 12:27:47.461 I/mpu_uart( 649): [MSG-P:R]:recv sync frame timeout
12-09 12:27:47.591 W/swapper/3( 0): type=1400 audit(0.0:8163): avc: denied { kill } for capability=5 scontext=u:r:kernel:s0 tcontext=u:r:kernel:s0 tclass=capability permissive=0
12-09 12:27:47.763 I/mpu_uart( 649): [MSG-P:RECV]:No message received in 1000 ms
12-09 12:27:48.134 I/OMX-VENC: venc_dev( 1203): stats: avg. fps 1.33, bitrate 49675
12-09 12:27:48.236 I/OMX-VENC: venc_dev( 1203): stats: avg. fps 11.78, bitrate 68757
12-09 12:27:48.591 W/swapper/3( 0): type=1400 audit(0.0:8164): avc: denied { kill } for capability=5 scontext=u:r:kernel:s0 tcontext=u:r:kernel:s0 tclass=capability permissive=0
12-09 12:27:48.763 I/mpu_uart( 649): [MSG-P:RECV]:No message received in 1000 ms
12-09 12:27:49.320 I/OMX-VENC: venc_dev( 1203): stats: avg. fps 9.23, bitrate 54087
12-09 12:27:49.548 D/ProcessState(19498): Binder ioctl to enable oneway spam detection failed: Invalid argument
12-09 12:27:49.553 D/StateManager( 2834): goToState: Overview
12-09 12:27:49.554 D/EditModeHelper( 2834): setHotseatVisibility: 0
12-09 12:27:49.557 V/ShadeControllerImpl( 2372): NotificationShadeWindow: com.android.systemui.statusbar.phone.NotificationShadeWindowView{7f4383b I.E...... ......ID 0,0-2380,1020} canPanelBeCollapsed(): false
12-09 12:27:49.570 D/UIAutomatorStub(18567): URI: /jsonrpc/0, Method: POST, params, {NanoHttpd.QUERY_STRING=null}, files: {postData={"jsonrpc": "2.0", "id": "e1290127202aed674db8363ec5658c16", "method": "waitForExists", "params": [{"mask": 2097153, "childOrSibling": [], "childOrSiblingSelector": [], "resourceId": "com.android.launcher3:id/name_tv", "text": "\u65e5\u5386"}, 3000]}}
12-09 12:27:49.573 W/QueryController(18567): Could not detect idle state.
12-09 12:27:49.576 D/FreeWindowHelper( 2834): enterOrExitRecentTasks: isEnterRecentTasks=true,mExitFlag=1
12-09 12:27:49.585 D/ActivityTrigger( 1514): ActivityTrigger activityPauseTrigger
12-09 12:27:49.592 D/FreeWindowContainer( 2834): reloadTask: TaskInfo{userId=0 taskId=153 displayId=0 isRunning=false baseIntent=Intent { flg=0x10008000 cmp=com.android.calendar/.AllInOneActivity } baseActivity=null topActivity=null origActivity=null realActivity=ComponentInfo{com.android.calendar/com.android.calendar.AllInOneActivity} numActivities=0 lastActiveTime=25684663 supportsSplitScreenMultiWindow=true supportsMultiWindow=true resizeMode=1 isResizeable=true token=WCT{android.window.IWindowContainerToken$Stub$Proxy@37be360} topActivityType=1 pictureInPictureParams=null displayCutoutSafeInsets=null topActivityInfo=null launchCookies=[] positionInParent=Point(0, 72) parentTaskId=-1 isFocused=false isVisible=true topActivityInSizeCompat=false locusId= null}
12-09 12:27:49.595 I/ActivityTaskManager( 1514): FOREGROUND_APPLICATION_CHANGED to com.android.launcher3.uioverrides.QuickstepLauncher
12-09 12:27:49.601 W/UiDevice(18567): Skipping null root node for window: AccessibilityWindowInfo[title=日历, displayId=0, id=140, type=TYPE_APPLICATION, layer=1, region=SkRegion((0,72,418,814)), bounds=Rect(0, 72 - 418, 814), focused=true, active=true, pictureInPicture=false, hasParent=false, isAnchored=false, hasChildren=false]
12-09 12:27:49.614 W/InputManager-JNI( 1514): Input channel object 'f7cac51 com.android.calendar/com.android.calendar.AllInOneActivity (client)' was disposed without first being removed with the input manager!
12-09 12:27:49.617 I/GameMode_ActivityMonitoringService( 9074): onForegroundActivitiesChanged uid 10069 pid 19196 fg false
12-09 12:27:49.624 W/ActivityTaskManager( 1514): getTaskSnapshot: taskId=152 not found
12-09 12:27:49.625 I/GameMode_ActivityMonitoringService( 9074): Updating top task to: TaskInfoContainer [topActivity=ComponentInfo{com.android.launcher3/com.android.launcher3.uioverrides.QuickstepLauncher}, taskId=10, stackId=1, userId=0, displayId=0, position=6
12-09 12:27:49.625 I/GameMode_ActivityMonitoringService( 9074): Notifying about top task: TaskInfoContainer [topActivity=ComponentInfo{com.android.launcher3/com.android.launcher3.uioverrides.QuickstepLauncher}, taskId=10, stackId=1, userId=0, displayId=0, position=6
12-09 12:27:49.625 E/GameMode_ActivityMonitoringService( 9074): onActivityLaunch:com.android.launcher3
12-09 12:27:49.625 V/GameMode_GameTypeUtils( 9074): judge isGame:com.android.launcher3
12-09 12:27:49.625 V/GameMode_GpuUtils( 9074): fps:60
12-09 12:27:49.627 D/GameMode_GameModeActionUtils( 9074): Show GameMode entry by service!
12-09 12:27:49.627 I/OMX-VENC: venc_dev( 1203): stats: avg. fps 2.01, bitrate 75341
12-09 12:27:49.627 W/ContextImpl( 9074): Calling a method in the system process without a qualified user: android.app.ContextImpl.startService:1816 android.content.ContextWrapper.startService:774 com.thundercomm.gamemode.ingame.services.GameModeActionUtils.startGameModeService:99 com.thundercomm.gamemode.ingame.services.GameModeActionUtils.startGameModeEntry:22 com.thundercomm.gamemode.ingame.services.ActivityMonitoringService$1.onActivityLaunch:127
12-09 12:27:49.628 W/ActivityTaskManager( 1514): getTaskSnapshot: taskId=5152 not found
12-09 12:27:49.629 D/GameMode_GameModeService( 9074): type=hide_entry
12-09 12:27:49.629 D/GameModeIF_GameModeSettings( 9074): getUriFor setting_content_uri_root = content://com.thundercomm.gamemode.api/gamemode_settings , name = gamemode_isgaming
12-09 12:27:49.630 W/ActivityTaskManager( 1514): getTaskSnapshot: taskId=4152 not found
12-09 12:27:49.634 I/GameModeConfig( 1514): Current uri is uri = content://com.thundercomm.gamemode.api/gamemode_settings/gamemode_isgaming
12-09 12:27:49.634 D/GameModeIF_GameModeSettings( 1514): getUriFor setting_content_uri_root = content://com.thundercomm.gamemode.api/gamemode_settings , name = gamemode_isgaming
12-09 12:27:49.635 W/ActivityTaskManager( 1514): getTaskSnapshot: taskId=3152 not found
12-09 12:27:49.636 D/GameModeIF_GameModeSettings( 9074): gamemode_isgaming set to 0
12-09 12:27:49.639 D/GameMode_GameSettingsObserver( 9074): Game Data change!!!! uri = content://com.thundercomm.gamemode.api/gamemode_settings/gamemode_isgaming
12-09 12:27:49.639 D/GameModeIF_GameModeSettings( 9074): getUriFor setting_content_uri_root = content://com.thundercomm.gamemode.api/gamemode_settings , name = gamemode_isgaming
12-09 12:27:49.641 D/GameMode_GameModeService( 9074): updateGlobalSettings = gamemode_isgaming
12-09 12:27:49.642 I/GameModeConfig( 1514): isGameModeOn = false
12-09 12:27:49.642 I/GameModeConfig( 1514): isGameModeOn = false
12-09 12:27:49.642 I/GameModeConfig( 1514): isDisableVoice = true
12-09 12:27:49.647 D/skia ( 1514): --- Failed to create image decoder with message 'unimplemented'
12-09 12:27:49.647 W/WindowManager( 1514): Failed to load bitmap: /data/system_ce/0/snapshots/153.jpg
12-09 12:27:49.651 D/BaseIconFactory( 2834): normalizeAndWrapToAdaptiveIcon: scale=0.8095241
12-09 12:27:49.655 W/ActivityTaskManager( 1514): getTaskSnapshot: taskId=5153 not found
12-09 12:27:49.657 W/ActivityTaskManager( 1514): getTaskSnapshot: taskId=5153 not found
12-09 12:27:49.658 D/BaseIconFactory( 2834): normalizeAndWrapToAdaptiveIcon: scale=0.8095241
12-09 12:27:49.662 W/ActivityTaskManager( 1514): getTaskSnapshot: taskId=4153 not found
12-09 12:27:49.663 D/BaseIconFactory( 2834): normalizeAndWrapToAdaptiveIcon: scale=0.8095241
12-09 12:27:49.664 W/ActivityTaskManager( 1514): getTaskSnapshot: taskId=3153 not found
12-09 12:27:49.664 D/BaseIconFactory( 2834): normalizeAndWrapToAdaptiveIcon: scale=0.8095241
12-09 12:27:49.665 W/ActivityTaskManager( 1514): getTaskSnapshot: taskId=2153 not found
12-09 12:27:49.666 D/BaseIconFactory( 2834): normalizeAndWrapToAdaptiveIcon: scale=0.8095241
12-09 12:27:49.666 W/ActivityTaskManager( 1514): getTaskSnapshot: taskId=1153 not found
12-09 12:27:49.667 D/BaseIconFactory( 2834): normalizeAndWrapToAdaptiveIcon: scale=0.8095241
12-09 12:27:49.676 W/ActivityTaskManager( 1514): getTaskSnapshot: taskId=2153 not found
12-09 12:27:49.677 W/ActivityTaskManager( 1514): getTaskSnapshot: taskId=1153 not found
12-09 12:27:49.697 I/GameMode_ActivityMonitoringService( 9074): onTaskStackChanged
12-09 12:27:49.700 I/GameMode_ActivityMonitoringService( 9074): Updating top task to: TaskInfoContainer [topActivity=ComponentInfo{com.android.launcher3/com.android.launcher3.uioverrides.QuickstepLauncher}, taskId=10, stackId=1, userId=0, displayId=0, position=6
12-09 12:27:49.700 I/GameMode_ActivityMonitoringService( 9074): Notifying about top task: TaskInfoContainer [topActivity=ComponentInfo{com.android.launcher3/com.android.launcher3.uioverrides.QuickstepLauncher}, taskId=10, stackId=1, userId=0, displayId=0, position=6
12-09 12:27:49.700 E/GameMode_ActivityMonitoringService( 9074): onActivityLaunch:com.android.launcher3
12-09 12:27:49.700 V/GameMode_GameTypeUtils( 9074): judge isGame:com.android.launcher3
12-09 12:27:49.700 V/GameMode_GpuUtils( 9074): fps:60
12-09 12:27:49.701 D/libEGL ( 1514): MSAA-->msaa:0 gamemode:0 4x_msaa:0
12-09 12:27:49.702 D/libEGL ( 1514): MSAA-->msaa:0 gamemode:0 4x_msaa:0
12-09 12:27:49.703 D/libEGL ( 1514): MSAA-->msaa:0 gamemode:0 4x_msaa:0
12-09 12:27:49.705 D/GameMode_GameModeActionUtils( 9074): Show GameMode entry by service!
12-09 12:27:49.705 D/UIAutomatorStub(18567): URI: /jsonrpc/0, Method: POST, params, {NanoHttpd.QUERY_STRING=null}, files: {postData={"jsonrpc": "2.0", "id": "7e421a53eea6af294fe87347ff7785d5", "method": "objInfo", "params": [{"mask": 2097153, "childOrSibling": [], "childOrSiblingSelector": [], "resourceId": "com.android.launcher3:id/name_tv", "text": "\u65e5\u5386"}]}}
12-09 12:27:49.705 W/ContextImpl( 9074): Calling a method in the system process without a qualified user: android.app.ContextImpl.startService:1816 android.content.ContextWrapper.startService:774 com.thundercomm.gamemode.ingame.services.GameModeActionUtils.startGameModeService:99 com.thundercomm.gamemode.ingame.services.GameModeActionUtils.startGameModeEntry:22 com.thundercomm.gamemode.ingame.services.ActivityMonitoringService$1.onActivityLaunch:127
12-09 12:27:49.706 W/QueryController(18567): Could not detect idle state.
12-09 12:27:49.708 D/GameMode_GameModeService( 9074): type=hide_entry
12-09 12:27:49.708 D/GameModeIF_GameModeSettings( 9074): getUriFor setting_content_uri_root = content://com.thundercomm.gamemode.api/gamemode_settings , name = gamemode_isgaming
12-09 12:27:49.712 I/GameModeConfig( 1514): Current uri is uri = content://com.thundercomm.gamemode.api/gamemode_settings/gamemode_isgaming
12-09 12:27:49.712 D/GameModeIF_GameModeSettings( 1514): getUriFor setting_content_uri_root = content://com.thundercomm.gamemode.api/gamemode_settings , name = gamemode_isgaming
12-09 12:27:49.712 D/GameMode_GameSettingsObserver( 9074): Game Data change!!!! uri = content://com.thundercomm.gamemode.api/gamemode_settings/gamemode_isgaming
12-09 12:27:49.712 D/GameModeIF_GameModeSettings( 9074): getUriFor setting_content_uri_root = content://com.thundercomm.gamemode.api/gamemode_settings , name = gamemode_isgaming
12-09 12:27:49.712 D/GameModeIF_GameModeSettings( 9074): gamemode_isgaming set to 0
12-09 12:27:49.713 I/GameModeConfig( 1514): isGameModeOn = false
12-09 12:27:49.713 I/GameModeConfig( 1514): isGameModeOn = false
12-09 12:27:49.713 I/GameModeConfig( 1514): isDisableVoice = true
12-09 12:27:49.714 D/GameMode_GameModeService( 9074): updateGlobalSettings = gamemode_isgaming
12-09 12:27:49.735 W/QueryController(18567): Could not detect idle state.
12-09 12:27:49.740 W/QueryController(18567): Could not detect idle state.
12-09 12:27:49.749 W/QueryController(18567): Could not detect idle state.
12-09 12:27:49.751 W/QueryController(18567): Could not detect idle state.
12-09 12:27:49.752 W/QueryController(18567): Could not detect idle state.
12-09 12:27:49.753 W/QueryController(18567): Could not detect idle state.
12-09 12:27:49.753 W/QueryController(18567): Could not detect idle state.
12-09 12:27:49.755 W/QueryController(18567): Could not detect idle state.
12-09 12:27:49.764 I/mpu_uart( 649): [MSG-P:RECV]:No message received in 1000 ms
12-09 12:27:49.768 W/QueryController(18567): Could not detect idle state.
12-09 12:27:49.769 W/QueryController(18567): Could not detect idle state.
12-09 12:27:49.770 W/QueryController(18567): Could not detect idle state.
12-09 12:27:49.772 W/QueryController(18567): Could not detect idle state.
12-09 12:27:49.784 W/QueryController(18567): Could not detect idle state.
12-09 12:27:49.786 W/QueryController(18567): Could not detect idle state.
12-09 12:27:49.787 W/QueryController(18567): Could not detect idle state.
12-09 12:27:49.803 W/QueryController(18567): Could not detect idle state.
12-09 12:27:49.806 W/QueryController(18567): Could not detect idle state.
12-09 12:27:49.870 D/UIAutomatorStub(18567): URI: /jsonrpc/0, Method: POST, params, {NanoHttpd.QUERY_STRING=null}, files: {postData={"jsonrpc": "2.0", "id": "e3e7e3b35d2f65539d591ef209cf6ac9", "method": "click", "params": [206.0, 405.0]}}
12-09 12:27:49.888 D/FreeFormWindowHelper( 1514): Remove freefrom task=Task{c2f663 #153 type=standard A=10069:android.task.calendar U=0 visible=false mode=freeform translucent=true sz=0}
12-09 12:27:49.984 W/System ( 1514): A resource failed to call close.
12-09 12:27:49.985 W/System ( 1514): A resource failed to call close.
12-09 12:27:49.985 W/System ( 1514): A resource failed to call close.
12-09 12:27:49.985 W/System ( 1514): A resource failed to call close.
12-09 12:27:50.044 D/FreeWindowHelper( 2834): setExitFlag: old=0,new=1
12-09 12:27:50.045 I/ActivityTaskManager( 1514): START u0 {flg=0x10008000 cmp=com.android.calendar/.AllInOneActivity} from uid 10075
12-09 12:27:50.045 I/EventSequenceValidator( 1514): Transition from ACTIVITY_FINISHED to INTENT_STARTED
12-09 12:27:50.047 E/ANDR-PERF-JNI( 1514): com_qualcomm_qtiperformance_native_perf_io_prefetch_start
12-09 12:27:50.047 W/ActivityTaskManager( 1514): Can't find TaskDisplayArea to determine support for multi window. Task id=154 attached=false
12-09 12:27:50.048 D/FreeFormWindowHelper( 1514): Add freeform task=Task{e7ce4ab #154 type=standard ?? U=0 visible=false mode=freeform translucent=true sz=0}
12-09 12:27:50.050 D/CompatibilityInfo( 1514): mCompatibilityFlags - 4
12-09 12:27:50.050 D/CompatibilityInfo( 1514): applicationDensity - 240
12-09 12:27:50.050 D/CompatibilityInfo( 1514): applicationScale - 1.0
12-09 12:27:50.050 I/ActivityTaskManager( 1514): FOREGROUND_APPLICATION_CHANGED to com.android.calendar.AllInOneActivity
12-09 12:27:50.050 I/ActivityTaskManager( 1514): The Process com.android.calendar Already Exists in BG. So sending its PID: 19196
12-09 12:27:50.051 W/ActivityTaskManager( 1514): Tried to set launchTime (0) < mLastActivityLaunchTime (25675026)
12-09 12:27:50.051 E/ANDR-IOP( 865): io prefetch is disabled
12-09 12:27:50.051 D/CompatibilityInfo( 1514): mCompatibilityFlags - 4
12-09 12:27:50.051 D/CompatibilityInfo( 1514): applicationDensity - 240
12-09 12:27:50.051 D/CompatibilityInfo( 1514): applicationScale - 1.0
12-09 12:27:50.054 D/StateManager( 2834): goToState: Normal
12-09 12:27:50.055 D/EditModeHelper( 2834): setHotseatVisibility: 0
12-09 12:27:50.057 I/GameMode_ActivityMonitoringService( 9074): onForegroundActivitiesChanged uid 10069 pid 19196 fg true
12-09 12:27:50.059 I/EventSequenceValidator( 1514): Transition from INTENT_STARTED to ACTIVITY_LAUNCHED
12-09 12:27:50.060 I/GameMode_ActivityMonitoringService( 9074): Updating top task to: TaskInfoContainer [topActivity=ComponentInfo{com.android.calendar/com.android.calendar.AllInOneActivity}, taskId=154, stackId=154, userId=0, displayId=0, position=6
12-09 12:27:50.060 I/GameMode_ActivityMonitoringService( 9074): Notifying about top task: TaskInfoContainer [topActivity=ComponentInfo{com.android.calendar/com.android.calendar.AllInOneActivity}, taskId=154, stackId=154, userId=0, displayId=0, position=6
12-09 12:27:50.060 E/GameMode_ActivityMonitoringService( 9074): onActivityLaunch:com.android.calendar
12-09 12:27:50.060 V/GameMode_GameTypeUtils( 9074): judge isGame:com.android.calendar
12-09 12:27:50.060 V/GameMode_GpuUtils( 9074): fps:60
12-09 12:27:50.070 D/GameMode_GameModeActionUtils( 9074): Show GameMode entry by service!
12-09 12:27:50.070 W/ContextImpl( 9074): Calling a method in the system process without a qualified user: android.app.ContextImpl.startService:1816 android.content.ContextWrapper.startService:774 com.thundercomm.gamemode.ingame.services.GameModeActionUtils.startGameModeService:99 com.thundercomm.gamemode.ingame.services.GameModeActionUtils.startGameModeEntry:22 com.thundercomm.gamemode.ingame.services.ActivityMonitoringService$1.onActivityLaunch:127
12-09 12:27:50.073 D/GameModeIF_GameModeSettings( 9074): getUriFor setting_content_uri_root = content://com.thundercomm.gamemode.api/gamemode_settings , name = gamemode_isgaming
12-09 12:27:50.073 D/GameMode_GameModeService( 9074): type=hide_entry
12-09 12:27:50.078 I/GameModeConfig( 1514): Current uri is uri = content://com.thundercomm.gamemode.api/gamemode_settings/gamemode_isgaming
12-09 12:27:50.078 D/GameModeIF_GameModeSettings( 1514): getUriFor setting_content_uri_root = content://com.thundercomm.gamemode.api/gamemode_settings , name = gamemode_isgaming
12-09 12:27:50.078 D/GameMode_GameSettingsObserver( 9074): Game Data change!!!! uri = content://com.thundercomm.gamemode.api/gamemode_settings/gamemode_isgaming
12-09 12:27:50.078 D/GameModeIF_GameModeSettings( 9074): getUriFor setting_content_uri_root = content://com.thundercomm.gamemode.api/gamemode_settings , name = gamemode_isgaming
12-09 12:27:50.078 D/GameModeIF_GameModeSettings( 9074): gamemode_isgaming set to 0
12-09 12:27:50.079 I/GameModeConfig( 1514): isGameModeOn = false
12-09 12:27:50.079 I/GameModeConfig( 1514): isGameModeOn = false
12-09 12:27:50.079 I/GameModeConfig( 1514): isDisableVoice = true
12-09 12:27:50.080 D/GameMode_GameModeService( 9074): updateGlobalSettings = gamemode_isgaming
12-09 12:27:50.081 D/AccountManagerService( 1514): bind attempt failed for Session: expectLaunch true, connected false, stats (0/0/0), lifetime 0.0, addAccount, accountType com.google, requiredFeatures null
12-09 12:27:50.085 W/WindowManager( 1514): updateScale0.7996942
12-09 12:27:50.087 D/FreeWindowHelper( 2834): enterOrExitRecentTasks: isEnterRecentTasks=false,mExitFlag=1
12-09 12:27:50.088 W/FreeFormWindowHelper( 1514): exitRecentTasks type=1
12-09 12:27:50.089 E/PagedView( 2834): validateNewPage: failed to find a page < mMaxScrollX
12-09 12:27:50.094 W/WindowManager( 1514): updateScale0.7996942
12-09 12:27:50.096 W/WindowManager( 1514): updateScale0.7996942
12-09 12:27:50.097 W/WindowManager( 1514): updateScale0.7996942
12-09 12:27:50.097 I/EventSequenceValidator( 1514): Transition from ACTIVITY_LAUNCHED to ACTIVITY_FINISHED
12-09 12:27:50.105 I/ActivityTaskManager( 1514): Displayed com.android.calendar/.AllInOneActivity: +49ms
12-09 12:27:50.343 I/OMX-VENC: venc_dev( 1203): stats: avg. fps 42.03, bitrate 1230373
12-09 12:27:50.376 W/WindowManager( 1514): updateScale0.7996942
12-09 12:27:50.464 I/mpu_uart( 649): [MSG-P:R]:recv sync frame timeout
12-09 12:27:50.525 E/PagedView( 2834): validateNewPage: failed to find a page < mMaxScrollX
12-09 12:27:50.765 I/mpu_uart( 649): [MSG-P:RECV]:No message received in 1000 ms
12-09 12:27:51.420 I/OMX-VENC: venc_dev( 1203): stats: avg. fps 17.63, bitrate 589373
12-09 12:27:51.591 W/swapper/3( 0): type=1400 audit(0.0:8165): avc: denied { kill } for capability=5 scontext=u:r:kernel:s0 tcontext=u:r:kernel:s0 tclass=capability permissive=0
12-09 12:27:51.625 I/OMX-VENC: venc_dev( 1203): stats: avg. fps 25.52, bitrate 2558841
12-09 12:27:51.765 I/mpu_uart( 649): [MSG-P:RECV]:No message received in 1000 ms
12-09 12:27:52.427 I/OMX-VENC: venc_dev( 1203): stats: avg. fps 10.93, bitrate 89243
12-09 12:27:52.591 W/swapper/3( 0): type=1400 audit(0.0:8166): avc: denied { kill } for capability=5 scontext=u:r:kernel:s0 tcontext=u:r:kernel:s0 tclass=capability permissive=0
12-09 12:27:52.626 I/OMX-VENC: venc_dev( 1203): stats: avg. fps 1.00, bitrate 44358
12-09 12:27:52.765 I/mpu_uart( 649): [MSG-P:RECV]:No message received in 1000 ms
12-09 12:27:53.428 I/OMX-VENC: venc_dev( 1203): stats: avg. fps 9.99, bitrate 81334
12-09 12:27:53.468 I/mpu_uart( 649): [MSG-P:R]:recv sync frame timeout
12-09 12:27:53.591 W/swapper/3( 0): type=1400 audit(0.0:8167): avc: denied { kill } for capability=5 scontext=u:r:kernel:s0 tcontext=u:r:kernel:s0 tclass=capability permissive=0
12-09 12:27:53.629 I/OMX-VENC: venc_dev( 1203): stats: avg. fps 1.00, bitrate 27314
12-09 12:27:53.766 I/mpu_uart( 649): [MSG-P:RECV]:No message received in 1000 ms
12-09 12:27:53.904 E/TaskPersister( 1514): File error accessing recents directory (directory doesn't exist?).
12-09 12:27:54.430 I/OMX-VENC: venc_dev( 1203): stats: avg. fps 9.98, bitrate 81766
12-09 12:27:54.591 W/swapper/3( 0): type=1400 audit(0.0:8168): avc: denied { kill } for capability=5 scontext=u:r:kernel:s0 tcontext=u:r:kernel:s0 tclass=capability permissive=0
12-09 12:27:54.630 I/OMX-VENC: venc_dev( 1203): stats: avg. fps 1.00, bitrate 50788
12-09 12:27:54.766 I/mpu_uart( 649): [MSG-P:RECV]:No message received in 1000 ms
12-09 12:27:55.433 I/OMX-VENC: venc_dev( 1203): stats: avg. fps 9.97, bitrate 81147
12-09 12:27:55.591 W/swapper/3( 0): type=1400 audit(0.0:8169): avc: denied { kill } for capability=5 scontext=u:r:kernel:s0 tcontext=u:r:kernel:s0 tclass=capability permissive=0
12-09 12:27:55.634 I/OMX-VENC: venc_dev( 1203): stats: avg. fps 1.00, bitrate 115923
12-09 12:27:55.766 I/mpu_uart( 649): [MSG-P:RECV]:No message received in 1000 ms
12-09 12:27:56.147 D/UIAutomatorStub(18567): URI: /jsonrpc/0, Method: POST, params, {NanoHttpd.QUERY_STRING=null}, files: {postData={"jsonrpc": "2.0", "id": "1cc26c5a04eaf03cd0907144253f0924", "method": "waitForExists", "params": [{"mask": 2097152, "childOrSibling": [], "childOrSiblingSelector": [], "resourceId": "android:id/move_window"}, 3000]}}
12-09 12:27:56.151 W/QueryController(18567): Could not detect idle state.
12-09 12:27:56.220 D/UIAutomatorStub(18567): URI: /jsonrpc/0, Method: POST, params, {NanoHttpd.QUERY_STRING=null}, files: {postData={"jsonrpc": "2.0", "id": "0554c454354a76f2506542fa00751902", "method": "objInfo", "params": [{"mask": 2097152, "childOrSibling": [], "childOrSiblingSelector": [], "resourceId": "android:id/move_window"}]}}
12-09 12:27:56.224 W/QueryController(18567): Could not detect idle state.
12-09 12:27:56.239 W/QueryController(18567): Could not detect idle state.
12-09 12:27:56.241 W/QueryController(18567): Could not detect idle state.
12-09 12:27:56.242 W/QueryController(18567): Could not detect idle state.
12-09 12:27:56.243 W/QueryController(18567): Could not detect idle state.
12-09 12:27:56.244 W/QueryController(18567): Could not detect idle state.
12-09 12:27:56.246 W/QueryController(18567): Could not detect idle state.
12-09 12:27:56.247 W/QueryController(18567): Could not detect idle state.
12-09 12:27:56.248 W/QueryController(18567): Could not detect idle state.
12-09 12:27:56.250 W/QueryController(18567): Could not detect idle state.
12-09 12:27:56.251 W/QueryController(18567): Could not detect idle state.
12-09 12:27:56.252 W/QueryController(18567): Could not detect idle state.
12-09 12:27:56.253 W/QueryController(18567): Could not detect idle state.
12-09 12:27:56.255 W/QueryController(18567): Could not detect idle state.
12-09 12:27:56.256 W/QueryController(18567): Could not detect idle state.
12-09 12:27:56.257 W/QueryController(18567): Could not detect idle state.
12-09 12:27:56.258 W/QueryController(18567): Could not detect idle state.
12-09 12:27:56.260 W/QueryController(18567): Could not detect idle state.
12-09 12:27:56.313 D/UIAutomatorStub(18567): URI: /jsonrpc/0, Method: POST, params, {NanoHttpd.QUERY_STRING=null}, files: {postData={"jsonrpc": "2.0", "id": "1781e70db308f9118830a7c19fca1759", "method": "click", "params": [261.5, 99.0]}}
12-09 12:27:56.446 I/OMX-VENC: venc_dev( 1203): stats: avg. fps 12.84, bitrate 104672
12-09 12:27:56.453 W/HWComposer( 975): Ignoring duplicate VSYNC event from HWC for display 4630946370410392961 (t=25691530870000)
12-09 12:27:56.470 W/HWComposer( 975): Ignoring duplicate VSYNC event from HWC for display 4630946370410392961 (t=25691547624000)
12-09 12:27:56.471 I/mpu_uart( 649): [MSG-P:R]:recv sync frame timeout
12-09 12:27:56.487 W/HWComposer( 975): Ignoring duplicate VSYNC event from HWC for display 4630946370410392961 (t=25691564329000)
12-09 12:27:56.503 W/HWComposer( 975): Ignoring duplicate VSYNC event from HWC for display 4630946370410392961 (t=25691581015000)
12-09 12:27:56.520 W/HWComposer( 975): Ignoring duplicate VSYNC event from HWC for display 4630946370410392961 (t=25691597734000)
12-09 12:27:56.537 W/HWComposer( 975): Ignoring duplicate VSYNC event from HWC for display 4630946370410392961 (t=25691614454000)
12-09 12:27:56.554 W/HWComposer( 975): Ignoring duplicate VSYNC event from HWC for display 4630946370410392961 (t=25691631116000)
12-09 12:27:56.554 W/HWComposer( 975): Ignoring duplicate VSYNC event from HWC for display 4630946370410392961 (t=25691631116000)
12-09 12:27:56.570 W/HWComposer( 975): Ignoring duplicate VSYNC event from HWC for display 4630946370410392961 (t=25691647859000)
12-09 12:27:56.587 W/HWComposer( 975): Ignoring duplicate VSYNC event from HWC for display 4630946370410392961 (t=25691664571000)
12-09 12:27:56.591 W/swapper/3( 0): type=1400 audit(0.0:8170): avc: denied { kill } for capability=5 scontext=u:r:kernel:s0 tcontext=u:r:kernel:s0 tclass=capability permissive=0
12-09 12:27:56.604 W/HWComposer( 975): Ignoring duplicate VSYNC event from HWC for display 4630946370410392961 (t=25691681227000)
12-09 12:27:56.620 W/HWComposer( 975): Ignoring duplicate VSYNC event from HWC for display 4630946370410392961 (t=25691697955000)
12-09 12:27:56.647 I/OMX-VENC: venc_dev( 1203): stats: avg. fps 11.85, bitrate 561582
12-09 12:27:56.767 I/mpu_uart( 649): [MSG-P:RECV]:No message received in 1000 ms
12-09 12:27:57.470 I/OMX-VENC: venc_dev( 1203): stats: avg. fps 16.60, bitrate 134855
12-09 12:27:57.546 D/UIAutomatorStub(18567): URI: /jsonrpc/0, Method: POST, params, {NanoHttpd.QUERY_STRING=null}, files: {postData={"jsonrpc": "2.0", "id": "32f2ffe29f91634599a40fd421ade4c0", "method": "exist", "params": [{"mask": 2097152, "childOrSibling": [], "childOrSiblingSelector": [], "resourceId": "android:id/caption"}]}}
12-09 12:27:57.550 W/QueryController(18567): Could not detect idle state.
12-09 12:27:57.591 W/swapper/3( 0): type=1400 audit(0.0:8171): avc: denied { kill } for capability=5 scontext=u:r:kernel:s0 tcontext=u:r:kernel:s0 tclass=capability permissive=0
12-09 12:27:57.608 W/System (18567): A resource failed to call end.
12-09 12:27:57.608 W/System (18567): A resource failed to call end.
12-09 12:27:57.608 W/System (18567): A resource failed to call end.
12-09 12:27:57.609 W/System (18567): A resource failed to call end.
12-09 12:27:57.609 W/System (18567): A resource failed to call end.
12-09 12:27:57.609 W/System (18567): A resource failed to call end.
12-09 12:27:57.609 W/System (18567): A resource failed to call end.
12-09 12:27:57.609 W/System (18567): A resource failed to call end.
12-09 12:27:57.609 W/System (18567): A resource failed to call end.
12-09 12:27:57.609 W/System (18567): A resource failed to call end.
12-09 12:27:57.609 W/System (18567): A resource failed to call end.
12-09 12:27:57.609 W/System (18567): A resource failed to call end.
12-09 12:27:57.610 W/System (18567): A resource failed to call end.
12-09 12:27:57.767 I/mpu_uart( 649): [MSG-P:RECV]:No message received in 1000 ms
12-09 12:27:58.532 I/OMX-VENC: venc_dev( 1203): stats: avg. fps 10.36, bitrate 84348
12-09 12:27:58.591 W/swapper/3( 0): type=1400 audit(0.0:8172): avc: denied { kill } for capability=5 scontext=u:r:kernel:s0 tcontext=u:r:kernel:s0 tclass=capability permissive=0
12-09 12:27:58.641 I/OMX-VENC: venc_dev( 1203): stats: avg. fps 1.50, bitrate 69297
12-09 12:27:58.767 I/mpu_uart( 649): [MSG-P:RECV]:No message received in 1000 ms
12-09 12:27:59.472 I/mpu_uart( 649): [MSG-P:R]:recv sync frame timeout
12-09 12:27:59.543 I/OMX-VENC: venc_dev( 1203): stats: avg. fps 10.89, bitrate 88537
12-09 12:27:59.591 W/swapper/3( 0): type=1400 audit(0.0:8173): avc: denied { kill } for capability=5 scontext=u:r:kernel:s0 tcontext=u:r:kernel:s0 tclass=capability permissive=0
12-09 12:27:59.643 I/OMX-VENC: venc_dev( 1203): stats: avg. fps 1.00, bitrate 46822
12-09 12:27:59.670 D/ProcessState(19507): Binder ioctl to enable oneway spam detection failed: Invalid argument
12-09 12:27:59.674 D/StateManager( 2834): goToState: Overview
12-09 12:27:59.675 D/EditModeHelper( 2834): setHotseatVisibility: 0
12-09 12:27:59.678 V/ShadeControllerImpl( 2372): NotificationShadeWindow: com.android.systemui.statusbar.phone.NotificationShadeWindowView{7f4383b I.E...... ......ID 0,0-2380,1020} canPanelBeCollapsed(): false
12-09 12:27:59.686 D/UIAutomatorStub(18567): URI: /jsonrpc/0, Method: POST, params, {NanoHttpd.QUERY_STRING=null}, files: {postData={"jsonrpc": "2.0", "id": "7f0180e85857fa633fd6de3c3a3d9ee3", "method": "waitForExists", "params": [{"mask": 2097153, "childOrSibling": [], "childOrSiblingSelector": [], "resourceId": "com.android.launcher3:id/name_tv", "text": "\u65e5\u5386"}, 3000]}}
12-09 12:27:59.688 W/QueryController(18567): Could not detect idle state.
12-09 12:27:59.697 D/FreeWindowHelper( 2834): enterOrExitRecentTasks: isEnterRecentTasks=true,mExitFlag=1
12-09 12:27:59.705 D/ActivityTrigger( 1514): ActivityTrigger activityPauseTrigger
12-09 12:27:59.711 D/FreeWindowContainer( 2834): reloadTask: TaskInfo{userId=0 taskId=154 displayId=0 isRunning=false baseIntent=Intent { flg=0x10008000 cmp=com.android.calendar/.AllInOneActivity } baseActivity=null topActivity=null origActivity=null realActivity=ComponentInfo{com.android.calendar/com.android.calendar.AllInOneActivity} numActivities=0 lastActiveTime=25694783 supportsSplitScreenMultiWindow=true supportsMultiWindow=true resizeMode=1 isResizeable=true token=WCT{android.window.IWindowContainerToken$Stub$Proxy@429335a} topActivityType=1 pictureInPictureParams=null displayCutoutSafeInsets=null topActivityInfo=null launchCookies=[] positionInParent=Point(0, 72) parentTaskId=-1 isFocused=false isVisible=true topActivityInSizeCompat=false locusId= null}
12-09 12:27:59.715 I/ActivityTaskManager( 1514): FOREGROUND_APPLICATION_CHANGED to com.android.launcher3.uioverrides.QuickstepLauncher
12-09 12:27:59.718 I/GameMode_ActivityMonitoringService( 9074): onForegroundActivitiesChanged uid 10069 pid 19196 fg false
12-09 12:27:59.727 W/ActivityTaskManager( 1514): getTaskSnapshot: taskId=153 not found
12-09 12:27:59.729 I/GameMode_ActivityMonitoringService( 9074): Updating top task to: TaskInfoContainer [topActivity=ComponentInfo{com.android.launcher3/com.android.launcher3.uioverrides.QuickstepLauncher}, taskId=10, stackId=1, userId=0, displayId=0, position=6
12-09 12:27:59.729 I/GameMode_ActivityMonitoringService( 9074): Notifying about top task: TaskInfoContainer [topActivity=ComponentInfo{com.android.launcher3/com.android.launcher3.uioverrides.QuickstepLauncher}, taskId=10, stackId=1, userId=0, displayId=0, position=6
12-09 12:27:59.729 E/GameMode_ActivityMonitoringService( 9074): onActivityLaunch:com.android.launcher3
12-09 12:27:59.729 V/GameMode_GameTypeUtils( 9074): judge isGame:com.android.launcher3
12-09 12:27:59.729 V/GameMode_GpuUtils( 9074): fps:60
12-09 12:27:59.732 W/ActivityTaskManager( 1514): getTaskSnapshot: taskId=5153 not found
12-09 12:27:59.734 W/ActivityTaskManager( 1514): getTaskSnapshot: taskId=4153 not found
12-09 12:27:59.736 W/ActivityTaskManager( 1514): getTaskSnapshot: taskId=3153 not found
12-09 12:27:59.737 D/GameMode_GameModeActionUtils( 9074): Show GameMode entry by service!
12-09 12:27:59.737 W/InputManager-JNI( 1514): Input channel object '55ba0d9 com.android.calendar/com.android.calendar.AllInOneActivity (client)' was disposed without first being removed with the input manager!
12-09 12:27:59.737 W/ContextImpl( 9074): Calling a method in the system process without a qualified user: android.app.ContextImpl.startService:1816 android.content.ContextWrapper.startService:774 com.thundercomm.gamemode.ingame.services.GameModeActionUtils.startGameModeService:99 com.thundercomm.gamemode.ingame.services.GameModeActionUtils.startGameModeEntry:22 com.thundercomm.gamemode.ingame.services.ActivityMonitoringService$1.onActivityLaunch:127
12-09 12:27:59.740 D/GameMode_GameModeService( 9074): type=hide_entry
12-09 12:27:59.740 D/GameModeIF_GameModeSettings( 9074): getUriFor setting_content_uri_root = content://com.thundercomm.gamemode.api/gamemode_settings , name = gamemode_isgaming
12-09 12:27:59.749 I/GameModeConfig( 1514): Current uri is uri = content://com.thundercomm.gamemode.api/gamemode_settings/gamemode_isgaming
12-09 12:27:59.749 D/GameModeIF_GameModeSettings( 1514): getUriFor setting_content_uri_root = content://com.thundercomm.gamemode.api/gamemode_settings , name = gamemode_isgaming
12-09 12:27:59.750 D/GameModeIF_GameModeSettings( 9074): gamemode_isgaming set to 0
12-09 12:27:59.750 D/GameMode_GameSettingsObserver( 9074): Game Data change!!!! uri = content://com.thundercomm.gamemode.api/gamemode_settings/gamemode_isgaming
12-09 12:27:59.750 D/GameModeIF_GameModeSettings( 9074): getUriFor setting_content_uri_root = content://com.thundercomm.gamemode.api/gamemode_settings , name = gamemode_isgaming
12-09 12:27:59.752 I/GameModeConfig( 1514): isGameModeOn = false
12-09 12:27:59.752 I/GameModeConfig( 1514): isGameModeOn = false
12-09 12:27:59.752 I/GameModeConfig( 1514): isDisableVoice = true
12-09 12:27:59.754 D/BaseIconFactory( 2834): normalizeAndWrapToAdaptiveIcon: scale=0.8095241
12-09 12:27:59.756 W/ActivityTaskManager( 1514): getTaskSnapshot: taskId=5154 not found
12-09 12:27:59.757 D/BaseIconFactory( 2834): normalizeAndWrapToAdaptiveIcon: scale=0.8095241
12-09 12:27:59.760 W/ActivityTaskManager( 1514): getTaskSnapshot: taskId=4154 not found
12-09 12:27:59.761 D/GameMode_GameModeService( 9074): updateGlobalSettings = gamemode_isgaming
12-09 12:27:59.766 D/BaseIconFactory( 2834): normalizeAndWrapToAdaptiveIcon: scale=0.8095241
12-09 12:27:59.767 W/ActivityTaskManager( 1514): getTaskSnapshot: taskId=5154 not found
12-09 12:27:59.767 W/ActivityTaskManager( 1514): getTaskSnapshot: taskId=4154 not found
12-09 12:27:59.767 W/ActivityTaskManager( 1514): getTaskSnapshot: taskId=3154 not found
12-09 12:27:59.767 I/mpu_uart( 649): [MSG-P:RECV]:No message received in 1000 ms
12-09 12:27:59.770 D/BaseIconFactory( 2834): normalizeAndWrapToAdaptiveIcon: scale=0.8095241
12-09 12:27:59.771 W/ActivityTaskManager( 1514): getTaskSnapshot: taskId=2154 not found
12-09 12:27:59.772 D/BaseIconFactory( 2834): normalizeAndWrapToAdaptiveIcon: scale=0.8095241
12-09 12:27:59.772 W/ActivityTaskManager( 1514): getTaskSnapshot: taskId=1154 not found
12-09 12:27:59.773 D/BaseIconFactory( 2834): normalizeAndWrapToAdaptiveIcon: scale=0.8095241
12-09 12:27:59.786 W/ActivityTaskManager( 1514): getTaskSnapshot: taskId=1154 not found
12-09 12:27:59.816 I/GameMode_ActivityMonitoringService( 9074): onTaskStackChanged
12-09 12:27:59.819 I/GameMode_ActivityMonitoringService( 9074): Updating top task to: TaskInfoContainer [topActivity=ComponentInfo{com.android.launcher3/com.android.launcher3.uioverrides.QuickstepLauncher}, taskId=10, stackId=1, userId=0, displayId=0, position=6
12-09 12:27:59.819 I/GameMode_ActivityMonitoringService( 9074): Notifying about top task: TaskInfoContainer [topActivity=ComponentInfo{com.android.launcher3/com.android.launcher3.uioverrides.QuickstepLauncher}, taskId=10, stackId=1, userId=0, displayId=0, position=6
12-09 12:27:59.819 E/GameMode_ActivityMonitoringService( 9074): onActivityLaunch:com.android.launcher3
12-09 12:27:59.819 V/GameMode_GameTypeUtils( 9074): judge isGame:com.android.launcher3
12-09 12:27:59.819 V/GameMode_GpuUtils( 9074): fps:60
12-09 12:27:59.821 D/GameMode_GameModeActionUtils( 9074): Show GameMode entry by service!
12-09 12:27:59.821 W/ContextImpl( 9074): Calling a method in the system process without a qualified user: android.app.ContextImpl.startService:1816 android.content.ContextWrapper.startService:774 com.thundercomm.gamemode.ingame.services.GameModeActionUtils.startGameModeService:99 com.thundercomm.gamemode.ingame.services.GameModeActionUtils.startGameModeEntry:22 com.thundercomm.gamemode.ingame.services.ActivityMonitoringService$1.onActivityLaunch:127
12-09 12:27:59.823 D/GameMode_GameModeService( 9074): type=hide_entry
12-09 12:27:59.823 D/GameModeIF_GameModeSettings( 9074): getUriFor setting_content_uri_root = content://com.thundercomm.gamemode.api/gamemode_settings , name = gamemode_isgaming
12-09 12:27:59.827 I/GameModeConfig( 1514): Current uri is uri = content://com.thundercomm.gamemode.api/gamemode_settings/gamemode_isgaming
12-09 12:27:59.827 D/GameModeIF_GameModeSettings( 1514): getUriFor setting_content_uri_root = content://com.thundercomm.gamemode.api/gamemode_settings , name = gamemode_isgaming
12-09 12:27:59.827 D/GameMode_GameSettingsObserver( 9074): Game Data change!!!! uri = content://com.thundercomm.gamemode.api/gamemode_settings/gamemode_isgaming
12-09 12:27:59.827 D/GameModeIF_GameModeSettings( 9074): getUriFor setting_content_uri_root = content://com.thundercomm.gamemode.api/gamemode_settings , name = gamemode_isgaming
12-09 12:27:59.828 D/GameModeIF_GameModeSettings( 9074): gamemode_isgaming set to 0
12-09 12:27:59.828 I/GameModeConfig( 1514): isGameModeOn = false
12-09 12:27:59.829 I/GameModeConfig( 1514): isGameModeOn = false
12-09 12:27:59.829 I/GameModeConfig( 1514): isDisableVoice = true
12-09 12:27:59.829 D/GameMode_GameModeService( 9074): updateGlobalSettings = gamemode_isgaming
12-09 12:27:59.836 D/libEGL ( 1514): MSAA-->msaa:0 gamemode:0 4x_msaa:0
12-09 12:27:59.837 D/libEGL ( 1514): MSAA-->msaa:0 gamemode:0 4x_msaa:0
12-09 12:27:59.838 D/libEGL ( 1514): MSAA-->msaa:0 gamemode:0 4x_msaa:0
12-09 12:27:59.877 W/ByMatcher(18567): Node returned null child: android.view.accessibility.AccessibilityNodeInfo@128a3; boundsInParent: Rect(0, 0 - 1496, 772); boundsInScreen: Rect(562, 142 - 2058, 914); packageName: com.android.launcher3; className: android.widget.ListView; text: null; error: null; maxTextLength: -1; stateDescription: null; contentDescription: ; tooltipText: null; viewIdResName: com.android.launcher3:id/overview_panel; checkable: false; checked: false; focusable: false; focused: false; selected: false; clickable: false; longClickable: false; contextClickable: false; enabled: true; password: false; scrollable: true; importantForAccessibility: true; visible: true; actions: [AccessibilityAction: ACTION_SELECT - null, AccessibilityAction: ACTION_CLEAR_SELECTION - null, AccessibilityAction: ACTION_ACCESSIBILITY_FOCUS - null, AccessibilityAction: ACTION_SCROLL_FORWARD - null, AccessibilityAction: ACTION_SCROLL_BACKWARD - null, AccessibilityAction: ACTION_SHOW_ON_SCREEN - null, AccessibilityAction: ACTION_PAGE_LEFT - null, AccessibilityAction: ACTION_PAGE_RIGHT - null]
12-09 12:27:59.877 W/ByMatcher(18567): Skipping null child (5 of 6)
12-09 12:27:59.932 D/UIAutomatorStub(18567): URI: /jsonrpc/0, Method: POST, params, {NanoHttpd.QUERY_STRING=null}, files: {postData={"jsonrpc": "2.0", "id": "ee3acc766886459512927691616e4515", "method": "objInfo", "params": [{"mask": 2097153, "childOrSibling": [], "childOrSiblingSelector": [], "resourceId": "com.android.launcher3:id/name_tv", "text": "\u65e5\u5386"}]}}
12-09 12:27:59.934 W/QueryController(18567): Could not detect idle state.
12-09 12:27:59.963 W/QueryController(18567): Could not detect idle state.
12-09 12:27:59.993 W/System ( 1514): A resource failed to call close.
12-09 12:27:59.994 W/System ( 1514): A resource failed to call close.
12-09 12:27:59.994 W/System ( 1514): A resource failed to call close.
12-09 12:27:59.995 W/System ( 1514): A resource failed to call close.
12-09 12:27:59.995 W/System ( 1514): A resource failed to call close.
12-09 12:27:59.995 W/System ( 1514): A resource failed to call close.
12-09 12:27:59.995 W/System ( 1514): A resource failed to call close.
12-09 12:27:59.995 W/System ( 1514): A resource failed to call close.
12-09 12:27:59.996 W/System ( 1514): A resource failed to call close.
12-09 12:27:59.996 W/System ( 1514): A resource failed to call close.
12-09 12:27:59.996 W/System ( 1514): A resource failed to call close.
12-09 12:28:00.004 D/KeyguardUpdateMonitor( 2372): received broadcast android.intent.action.TIME_TICK
12-09 12:28:00.005 D/KeyguardUpdateMonitor( 2372): received broadcast android.intent.action.TIME_TICK
12-09 12:28:00.005 D/KeyguardUpdateMonitor( 2372): handleTimeUpdate
12-09 12:28:00.006 D/KeyguardUpdateMonitor( 2372): handleTimeUpdate
12-09 12:28:00.013 D/FreeFormWindowHelper( 1514): Remove freefrom task=Task{e7ce4ab #154 type=standard A=10069:android.task.calendar U=0 visible=false mode=freeform translucent=true sz=0}
12-09 12:28:00.059 W/QueryController(18567): Could not detect idle state.
12-09 12:28:00.060 W/QueryController(18567): Could not detect idle state.
12-09 12:28:00.073 W/QueryController(18567): Could not detect idle state.
12-09 12:28:00.074 W/QueryController(18567): Could not detect idle state.
12-09 12:28:00.075 W/QueryController(18567): Could not detect idle state.
12-09 12:28:00.076 W/QueryController(18567): Could not detect idle state.
12-09 12:28:00.078 W/QueryController(18567): Could not detect idle state.
12-09 12:28:00.090 W/QueryController(18567): Could not detect idle state.
12-09 12:28:00.091 W/QueryController(18567): Could not detect idle state.
12-09 12:28:00.092 W/QueryController(18567): Could not detect idle state.
12-09 12:28:00.092 W/QueryController(18567): Could not detect idle state.
12-09 12:28:00.093 W/QueryController(18567): Could not detect idle state.
12-09 12:28:00.109 W/QueryController(18567): Could not detect idle state.
12-09 12:28:00.111 W/QueryController(18567): Could not detect idle state.
12-09 12:28:00.116 W/QueryController(18567): Could not detect idle state.
12-09 12:28:00.117 W/QueryController(18567): Could not detect idle state.
12-09 12:28:00.173 D/UIAutomatorStub(18567): URI: /jsonrpc/0, Method: POST, params, {NanoHttpd.QUERY_STRING=null}, files: {postData={"jsonrpc": "2.0", "id": "c7b7a7a4cca1c62d50d738edfaab31c4", "method": "click", "params": [206.0, 405.0]}}
12-09 12:28:00.289 D/FreeWindowHelper( 2834): setExitFlag: old=0,new=1
12-09 12:28:00.291 I/ActivityTaskManager( 1514): START u0 {flg=0x10008000 cmp=com.android.calendar/.AllInOneActivity} from uid 10075
12-09 12:28:00.292 I/EventSequenceValidator( 1514): Transition from ACTIVITY_FINISHED to INTENT_STARTED
12-09 12:28:00.295 E/ANDR-PERF-JNI( 1514): com_qualcomm_qtiperformance_native_perf_io_prefetch_start
12-09 12:28:00.297 W/ActivityTaskManager( 1514): Can't find TaskDisplayArea to determine support for multi window. Task id=155 attached=false
12-09 12:28:00.298 D/FreeFormWindowHelper( 1514): Add freeform task=Task{1585462 #155 type=standard ?? U=0 visible=false mode=freeform translucent=true sz=0}
12-09 12:28:00.299 E/ANDR-IOP( 865): io prefetch is disabled
12-09 12:28:00.302 D/CompatibilityInfo( 1514): mCompatibilityFlags - 4
12-09 12:28:00.302 D/CompatibilityInfo( 1514): applicationDensity - 240
12-09 12:28:00.302 D/CompatibilityInfo( 1514): applicationScale - 1.0
12-09 12:28:00.303 I/ActivityTaskManager( 1514): FOREGROUND_APPLICATION_CHANGED to com.android.calendar.AllInOneActivity
12-09 12:28:00.303 I/ActivityTaskManager( 1514): The Process com.android.calendar Already Exists in BG. So sending its PID: 19196
12-09 12:28:00.303 W/ActivityTaskManager( 1514): Tried to set launchTime (0) < mLastActivityLaunchTime (25685129)
12-09 12:28:00.304 D/CompatibilityInfo( 1514): mCompatibilityFlags - 4
12-09 12:28:00.305 D/CompatibilityInfo( 1514): applicationDensity - 240
12-09 12:28:00.305 D/CompatibilityInfo( 1514): applicationScale - 1.0
12-09 12:28:00.310 D/StateManager( 2834): goToState: Normal
12-09 12:28:00.312 D/EditModeHelper( 2834): setHotseatVisibility: 0
12-09 12:28:00.316 I/GameMode_ActivityMonitoringService( 9074): onForegroundActivitiesChanged uid 10069 pid 19196 fg true
12-09 12:28:00.319 I/GameMode_ActivityMonitoringService( 9074): Updating top task to: TaskInfoContainer [topActivity=ComponentInfo{com.android.calendar/com.android.calendar.AllInOneActivity}, taskId=155, stackId=155, userId=0, displayId=0, position=6
12-09 12:28:00.320 I/GameMode_ActivityMonitoringService( 9074): Notifying about top task: TaskInfoContainer [topActivity=ComponentInfo{com.android.calendar/com.android.calendar.AllInOneActivity}, taskId=155, stackId=155, userId=0, displayId=0, position=6
12-09 12:28:00.320 E/GameMode_ActivityMonitoringService( 9074): onActivityLaunch:com.android.calendar
12-09 12:28:00.320 V/GameMode_GameTypeUtils( 9074): judge isGame:com.android.calendar
12-09 12:28:00.320 V/GameMode_GpuUtils( 9074): fps:60
12-09 12:28:00.321 I/EventSequenceValidator( 1514): Transition from INTENT_STARTED to ACTIVITY_LAUNCHED
12-09 12:28:00.334 D/GameMode_GameModeActionUtils( 9074): Show GameMode entry by service!
