12-09 12:32:44.825 W/ActivityTaskManager( 1514): getTaskSnapshot: taskId=5181 not found
12-09 12:32:44.831 W/ActivityTaskManager( 1514): getTaskSnapshot: taskId=4181 not found
12-09 12:32:44.833 W/ActivityTaskManager( 1514): getTaskSnapshot: taskId=3181 not found
12-09 12:32:44.836 I/GameMode_ActivityMonitoringService( 9074): Updating top task to: TaskInfoContainer [topActivity=ComponentInfo{com.android.launcher3/com.android.launcher3.uioverrides.QuickstepLauncher}, taskId=10, stackId=1, userId=0, displayId=0, position=6
12-09 12:32:44.836 I/GameMode_ActivityMonitoringService( 9074): Notifying about top task: TaskInfoContainer [topActivity=ComponentInfo{com.android.launcher3/com.android.launcher3.uioverrides.QuickstepLauncher}, taskId=10, stackId=1, userId=0, displayId=0, position=6
12-09 12:32:44.836 E/GameMode_ActivityMonitoringService( 9074): onActivityLaunch:com.android.launcher3
12-09 12:32:44.836 V/GameMode_GameTypeUtils( 9074): judge isGame:com.android.launcher3
12-09 12:32:44.836 V/GameMode_GpuUtils( 9074): fps:60
12-09 12:32:44.842 D/GameMode_GameModeActionUtils( 9074): Show GameMode entry by service!
12-09 12:32:44.842 W/ContextImpl( 9074): Calling a method in the system process without a qualified user: android.app.ContextImpl.startService:1816 android.content.ContextWrapper.startService:774 com.thundercomm.gamemode.ingame.services.GameModeActionUtils.startGameModeService:99 com.thundercomm.gamemode.ingame.services.GameModeActionUtils.startGameModeEntry:22 com.thundercomm.gamemode.ingame.services.ActivityMonitoringService$1.onActivityLaunch:127
12-09 12:32:44.843 W/InputManager-JNI( 1514): Input channel object '4881d5f com.android.calendar/com.android.calendar.AllInOneActivity (client)' was disposed without first being removed with the input manager!
12-09 12:32:44.845 D/GameMode_GameModeService( 9074): type=hide_entry
12-09 12:32:44.846 D/GameModeIF_GameModeSettings( 9074): getUriFor setting_content_uri_root = content://com.thundercomm.gamemode.api/gamemode_settings , name = gamemode_isgaming
12-09 12:32:44.847 D/BaseIconFactory( 2834): normalizeAndWrapToAdaptiveIcon: scale=0.8095241
12-09 12:32:44.848 W/ActivityTaskManager( 1514): getTaskSnapshot: taskId=5182 not found
12-09 12:32:44.849 I/GameModeConfig( 1514): Current uri is uri = content://com.thundercomm.gamemode.api/gamemode_settings/gamemode_isgaming
12-09 12:32:44.849 D/GameModeIF_GameModeSettings( 1514): getUriFor setting_content_uri_root = content://com.thundercomm.gamemode.api/gamemode_settings , name = gamemode_isgaming
12-09 12:32:44.849 D/GameModeIF_GameModeSettings( 9074): gamemode_isgaming set to 0
12-09 12:32:44.852 D/BaseIconFactory( 2834): normalizeAndWrapToAdaptiveIcon: scale=0.8095241
12-09 12:32:44.852 W/ActivityTaskManager( 1514): getTaskSnapshot: taskId=5182 not found
12-09 12:32:44.852 W/ActivityTaskManager( 1514): getTaskSnapshot: taskId=4182 not found
12-09 12:32:44.853 D/GameMode_GameSettingsObserver( 9074): Game Data change!!!! uri = content://com.thundercomm.gamemode.api/gamemode_settings/gamemode_isgaming
12-09 12:32:44.853 D/GameModeIF_GameModeSettings( 9074): getUriFor setting_content_uri_root = content://com.thundercomm.gamemode.api/gamemode_settings , name = gamemode_isgaming
12-09 12:32:44.853 D/BaseIconFactory( 2834): normalizeAndWrapToAdaptiveIcon: scale=0.8095241
12-09 12:32:44.854 W/ActivityTaskManager( 1514): getTaskSnapshot: taskId=3182 not found
12-09 12:32:44.855 D/BaseIconFactory( 2834): normalizeAndWrapToAdaptiveIcon: scale=0.8095241
12-09 12:32:44.855 W/ActivityTaskManager( 1514): getTaskSnapshot: taskId=2182 not found
12-09 12:32:44.856 I/GameModeConfig( 1514): isGameModeOn = false
12-09 12:32:44.856 I/GameModeConfig( 1514): isGameModeOn = false
12-09 12:32:44.856 I/GameModeConfig( 1514): isDisableVoice = true
12-09 12:32:44.857 D/BaseIconFactory( 2834): normalizeAndWrapToAdaptiveIcon: scale=0.8095241
12-09 12:32:44.858 W/ActivityTaskManager( 1514): getTaskSnapshot: taskId=1182 not found
12-09 12:32:44.858 D/GameMode_GameModeService( 9074): updateGlobalSettings = gamemode_isgaming
12-09 12:32:44.858 D/BaseIconFactory( 2834): normalizeAndWrapToAdaptiveIcon: scale=0.8095241
12-09 12:32:44.873 I/mpu_uart( 649): [MSG-P:RECV]:No message received in 1000 ms
12-09 12:32:44.891 D/UIAutomatorStub(18567): URI: /jsonrpc/0, Method: POST, params, {NanoHttpd.QUERY_STRING=null}, files: {postData={"jsonrpc": "2.0", "id": "59181de36d2783234e13e0e40f47cf08", "method": "objInfo", "params": [{"mask": 2097153, "childOrSibling": [], "childOrSiblingSelector": [], "resourceId": "com.android.launcher3:id/name_tv", "text": "\u65e5\u5386"}]}}
12-09 12:32:44.893 W/QueryController(18567): Could not detect idle state.
12-09 12:32:44.902 I/GameMode_ActivityMonitoringService( 9074): onTaskStackChanged
12-09 12:32:44.904 I/GameMode_ActivityMonitoringService( 9074): Updating top task to: TaskInfoContainer [topActivity=ComponentInfo{com.android.launcher3/com.android.launcher3.uioverrides.QuickstepLauncher}, taskId=10, stackId=1, userId=0, displayId=0, position=6
12-09 12:32:44.904 I/GameMode_ActivityMonitoringService( 9074): Notifying about top task: TaskInfoContainer [topActivity=ComponentInfo{com.android.launcher3/com.android.launcher3.uioverrides.QuickstepLauncher}, taskId=10, stackId=1, userId=0, displayId=0, position=6
12-09 12:32:44.904 E/GameMode_ActivityMonitoringService( 9074): onActivityLaunch:com.android.launcher3
12-09 12:32:44.904 V/GameMode_GameTypeUtils( 9074): judge isGame:com.android.launcher3
12-09 12:32:44.904 V/GameMode_GpuUtils( 9074): fps:60
12-09 12:32:44.906 D/GameMode_GameModeActionUtils( 9074): Show GameMode entry by service!
12-09 12:32:44.907 W/ContextImpl( 9074): Calling a method in the system process without a qualified user: android.app.ContextImpl.startService:1816 android.content.ContextWrapper.startService:774 com.thundercomm.gamemode.ingame.services.GameModeActionUtils.startGameModeService:99 com.thundercomm.gamemode.ingame.services.GameModeActionUtils.startGameModeEntry:22 com.thundercomm.gamemode.ingame.services.ActivityMonitoringService$1.onActivityLaunch:127
12-09 12:32:44.909 D/GameModeIF_GameModeSettings( 9074): getUriFor setting_content_uri_root = content://com.thundercomm.gamemode.api/gamemode_settings , name = gamemode_isgaming
12-09 12:32:44.910 I/GameModeConfig( 1514): Current uri is uri = content://com.thundercomm.gamemode.api/gamemode_settings/gamemode_isgaming
12-09 12:32:44.910 D/GameModeIF_GameModeSettings( 1514): getUriFor setting_content_uri_root = content://com.thundercomm.gamemode.api/gamemode_settings , name = gamemode_isgaming
12-09 12:32:44.910 D/GameMode_GameModeService( 9074): type=hide_entry
12-09 12:32:44.911 D/GameMode_GameSettingsObserver( 9074): Game Data change!!!! uri = content://com.thundercomm.gamemode.api/gamemode_settings/gamemode_isgaming
12-09 12:32:44.911 D/GameModeIF_GameModeSettings( 9074): getUriFor setting_content_uri_root = content://com.thundercomm.gamemode.api/gamemode_settings , name = gamemode_isgaming
12-09 12:32:44.911 D/libEGL ( 1514): MSAA-->msaa:0 gamemode:0 4x_msaa:0
12-09 12:32:44.912 I/GameModeConfig( 1514): isGameModeOn = false
12-09 12:32:44.912 I/GameModeConfig( 1514): isGameModeOn = false
12-09 12:32:44.912 I/GameModeConfig( 1514): isDisableVoice = true
12-09 12:32:44.913 D/libEGL ( 1514): MSAA-->msaa:0 gamemode:0 4x_msaa:0
12-09 12:32:44.913 D/GameMode_GameModeService( 9074): updateGlobalSettings = gamemode_isgaming
12-09 12:32:44.913 D/GameModeIF_GameModeSettings( 9074): gamemode_isgaming set to 0
12-09 12:32:44.913 D/libEGL ( 1514): MSAA-->msaa:0 gamemode:0 4x_msaa:0
12-09 12:32:44.914 W/QueryController(18567): Could not detect idle state.
12-09 12:32:44.926 W/QueryController(18567): Could not detect idle state.
12-09 12:32:44.927 W/QueryController(18567): Could not detect idle state.
12-09 12:32:44.928 W/QueryController(18567): Could not detect idle state.
12-09 12:32:44.929 W/QueryController(18567): Could not detect idle state.
12-09 12:32:44.930 W/QueryController(18567): Could not detect idle state.
12-09 12:32:44.931 W/QueryController(18567): Could not detect idle state.
12-09 12:32:44.947 W/QueryController(18567): Could not detect idle state.
12-09 12:32:44.948 W/QueryController(18567): Could not detect idle state.
12-09 12:32:44.966 W/System ( 1514): A resource failed to call close.
12-09 12:32:44.967 W/System ( 1514): A resource failed to call close.
12-09 12:32:44.967 W/System ( 1514): A resource failed to call close.
12-09 12:32:44.968 W/QueryController(18567): Could not detect idle state.
12-09 12:32:44.978 W/QueryController(18567): Could not detect idle state.
12-09 12:32:44.979 W/QueryController(18567): Could not detect idle state.
12-09 12:32:44.980 W/QueryController(18567): Could not detect idle state.
12-09 12:32:44.984 W/QueryController(18567): Could not detect idle state.
12-09 12:32:44.987 I/OpenGLRenderer( 2834): Davey! duration=9223346056829ms; Flags=0, FrameTimelineVsyncId=414530, IntendedVsync=25980025033888, Vsync=25980025033888, InputEventId=0, HandleInputStart=25980025733420, AnimationStart=25980025734097, PerformTraversalsStart=25980042826076, DrawStart=25980043318316, FrameDeadline=25980058367220, FrameInterval=25980025731024, FrameStartTime=16666666, SyncQueued=25980043499514, SyncStart=25980043554149, IssueDrawCommandsStart=25980043725607, SwapBuffers=25980044392691, FrameCompleted=9223372036854775807, DequeueBufferDuration=12239, QueueBufferDuration=303021, GpuCompleted=9223372036854775807, SwapBuffersCompleted=25980044880659, DisplayPresentTime=0,
12-09 12:32:44.997 W/QueryController(18567): Could not detect idle state.
12-09 12:32:45.012 W/QueryController(18567): Could not detect idle state.
12-09 12:32:45.013 W/QueryController(18567): Could not detect idle state.
12-09 12:32:45.065 D/UIAutomatorStub(18567): URI: /jsonrpc/0, Method: POST, params, {NanoHttpd.QUERY_STRING=null}, files: {postData={"jsonrpc": "2.0", "id": "9c0d6685713d3fcb2a5bafde3fc80d5e", "method": "click", "params": [206.0, 405.0]}}
12-09 12:32:45.098 D/FreeFormWindowHelper( 1514): Remove freefrom task=Task{a2e3b68 #182 type=standard A=10069:android.task.calendar U=0 visible=false mode=freeform translucent=true sz=0}
12-09 12:32:45.246 D/FreeWindowHelper( 2834): setExitFlag: old=0,new=1
12-09 12:32:45.248 I/EventSequenceValidator( 1514): Transition from ACTIVITY_FINISHED to INTENT_STARTED
12-09 12:32:45.248 I/ActivityTaskManager( 1514): START u0 {flg=0x10008000 cmp=com.android.calendar/.AllInOneActivity} from uid 10075
12-09 12:32:45.251 E/ANDR-PERF-JNI( 1514): com_qualcomm_qtiperformance_native_perf_io_prefetch_start
12-09 12:32:45.252 W/ActivityTaskManager( 1514): Can't find TaskDisplayArea to determine support for multi window. Task id=183 attached=false
12-09 12:32:45.253 D/FreeFormWindowHelper( 1514): Add freeform task=Task{5268dc2 #183 type=standard ?? U=0 visible=false mode=freeform translucent=true sz=0}
12-09 12:32:45.258 D/CompatibilityInfo( 1514): mCompatibilityFlags - 4
12-09 12:32:45.258 D/CompatibilityInfo( 1514): applicationDensity - 240
12-09 12:32:45.258 D/CompatibilityInfo( 1514): applicationScale - 1.0
12-09 12:32:45.258 I/ActivityTaskManager( 1514): FOREGROUND_APPLICATION_CHANGED to com.android.calendar.AllInOneActivity
12-09 12:32:45.258 I/ActivityTaskManager( 1514): The Process com.android.calendar Already Exists in BG. So sending its PID: 19196
12-09 12:32:45.259 W/ActivityTaskManager( 1514): Tried to set launchTime (0) < mLastActivityLaunchTime (25970209)
12-09 12:32:45.260 D/CompatibilityInfo( 1514): mCompatibilityFlags - 4
12-09 12:32:45.260 D/CompatibilityInfo( 1514): applicationDensity - 240
12-09 12:32:45.260 D/CompatibilityInfo( 1514): applicationScale - 1.0
12-09 12:32:45.262 E/ANDR-IOP( 865): io prefetch is disabled
12-09 12:32:45.265 D/StateManager( 2834): goToState: Normal
12-09 12:32:45.266 D/EditModeHelper( 2834): setHotseatVisibility: 0
12-09 12:32:45.269 I/GameMode_ActivityMonitoringService( 9074): onForegroundActivitiesChanged uid 10069 pid 19196 fg true
12-09 12:32:45.280 I/EventSequenceValidator( 1514): Transition from INTENT_STARTED to ACTIVITY_LAUNCHED
12-09 12:32:45.284 I/GameMode_ActivityMonitoringService( 9074): Updating top task to: TaskInfoContainer [topActivity=ComponentInfo{com.android.calendar/com.android.calendar.AllInOneActivity}, taskId=183, stackId=183, userId=0, displayId=0, position=6
12-09 12:32:45.284 I/GameMode_ActivityMonitoringService( 9074): Notifying about top task: TaskInfoContainer [topActivity=ComponentInfo{com.android.calendar/com.android.calendar.AllInOneActivity}, taskId=183, stackId=183, userId=0, displayId=0, position=6
12-09 12:32:45.284 E/GameMode_ActivityMonitoringService( 9074): onActivityLaunch:com.android.calendar
12-09 12:32:45.284 V/GameMode_GameTypeUtils( 9074): judge isGame:com.android.calendar
12-09 12:32:45.284 V/GameMode_GpuUtils( 9074): fps:60
12-09 12:32:45.288 D/GameMode_GameModeActionUtils( 9074): Show GameMode entry by service!
12-09 12:32:45.288 W/ContextImpl( 9074): Calling a method in the system process without a qualified user: android.app.ContextImpl.startService:1816 android.content.ContextWrapper.startService:774 com.thundercomm.gamemode.ingame.services.GameModeActionUtils.startGameModeService:99 com.thundercomm.gamemode.ingame.services.GameModeActionUtils.startGameModeEntry:22 com.thundercomm.gamemode.ingame.services.ActivityMonitoringService$1.onActivityLaunch:127
12-09 12:32:45.288 W/WindowManager( 1514): updateScale0.7996942
12-09 12:32:45.291 D/GameModeIF_GameModeSettings( 9074): getUriFor setting_content_uri_root = content://com.thundercomm.gamemode.api/gamemode_settings , name = gamemode_isgaming
12-09 12:32:45.291 D/GameMode_GameModeService( 9074): type=hide_entry
12-09 12:32:45.293 I/GameModeConfig( 1514): Current uri is uri = content://com.thundercomm.gamemode.api/gamemode_settings/gamemode_isgaming
12-09 12:32:45.293 D/GameModeIF_GameModeSettings( 1514): getUriFor setting_content_uri_root = content://com.thundercomm.gamemode.api/gamemode_settings , name = gamemode_isgaming
12-09 12:32:45.293 D/GameModeIF_GameModeSettings( 9074): gamemode_isgaming set to 0
12-09 12:32:45.293 D/GameMode_GameSettingsObserver( 9074): Game Data change!!!! uri = content://com.thundercomm.gamemode.api/gamemode_settings/gamemode_isgaming
12-09 12:32:45.293 D/GameModeIF_GameModeSettings( 9074): getUriFor setting_content_uri_root = content://com.thundercomm.gamemode.api/gamemode_settings , name = gamemode_isgaming
12-09 12:32:45.294 I/GameModeConfig( 1514): isGameModeOn = false
12-09 12:32:45.294 I/GameModeConfig( 1514): isGameModeOn = false
12-09 12:32:45.294 I/GameModeConfig( 1514): isDisableVoice = true
12-09 12:32:45.296 D/GameMode_GameModeService( 9074): updateGlobalSettings = gamemode_isgaming
12-09 12:32:45.301 W/WindowManager( 1514): updateScale0.7996942
12-09 12:32:45.303 W/WindowManager( 1514): updateScale0.7996942
12-09 12:32:45.304 W/WindowManager( 1514): updateScale0.7996942
12-09 12:32:45.305 D/AccountManagerService( 1514): bind attempt failed for Session: expectLaunch true, connected false, stats (0/0/0), lifetime 0.0, addAccount, accountType com.google, requiredFeatures null
12-09 12:32:45.305 D/FreeWindowHelper( 2834): enterOrExitRecentTasks: isEnterRecentTasks=false,mExitFlag=1
12-09 12:32:45.305 W/FreeFormWindowHelper( 1514): exitRecentTasks type=1
12-09 12:32:45.305 I/EventSequenceValidator( 1514): Transition from ACTIVITY_LAUNCHED to ACTIVITY_FINISHED
12-09 12:32:45.305 E/PagedView( 2834): validateNewPage: failed to find a page < mMaxScrollX
12-09 12:32:45.307 I/ActivityTaskManager( 1514): Displayed com.android.calendar/.AllInOneActivity: +55ms
12-09 12:32:45.370 I/OMX-VENC: venc_dev( 1203): stats: avg. fps 30.74, bitrate 3257182
12-09 12:32:45.458 I/OMX-VENC: venc_dev( 1203): stats: avg. fps 38.90, bitrate 1294928
12-09 12:32:45.588 W/WindowManager( 1514): updateScale0.7996942
12-09 12:32:45.716 E/PagedView( 2834): validateNewPage: failed to find a page < mMaxScrollX
12-09 12:32:45.805 I/hpplay-java( 3295): [main]:IMTask:getIMRoot
12-09 12:32:45.873 I/mpu_uart( 649): [MSG-P:RECV]:No message received in 1000 ms
12-09 12:32:46.553 I/OMX-VENC: venc_dev( 1203): stats: avg. fps 22.82, bitrate 689693
12-09 12:32:46.591 W/swapper/1( 0): type=1400 audit(0.0:8427): avc: denied { kill } for capability=5 scontext=u:r:kernel:s0 tcontext=u:r:kernel:s0 tclass=capability permissive=0
12-09 12:32:46.873 I/mpu_uart( 649): [MSG-P:RECV]:No message received in 1000 ms
12-09 12:32:47.352 I/OMX-VENC: venc_dev( 1203): stats: avg. fps 12.11, bitrate 1332603
12-09 12:32:47.591 W/swapper/1( 0): type=1400 audit(0.0:8428): avc: denied { kill } for capability=5 scontext=u:r:kernel:s0 tcontext=u:r:kernel:s0 tclass=capability permissive=0
12-09 12:32:47.651 I/OMX-VENC: venc_dev( 1203): stats: avg. fps 10.02, bitrate 60422
12-09 12:32:47.726 I/mpu_uart( 649): [MSG-P:R]:recv sync frame timeout
12-09 12:32:47.874 I/mpu_uart( 649): [MSG-P:RECV]:No message received in 1000 ms
12-09 12:32:48.356 I/OMX-VENC: venc_dev( 1203): stats: avg. fps 1.99, bitrate 102484
12-09 12:32:48.591 W/swapper/1( 0): type=1400 audit(0.0:8429): avc: denied { kill } for capability=5 scontext=u:r:kernel:s0 tcontext=u:r:kernel:s0 tclass=capability permissive=0
12-09 12:32:48.655 I/OMX-VENC: venc_dev( 1203): stats: avg. fps 10.95, bitrate 65635
12-09 12:32:48.874 I/mpu_uart( 649): [MSG-P:RECV]:No message received in 1000 ms
12-09 12:32:49.113 E/TaskPersister( 1514): File error accessing recents directory (directory doesn't exist?).
12-09 12:32:49.356 I/OMX-VENC: venc_dev( 1203): stats: avg. fps 1.00, bitrate 50476
12-09 12:32:49.591 W/swapper/1( 0): type=1400 audit(0.0:8430): avc: denied { kill } for capability=5 scontext=u:r:kernel:s0 tcontext=u:r:kernel:s0 tclass=capability permissive=0
12-09 12:32:49.656 I/OMX-VENC: venc_dev( 1203): stats: avg. fps 9.99, bitrate 54336
12-09 12:32:49.874 I/mpu_uart( 649): [MSG-P:RECV]:No message received in 1000 ms
12-09 12:32:50.359 I/OMX-VENC: venc_dev( 1203): stats: avg. fps 1.00, bitrate 74277
12-09 12:32:50.591 W/swapper/1( 0): type=1400 audit(0.0:8431): avc: denied { kill } for capability=5 scontext=u:r:kernel:s0 tcontext=u:r:kernel:s0 tclass=capability permissive=0
12-09 12:32:50.659 I/OMX-VENC: venc_dev( 1203): stats: avg. fps 9.97, bitrate 53868
12-09 12:32:50.729 I/mpu_uart( 649): [MSG-P:R]:recv sync frame timeout
12-09 12:32:50.874 I/mpu_uart( 649): [MSG-P:RECV]:No message received in 1000 ms
12-09 12:32:51.319 D/UIAutomatorStub(18567): URI: /jsonrpc/0, Method: POST, params, {NanoHttpd.QUERY_STRING=null}, files: {postData={"jsonrpc": "2.0", "id": "aa6ceb710c83da7fd6c13d459dc52fc6", "method": "waitForExists", "params": [{"mask": 2097152, "childOrSibling": [], "childOrSiblingSelector": [], "resourceId": "android:id/move_window"}, 3000]}}
12-09 12:32:51.321 W/QueryController(18567): Could not detect idle state.
12-09 12:32:51.387 D/UIAutomatorStub(18567): URI: /jsonrpc/0, Method: POST, params, {NanoHttpd.QUERY_STRING=null}, files: {postData={"jsonrpc": "2.0", "id": "ae91678f27a5cf80e16d54310c7f95b9", "method": "objInfo", "params": [{"mask": 2097152, "childOrSibling": [], "childOrSiblingSelector": [], "resourceId": "android:id/move_window"}]}}
12-09 12:32:51.389 W/QueryController(18567): Could not detect idle state.
12-09 12:32:51.404 W/QueryController(18567): Could not detect idle state.
12-09 12:32:51.407 W/QueryController(18567): Could not detect idle state.
12-09 12:32:51.409 W/QueryController(18567): Could not detect idle state.
12-09 12:32:51.411 W/QueryController(18567): Could not detect idle state.
12-09 12:32:51.412 W/QueryController(18567): Could not detect idle state.
12-09 12:32:51.414 W/QueryController(18567): Could not detect idle state.
12-09 12:32:51.415 W/QueryController(18567): Could not detect idle state.
12-09 12:32:51.418 W/QueryController(18567): Could not detect idle state.
12-09 12:32:51.419 W/QueryController(18567): Could not detect idle state.
12-09 12:32:51.421 W/QueryController(18567): Could not detect idle state.
12-09 12:32:51.423 W/QueryController(18567): Could not detect idle state.
12-09 12:32:51.424 W/QueryController(18567): Could not detect idle state.
12-09 12:32:51.425 W/QueryController(18567): Could not detect idle state.
12-09 12:32:51.426 W/QueryController(18567): Could not detect idle state.
12-09 12:32:51.427 W/QueryController(18567): Could not detect idle state.
12-09 12:32:51.429 W/QueryController(18567): Could not detect idle state.
12-09 12:32:51.430 W/QueryController(18567): Could not detect idle state.
12-09 12:32:51.481 W/System (18567): A resource failed to call end.
12-09 12:32:51.481 D/UIAutomatorStub(18567): URI: /jsonrpc/0, Method: POST, params, {NanoHttpd.QUERY_STRING=null}, files: {postData={"jsonrpc": "2.0", "id": "1f31ac8375f58eeeb223a3ec33dd13da", "method": "click", "params": [261.5, 99.0]}}
12-09 12:32:51.482 W/System (18567): A resource failed to call end.
12-09 12:32:51.482 W/System (18567): A resource failed to call end.
12-09 12:32:51.482 W/System (18567): A resource failed to call end.
12-09 12:32:51.482 W/System (18567): A resource failed to call end.
12-09 12:32:51.482 W/System (18567): A resource failed to call end.
12-09 12:32:51.482 W/System (18567): A resource failed to call end.
12-09 12:32:51.483 W/System (18567): A resource failed to call end.
12-09 12:32:51.483 W/System (18567): A resource failed to call end.
12-09 12:32:51.483 W/System (18567): A resource failed to call end.
12-09 12:32:51.483 W/System (18567): A resource failed to call end.
12-09 12:32:51.483 W/System (18567): A resource failed to call end.
12-09 12:32:51.483 W/System (18567): A resource failed to call end.
12-09 12:32:51.483 W/System (18567): A resource failed to call end.
12-09 12:32:51.484 W/System (18567): A resource failed to call end.
12-09 12:32:51.541 I/OMX-VENC: venc_dev( 1203): stats: avg. fps 2.54, bitrate 92028
12-09 12:32:51.591 W/swapper/1( 0): type=1400 audit(0.0:8432): avc: denied { kill } for capability=5 scontext=u:r:kernel:s0 tcontext=u:r:kernel:s0 tclass=capability permissive=0
12-09 12:32:51.672 I/OMX-VENC: venc_dev( 1203): stats: avg. fps 15.79, bitrate 85505
12-09 12:32:51.875 I/mpu_uart( 649): [MSG-P:RECV]:No message received in 1000 ms
12-09 12:32:52.591 W/swapper/1( 0): type=1400 audit(0.0:8433): avc: denied { kill } for capability=5 scontext=u:r:kernel:s0 tcontext=u:r:kernel:s0 tclass=capability permissive=0
12-09 12:32:52.701 D/UIAutomatorStub(18567): URI: /jsonrpc/0, Method: POST, params, {NanoHttpd.QUERY_STRING=null}, files: {postData={"jsonrpc": "2.0", "id": "0f6a75a81a115685a2ba07a9339ddac5", "method": "exist", "params": [{"mask": 2097152, "childOrSibling": [], "childOrSiblingSelector": [], "resourceId": "android:id/caption"}]}}
12-09 12:32:52.704 W/QueryController(18567): Could not detect idle state.
12-09 12:32:52.769 I/OMX-VENC: venc_dev( 1203): stats: avg. fps 15.50, bitrate 83582
12-09 12:32:52.875 I/mpu_uart( 649): [MSG-P:RECV]:No message received in 1000 ms
12-09 12:32:53.365 I/OMX-VENC: venc_dev( 1203): stats: avg. fps 8.23, bitrate 412813
12-09 12:32:53.591 W/swapper/1( 0): type=1400 audit(0.0:8434): avc: denied { kill } for capability=5 scontext=u:r:kernel:s0 tcontext=u:r:kernel:s0 tclass=capability permissive=0
12-09 12:32:53.731 I/mpu_uart( 649): [MSG-P:R]:recv sync frame timeout
12-09 12:32:53.865 I/OMX-VENC: venc_dev( 1203): stats: avg. fps 10.03, bitrate 54402
12-09 12:32:53.875 I/mpu_uart( 649): [MSG-P:RECV]:No message received in 1000 ms
12-09 12:32:54.368 I/OMX-VENC: venc_dev( 1203): stats: avg. fps 1.00, bitrate 52475
12-09 12:32:54.560 D/ConnectivityService( 1514): Data stall detected with methods: 1
12-09 12:32:54.561 D/NetworkMonitor/104( 2515): isDataStall: result=1, tcp packets received=0, latest tcp fail rate=-1, consecutive dns timeout count=233
12-09 12:32:54.561 D/NetworkMonitor/104( 2515): Suspecting data stall, reevaluate
12-09 12:32:54.563 D/NetworkMonitor/104( 2515): Validation disabled.
12-09 12:32:54.568 D/ConnectivityService( 1514): [104 WIFI] validation passed
12-09 12:32:54.591 W/swapper/1( 0): type=1400 audit(0.0:8435): avc: denied { kill } for capability=5 scontext=u:r:kernel:s0 tcontext=u:r:kernel:s0 tclass=capability permissive=0
12-09 12:32:54.809 D/ProcessState(19840): Binder ioctl to enable oneway spam detection failed: Invalid argument
12-09 12:32:54.814 D/StateManager( 2834): goToState: Overview
12-09 12:32:54.814 D/EditModeHelper( 2834): setHotseatVisibility: 0
12-09 12:32:54.817 V/ShadeControllerImpl( 2372): NotificationShadeWindow: com.android.systemui.statusbar.phone.NotificationShadeWindowView{7f4383b I.E...... ......ID 0,0-2380,1020} canPanelBeCollapsed(): false
12-09 12:32:54.822 D/FreeWindowHelper( 2834): enterOrExitRecentTasks: isEnterRecentTasks=true,mExitFlag=1
12-09 12:32:54.829 D/UIAutomatorStub(18567): URI: /jsonrpc/0, Method: POST, params, {NanoHttpd.QUERY_STRING=null}, files: {postData={"jsonrpc": "2.0", "id": "7f90e60f77d1aeac2308677d5894c3d2", "method": "waitForExists", "params": [{"mask": 2097153, "childOrSibling": [], "childOrSiblingSelector": [], "resourceId": "com.android.launcher3:id/name_tv", "text": "\u65e5\u5386"}, 3000]}}
12-09 12:32:54.831 W/QueryController(18567): Could not detect idle state.
12-09 12:32:54.832 D/ActivityTrigger( 1514): ActivityTrigger activityPauseTrigger
12-09 12:32:54.841 D/FreeWindowContainer( 2834): reloadTask: TaskInfo{userId=0 taskId=183 displayId=0 isRunning=false baseIntent=Intent { flg=0x10008000 cmp=com.android.calendar/.AllInOneActivity } baseActivity=null topActivity=null origActivity=null realActivity=ComponentInfo{com.android.calendar/com.android.calendar.AllInOneActivity} numActivities=0 lastActiveTime=25989911 supportsSplitScreenMultiWindow=true supportsMultiWindow=true resizeMode=1 isResizeable=true token=WCT{android.window.IWindowContainerToken$Stub$Proxy@fd5272a} topActivityType=1 pictureInPictureParams=null displayCutoutSafeInsets=null topActivityInfo=null launchCookies=[] positionInParent=Point(0, 72) parentTaskId=-1 isFocused=false isVisible=true topActivityInSizeCompat=false locusId= null}
12-09 12:32:54.850 I/ActivityTaskManager( 1514): FOREGROUND_APPLICATION_CHANGED to com.android.launcher3.uioverrides.QuickstepLauncher
12-09 12:32:54.863 I/GameMode_ActivityMonitoringService( 9074): onForegroundActivitiesChanged uid 10069 pid 19196 fg false
12-09 12:32:54.863 W/ActivityTaskManager( 1514): getTaskSnapshot: taskId=182 not found
12-09 12:32:54.864 W/ActivityTaskManager( 1514): getTaskSnapshot: taskId=5182 not found
12-09 12:32:54.864 W/ActivityTaskManager( 1514): getTaskSnapshot: taskId=4182 not found
12-09 12:32:54.864 W/ActivityTaskManager( 1514): getTaskSnapshot: taskId=3182 not found
12-09 12:32:54.866 I/GameMode_ActivityMonitoringService( 9074): Updating top task to: TaskInfoContainer [topActivity=ComponentInfo{com.android.launcher3/com.android.launcher3.uioverrides.QuickstepLauncher}, taskId=10, stackId=1, userId=0, displayId=0, position=6
12-09 12:32:54.866 I/GameMode_ActivityMonitoringService( 9074): Notifying about top task: TaskInfoContainer [topActivity=ComponentInfo{com.android.launcher3/com.android.launcher3.uioverrides.QuickstepLauncher}, taskId=10, stackId=1, userId=0, displayId=0, position=6
12-09 12:32:54.866 E/GameMode_ActivityMonitoringService( 9074): onActivityLaunch:com.android.launcher3
12-09 12:32:54.866 V/GameMode_GameTypeUtils( 9074): judge isGame:com.android.launcher3
12-09 12:32:54.866 V/GameMode_GpuUtils( 9074): fps:60
12-09 12:32:54.869 D/GameMode_GameModeActionUtils( 9074): Show GameMode entry by service!
12-09 12:32:54.869 W/ContextImpl( 9074): Calling a method in the system process without a qualified user: android.app.ContextImpl.startService:1816 android.content.ContextWrapper.startService:774 com.thundercomm.gamemode.ingame.services.GameModeActionUtils.startGameModeService:99 com.thundercomm.gamemode.ingame.services.GameModeActionUtils.startGameModeEntry:22 com.thundercomm.gamemode.ingame.services.ActivityMonitoringService$1.onActivityLaunch:127
12-09 12:32:54.871 I/OMX-VENC: venc_dev( 1203): stats: avg. fps 9.94, bitrate 53589
12-09 12:32:54.873 D/GameModeIF_GameModeSettings( 9074): getUriFor setting_content_uri_root = content://com.thundercomm.gamemode.api/gamemode_settings , name = gamemode_isgaming
12-09 12:32:54.875 I/mpu_uart( 649): [MSG-P:RECV]:No message received in 1000 ms
12-09 12:32:54.877 D/BaseIconFactory( 2834): normalizeAndWrapToAdaptiveIcon: scale=0.8095241
12-09 12:32:54.879 D/GameModeIF_GameModeSettings( 9074): gamemode_isgaming set to 0
12-09 12:32:54.879 D/GameMode_GameModeService( 9074): type=hide_entry
12-09 12:32:54.879 D/GameMode_GameSettingsObserver( 9074): Game Data change!!!! uri = content://com.thundercomm.gamemode.api/gamemode_settings/gamemode_isgaming
12-09 12:32:54.879 D/GameModeIF_GameModeSettings( 9074): getUriFor setting_content_uri_root = content://com.thundercomm.gamemode.api/gamemode_settings , name = gamemode_isgaming
12-09 12:32:54.882 D/GameMode_GameModeService( 9074): updateGlobalSettings = gamemode_isgaming
12-09 12:32:54.885 W/ActivityTaskManager( 1514): getTaskSnapshot: taskId=5183 not found
12-09 12:32:54.886 I/GameModeConfig( 1514): Current uri is uri = content://com.thundercomm.gamemode.api/gamemode_settings/gamemode_isgaming
12-09 12:32:54.886 D/GameModeIF_GameModeSettings( 1514): getUriFor setting_content_uri_root = content://com.thundercomm.gamemode.api/gamemode_settings , name = gamemode_isgaming
12-09 12:32:54.887 D/BaseIconFactory( 2834): normalizeAndWrapToAdaptiveIcon: scale=0.8095241
12-09 12:32:54.892 W/ActivityTaskManager( 1514): getTaskSnapshot: taskId=5183 not found
12-09 12:32:54.892 W/InputManager-JNI( 1514): Input channel object 'b0c131a com.android.calendar/com.android.calendar.AllInOneActivity (client)' was disposed without first being removed with the input manager!
12-09 12:32:54.894 W/ActivityTaskManager( 1514): getTaskSnapshot: taskId=4183 not found
12-09 12:32:54.896 D/BaseIconFactory( 2834): normalizeAndWrapToAdaptiveIcon: scale=0.8095241
12-09 12:32:54.897 I/GameModeConfig( 1514): isGameModeOn = false
12-09 12:32:54.897 I/GameModeConfig( 1514): isGameModeOn = false
12-09 12:32:54.897 I/GameModeConfig( 1514): isDisableVoice = true
12-09 12:32:54.898 W/ActivityTaskManager( 1514): getTaskSnapshot: taskId=3183 not found
12-09 12:32:54.898 D/BaseIconFactory( 2834): normalizeAndWrapToAdaptiveIcon: scale=0.8095241
12-09 12:32:54.899 W/ActivityTaskManager( 1514): getTaskSnapshot: taskId=2183 not found
12-09 12:32:54.900 D/BaseIconFactory( 2834): normalizeAndWrapToAdaptiveIcon: scale=0.8095241
12-09 12:32:54.900 W/ActivityTaskManager( 1514): getTaskSnapshot: taskId=1183 not found
12-09 12:32:54.901 D/BaseIconFactory( 2834): normalizeAndWrapToAdaptiveIcon: scale=0.8095241
12-09 12:32:54.908 W/ActivityTaskManager( 1514): getTaskSnapshot: taskId=3183 not found
12-09 12:32:54.909 W/ActivityTaskManager( 1514): getTaskSnapshot: taskId=2183 not found
12-09 12:32:54.909 W/ActivityTaskManager( 1514): getTaskSnapshot: taskId=1183 not found
12-09 12:32:54.952 I/GameMode_ActivityMonitoringService( 9074): onTaskStackChanged
12-09 12:32:54.956 I/OpenGLRenderer( 2834): Davey! duration=9223346046855ms; Flags=0, FrameTimelineVsyncId=414754, IntendedVsync=25989998977174, Vsync=25989998977174, InputEventId=0, HandleInputStart=25989999240187, AnimationStart=25989999241020, PerformTraversalsStart=25990010460031, DrawStart=25990010838624, FrameDeadline=25990015643840, FrameInterval=25989999238416, FrameStartTime=16666666, SyncQueued=25990010985031, SyncStart=25990011038156, IssueDrawCommandsStart=25990011218624, SwapBuffers=25990011842010, FrameCompleted=9223372036854775807, DequeueBufferDuration=13698, QueueBufferDuration=363178, GpuCompleted=9223372036854775807, SwapBuffersCompleted=25990012479562, DisplayPresentTime=0,
12-09 12:32:54.958 I/GameMode_ActivityMonitoringService( 9074): Updating top task to: TaskInfoContainer [topActivity=ComponentInfo{com.android.launcher3/com.android.launcher3.uioverrides.QuickstepLauncher}, taskId=10, stackId=1, userId=0, displayId=0, position=6
12-09 12:32:54.958 I/GameMode_ActivityMonitoringService( 9074): Notifying about top task: TaskInfoContainer [topActivity=ComponentInfo{com.android.launcher3/com.android.launcher3.uioverrides.QuickstepLauncher}, taskId=10, stackId=1, userId=0, displayId=0, position=6
12-09 12:32:54.958 E/GameMode_ActivityMonitoringService( 9074): onActivityLaunch:com.android.launcher3
12-09 12:32:54.958 V/GameMode_GameTypeUtils( 9074): judge isGame:com.android.launcher3
12-09 12:32:54.958 V/GameMode_GpuUtils( 9074): fps:60
12-09 12:32:54.960 D/GameMode_GameModeActionUtils( 9074): Show GameMode entry by service!
12-09 12:32:54.960 W/ContextImpl( 9074): Calling a method in the system process without a qualified user: android.app.ContextImpl.startService:1816 android.content.ContextWrapper.startService:774 com.thundercomm.gamemode.ingame.services.GameModeActionUtils.startGameModeService:99 com.thundercomm.gamemode.ingame.services.GameModeActionUtils.startGameModeEntry:22 com.thundercomm.gamemode.ingame.services.ActivityMonitoringService$1.onActivityLaunch:127
12-09 12:32:54.963 D/GameMode_GameModeService( 9074): type=hide_entry
12-09 12:32:54.966 D/GameModeIF_GameModeSettings( 9074): getUriFor setting_content_uri_root = content://com.thundercomm.gamemode.api/gamemode_settings , name = gamemode_isgaming
12-09 12:32:54.969 I/GameModeConfig( 1514): Current uri is uri = content://com.thundercomm.gamemode.api/gamemode_settings/gamemode_isgaming
12-09 12:32:54.969 D/GameModeIF_GameModeSettings( 1514): getUriFor setting_content_uri_root = content://com.thundercomm.gamemode.api/gamemode_settings , name = gamemode_isgaming
12-09 12:32:54.969 D/GameMode_GameSettingsObserver( 9074): Game Data change!!!! uri = content://com.thundercomm.gamemode.api/gamemode_settings/gamemode_isgaming
12-09 12:32:54.970 D/GameModeIF_GameModeSettings( 9074): gamemode_isgaming set to 0
12-09 12:32:54.971 I/GameModeConfig( 1514): isGameModeOn = false
12-09 12:32:54.971 I/GameModeConfig( 1514): isGameModeOn = false
12-09 12:32:54.971 I/GameModeConfig( 1514): isDisableVoice = true
12-09 12:32:54.971 D/GameModeIF_GameModeSettings( 9074): getUriFor setting_content_uri_root = content://com.thundercomm.gamemode.api/gamemode_settings , name = gamemode_isgaming
12-09 12:32:54.975 D/GameMode_GameModeService( 9074): updateGlobalSettings = gamemode_isgaming
12-09 12:32:54.979 D/libEGL ( 1514): MSAA-->msaa:0 gamemode:0 4x_msaa:0
12-09 12:32:54.980 D/libEGL ( 1514): MSAA-->msaa:0 gamemode:0 4x_msaa:0
12-09 12:32:54.980 D/libEGL ( 1514): MSAA-->msaa:0 gamemode:0 4x_msaa:0
12-09 12:32:54.988 W/System ( 1514): A resource failed to call close.
12-09 12:32:54.988 W/System ( 1514): A resource failed to call close.
12-09 12:32:54.989 D/UIAutomatorStub(18567): URI: /jsonrpc/0, Method: POST, params, {NanoHttpd.QUERY_STRING=null}, files: {postData={"jsonrpc": "2.0", "id": "721d9b3584909f123dc6b7aff9bd7c8a", "method": "objInfo", "params": [{"mask": 2097153, "childOrSibling": [], "childOrSiblingSelector": [], "resourceId": "com.android.launcher3:id/name_tv", "text": "\u65e5\u5386"}]}}
12-09 12:32:54.991 W/QueryController(18567): Could not detect idle state.
12-09 12:32:55.038 W/QueryController(18567): Could not detect idle state.
12-09 12:32:55.054 W/QueryController(18567): Could not detect idle state.
12-09 12:32:55.057 W/QueryController(18567): Could not detect idle state.
12-09 12:32:55.068 W/QueryController(18567): Could not detect idle state.
12-09 12:32:55.069 W/QueryController(18567): Could not detect idle state.
12-09 12:32:55.071 W/QueryController(18567): Could not detect idle state.
12-09 12:32:55.073 W/QueryController(18567): Could not detect idle state.
12-09 12:32:55.085 W/QueryController(18567): Could not detect idle state.
12-09 12:32:55.085 W/QueryController(18567): Could not detect idle state.
12-09 12:32:55.086 W/QueryController(18567): Could not detect idle state.
12-09 12:32:55.087 W/QueryController(18567): Could not detect idle state.
12-09 12:32:55.087 W/QueryController(18567): Could not detect idle state.
12-09 12:32:55.089 W/QueryController(18567): Could not detect idle state.
12-09 12:32:55.107 W/QueryController(18567): Could not detect idle state.
12-09 12:32:55.130 W/QueryController(18567): Could not detect idle state.
12-09 12:32:55.156 D/FreeFormWindowHelper( 1514): Remove freefrom task=Task{5268dc2 #183 type=standard A=10069:android.task.calendar U=0 visible=false mode=freeform translucent=true sz=0}
12-09 12:32:55.184 W/QueryController(18567): Could not detect idle state.
12-09 12:32:55.195 W/QueryController(18567): Could not detect idle state.
12-09 12:32:55.254 D/UIAutomatorStub(18567): URI: /jsonrpc/0, Method: POST, params, {NanoHttpd.QUERY_STRING=null}, files: {postData={"jsonrpc": "2.0", "id": "4167f3837e8b3768c95f2458c894294f", "method": "click", "params": [206.0, 405.0]}}
12-09 12:32:55.364 D/FreeWindowHelper( 2834): setExitFlag: old=0,new=1
12-09 12:32:55.366 I/ActivityTaskManager( 1514): START u0 {flg=0x10008000 cmp=com.android.calendar/.AllInOneActivity} from uid 10075
12-09 12:32:55.366 I/EventSequenceValidator( 1514): Transition from ACTIVITY_FINISHED to INTENT_STARTED
12-09 12:32:55.370 E/ANDR-PERF-JNI( 1514): com_qualcomm_qtiperformance_native_perf_io_prefetch_start
12-09 12:32:55.372 W/ActivityTaskManager( 1514): Can't find TaskDisplayArea to determine support for multi window. Task id=184 attached=false
12-09 12:32:55.374 D/FreeFormWindowHelper( 1514): Add freeform task=Task{205881b #184 type=standard ?? U=0 visible=false mode=freeform translucent=true sz=0}
12-09 12:32:55.374 E/ANDR-IOP( 865): io prefetch is disabled
12-09 12:32:55.378 D/CompatibilityInfo( 1514): mCompatibilityFlags - 4
12-09 12:32:55.378 D/CompatibilityInfo( 1514): applicationDensity - 240
12-09 12:32:55.378 D/CompatibilityInfo( 1514): applicationScale - 1.0
12-09 12:32:55.379 I/ActivityTaskManager( 1514): FOREGROUND_APPLICATION_CHANGED to com.android.calendar.AllInOneActivity
12-09 12:32:55.379 I/ActivityTaskManager( 1514): The Process com.android.calendar Already Exists in BG. So sending its PID: 19196
12-09 12:32:55.379 W/ActivityTaskManager( 1514): Tried to set launchTime (0) < mLastActivityLaunchTime (25980338)
12-09 12:32:55.381 D/CompatibilityInfo( 1514): mCompatibilityFlags - 4
12-09 12:32:55.381 D/CompatibilityInfo( 1514): applicationDensity - 240
12-09 12:32:55.381 D/CompatibilityInfo( 1514): applicationScale - 1.0
12-09 12:32:55.388 D/StateManager( 2834): goToState: Normal
12-09 12:32:55.389 D/EditModeHelper( 2834): setHotseatVisibility: 0
12-09 12:32:55.399 I/GameMode_ActivityMonitoringService( 9074): onForegroundActivitiesChanged uid 10069 pid 19196 fg true
12-09 12:32:55.401 I/OMX-VENC: venc_dev( 1203): stats: avg. fps 26.15, bitrate 2957202
12-09 12:32:55.403 I/EventSequenceValidator( 1514): Transition from INTENT_STARTED to ACTIVITY_LAUNCHED
12-09 12:32:55.408 I/GameMode_ActivityMonitoringService( 9074): Updating top task to: TaskInfoContainer [topActivity=ComponentInfo{com.android.calendar/com.android.calendar.AllInOneActivity}, taskId=184, stackId=184, userId=0, displayId=0, position=6
12-09 12:32:55.409 I/GameMode_ActivityMonitoringService( 9074): Notifying about top task: TaskInfoContainer [topActivity=ComponentInfo{com.android.calendar/com.android.calendar.AllInOneActivity}, taskId=184, stackId=184, userId=0, displayId=0, position=6
12-09 12:32:55.409 E/GameMode_ActivityMonitoringService( 9074): onActivityLaunch:com.android.calendar
12-09 12:32:55.409 V/GameMode_GameTypeUtils( 9074): judge isGame:com.android.calendar
12-09 12:32:55.409 V/GameMode_GpuUtils( 9074): fps:60
12-09 12:32:55.410 D/GameMode_GameModeActionUtils( 9074): Show GameMode entry by service!
12-09 12:32:55.411 W/ContextImpl( 9074): Calling a method in the system process without a qualified user: android.app.ContextImpl.startService:1816 android.content.ContextWrapper.startService:774 com.thundercomm.gamemode.ingame.services.GameModeActionUtils.startGameModeService:99 com.thundercomm.gamemode.ingame.services.GameModeActionUtils.startGameModeEntry:22 com.thundercomm.gamemode.ingame.services.ActivityMonitoringService$1.onActivityLaunch:127
12-09 12:32:55.413 D/FreeWindowHelper( 2834): enterOrExitRecentTasks: isEnterRecentTasks=false,mExitFlag=1
12-09 12:32:55.414 W/FreeFormWindowHelper( 1514): exitRecentTasks type=1
12-09 12:32:55.415 E/PagedView( 2834): validateNewPage: failed to find a page < mMaxScrollX
12-09 12:32:55.417 D/AccountManagerService( 1514): bind attempt failed for Session: expectLaunch true, connected false, stats (0/0/0), lifetime 0.0, addAccount, accountType com.google, requiredFeatures null
12-09 12:32:55.418 D/GameModeIF_GameModeSettings( 9074): getUriFor setting_content_uri_root = content://com.thundercomm.gamemode.api/gamemode_settings , name = gamemode_isgaming
12-09 12:32:55.418 D/GameMode_GameModeService( 9074): type=hide_entry
12-09 12:32:55.420 D/GameModeIF_GameModeSettings( 9074): gamemode_isgaming set to 0
12-09 12:32:55.421 I/GameModeConfig( 1514): Current uri is uri = content://com.thundercomm.gamemode.api/gamemode_settings/gamemode_isgaming
12-09 12:32:55.421 D/GameModeIF_GameModeSettings( 1514): getUriFor setting_content_uri_root = content://com.thundercomm.gamemode.api/gamemode_settings , name = gamemode_isgaming
12-09 12:32:55.421 D/GameMode_GameSettingsObserver( 9074): Game Data change!!!! uri = content://com.thundercomm.gamemode.api/gamemode_settings/gamemode_isgaming
12-09 12:32:55.421 D/GameModeIF_GameModeSettings( 9074): getUriFor setting_content_uri_root = content://com.thundercomm.gamemode.api/gamemode_settings , name = gamemode_isgaming
12-09 12:32:55.424 D/GameMode_GameModeService( 9074): updateGlobalSettings = gamemode_isgaming
12-09 12:32:55.425 I/GameModeConfig( 1514): isGameModeOn = false
12-09 12:32:55.425 I/GameModeConfig( 1514): isGameModeOn = false
12-09 12:32:55.425 I/GameModeConfig( 1514): isDisableVoice = true
12-09 12:32:55.426 W/WindowManager( 1514): updateScale0.7996942
12-09 12:32:55.435 W/WindowManager( 1514): updateScale0.7996942
12-09 12:32:55.437 W/WindowManager( 1514): updateScale0.7996942
12-09 12:32:55.438 W/WindowManager( 1514): updateScale0.7996942
12-09 12:32:55.439 I/EventSequenceValidator( 1514): Transition from ACTIVITY_LAUNCHED to ACTIVITY_FINISHED
12-09 12:32:55.440 I/ActivityTaskManager( 1514): Displayed com.android.calendar/.AllInOneActivity: +70ms
12-09 12:32:55.711 W/WindowManager( 1514): updateScale0.7996942
12-09 12:32:55.816 W/hpplay-java( 3295): [AsyncTask #1032]:HttpRequest:
12-09 12:32:55.817 W/hpplay-java( 3295): [AsyncTask #1032]:HttpRequest:
12-09 12:32:55.817 W/hpplay-java( 3295): [AsyncTask #1032]:HttpRequest:
12-09 12:32:55.818 E/hpplay-java( 3295): [main]:IMTask:getIMRoot failed
12-09 12:32:55.823 D/NetworkMonitor/104( 2515): isDataStall: result=1, tcp packets received=0, latest tcp fail rate=-1, consecutive dns timeout count=234
12-09 12:32:55.823 D/NetworkMonitor/104( 2515): Suspecting data stall, reevaluate
12-09 12:32:55.824 D/NetworkMonitor/104( 2515): Validation disabled.
12-09 12:32:55.824 D/ConnectivityService( 1514): Data stall detected with methods: 1
12-09 12:32:55.833 D/ConnectivityService( 1514): [104 WIFI] validation passed
12-09 12:32:55.839 E/PagedView( 2834): validateNewPage: failed to find a page < mMaxScrollX
12-09 12:32:55.876 I/mpu_uart( 649): [MSG-P:RECV]:No message received in 1000 ms
12-09 12:32:55.877 I/OMX-VENC: venc_dev( 1203): stats: avg. fps 48.70, bitrate 1645023
12-09 12:32:56.591 W/swapper/1( 0): type=1400 audit(0.0:8436): avc: denied { kill } for capability=5 scontext=u:r:kernel:s0 tcontext=u:r:kernel:s0 tclass=capability permissive=0
12-09 12:32:56.734 I/mpu_uart( 649): [MSG-P:R]:recv sync frame timeout
12-09 12:32:56.876 I/mpu_uart( 649): [MSG-P:RECV]:No message received in 1000 ms
12-09 12:32:56.877 I/OMX-VENC: venc_dev( 1203): stats: avg. fps 13.99, bitrate 231969
12-09 12:32:57.208 I/OMX-VENC: venc_dev( 1203): stats: avg. fps 16.05, bitrate 1599066
12-09 12:32:57.591 W/swapper/1( 0): type=1400 audit(0.0:8437): avc: denied { kill } for capability=5 scontext=u:r:kernel:s0 tcontext=u:r:kernel:s0 tclass=capability permissive=0
12-09 12:32:57.876 I/mpu_uart( 649): [MSG-P:RECV]:No message received in 1000 ms
12-09 12:32:57.877 I/OMX-VENC: venc_dev( 1203): stats: avg. fps 11.00, bitrate 91775
12-09 12:32:58.378 I/OMX-VENC: venc_dev( 1203): stats: avg. fps 1.71, bitrate 79957
12-09 12:32:58.591 W/swapper/1( 0): type=1400 audit(0.0:8438): avc: denied { kill } for capability=5 scontext=u:r:kernel:s0 tcontext=u:r:kernel:s0 tclass=capability permissive=0
12-09 12:32:58.876 I/mpu_uart( 649): [MSG-P:RECV]:No message received in 1000 ms
12-09 12:32:58.879 I/OMX-VENC: venc_dev( 1203): stats: avg. fps 9.99, bitrate 82449
12-09 12:32:59.173 E/TaskPersister( 1514): File error accessing recents directory (directory doesn't exist?).
12-09 12:32:59.380 I/OMX-VENC: venc_dev( 1203): stats: avg. fps 1.00, bitrate 37903
12-09 12:32:59.591 W/swapper/1( 0): type=1400 audit(0.0:8439): avc: denied { kill } for capability=5 scontext=u:r:kernel:s0 tcontext=u:r:kernel:s0 tclass=capability permissive=0
12-09 12:32:59.737 I/mpu_uart( 649): [MSG-P:R]:recv sync frame timeout
12-09 12:32:59.877 I/mpu_uart( 649): [MSG-P:RECV]:No message received in 1000 ms
12-09 12:32:59.882 I/OMX-VENC: venc_dev( 1203): stats: avg. fps 9.97, bitrate 82308
12-09 12:33:00.002 D/KeyguardUpdateMonitor( 2372): received broadcast android.intent.action.TIME_TICK
12-09 12:33:00.002 D/KeyguardUpdateMonitor( 2372): handleTimeUpdate
12-09 12:33:00.384 I/OMX-VENC: venc_dev( 1203): stats: avg. fps 2.99, bitrate 143755
12-09 12:33:00.591 W/swapper/1( 0): type=1400 audit(0.0:8440): avc: denied { kill } for capability=5 scontext=u:r:kernel:s0 tcontext=u:r:kernel:s0 tclass=capability permissive=0
12-09 12:33:00.877 I/mpu_uart( 649): [MSG-P:RECV]:No message received in 1000 ms
12-09 12:33:00.886 I/OMX-VENC: venc_dev( 1203): stats: avg. fps 10.96, bitrate 91418
12-09 12:33:01.388 I/OMX-VENC: venc_dev( 1203): stats: avg. fps 1.99, bitrate 94785
12-09 12:33:01.445 D/UIAutomatorStub(18567): URI: /jsonrpc/0, Method: POST, params, {NanoHttpd.QUERY_STRING=null}, files: {postData={"jsonrpc": "2.0", "id": "203950a31200f687822eca63a5bf6bad", "method": "waitForExists", "params": [{"mask": 2097152, "childOrSibling": [], "childOrSiblingSelector": [], "resourceId": "android:id/move_window"}, 3000]}}
12-09 12:33:01.449 W/QueryController(18567): Could not detect idle state.
12-09 12:33:01.503 D/UIAutomatorStub(18567): URI: /jsonrpc/0, Method: POST, params, {NanoHttpd.QUERY_STRING=null}, files: {postData={"jsonrpc": "2.0", "id": "2ea703d2aeeccd6b976f0b04cc1639e3", "method": "objInfo", "params": [{"mask": 2097152, "childOrSibling": [], "childOrSiblingSelector": [], "resourceId": "android:id/move_window"}]}}
12-09 12:33:01.505 W/QueryController(18567): Could not detect idle state.
12-09 12:33:01.519 W/QueryController(18567): Could not detect idle state.
12-09 12:33:01.522 W/QueryController(18567): Could not detect idle state.
12-09 12:33:01.523 W/QueryController(18567): Could not detect idle state.
12-09 12:33:01.524 W/QueryController(18567): Could not detect idle state.
12-09 12:33:01.525 W/QueryController(18567): Could not detect idle state.
12-09 12:33:01.526 W/QueryController(18567): Could not detect idle state.
12-09 12:33:01.527 W/QueryController(18567): Could not detect idle state.
12-09 12:33:01.528 W/QueryController(18567): Could not detect idle state.
12-09 12:33:01.529 W/QueryController(18567): Could not detect idle state.
12-09 12:33:01.530 W/QueryController(18567): Could not detect idle state.
12-09 12:33:01.531 W/QueryController(18567): Could not detect idle state.
12-09 12:33:01.532 W/QueryController(18567): Could not detect idle state.
12-09 12:33:01.533 W/QueryController(18567): Could not detect idle state.
12-09 12:33:01.534 W/QueryController(18567): Could not detect idle state.
12-09 12:33:01.535 W/QueryController(18567): Could not detect idle state.
12-09 12:33:01.537 W/QueryController(18567): Could not detect idle state.
12-09 12:33:01.538 W/QueryController(18567): Could not detect idle state.
12-09 12:33:01.589 D/UIAutomatorStub(18567): URI: /jsonrpc/0, Method: POST, params, {NanoHttpd.QUERY_STRING=null}, files: {postData={"jsonrpc": "2.0", "id": "79015c8bf43fff73da08395e945e1ea1", "method": "click", "params": [261.5, 99.0]}}
12-09 12:33:01.591 W/swapper/1( 0): type=1400 audit(0.0:8441): avc: denied { kill } for capability=5 scontext=u:r:kernel:s0 tcontext=u:r:kernel:s0 tclass=capability permissive=0
12-09 12:33:01.877 I/mpu_uart( 649): [MSG-P:RECV]:No message received in 1000 ms
12-09 12:33:01.886 I/OMX-VENC: venc_dev( 1203): stats: avg. fps 20.00, bitrate 164344
12-09 12:33:02.392 I/OMX-VENC: venc_dev( 1203): stats: avg. fps 14.93, bitrate 1169767
12-09 12:33:02.591 W/swapper/1( 0): type=1400 audit(0.0:8442): avc: denied { kill } for capability=5 scontext=u:r:kernel:s0 tcontext=u:r:kernel:s0 tclass=capability permissive=0
12-09 12:33:02.740 I/mpu_uart( 649): [MSG-P:R]:recv sync frame timeout
12-09 12:33:02.805 D/UIAutomatorStub(18567): URI: /jsonrpc/0, Method: POST, params, {NanoHttpd.QUERY_STRING=null}, files: {postData={"jsonrpc": "2.0", "id": "2c433ca1b338f75362989a37cd5330f6", "method": "exist", "params": [{"mask": 2097152, "childOrSibling": [], "childOrSiblingSelector": [], "resourceId": "android:id/caption"}]}}
12-09 12:33:02.808 W/QueryController(18567): Could not detect idle state.
12-09 12:33:02.878 I/mpu_uart( 649): [MSG-P:RECV]:No message received in 1000 ms
12-09 12:33:02.893 I/OMX-VENC: venc_dev( 1203): stats: avg. fps 11.91, bitrate 98180
12-09 12:33:03.591 W/swapper/1( 0): type=1400 audit(0.0:8443): avc: denied { kill } for capability=5 scontext=u:r:kernel:s0 tcontext=u:r:kernel:s0 tclass=capability permissive=0
12-09 12:33:03.878 I/mpu_uart( 649): [MSG-P:RECV]:No message received in 1000 ms
12-09 12:33:03.990 I/OMX-VENC: venc_dev( 1203): stats: avg. fps 10.03, bitrate 83018
