12-09 12:29:32.298 D/GameModeIF_GameModeSettings( 9074): getUriFor setting_content_uri_root = content://com.thundercomm.gamemode.api/gamemode_settings , name = gamemode_isgaming
12-09 12:29:32.299 I/GameModeConfig( 1514): isGameModeOn = false
12-09 12:29:32.300 I/GameModeConfig( 1514): isGameModeOn = false
12-09 12:29:32.300 I/GameModeConfig( 1514): isDisableVoice = true
12-09 12:29:32.301 D/GameMode_GameModeService( 9074): updateGlobalSettings = gamemode_isgaming
12-09 12:29:32.306 D/FreeWindowHelper( 2834): enterOrExitRecentTasks: isEnterRecentTasks=false,mExitFlag=1
12-09 12:29:32.306 W/FreeFormWindowHelper( 1514): exitRecentTasks type=1
12-09 12:29:32.306 D/AccountManagerService( 1514): bind attempt failed for Session: expectLaunch true, connected false, stats (0/0/0), lifetime 0.0, addAccount, accountType com.google, requiredFeatures null
12-09 12:29:32.306 E/PagedView( 2834): validateNewPage: failed to find a page < mMaxScrollX
12-09 12:29:32.310 W/WindowManager( 1514): updateScale0.7996942
12-09 12:29:32.323 W/WindowManager( 1514): updateScale0.7996942
12-09 12:29:32.325 W/WindowManager( 1514): updateScale0.7996942
12-09 12:29:32.326 W/WindowManager( 1514): updateScale0.7996942
12-09 12:29:32.327 I/EventSequenceValidator( 1514): Transition from ACTIVITY_LAUNCHED to ACTIVITY_FINISHED
12-09 12:29:32.332 I/ActivityTaskManager( 1514): Displayed com.android.calendar/.AllInOneActivity: +63ms
12-09 12:29:32.548 I/mpu_uart( 649): [MSG-P:R]:recv sync frame timeout
12-09 12:29:32.591 W/swapper/3( 0): type=1400 audit(0.0:8257): avc: denied { kill } for capability=5 scontext=u:r:kernel:s0 tcontext=u:r:kernel:s0 tclass=capability permissive=0
12-09 12:29:32.610 W/WindowManager( 1514): updateScale0.7996942
12-09 12:29:32.700 I/selfinstaller( 1187): create socket failed: No route to host 113
12-09 12:29:32.724 E/PagedView( 2834): validateNewPage: failed to find a page < mMaxScrollX
12-09 12:29:32.809 I/mpu_uart( 649): [MSG-P:RECV]:No message received in 1000 ms
12-09 12:29:33.124 W/BestClock( 1514): java.time.DateTimeException: Missing NTP fix
12-09 12:29:33.138 W/BestClock( 1514): java.time.DateTimeException: Missing NTP fix
12-09 12:29:33.144 W/BestClock( 1514): java.time.DateTimeException: Missing NTP fix
12-09 12:29:33.145 W/BestClock( 1514): java.time.DateTimeException: Missing NTP fix
12-09 12:29:33.268 I/OMX-VENC: venc_dev( 1203): stats: avg. fps 33.17, bitrate 1134012
12-09 12:29:33.591 W/swapper/3( 0): type=1400 audit(0.0:8258): avc: denied { kill } for capability=5 scontext=u:r:kernel:s0 tcontext=u:r:kernel:s0 tclass=capability permissive=0
12-09 12:29:33.809 I/mpu_uart( 649): [MSG-P:RECV]:No message received in 1000 ms
12-09 12:29:33.888 I/OMX-VENC: venc_dev( 1203): stats: avg. fps 25.51, bitrate 2553791
12-09 12:29:34.288 I/OMX-VENC: venc_dev( 1203): stats: avg. fps 10.78, bitrate 69134
12-09 12:29:34.591 W/swapper/3( 0): type=1400 audit(0.0:8259): avc: denied { kill } for capability=5 scontext=u:r:kernel:s0 tcontext=u:r:kernel:s0 tclass=capability permissive=0
12-09 12:29:34.810 I/mpu_uart( 649): [MSG-P:RECV]:No message received in 1000 ms
12-09 12:29:34.890 I/OMX-VENC: venc_dev( 1203): stats: avg. fps 1.00, bitrate 25572
12-09 12:29:35.290 I/OMX-VENC: venc_dev( 1203): stats: avg. fps 9.98, bitrate 58516
12-09 12:29:35.550 I/mpu_uart( 649): [MSG-P:R]:recv sync frame timeout
12-09 12:29:35.810 I/mpu_uart( 649): [MSG-P:RECV]:No message received in 1000 ms
12-09 12:29:35.892 I/OMX-VENC: venc_dev( 1203): stats: avg. fps 1.00, bitrate 427805
12-09 12:29:36.152 E/TaskPersister( 1514): File error accessing recents directory (directory doesn't exist?).
12-09 12:29:36.293 I/OMX-VENC: venc_dev( 1203): stats: avg. fps 9.97, bitrate 56642
12-09 12:29:36.591 W/swapper/3( 0): type=1400 audit(0.0:8260): avc: denied { kill } for capability=5 scontext=u:r:kernel:s0 tcontext=u:r:kernel:s0 tclass=capability permissive=0
12-09 12:29:36.810 I/mpu_uart( 649): [MSG-P:RECV]:No message received in 1000 ms
12-09 12:29:36.895 I/OMX-VENC: venc_dev( 1203): stats: avg. fps 1.00, bitrate 67521
12-09 12:29:37.296 I/OMX-VENC: venc_dev( 1203): stats: avg. fps 9.97, bitrate 56682
12-09 12:29:37.591 W/swapper/3( 0): type=1400 audit(0.0:8261): avc: denied { kill } for capability=5 scontext=u:r:kernel:s0 tcontext=u:r:kernel:s0 tclass=capability permissive=0
12-09 12:29:37.810 I/mpu_uart( 649): [MSG-P:RECV]:No message received in 1000 ms
12-09 12:29:37.897 I/OMX-VENC: venc_dev( 1203): stats: avg. fps 1.00, bitrate 53005
12-09 12:29:38.298 I/OMX-VENC: venc_dev( 1203): stats: avg. fps 9.98, bitrate 56593
12-09 12:29:38.348 D/UIAutomatorStub(18567): URI: /jsonrpc/0, Method: POST, params, {NanoHttpd.QUERY_STRING=null}, files: {postData={"jsonrpc": "2.0", "id": "67bb9fc7ff055cf1ba9e01db3807eeb4", "method": "waitForExists", "params": [{"mask": 2097152, "childOrSibling": [], "childOrSiblingSelector": [], "resourceId": "android:id/move_window"}, 3000]}}
12-09 12:29:38.352 W/QueryController(18567): Could not detect idle state.
12-09 12:29:38.421 D/UIAutomatorStub(18567): URI: /jsonrpc/0, Method: POST, params, {NanoHttpd.QUERY_STRING=null}, files: {postData={"jsonrpc": "2.0", "id": "8cb197fa079ff52b9047c55b5116791d", "method": "objInfo", "params": [{"mask": 2097152, "childOrSibling": [], "childOrSiblingSelector": [], "resourceId": "android:id/move_window"}]}}
12-09 12:29:38.424 W/QueryController(18567): Could not detect idle state.
12-09 12:29:38.436 W/QueryController(18567): Could not detect idle state.
12-09 12:29:38.438 W/QueryController(18567): Could not detect idle state.
12-09 12:29:38.439 W/QueryController(18567): Could not detect idle state.
12-09 12:29:38.440 W/QueryController(18567): Could not detect idle state.
12-09 12:29:38.441 W/QueryController(18567): Could not detect idle state.
12-09 12:29:38.442 W/QueryController(18567): Could not detect idle state.
12-09 12:29:38.444 W/QueryController(18567): Could not detect idle state.
12-09 12:29:38.445 W/QueryController(18567): Could not detect idle state.
12-09 12:29:38.446 W/QueryController(18567): Could not detect idle state.
12-09 12:29:38.447 W/QueryController(18567): Could not detect idle state.
12-09 12:29:38.449 W/QueryController(18567): Could not detect idle state.
12-09 12:29:38.450 W/QueryController(18567): Could not detect idle state.
12-09 12:29:38.451 W/QueryController(18567): Could not detect idle state.
12-09 12:29:38.453 W/QueryController(18567): Could not detect idle state.
12-09 12:29:38.454 W/QueryController(18567): Could not detect idle state.
12-09 12:29:38.456 W/QueryController(18567): Could not detect idle state.
12-09 12:29:38.457 W/QueryController(18567): Could not detect idle state.
12-09 12:29:38.516 D/UIAutomatorStub(18567): URI: /jsonrpc/0, Method: POST, params, {NanoHttpd.QUERY_STRING=null}, files: {postData={"jsonrpc": "2.0", "id": "37d49226696ddcb4ce39e521d63bc5c1", "method": "click", "params": [261.5, 99.0]}}
12-09 12:29:38.553 I/mpu_uart( 649): [MSG-P:R]:recv sync frame timeout
12-09 12:29:38.591 W/swapper/3( 0): type=1400 audit(0.0:8262): avc: denied { kill } for capability=5 scontext=u:r:kernel:s0 tcontext=u:r:kernel:s0 tclass=capability permissive=0
12-09 12:29:38.811 I/mpu_uart( 649): [MSG-P:RECV]:No message received in 1000 ms
12-09 12:29:39.380 I/OMX-VENC: venc_dev( 1203): stats: avg. fps 20.32, bitrate 114816
12-09 12:29:39.591 W/swapper/3( 0): type=1400 audit(0.0:8263): avc: denied { kill } for capability=5 scontext=u:r:kernel:s0 tcontext=u:r:kernel:s0 tclass=capability permissive=0
12-09 12:29:39.717 D/UIAutomatorStub(18567): URI: /jsonrpc/0, Method: POST, params, {NanoHttpd.QUERY_STRING=null}, files: {postData={"jsonrpc": "2.0", "id": "75e1fbe64d2d3e267b9656d1df4e28f7", "method": "exist", "params": [{"mask": 2097152, "childOrSibling": [], "childOrSiblingSelector": [], "resourceId": "android:id/caption"}]}}
12-09 12:29:39.722 W/QueryController(18567): Could not detect idle state.
12-09 12:29:39.787 W/System (18567): A resource failed to call end.
12-09 12:29:39.787 W/System (18567): A resource failed to call end.
12-09 12:29:39.787 W/System (18567): A resource failed to call end.
12-09 12:29:39.788 W/System (18567): A resource failed to call end.
12-09 12:29:39.788 W/System (18567): A resource failed to call end.
12-09 12:29:39.788 W/System (18567): A resource failed to call end.
12-09 12:29:39.788 W/System (18567): A resource failed to call end.
12-09 12:29:39.788 W/System (18567): A resource failed to call end.
12-09 12:29:39.788 W/System (18567): A resource failed to call end.
12-09 12:29:39.788 W/System (18567): A resource failed to call end.
12-09 12:29:39.788 W/System (18567): A resource failed to call end.
12-09 12:29:39.789 W/System (18567): A resource failed to call end.
12-09 12:29:39.789 W/System (18567): A resource failed to call end.
12-09 12:29:39.811 I/mpu_uart( 649): [MSG-P:RECV]:No message received in 1000 ms
12-09 12:29:39.903 I/OMX-VENC: venc_dev( 1203): stats: avg. fps 7.97, bitrate 362856
12-09 12:29:40.405 I/OMX-VENC: venc_dev( 1203): stats: avg. fps 10.74, bitrate 60962
12-09 12:29:40.591 W/swapper/3( 0): type=1400 audit(0.0:8264): avc: denied { kill } for capability=5 scontext=u:r:kernel:s0 tcontext=u:r:kernel:s0 tclass=capability permissive=0
12-09 12:29:40.811 I/mpu_uart( 649): [MSG-P:RECV]:No message received in 1000 ms
12-09 12:29:41.489 I/OMX-VENC: venc_dev( 1203): stats: avg. fps 11.07, bitrate 62953
12-09 12:29:41.556 I/mpu_uart( 649): [MSG-P:R]:recv sync frame timeout
12-09 12:29:41.591 W/swapper/3( 0): type=1400 audit(0.0:8265): avc: denied { kill } for capability=5 scontext=u:r:kernel:s0 tcontext=u:r:kernel:s0 tclass=capability permissive=0
12-09 12:29:41.811 I/mpu_uart( 649): [MSG-P:RECV]:No message received in 1000 ms
12-09 12:29:41.829 D/ProcessState(19630): Binder ioctl to enable oneway spam detection failed: Invalid argument
12-09 12:29:41.834 D/StateManager( 2834): goToState: Overview
12-09 12:29:41.835 D/EditModeHelper( 2834): setHotseatVisibility: 0
12-09 12:29:41.842 V/ShadeControllerImpl( 2372): NotificationShadeWindow: com.android.systemui.statusbar.phone.NotificationShadeWindowView{7f4383b I.E...... ......ID 0,0-2380,1020} canPanelBeCollapsed(): false
12-09 12:29:41.847 D/UIAutomatorStub(18567): URI: /jsonrpc/0, Method: POST, params, {NanoHttpd.QUERY_STRING=null}, files: {postData={"jsonrpc": "2.0", "id": "1c3fcdac58939fd21c8f3013116e1725", "method": "waitForExists", "params": [{"mask": 2097153, "childOrSibling": [], "childOrSiblingSelector": [], "resourceId": "com.android.launcher3:id/name_tv", "text": "\u65e5\u5386"}, 3000]}}
12-09 12:29:41.849 W/QueryController(18567): Could not detect idle state.
12-09 12:29:41.857 D/FreeWindowHelper( 2834): enterOrExitRecentTasks: isEnterRecentTasks=true,mExitFlag=1
12-09 12:29:41.874 D/ActivityTrigger( 1514): ActivityTrigger activityPauseTrigger
12-09 12:29:41.880 I/OMX-VENC: venc_dev( 1203): stats: avg. fps 1.52, bitrate 73136
12-09 12:29:41.883 D/FreeWindowContainer( 2834): reloadTask: TaskInfo{userId=0 taskId=164 displayId=0 isRunning=false baseIntent=Intent { flg=0x10008000 cmp=com.android.calendar/.AllInOneActivity } baseActivity=null topActivity=null origActivity=null realActivity=ComponentInfo{com.android.calendar/com.android.calendar.AllInOneActivity} numActivities=0 lastActiveTime=25796953 supportsSplitScreenMultiWindow=true supportsMultiWindow=true resizeMode=1 isResizeable=true token=WCT{android.window.IWindowContainerToken$Stub$Proxy@ccf11a6} topActivityType=1 pictureInPictureParams=null displayCutoutSafeInsets=null topActivityInfo=null launchCookies=[] positionInParent=Point(0, 72) parentTaskId=-1 isFocused=false isVisible=true topActivityInSizeCompat=false locusId= null}
12-09 12:29:41.890 I/ActivityTaskManager( 1514): FOREGROUND_APPLICATION_CHANGED to com.android.launcher3.uioverrides.QuickstepLauncher
12-09 12:29:41.899 I/GameMode_ActivityMonitoringService( 9074): onForegroundActivitiesChanged uid 10069 pid 19196 fg false
12-09 12:29:41.915 W/ActivityTaskManager( 1514): getTaskSnapshot: taskId=163 not found
12-09 12:29:41.915 W/ActivityTaskManager( 1514): getTaskSnapshot: taskId=5163 not found
12-09 12:29:41.915 W/ActivityTaskManager( 1514): getTaskSnapshot: taskId=4163 not found
12-09 12:29:41.916 W/ActivityTaskManager( 1514): getTaskSnapshot: taskId=3163 not found
12-09 12:29:41.917 I/GameMode_ActivityMonitoringService( 9074): Updating top task to: TaskInfoContainer [topActivity=ComponentInfo{com.android.launcher3/com.android.launcher3.uioverrides.QuickstepLauncher}, taskId=10, stackId=1, userId=0, displayId=0, position=6
12-09 12:29:41.917 I/GameMode_ActivityMonitoringService( 9074): Notifying about top task: TaskInfoContainer [topActivity=ComponentInfo{com.android.launcher3/com.android.launcher3.uioverrides.QuickstepLauncher}, taskId=10, stackId=1, userId=0, displayId=0, position=6
12-09 12:29:41.917 E/GameMode_ActivityMonitoringService( 9074): onActivityLaunch:com.android.launcher3
12-09 12:29:41.917 V/GameMode_GameTypeUtils( 9074): judge isGame:com.android.launcher3
12-09 12:29:41.917 V/GameMode_GpuUtils( 9074): fps:60
12-09 12:29:41.919 D/GameMode_GameModeActionUtils( 9074): Show GameMode entry by service!
12-09 12:29:41.919 W/ContextImpl( 9074): Calling a method in the system process without a qualified user: android.app.ContextImpl.startService:1816 android.content.ContextWrapper.startService:774 com.thundercomm.gamemode.ingame.services.GameModeActionUtils.startGameModeService:99 com.thundercomm.gamemode.ingame.services.GameModeActionUtils.startGameModeEntry:22 com.thundercomm.gamemode.ingame.services.ActivityMonitoringService$1.onActivityLaunch:127
12-09 12:29:41.921 D/GameModeIF_GameModeSettings( 9074): getUriFor setting_content_uri_root = content://com.thundercomm.gamemode.api/gamemode_settings , name = gamemode_isgaming
12-09 12:29:41.921 D/GameMode_GameModeService( 9074): type=hide_entry
12-09 12:29:41.925 I/GameModeConfig( 1514): Current uri is uri = content://com.thundercomm.gamemode.api/gamemode_settings/gamemode_isgaming
12-09 12:29:41.925 D/GameModeIF_GameModeSettings( 1514): getUriFor setting_content_uri_root = content://com.thundercomm.gamemode.api/gamemode_settings , name = gamemode_isgaming
12-09 12:29:41.928 D/GameMode_GameSettingsObserver( 9074): Game Data change!!!! uri = content://com.thundercomm.gamemode.api/gamemode_settings/gamemode_isgaming
12-09 12:29:41.928 D/GameModeIF_GameModeSettings( 9074): getUriFor setting_content_uri_root = content://com.thundercomm.gamemode.api/gamemode_settings , name = gamemode_isgaming
12-09 12:29:41.928 D/BaseIconFactory( 2834): normalizeAndWrapToAdaptiveIcon: scale=0.8095241
12-09 12:29:41.929 D/GameModeIF_GameModeSettings( 9074): gamemode_isgaming set to 0
12-09 12:29:41.929 W/ActivityTaskManager( 1514): getTaskSnapshot: taskId=5164 not found
12-09 12:29:41.930 D/BaseIconFactory( 2834): normalizeAndWrapToAdaptiveIcon: scale=0.8095241
12-09 12:29:41.931 I/GameModeConfig( 1514): isGameModeOn = false
12-09 12:29:41.931 I/GameModeConfig( 1514): isGameModeOn = false
12-09 12:29:41.931 I/GameModeConfig( 1514): isDisableVoice = true
12-09 12:29:41.931 W/ActivityTaskManager( 1514): getTaskSnapshot: taskId=5164 not found
12-09 12:29:41.931 W/ActivityTaskManager( 1514): getTaskSnapshot: taskId=4164 not found
12-09 12:29:41.932 D/BaseIconFactory( 2834): normalizeAndWrapToAdaptiveIcon: scale=0.8095241
12-09 12:29:41.934 W/ActivityTaskManager( 1514): getTaskSnapshot: taskId=3164 not found
12-09 12:29:41.937 D/BaseIconFactory( 2834): normalizeAndWrapToAdaptiveIcon: scale=0.8095241
12-09 12:29:41.938 W/InputManager-JNI( 1514): Input channel object '192c3dc com.android.calendar/com.android.calendar.AllInOneActivity (client)' was disposed without first being removed with the input manager!
12-09 12:29:41.937 D/GameMode_GameModeService( 9074): updateGlobalSettings = gamemode_isgaming
12-09 12:29:41.940 I/OpenGLRenderer( 2834): Davey! duration=9223346239905ms; Flags=0, FrameTimelineVsyncId=410293, IntendedVsync=25796949185666, Vsync=25796982518998, InputEventId=0, HandleInputStart=25796987322031, AnimationStart=25796987323073, PerformTraversalsStart=25796998558958, DrawStart=25797000191354, FrameDeadline=25796970518998, FrameInterval=25796987318802, FrameStartTime=16666666, SyncQueued=25797000446927, SyncStart=25797000555365, IssueDrawCommandsStart=25797000741875, SwapBuffers=25797001787292, FrameCompleted=9223372036854775807, DequeueBufferDuration=13073, QueueBufferDuration=455885, GpuCompleted=9223372036854775807, SwapBuffersCompleted=25797002510573, DisplayPresentTime=0,
12-09 12:29:41.943 W/ActivityTaskManager( 1514): getTaskSnapshot: taskId=2164 not found
12-09 12:29:41.944 D/BaseIconFactory( 2834): normalizeAndWrapToAdaptiveIcon: scale=0.8095241
12-09 12:29:41.944 W/ActivityTaskManager( 1514): getTaskSnapshot: taskId=1164 not found
12-09 12:29:41.945 D/BaseIconFactory( 2834): normalizeAndWrapToAdaptiveIcon: scale=0.8095241
12-09 12:29:41.947 W/ActivityTaskManager( 1514): getTaskSnapshot: taskId=2164 not found
12-09 12:29:41.948 W/ActivityTaskManager( 1514): getTaskSnapshot: taskId=1164 not found
12-09 12:29:41.983 W/ByMatcher(18567): Node returned null child: android.view.accessibility.AccessibilityNodeInfo@128a3; boundsInParent: Rect(0, 0 - 1496, 772); boundsInScreen: Rect(562, 142 - 2058, 914); packageName: com.android.launcher3; className: android.widget.ListView; text: null; error: null; maxTextLength: -1; stateDescription: null; contentDescription: ; tooltipText: null; viewIdResName: com.android.launcher3:id/overview_panel; checkable: false; checked: false; focusable: false; focused: false; selected: false; clickable: false; longClickable: false; contextClickable: false; enabled: true; password: false; scrollable: true; importantForAccessibility: true; visible: true; actions: [AccessibilityAction: ACTION_SELECT - null, AccessibilityAction: ACTION_CLEAR_SELECTION - null, AccessibilityAction: ACTION_ACCESSIBILITY_FOCUS - null, AccessibilityAction: ACTION_SCROLL_FORWARD - null, AccessibilityAction: ACTION_SCROLL_BACKWARD - null, AccessibilityAction: ACTION_SHOW_ON_SCREEN - null, AccessibilityAction: ACTION_PAGE_LEFT - null, AccessibilityAction: ACTION_PAGE_RIGHT - null]
12-09 12:29:41.983 W/ByMatcher(18567): Skipping null child (5 of 6)
12-09 12:29:41.995 I/GameMode_ActivityMonitoringService( 9074): onTaskStackChanged
12-09 12:29:41.998 I/GameMode_ActivityMonitoringService( 9074): Updating top task to: TaskInfoContainer [topActivity=ComponentInfo{com.android.launcher3/com.android.launcher3.uioverrides.QuickstepLauncher}, taskId=10, stackId=1, userId=0, displayId=0, position=6
12-09 12:29:41.998 I/GameMode_ActivityMonitoringService( 9074): Notifying about top task: TaskInfoContainer [topActivity=ComponentInfo{com.android.launcher3/com.android.launcher3.uioverrides.QuickstepLauncher}, taskId=10, stackId=1, userId=0, displayId=0, position=6
12-09 12:29:41.998 E/GameMode_ActivityMonitoringService( 9074): onActivityLaunch:com.android.launcher3
12-09 12:29:41.998 V/GameMode_GameTypeUtils( 9074): judge isGame:com.android.launcher3
12-09 12:29:41.998 V/GameMode_GpuUtils( 9074): fps:60
12-09 12:29:42.000 D/GameMode_GameModeActionUtils( 9074): Show GameMode entry by service!
12-09 12:29:42.000 W/ContextImpl( 9074): Calling a method in the system process without a qualified user: android.app.ContextImpl.startService:1816 android.content.ContextWrapper.startService:774 com.thundercomm.gamemode.ingame.services.GameModeActionUtils.startGameModeService:99 com.thundercomm.gamemode.ingame.services.GameModeActionUtils.startGameModeEntry:22 com.thundercomm.gamemode.ingame.services.ActivityMonitoringService$1.onActivityLaunch:127
12-09 12:29:42.003 D/GameModeIF_GameModeSettings( 9074): getUriFor setting_content_uri_root = content://com.thundercomm.gamemode.api/gamemode_settings , name = gamemode_isgaming
12-09 12:29:42.003 D/GameMode_GameModeService( 9074): type=hide_entry
12-09 12:29:42.005 D/GameModeIF_GameModeSettings( 9074): gamemode_isgaming set to 0
12-09 12:29:42.006 I/GameModeConfig( 1514): Current uri is uri = content://com.thundercomm.gamemode.api/gamemode_settings/gamemode_isgaming
12-09 12:29:42.006 D/GameModeIF_GameModeSettings( 1514): getUriFor setting_content_uri_root = content://com.thundercomm.gamemode.api/gamemode_settings , name = gamemode_isgaming
12-09 12:29:42.008 D/GameMode_GameSettingsObserver( 9074): Game Data change!!!! uri = content://com.thundercomm.gamemode.api/gamemode_settings/gamemode_isgaming
12-09 12:29:42.008 D/GameModeIF_GameModeSettings( 9074): getUriFor setting_content_uri_root = content://com.thundercomm.gamemode.api/gamemode_settings , name = gamemode_isgaming
12-09 12:29:42.009 I/GameModeConfig( 1514): isGameModeOn = false
12-09 12:29:42.009 I/GameModeConfig( 1514): isGameModeOn = false
12-09 12:29:42.009 I/GameModeConfig( 1514): isDisableVoice = true
12-09 12:29:42.011 D/GameMode_GameModeService( 9074): updateGlobalSettings = gamemode_isgaming
12-09 12:29:42.015 W/System ( 1514): A resource failed to call close.
12-09 12:29:42.015 W/System ( 1514): A resource failed to call close.
12-09 12:29:42.015 W/System ( 1514): A resource failed to call close.
12-09 12:29:42.019 D/libEGL ( 1514): MSAA-->msaa:0 gamemode:0 4x_msaa:0
12-09 12:29:42.020 D/libEGL ( 1514): MSAA-->msaa:0 gamemode:0 4x_msaa:0
12-09 12:29:42.021 D/libEGL ( 1514): MSAA-->msaa:0 gamemode:0 4x_msaa:0
12-09 12:29:42.116 D/UIAutomatorStub(18567): URI: /jsonrpc/0, Method: POST, params, {NanoHttpd.QUERY_STRING=null}, files: {postData={"jsonrpc": "2.0", "id": "b7e4380052f6446714cf57d8b7707d82", "method": "objInfo", "params": [{"mask": 2097153, "childOrSibling": [], "childOrSiblingSelector": [], "resourceId": "com.android.launcher3:id/name_tv", "text": "\u65e5\u5386"}]}}
12-09 12:29:42.118 W/QueryController(18567): Could not detect idle state.
12-09 12:29:42.140 W/QueryController(18567): Could not detect idle state.
12-09 12:29:42.143 W/QueryController(18567): Could not detect idle state.
12-09 12:29:42.155 W/QueryController(18567): Could not detect idle state.
12-09 12:29:42.157 W/QueryController(18567): Could not detect idle state.
12-09 12:29:42.158 W/QueryController(18567): Could not detect idle state.
12-09 12:29:42.171 W/QueryController(18567): Could not detect idle state.
12-09 12:29:42.173 W/QueryController(18567): Could not detect idle state.
12-09 12:29:42.175 W/QueryController(18567): Could not detect idle state.
12-09 12:29:42.187 W/QueryController(18567): Could not detect idle state.
12-09 12:29:42.190 W/QueryController(18567): Could not detect idle state.
12-09 12:29:42.191 W/QueryController(18567): Could not detect idle state.
12-09 12:29:42.191 D/FreeFormWindowHelper( 1514): Remove freefrom task=Task{37596d6 #164 type=standard A=10069:android.task.calendar U=0 visible=false mode=freeform translucent=true sz=0}
12-09 12:29:42.213 W/QueryController(18567): Could not detect idle state.
12-09 12:29:42.225 W/QueryController(18567): Could not detect idle state.
12-09 12:29:42.236 W/QueryController(18567): Could not detect idle state.
12-09 12:29:42.237 W/QueryController(18567): Could not detect idle state.
12-09 12:29:42.252 W/QueryController(18567): Could not detect idle state.
12-09 12:29:42.253 W/QueryController(18567): Could not detect idle state.
12-09 12:29:42.309 D/UIAutomatorStub(18567): URI: /jsonrpc/0, Method: POST, params, {NanoHttpd.QUERY_STRING=null}, files: {postData={"jsonrpc": "2.0", "id": "10750b4d6e678bc61e907c8ba5010f42", "method": "click", "params": [206.0, 405.0]}}
12-09 12:29:42.434 D/FreeWindowHelper( 2834): setExitFlag: old=0,new=1
12-09 12:29:42.435 I/ActivityTaskManager( 1514): START u0 {flg=0x10008000 cmp=com.android.calendar/.AllInOneActivity} from uid 10075
12-09 12:29:42.435 I/EventSequenceValidator( 1514): Transition from ACTIVITY_FINISHED to INTENT_STARTED
12-09 12:29:42.439 E/ANDR-PERF-JNI( 1514): com_qualcomm_qtiperformance_native_perf_io_prefetch_start
12-09 12:29:42.440 W/ActivityTaskManager( 1514): Can't find TaskDisplayArea to determine support for multi window. Task id=165 attached=false
12-09 12:29:42.441 D/FreeFormWindowHelper( 1514): Add freeform task=Task{4a7b79 #165 type=standard ?? U=0 visible=false mode=freeform translucent=true sz=0}
12-09 12:29:42.443 E/ANDR-IOP( 865): io prefetch is disabled
12-09 12:29:42.445 D/CompatibilityInfo( 1514): mCompatibilityFlags - 4
12-09 12:29:42.445 D/CompatibilityInfo( 1514): applicationDensity - 240
12-09 12:29:42.445 D/CompatibilityInfo( 1514): applicationScale - 1.0
12-09 12:29:42.446 I/ActivityTaskManager( 1514): FOREGROUND_APPLICATION_CHANGED to com.android.calendar.AllInOneActivity
12-09 12:29:42.446 I/ActivityTaskManager( 1514): The Process com.android.calendar Already Exists in BG. So sending its PID: 19196
12-09 12:29:42.447 W/ActivityTaskManager( 1514): Tried to set launchTime (0) < mLastActivityLaunchTime (25787349)
12-09 12:29:42.448 D/CompatibilityInfo( 1514): mCompatibilityFlags - 4
12-09 12:29:42.448 D/CompatibilityInfo( 1514): applicationDensity - 240
12-09 12:29:42.448 D/CompatibilityInfo( 1514): applicationScale - 1.0
12-09 12:29:42.454 D/StateManager( 2834): goToState: Normal
12-09 12:29:42.454 D/EditModeHelper( 2834): setHotseatVisibility: 0
12-09 12:29:42.461 I/GameMode_ActivityMonitoringService( 9074): onForegroundActivitiesChanged uid 10069 pid 19196 fg true
12-09 12:29:42.467 I/GameMode_ActivityMonitoringService( 9074): Updating top task to: TaskInfoContainer [topActivity=ComponentInfo{com.android.calendar/com.android.calendar.AllInOneActivity}, taskId=165, stackId=165, userId=0, displayId=0, position=6
12-09 12:29:42.467 I/GameMode_ActivityMonitoringService( 9074): Notifying about top task: TaskInfoContainer [topActivity=ComponentInfo{com.android.calendar/com.android.calendar.AllInOneActivity}, taskId=165, stackId=165, userId=0, displayId=0, position=6
12-09 12:29:42.467 E/GameMode_ActivityMonitoringService( 9074): onActivityLaunch:com.android.calendar
12-09 12:29:42.467 V/GameMode_GameTypeUtils( 9074): judge isGame:com.android.calendar
12-09 12:29:42.467 V/GameMode_GpuUtils( 9074): fps:60
12-09 12:29:42.470 D/GameMode_GameModeActionUtils( 9074): Show GameMode entry by service!
12-09 12:29:42.471 W/ContextImpl( 9074): Calling a method in the system process without a qualified user: android.app.ContextImpl.startService:1816 android.content.ContextWrapper.startService:774 com.thundercomm.gamemode.ingame.services.GameModeActionUtils.startGameModeService:99 com.thundercomm.gamemode.ingame.services.GameModeActionUtils.startGameModeEntry:22 com.thundercomm.gamemode.ingame.services.ActivityMonitoringService$1.onActivityLaunch:127
12-09 12:29:42.475 D/GameMode_GameModeService( 9074): type=hide_entry
12-09 12:29:42.475 D/GameModeIF_GameModeSettings( 9074): getUriFor setting_content_uri_root = content://com.thundercomm.gamemode.api/gamemode_settings , name = gamemode_isgaming
12-09 12:29:42.476 I/EventSequenceValidator( 1514): Transition from INTENT_STARTED to ACTIVITY_LAUNCHED
12-09 12:29:42.477 I/GameModeConfig( 1514): Current uri is uri = content://com.thundercomm.gamemode.api/gamemode_settings/gamemode_isgaming
12-09 12:29:42.477 D/GameMode_GameSettingsObserver( 9074): Game Data change!!!! uri = content://com.thundercomm.gamemode.api/gamemode_settings/gamemode_isgaming
12-09 12:29:42.477 D/GameModeIF_GameModeSettings( 1514): getUriFor setting_content_uri_root = content://com.thundercomm.gamemode.api/gamemode_settings , name = gamemode_isgaming
12-09 12:29:42.477 D/GameModeIF_GameModeSettings( 9074): getUriFor setting_content_uri_root = content://com.thundercomm.gamemode.api/gamemode_settings , name = gamemode_isgaming
12-09 12:29:42.478 D/GameModeIF_GameModeSettings( 9074): gamemode_isgaming set to 0
12-09 12:29:42.479 I/GameModeConfig( 1514): isGameModeOn = false
12-09 12:29:42.480 I/GameModeConfig( 1514): isGameModeOn = false
12-09 12:29:42.480 I/GameModeConfig( 1514): isDisableVoice = true
12-09 12:29:42.480 D/GameMode_GameModeService( 9074): updateGlobalSettings = gamemode_isgaming
12-09 12:29:42.486 W/WindowManager( 1514): updateScale0.7996942
12-09 12:29:42.486 D/FreeWindowHelper( 2834): enterOrExitRecentTasks: isEnterRecentTasks=false,mExitFlag=1
12-09 12:29:42.486 W/FreeFormWindowHelper( 1514): exitRecentTasks type=1
12-09 12:29:42.487 E/PagedView( 2834): validateNewPage: failed to find a page < mMaxScrollX
12-09 12:29:42.489 I/OMX-VENC: venc_dev( 1203): stats: avg. fps 32.98, bitrate 927819
12-09 12:29:42.494 W/WindowManager( 1514): updateScale0.7996942
12-09 12:29:42.495 D/AccountManagerService( 1514): bind attempt failed for Session: expectLaunch true, connected false, stats (0/0/0), lifetime 0.0, addAccount, accountType com.google, requiredFeatures null
12-09 12:29:42.496 W/WindowManager( 1514): updateScale0.7996942
12-09 12:29:42.497 W/WindowManager( 1514): updateScale0.7996942
12-09 12:29:42.498 I/EventSequenceValidator( 1514): Transition from ACTIVITY_LAUNCHED to ACTIVITY_FINISHED
12-09 12:29:42.506 I/ActivityTaskManager( 1514): Displayed com.android.calendar/.AllInOneActivity: +60ms
12-09 12:29:42.591 W/swapper/3( 0): type=1400 audit(0.0:8266): avc: denied { kill } for capability=5 scontext=u:r:kernel:s0 tcontext=u:r:kernel:s0 tclass=capability permissive=0
12-09 12:29:42.781 W/WindowManager( 1514): updateScale0.7996942
12-09 12:29:42.814 I/mpu_uart( 649): [MSG-P:RECV]:No message received in 1000 ms
12-09 12:29:42.897 I/OMX-VENC: venc_dev( 1203): stats: avg. fps 48.21, bitrate 5138571
12-09 12:29:42.901 E/PagedView( 2834): validateNewPage: failed to find a page < mMaxScrollX
12-09 12:29:43.491 I/OMX-VENC: venc_dev( 1203): stats: avg. fps 27.95, bitrate 947543
12-09 12:29:43.591 W/swapper/3( 0): type=1400 audit(0.0:8267): avc: denied { kill } for capability=5 scontext=u:r:kernel:s0 tcontext=u:r:kernel:s0 tclass=capability permissive=0
12-09 12:29:43.814 I/mpu_uart( 649): [MSG-P:RECV]:No message received in 1000 ms
12-09 12:29:43.897 I/OMX-VENC: venc_dev( 1203): stats: avg. fps 6.00, bitrate 681576
12-09 12:29:44.497 I/OMX-VENC: venc_dev( 1203): stats: avg. fps 10.94, bitrate 109975
12-09 12:29:44.560 I/mpu_uart( 649): [MSG-P:R]:recv sync frame timeout
12-09 12:29:44.591 W/swapper/3( 0): type=1400 audit(0.0:8268): avc: denied { kill } for capability=5 scontext=u:r:kernel:s0 tcontext=u:r:kernel:s0 tclass=capability permissive=0
12-09 12:29:44.814 I/mpu_uart( 649): [MSG-P:RECV]:No message received in 1000 ms
12-09 12:29:44.897 I/OMX-VENC: venc_dev( 1203): stats: avg. fps 1.00, bitrate 41521
12-09 12:29:45.498 I/OMX-VENC: venc_dev( 1203): stats: avg. fps 9.99, bitrate 98078
12-09 12:29:45.780 D/ConnectivityService( 1514): Data stall detected with methods: 1
12-09 12:29:45.781 D/NetworkMonitor/104( 2515): isDataStall: result=1, tcp packets received=0, latest tcp fail rate=-1, consecutive dns timeout count=229
12-09 12:29:45.783 D/NetworkMonitor/104( 2515): Suspecting data stall, reevaluate
12-09 12:29:45.786 D/NetworkMonitor/104( 2515): Validation disabled.
12-09 12:29:45.793 D/ConnectivityService( 1514): [104 WIFI] validation passed
12-09 12:29:45.815 I/mpu_uart( 649): [MSG-P:RECV]:No message received in 1000 ms
12-09 12:29:45.898 I/OMX-VENC: venc_dev( 1203): stats: avg. fps 1.00, bitrate 104333
12-09 12:29:46.209 E/TaskPersister( 1514): File error accessing recents directory (directory doesn't exist?).
12-09 12:29:46.500 I/OMX-VENC: venc_dev( 1203): stats: avg. fps 9.98, bitrate 98383
12-09 12:29:46.591 W/swapper/3( 0): type=1400 audit(0.0:8269): avc: denied { kill } for capability=5 scontext=u:r:kernel:s0 tcontext=u:r:kernel:s0 tclass=capability permissive=0
12-09 12:29:46.815 I/mpu_uart( 649): [MSG-P:RECV]:No message received in 1000 ms
12-09 12:29:46.900 I/OMX-VENC: venc_dev( 1203): stats: avg. fps 1.00, bitrate 77666
12-09 12:29:47.501 I/OMX-VENC: venc_dev( 1203): stats: avg. fps 9.99, bitrate 98327
12-09 12:29:47.562 I/mpu_uart( 649): [MSG-P:R]:recv sync frame timeout
12-09 12:29:47.647 D/ProcessState(19639): Binder ioctl to enable oneway spam detection failed: Invalid argument
12-09 12:29:47.654 I/UIAService(18567): On StartCommand
12-09 12:29:47.815 I/mpu_uart( 649): [MSG-P:RECV]:No message received in 1000 ms
12-09 12:29:47.904 I/OMX-VENC: venc_dev( 1203): stats: avg. fps 1.00, bitrate 48789
12-09 12:29:48.504 I/OMX-VENC: venc_dev( 1203): stats: avg. fps 9.97, bitrate 97862
12-09 12:29:48.525 D/UIAutomatorStub(18567): URI: /jsonrpc/0, Method: POST, params, {NanoHttpd.QUERY_STRING=null}, files: {postData={"jsonrpc": "2.0", "id": "3666885cb5d9eeffad3e2f24d3398f06", "method": "waitForExists", "params": [{"mask": 2097152, "childOrSibling": [], "childOrSiblingSelector": [], "resourceId": "android:id/move_window"}, 3000]}}
12-09 12:29:48.527 W/QueryController(18567): Could not detect idle state.
12-09 12:29:48.578 D/UIAutomatorStub(18567): URI: /jsonrpc/0, Method: POST, params, {NanoHttpd.QUERY_STRING=null}, files: {postData={"jsonrpc": "2.0", "id": "11ee952d06044d313a2be37118a20056", "method": "objInfo", "params": [{"mask": 2097152, "childOrSibling": [], "childOrSiblingSelector": [], "resourceId": "android:id/move_window"}]}}
12-09 12:29:48.580 W/QueryController(18567): Could not detect idle state.
12-09 12:29:48.589 W/QueryController(18567): Could not detect idle state.
12-09 12:29:48.591 W/QueryController(18567): Could not detect idle state.
12-09 12:29:48.592 W/QueryController(18567): Could not detect idle state.
12-09 12:29:48.593 W/QueryController(18567): Could not detect idle state.
12-09 12:29:48.594 W/QueryController(18567): Could not detect idle state.
12-09 12:29:48.595 W/QueryController(18567): Could not detect idle state.
12-09 12:29:48.596 W/QueryController(18567): Could not detect idle state.
12-09 12:29:48.597 W/QueryController(18567): Could not detect idle state.
12-09 12:29:48.598 W/QueryController(18567): Could not detect idle state.
12-09 12:29:48.598 W/QueryController(18567): Could not detect idle state.
12-09 12:29:48.599 W/QueryController(18567): Could not detect idle state.
12-09 12:29:48.600 W/QueryController(18567): Could not detect idle state.
12-09 12:29:48.601 W/QueryController(18567): Could not detect idle state.
12-09 12:29:48.601 W/QueryController(18567): Could not detect idle state.
12-09 12:29:48.602 W/QueryController(18567): Could not detect idle state.
12-09 12:29:48.603 W/QueryController(18567): Could not detect idle state.
12-09 12:29:48.604 W/QueryController(18567): Could not detect idle state.
12-09 12:29:48.657 D/UIAutomatorStub(18567): URI: /jsonrpc/0, Method: POST, params, {NanoHttpd.QUERY_STRING=null}, files: {postData={"jsonrpc": "2.0", "id": "e13dd73d425db89e15e2f3dc1587a0ce", "method": "click", "params": [261.5, 99.0]}}
12-09 12:29:48.717 I/OpenGLRenderer(19196): Davey! duration=9223346233096ms; Flags=0, FrameTimelineVsyncId=-1, IntendedVsync=25803758077133, Vsync=25803758081195, InputEventId=-504975933, HandleInputStart=25803758097289, AnimationStart=25803758101300, PerformTraversalsStart=25803758318487, DrawStart=25803758437862, FrameDeadline=9223372036854775807, FrameInterval=25803758081195, FrameStartTime=16666666, SyncQueued=25803758792810, SyncStart=25803758927914, IssueDrawCommandsStart=25803759216456, SwapBuffers=25803763537341, FrameCompleted=9223372036854775807, DequeueBufferDuration=56980, QueueBufferDuration=1352761, GpuCompleted=9223372036854775807, SwapBuffersCompleted=25803766172185, DisplayPresentTime=0,
12-09 12:29:48.815 I/mpu_uart( 649): [MSG-P:RECV]:No message received in 1000 ms
12-09 12:29:48.823 W/HWComposer( 975): Ignoring duplicate VSYNC event from HWC for display 4630946370410392961 (t=25803900980000)
12-09 12:29:48.840 W/HWComposer( 975): Ignoring duplicate VSYNC event from HWC for display 4630946370410392961 (t=25803917730000)
12-09 12:29:48.857 W/HWComposer( 975): Ignoring duplicate VSYNC event from HWC for display 4630946370410392961 (t=25803934435000)
12-09 12:29:48.873 W/HWComposer( 975): Ignoring duplicate VSYNC event from HWC for display 4630946370410392961 (t=25803951118000)
12-09 12:29:48.891 W/HWComposer( 975): Ignoring duplicate VSYNC event from HWC for display 4630946370410392961 (t=25803967867000)
12-09 12:29:48.925 I/OMX-VENC: venc_dev( 1203): stats: avg. fps 9.79, bitrate 442123
12-09 12:29:49.591 W/swapper/3( 0): type=1400 audit(0.0:8270): avc: denied { kill } for capability=5 scontext=u:r:kernel:s0 tcontext=u:r:kernel:s0 tclass=capability permissive=0
12-09 12:29:49.602 I/OMX-VENC: venc_dev( 1203): stats: avg. fps 20.03, bitrate 196124
12-09 12:29:49.816 I/mpu_uart( 649): [MSG-P:RECV]:No message received in 1000 ms
12-09 12:29:49.877 D/UIAutomatorStub(18567): URI: /jsonrpc/0, Method: POST, params, {NanoHttpd.QUERY_STRING=null}, files: {postData={"jsonrpc": "2.0", "id": "84b657129e7785f0dd0e2dd411c98151", "method": "exist", "params": [{"mask": 2097152, "childOrSibling": [], "childOrSiblingSelector": [], "resourceId": "android:id/caption"}]}}
12-09 12:29:49.880 W/QueryController(18567): Could not detect idle state.
12-09 12:29:50.566 I/mpu_uart( 649): [MSG-P:R]:recv sync frame timeout
12-09 12:29:50.591 W/swapper/3( 0): type=1400 audit(0.0:8271): avc: denied { kill } for capability=5 scontext=u:r:kernel:s0 tcontext=u:r:kernel:s0 tclass=capability permissive=0
12-09 12:29:50.612 I/OMX-VENC: venc_dev( 1203): stats: avg. fps 10.90, bitrate 106140
12-09 12:29:50.816 I/mpu_uart( 649): [MSG-P:RECV]:No message received in 1000 ms
12-09 12:29:50.911 I/OMX-VENC: venc_dev( 1203): stats: avg. fps 3.02, bitrate 139849
12-09 12:29:51.591 W/swapper/3( 0): type=1400 audit(0.0:8272): avc: denied { kill } for capability=5 scontext=u:r:kernel:s0 tcontext=u:r:kernel:s0 tclass=capability permissive=0
12-09 12:29:51.612 I/OMX-VENC: venc_dev( 1203): stats: avg. fps 10.00, bitrate 98163
12-09 12:29:51.816 I/mpu_uart( 649): [MSG-P:RECV]:No message received in 1000 ms
12-09 12:29:51.912 I/OMX-VENC: venc_dev( 1203): stats: avg. fps 1.00, bitrate 47175
12-09 12:29:51.988 D/ProcessState(19644): Binder ioctl to enable oneway spam detection failed: Invalid argument
12-09 12:29:51.994 D/StateManager( 2834): goToState: Overview
12-09 12:29:51.994 D/EditModeHelper( 2834): setHotseatVisibility: 0
12-09 12:29:51.997 V/ShadeControllerImpl( 2372): NotificationShadeWindow: com.android.systemui.statusbar.phone.NotificationShadeWindowView{7f4383b I.E...... ......ID 0,0-2380,1020} canPanelBeCollapsed(): false
12-09 12:29:52.008 D/UIAutomatorStub(18567): URI: /jsonrpc/0, Method: POST, params, {NanoHttpd.QUERY_STRING=null}, files: {postData={"jsonrpc": "2.0", "id": "1cbda772888efd83941c54460dea78e4", "method": "waitForExists", "params": [{"mask": 2097153, "childOrSibling": [], "childOrSiblingSelector": [], "resourceId": "com.android.launcher3:id/name_tv", "text": "\u65e5\u5386"}, 3000]}}
12-09 12:29:52.011 W/QueryController(18567): Could not detect idle state.
12-09 12:29:52.020 D/FreeWindowHelper( 2834): enterOrExitRecentTasks: isEnterRecentTasks=true,mExitFlag=1
12-09 12:29:52.029 D/ActivityTrigger( 1514): ActivityTrigger activityPauseTrigger
12-09 12:29:52.035 D/FreeWindowContainer( 2834): reloadTask: TaskInfo{userId=0 taskId=165 displayId=0 isRunning=false baseIntent=Intent { flg=0x10008000 cmp=com.android.calendar/.AllInOneActivity } baseActivity=null topActivity=null origActivity=null realActivity=ComponentInfo{com.android.calendar/com.android.calendar.AllInOneActivity} numActivities=0 lastActiveTime=25807107 supportsSplitScreenMultiWindow=true supportsMultiWindow=true resizeMode=1 isResizeable=true token=WCT{android.window.IWindowContainerToken$Stub$Proxy@2f0ae25} topActivityType=1 pictureInPictureParams=null displayCutoutSafeInsets=null topActivityInfo=null launchCookies=[] positionInParent=Point(0, 72) parentTaskId=-1 isFocused=false isVisible=true topActivityInSizeCompat=false locusId= null}
12-09 12:29:52.044 I/ActivityTaskManager( 1514): FOREGROUND_APPLICATION_CHANGED to com.android.launcher3.uioverrides.QuickstepLauncher
12-09 12:29:52.061 W/ActivityTaskManager( 1514): getTaskSnapshot: taskId=164 not found
12-09 12:29:52.062 I/GameMode_ActivityMonitoringService( 9074): onForegroundActivitiesChanged uid 10069 pid 19196 fg false
12-09 12:29:52.063 W/ActivityTaskManager( 1514): getTaskSnapshot: taskId=5164 not found
12-09 12:29:52.071 I/GameMode_ActivityMonitoringService( 9074): Updating top task to: TaskInfoContainer [topActivity=ComponentInfo{com.android.launcher3/com.android.launcher3.uioverrides.QuickstepLauncher}, taskId=10, stackId=1, userId=0, displayId=0, position=6
12-09 12:29:52.071 I/GameMode_ActivityMonitoringService( 9074): Notifying about top task: TaskInfoContainer [topActivity=ComponentInfo{com.android.launcher3/com.android.launcher3.uioverrides.QuickstepLauncher}, taskId=10, stackId=1, userId=0, displayId=0, position=6
12-09 12:29:52.071 E/GameMode_ActivityMonitoringService( 9074): onActivityLaunch:com.android.launcher3
12-09 12:29:52.072 V/GameMode_GameTypeUtils( 9074): judge isGame:com.android.launcher3
12-09 12:29:52.072 V/GameMode_GpuUtils( 9074): fps:60
12-09 12:29:52.073 D/GameMode_GameModeActionUtils( 9074): Show GameMode entry by service!
12-09 12:29:52.074 W/ContextImpl( 9074): Calling a method in the system process without a qualified user: android.app.ContextImpl.startService:1816 android.content.ContextWrapper.startService:774 com.thundercomm.gamemode.ingame.services.GameModeActionUtils.startGameModeService:99 com.thundercomm.gamemode.ingame.services.GameModeActionUtils.startGameModeEntry:22 com.thundercomm.gamemode.ingame.services.ActivityMonitoringService$1.onActivityLaunch:127
12-09 12:29:52.074 W/ActivityTaskManager( 1514): getTaskSnapshot: taskId=4164 not found
12-09 12:29:52.074 W/ActivityTaskManager( 1514): getTaskSnapshot: taskId=3164 not found
12-09 12:29:52.075 D/GameMode_GameModeService( 9074): type=hide_entry
12-09 12:29:52.076 D/GameModeIF_GameModeSettings( 9074): getUriFor setting_content_uri_root = content://com.thundercomm.gamemode.api/gamemode_settings , name = gamemode_isgaming
12-09 12:29:52.080 W/InputManager-JNI( 1514): Input channel object '6bb20b1 com.android.calendar/com.android.calendar.AllInOneActivity (client)' was disposed without first being removed with the input manager!
12-09 12:29:52.080 I/GameModeConfig( 1514): Current uri is uri = content://com.thundercomm.gamemode.api/gamemode_settings/gamemode_isgaming
12-09 12:29:52.080 D/GameModeIF_GameModeSettings( 1514): getUriFor setting_content_uri_root = content://com.thundercomm.gamemode.api/gamemode_settings , name = gamemode_isgaming
12-09 12:29:52.081 D/GameModeIF_GameModeSettings( 9074): gamemode_isgaming set to 0
12-09 12:29:52.082 D/GameMode_GameSettingsObserver( 9074): Game Data change!!!! uri = content://com.thundercomm.gamemode.api/gamemode_settings/gamemode_isgaming
12-09 12:29:52.082 D/GameModeIF_GameModeSettings( 9074): getUriFor setting_content_uri_root = content://com.thundercomm.gamemode.api/gamemode_settings , name = gamemode_isgaming
12-09 12:29:52.088 D/GameMode_GameModeService( 9074): updateGlobalSettings = gamemode_isgaming
12-09 12:29:52.088 I/GameModeConfig( 1514): isGameModeOn = false
12-09 12:29:52.089 I/GameModeConfig( 1514): isGameModeOn = false
12-09 12:29:52.089 I/GameModeConfig( 1514): isDisableVoice = true
12-09 12:29:52.091 D/libEGL ( 1514): MSAA-->msaa:0 gamemode:0 4x_msaa:0
12-09 12:29:52.092 D/libEGL ( 1514): MSAA-->msaa:0 gamemode:0 4x_msaa:0
12-09 12:29:52.092 D/libEGL ( 1514): MSAA-->msaa:0 gamemode:0 4x_msaa:0
12-09 12:29:52.100 D/BaseIconFactory( 2834): normalizeAndWrapToAdaptiveIcon: scale=0.8095241
12-09 12:29:52.101 W/ActivityTaskManager( 1514): getTaskSnapshot: taskId=5165 not found
12-09 12:29:52.103 D/BaseIconFactory( 2834): normalizeAndWrapToAdaptiveIcon: scale=0.8095241
12-09 12:29:52.103 W/ActivityTaskManager( 1514): getTaskSnapshot: taskId=4165 not found
12-09 12:29:52.104 D/BaseIconFactory( 2834): normalizeAndWrapToAdaptiveIcon: scale=0.8095241
12-09 12:29:52.105 W/ActivityTaskManager( 1514): getTaskSnapshot: taskId=3165 not found
12-09 12:29:52.105 D/BaseIconFactory( 2834): normalizeAndWrapToAdaptiveIcon: scale=0.8095241
12-09 12:29:52.106 W/ActivityTaskManager( 1514): getTaskSnapshot: taskId=2165 not found
12-09 12:29:52.107 D/BaseIconFactory( 2834): normalizeAndWrapToAdaptiveIcon: scale=0.8095241
12-09 12:29:52.107 W/System ( 1514): A resource failed to call close.
12-09 12:29:52.107 W/System ( 1514): A resource failed to call close.
12-09 12:29:52.107 W/System ( 1514): A resource failed to call close.
12-09 12:29:52.107 W/ActivityTaskManager( 1514): getTaskSnapshot: taskId=1165 not found
12-09 12:29:52.108 D/BaseIconFactory( 2834): normalizeAndWrapToAdaptiveIcon: scale=0.8095241
12-09 12:29:52.146 I/GameMode_ActivityMonitoringService( 9074): onTaskStackChanged
12-09 12:29:52.148 I/GameMode_ActivityMonitoringService( 9074): Updating top task to: TaskInfoContainer [topActivity=ComponentInfo{com.android.launcher3/com.android.launcher3.uioverrides.QuickstepLauncher}, taskId=10, stackId=1, userId=0, displayId=0, position=6
12-09 12:29:52.149 I/GameMode_ActivityMonitoringService( 9074): Notifying about top task: TaskInfoContainer [topActivity=ComponentInfo{com.android.launcher3/com.android.launcher3.uioverrides.QuickstepLauncher}, taskId=10, stackId=1, userId=0, displayId=0, position=6
12-09 12:29:52.149 E/GameMode_ActivityMonitoringService( 9074): onActivityLaunch:com.android.launcher3
12-09 12:29:52.149 V/GameMode_GameTypeUtils( 9074): judge isGame:com.android.launcher3
12-09 12:29:52.149 V/GameMode_GpuUtils( 9074): fps:60
12-09 12:29:52.150 D/GameMode_GameModeActionUtils( 9074): Show GameMode entry by service!
12-09 12:29:52.151 W/ContextImpl( 9074): Calling a method in the system process without a qualified user: android.app.ContextImpl.startService:1816 android.content.ContextWrapper.startService:774 com.thundercomm.gamemode.ingame.services.GameModeActionUtils.startGameModeService:99 com.thundercomm.gamemode.ingame.services.GameModeActionUtils.startGameModeEntry:22 com.thundercomm.gamemode.ingame.services.ActivityMonitoringService$1.onActivityLaunch:127
12-09 12:29:52.153 D/GameModeIF_GameModeSettings( 9074): getUriFor setting_content_uri_root = content://com.thundercomm.gamemode.api/gamemode_settings , name = gamemode_isgaming
12-09 12:29:52.153 D/GameMode_GameModeService( 9074): type=hide_entry
12-09 12:29:52.154 D/UIAutomatorStub(18567): URI: /jsonrpc/0, Method: POST, params, {NanoHttpd.QUERY_STRING=null}, files: {postData={"jsonrpc": "2.0", "id": "76989341466220c3a5f48d73cc09b24f", "method": "objInfo", "params": [{"mask": 2097153, "childOrSibling": [], "childOrSiblingSelector": [], "resourceId": "com.android.launcher3:id/name_tv", "text": "\u65e5\u5386"}]}}
12-09 12:29:52.154 W/QueryController(18567): Could not detect idle state.
12-09 12:29:52.158 I/GameModeConfig( 1514): Current uri is uri = content://com.thundercomm.gamemode.api/gamemode_settings/gamemode_isgaming
12-09 12:29:52.158 D/GameModeIF_GameModeSettings( 1514): getUriFor setting_content_uri_root = content://com.thundercomm.gamemode.api/gamemode_settings , name = gamemode_isgaming
12-09 12:29:52.159 D/GameModeIF_GameModeSettings( 9074): gamemode_isgaming set to 0
12-09 12:29:52.159 I/GameModeConfig( 1514): isGameModeOn = false
12-09 12:29:52.159 I/GameModeConfig( 1514): isGameModeOn = false
12-09 12:29:52.159 I/GameModeConfig( 1514): isDisableVoice = true
12-09 12:29:52.159 D/GameMode_GameSettingsObserver( 9074): Game Data change!!!! uri = content://com.thundercomm.gamemode.api/gamemode_settings/gamemode_isgaming
12-09 12:29:52.159 D/GameModeIF_GameModeSettings( 9074): getUriFor setting_content_uri_root = content://com.thundercomm.gamemode.api/gamemode_settings , name = gamemode_isgaming
12-09 12:29:52.161 D/GameMode_GameModeService( 9074): updateGlobalSettings = gamemode_isgaming
12-09 12:29:52.183 W/QueryController(18567): Could not detect idle state.
12-09 12:29:52.195 W/QueryController(18567): Could not detect idle state.
12-09 12:29:52.196 W/QueryController(18567): Could not detect idle state.
12-09 12:29:52.197 W/QueryController(18567): Could not detect idle state.
12-09 12:29:52.197 W/QueryController(18567): Could not detect idle state.
12-09 12:29:52.198 W/QueryController(18567): Could not detect idle state.
12-09 12:29:52.200 W/QueryController(18567): Could not detect idle state.
12-09 12:29:52.215 W/QueryController(18567): Could not detect idle state.
12-09 12:29:52.231 W/QueryController(18567): Could not detect idle state.
12-09 12:29:52.233 W/QueryController(18567): Could not detect idle state.
12-09 12:29:52.246 W/QueryController(18567): Could not detect idle state.
12-09 12:29:52.247 W/QueryController(18567): Could not detect idle state.
12-09 12:29:52.249 W/QueryController(18567): Could not detect idle state.
12-09 12:29:52.262 W/QueryController(18567): Could not detect idle state.
12-09 12:29:52.264 W/QueryController(18567): Could not detect idle state.
12-09 12:29:52.280 W/QueryController(18567): Could not detect idle state.
12-09 12:29:52.281 W/QueryController(18567): Could not detect idle state.
12-09 12:29:52.332 D/UIAutomatorStub(18567): URI: /jsonrpc/0, Method: POST, params, {NanoHttpd.QUERY_STRING=null}, files: {postData={"jsonrpc": "2.0", "id": "f9fd8a77673f430432a08cdc07928eed", "method": "click", "params": [206.0, 405.0]}}
12-09 12:29:52.333 D/FreeFormWindowHelper( 1514): Remove freefrom task=Task{4a7b79 #165 type=standard A=10069:android.task.calendar U=0 visible=false mode=freeform translucent=true sz=0}
12-09 12:29:52.480 D/FreeWindowHelper( 2834): setExitFlag: old=0,new=1
12-09 12:29:52.481 I/ActivityTaskManager( 1514): START u0 {flg=0x10008000 cmp=com.android.calendar/.AllInOneActivity} from uid 10075
12-09 12:29:52.481 I/EventSequenceValidator( 1514): Transition from ACTIVITY_FINISHED to INTENT_STARTED
12-09 12:29:52.483 E/ANDR-PERF-JNI( 1514): com_qualcomm_qtiperformance_native_perf_io_prefetch_start
12-09 12:29:52.484 W/ActivityTaskManager( 1514): Can't find TaskDisplayArea to determine support for multi window. Task id=166 attached=false
12-09 12:29:52.485 D/FreeFormWindowHelper( 1514): Add freeform task=Task{8f61b94 #166 type=standard ?? U=0 visible=false mode=freeform translucent=true sz=0}
