12-09 12:35:12.890 I/GameMode_ActivityMonitoringService( 9074): onForegroundActivitiesChanged uid 10075 pid 2834 fg false
12-09 12:35:12.897 I/GameMode_ActivityMonitoringService( 9074): Updating top task to: TaskInfoContainer [topActivity=ComponentInfo{com.thundercomm.screensaver/android.service.dreams.DreamActivity}, taskId=192, stackId=192, userId=0, displayId=0, position=7
12-09 12:35:12.898 I/GameMode_ActivityMonitoringService( 9074): Notifying about top task: TaskInfoContainer [topActivity=ComponentInfo{com.thundercomm.screensaver/android.service.dreams.DreamActivity}, taskId=192, stackId=192, userId=0, displayId=0, position=7
12-09 12:35:12.898 E/GameMode_ActivityMonitoringService( 9074): onActivityLaunch:com.thundercomm.screensaver
12-09 12:35:12.898 V/GameMode_GameTypeUtils( 9074): judge isGame:com.thundercomm.screensaver
12-09 12:35:12.898 V/GameMode_GpuUtils( 9074): fps:60
12-09 12:35:12.899 D/GameMode_GameModeActionUtils( 9074): Show GameMode entry by service!
12-09 12:35:12.900 W/ContextImpl( 9074): Calling a method in the system process without a qualified user: android.app.ContextImpl.startService:1816 android.content.ContextWrapper.startService:774 com.thundercomm.gamemode.ingame.services.GameModeActionUtils.startGameModeService:99 com.thundercomm.gamemode.ingame.services.GameModeActionUtils.startGameModeEntry:22 com.thundercomm.gamemode.ingame.services.ActivityMonitoringService$1.onActivityLaunch:127
12-09 12:35:12.901 D/GameModeIF_GameModeSettings( 9074): getUriFor setting_content_uri_root = content://com.thundercomm.gamemode.api/gamemode_settings , name = gamemode_isgaming
12-09 12:35:12.901 E/DisplayDeviceConfig( 1514): requesting nits when no mapping exists.
12-09 12:35:12.901 E/DisplayDeviceConfig( 1514): requesting nits when no mapping exists.
12-09 12:35:12.902 D/GameMode_GameModeService( 9074): type=hide_entry
12-09 12:35:12.903 I/GameModeConfig( 1514): Current uri is uri = content://com.thundercomm.gamemode.api/gamemode_settings/gamemode_isgaming
12-09 12:35:12.903 D/GameModeIF_GameModeSettings( 1514): getUriFor setting_content_uri_root = content://com.thundercomm.gamemode.api/gamemode_settings , name = gamemode_isgaming
12-09 12:35:12.903 D/GameModeIF_GameModeSettings( 9074): gamemode_isgaming set to 0
12-09 12:35:12.905 I/GameModeConfig( 1514): isGameModeOn = false
12-09 12:35:12.905 I/GameModeConfig( 1514): isGameModeOn = false
12-09 12:35:12.905 I/GameModeConfig( 1514): isDisableVoice = true
12-09 12:35:12.909 D/GameMode_GameSettingsObserver( 9074): Game Data change!!!! uri = content://com.thundercomm.gamemode.api/gamemode_settings/gamemode_isgaming
12-09 12:35:12.909 D/GameModeIF_GameModeSettings( 9074): getUriFor setting_content_uri_root = content://com.thundercomm.gamemode.api/gamemode_settings , name = gamemode_isgaming
12-09 12:35:12.911 D/GameMode_GameModeService( 9074): updateGlobalSettings = gamemode_isgaming
12-09 12:35:12.918 E/DisplayDeviceConfig( 1514): requesting nits when no mapping exists.
12-09 12:35:12.918 E/DisplayDeviceConfig( 1514): requesting nits when no mapping exists.
12-09 12:35:12.919 I/mpu_uart( 649): [MSG-P:RECV]:No message received in 1000 ms
12-09 12:35:12.935 E/DisplayDeviceConfig( 1514): requesting nits when no mapping exists.
12-09 12:35:12.935 E/DisplayDeviceConfig( 1514): requesting nits when no mapping exists.
12-09 12:35:12.951 E/DisplayDeviceConfig( 1514): requesting nits when no mapping exists.
12-09 12:35:12.952 E/DisplayDeviceConfig( 1514): requesting nits when no mapping exists.
12-09 12:35:12.968 E/DisplayDeviceConfig( 1514): requesting nits when no mapping exists.
12-09 12:35:12.969 E/DisplayDeviceConfig( 1514): requesting nits when no mapping exists.
12-09 12:35:12.985 E/DisplayDeviceConfig( 1514): requesting nits when no mapping exists.
12-09 12:35:12.986 E/DisplayDeviceConfig( 1514): requesting nits when no mapping exists.
12-09 12:35:13.002 E/DisplayDeviceConfig( 1514): requesting nits when no mapping exists.
12-09 12:35:13.003 E/DisplayDeviceConfig( 1514): requesting nits when no mapping exists.
12-09 12:35:13.018 E/DisplayDeviceConfig( 1514): requesting nits when no mapping exists.
12-09 12:35:13.019 E/DisplayDeviceConfig( 1514): requesting nits when no mapping exists.
12-09 12:35:13.035 I/OMX-VENC: venc_dev( 1203): stats: avg. fps 37.98, bitrate 601487
12-09 12:35:13.035 E/DisplayDeviceConfig( 1514): requesting nits when no mapping exists.
12-09 12:35:13.035 E/DisplayDeviceConfig( 1514): requesting nits when no mapping exists.
12-09 12:35:13.052 E/DisplayDeviceConfig( 1514): requesting nits when no mapping exists.
12-09 12:35:13.053 E/DisplayDeviceConfig( 1514): requesting nits when no mapping exists.
12-09 12:35:13.069 E/DisplayDeviceConfig( 1514): requesting nits when no mapping exists.
12-09 12:35:13.069 E/DisplayDeviceConfig( 1514): requesting nits when no mapping exists.
12-09 12:35:13.085 E/DisplayDeviceConfig( 1514): requesting nits when no mapping exists.
12-09 12:35:13.085 E/DisplayDeviceConfig( 1514): requesting nits when no mapping exists.
12-09 12:35:13.102 E/DisplayDeviceConfig( 1514): requesting nits when no mapping exists.
12-09 12:35:13.103 E/DisplayDeviceConfig( 1514): requesting nits when no mapping exists.
12-09 12:35:13.119 E/DisplayDeviceConfig( 1514): requesting nits when no mapping exists.
12-09 12:35:13.119 E/DisplayDeviceConfig( 1514): requesting nits when no mapping exists.
12-09 12:35:13.135 E/DisplayDeviceConfig( 1514): requesting nits when no mapping exists.
12-09 12:35:13.136 E/DisplayDeviceConfig( 1514): requesting nits when no mapping exists.
12-09 12:35:13.152 E/DisplayDeviceConfig( 1514): requesting nits when no mapping exists.
12-09 12:35:13.152 E/DisplayDeviceConfig( 1514): requesting nits when no mapping exists.
12-09 12:35:13.169 E/DisplayDeviceConfig( 1514): requesting nits when no mapping exists.
12-09 12:35:13.169 E/DisplayDeviceConfig( 1514): requesting nits when no mapping exists.
12-09 12:35:13.185 E/DisplayDeviceConfig( 1514): requesting nits when no mapping exists.
12-09 12:35:13.186 E/DisplayDeviceConfig( 1514): requesting nits when no mapping exists.
12-09 12:35:13.202 E/DisplayDeviceConfig( 1514): requesting nits when no mapping exists.
12-09 12:35:13.203 E/DisplayDeviceConfig( 1514): requesting nits when no mapping exists.
12-09 12:35:13.219 E/DisplayDeviceConfig( 1514): requesting nits when no mapping exists.
12-09 12:35:13.219 E/DisplayDeviceConfig( 1514): requesting nits when no mapping exists.
12-09 12:35:13.235 E/DisplayDeviceConfig( 1514): requesting nits when no mapping exists.
12-09 12:35:13.236 E/DisplayDeviceConfig( 1514): requesting nits when no mapping exists.
12-09 12:35:13.253 E/DisplayDeviceConfig( 1514): requesting nits when no mapping exists.
12-09 12:35:13.253 E/DisplayDeviceConfig( 1514): requesting nits when no mapping exists.
12-09 12:35:13.269 E/DisplayDeviceConfig( 1514): requesting nits when no mapping exists.
12-09 12:35:13.269 E/DisplayDeviceConfig( 1514): requesting nits when no mapping exists.
12-09 12:35:13.286 E/DisplayDeviceConfig( 1514): requesting nits when no mapping exists.
12-09 12:35:13.287 E/DisplayDeviceConfig( 1514): requesting nits when no mapping exists.
12-09 12:35:13.302 E/DisplayDeviceConfig( 1514): requesting nits when no mapping exists.
12-09 12:35:13.304 E/DisplayDeviceConfig( 1514): requesting nits when no mapping exists.
12-09 12:35:13.320 E/DisplayDeviceConfig( 1514): requesting nits when no mapping exists.
12-09 12:35:13.320 E/DisplayDeviceConfig( 1514): requesting nits when no mapping exists.
12-09 12:35:13.336 E/DisplayDeviceConfig( 1514): requesting nits when no mapping exists.
12-09 12:35:13.338 E/DisplayDeviceConfig( 1514): requesting nits when no mapping exists.
12-09 12:35:13.354 E/DisplayDeviceConfig( 1514): requesting nits when no mapping exists.
12-09 12:35:13.355 E/DisplayDeviceConfig( 1514): requesting nits when no mapping exists.
12-09 12:35:13.369 E/DisplayDeviceConfig( 1514): requesting nits when no mapping exists.
12-09 12:35:13.370 E/DisplayDeviceConfig( 1514): requesting nits when no mapping exists.
12-09 12:35:13.386 E/DisplayDeviceConfig( 1514): requesting nits when no mapping exists.
12-09 12:35:13.387 E/DisplayDeviceConfig( 1514): requesting nits when no mapping exists.
12-09 12:35:13.403 E/DisplayDeviceConfig( 1514): requesting nits when no mapping exists.
12-09 12:35:13.405 E/DisplayDeviceConfig( 1514): requesting nits when no mapping exists.
12-09 12:35:13.420 E/DisplayDeviceConfig( 1514): requesting nits when no mapping exists.
12-09 12:35:13.420 E/DisplayDeviceConfig( 1514): requesting nits when no mapping exists.
12-09 12:35:13.436 E/DisplayDeviceConfig( 1514): requesting nits when no mapping exists.
12-09 12:35:13.437 E/DisplayDeviceConfig( 1514): requesting nits when no mapping exists.
12-09 12:35:13.453 E/DisplayDeviceConfig( 1514): requesting nits when no mapping exists.
12-09 12:35:13.453 E/DisplayDeviceConfig( 1514): requesting nits when no mapping exists.
12-09 12:35:13.469 E/DisplayDeviceConfig( 1514): requesting nits when no mapping exists.
12-09 12:35:13.470 E/DisplayDeviceConfig( 1514): requesting nits when no mapping exists.
12-09 12:35:13.487 E/DisplayDeviceConfig( 1514): requesting nits when no mapping exists.
12-09 12:35:13.487 E/DisplayDeviceConfig( 1514): requesting nits when no mapping exists.
12-09 12:35:13.503 E/DisplayDeviceConfig( 1514): requesting nits when no mapping exists.
12-09 12:35:13.505 E/DisplayDeviceConfig( 1514): requesting nits when no mapping exists.
12-09 12:35:13.756 I/OMX-VENC: venc_dev( 1203): stats: avg. fps 59.54, bitrate 1785225
12-09 12:35:13.919 I/mpu_uart( 649): [MSG-P:RECV]:No message received in 1000 ms
12-09 12:35:14.038 I/OMX-VENC: venc_dev( 1203): stats: avg. fps 59.83, bitrate 204715
12-09 12:35:14.591 W/swapper/1( 0): type=1400 audit(0.0:8557): avc: denied { kill } for capability=5 scontext=u:r:kernel:s0 tcontext=u:r:kernel:s0 tclass=capability permissive=0
12-09 12:35:14.771 I/OMX-VENC: venc_dev( 1203): stats: avg. fps 59.12, bitrate 1583503
12-09 12:35:14.860 I/mpu_uart( 649): [MSG-P:R]:recv sync frame timeout
12-09 12:35:14.921 I/mpu_uart( 649): [MSG-P:RECV]:No message received in 1000 ms
12-09 12:35:15.045 I/OMX-VENC: venc_dev( 1203): stats: avg. fps 59.57, bitrate 166220
12-09 12:35:15.591 W/swapper/1( 0): type=1400 audit(0.0:8558): avc: denied { kill } for capability=5 scontext=u:r:kernel:s0 tcontext=u:r:kernel:s0 tclass=capability permissive=0
12-09 12:35:15.852 W/hpplay-java( 3295): [AsyncTask #1036]:HttpRequest:
12-09 12:35:15.855 W/hpplay-java( 3295): [AsyncTask #1036]:HttpRequest:
12-09 12:35:15.857 W/hpplay-java( 3295): [AsyncTask #1036]:HttpRequest:
12-09 12:35:15.858 E/hpplay-java( 3295): [main]:IMTask:getIMRoot failed
12-09 12:35:15.922 I/mpu_uart( 649): [MSG-P:RECV]:No message received in 1000 ms
12-09 12:35:16.123 I/OMX-VENC: venc_dev( 1203): stats: avg. fps 32.47, bitrate 55575
12-09 12:35:16.591 W/swapper/1( 0): type=1400 audit(0.0:8559): avc: denied { kill } for capability=5 scontext=u:r:kernel:s0 tcontext=u:r:kernel:s0 tclass=capability permissive=0
12-09 12:35:16.722 I/OMX-VENC: venc_dev( 1203): stats: avg. fps 24.10, bitrate 427770
12-09 12:35:16.922 I/mpu_uart( 649): [MSG-P:RECV]:No message received in 1000 ms
12-09 12:35:17.125 I/OMX-VENC: venc_dev( 1203): stats: avg. fps 9.98, bitrate 11109
12-09 12:35:17.591 W/swapper/1( 0): type=1400 audit(0.0:8560): avc: denied { kill } for capability=5 scontext=u:r:kernel:s0 tcontext=u:r:kernel:s0 tclass=capability permissive=0
12-09 12:35:17.740 I/OMX-VENC: venc_dev( 1203): stats: avg. fps 0.98, bitrate 11861
12-09 12:35:17.863 I/mpu_uart( 649): [MSG-P:R]:recv sync frame timeout
12-09 12:35:17.922 I/mpu_uart( 649): [MSG-P:RECV]:No message received in 1000 ms
12-09 12:35:18.143 I/OMX-VENC: venc_dev( 1203): stats: avg. fps 10.81, bitrate 11446
12-09 12:35:18.591 W/swapper/1( 0): type=1400 audit(0.0:8561): avc: denied { kill } for capability=5 scontext=u:r:kernel:s0 tcontext=u:r:kernel:s0 tclass=capability permissive=0
12-09 12:35:18.742 I/OMX-VENC: venc_dev( 1203): stats: avg. fps 1.00, bitrate 19778
12-09 12:35:18.922 I/mpu_uart( 649): [MSG-P:RECV]:No message received in 1000 ms
12-09 12:35:19.145 I/OMX-VENC: venc_dev( 1203): stats: avg. fps 9.98, bitrate 10859
12-09 12:35:19.591 W/swapper/1( 0): type=1400 audit(0.0:8562): avc: denied { kill } for capability=5 scontext=u:r:kernel:s0 tcontext=u:r:kernel:s0 tclass=capability permissive=0
12-09 12:35:19.744 I/OMX-VENC: venc_dev( 1203): stats: avg. fps 1.00, bitrate 11476
12-09 12:35:19.923 I/mpu_uart( 649): [MSG-P:RECV]:No message received in 1000 ms
12-09 12:35:20.148 I/OMX-VENC: venc_dev( 1203): stats: avg. fps 9.97, bitrate 10848
12-09 12:35:20.591 W/swapper/1( 0): type=1400 audit(0.0:8563): avc: denied { kill } for capability=5 scontext=u:r:kernel:s0 tcontext=u:r:kernel:s0 tclass=capability permissive=0
12-09 12:35:20.747 I/OMX-VENC: venc_dev( 1203): stats: avg. fps 1.00, bitrate 9112
12-09 12:35:20.866 I/mpu_uart( 649): [MSG-P:R]:recv sync frame timeout
12-09 12:35:20.923 I/mpu_uart( 649): [MSG-P:RECV]:No message received in 1000 ms
12-09 12:35:21.149 I/OMX-VENC: venc_dev( 1203): stats: avg. fps 9.98, bitrate 10733
12-09 12:35:21.591 W/irq/41-tsens-up( 101): type=1400 audit(0.0:8564): avc: denied { kill } for capability=5 scontext=u:r:kernel:s0 tcontext=u:r:kernel:s0 tclass=capability permissive=0
12-09 12:35:21.748 I/OMX-VENC: venc_dev( 1203): stats: avg. fps 1.00, bitrate 6119
12-09 12:35:21.923 I/mpu_uart( 649): [MSG-P:RECV]:No message received in 1000 ms
12-09 12:35:22.151 I/OMX-VENC: venc_dev( 1203): stats: avg. fps 9.99, bitrate 10739
12-09 12:35:22.591 W/swapper/1( 0): type=1400 audit(0.0:8565): avc: denied { kill } for capability=5 scontext=u:r:kernel:s0 tcontext=u:r:kernel:s0 tclass=capability permissive=0
12-09 12:35:22.749 I/GameModeConfig( 1514): isGameModeOn = false
12-09 12:35:22.751 I/OMX-VENC: venc_dev( 1203): stats: avg. fps 1.00, bitrate 10136
12-09 12:35:22.768 D/InterruptionStateProvider( 2372): No bubble up: not allowed to bubble: 0|com.android.systemui|4274|null|10082
12-09 12:35:22.769 D/InterruptionStateProvider( 2372): No bubble up: not allowed to bubble: -1|android|26|null|1000
12-09 12:35:22.769 D/InterruptionStateProvider( 2372): No alerting: filtered notification: 0|com.android.systemui|1|empty_media|10082
12-09 12:35:22.769 D/InterruptionStateProvider( 2372): No bubble up: not allowed to bubble: 0|com.android.systemui|2048|null|10082
12-09 12:35:22.769 D/InterruptionStateProvider( 2372): No bubble up: not allowed to bubble: 0|com.github.uiautomator|1|null|10101
12-09 12:35:22.769 D/InterruptionStateProvider( 2372): No bubble up: not allowed to bubble: -1|android|32|null|1000
12-09 12:35:22.924 I/mpu_uart( 649): [MSG-P:RECV]:No message received in 1000 ms
12-09 12:35:23.154 I/OMX-VENC: venc_dev( 1203): stats: avg. fps 9.97, bitrate 10590
12-09 12:35:23.591 W/swapper/1( 0): type=1400 audit(0.0:8566): avc: denied { kill } for capability=5 scontext=u:r:kernel:s0 tcontext=u:r:kernel:s0 tclass=capability permissive=0
12-09 12:35:23.754 I/OMX-VENC: venc_dev( 1203): stats: avg. fps 1.00, bitrate 7951
12-09 12:35:23.867 I/mpu_uart( 649): [MSG-P:R]:recv sync frame timeout
12-09 12:35:23.924 I/mpu_uart( 649): [MSG-P:RECV]:No message received in 1000 ms
12-09 12:35:24.156 I/OMX-VENC: venc_dev( 1203): stats: avg. fps 9.97, bitrate 11106
12-09 12:35:24.591 W/swapper/1( 0): type=1400 audit(0.0:8567): avc: denied { kill } for capability=5 scontext=u:r:kernel:s0 tcontext=u:r:kernel:s0 tclass=capability permissive=0
12-09 12:35:24.756 I/OMX-VENC: venc_dev( 1203): stats: avg. fps 1.00, bitrate 9233
12-09 12:35:24.924 I/mpu_uart( 649): [MSG-P:RECV]:No message received in 1000 ms
12-09 12:35:25.159 I/OMX-VENC: venc_dev( 1203): stats: avg. fps 9.98, bitrate 10597
12-09 12:35:25.759 I/OMX-VENC: venc_dev( 1203): stats: avg. fps 1.00, bitrate 8732
12-09 12:35:25.924 I/mpu_uart( 649): [MSG-P:RECV]:No message received in 1000 ms
12-09 12:35:26.161 I/OMX-VENC: venc_dev( 1203): stats: avg. fps 9.98, bitrate 10726
12-09 12:35:26.591 W/swapper/1( 0): type=1400 audit(0.0:8568): avc: denied { kill } for capability=5 scontext=u:r:kernel:s0 tcontext=u:r:kernel:s0 tclass=capability permissive=0
12-09 12:35:26.761 I/OMX-VENC: venc_dev( 1203): stats: avg. fps 1.00, bitrate 12172
12-09 12:35:26.870 I/mpu_uart( 649): [MSG-P:R]:recv sync frame timeout
12-09 12:35:26.925 I/mpu_uart( 649): [MSG-P:RECV]:No message received in 1000 ms
12-09 12:35:26.950 D/CompatibilityInfo( 1514): mCompatibilityFlags - 4
12-09 12:35:26.950 D/CompatibilityInfo( 1514): applicationDensity - 240
12-09 12:35:26.950 D/CompatibilityInfo( 1514): applicationScale - 1.0
12-09 12:35:27.019 W/System ( 3678): A resource failed to call close.
12-09 12:35:27.165 I/OMX-VENC: venc_dev( 1203): stats: avg. fps 9.97, bitrate 10842
12-09 12:35:27.591 W/swapper/1( 0): type=1400 audit(0.0:8569): avc: denied { kill } for capability=5 scontext=u:r:kernel:s0 tcontext=u:r:kernel:s0 tclass=capability permissive=0
12-09 12:35:27.764 I/OMX-VENC: venc_dev( 1203): stats: avg. fps 1.00, bitrate 8072
12-09 12:35:27.925 I/mpu_uart( 649): [MSG-P:RECV]:No message received in 1000 ms
12-09 12:35:28.166 I/OMX-VENC: venc_dev( 1203): stats: avg. fps 9.99, bitrate 10613
12-09 12:35:28.591 W/swapper/1( 0): type=1400 audit(0.0:8570): avc: denied { kill } for capability=5 scontext=u:r:kernel:s0 tcontext=u:r:kernel:s0 tclass=capability permissive=0
12-09 12:35:28.765 I/OMX-VENC: venc_dev( 1203): stats: avg. fps 1.00, bitrate 7099
12-09 12:35:28.925 I/mpu_uart( 649): [MSG-P:RECV]:No message received in 1000 ms
12-09 12:35:29.169 I/OMX-VENC: venc_dev( 1203): stats: avg. fps 9.97, bitrate 10721
12-09 12:35:29.591 W/swapper/1( 0): type=1400 audit(0.0:8571): avc: denied { kill } for capability=5 scontext=u:r:kernel:s0 tcontext=u:r:kernel:s0 tclass=capability permissive=0
12-09 12:35:29.773 I/OMX-VENC: venc_dev( 1203): stats: avg. fps 0.99, bitrate 6019
12-09 12:35:29.872 I/mpu_uart( 649): [MSG-P:R]:recv sync frame timeout
12-09 12:35:29.926 I/mpu_uart( 649): [MSG-P:RECV]:No message received in 1000 ms
12-09 12:35:30.174 I/OMX-VENC: venc_dev( 1203): stats: avg. fps 10.94, bitrate 11967
12-09 12:35:30.591 W/swapper/1( 0): type=1400 audit(0.0:8572): avc: denied { kill } for capability=5 scontext=u:r:kernel:s0 tcontext=u:r:kernel:s0 tclass=capability permissive=0
12-09 12:35:30.926 I/mpu_uart( 649): [MSG-P:RECV]:No message received in 1000 ms
12-09 12:35:31.004 I/CNSS ( 1175): cnss_open_log_file: directory /data/vendor/wifi/wlan_logs/ created
12-09 12:35:31.273 I/OMX-VENC: venc_dev( 1203): stats: avg. fps 10.01, bitrate 10596
12-09 12:35:31.591 W/swapper/1( 0): type=1400 audit(0.0:8573): avc: denied { kill } for capability=5 scontext=u:r:kernel:s0 tcontext=u:r:kernel:s0 tclass=capability permissive=0
12-09 12:35:31.772 I/OMX-VENC: venc_dev( 1203): stats: avg. fps 1.00, bitrate 7453
12-09 12:35:31.926 I/mpu_uart( 649): [MSG-P:RECV]:No message received in 1000 ms
12-09 12:35:32.276 I/OMX-VENC: venc_dev( 1203): stats: avg. fps 9.98, bitrate 11619
12-09 12:35:32.591 W/swapper/1( 0): type=1400 audit(0.0:8574): avc: denied { kill } for capability=5 scontext=u:r:kernel:s0 tcontext=u:r:kernel:s0 tclass=capability permissive=0
12-09 12:35:32.779 I/OMX-VENC: venc_dev( 1203): stats: avg. fps 0.99, bitrate 10333
12-09 12:35:32.872 I/mpu_uart( 649): [MSG-P:R]:recv sync frame timeout
12-09 12:35:32.926 I/mpu_uart( 649): [MSG-P:RECV]:No message received in 1000 ms
12-09 12:35:33.281 I/OMX-VENC: venc_dev( 1203): stats: avg. fps 10.94, bitrate 11712
12-09 12:35:33.591 W/swapper/1( 0): type=1400 audit(0.0:8575): avc: denied { kill } for capability=5 scontext=u:r:kernel:s0 tcontext=u:r:kernel:s0 tclass=capability permissive=0
12-09 12:35:33.780 I/OMX-VENC: venc_dev( 1203): stats: avg. fps 1.00, bitrate 5157
12-09 12:35:33.927 I/mpu_uart( 649): [MSG-P:RECV]:No message received in 1000 ms
12-09 12:35:34.281 I/OMX-VENC: venc_dev( 1203): stats: avg. fps 10.00, bitrate 11135
12-09 12:35:34.591 W/swapper/1( 0): type=1400 audit(0.0:8576): avc: denied { kill } for capability=5 scontext=u:r:kernel:s0 tcontext=u:r:kernel:s0 tclass=capability permissive=0
12-09 12:35:34.780 I/OMX-VENC: venc_dev( 1203): stats: avg. fps 1.00, bitrate 8346
12-09 12:35:34.927 I/mpu_uart( 649): [MSG-P:RECV]:No message received in 1000 ms
12-09 12:35:35.286 I/OMX-VENC: venc_dev( 1203): stats: avg. fps 9.96, bitrate 10958
12-09 12:35:35.591 W/swapper/1( 0): type=1400 audit(0.0:8577): avc: denied { kill } for capability=5 scontext=u:r:kernel:s0 tcontext=u:r:kernel:s0 tclass=capability permissive=0
12-09 12:35:35.787 I/OMX-VENC: venc_dev( 1203): stats: avg. fps 0.99, bitrate 5403
12-09 12:35:35.875 I/mpu_uart( 649): [MSG-P:R]:recv sync frame timeout
12-09 12:35:35.927 I/mpu_uart( 649): [MSG-P:RECV]:No message received in 1000 ms
12-09 12:35:36.289 I/OMX-VENC: venc_dev( 1203): stats: avg. fps 10.96, bitrate 11730
12-09 12:35:36.591 W/swapper/1( 0): type=1400 audit(0.0:8578): avc: denied { kill } for capability=5 scontext=u:r:kernel:s0 tcontext=u:r:kernel:s0 tclass=capability permissive=0