12-09 12:27:25.808 D/UIAutomatorStub(18567): URI: /jsonrpc/0, Method: POST, params, {NanoHttpd.QUERY_STRING=null}, files: {postData={"jsonrpc": "2.0", "id": "903571d16a36466110e326271c7720eb", "method": "waitForExists", "params": [{"mask": 2097152, "childOrSibling": [], "childOrSiblingSelector": [], "resourceId": "android:id/move_window"}, 3000]}}
12-09 12:27:25.812 W/QueryController(18567): Could not detect idle state.
12-09 12:27:25.861 I/OMX-VENC: venc_dev( 1203): stats: avg. fps 10.00, bitrate 54652
12-09 12:27:25.896 D/UIAutomatorStub(18567): URI: /jsonrpc/0, Method: POST, params, {NanoHttpd.QUERY_STRING=null}, files: {postData={"jsonrpc": "2.0", "id": "205d25630b77b411018cae44d65ce9d6", "method": "objInfo", "params": [{"mask": 2097152, "childOrSibling": [], "childOrSiblingSelector": [], "resourceId": "android:id/move_window"}]}}
12-09 12:27:25.900 W/QueryController(18567): Could not detect idle state.
12-09 12:27:25.919 W/QueryController(18567): Could not detect idle state.
12-09 12:27:25.923 W/QueryController(18567): Could not detect idle state.
12-09 12:27:25.925 W/QueryController(18567): Could not detect idle state.
12-09 12:27:25.928 W/QueryController(18567): Could not detect idle state.
12-09 12:27:25.930 W/QueryController(18567): Could not detect idle state.
12-09 12:27:25.932 W/QueryController(18567): Could not detect idle state.
12-09 12:27:25.934 W/QueryController(18567): Could not detect idle state.
12-09 12:27:25.937 W/QueryController(18567): Could not detect idle state.
12-09 12:27:25.939 W/QueryController(18567): Could not detect idle state.
12-09 12:27:25.941 W/QueryController(18567): Could not detect idle state.
12-09 12:27:25.943 W/QueryController(18567): Could not detect idle state.
12-09 12:27:25.945 W/QueryController(18567): Could not detect idle state.
12-09 12:27:25.947 W/QueryController(18567): Could not detect idle state.
12-09 12:27:25.949 W/QueryController(18567): Could not detect idle state.
12-09 12:27:25.951 W/QueryController(18567): Could not detect idle state.
12-09 12:27:25.954 W/QueryController(18567): Could not detect idle state.
12-09 12:27:25.955 W/QueryController(18567): Could not detect idle state.
12-09 12:27:26.010 D/UIAutomatorStub(18567): URI: /jsonrpc/0, Method: POST, params, {NanoHttpd.QUERY_STRING=null}, files: {postData={"jsonrpc": "2.0", "id": "77cf651a791b59817859b9cf128266ad", "method": "click", "params": [261.5, 99.0]}}
12-09 12:27:26.072 I/OpenGLRenderer(19196): Davey! duration=9223346375736ms; Flags=0, FrameTimelineVsyncId=-1, IntendedVsync=25661118069323, Vsync=25661118073021, InputEventId=-997770804, HandleInputStart=25661118088854, AnimationStart=25661118092656, PerformTraversalsStart=25661118303333, DrawStart=25661118421198, FrameDeadline=9223372036854775807, FrameInterval=25661118073021, FrameStartTime=16666666, SyncQueued=25661118787083, SyncStart=25661118907239, IssueDrawCommandsStart=25661119403437, SwapBuffers=25661123407187, FrameCompleted=9223372036854775807, DequeueBufferDuration=55937, QueueBufferDuration=1176197, GpuCompleted=9223372036854775807, SwapBuffersCompleted=25661125496875, DisplayPresentTime=0,
12-09 12:27:26.440 I/mpu_uart( 649): [MSG-P:R]:recv sync frame timeout
12-09 12:27:26.568 I/OMX-VENC: venc_dev( 1203): stats: avg. fps 13.91, bitrate 625581
12-09 12:27:26.591 W/swapper/3( 0): type=1400 audit(0.0:8145): avc: denied { kill } for capability=5 scontext=u:r:kernel:s0 tcontext=u:r:kernel:s0 tclass=capability permissive=0
12-09 12:27:26.756 I/mpu_uart( 649): [MSG-P:RECV]:No message received in 1000 ms
12-09 12:27:26.868 I/OMX-VENC: venc_dev( 1203): stats: avg. fps 20.86, bitrate 113905
12-09 12:27:27.220 D/UIAutomatorStub(18567): URI: /jsonrpc/0, Method: POST, params, {NanoHttpd.QUERY_STRING=null}, files: {postData={"jsonrpc": "2.0", "id": "c9d7b766c573cf5f19fb716efc414ba8", "method": "exist", "params": [{"mask": 2097152, "childOrSibling": [], "childOrSiblingSelector": [], "resourceId": "android:id/caption"}]}}
12-09 12:27:27.225 W/QueryController(18567): Could not detect idle state.
12-09 12:27:27.568 I/OMX-VENC: venc_dev( 1203): stats: avg. fps 2.00, bitrate 75656
12-09 12:27:27.591 W/swapper/3( 0): type=1400 audit(0.0:8146): avc: denied { kill } for capability=5 scontext=u:r:kernel:s0 tcontext=u:r:kernel:s0 tclass=capability permissive=0
12-09 12:27:27.756 I/mpu_uart( 649): [MSG-P:RECV]:No message received in 1000 ms
12-09 12:27:27.967 I/OMX-VENC: venc_dev( 1203): stats: avg. fps 10.01, bitrate 54654
12-09 12:27:28.591 W/swapper/3( 0): type=1400 audit(0.0:8147): avc: denied { kill } for capability=5 scontext=u:r:kernel:s0 tcontext=u:r:kernel:s0 tclass=capability permissive=0
12-09 12:27:28.757 I/mpu_uart( 649): [MSG-P:RECV]:No message received in 1000 ms
12-09 12:27:28.968 I/OMX-VENC: venc_dev( 1203): stats: avg. fps 9.98, bitrate 54812
12-09 12:27:29.325 D/ProcessState(19478): Binder ioctl to enable oneway spam detection failed: Invalid argument
12-09 12:27:29.331 D/StateManager( 2834): goToState: Overview
12-09 12:27:29.332 D/EditModeHelper( 2834): setHotseatVisibility: 0
12-09 12:27:29.335 V/ShadeControllerImpl( 2372): NotificationShadeWindow: com.android.systemui.statusbar.phone.NotificationShadeWindowView{7f4383b I.E...... ......ID 0,0-2380,1020} canPanelBeCollapsed(): false
12-09 12:27:29.342 D/FreeWindowHelper( 2834): enterOrExitRecentTasks: isEnterRecentTasks=true,mExitFlag=1
12-09 12:27:29.345 D/UIAutomatorStub(18567): URI: /jsonrpc/0, Method: POST, params, {NanoHttpd.QUERY_STRING=null}, files: {postData={"jsonrpc": "2.0", "id": "3ea4d33cd8035d66e89c146687ddbb66", "method": "waitForExists", "params": [{"mask": 2097153, "childOrSibling": [], "childOrSiblingSelector": [], "resourceId": "com.android.launcher3:id/name_tv", "text": "\u65e5\u5386"}, 3000]}}
12-09 12:27:29.348 W/QueryController(18567): Could not detect idle state.
12-09 12:27:29.351 D/ActivityTrigger( 1514): ActivityTrigger activityPauseTrigger
12-09 12:27:29.358 D/FreeWindowContainer( 2834): reloadTask: TaskInfo{userId=0 taskId=151 displayId=0 isRunning=false baseIntent=Intent { flg=0x10008000 cmp=com.android.calendar/.AllInOneActivity } baseActivity=null topActivity=null origActivity=null realActivity=ComponentInfo{com.android.calendar/com.android.calendar.AllInOneActivity} numActivities=0 lastActiveTime=25664429 supportsSplitScreenMultiWindow=true supportsMultiWindow=true resizeMode=1 isResizeable=true token=WCT{android.window.IWindowContainerToken$Stub$Proxy@aa12e50} topActivityType=1 pictureInPictureParams=null displayCutoutSafeInsets=null topActivityInfo=null launchCookies=[] positionInParent=Point(0, 72) parentTaskId=-1 isFocused=false isVisible=true topActivityInSizeCompat=false locusId= null}
12-09 12:27:29.367 I/ActivityTaskManager( 1514): FOREGROUND_APPLICATION_CHANGED to com.android.launcher3.uioverrides.QuickstepLauncher
12-09 12:27:29.386 I/GameMode_ActivityMonitoringService( 9074): onForegroundActivitiesChanged uid 10069 pid 19196 fg false
12-09 12:27:29.388 W/ActivityTaskManager( 1514): getTaskSnapshot: taskId=150 not found
12-09 12:27:29.393 I/GameMode_ActivityMonitoringService( 9074): Updating top task to: TaskInfoContainer [topActivity=ComponentInfo{com.android.launcher3/com.android.launcher3.uioverrides.QuickstepLauncher}, taskId=10, stackId=1, userId=0, displayId=0, position=6
12-09 12:27:29.393 I/GameMode_ActivityMonitoringService( 9074): Notifying about top task: TaskInfoContainer [topActivity=ComponentInfo{com.android.launcher3/com.android.launcher3.uioverrides.QuickstepLauncher}, taskId=10, stackId=1, userId=0, displayId=0, position=6
12-09 12:27:29.393 E/GameMode_ActivityMonitoringService( 9074): onActivityLaunch:com.android.launcher3
12-09 12:27:29.393 V/GameMode_GameTypeUtils( 9074): judge isGame:com.android.launcher3
12-09 12:27:29.393 V/GameMode_GpuUtils( 9074): fps:60
12-09 12:27:29.394 W/ActivityTaskManager( 1514): getTaskSnapshot: taskId=5150 not found
12-09 12:27:29.394 W/ActivityTaskManager( 1514): getTaskSnapshot: taskId=4150 not found
12-09 12:27:29.395 D/GameMode_GameModeActionUtils( 9074): Show GameMode entry by service!
12-09 12:27:29.395 W/ContextImpl( 9074): Calling a method in the system process without a qualified user: android.app.ContextImpl.startService:1816 android.content.ContextWrapper.startService:774 com.thundercomm.gamemode.ingame.services.GameModeActionUtils.startGameModeService:99 com.thundercomm.gamemode.ingame.services.GameModeActionUtils.startGameModeEntry:22 com.thundercomm.gamemode.ingame.services.ActivityMonitoringService$1.onActivityLaunch:127
12-09 12:27:29.397 W/ActivityTaskManager( 1514): getTaskSnapshot: taskId=3150 not found
12-09 12:27:29.397 D/GameModeIF_GameModeSettings( 9074): getUriFor setting_content_uri_root = content://com.thundercomm.gamemode.api/gamemode_settings , name = gamemode_isgaming
12-09 12:27:29.398 D/GameMode_GameModeService( 9074): type=hide_entry
12-09 12:27:29.402 I/GameModeConfig( 1514): Current uri is uri = content://com.thundercomm.gamemode.api/gamemode_settings/gamemode_isgaming
12-09 12:27:29.403 D/GameModeIF_GameModeSettings( 1514): getUriFor setting_content_uri_root = content://com.thundercomm.gamemode.api/gamemode_settings , name = gamemode_isgaming
12-09 12:27:29.403 D/GameMode_GameSettingsObserver( 9074): Game Data change!!!! uri = content://com.thundercomm.gamemode.api/gamemode_settings/gamemode_isgaming
12-09 12:27:29.403 D/GameModeIF_GameModeSettings( 9074): getUriFor setting_content_uri_root = content://com.thundercomm.gamemode.api/gamemode_settings , name = gamemode_isgaming
12-09 12:27:29.403 D/GameModeIF_GameModeSettings( 9074): gamemode_isgaming set to 0
12-09 12:27:29.406 I/GameModeConfig( 1514): isGameModeOn = false
12-09 12:27:29.406 W/InputManager-JNI( 1514): Input channel object '72079e6 com.android.calendar/com.android.calendar.AllInOneActivity (client)' was disposed without first being removed with the input manager!
12-09 12:27:29.406 I/GameModeConfig( 1514): isGameModeOn = false
12-09 12:27:29.406 I/GameModeConfig( 1514): isDisableVoice = true
12-09 12:27:29.408 D/GameMode_GameModeService( 9074): updateGlobalSettings = gamemode_isgaming
12-09 12:27:29.426 D/libEGL ( 1514): MSAA-->msaa:0 gamemode:0 4x_msaa:0
12-09 12:27:29.426 D/libEGL ( 1514): MSAA-->msaa:0 gamemode:0 4x_msaa:0
12-09 12:27:29.427 D/libEGL ( 1514): MSAA-->msaa:0 gamemode:0 4x_msaa:0
12-09 12:27:29.434 D/BaseIconFactory( 2834): normalizeAndWrapToAdaptiveIcon: scale=0.8095241
12-09 12:27:29.435 W/ActivityTaskManager( 1514): getTaskSnapshot: taskId=5151 not found
12-09 12:27:29.436 D/BaseIconFactory( 2834): normalizeAndWrapToAdaptiveIcon: scale=0.8095241
12-09 12:27:29.436 W/ActivityTaskManager( 1514): getTaskSnapshot: taskId=4151 not found
12-09 12:27:29.437 D/BaseIconFactory( 2834): normalizeAndWrapToAdaptiveIcon: scale=0.8095241
12-09 12:27:29.438 W/ActivityTaskManager( 1514): getTaskSnapshot: taskId=3151 not found
12-09 12:27:29.439 D/BaseIconFactory( 2834): normalizeAndWrapToAdaptiveIcon: scale=0.8095241
12-09 12:27:29.439 W/ActivityTaskManager( 1514): getTaskSnapshot: taskId=2151 not found
12-09 12:27:29.440 D/BaseIconFactory( 2834): normalizeAndWrapToAdaptiveIcon: scale=0.8095241
12-09 12:27:29.441 W/ActivityTaskManager( 1514): getTaskSnapshot: taskId=1151 not found
12-09 12:27:29.442 D/BaseIconFactory( 2834): normalizeAndWrapToAdaptiveIcon: scale=0.8095241
12-09 12:27:29.443 I/mpu_uart( 649): [MSG-P:R]:recv sync frame timeout
12-09 12:27:29.448 W/ActivityTaskManager( 1514): getTaskSnapshot: taskId=2151 not found
12-09 12:27:29.448 W/ActivityTaskManager( 1514): getTaskSnapshot: taskId=1151 not found
12-09 12:27:29.466 D/UIAutomatorStub(18567): URI: /jsonrpc/0, Method: POST, params, {NanoHttpd.QUERY_STRING=null}, files: {postData={"jsonrpc": "2.0", "id": "5b1f6a462ae8a7065884dc68b16508b2", "method": "objInfo", "params": [{"mask": 2097153, "childOrSibling": [], "childOrSiblingSelector": [], "resourceId": "com.android.launcher3:id/name_tv", "text": "\u65e5\u5386"}]}}
12-09 12:27:29.468 W/QueryController(18567): Could not detect idle state.
12-09 12:27:29.469 I/GameMode_ActivityMonitoringService( 9074): onTaskStackChanged
12-09 12:27:29.471 I/GameMode_ActivityMonitoringService( 9074): Updating top task to: TaskInfoContainer [topActivity=ComponentInfo{com.android.launcher3/com.android.launcher3.uioverrides.QuickstepLauncher}, taskId=10, stackId=1, userId=0, displayId=0, position=6
12-09 12:27:29.472 I/GameMode_ActivityMonitoringService( 9074): Notifying about top task: TaskInfoContainer [topActivity=ComponentInfo{com.android.launcher3/com.android.launcher3.uioverrides.QuickstepLauncher}, taskId=10, stackId=1, userId=0, displayId=0, position=6
12-09 12:27:29.472 E/GameMode_ActivityMonitoringService( 9074): onActivityLaunch:com.android.launcher3
12-09 12:27:29.472 V/GameMode_GameTypeUtils( 9074): judge isGame:com.android.launcher3
12-09 12:27:29.472 V/GameMode_GpuUtils( 9074): fps:60
12-09 12:27:29.478 D/GameMode_GameModeActionUtils( 9074): Show GameMode entry by service!
12-09 12:27:29.478 W/ContextImpl( 9074): Calling a method in the system process without a qualified user: android.app.ContextImpl.startService:1816 android.content.ContextWrapper.startService:774 com.thundercomm.gamemode.ingame.services.GameModeActionUtils.startGameModeService:99 com.thundercomm.gamemode.ingame.services.GameModeActionUtils.startGameModeEntry:22 com.thundercomm.gamemode.ingame.services.ActivityMonitoringService$1.onActivityLaunch:127
12-09 12:27:29.479 D/GameModeIF_GameModeSettings( 9074): getUriFor setting_content_uri_root = content://com.thundercomm.gamemode.api/gamemode_settings , name = gamemode_isgaming
12-09 12:27:29.479 D/GameMode_GameModeService( 9074): type=hide_entry
12-09 12:27:29.481 I/GameModeConfig( 1514): Current uri is uri = content://com.thundercomm.gamemode.api/gamemode_settings/gamemode_isgaming
12-09 12:27:29.481 D/GameModeIF_GameModeSettings( 1514): getUriFor setting_content_uri_root = content://com.thundercomm.gamemode.api/gamemode_settings , name = gamemode_isgaming
12-09 12:27:29.483 I/GameModeConfig( 1514): isGameModeOn = false
12-09 12:27:29.483 I/GameModeConfig( 1514): isGameModeOn = false
12-09 12:27:29.483 I/GameModeConfig( 1514): isDisableVoice = true
12-09 12:27:29.484 D/GameMode_GameSettingsObserver( 9074): Game Data change!!!! uri = content://com.thundercomm.gamemode.api/gamemode_settings/gamemode_isgaming
12-09 12:27:29.485 D/GameModeIF_GameModeSettings( 9074): getUriFor setting_content_uri_root = content://com.thundercomm.gamemode.api/gamemode_settings , name = gamemode_isgaming
12-09 12:27:29.487 D/GameMode_GameModeService( 9074): updateGlobalSettings = gamemode_isgaming
12-09 12:27:29.487 D/GameModeIF_GameModeSettings( 9074): gamemode_isgaming set to 0
12-09 12:27:29.490 W/QueryController(18567): Could not detect idle state.
12-09 12:27:29.503 W/QueryController(18567): Could not detect idle state.
12-09 12:27:29.504 W/QueryController(18567): Could not detect idle state.
12-09 12:27:29.504 W/QueryController(18567): Could not detect idle state.
12-09 12:27:29.505 W/QueryController(18567): Could not detect idle state.
12-09 12:27:29.506 W/QueryController(18567): Could not detect idle state.
12-09 12:27:29.518 W/QueryController(18567): Could not detect idle state.
12-09 12:27:29.519 W/QueryController(18567): Could not detect idle state.
12-09 12:27:29.520 W/QueryController(18567): Could not detect idle state.
12-09 12:27:29.521 W/QueryController(18567): Could not detect idle state.
12-09 12:27:29.524 W/QueryController(18567): Could not detect idle state.
12-09 12:27:29.536 W/QueryController(18567): Could not detect idle state.
12-09 12:27:29.537 W/QueryController(18567): Could not detect idle state.
12-09 12:27:29.538 W/QueryController(18567): Could not detect idle state.
12-09 12:27:29.539 W/QueryController(18567): Could not detect idle state.
12-09 12:27:29.553 W/QueryController(18567): Could not detect idle state.
12-09 12:27:29.554 W/QueryController(18567): Could not detect idle state.
12-09 12:27:29.570 I/OMX-VENC: venc_dev( 1203): stats: avg. fps 11.99, bitrate 1667335
12-09 12:27:29.591 W/swapper/3( 0): type=1400 audit(0.0:8148): avc: denied { kill } for capability=5 scontext=u:r:kernel:s0 tcontext=u:r:kernel:s0 tclass=capability permissive=0
12-09 12:27:29.602 W/System ( 1514): A resource failed to call close.
12-09 12:27:29.602 W/System ( 1514): A resource failed to call close.
12-09 12:27:29.603 W/System ( 1514): A resource failed to call close.
12-09 12:27:29.603 W/System ( 1514): A resource failed to call close.
12-09 12:27:29.614 D/UIAutomatorStub(18567): URI: /jsonrpc/0, Method: POST, params, {NanoHttpd.QUERY_STRING=null}, files: {postData={"jsonrpc": "2.0", "id": "488911fc149cb1c3d559b0d41cbd31b8", "method": "click", "params": [206.0, 405.0]}}
12-09 12:27:29.673 D/FreeFormWindowHelper( 1514): Remove freefrom task=Task{8a8ca10 #151 type=standard A=10069:android.task.calendar U=0 visible=false mode=freeform translucent=true sz=0}
12-09 12:27:29.757 I/mpu_uart( 649): [MSG-P:RECV]:No message received in 1000 ms
12-09 12:27:29.797 D/FreeWindowHelper( 2834): setExitFlag: old=0,new=1
12-09 12:27:29.798 I/EventSequenceValidator( 1514): Transition from ACTIVITY_FINISHED to INTENT_STARTED
12-09 12:27:29.798 I/ActivityTaskManager( 1514): START u0 {flg=0x10008000 cmp=com.android.calendar/.AllInOneActivity} from uid 10075
12-09 12:27:29.800 E/ANDR-PERF-JNI( 1514): com_qualcomm_qtiperformance_native_perf_io_prefetch_start
12-09 12:27:29.801 W/ActivityTaskManager( 1514): Can't find TaskDisplayArea to determine support for multi window. Task id=152 attached=false
12-09 12:27:29.802 D/FreeFormWindowHelper( 1514): Add freeform task=Task{45d8b8 #152 type=standard ?? U=0 visible=false mode=freeform translucent=true sz=0}
12-09 12:27:29.804 E/ANDR-IOP( 865): io prefetch is disabled
12-09 12:27:29.805 D/CompatibilityInfo( 1514): mCompatibilityFlags - 4
12-09 12:27:29.805 D/CompatibilityInfo( 1514): applicationDensity - 240
12-09 12:27:29.805 D/CompatibilityInfo( 1514): applicationScale - 1.0
12-09 12:27:29.806 I/ActivityTaskManager( 1514): FOREGROUND_APPLICATION_CHANGED to com.android.calendar.AllInOneActivity
12-09 12:27:29.806 I/ActivityTaskManager( 1514): The Process com.android.calendar Already Exists in BG. So sending its PID: 19196
12-09 12:27:29.806 W/ActivityTaskManager( 1514): Tried to set launchTime (0) < mLastActivityLaunchTime (25654807)
12-09 12:27:29.807 D/CompatibilityInfo( 1514): mCompatibilityFlags - 4
12-09 12:27:29.807 D/CompatibilityInfo( 1514): applicationDensity - 240
12-09 12:27:29.807 D/CompatibilityInfo( 1514): applicationScale - 1.0
12-09 12:27:29.812 D/StateManager( 2834): goToState: Normal
12-09 12:27:29.812 D/EditModeHelper( 2834): setHotseatVisibility: 0
12-09 12:27:29.820 I/GameMode_ActivityMonitoringService( 9074): onForegroundActivitiesChanged uid 10069 pid 19196 fg true
12-09 12:27:29.821 I/EventSequenceValidator( 1514): Transition from INTENT_STARTED to ACTIVITY_LAUNCHED
12-09 12:27:29.823 I/GameMode_ActivityMonitoringService( 9074): Updating top task to: TaskInfoContainer [topActivity=ComponentInfo{com.android.calendar/com.android.calendar.AllInOneActivity}, taskId=152, stackId=152, userId=0, displayId=0, position=6
12-09 12:27:29.823 I/GameMode_ActivityMonitoringService( 9074): Notifying about top task: TaskInfoContainer [topActivity=ComponentInfo{com.android.calendar/com.android.calendar.AllInOneActivity}, taskId=152, stackId=152, userId=0, displayId=0, position=6
12-09 12:27:29.823 E/GameMode_ActivityMonitoringService( 9074): onActivityLaunch:com.android.calendar
12-09 12:27:29.823 V/GameMode_GameTypeUtils( 9074): judge isGame:com.android.calendar
12-09 12:27:29.824 V/GameMode_GpuUtils( 9074): fps:60
12-09 12:27:29.826 D/GameMode_GameModeActionUtils( 9074): Show GameMode entry by service!
12-09 12:27:29.827 W/ContextImpl( 9074): Calling a method in the system process without a qualified user: android.app.ContextImpl.startService:1816 android.content.ContextWrapper.startService:774 com.thundercomm.gamemode.ingame.services.GameModeActionUtils.startGameModeService:99 com.thundercomm.gamemode.ingame.services.GameModeActionUtils.startGameModeEntry:22 com.thundercomm.gamemode.ingame.services.ActivityMonitoringService$1.onActivityLaunch:127
12-09 12:27:29.829 D/GameModeIF_GameModeSettings( 9074): getUriFor setting_content_uri_root = content://com.thundercomm.gamemode.api/gamemode_settings , name = gamemode_isgaming
12-09 12:27:29.829 D/GameMode_GameModeService( 9074): type=hide_entry
12-09 12:27:29.835 I/GameModeConfig( 1514): Current uri is uri = content://com.thundercomm.gamemode.api/gamemode_settings/gamemode_isgaming
12-09 12:27:29.835 D/GameMode_GameSettingsObserver( 9074): Game Data change!!!! uri = content://com.thundercomm.gamemode.api/gamemode_settings/gamemode_isgaming
12-09 12:27:29.835 D/GameModeIF_GameModeSettings( 1514): getUriFor setting_content_uri_root = content://com.thundercomm.gamemode.api/gamemode_settings , name = gamemode_isgaming
12-09 12:27:29.835 D/GameModeIF_GameModeSettings( 9074): getUriFor setting_content_uri_root = content://com.thundercomm.gamemode.api/gamemode_settings , name = gamemode_isgaming
12-09 12:27:29.837 I/GameModeConfig( 1514): isGameModeOn = false
12-09 12:27:29.838 I/GameModeConfig( 1514): isGameModeOn = false
12-09 12:27:29.838 I/GameModeConfig( 1514): isDisableVoice = true
12-09 12:27:29.838 D/AccountManagerService( 1514): bind attempt failed for Session: expectLaunch true, connected false, stats (0/0/0), lifetime 0.0, addAccount, accountType com.google, requiredFeatures null
12-09 12:27:29.838 D/GameMode_GameModeService( 9074): updateGlobalSettings = gamemode_isgaming
12-09 12:27:29.840 D/GameModeIF_GameModeSettings( 9074): gamemode_isgaming set to 0
12-09 12:27:29.843 W/WindowManager( 1514): updateScale0.7996942
12-09 12:27:29.846 D/FreeWindowHelper( 2834): enterOrExitRecentTasks: isEnterRecentTasks=false,mExitFlag=1
12-09 12:27:29.846 W/FreeFormWindowHelper( 1514): exitRecentTasks type=1
12-09 12:27:29.847 E/PagedView( 2834): validateNewPage: failed to find a page < mMaxScrollX
12-09 12:27:29.854 W/WindowManager( 1514): updateScale0.7996942
12-09 12:27:29.856 W/WindowManager( 1514): updateScale0.7996942
12-09 12:27:29.857 W/WindowManager( 1514): updateScale0.7996942
12-09 12:27:29.858 I/EventSequenceValidator( 1514): Transition from ACTIVITY_LAUNCHED to ACTIVITY_FINISHED
12-09 12:27:29.861 I/ActivityTaskManager( 1514): Displayed com.android.calendar/.AllInOneActivity: +58ms
12-09 12:27:29.982 I/OMX-VENC: venc_dev( 1203): stats: avg. fps 39.47, bitrate 1087832
12-09 12:27:30.128 W/WindowManager( 1514): updateScale0.7996942
12-09 12:27:30.271 E/PagedView( 2834): validateNewPage: failed to find a page < mMaxScrollX
12-09 12:27:30.573 I/OMX-VENC: venc_dev( 1203): stats: avg. fps 42.85, bitrate 4632162
12-09 12:27:30.591 W/swapper/3( 0): type=1400 audit(0.0:8149): avc: denied { kill } for capability=5 scontext=u:r:kernel:s0 tcontext=u:r:kernel:s0 tclass=capability permissive=0
12-09 12:27:30.757 I/mpu_uart( 649): [MSG-P:RECV]:No message received in 1000 ms
12-09 12:27:31.074 I/OMX-VENC: venc_dev( 1203): stats: avg. fps 22.89, bitrate 720411
12-09 12:27:31.575 I/OMX-VENC: venc_dev( 1203): stats: avg. fps 1.00, bitrate 52517
12-09 12:27:31.757 I/mpu_uart( 649): [MSG-P:RECV]:No message received in 1000 ms
12-09 12:27:32.075 I/OMX-VENC: venc_dev( 1203): stats: avg. fps 9.99, bitrate 84290
12-09 12:27:32.445 I/mpu_uart( 649): [MSG-P:R]:recv sync frame timeout
12-09 12:27:32.578 I/OMX-VENC: venc_dev( 1203): stats: avg. fps 1.00, bitrate 51799
12-09 12:27:32.591 W/swapper/3( 0): type=1400 audit(0.0:8150): avc: denied { kill } for capability=5 scontext=u:r:kernel:s0 tcontext=u:r:kernel:s0 tclass=capability permissive=0
12-09 12:27:32.758 I/mpu_uart( 649): [MSG-P:RECV]:No message received in 1000 ms
12-09 12:27:33.079 I/OMX-VENC: venc_dev( 1203): stats: avg. fps 9.96, bitrate 192862
12-09 12:27:33.580 I/OMX-VENC: venc_dev( 1203): stats: avg. fps 1.00, bitrate 49637
12-09 12:27:33.591 W/swapper/3( 0): type=1400 audit(0.0:8151): avc: denied { kill } for capability=5 scontext=u:r:kernel:s0 tcontext=u:r:kernel:s0 tclass=capability permissive=0
12-09 12:27:33.687 E/TaskPersister( 1514): File error accessing recents directory (directory doesn't exist?).
12-09 12:27:33.758 I/mpu_uart( 649): [MSG-P:RECV]:No message received in 1000 ms
12-09 12:27:34.082 I/OMX-VENC: venc_dev( 1203): stats: avg. fps 9.97, bitrate 78494
12-09 12:27:34.583 I/OMX-VENC: venc_dev( 1203): stats: avg. fps 1.00, bitrate 78454
12-09 12:27:34.591 W/swapper/3( 0): type=1400 audit(0.0:8152): avc: denied { kill } for capability=5 scontext=u:r:kernel:s0 tcontext=u:r:kernel:s0 tclass=capability permissive=0
12-09 12:27:34.758 I/mpu_uart( 649): [MSG-P:RECV]:No message received in 1000 ms
12-09 12:27:35.083 I/OMX-VENC: venc_dev( 1203): stats: avg. fps 9.99, bitrate 79139
12-09 12:27:35.448 I/mpu_uart( 649): [MSG-P:R]:recv sync frame timeout
12-09 12:27:35.586 I/OMX-VENC: venc_dev( 1203): stats: avg. fps 1.00, bitrate 26545
12-09 12:27:35.591 W/swapper/3( 0): type=1400 audit(0.0:8153): avc: denied { kill } for capability=5 scontext=u:r:kernel:s0 tcontext=u:r:kernel:s0 tclass=capability permissive=0
12-09 12:27:35.759 I/mpu_uart( 649): [MSG-P:RECV]:No message received in 1000 ms
12-09 12:27:35.889 D/UIAutomatorStub(18567): URI: /jsonrpc/0, Method: POST, params, {NanoHttpd.QUERY_STRING=null}, files: {postData={"jsonrpc": "2.0", "id": "111d97ba9512b09c7bf7cd9b74c76a4b", "method": "waitForExists", "params": [{"mask": 2097152, "childOrSibling": [], "childOrSiblingSelector": [], "resourceId": "android:id/move_window"}, 3000]}}
12-09 12:27:35.893 W/QueryController(18567): Could not detect idle state.
12-09 12:27:35.956 D/UIAutomatorStub(18567): URI: /jsonrpc/0, Method: POST, params, {NanoHttpd.QUERY_STRING=null}, files: {postData={"jsonrpc": "2.0", "id": "967fcb3ff81996e9a007c67336242450", "method": "objInfo", "params": [{"mask": 2097152, "childOrSibling": [], "childOrSiblingSelector": [], "resourceId": "android:id/move_window"}]}}
12-09 12:27:35.960 W/QueryController(18567): Could not detect idle state.
12-09 12:27:35.980 W/QueryController(18567): Could not detect idle state.
12-09 12:27:35.984 W/QueryController(18567): Could not detect idle state.
12-09 12:27:35.985 W/QueryController(18567): Could not detect idle state.
12-09 12:27:35.988 W/QueryController(18567): Could not detect idle state.
12-09 12:27:35.990 W/QueryController(18567): Could not detect idle state.
12-09 12:27:35.991 W/QueryController(18567): Could not detect idle state.
12-09 12:27:35.993 W/QueryController(18567): Could not detect idle state.
12-09 12:27:35.994 W/QueryController(18567): Could not detect idle state.
12-09 12:27:35.995 W/QueryController(18567): Could not detect idle state.
12-09 12:27:35.997 W/QueryController(18567): Could not detect idle state.
12-09 12:27:35.998 W/QueryController(18567): Could not detect idle state.
12-09 12:27:36.000 W/QueryController(18567): Could not detect idle state.
12-09 12:27:36.002 W/QueryController(18567): Could not detect idle state.
12-09 12:27:36.003 W/QueryController(18567): Could not detect idle state.
12-09 12:27:36.004 W/QueryController(18567): Could not detect idle state.
12-09 12:27:36.006 W/QueryController(18567): Could not detect idle state.
12-09 12:27:36.007 W/QueryController(18567): Could not detect idle state.
12-09 12:27:36.061 D/UIAutomatorStub(18567): URI: /jsonrpc/0, Method: POST, params, {NanoHttpd.QUERY_STRING=null}, files: {postData={"jsonrpc": "2.0", "id": "ae288097688d33221a402a2ba84d4dd3", "method": "click", "params": [261.5, 99.0]}}
12-09 12:27:36.088 I/OMX-VENC: venc_dev( 1203): stats: avg. fps 9.95, bitrate 77654
12-09 12:27:36.119 W/Choreographer(19196): Frame time is 0.01621 ms in the future! Check that graphics HAL is generating vsync timestamps using the correct timebase.
12-09 12:27:36.591 I/OMX-VENC: venc_dev( 1203): stats: avg. fps 15.92, bitrate 835588
12-09 12:27:36.591 W/swapper/3( 0): type=1400 audit(0.0:8154): avc: denied { kill } for capability=5 scontext=u:r:kernel:s0 tcontext=u:r:kernel:s0 tclass=capability permissive=0
12-09 12:27:36.759 I/mpu_uart( 649): [MSG-P:RECV]:No message received in 1000 ms
12-09 12:27:37.091 I/OMX-VENC: venc_dev( 1203): stats: avg. fps 21.95, bitrate 170210
12-09 12:27:37.292 D/UIAutomatorStub(18567): URI: /jsonrpc/0, Method: POST, params, {NanoHttpd.QUERY_STRING=null}, files: {postData={"jsonrpc": "2.0", "id": "6383fb29fd7982c529ce7636e64eadd1", "method": "exist", "params": [{"mask": 2097152, "childOrSibling": [], "childOrSiblingSelector": [], "resourceId": "android:id/caption"}]}}
12-09 12:27:37.296 W/QueryController(18567): Could not detect idle state.
12-09 12:27:37.591 W/swapper/3( 0): type=1400 audit(0.0:8155): avc: denied { kill } for capability=5 scontext=u:r:kernel:s0 tcontext=u:r:kernel:s0 tclass=capability permissive=0
12-09 12:27:37.596 I/OMX-VENC: venc_dev( 1203): stats: avg. fps 1.99, bitrate 676433
12-09 12:27:37.760 I/mpu_uart( 649): [MSG-P:RECV]:No message received in 1000 ms
12-09 12:27:38.091 I/OMX-VENC: venc_dev( 1203): stats: avg. fps 10.00, bitrate 77672
12-09 12:27:38.451 I/mpu_uart( 649): [MSG-P:R]:recv sync frame timeout
12-09 12:27:38.591 W/swapper/3( 0): type=1400 audit(0.0:8156): avc: denied { kill } for capability=5 scontext=u:r:kernel:s0 tcontext=u:r:kernel:s0 tclass=capability permissive=0
12-09 12:27:38.760 I/mpu_uart( 649): [MSG-P:RECV]:No message received in 1000 ms
12-09 12:27:39.094 I/OMX-VENC: venc_dev( 1203): stats: avg. fps 9.97, bitrate 77359
12-09 12:27:39.385 D/ProcessState(19487): Binder ioctl to enable oneway spam detection failed: Invalid argument
12-09 12:27:39.392 D/StateManager( 2834): goToState: Overview
12-09 12:27:39.392 D/EditModeHelper( 2834): setHotseatVisibility: 0
12-09 12:27:39.395 V/ShadeControllerImpl( 2372): NotificationShadeWindow: com.android.systemui.statusbar.phone.NotificationShadeWindowView{7f4383b I.E...... ......ID 0,0-2380,1020} canPanelBeCollapsed(): false
12-09 12:27:39.408 D/UIAutomatorStub(18567): URI: /jsonrpc/0, Method: POST, params, {NanoHttpd.QUERY_STRING=null}, files: {postData={"jsonrpc": "2.0", "id": "97a9dc5dc5128f08e06a59d94de5e2f2", "method": "waitForExists", "params": [{"mask": 2097153, "childOrSibling": [], "childOrSiblingSelector": [], "resourceId": "com.android.launcher3:id/name_tv", "text": "\u65e5\u5386"}, 3000]}}
12-09 12:27:39.411 W/QueryController(18567): Could not detect idle state.
12-09 12:27:39.413 D/FreeWindowHelper( 2834): enterOrExitRecentTasks: isEnterRecentTasks=true,mExitFlag=1
12-09 12:27:39.428 D/ActivityTrigger( 1514): ActivityTrigger activityPauseTrigger
12-09 12:27:39.435 D/FreeWindowContainer( 2834): reloadTask: TaskInfo{userId=0 taskId=152 displayId=0 isRunning=false baseIntent=Intent { flg=0x10008000 cmp=com.android.calendar/.AllInOneActivity } baseActivity=null topActivity=null origActivity=null realActivity=ComponentInfo{com.android.calendar/com.android.calendar.AllInOneActivity} numActivities=0 lastActiveTime=25674506 supportsSplitScreenMultiWindow=true supportsMultiWindow=true resizeMode=1 isResizeable=true token=WCT{android.window.IWindowContainerToken$Stub$Proxy@4e8f58} topActivityType=1 pictureInPictureParams=null displayCutoutSafeInsets=null topActivityInfo=null launchCookies=[] positionInParent=Point(0, 72) parentTaskId=-1 isFocused=false isVisible=true topActivityInSizeCompat=false locusId= null}
12-09 12:27:39.439 I/ActivityTaskManager( 1514): FOREGROUND_APPLICATION_CHANGED to com.android.launcher3.uioverrides.QuickstepLauncher
12-09 12:27:39.457 I/OMX-VENC: venc_dev( 1203): stats: avg. fps 0.54, bitrate 25118
12-09 12:27:39.469 W/ActivityTaskManager( 1514): getTaskSnapshot: taskId=151 not found
12-09 12:27:39.469 I/GameMode_ActivityMonitoringService( 9074): onForegroundActivitiesChanged uid 10069 pid 19196 fg false
12-09 12:27:39.470 W/ActivityTaskManager( 1514): getTaskSnapshot: taskId=5151 not found
12-09 12:27:39.470 W/ActivityTaskManager( 1514): getTaskSnapshot: taskId=4151 not found
12-09 12:27:39.470 W/ActivityTaskManager( 1514): getTaskSnapshot: taskId=3151 not found
12-09 12:27:39.472 I/GameMode_ActivityMonitoringService( 9074): Updating top task to: TaskInfoContainer [topActivity=ComponentInfo{com.android.launcher3/com.android.launcher3.uioverrides.QuickstepLauncher}, taskId=10, stackId=1, userId=0, displayId=0, position=6
12-09 12:27:39.472 I/GameMode_ActivityMonitoringService( 9074): Notifying about top task: TaskInfoContainer [topActivity=ComponentInfo{com.android.launcher3/com.android.launcher3.uioverrides.QuickstepLauncher}, taskId=10, stackId=1, userId=0, displayId=0, position=6
12-09 12:27:39.472 E/GameMode_ActivityMonitoringService( 9074): onActivityLaunch:com.android.launcher3
12-09 12:27:39.472 V/GameMode_GameTypeUtils( 9074): judge isGame:com.android.launcher3
12-09 12:27:39.472 V/GameMode_GpuUtils( 9074): fps:60
12-09 12:27:39.477 D/GameMode_GameModeActionUtils( 9074): Show GameMode entry by service!
12-09 12:27:39.477 W/ContextImpl( 9074): Calling a method in the system process without a qualified user: android.app.ContextImpl.startService:1816 android.content.ContextWrapper.startService:774 com.thundercomm.gamemode.ingame.services.GameModeActionUtils.startGameModeService:99 com.thundercomm.gamemode.ingame.services.GameModeActionUtils.startGameModeEntry:22 com.thundercomm.gamemode.ingame.services.ActivityMonitoringService$1.onActivityLaunch:127
12-09 12:27:39.481 W/InputManager-JNI( 1514): Input channel object '7ef01ce com.android.calendar/com.android.calendar.AllInOneActivity (client)' was disposed without first being removed with the input manager!
12-09 12:27:39.483 D/BaseIconFactory( 2834): normalizeAndWrapToAdaptiveIcon: scale=0.8095241
12-09 12:27:39.484 W/ActivityTaskManager( 1514): getTaskSnapshot: taskId=5152 not found
12-09 12:27:39.487 D/GameMode_GameModeService( 9074): type=hide_entry
12-09 12:27:39.487 D/BaseIconFactory( 2834): normalizeAndWrapToAdaptiveIcon: scale=0.8095241
12-09 12:27:39.488 D/GameModeIF_GameModeSettings( 9074): getUriFor setting_content_uri_root = content://com.thundercomm.gamemode.api/gamemode_settings , name = gamemode_isgaming
12-09 12:27:39.488 W/System (18567): A resource failed to call end.
12-09 12:27:39.488 W/ActivityTaskManager( 1514): getTaskSnapshot: taskId=5152 not found
12-09 12:27:39.488 W/System (18567): A resource failed to call end.
12-09 12:27:39.489 W/ActivityTaskManager( 1514): getTaskSnapshot: taskId=4152 not found
12-09 12:27:39.489 W/System (18567): A resource failed to call end.
12-09 12:27:39.489 W/System (18567): A resource failed to call end.
12-09 12:27:39.489 W/System (18567): A resource failed to call end.
12-09 12:27:39.490 W/System (18567): A resource failed to call end.
12-09 12:27:39.490 W/System (18567): A resource failed to call end.
12-09 12:27:39.490 W/System (18567): A resource failed to call end.
12-09 12:27:39.490 W/System (18567): A resource failed to call end.
12-09 12:27:39.490 W/System (18567): A resource failed to call end.
12-09 12:27:39.490 W/System (18567): A resource failed to call end.
12-09 12:27:39.490 W/System (18567): A resource failed to call end.
12-09 12:27:39.490 W/System (18567): A resource failed to call end.
12-09 12:27:39.493 D/BaseIconFactory( 2834): normalizeAndWrapToAdaptiveIcon: scale=0.8095241
12-09 12:27:39.494 W/ActivityTaskManager( 1514): getTaskSnapshot: taskId=3152 not found
12-09 12:27:39.495 D/BaseIconFactory( 2834): normalizeAndWrapToAdaptiveIcon: scale=0.8095241
12-09 12:27:39.495 W/ActivityTaskManager( 1514): getTaskSnapshot: taskId=2152 not found
12-09 12:27:39.496 I/GameModeConfig( 1514): Current uri is uri = content://com.thundercomm.gamemode.api/gamemode_settings/gamemode_isgaming
12-09 12:27:39.496 D/GameModeIF_GameModeSettings( 1514): getUriFor setting_content_uri_root = content://com.thundercomm.gamemode.api/gamemode_settings , name = gamemode_isgaming
12-09 12:27:39.496 D/BaseIconFactory( 2834): normalizeAndWrapToAdaptiveIcon: scale=0.8095241
12-09 12:27:39.496 D/GameMode_GameSettingsObserver( 9074): Game Data change!!!! uri = content://com.thundercomm.gamemode.api/gamemode_settings/gamemode_isgaming
12-09 12:27:39.497 D/GameModeIF_GameModeSettings( 9074): getUriFor setting_content_uri_root = content://com.thundercomm.gamemode.api/gamemode_settings , name = gamemode_isgaming
12-09 12:27:39.497 W/ActivityTaskManager( 1514): getTaskSnapshot: taskId=1152 not found
12-09 12:27:39.498 D/GameModeIF_GameModeSettings( 9074): gamemode_isgaming set to 0
12-09 12:27:39.499 D/BaseIconFactory( 2834): normalizeAndWrapToAdaptiveIcon: scale=0.8095241
12-09 12:27:39.500 D/GameMode_GameModeService( 9074): updateGlobalSettings = gamemode_isgaming
12-09 12:27:39.502 I/OpenGLRenderer( 2834): Davey! duration=9223346362351ms; Flags=0, FrameTimelineVsyncId=407466, IntendedVsync=25674502986302, Vsync=25674519652968, InputEventId=0, HandleInputStart=25674533728589, AnimationStart=25674533730620, PerformTraversalsStart=25674553748484, DrawStart=25674555294214, FrameDeadline=25674524319634, FrameInterval=25674533722182, FrameStartTime=16666666, SyncQueued=25674555517911, SyncStart=25674555607286, IssueDrawCommandsStart=25674555882234, SwapBuffers=25674557077859, FrameCompleted=9223372036854775807, DequeueBufferDuration=21198, QueueBufferDuration=278385, GpuCompleted=9223372036854775807, SwapBuffersCompleted=25674557723953, DisplayPresentTime=0,
12-09 12:27:39.505 W/ActivityTaskManager( 1514): getTaskSnapshot: taskId=2152 not found
12-09 12:27:39.505 W/ActivityTaskManager( 1514): getTaskSnapshot: taskId=1152 not found
12-09 12:27:39.506 I/GameModeConfig( 1514): isGameModeOn = false
12-09 12:27:39.509 I/GameModeConfig( 1514): isGameModeOn = false
12-09 12:27:39.509 I/GameModeConfig( 1514): isDisableVoice = true
12-09 12:27:39.541 I/GameMode_ActivityMonitoringService( 9074): onTaskStackChanged
12-09 12:27:39.544 I/GameMode_ActivityMonitoringService( 9074): Updating top task to: TaskInfoContainer [topActivity=ComponentInfo{com.android.launcher3/com.android.launcher3.uioverrides.QuickstepLauncher}, taskId=10, stackId=1, userId=0, displayId=0, position=6
12-09 12:27:39.545 I/GameMode_ActivityMonitoringService( 9074): Notifying about top task: TaskInfoContainer [topActivity=ComponentInfo{com.android.launcher3/com.android.launcher3.uioverrides.QuickstepLauncher}, taskId=10, stackId=1, userId=0, displayId=0, position=6
12-09 12:27:39.545 E/GameMode_ActivityMonitoringService( 9074): onActivityLaunch:com.android.launcher3
12-09 12:27:39.545 V/GameMode_GameTypeUtils( 9074): judge isGame:com.android.launcher3
12-09 12:27:39.545 V/GameMode_GpuUtils( 9074): fps:60
12-09 12:27:39.545 D/libEGL ( 1514): MSAA-->msaa:0 gamemode:0 4x_msaa:0
12-09 12:27:39.546 D/libEGL ( 1514): MSAA-->msaa:0 gamemode:0 4x_msaa:0
12-09 12:27:39.548 D/libEGL ( 1514): MSAA-->msaa:0 gamemode:0 4x_msaa:0
12-09 12:27:39.549 W/System ( 1514): A resource failed to call close.
12-09 12:27:39.549 W/System ( 1514): A resource failed to call close.
12-09 12:27:39.551 D/GameMode_GameModeActionUtils( 9074): Show GameMode entry by service!
12-09 12:27:39.555 W/ContextImpl( 9074): Calling a method in the system process without a qualified user: android.app.ContextImpl.startService:1816 android.content.ContextWrapper.startService:774 com.thundercomm.gamemode.ingame.services.GameModeActionUtils.startGameModeService:99 com.thundercomm.gamemode.ingame.services.GameModeActionUtils.startGameModeEntry:22 com.thundercomm.gamemode.ingame.services.ActivityMonitoringService$1.onActivityLaunch:127
12-09 12:27:39.557 D/GameModeIF_GameModeSettings( 9074): getUriFor setting_content_uri_root = content://com.thundercomm.gamemode.api/gamemode_settings , name = gamemode_isgaming
12-09 12:27:39.557 D/GameMode_GameModeService( 9074): type=hide_entry
12-09 12:27:39.559 I/GameModeConfig( 1514): Current uri is uri = content://com.thundercomm.gamemode.api/gamemode_settings/gamemode_isgaming
12-09 12:27:39.559 D/GameModeIF_GameModeSettings( 1514): getUriFor setting_content_uri_root = content://com.thundercomm.gamemode.api/gamemode_settings , name = gamemode_isgaming
12-09 12:27:39.559 D/GameModeIF_GameModeSettings( 9074): gamemode_isgaming set to 0
12-09 12:27:39.560 D/GameMode_GameSettingsObserver( 9074): Game Data change!!!! uri = content://com.thundercomm.gamemode.api/gamemode_settings/gamemode_isgaming
12-09 12:27:39.560 D/GameModeIF_GameModeSettings( 9074): getUriFor setting_content_uri_root = content://com.thundercomm.gamemode.api/gamemode_settings , name = gamemode_isgaming
12-09 12:27:39.562 I/GameModeConfig( 1514): isGameModeOn = false
12-09 12:27:39.562 I/GameModeConfig( 1514): isGameModeOn = false
12-09 12:27:39.562 I/GameModeConfig( 1514): isDisableVoice = true
12-09 12:27:39.564 D/GameMode_GameModeService( 9074): updateGlobalSettings = gamemode_isgaming
12-09 12:27:39.591 W/swapper/3( 0): type=1400 audit(0.0:8157): avc: denied { kill } for capability=5 scontext=u:r:kernel:s0 tcontext=u:r:kernel:s0 tclass=capability permissive=0
12-09 12:27:39.596 D/UIAutomatorStub(18567): URI: /jsonrpc/0, Method: POST, params, {NanoHttpd.QUERY_STRING=null}, files: {postData={"jsonrpc": "2.0", "id": "d9a98a787c38b7bbed2f55750960b83b", "method": "objInfo", "params": [{"mask": 2097153, "childOrSibling": [], "childOrSiblingSelector": [], "resourceId": "com.android.launcher3:id/name_tv", "text": "\u65e5\u5386"}]}}
12-09 12:27:39.600 W/QueryController(18567): Could not detect idle state.
12-09 12:27:39.647 W/QueryController(18567): Could not detect idle state.
12-09 12:27:39.660 W/QueryController(18567): Could not detect idle state.
12-09 12:27:39.661 W/QueryController(18567): Could not detect idle state.
12-09 12:27:39.662 W/QueryController(18567): Could not detect idle state.
12-09 12:27:39.664 W/QueryController(18567): Could not detect idle state.
12-09 12:27:39.678 W/QueryController(18567): Could not detect idle state.
12-09 12:27:39.680 W/QueryController(18567): Could not detect idle state.
12-09 12:27:39.694 W/QueryController(18567): Could not detect idle state.
12-09 12:27:39.695 W/QueryController(18567): Could not detect idle state.
12-09 12:27:39.696 W/QueryController(18567): Could not detect idle state.
12-09 12:27:39.696 W/QueryController(18567): Could not detect idle state.
12-09 12:27:39.697 W/QueryController(18567): Could not detect idle state.
12-09 12:27:39.699 W/QueryController(18567): Could not detect idle state.
12-09 12:27:39.711 W/QueryController(18567): Could not detect idle state.
12-09 12:27:39.712 W/QueryController(18567): Could not detect idle state.
12-09 12:27:39.729 W/QueryController(18567): Could not detect idle state.
12-09 12:27:39.731 D/FreeFormWindowHelper( 1514): Remove freefrom task=Task{45d8b8 #152 type=standard A=10069:android.task.calendar U=0 visible=false mode=freeform translucent=true sz=0}
12-09 12:27:39.731 W/QueryController(18567): Could not detect idle state.
12-09 12:27:39.760 I/mpu_uart( 649): [MSG-P:RECV]:No message received in 1000 ms
12-09 12:27:39.804 D/UIAutomatorStub(18567): URI: /jsonrpc/0, Method: POST, params, {NanoHttpd.QUERY_STRING=null}, files: {postData={"jsonrpc": "2.0", "id": "5c4bb2842474db8575cd042922240cd0", "method": "click", "params": [206.0, 405.0]}}
12-09 12:27:39.873 W/System ( 1514): A resource failed to call close.
12-09 12:27:39.934 D/FreeWindowHelper( 2834): setExitFlag: old=0,new=1
12-09 12:27:39.936 I/EventSequenceValidator( 1514): Transition from ACTIVITY_FINISHED to INTENT_STARTED
12-09 12:27:39.936 I/ActivityTaskManager( 1514): START u0 {flg=0x10008000 cmp=com.android.calendar/.AllInOneActivity} from uid 10075
12-09 12:27:39.939 E/ANDR-PERF-JNI( 1514): com_qualcomm_qtiperformance_native_perf_io_prefetch_start
12-09 12:27:39.941 W/ActivityTaskManager( 1514): Can't find TaskDisplayArea to determine support for multi window. Task id=153 attached=false
12-09 12:27:39.942 D/FreeFormWindowHelper( 1514): Add freeform task=Task{c2f663 #153 type=standard ?? U=0 visible=false mode=freeform translucent=true sz=0}
12-09 12:27:39.943 E/ANDR-IOP( 865): io prefetch is disabled
12-09 12:27:39.946 D/CompatibilityInfo( 1514): mCompatibilityFlags - 4
12-09 12:27:39.946 D/CompatibilityInfo( 1514): applicationDensity - 240
12-09 12:27:39.946 D/CompatibilityInfo( 1514): applicationScale - 1.0
12-09 12:27:39.946 I/ActivityTaskManager( 1514): FOREGROUND_APPLICATION_CHANGED to com.android.calendar.AllInOneActivity
12-09 12:27:39.947 I/ActivityTaskManager( 1514): The Process com.android.calendar Already Exists in BG. So sending its PID: 19196
12-09 12:27:39.947 W/ActivityTaskManager( 1514): Tried to set launchTime (0) < mLastActivityLaunchTime (25664885)
12-09 12:27:39.948 D/CompatibilityInfo( 1514): mCompatibilityFlags - 4
12-09 12:27:39.948 D/CompatibilityInfo( 1514): applicationDensity - 240
12-09 12:27:39.948 D/CompatibilityInfo( 1514): applicationScale - 1.0
12-09 12:27:39.954 D/StateManager( 2834): goToState: Normal
12-09 12:27:39.955 D/EditModeHelper( 2834): setHotseatVisibility: 0
12-09 12:27:39.959 I/GameMode_ActivityMonitoringService( 9074): onForegroundActivitiesChanged uid 10069 pid 19196 fg true
12-09 12:27:39.961 I/EventSequenceValidator( 1514): Transition from INTENT_STARTED to ACTIVITY_LAUNCHED
12-09 12:27:39.967 I/GameMode_ActivityMonitoringService( 9074): Updating top task to: TaskInfoContainer [topActivity=ComponentInfo{com.android.calendar/com.android.calendar.AllInOneActivity}, taskId=153, stackId=153, userId=0, displayId=0, position=6
12-09 12:27:39.968 I/GameMode_ActivityMonitoringService( 9074): Notifying about top task: TaskInfoContainer [topActivity=ComponentInfo{com.android.calendar/com.android.calendar.AllInOneActivity}, taskId=153, stackId=153, userId=0, displayId=0, position=6
12-09 12:27:39.968 E/GameMode_ActivityMonitoringService( 9074): onActivityLaunch:com.android.calendar
12-09 12:27:39.968 V/GameMode_GameTypeUtils( 9074): judge isGame:com.android.calendar
12-09 12:27:39.968 V/GameMode_GpuUtils( 9074): fps:60
12-09 12:27:39.972 D/GameMode_GameModeActionUtils( 9074): Show GameMode entry by service!
12-09 12:27:39.972 W/ContextImpl( 9074): Calling a method in the system process without a qualified user: android.app.ContextImpl.startService:1816 android.content.ContextWrapper.startService:774 com.thundercomm.gamemode.ingame.services.GameModeActionUtils.startGameModeService:99 com.thundercomm.gamemode.ingame.services.GameModeActionUtils.startGameModeEntry:22 com.thundercomm.gamemode.ingame.services.ActivityMonitoringService$1.onActivityLaunch:127
12-09 12:27:39.976 D/GameMode_GameModeService( 9074): type=hide_entry
12-09 12:27:39.976 D/GameModeIF_GameModeSettings( 9074): getUriFor setting_content_uri_root = content://com.thundercomm.gamemode.api/gamemode_settings , name = gamemode_isgaming
12-09 12:27:39.982 I/GameModeConfig( 1514): Current uri is uri = content://com.thundercomm.gamemode.api/gamemode_settings/gamemode_isgaming
12-09 12:27:39.982 D/GameModeIF_GameModeSettings( 1514): getUriFor setting_content_uri_root = content://com.thundercomm.gamemode.api/gamemode_settings , name = gamemode_isgaming
12-09 12:27:39.982 D/GameMode_GameSettingsObserver( 9074): Game Data change!!!! uri = content://com.thundercomm.gamemode.api/gamemode_settings/gamemode_isgaming
12-09 12:27:39.982 D/GameModeIF_GameModeSettings( 9074): getUriFor setting_content_uri_root = content://com.thundercomm.gamemode.api/gamemode_settings , name = gamemode_isgaming
12-09 12:27:39.983 D/GameModeIF_GameModeSettings( 9074): gamemode_isgaming set to 0
12-09 12:27:39.985 I/GameModeConfig( 1514): isGameModeOn = false
12-09 12:27:39.985 I/GameModeConfig( 1514): isGameModeOn = false
12-09 12:27:39.985 I/GameModeConfig( 1514): isDisableVoice = true
12-09 12:27:39.987 D/GameMode_GameModeService( 9074): updateGlobalSettings = gamemode_isgaming
12-09 12:27:39.999 D/AccountManagerService( 1514): bind attempt failed for Session: expectLaunch true, connected false, stats (0/0/0), lifetime 0.0, addAccount, accountType com.google, requiredFeatures null
12-09 12:27:40.004 W/WindowManager( 1514): updateScale0.7996942
12-09 12:27:40.017 W/WindowManager( 1514): updateScale0.7996942
12-09 12:27:40.019 D/FreeWindowHelper( 2834): enterOrExitRecentTasks: isEnterRecentTasks=false,mExitFlag=1
12-09 12:27:40.019 W/FreeFormWindowHelper( 1514): exitRecentTasks type=1
12-09 12:27:40.019 W/WindowManager( 1514): updateScale0.7996942
12-09 12:27:40.020 W/WindowManager( 1514): updateScale0.7996942
12-09 12:27:40.021 I/EventSequenceValidator( 1514): Transition from ACTIVITY_LAUNCHED to ACTIVITY_FINISHED
12-09 12:27:40.023 E/PagedView( 2834): validateNewPage: failed to find a page < mMaxScrollX
12-09 12:27:40.024 I/ActivityTaskManager( 1514): Displayed com.android.calendar/.AllInOneActivity: +83ms
12-09 12:27:40.097 I/OMX-VENC: venc_dev( 1203): stats: avg. fps 36.87, bitrate 1085339
12-09 12:27:40.304 W/WindowManager( 1514): updateScale0.7996942
12-09 12:27:40.428 E/PagedView( 2834): validateNewPage: failed to find a page < mMaxScrollX
12-09 12:27:40.474 I/OMX-VENC: venc_dev( 1203): stats: avg. fps 49.14, bitrate 4970149
12-09 12:27:40.591 W/swapper/3( 0): type=1400 audit(0.0:8158): avc: denied { kill } for capability=5 scontext=u:r:kernel:s0 tcontext=u:r:kernel:s0 tclass=capability permissive=0
12-09 12:27:40.761 I/mpu_uart( 649): [MSG-P:RECV]:No message received in 1000 ms
12-09 12:27:41.101 I/OMX-VENC: venc_dev( 1203): stats: avg. fps 25.91, bitrate 899650
12-09 12:27:41.455 I/mpu_uart( 649): [MSG-P:R]:recv sync frame timeout
12-09 12:27:41.600 I/OMX-VENC: venc_dev( 1203): stats: avg. fps 4.44, bitrate 365193
12-09 12:27:41.761 I/mpu_uart( 649): [MSG-P:RECV]:No message received in 1000 ms
12-09 12:27:42.101 I/OMX-VENC: venc_dev( 1203): stats: avg. fps 10.00, bitrate 65137
12-09 12:27:42.591 W/swapper/3( 0): type=1400 audit(0.0:8159): avc: denied { kill } for capability=5 scontext=u:r:kernel:s0 tcontext=u:r:kernel:s0 tclass=capability permissive=0
12-09 12:27:42.605 I/OMX-VENC: venc_dev( 1203): stats: avg. fps 1.00, bitrate 54347
12-09 12:27:42.761 I/mpu_uart( 649): [MSG-P:RECV]:No message received in 1000 ms
