12-09 12:32:24.567 I/GameMode_ActivityMonitoringService( 9074): Updating top task to: TaskInfoContainer [topActivity=ComponentInfo{com.android.launcher3/com.android.launcher3.uioverrides.QuickstepLauncher}, taskId=10, stackId=1, userId=0, displayId=0, position=6
12-09 12:32:24.568 I/GameMode_ActivityMonitoringService( 9074): Notifying about top task: TaskInfoContainer [topActivity=ComponentInfo{com.android.launcher3/com.android.launcher3.uioverrides.QuickstepLauncher}, taskId=10, stackId=1, userId=0, displayId=0, position=6
12-09 12:32:24.568 E/GameMode_ActivityMonitoringService( 9074): onActivityLaunch:com.android.launcher3
12-09 12:32:24.568 V/GameMode_GameTypeUtils( 9074): judge isGame:com.android.launcher3
12-09 12:32:24.568 V/GameMode_GpuUtils( 9074): fps:60
12-09 12:32:24.573 D/GameMode_GameModeActionUtils( 9074): Show GameMode entry by service!
12-09 12:32:24.573 W/ContextImpl( 9074): Calling a method in the system process without a qualified user: android.app.ContextImpl.startService:1816 android.content.ContextWrapper.startService:774 com.thundercomm.gamemode.ingame.services.GameModeActionUtils.startGameModeService:99 com.thundercomm.gamemode.ingame.services.GameModeActionUtils.startGameModeEntry:22 com.thundercomm.gamemode.ingame.services.ActivityMonitoringService$1.onActivityLaunch:127
12-09 12:32:24.575 D/GameModeIF_GameModeSettings( 9074): getUriFor setting_content_uri_root = content://com.thundercomm.gamemode.api/gamemode_settings , name = gamemode_isgaming
12-09 12:32:24.576 D/GameMode_GameModeService( 9074): type=hide_entry
12-09 12:32:24.577 I/GameModeConfig( 1514): Current uri is uri = content://com.thundercomm.gamemode.api/gamemode_settings/gamemode_isgaming
12-09 12:32:24.577 D/GameModeIF_GameModeSettings( 1514): getUriFor setting_content_uri_root = content://com.thundercomm.gamemode.api/gamemode_settings , name = gamemode_isgaming
12-09 12:32:24.577 D/GameModeIF_GameModeSettings( 9074): gamemode_isgaming set to 0
12-09 12:32:24.578 D/GameMode_GameSettingsObserver( 9074): Game Data change!!!! uri = content://com.thundercomm.gamemode.api/gamemode_settings/gamemode_isgaming
12-09 12:32:24.579 D/GameModeIF_GameModeSettings( 9074): getUriFor setting_content_uri_root = content://com.thundercomm.gamemode.api/gamemode_settings , name = gamemode_isgaming
12-09 12:32:24.579 I/GameModeConfig( 1514): isGameModeOn = false
12-09 12:32:24.579 I/GameModeConfig( 1514): isGameModeOn = false
12-09 12:32:24.579 I/GameModeConfig( 1514): isDisableVoice = true
12-09 12:32:24.580 D/GameMode_GameModeService( 9074): updateGlobalSettings = gamemode_isgaming
12-09 12:32:24.580 W/QueryController(18567): Could not detect idle state.
12-09 12:32:24.583 W/QueryController(18567): Could not detect idle state.
12-09 12:32:24.596 W/QueryController(18567): Could not detect idle state.
12-09 12:32:24.597 W/QueryController(18567): Could not detect idle state.
12-09 12:32:24.598 W/QueryController(18567): Could not detect idle state.
12-09 12:32:24.612 W/QueryController(18567): Could not detect idle state.
12-09 12:32:24.614 W/QueryController(18567): Could not detect idle state.
12-09 12:32:24.614 W/QueryController(18567): Could not detect idle state.
12-09 12:32:24.616 W/QueryController(18567): Could not detect idle state.
12-09 12:32:24.620 I/OMX-VENC: venc_dev( 1203): stats: avg. fps 15.83, bitrate 325303
12-09 12:32:24.628 W/QueryController(18567): Could not detect idle state.
12-09 12:32:24.633 W/QueryController(18567): Could not detect idle state.
12-09 12:32:24.648 W/QueryController(18567): Could not detect idle state.
12-09 12:32:24.666 W/QueryController(18567): Could not detect idle state.
12-09 12:32:24.685 W/System ( 1514): A resource failed to call close.
12-09 12:32:24.685 W/System ( 1514): A resource failed to call close.
12-09 12:32:24.686 I/OpenGLRenderer( 2834): Davey! duration=9223346077128ms; Flags=0, FrameTimelineVsyncId=414065, IntendedVsync=25959726209714, Vsync=25959726209714, InputEventId=0, HandleInputStart=25959726593428, AnimationStart=25959726596188, PerformTraversalsStart=25959740566396, DrawStart=25959740951136, FrameDeadline=25959759543046, FrameInterval=25959726588844, FrameStartTime=16666666, SyncQueued=25959741087282, SyncStart=25959741144001, IssueDrawCommandsStart=25959741343376, SwapBuffers=25959741985198, FrameCompleted=9223372036854775807, DequeueBufferDuration=13333, QueueBufferDuration=352083, GpuCompleted=9223372036854775807, SwapBuffersCompleted=25959742647751, DisplayPresentTime=0,
12-09 12:32:24.687 W/QueryController(18567): Could not detect idle state.
12-09 12:32:24.687 W/System ( 1514): A resource failed to call close.
12-09 12:32:24.687 W/System ( 1514): A resource failed to call close.
12-09 12:32:24.697 W/QueryController(18567): Could not detect idle state.
12-09 12:32:24.705 I/OpenGLRenderer( 2834): Davey! duration=9223346077111ms; Flags=0, FrameTimelineVsyncId=414068, IntendedVsync=25959742908892, Vsync=25959742908892, InputEventId=0, HandleInputStart=25959743409938, AnimationStart=25959743410876, PerformTraversalsStart=25959761876136, DrawStart=25959762333167, FrameDeadline=25959776242224, FrameInterval=25959743407282, FrameStartTime=16666666, SyncQueued=25959762493376, SyncStart=25959762567803, IssueDrawCommandsStart=25959762827698, SwapBuffers=25959763547178, FrameCompleted=9223372036854775807, DequeueBufferDuration=15833, QueueBufferDuration=455104, GpuCompleted=9223372036854775807, SwapBuffersCompleted=25959764193792, DisplayPresentTime=0,
12-09 12:32:24.712 W/QueryController(18567): Could not detect idle state.
12-09 12:32:24.713 W/QueryController(18567): Could not detect idle state.
12-09 12:32:24.749 D/FreeFormWindowHelper( 1514): Remove freefrom task=Task{17a1d56 #180 type=standard A=10069:android.task.calendar U=0 visible=false mode=freeform translucent=true sz=0}
12-09 12:32:24.781 D/UIAutomatorStub(18567): URI: /jsonrpc/0, Method: POST, params, {NanoHttpd.QUERY_STRING=null}, files: {postData={"jsonrpc": "2.0", "id": "7a0db2c8f1c10072c7689c71266a914b", "method": "click", "params": [206.0, 405.0]}}
12-09 12:32:24.868 I/mpu_uart( 649): [MSG-P:RECV]:No message received in 1000 ms
12-09 12:32:24.911 D/FreeWindowHelper( 2834): setExitFlag: old=0,new=1
12-09 12:32:24.912 I/ActivityTaskManager( 1514): START u0 {flg=0x10008000 cmp=com.android.calendar/.AllInOneActivity} from uid 10075
12-09 12:32:24.912 I/EventSequenceValidator( 1514): Transition from ACTIVITY_FINISHED to INTENT_STARTED
12-09 12:32:24.914 E/ANDR-PERF-JNI( 1514): com_qualcomm_qtiperformance_native_perf_io_prefetch_start
12-09 12:32:24.915 W/ActivityTaskManager( 1514): Can't find TaskDisplayArea to determine support for multi window. Task id=181 attached=false
12-09 12:32:24.916 D/FreeFormWindowHelper( 1514): Add freeform task=Task{72ffbf9 #181 type=standard ?? U=0 visible=false mode=freeform translucent=true sz=0}
12-09 12:32:24.918 E/ANDR-IOP( 865): io prefetch is disabled
12-09 12:32:24.921 D/CompatibilityInfo( 1514): mCompatibilityFlags - 4
12-09 12:32:24.921 D/CompatibilityInfo( 1514): applicationDensity - 240
12-09 12:32:24.921 D/CompatibilityInfo( 1514): applicationScale - 1.0
12-09 12:32:24.921 I/ActivityTaskManager( 1514): FOREGROUND_APPLICATION_CHANGED to com.android.calendar.AllInOneActivity
12-09 12:32:24.921 I/ActivityTaskManager( 1514): The Process com.android.calendar Already Exists in BG. So sending its PID: 19196
12-09 12:32:24.922 W/ActivityTaskManager( 1514): Tried to set launchTime (0) < mLastActivityLaunchTime (25949911)
12-09 12:32:24.923 D/CompatibilityInfo( 1514): mCompatibilityFlags - 4
12-09 12:32:24.923 D/CompatibilityInfo( 1514): applicationDensity - 240
12-09 12:32:24.923 D/CompatibilityInfo( 1514): applicationScale - 1.0
12-09 12:32:24.928 D/StateManager( 2834): goToState: Normal
12-09 12:32:24.929 D/EditModeHelper( 2834): setHotseatVisibility: 0
12-09 12:32:24.932 I/GameMode_ActivityMonitoringService( 9074): onForegroundActivitiesChanged uid 10069 pid 19196 fg true
12-09 12:32:24.936 I/GameMode_ActivityMonitoringService( 9074): Updating top task to: TaskInfoContainer [topActivity=ComponentInfo{com.android.calendar/com.android.calendar.AllInOneActivity}, taskId=181, stackId=181, userId=0, displayId=0, position=6
12-09 12:32:24.936 I/GameMode_ActivityMonitoringService( 9074): Notifying about top task: TaskInfoContainer [topActivity=ComponentInfo{com.android.calendar/com.android.calendar.AllInOneActivity}, taskId=181, stackId=181, userId=0, displayId=0, position=6
12-09 12:32:24.936 E/GameMode_ActivityMonitoringService( 9074): onActivityLaunch:com.android.calendar
12-09 12:32:24.936 V/GameMode_GameTypeUtils( 9074): judge isGame:com.android.calendar
12-09 12:32:24.936 V/GameMode_GpuUtils( 9074): fps:60
12-09 12:32:24.937 D/GameMode_GameModeActionUtils( 9074): Show GameMode entry by service!
12-09 12:32:24.938 W/ContextImpl( 9074): Calling a method in the system process without a qualified user: android.app.ContextImpl.startService:1816 android.content.ContextWrapper.startService:774 com.thundercomm.gamemode.ingame.services.GameModeActionUtils.startGameModeService:99 com.thundercomm.gamemode.ingame.services.GameModeActionUtils.startGameModeEntry:22 com.thundercomm.gamemode.ingame.services.ActivityMonitoringService$1.onActivityLaunch:127
12-09 12:32:24.939 D/GameMode_GameModeService( 9074): type=hide_entry
12-09 12:32:24.940 D/GameModeIF_GameModeSettings( 9074): getUriFor setting_content_uri_root = content://com.thundercomm.gamemode.api/gamemode_settings , name = gamemode_isgaming
12-09 12:32:24.942 I/GameModeConfig( 1514): Current uri is uri = content://com.thundercomm.gamemode.api/gamemode_settings/gamemode_isgaming
12-09 12:32:24.942 D/GameModeIF_GameModeSettings( 1514): getUriFor setting_content_uri_root = content://com.thundercomm.gamemode.api/gamemode_settings , name = gamemode_isgaming
12-09 12:32:24.942 D/GameModeIF_GameModeSettings( 9074): gamemode_isgaming set to 0
12-09 12:32:24.943 D/GameMode_GameSettingsObserver( 9074): Game Data change!!!! uri = content://com.thundercomm.gamemode.api/gamemode_settings/gamemode_isgaming
12-09 12:32:24.943 I/EventSequenceValidator( 1514): Transition from INTENT_STARTED to ACTIVITY_LAUNCHED
12-09 12:32:24.944 D/GameModeIF_GameModeSettings( 9074): getUriFor setting_content_uri_root = content://com.thundercomm.gamemode.api/gamemode_settings , name = gamemode_isgaming
12-09 12:32:24.946 I/GameModeConfig( 1514): isGameModeOn = false
12-09 12:32:24.947 I/GameModeConfig( 1514): isGameModeOn = false
12-09 12:32:24.947 I/GameModeConfig( 1514): isDisableVoice = true
12-09 12:32:24.948 D/GameMode_GameModeService( 9074): updateGlobalSettings = gamemode_isgaming
12-09 12:32:24.949 D/FreeWindowHelper( 2834): enterOrExitRecentTasks: isEnterRecentTasks=false,mExitFlag=1
12-09 12:32:24.949 W/FreeFormWindowHelper( 1514): exitRecentTasks type=1
12-09 12:32:24.950 E/PagedView( 2834): validateNewPage: failed to find a page < mMaxScrollX
12-09 12:32:24.953 D/AccountManagerService( 1514): bind attempt failed for Session: expectLaunch true, connected false, stats (0/0/0), lifetime 0.0, addAccount, accountType com.google, requiredFeatures null
12-09 12:32:24.958 W/WindowManager( 1514): updateScale0.7996942
12-09 12:32:24.970 W/WindowManager( 1514): updateScale0.7996942
12-09 12:32:24.972 W/WindowManager( 1514): updateScale0.7996942
12-09 12:32:24.973 W/WindowManager( 1514): updateScale0.7996942
12-09 12:32:24.974 I/EventSequenceValidator( 1514): Transition from ACTIVITY_LAUNCHED to ACTIVITY_FINISHED
12-09 12:32:24.976 I/ActivityTaskManager( 1514): Displayed com.android.calendar/.AllInOneActivity: +59ms
12-09 12:32:25.254 W/WindowManager( 1514): updateScale0.7996942
12-09 12:32:25.326 I/OMX-VENC: venc_dev( 1203): stats: avg. fps 45.38, bitrate 4846275
12-09 12:32:25.381 E/PagedView( 2834): validateNewPage: failed to find a page < mMaxScrollX
12-09 12:32:25.591 W/swapper/1( 0): type=1400 audit(0.0:8408): avc: denied { kill } for capability=5 scontext=u:r:kernel:s0 tcontext=u:r:kernel:s0 tclass=capability permissive=0
12-09 12:32:25.682 I/OMX-VENC: venc_dev( 1203): stats: avg. fps 40.51, bitrate 1557851
12-09 12:32:25.863 D/NetworkMonitor/104( 2515): isDataStall: result=1, tcp packets received=0, latest tcp fail rate=-1, consecutive dns timeout count=232
12-09 12:32:25.863 D/ConnectivityService( 1514): Data stall detected with methods: 1
12-09 12:32:25.864 D/NetworkMonitor/104( 2515): Suspecting data stall, reevaluate
12-09 12:32:25.867 D/NetworkMonitor/104( 2515): Validation disabled.
12-09 12:32:25.868 I/mpu_uart( 649): [MSG-P:RECV]:No message received in 1000 ms
12-09 12:32:25.872 D/ConnectivityService( 1514): [104 WIFI] validation passed
12-09 12:32:26.591 W/swapper/1( 0): type=1400 audit(0.0:8409): avc: denied { kill } for capability=5 scontext=u:r:kernel:s0 tcontext=u:r:kernel:s0 tclass=capability permissive=0
12-09 12:32:26.706 I/mpu_uart( 649): [MSG-P:R]:recv sync frame timeout
12-09 12:32:26.720 I/OMX-VENC: venc_dev( 1203): stats: avg. fps 10.59, bitrate 72704
12-09 12:32:26.868 I/mpu_uart( 649): [MSG-P:RECV]:No message received in 1000 ms
12-09 12:32:27.321 I/OMX-VENC: venc_dev( 1203): stats: avg. fps 4.51, bitrate 439986
12-09 12:32:27.591 W/swapper/1( 0): type=1400 audit(0.0:8410): avc: denied { kill } for capability=5 scontext=u:r:kernel:s0 tcontext=u:r:kernel:s0 tclass=capability permissive=0
12-09 12:32:27.821 I/OMX-VENC: venc_dev( 1203): stats: avg. fps 10.00, bitrate 58987
12-09 12:32:27.868 I/mpu_uart( 649): [MSG-P:RECV]:No message received in 1000 ms
12-09 12:32:28.322 I/OMX-VENC: venc_dev( 1203): stats: avg. fps 1.00, bitrate 114377
12-09 12:32:28.591 W/swapper/1( 0): type=1400 audit(0.0:8411): avc: denied { kill } for capability=5 scontext=u:r:kernel:s0 tcontext=u:r:kernel:s0 tclass=capability permissive=0
12-09 12:32:28.765 E/TaskPersister( 1514): File error accessing recents directory (directory doesn't exist?).
12-09 12:32:28.823 I/OMX-VENC: venc_dev( 1203): stats: avg. fps 9.98, bitrate 58758
12-09 12:32:28.869 I/mpu_uart( 649): [MSG-P:RECV]:No message received in 1000 ms
12-09 12:32:29.325 I/OMX-VENC: venc_dev( 1203): stats: avg. fps 1.00, bitrate 67529
12-09 12:32:29.591 W/swapper/1( 0): type=1400 audit(0.0:8412): avc: denied { kill } for capability=5 scontext=u:r:kernel:s0 tcontext=u:r:kernel:s0 tclass=capability permissive=0
12-09 12:32:29.710 I/mpu_uart( 649): [MSG-P:R]:recv sync frame timeout
12-09 12:32:29.826 I/OMX-VENC: venc_dev( 1203): stats: avg. fps 9.97, bitrate 58679
12-09 12:32:29.869 I/mpu_uart( 649): [MSG-P:RECV]:No message received in 1000 ms
12-09 12:32:30.329 I/OMX-VENC: venc_dev( 1203): stats: avg. fps 1.99, bitrate 84635
12-09 12:32:30.591 W/swapper/1( 0): type=1400 audit(0.0:8413): avc: denied { kill } for capability=5 scontext=u:r:kernel:s0 tcontext=u:r:kernel:s0 tclass=capability permissive=0
12-09 12:32:30.830 I/OMX-VENC: venc_dev( 1203): stats: avg. fps 10.95, bitrate 64492
12-09 12:32:30.869 I/mpu_uart( 649): [MSG-P:RECV]:No message received in 1000 ms
12-09 12:32:31.031 D/UIAutomatorStub(18567): URI: /jsonrpc/0, Method: POST, params, {NanoHttpd.QUERY_STRING=null}, files: {postData={"jsonrpc": "2.0", "id": "2b1cf0bd83daf54410ce0253d7988b8c", "method": "waitForExists", "params": [{"mask": 2097152, "childOrSibling": [], "childOrSiblingSelector": [], "resourceId": "android:id/move_window"}, 3000]}}
12-09 12:32:31.036 W/QueryController(18567): Could not detect idle state.
12-09 12:32:31.119 D/UIAutomatorStub(18567): URI: /jsonrpc/0, Method: POST, params, {NanoHttpd.QUERY_STRING=null}, files: {postData={"jsonrpc": "2.0", "id": "c50e557b1ebfc163af4903f24c35e6be", "method": "objInfo", "params": [{"mask": 2097152, "childOrSibling": [], "childOrSiblingSelector": [], "resourceId": "android:id/move_window"}]}}
12-09 12:32:31.121 W/QueryController(18567): Could not detect idle state.
12-09 12:32:31.143 W/QueryController(18567): Could not detect idle state.
12-09 12:32:31.145 W/QueryController(18567): Could not detect idle state.
12-09 12:32:31.147 W/QueryController(18567): Could not detect idle state.
12-09 12:32:31.148 W/QueryController(18567): Could not detect idle state.
12-09 12:32:31.149 W/QueryController(18567): Could not detect idle state.
12-09 12:32:31.150 W/QueryController(18567): Could not detect idle state.
12-09 12:32:31.151 W/QueryController(18567): Could not detect idle state.
12-09 12:32:31.152 W/QueryController(18567): Could not detect idle state.
12-09 12:32:31.153 W/QueryController(18567): Could not detect idle state.
12-09 12:32:31.154 W/QueryController(18567): Could not detect idle state.
12-09 12:32:31.155 W/QueryController(18567): Could not detect idle state.
12-09 12:32:31.157 W/QueryController(18567): Could not detect idle state.
12-09 12:32:31.157 W/QueryController(18567): Could not detect idle state.
12-09 12:32:31.159 W/QueryController(18567): Could not detect idle state.
12-09 12:32:31.160 W/QueryController(18567): Could not detect idle state.
12-09 12:32:31.161 W/QueryController(18567): Could not detect idle state.
12-09 12:32:31.162 W/QueryController(18567): Could not detect idle state.
12-09 12:32:31.194 W/System (18567): A resource failed to call end.
12-09 12:32:31.194 W/System (18567): A resource failed to call end.
12-09 12:32:31.194 W/System (18567): A resource failed to call end.
12-09 12:32:31.195 W/System (18567): A resource failed to call end.
12-09 12:32:31.195 W/System (18567): A resource failed to call end.
12-09 12:32:31.195 W/System (18567): A resource failed to call end.
12-09 12:32:31.195 W/System (18567): A resource failed to call end.
12-09 12:32:31.195 W/System (18567): A resource failed to call end.
12-09 12:32:31.195 W/System (18567): A resource failed to call end.
12-09 12:32:31.195 W/System (18567): A resource failed to call end.
12-09 12:32:31.195 W/System (18567): A resource failed to call end.
12-09 12:32:31.216 D/UIAutomatorStub(18567): URI: /jsonrpc/0, Method: POST, params, {NanoHttpd.QUERY_STRING=null}, files: {postData={"jsonrpc": "2.0", "id": "32025f4679433caec391f3d4050a624b", "method": "click", "params": [261.5, 99.0]}}
12-09 12:32:31.346 I/OMX-VENC: venc_dev( 1203): stats: avg. fps 4.92, bitrate 220795
12-09 12:32:31.591 W/swapper/1( 0): type=1400 audit(0.0:8414): avc: denied { kill } for capability=5 scontext=u:r:kernel:s0 tcontext=u:r:kernel:s0 tclass=capability permissive=0
12-09 12:32:31.858 I/OMX-VENC: venc_dev( 1203): stats: avg. fps 19.46, bitrate 113939
12-09 12:32:31.869 I/mpu_uart( 649): [MSG-P:RECV]:No message received in 1000 ms
12-09 12:32:32.431 D/UIAutomatorStub(18567): URI: /jsonrpc/0, Method: POST, params, {NanoHttpd.QUERY_STRING=null}, files: {postData={"jsonrpc": "2.0", "id": "12b17d0889917249690a7f826da408cc", "method": "exist", "params": [{"mask": 2097152, "childOrSibling": [], "childOrSiblingSelector": [], "resourceId": "android:id/caption"}]}}
12-09 12:32:32.436 W/QueryController(18567): Could not detect idle state.
12-09 12:32:32.591 W/swapper/1( 0): type=1400 audit(0.0:8415): avc: denied { kill } for capability=5 scontext=u:r:kernel:s0 tcontext=u:r:kernel:s0 tclass=capability permissive=0
12-09 12:32:32.713 I/mpu_uart( 649): [MSG-P:R]:recv sync frame timeout
12-09 12:32:32.870 I/mpu_uart( 649): [MSG-P:RECV]:No message received in 1000 ms
12-09 12:32:32.941 I/OMX-VENC: venc_dev( 1203): stats: avg. fps 10.16, bitrate 59600
12-09 12:32:33.020 I/OMX-VENC: venc_dev( 1203): stats: avg. fps 5.97, bitrate 539987
12-09 12:32:33.591 W/swapper/1( 0): type=1400 audit(0.0:8416): avc: denied { kill } for capability=5 scontext=u:r:kernel:s0 tcontext=u:r:kernel:s0 tclass=capability permissive=0
12-09 12:32:33.870 I/mpu_uart( 649): [MSG-P:RECV]:No message received in 1000 ms
12-09 12:32:34.031 I/OMX-VENC: venc_dev( 1203): stats: avg. fps 11.01, bitrate 64818
12-09 12:32:34.339 I/OMX-VENC: venc_dev( 1203): stats: avg. fps 1.52, bitrate 66148
12-09 12:32:34.532 D/NetworkMonitor/104( 2515): isDataStall: result=1, tcp packets received=0, latest tcp fail rate=-1, consecutive dns timeout count=233
12-09 12:32:34.532 D/NetworkMonitor/104( 2515): Suspecting data stall, reevaluate
12-09 12:32:34.533 D/ConnectivityService( 1514): Data stall detected with methods: 1
12-09 12:32:34.535 D/NetworkMonitor/104( 2515): Validation disabled.
12-09 12:32:34.538 D/ConnectivityService( 1514): [104 WIFI] validation passed
12-09 12:32:34.539 D/ProcessState(19817): Binder ioctl to enable oneway spam detection failed: Invalid argument
12-09 12:32:34.543 D/StateManager( 2834): goToState: Overview
12-09 12:32:34.544 D/EditModeHelper( 2834): setHotseatVisibility: 0
12-09 12:32:34.547 V/ShadeControllerImpl( 2372): NotificationShadeWindow: com.android.systemui.statusbar.phone.NotificationShadeWindowView{7f4383b I.E...... ......ID 0,0-2380,1020} canPanelBeCollapsed(): false
12-09 12:32:34.554 D/UIAutomatorStub(18567): URI: /jsonrpc/0, Method: POST, params, {NanoHttpd.QUERY_STRING=null}, files: {postData={"jsonrpc": "2.0", "id": "f2bcbce77fd054a9acbb63b936587e3d", "method": "waitForExists", "params": [{"mask": 2097153, "childOrSibling": [], "childOrSiblingSelector": [], "resourceId": "com.android.launcher3:id/name_tv", "text": "\u65e5\u5386"}, 3000]}}
12-09 12:32:34.556 W/QueryController(18567): Could not detect idle state.
12-09 12:32:34.561 D/FreeWindowHelper( 2834): enterOrExitRecentTasks: isEnterRecentTasks=true,mExitFlag=1
12-09 12:32:34.567 D/ActivityTrigger( 1514): ActivityTrigger activityPauseTrigger
12-09 12:32:34.574 D/FreeWindowContainer( 2834): reloadTask: TaskInfo{userId=0 taskId=181 displayId=0 isRunning=false baseIntent=Intent { flg=0x10008000 cmp=com.android.calendar/.AllInOneActivity } baseActivity=null topActivity=null origActivity=null realActivity=ComponentInfo{com.android.calendar/com.android.calendar.AllInOneActivity} numActivities=0 lastActiveTime=25969645 supportsSplitScreenMultiWindow=true supportsMultiWindow=true resizeMode=1 isResizeable=true token=WCT{android.window.IWindowContainerToken$Stub$Proxy@1fd6290} topActivityType=1 pictureInPictureParams=null displayCutoutSafeInsets=null topActivityInfo=null launchCookies=[] positionInParent=Point(0, 72) parentTaskId=-1 isFocused=false isVisible=true topActivityInSizeCompat=false locusId= null}
12-09 12:32:34.579 I/ActivityTaskManager( 1514): FOREGROUND_APPLICATION_CHANGED to com.android.launcher3.uioverrides.QuickstepLauncher
12-09 12:32:34.595 W/UiDevice(18567): Skipping null root node for window: AccessibilityWindowInfo[title=日历, displayId=0, id=168, type=TYPE_APPLICATION, layer=1, region=SkRegion((0,72,418,814)), bounds=Rect(0, 72 - 418, 814), focused=true, active=true, pictureInPicture=false, hasParent=false, isAnchored=false, hasChildren=false]
12-09 12:32:34.600 I/GameMode_ActivityMonitoringService( 9074): onForegroundActivitiesChanged uid 10069 pid 19196 fg false
12-09 12:32:34.608 W/ActivityTaskManager( 1514): getTaskSnapshot: taskId=180 not found
12-09 12:32:34.609 W/ActivityTaskManager( 1514): getTaskSnapshot: taskId=5180 not found
12-09 12:32:34.611 I/GameMode_ActivityMonitoringService( 9074): Updating top task to: TaskInfoContainer [topActivity=ComponentInfo{com.android.launcher3/com.android.launcher3.uioverrides.QuickstepLauncher}, taskId=10, stackId=1, userId=0, displayId=0, position=6
12-09 12:32:34.611 I/GameMode_ActivityMonitoringService( 9074): Notifying about top task: TaskInfoContainer [topActivity=ComponentInfo{com.android.launcher3/com.android.launcher3.uioverrides.QuickstepLauncher}, taskId=10, stackId=1, userId=0, displayId=0, position=6
12-09 12:32:34.611 W/InputManager-JNI( 1514): Input channel object 'e49bd97 com.android.calendar/com.android.calendar.AllInOneActivity (client)' was disposed without first being removed with the input manager!
12-09 12:32:34.611 E/GameMode_ActivityMonitoringService( 9074): onActivityLaunch:com.android.launcher3
12-09 12:32:34.611 V/GameMode_GameTypeUtils( 9074): judge isGame:com.android.launcher3
12-09 12:32:34.611 V/GameMode_GpuUtils( 9074): fps:60
12-09 12:32:34.613 D/GameMode_GameModeActionUtils( 9074): Show GameMode entry by service!
12-09 12:32:34.613 W/ContextImpl( 9074): Calling a method in the system process without a qualified user: android.app.ContextImpl.startService:1816 android.content.ContextWrapper.startService:774 com.thundercomm.gamemode.ingame.services.GameModeActionUtils.startGameModeService:99 com.thundercomm.gamemode.ingame.services.GameModeActionUtils.startGameModeEntry:22 com.thundercomm.gamemode.ingame.services.ActivityMonitoringService$1.onActivityLaunch:127
12-09 12:32:34.621 D/GameMode_GameModeService( 9074): type=hide_entry
12-09 12:32:34.621 D/GameModeIF_GameModeSettings( 9074): getUriFor setting_content_uri_root = content://com.thundercomm.gamemode.api/gamemode_settings , name = gamemode_isgaming
12-09 12:32:34.621 W/ActivityTaskManager( 1514): getTaskSnapshot: taskId=4180 not found
12-09 12:32:34.626 I/GameModeConfig( 1514): Current uri is uri = content://com.thundercomm.gamemode.api/gamemode_settings/gamemode_isgaming
12-09 12:32:34.626 D/GameModeIF_GameModeSettings( 1514): getUriFor setting_content_uri_root = content://com.thundercomm.gamemode.api/gamemode_settings , name = gamemode_isgaming
12-09 12:32:34.627 D/GameMode_GameSettingsObserver( 9074): Game Data change!!!! uri = content://com.thundercomm.gamemode.api/gamemode_settings/gamemode_isgaming
12-09 12:32:34.627 D/GameModeIF_GameModeSettings( 9074): getUriFor setting_content_uri_root = content://com.thundercomm.gamemode.api/gamemode_settings , name = gamemode_isgaming
12-09 12:32:34.627 W/ActivityTaskManager( 1514): getTaskSnapshot: taskId=3180 not found
12-09 12:32:34.629 D/GameModeIF_GameModeSettings( 9074): gamemode_isgaming set to 0
12-09 12:32:34.630 I/GameModeConfig( 1514): isGameModeOn = false
12-09 12:32:34.630 I/GameModeConfig( 1514): isGameModeOn = false
12-09 12:32:34.630 I/GameModeConfig( 1514): isDisableVoice = true
12-09 12:32:34.634 D/GameMode_GameModeService( 9074): updateGlobalSettings = gamemode_isgaming
12-09 12:32:34.641 D/libEGL ( 1514): MSAA-->msaa:0 gamemode:0 4x_msaa:0
12-09 12:32:34.642 D/libEGL ( 1514): MSAA-->msaa:0 gamemode:0 4x_msaa:0
12-09 12:32:34.643 D/libEGL ( 1514): MSAA-->msaa:0 gamemode:0 4x_msaa:0
12-09 12:32:34.658 D/BaseIconFactory( 2834): normalizeAndWrapToAdaptiveIcon: scale=0.8095241
12-09 12:32:34.658 W/ActivityTaskManager( 1514): getTaskSnapshot: taskId=5181 not found
12-09 12:32:34.659 D/BaseIconFactory( 2834): normalizeAndWrapToAdaptiveIcon: scale=0.8095241
12-09 12:32:34.660 W/ActivityTaskManager( 1514): getTaskSnapshot: taskId=4181 not found
12-09 12:32:34.661 D/BaseIconFactory( 2834): normalizeAndWrapToAdaptiveIcon: scale=0.8095241
12-09 12:32:34.662 W/ActivityTaskManager( 1514): getTaskSnapshot: taskId=3181 not found
12-09 12:32:34.663 D/BaseIconFactory( 2834): normalizeAndWrapToAdaptiveIcon: scale=0.8095241
12-09 12:32:34.664 W/ActivityTaskManager( 1514): getTaskSnapshot: taskId=2181 not found
12-09 12:32:34.664 D/BaseIconFactory( 2834): normalizeAndWrapToAdaptiveIcon: scale=0.8095241
12-09 12:32:34.665 W/ActivityTaskManager( 1514): getTaskSnapshot: taskId=1181 not found
12-09 12:32:34.666 D/BaseIconFactory( 2834): normalizeAndWrapToAdaptiveIcon: scale=0.8095241
12-09 12:32:34.680 W/ActivityTaskManager( 1514): getTaskSnapshot: taskId=2181 not found
12-09 12:32:34.680 W/ActivityTaskManager( 1514): getTaskSnapshot: taskId=1181 not found
12-09 12:32:34.681 I/GameMode_ActivityMonitoringService( 9074): onTaskStackChanged
12-09 12:32:34.686 I/GameMode_ActivityMonitoringService( 9074): Updating top task to: TaskInfoContainer [topActivity=ComponentInfo{com.android.launcher3/com.android.launcher3.uioverrides.QuickstepLauncher}, taskId=10, stackId=1, userId=0, displayId=0, position=6
12-09 12:32:34.686 I/GameMode_ActivityMonitoringService( 9074): Notifying about top task: TaskInfoContainer [topActivity=ComponentInfo{com.android.launcher3/com.android.launcher3.uioverrides.QuickstepLauncher}, taskId=10, stackId=1, userId=0, displayId=0, position=6
12-09 12:32:34.686 E/GameMode_ActivityMonitoringService( 9074): onActivityLaunch:com.android.launcher3
12-09 12:32:34.686 V/GameMode_GameTypeUtils( 9074): judge isGame:com.android.launcher3
12-09 12:32:34.686 V/GameMode_GpuUtils( 9074): fps:60
12-09 12:32:34.691 D/GameMode_GameModeActionUtils( 9074): Show GameMode entry by service!
12-09 12:32:34.691 W/ContextImpl( 9074): Calling a method in the system process without a qualified user: android.app.ContextImpl.startService:1816 android.content.ContextWrapper.startService:774 com.thundercomm.gamemode.ingame.services.GameModeActionUtils.startGameModeService:99 com.thundercomm.gamemode.ingame.services.GameModeActionUtils.startGameModeEntry:22 com.thundercomm.gamemode.ingame.services.ActivityMonitoringService$1.onActivityLaunch:127
12-09 12:32:34.693 D/GameMode_GameModeService( 9074): type=hide_entry
12-09 12:32:34.693 D/GameModeIF_GameModeSettings( 9074): getUriFor setting_content_uri_root = content://com.thundercomm.gamemode.api/gamemode_settings , name = gamemode_isgaming
12-09 12:32:34.695 I/GameModeConfig( 1514): Current uri is uri = content://com.thundercomm.gamemode.api/gamemode_settings/gamemode_isgaming
12-09 12:32:34.695 D/GameModeIF_GameModeSettings( 1514): getUriFor setting_content_uri_root = content://com.thundercomm.gamemode.api/gamemode_settings , name = gamemode_isgaming
12-09 12:32:34.695 D/GameMode_GameSettingsObserver( 9074): Game Data change!!!! uri = content://com.thundercomm.gamemode.api/gamemode_settings/gamemode_isgaming
12-09 12:32:34.695 D/GameModeIF_GameModeSettings( 9074): getUriFor setting_content_uri_root = content://com.thundercomm.gamemode.api/gamemode_settings , name = gamemode_isgaming
12-09 12:32:34.695 D/GameModeIF_GameModeSettings( 9074): gamemode_isgaming set to 0
12-09 12:32:34.697 I/GameModeConfig( 1514): isGameModeOn = false
12-09 12:32:34.697 I/GameModeConfig( 1514): isGameModeOn = false
12-09 12:32:34.697 I/GameModeConfig( 1514): isDisableVoice = true
12-09 12:32:34.701 D/GameMode_GameModeService( 9074): updateGlobalSettings = gamemode_isgaming
12-09 12:32:34.726 D/UIAutomatorStub(18567): URI: /jsonrpc/0, Method: POST, params, {NanoHttpd.QUERY_STRING=null}, files: {postData={"jsonrpc": "2.0", "id": "0821b45f662ce64447c16d58e1e56fba", "method": "objInfo", "params": [{"mask": 2097153, "childOrSibling": [], "childOrSiblingSelector": [], "resourceId": "com.android.launcher3:id/name_tv", "text": "\u65e5\u5386"}]}}
12-09 12:32:34.728 W/QueryController(18567): Could not detect idle state.
12-09 12:32:34.788 W/System ( 1514): A resource failed to call close.
12-09 12:32:34.788 W/System ( 1514): A resource failed to call close.
12-09 12:32:34.789 W/System ( 1514): A resource failed to call close.
12-09 12:32:34.789 W/System ( 1514): A resource failed to call close.
12-09 12:32:34.790 W/System ( 1514): A resource failed to call close.
12-09 12:32:34.790 W/System ( 1514): A resource failed to call close.
12-09 12:32:34.790 W/System ( 1514): A resource failed to call close.
12-09 12:32:34.791 W/System ( 1514): A resource failed to call close.
12-09 12:32:34.808 I/OpenGLRenderer( 2834): Davey! duration=9223346067020ms; Flags=0, FrameTimelineVsyncId=414298, IntendedVsync=25969833818204, Vsync=25969833818204, InputEventId=0, HandleInputStart=25969843890143, AnimationStart=25969843891080, PerformTraversalsStart=25969864262747, DrawStart=25969864705924, FrameDeadline=25969867151536, FrameInterval=25969843887851, FrameStartTime=16666666, SyncQueued=25969864890768, SyncStart=25969865001184, IssueDrawCommandsStart=25969865201393, SwapBuffers=25969865842538, FrameCompleted=9223372036854775807, DequeueBufferDuration=13282, QueueBufferDuration=418125, GpuCompleted=9223372036854775807, SwapBuffersCompleted=25969866643528, DisplayPresentTime=0,
12-09 12:32:34.837 W/QueryController(18567): Could not detect idle state.
12-09 12:32:34.854 W/QueryController(18567): Could not detect idle state.
12-09 12:32:34.855 W/QueryController(18567): Could not detect idle state.
12-09 12:32:34.856 W/QueryController(18567): Could not detect idle state.
12-09 12:32:34.856 W/QueryController(18567): Could not detect idle state.
12-09 12:32:34.870 I/mpu_uart( 649): [MSG-P:RECV]:No message received in 1000 ms
12-09 12:32:34.873 W/QueryController(18567): Could not detect idle state.
12-09 12:32:34.873 D/FreeFormWindowHelper( 1514): Remove freefrom task=Task{72ffbf9 #181 type=standard A=10069:android.task.calendar U=0 visible=false mode=freeform translucent=true sz=0}
12-09 12:32:34.895 W/QueryController(18567): Could not detect idle state.
12-09 12:32:34.905 W/QueryController(18567): Could not detect idle state.
12-09 12:32:34.905 W/QueryController(18567): Could not detect idle state.
12-09 12:32:34.907 W/QueryController(18567): Could not detect idle state.
12-09 12:32:34.917 W/QueryController(18567): Could not detect idle state.
12-09 12:32:34.919 W/QueryController(18567): Could not detect idle state.
12-09 12:32:34.920 W/QueryController(18567): Could not detect idle state.
12-09 12:32:34.921 W/QueryController(18567): Could not detect idle state.
12-09 12:32:34.934 W/QueryController(18567): Could not detect idle state.
12-09 12:32:34.940 W/QueryController(18567): Could not detect idle state.
12-09 12:32:34.950 W/QueryController(18567): Could not detect idle state.
12-09 12:32:35.002 D/UIAutomatorStub(18567): URI: /jsonrpc/0, Method: POST, params, {NanoHttpd.QUERY_STRING=null}, files: {postData={"jsonrpc": "2.0", "id": "81b559d2819dd3e419b5503372d3eab1", "method": "click", "params": [206.0, 405.0]}}
12-09 12:32:35.115 D/FreeWindowHelper( 2834): setExitFlag: old=0,new=1
12-09 12:32:35.117 I/ActivityTaskManager( 1514): START u0 {flg=0x10008000 cmp=com.android.calendar/.AllInOneActivity} from uid 10075
12-09 12:32:35.117 I/EventSequenceValidator( 1514): Transition from ACTIVITY_FINISHED to INTENT_STARTED
12-09 12:32:35.121 E/ANDR-PERF-JNI( 1514): com_qualcomm_qtiperformance_native_perf_io_prefetch_start
12-09 12:32:35.123 W/ActivityTaskManager( 1514): Can't find TaskDisplayArea to determine support for multi window. Task id=182 attached=false
12-09 12:32:35.124 D/FreeFormWindowHelper( 1514): Add freeform task=Task{a2e3b68 #182 type=standard ?? U=0 visible=false mode=freeform translucent=true sz=0}
12-09 12:32:35.125 E/ANDR-IOP( 865): io prefetch is disabled
12-09 12:32:35.129 D/CompatibilityInfo( 1514): mCompatibilityFlags - 4
12-09 12:32:35.129 D/CompatibilityInfo( 1514): applicationDensity - 240
12-09 12:32:35.129 D/CompatibilityInfo( 1514): applicationScale - 1.0
12-09 12:32:35.129 I/ActivityTaskManager( 1514): FOREGROUND_APPLICATION_CHANGED to com.android.calendar.AllInOneActivity
12-09 12:32:35.130 I/ActivityTaskManager( 1514): The Process com.android.calendar Already Exists in BG. So sending its PID: 19196
12-09 12:32:35.130 W/ActivityTaskManager( 1514): Tried to set launchTime (0) < mLastActivityLaunchTime (25960001)
12-09 12:32:35.131 D/CompatibilityInfo( 1514): mCompatibilityFlags - 4
12-09 12:32:35.131 D/CompatibilityInfo( 1514): applicationDensity - 240
12-09 12:32:35.131 D/CompatibilityInfo( 1514): applicationScale - 1.0
12-09 12:32:35.136 I/OMX-VENC: venc_dev( 1203): stats: avg. fps 31.66, bitrate 825653
12-09 12:32:35.137 D/StateManager( 2834): goToState: Normal
12-09 12:32:35.137 D/EditModeHelper( 2834): setHotseatVisibility: 0
12-09 12:32:35.142 I/GameMode_ActivityMonitoringService( 9074): onForegroundActivitiesChanged uid 10069 pid 19196 fg true
12-09 12:32:35.146 I/EventSequenceValidator( 1514): Transition from INTENT_STARTED to ACTIVITY_LAUNCHED
12-09 12:32:35.147 I/GameMode_ActivityMonitoringService( 9074): Updating top task to: TaskInfoContainer [topActivity=ComponentInfo{com.android.calendar/com.android.calendar.AllInOneActivity}, taskId=182, stackId=182, userId=0, displayId=0, position=6
12-09 12:32:35.147 I/GameMode_ActivityMonitoringService( 9074): Notifying about top task: TaskInfoContainer [topActivity=ComponentInfo{com.android.calendar/com.android.calendar.AllInOneActivity}, taskId=182, stackId=182, userId=0, displayId=0, position=6
12-09 12:32:35.147 E/GameMode_ActivityMonitoringService( 9074): onActivityLaunch:com.android.calendar
12-09 12:32:35.147 V/GameMode_GameTypeUtils( 9074): judge isGame:com.android.calendar
12-09 12:32:35.147 V/GameMode_GpuUtils( 9074): fps:60
12-09 12:32:35.152 E/Process ( 1514): Error getting pid for '0'
12-09 12:32:35.158 D/GameMode_GameModeActionUtils( 9074): Show GameMode entry by service!
12-09 12:32:35.160 W/ContextImpl( 9074): Calling a method in the system process without a qualified user: android.app.ContextImpl.startService:1816 android.content.ContextWrapper.startService:774 com.thundercomm.gamemode.ingame.services.GameModeActionUtils.startGameModeService:99 com.thundercomm.gamemode.ingame.services.GameModeActionUtils.startGameModeEntry:22 com.thundercomm.gamemode.ingame.services.ActivityMonitoringService$1.onActivityLaunch:127
12-09 12:32:35.161 D/GameMode_GameModeService( 9074): type=hide_entry
12-09 12:32:35.161 D/GameModeIF_GameModeSettings( 9074): getUriFor setting_content_uri_root = content://com.thundercomm.gamemode.api/gamemode_settings , name = gamemode_isgaming
12-09 12:32:35.163 I/GameModeConfig( 1514): Current uri is uri = content://com.thundercomm.gamemode.api/gamemode_settings/gamemode_isgaming
12-09 12:32:35.163 D/GameModeIF_GameModeSettings( 1514): getUriFor setting_content_uri_root = content://com.thundercomm.gamemode.api/gamemode_settings , name = gamemode_isgaming
12-09 12:32:35.163 D/GameModeIF_GameModeSettings( 9074): gamemode_isgaming set to 0
12-09 12:32:35.164 D/GameMode_GameSettingsObserver( 9074): Game Data change!!!! uri = content://com.thundercomm.gamemode.api/gamemode_settings/gamemode_isgaming
12-09 12:32:35.164 D/GameModeIF_GameModeSettings( 9074): getUriFor setting_content_uri_root = content://com.thundercomm.gamemode.api/gamemode_settings , name = gamemode_isgaming
12-09 12:32:35.165 I/GameModeConfig( 1514): isGameModeOn = false
12-09 12:32:35.165 I/GameModeConfig( 1514): isGameModeOn = false
12-09 12:32:35.165 I/GameModeConfig( 1514): isDisableVoice = true
12-09 12:32:35.170 D/FreeWindowHelper( 2834): enterOrExitRecentTasks: isEnterRecentTasks=false,mExitFlag=1
12-09 12:32:35.170 W/FreeFormWindowHelper( 1514): exitRecentTasks type=1
12-09 12:32:35.171 D/GameMode_GameModeService( 9074): updateGlobalSettings = gamemode_isgaming
12-09 12:32:35.171 E/PagedView( 2834): validateNewPage: failed to find a page < mMaxScrollX
12-09 12:32:35.178 D/AccountManagerService( 1514): bind attempt failed for Session: expectLaunch true, connected false, stats (0/0/0), lifetime 0.0, addAccount, accountType com.google, requiredFeatures null
12-09 12:32:35.184 W/WindowManager( 1514): updateScale0.7996942
12-09 12:32:35.189 I/OpenGLRenderer( 2834): Davey! duration=9223346066636ms; Flags=0, FrameTimelineVsyncId=414343, IntendedVsync=25970218090961, Vsync=25970218090961, InputEventId=-997627805, HandleInputStart=25970219004830, AnimationStart=25970219006913, PerformTraversalsStart=25970219124205, DrawStart=25970219219830, FrameDeadline=25970251424293, FrameInterval=25970218999778, FrameStartTime=16666666, SyncQueued=25970245771028, SyncStart=25970245897903, IssueDrawCommandsStart=25970246505767, SwapBuffers=25970249273736, FrameCompleted=9223372036854775807, DequeueBufferDuration=39062, QueueBufferDuration=2800156, GpuCompleted=9223372036854775807, SwapBuffersCompleted=25970253466965, DisplayPresentTime=0,
12-09 12:32:35.200 W/WindowManager( 1514): updateScale0.7996942
12-09 12:32:35.203 W/WindowManager( 1514): updateScale0.7996942
12-09 12:32:35.204 W/WindowManager( 1514): updateScale0.7996942
12-09 12:32:35.206 I/EventSequenceValidator( 1514): Transition from ACTIVITY_LAUNCHED to ACTIVITY_FINISHED
12-09 12:32:35.206 I/ActivityTaskManager( 1514): Displayed com.android.calendar/.AllInOneActivity: +84ms
12-09 12:32:35.211 I/OpenGLRenderer( 2834): Davey! duration=9223346066618ms; Flags=0, FrameTimelineVsyncId=414345, IntendedVsync=25970234794246, Vsync=25970234794246, InputEventId=0, HandleInputStart=25970248524205, AnimationStart=25970248526184, PerformTraversalsStart=25970248664257, DrawStart=25970251208007, FrameDeadline=25970268127578, FrameInterval=25970248519049, FrameStartTime=16666666, SyncQueued=25970252405194, SyncStart=25970253585299, IssueDrawCommandsStart=25970254258059, SwapBuffers=25970261705611, FrameCompleted=9223372036854775807, DequeueBufferDuration=23854, QueueBufferDuration=439375, GpuCompleted=9223372036854775807, SwapBuffersCompleted=25970262719257, DisplayPresentTime=0,
12-09 12:32:35.358 I/OMX-VENC: venc_dev( 1203): stats: avg. fps 38.27, bitrate 3513608
12-09 12:32:35.480 W/WindowManager( 1514): updateScale0.7996942
12-09 12:32:35.574 E/PagedView( 2834): validateNewPage: failed to find a page < mMaxScrollX
12-09 12:32:35.591 W/kworker/u16:7(19788): type=1400 audit(0.0:8417): avc: denied { kill } for capability=5 scontext=u:r:kernel:s0 tcontext=u:r:kernel:s0 tclass=capability permissive=0
12-09 12:32:35.716 I/mpu_uart( 649): [MSG-P:R]:recv sync frame timeout
12-09 12:32:35.870 I/mpu_uart( 649): [MSG-P:RECV]:No message received in 1000 ms
12-09 12:32:36.206 I/OMX-VENC: venc_dev( 1203): stats: avg. fps 29.92, bitrate 979231
12-09 12:32:36.591 I/CNSS ( 1175): cnss_open_log_file: directory /data/vendor/wifi/wlan_logs/ created
12-09 12:32:36.591 W/swapper/1( 0): type=1400 audit(0.0:8418): avc: denied { kill } for capability=5 scontext=u:r:kernel:s0 tcontext=u:r:kernel:s0 tclass=capability permissive=0
12-09 12:32:36.871 I/mpu_uart( 649): [MSG-P:RECV]:No message received in 1000 ms
12-09 12:32:37.232 I/OMX-VENC: venc_dev( 1203): stats: avg. fps 10.72, bitrate 88348
12-09 12:32:37.346 I/OMX-VENC: venc_dev( 1203): stats: avg. fps 9.06, bitrate 912780
12-09 12:32:37.591 W/swapper/1( 0): type=1400 audit(0.0:8419): avc: denied { kill } for capability=5 scontext=u:r:kernel:s0 tcontext=u:r:kernel:s0 tclass=capability permissive=0
12-09 12:32:37.871 I/mpu_uart( 649): [MSG-P:RECV]:No message received in 1000 ms
12-09 12:32:38.250 I/OMX-VENC: venc_dev( 1203): stats: avg. fps 10.80, bitrate 88382
12-09 12:32:38.347 I/OMX-VENC: venc_dev( 1203): stats: avg. fps 1.00, bitrate 63271
12-09 12:32:38.591 W/swapper/1( 0): type=1400 audit(0.0:8420): avc: denied { kill } for capability=5 scontext=u:r:kernel:s0 tcontext=u:r:kernel:s0 tclass=capability permissive=0
12-09 12:32:38.720 I/mpu_uart( 649): [MSG-P:R]:recv sync frame timeout
12-09 12:32:38.871 I/mpu_uart( 649): [MSG-P:RECV]:No message received in 1000 ms
12-09 12:32:38.885 E/TaskPersister( 1514): File error accessing recents directory (directory doesn't exist?).
12-09 12:32:39.343 I/OMX-VENC: venc_dev( 1203): stats: avg. fps 10.06, bitrate 82435
12-09 12:32:39.350 I/OMX-VENC: venc_dev( 1203): stats: avg. fps 1.00, bitrate 42002
12-09 12:32:39.591 W/swapper/1( 0): type=1400 audit(0.0:8421): avc: denied { kill } for capability=5 scontext=u:r:kernel:s0 tcontext=u:r:kernel:s0 tclass=capability permissive=0
12-09 12:32:39.871 I/mpu_uart( 649): [MSG-P:RECV]:No message received in 1000 ms
12-09 12:32:40.347 I/OMX-VENC: venc_dev( 1203): stats: avg. fps 10.95, bitrate 90377
12-09 12:32:40.352 I/OMX-VENC: venc_dev( 1203): stats: avg. fps 1.00, bitrate 38044
12-09 12:32:40.591 W/swapper/1( 0): type=1400 audit(0.0:8422): avc: denied { kill } for capability=5 scontext=u:r:kernel:s0 tcontext=u:r:kernel:s0 tclass=capability permissive=0
12-09 12:32:40.872 I/mpu_uart( 649): [MSG-P:RECV]:No message received in 1000 ms
12-09 12:32:41.217 D/UIAutomatorStub(18567): URI: /jsonrpc/0, Method: POST, params, {NanoHttpd.QUERY_STRING=null}, files: {postData={"jsonrpc": "2.0", "id": "7cd610dcddd302d1b572373b7a14f735", "method": "waitForExists", "params": [{"mask": 2097152, "childOrSibling": [], "childOrSiblingSelector": [], "resourceId": "android:id/move_window"}, 3000]}}
12-09 12:32:41.221 W/QueryController(18567): Could not detect idle state.
12-09 12:32:41.303 D/UIAutomatorStub(18567): URI: /jsonrpc/0, Method: POST, params, {NanoHttpd.QUERY_STRING=null}, files: {postData={"jsonrpc": "2.0", "id": "b0543ba434a64cf0658b9054a23d82e5", "method": "objInfo", "params": [{"mask": 2097152, "childOrSibling": [], "childOrSiblingSelector": [], "resourceId": "android:id/move_window"}]}}
12-09 12:32:41.306 W/QueryController(18567): Could not detect idle state.
12-09 12:32:41.323 W/QueryController(18567): Could not detect idle state.
12-09 12:32:41.326 W/QueryController(18567): Could not detect idle state.
12-09 12:32:41.327 W/QueryController(18567): Could not detect idle state.
12-09 12:32:41.329 W/QueryController(18567): Could not detect idle state.
12-09 12:32:41.331 W/QueryController(18567): Could not detect idle state.
12-09 12:32:41.332 W/QueryController(18567): Could not detect idle state.
12-09 12:32:41.334 W/QueryController(18567): Could not detect idle state.
12-09 12:32:41.336 W/QueryController(18567): Could not detect idle state.
12-09 12:32:41.338 W/QueryController(18567): Could not detect idle state.
12-09 12:32:41.339 W/QueryController(18567): Could not detect idle state.
12-09 12:32:41.343 W/QueryController(18567): Could not detect idle state.
12-09 12:32:41.345 W/QueryController(18567): Could not detect idle state.
12-09 12:32:41.347 W/QueryController(18567): Could not detect idle state.
12-09 12:32:41.347 I/OMX-VENC: venc_dev( 1203): stats: avg. fps 10.00, bitrate 81897
12-09 12:32:41.351 W/QueryController(18567): Could not detect idle state.
12-09 12:32:41.352 W/QueryController(18567): Could not detect idle state.
12-09 12:32:41.354 I/OMX-VENC: venc_dev( 1203): stats: avg. fps 1.00, bitrate 36732
12-09 12:32:41.356 W/QueryController(18567): Could not detect idle state.
12-09 12:32:41.357 W/QueryController(18567): Could not detect idle state.
12-09 12:32:41.412 D/UIAutomatorStub(18567): URI: /jsonrpc/0, Method: POST, params, {NanoHttpd.QUERY_STRING=null}, files: {postData={"jsonrpc": "2.0", "id": "00e62d86e963d0810ee5efd95979507b", "method": "click", "params": [261.5, 99.0]}}
12-09 12:32:41.591 W/swapper/1( 0): type=1400 audit(0.0:8423): avc: denied { kill } for capability=5 scontext=u:r:kernel:s0 tcontext=u:r:kernel:s0 tclass=capability permissive=0
12-09 12:32:41.722 I/mpu_uart( 649): [MSG-P:R]:recv sync frame timeout
12-09 12:32:41.872 I/mpu_uart( 649): [MSG-P:RECV]:No message received in 1000 ms
12-09 12:32:42.443 I/OMX-VENC: venc_dev( 1203): stats: avg. fps 19.16, bitrate 156340
12-09 12:32:42.591 W/swapper/1( 0): type=1400 audit(0.0:8424): avc: denied { kill } for capability=5 scontext=u:r:kernel:s0 tcontext=u:r:kernel:s0 tclass=capability permissive=0
12-09 12:32:42.639 D/UIAutomatorStub(18567): URI: /jsonrpc/0, Method: POST, params, {NanoHttpd.QUERY_STRING=null}, files: {postData={"jsonrpc": "2.0", "id": "5aa67cda5265ecb44a96a3f0a4730288", "method": "exist", "params": [{"mask": 2097152, "childOrSibling": [], "childOrSiblingSelector": [], "resourceId": "android:id/caption"}]}}
12-09 12:32:42.643 W/QueryController(18567): Could not detect idle state.
12-09 12:32:42.872 I/mpu_uart( 649): [MSG-P:RECV]:No message received in 1000 ms
12-09 12:32:43.360 I/OMX-VENC: venc_dev( 1203): stats: avg. fps 7.97, bitrate 411523
12-09 12:32:43.453 I/OMX-VENC: venc_dev( 1203): stats: avg. fps 10.89, bitrate 89477
12-09 12:32:43.591 W/swapper/1( 0): type=1400 audit(0.0:8425): avc: denied { kill } for capability=5 scontext=u:r:kernel:s0 tcontext=u:r:kernel:s0 tclass=capability permissive=0
12-09 12:32:43.872 I/mpu_uart( 649): [MSG-P:RECV]:No message received in 1000 ms
12-09 12:32:44.361 I/OMX-VENC: venc_dev( 1203): stats: avg. fps 1.00, bitrate 67333
12-09 12:32:44.455 I/OMX-VENC: venc_dev( 1203): stats: avg. fps 9.98, bitrate 81761
12-09 12:32:44.591 W/swapper/1( 0): type=1400 audit(0.0:8426): avc: denied { kill } for capability=5 scontext=u:r:kernel:s0 tcontext=u:r:kernel:s0 tclass=capability permissive=0
12-09 12:32:44.723 I/mpu_uart( 649): [MSG-P:R]:recv sync frame timeout
12-09 12:32:44.756 D/ProcessState(19827): Binder ioctl to enable oneway spam detection failed: Invalid argument
12-09 12:32:44.761 D/StateManager( 2834): goToState: Overview
12-09 12:32:44.762 D/EditModeHelper( 2834): setHotseatVisibility: 0
12-09 12:32:44.764 V/ShadeControllerImpl( 2372): NotificationShadeWindow: com.android.systemui.statusbar.phone.NotificationShadeWindowView{7f4383b I.E...... ......ID 0,0-2380,1020} canPanelBeCollapsed(): false
12-09 12:32:44.772 D/UIAutomatorStub(18567): URI: /jsonrpc/0, Method: POST, params, {NanoHttpd.QUERY_STRING=null}, files: {postData={"jsonrpc": "2.0", "id": "fcb01b3f6df537d0a735f169d10cf3ac", "method": "waitForExists", "params": [{"mask": 2097153, "childOrSibling": [], "childOrSiblingSelector": [], "resourceId": "com.android.launcher3:id/name_tv", "text": "\u65e5\u5386"}, 3000]}}
12-09 12:32:44.774 W/QueryController(18567): Could not detect idle state.
12-09 12:32:44.782 D/FreeWindowHelper( 2834): enterOrExitRecentTasks: isEnterRecentTasks=true,mExitFlag=1
12-09 12:32:44.790 D/ActivityTrigger( 1514): ActivityTrigger activityPauseTrigger
12-09 12:32:44.797 D/FreeWindowContainer( 2834): reloadTask: TaskInfo{userId=0 taskId=182 displayId=0 isRunning=false baseIntent=Intent { flg=0x10008000 cmp=com.android.calendar/.AllInOneActivity } baseActivity=null topActivity=null origActivity=null realActivity=ComponentInfo{com.android.calendar/com.android.calendar.AllInOneActivity} numActivities=0 lastActiveTime=25979868 supportsSplitScreenMultiWindow=true supportsMultiWindow=true resizeMode=1 isResizeable=true token=WCT{android.window.IWindowContainerToken$Stub$Proxy@bf50a57} topActivityType=1 pictureInPictureParams=null displayCutoutSafeInsets=null topActivityInfo=null launchCookies=[] positionInParent=Point(0, 72) parentTaskId=-1 isFocused=false isVisible=true topActivityInSizeCompat=false locusId= null}
12-09 12:32:44.799 I/ActivityTaskManager( 1514): FOREGROUND_APPLICATION_CHANGED to com.android.launcher3.uioverrides.QuickstepLauncher
12-09 12:32:44.815 I/GameMode_ActivityMonitoringService( 9074): onForegroundActivitiesChanged uid 10069 pid 19196 fg false
12-09 12:32:44.820 W/ActivityTaskManager( 1514): getTaskSnapshot: taskId=181 not found
