12-09 12:24:36.815 D/audio_hw_primary( 806): out_standby: enter: stream (0xee9c64c0) usecase(1: low-latency-playback)
12-09 12:24:36.835 D/audio_hw_primary( 806): disable_audio_route: reset and update mixer path: low-latency-playback
12-09 12:24:36.837 E/soundtrigger( 806): audio_extn_sound_trigger_update_stream_status: invalid input device 0x0, for event 2
12-09 12:24:36.837 D/soundtrigger( 806): audio_extn_sound_trigger_update_stream_status: uc_info->id 1 of type 0 for Event 2, with Raise=0
12-09 12:24:36.837 D/msm8974_platform( 806): platform_split_snd_device: snd_device(2) num devices(0) new_snd_devices(0)
12-09 12:24:36.837 I/msm8974_platform( 806): platform_get_custom_mtmx_params: no matching param with id 0 ip_ch 2 op_ch 2 uc_id 1 snd_dev 2
12-09 12:24:36.837 D/hardware_info( 806): hw_info_append_hw_type : device_name = speaker
12-09 12:24:36.837 D/audio_hw_primary( 806): disable_snd_device: snd_device(2: speaker)
12-09 12:24:36.837 D/msm8974_platform( 806): platform_split_snd_device: snd_device(2) num devices(0) new_snd_devices(0)
12-09 12:24:36.838 I/soundtrigger( 806): audio_extn_sound_trigger_update_device_status: device 0x2 of type 0 for Event 0, with Raise=0
12-09 12:24:36.838 D/audio_hw_primary( 806): out_standby: exit
12-09 12:24:37.060 I/OMX-VENC: venc_dev( 1203): stats: avg. fps 12.76, bitrate 207906
12-09 12:24:37.159 I/OMX-VENC: venc_dev( 1203): stats: avg. fps 2.00, bitrate 165353
12-09 12:24:37.591 W/swapper/2( 0): type=1400 audit(0.0:7995): avc: denied { kill } for capability=5 scontext=u:r:kernel:s0 tcontext=u:r:kernel:s0 tclass=capability permissive=0
12-09 12:24:37.700 I/mpu_uart( 649): [MSG-P:RECV]:No message received in 1000 ms
12-09 12:24:37.841 D/BufferPoolAccessor2.0( 1184): evictor expired: 1, evicted: 0
12-09 12:24:38.154 I/OMX-VENC: venc_dev( 1203): stats: avg. fps 10.05, bitrate 71487
12-09 12:24:38.278 I/mpu_uart( 649): [MSG-P:R]:recv sync frame timeout
12-09 12:24:38.591 W/swapper/2( 0): type=1400 audit(0.0:7996): avc: denied { kill } for capability=5 scontext=u:r:kernel:s0 tcontext=u:r:kernel:s0 tclass=capability permissive=0
12-09 12:24:38.700 I/mpu_uart( 649): [MSG-P:RECV]:No message received in 1000 ms
12-09 12:24:38.842 D/BufferPoolAccessor2.0( 1184): bufferpool2 0xe53c2548 : 0(0 size) total buffers - 0(0 size) used buffers - 93/101 (recycle/alloc) - 8/198 (fetch/transfer)
12-09 12:24:38.842 D/BufferPoolAccessor2.0( 1184): evictor expired: 1, evicted: 1
12-09 12:24:38.842 D/BufferPoolAccessor2.0( 1255): bufferpool2 0xb400007995b91288 : 0(0 size) total buffers - 0(0 size) used buffers - 94/97 (recycle/alloc) - 3/96 (fetch/transfer)
12-09 12:24:38.843 D/BufferPoolAccessor2.0( 1255): evictor expired: 1, evicted: 1
12-09 12:24:39.154 I/OMX-VENC: venc_dev( 1203): stats: avg. fps 11.00, bitrate 79085
12-09 12:24:39.162 I/OMX-VENC: venc_dev( 1203): stats: avg. fps 1.00, bitrate 69967
12-09 12:24:39.316 E/TaskPersister( 1514): File error accessing recents directory (directory doesn't exist?).
12-09 12:24:39.591 W/swapper/2( 0): type=1400 audit(0.0:7997): avc: denied { kill } for capability=5 scontext=u:r:kernel:s0 tcontext=u:r:kernel:s0 tclass=capability permissive=0
12-09 12:24:39.700 I/mpu_uart( 649): [MSG-P:RECV]:No message received in 1000 ms
12-09 12:24:40.157 I/OMX-VENC: venc_dev( 1203): stats: avg. fps 8.98, bitrate 63327
12-09 12:24:40.166 I/OMX-VENC: venc_dev( 1203): stats: avg. fps 1.00, bitrate 37100
12-09 12:24:40.591 W/swapper/2( 0): type=1400 audit(0.0:7998): avc: denied { kill } for capability=5 scontext=u:r:kernel:s0 tcontext=u:r:kernel:s0 tclass=capability permissive=0
12-09 12:24:40.701 I/mpu_uart( 649): [MSG-P:RECV]:No message received in 1000 ms
12-09 12:24:41.015 I/GameModeConfig( 1514): isGameModeOn = false
12-09 12:24:41.034 D/InterruptionStateProvider( 2372): No bubble up: not allowed to bubble: 0|com.android.systemui|4274|null|10082
12-09 12:24:41.034 D/InterruptionStateProvider( 2372): No bubble up: not allowed to bubble: -1|android|26|null|1000
12-09 12:24:41.035 D/InterruptionStateProvider( 2372): No alerting: filtered notification: 0|com.android.systemui|1|empty_media|10082
12-09 12:24:41.035 D/InterruptionStateProvider( 2372): No bubble up: not allowed to bubble: 0|com.android.systemui|2048|null|10082
12-09 12:24:41.035 D/InterruptionStateProvider( 2372): No bubble up: not allowed to bubble: 0|com.github.uiautomator|1|null|10101
12-09 12:24:41.035 D/InterruptionStateProvider( 2372): No bubble up: not allowed to bubble: -1|android|32|null|1000
12-09 12:24:41.070 I/OpenGLRenderer( 2372): Davey! duration=9223346540747ms; Flags=0, FrameTimelineVsyncId=403520, IntendedVsync=25496107411634, Vsync=25496107411634, InputEventId=0, HandleInputStart=25496113907771, AnimationStart=25496113911521, PerformTraversalsStart=25496113914594, DrawStart=25496122136157, FrameDeadline=25496128744966, FrameInterval=25496113899125, FrameStartTime=16666666, SyncQueued=25496122377615, SyncStart=25496122594177, IssueDrawCommandsStart=25496122806157, SwapBuffers=25496125047511, FrameCompleted=9223372036854775807, DequeueBufferDuration=56042, QueueBufferDuration=975417, GpuCompleted=9223372036854775807, SwapBuffersCompleted=25496126550844, DisplayPresentTime=0,
12-09 12:24:41.160 I/OMX-VENC: venc_dev( 1203): stats: avg. fps 10.97, bitrate 77725
12-09 12:24:41.167 I/OMX-VENC: venc_dev( 1203): stats: avg. fps 2.00, bitrate 86029
12-09 12:24:41.262 I/GameModeConfig( 1514): isGameModeOn = false
12-09 12:24:41.282 I/mpu_uart( 649): [MSG-P:R]:recv sync frame timeout
12-09 12:24:41.308 D/ActivityManager( 1514): freezing 18189 com.android.documentsui
12-09 12:24:41.309 E/ActivityManager( 1514): Unable to freeze binder for 18189 com.android.documentsui
12-09 12:24:41.311 D/ActivityManager( 1514): froze 18189 com.android.documentsui
12-09 12:24:41.311 E/ActivityManager( 1514): Unable to freeze binder for 18189 com.android.documentsui
12-09 12:24:41.312 I/ActivityManager( 1514): Killing 18189:com.android.documentsui/u0a31 (adj 965): Unable to freeze binder interface
12-09 12:24:41.345 I/Zygote ( 670): Process 18189 exited due to signal 9 (Killed)
12-09 12:24:41.345 I/libprocessgroup( 1514): Successfully killed process cgroup uid 10031 pid 18189 in 27ms
12-09 12:24:41.350 D/ActivityManager( 1514): freezing 18235 com.microsoft.emmx
12-09 12:24:41.351 E/ActivityManager( 1514): Unable to freeze binder for 18235 com.microsoft.emmx
12-09 12:24:41.351 D/ActivityManager( 1514): froze 18235 com.microsoft.emmx
12-09 12:24:41.351 E/ActivityManager( 1514): Unable to freeze binder for 18235 com.microsoft.emmx
12-09 12:24:41.352 D/ActivityManager( 1514): freezing 18197 com.android.keychain
12-09 12:24:41.352 E/ActivityManager( 1514): Unable to freeze binder for 18197 com.android.keychain
12-09 12:24:41.354 D/ActivityManager( 1514): froze 18197 com.android.keychain
12-09 12:24:41.354 E/ActivityManager( 1514): Unable to freeze binder for 18197 com.android.keychain
12-09 12:24:41.355 D/ActivityManager( 1514): freezing 18275 android.process.media
12-09 12:24:41.355 E/ActivityManager( 1514): Unable to freeze binder for 18275 android.process.media
12-09 12:24:41.356 D/ActivityManager( 1514): froze 18275 android.process.media
12-09 12:24:41.356 E/ActivityManager( 1514): Unable to freeze binder for 18275 android.process.media
12-09 12:24:41.356 I/ActivityManager( 1514): Killing 18235:com.microsoft.emmx/u0a29 (adj 955): Unable to freeze binder interface
12-09 12:24:41.357 I/ActivityManager( 1514): Killing 18197:com.android.keychain/1000 (adj 935): Unable to freeze binder interface
12-09 12:24:41.359 I/ActivityManager( 1514): Killing 18275:android.process.media/u0a17 (adj 945): Unable to freeze binder interface
12-09 12:24:41.361 I/Zygote ( 670): Process 18235 exited due to signal 9 (Killed)
12-09 12:24:41.364 I/libprocessgroup( 1514): Successfully killed process cgroup uid 10029 pid 18235 in 5ms
12-09 12:24:41.364 I/libprocessgroup( 1514): Successfully killed process cgroup uid 1000 pid 18197 in 0ms
12-09 12:24:41.382 I/Zygote ( 670): Process 18197 exited due to signal 9 (Killed)
12-09 12:24:41.383 D/ConnectivityService( 1514): ConnectivityService NetworkRequestInfo binderDied(uid/pid:10029/18235, android.os.BinderProxy@231e44)
12-09 12:24:41.385 I/Zygote ( 670): Process 18275 exited due to signal 9 (Killed)
12-09 12:24:41.386 I/libprocessgroup( 1514): Successfully killed process cgroup uid 10017 pid 18275 in 0ms
12-09 12:24:41.528 D/UIAutomatorStub(18567): URI: /jsonrpc/0, Method: POST, params, {NanoHttpd.QUERY_STRING=null}, files: {postData={"jsonrpc": "2.0", "id": "0f2a6075e27a2ec9a86060e707ef40c2", "method": "waitForExists", "params": [{"mask": 2097152, "childOrSibling": [], "childOrSiblingSelector": [], "resourceId": "android:id/move_window"}, 3000]}}
12-09 12:24:41.532 W/QueryController(18567): Could not detect idle state.
12-09 12:24:41.591 W/swapper/2( 0): type=1400 audit(0.0:7999): avc: denied { kill } for capability=5 scontext=u:r:kernel:s0 tcontext=u:r:kernel:s0 tclass=capability permissive=0
12-09 12:24:41.597 D/UIAutomatorStub(18567): URI: /jsonrpc/0, Method: POST, params, {NanoHttpd.QUERY_STRING=null}, files: {postData={"jsonrpc": "2.0", "id": "59f609ad43fb00d3618f05fa4021670f", "method": "objInfo", "params": [{"mask": 2097152, "childOrSibling": [], "childOrSiblingSelector": [], "resourceId": "android:id/move_window"}]}}
12-09 12:24:41.600 W/QueryController(18567): Could not detect idle state.
12-09 12:24:41.616 W/QueryController(18567): Could not detect idle state.
12-09 12:24:41.619 W/QueryController(18567): Could not detect idle state.
12-09 12:24:41.621 W/QueryController(18567): Could not detect idle state.
12-09 12:24:41.623 W/QueryController(18567): Could not detect idle state.
12-09 12:24:41.625 W/QueryController(18567): Could not detect idle state.
12-09 12:24:41.627 W/QueryController(18567): Could not detect idle state.
12-09 12:24:41.629 W/QueryController(18567): Could not detect idle state.
12-09 12:24:41.632 W/QueryController(18567): Could not detect idle state.
12-09 12:24:41.634 W/QueryController(18567): Could not detect idle state.
12-09 12:24:41.636 W/QueryController(18567): Could not detect idle state.
12-09 12:24:41.638 W/QueryController(18567): Could not detect idle state.
12-09 12:24:41.640 W/QueryController(18567): Could not detect idle state.
12-09 12:24:41.643 W/QueryController(18567): Could not detect idle state.
12-09 12:24:41.644 W/QueryController(18567): Could not detect idle state.
12-09 12:24:41.646 W/QueryController(18567): Could not detect idle state.
12-09 12:24:41.648 W/QueryController(18567): Could not detect idle state.
12-09 12:24:41.650 W/QueryController(18567): Could not detect idle state.
12-09 12:24:41.701 I/mpu_uart( 649): [MSG-P:RECV]:No message received in 1000 ms
12-09 12:24:41.705 D/UIAutomatorStub(18567): URI: /jsonrpc/0, Method: POST, params, {NanoHttpd.QUERY_STRING=null}, files: {postData={"jsonrpc": "2.0", "id": "a0b3b008bbc3962eb61784d749451ecc", "method": "click", "params": [261.5, 99.0]}}
12-09 12:24:42.164 I/OMX-VENC: venc_dev( 1203): stats: avg. fps 20.91, bitrate 148495
12-09 12:24:42.172 I/OMX-VENC: venc_dev( 1203): stats: avg. fps 14.94, bitrate 674327
12-09 12:24:42.591 W/swapper/2( 0): type=1400 audit(0.0:8000): avc: denied { kill } for capability=5 scontext=u:r:kernel:s0 tcontext=u:r:kernel:s0 tclass=capability permissive=0
12-09 12:24:42.701 I/mpu_uart( 649): [MSG-P:RECV]:No message received in 1000 ms
12-09 12:24:42.941 D/UIAutomatorStub(18567): URI: /jsonrpc/0, Method: POST, params, {NanoHttpd.QUERY_STRING=null}, files: {postData={"jsonrpc": "2.0", "id": "3c16c55712172f007a3b2ec7a1f9be06", "method": "exist", "params": [{"mask": 2097152, "childOrSibling": [], "childOrSiblingSelector": [], "resourceId": "android:id/caption"}]}}
12-09 12:24:42.945 W/QueryController(18567): Could not detect idle state.
12-09 12:24:43.172 I/OMX-VENC: venc_dev( 1203): stats: avg. fps 2.00, bitrate 93408
12-09 12:24:43.270 I/OMX-VENC: venc_dev( 1203): stats: avg. fps 9.95, bitrate 71438
12-09 12:24:43.591 W/swapper/2( 0): type=1400 audit(0.0:8001): avc: denied { kill } for capability=5 scontext=u:r:kernel:s0 tcontext=u:r:kernel:s0 tclass=capability permissive=0
12-09 12:24:43.702 I/mpu_uart( 649): [MSG-P:RECV]:No message received in 1000 ms
12-09 12:24:44.273 I/OMX-VENC: venc_dev( 1203): stats: avg. fps 9.97, bitrate 70835
12-09 12:24:44.282 I/mpu_uart( 649): [MSG-P:R]:recv sync frame timeout
12-09 12:24:44.591 W/swapper/2( 0): type=1400 audit(0.0:8002): avc: denied { kill } for capability=5 scontext=u:r:kernel:s0 tcontext=u:r:kernel:s0 tclass=capability permissive=0
12-09 12:24:44.702 I/mpu_uart( 649): [MSG-P:RECV]:No message received in 1000 ms
12-09 12:24:45.062 D/ProcessState(19301): Binder ioctl to enable oneway spam detection failed: Invalid argument
12-09 12:24:45.067 D/StateManager( 2834): goToState: Overview
12-09 12:24:45.068 D/EditModeHelper( 2834): setHotseatVisibility: 0
12-09 12:24:45.070 V/ShadeControllerImpl( 2372): NotificationShadeWindow: com.android.systemui.statusbar.phone.NotificationShadeWindowView{7f4383b I.E...... ......ID 0,0-2380,1020} canPanelBeCollapsed(): false
12-09 12:24:45.078 D/FreeWindowHelper( 2834): enterOrExitRecentTasks: isEnterRecentTasks=true,mExitFlag=1
12-09 12:24:45.087 D/UIAutomatorStub(18567): URI: /jsonrpc/0, Method: POST, params, {NanoHttpd.QUERY_STRING=null}, files: {postData={"jsonrpc": "2.0", "id": "f3422cff06f9045794bd5ee29513f692", "method": "waitForExists", "params": [{"mask": 2097153, "childOrSibling": [], "childOrSiblingSelector": [], "resourceId": "com.android.launcher3:id/name_tv", "text": "\u65e5\u5386"}, 3000]}}
12-09 12:24:45.089 W/QueryController(18567): Could not detect idle state.
12-09 12:24:45.089 D/ActivityTrigger( 1514): ActivityTrigger activityPauseTrigger
12-09 12:24:45.096 D/FreeWindowContainer( 2834): reloadTask: TaskInfo{userId=0 taskId=140 displayId=0 isRunning=false baseIntent=Intent { flg=0x10008000 cmp=com.android.calendar/.AllInOneActivity } baseActivity=null topActivity=null origActivity=null realActivity=ComponentInfo{com.android.calendar/com.android.calendar.AllInOneActivity} numActivities=0 lastActiveTime=25500168 supportsSplitScreenMultiWindow=true supportsMultiWindow=true resizeMode=1 isResizeable=true token=WCT{android.window.IWindowContainerToken$Stub$Proxy@2a70d7c} topActivityType=1 pictureInPictureParams=null displayCutoutSafeInsets=null topActivityInfo=null launchCookies=[] positionInParent=Point(0, 72) parentTaskId=-1 isFocused=false isVisible=true topActivityInSizeCompat=false locusId= null}
12-09 12:24:45.103 I/ActivityTaskManager( 1514): FOREGROUND_APPLICATION_CHANGED to com.android.launcher3.uioverrides.QuickstepLauncher
12-09 12:24:45.112 I/GameMode_ActivityMonitoringService( 9074): onForegroundActivitiesChanged uid 10069 pid 19196 fg false
12-09 12:24:45.128 I/GameMode_ActivityMonitoringService( 9074): Updating top task to: TaskInfoContainer [topActivity=ComponentInfo{com.android.launcher3/com.android.launcher3.uioverrides.QuickstepLauncher}, taskId=10, stackId=1, userId=0, displayId=0, position=6
12-09 12:24:45.129 I/GameMode_ActivityMonitoringService( 9074): Notifying about top task: TaskInfoContainer [topActivity=ComponentInfo{com.android.launcher3/com.android.launcher3.uioverrides.QuickstepLauncher}, taskId=10, stackId=1, userId=0, displayId=0, position=6
12-09 12:24:45.129 E/GameMode_ActivityMonitoringService( 9074): onActivityLaunch:com.android.launcher3
12-09 12:24:45.129 V/GameMode_GameTypeUtils( 9074): judge isGame:com.android.launcher3
12-09 12:24:45.129 V/GameMode_GpuUtils( 9074): fps:60
12-09 12:24:45.138 D/GameMode_GameModeActionUtils( 9074): Show GameMode entry by service!
12-09 12:24:45.138 W/ContextImpl( 9074): Calling a method in the system process without a qualified user: android.app.ContextImpl.startService:1816 android.content.ContextWrapper.startService:774 com.thundercomm.gamemode.ingame.services.GameModeActionUtils.startGameModeService:99 com.thundercomm.gamemode.ingame.services.GameModeActionUtils.startGameModeEntry:22 com.thundercomm.gamemode.ingame.services.ActivityMonitoringService$1.onActivityLaunch:127
12-09 12:24:45.139 W/InputManager-JNI( 1514): Input channel object '1257d77 com.android.calendar/com.android.calendar.AllInOneActivity (client)' was disposed without first being removed with the input manager!
12-09 12:24:45.140 D/GameMode_GameModeService( 9074): type=hide_entry
12-09 12:24:45.141 D/GameModeIF_GameModeSettings( 9074): getUriFor setting_content_uri_root = content://com.thundercomm.gamemode.api/gamemode_settings , name = gamemode_isgaming
12-09 12:24:45.149 D/libEGL ( 1514): MSAA-->msaa:0 gamemode:0 4x_msaa:0
12-09 12:24:45.149 I/GameModeConfig( 1514): Current uri is uri = content://com.thundercomm.gamemode.api/gamemode_settings/gamemode_isgaming
12-09 12:24:45.149 D/GameModeIF_GameModeSettings( 1514): getUriFor setting_content_uri_root = content://com.thundercomm.gamemode.api/gamemode_settings , name = gamemode_isgaming
12-09 12:24:45.149 D/GameModeIF_GameModeSettings( 9074): gamemode_isgaming set to 0
12-09 12:24:45.149 D/libEGL ( 1514): MSAA-->msaa:0 gamemode:0 4x_msaa:0
12-09 12:24:45.150 D/libEGL ( 1514): MSAA-->msaa:0 gamemode:0 4x_msaa:0
12-09 12:24:45.153 I/GameModeConfig( 1514): isGameModeOn = false
12-09 12:24:45.153 I/GameModeConfig( 1514): isGameModeOn = false
12-09 12:24:45.153 I/GameModeConfig( 1514): isDisableVoice = true
12-09 12:24:45.154 D/GameMode_GameSettingsObserver( 9074): Game Data change!!!! uri = content://com.thundercomm.gamemode.api/gamemode_settings/gamemode_isgaming
12-09 12:24:45.154 D/GameModeIF_GameModeSettings( 9074): getUriFor setting_content_uri_root = content://com.thundercomm.gamemode.api/gamemode_settings , name = gamemode_isgaming
12-09 12:24:45.160 D/GameMode_GameModeService( 9074): updateGlobalSettings = gamemode_isgaming
12-09 12:24:45.172 W/ActivityTaskManager( 1514): getTaskSnapshot: taskId=4136 not found
12-09 12:24:45.172 W/ActivityTaskManager( 1514): getTaskSnapshot: taskId=3136 not found
12-09 12:24:45.172 W/ActivityTaskManager( 1514): getTaskSnapshot: taskId=2136 not found
12-09 12:24:45.182 W/ActivityTaskManager( 1514): getTaskSnapshot: taskId=4136 not found
12-09 12:24:45.182 W/ActivityTaskManager( 1514): getTaskSnapshot: taskId=3136 not found
12-09 12:24:45.183 W/ActivityTaskManager( 1514): getTaskSnapshot: taskId=2136 not found
12-09 12:24:45.184 I/OMX-VENC: venc_dev( 1203): stats: avg. fps 3.96, bitrate 181485
12-09 12:24:45.188 D/UIAutomatorStub(18567): URI: /jsonrpc/0, Method: POST, params, {NanoHttpd.QUERY_STRING=null}, files: {postData={"jsonrpc": "2.0", "id": "267ea80c21e03cb509dfb38fdbcd323a", "method": "objInfo", "params": [{"mask": 2097153, "childOrSibling": [], "childOrSiblingSelector": [], "resourceId": "com.android.launcher3:id/name_tv", "text": "\u65e5\u5386"}]}}
12-09 12:24:45.190 W/QueryController(18567): Could not detect idle state.
12-09 12:24:45.205 I/GameMode_ActivityMonitoringService( 9074): onTaskStackChanged
12-09 12:24:45.211 I/GameMode_ActivityMonitoringService( 9074): Updating top task to: TaskInfoContainer [topActivity=ComponentInfo{com.android.launcher3/com.android.launcher3.uioverrides.QuickstepLauncher}, taskId=10, stackId=1, userId=0, displayId=0, position=6
12-09 12:24:45.211 I/GameMode_ActivityMonitoringService( 9074): Notifying about top task: TaskInfoContainer [topActivity=ComponentInfo{com.android.launcher3/com.android.launcher3.uioverrides.QuickstepLauncher}, taskId=10, stackId=1, userId=0, displayId=0, position=6
12-09 12:24:45.211 E/GameMode_ActivityMonitoringService( 9074): onActivityLaunch:com.android.launcher3
12-09 12:24:45.211 V/GameMode_GameTypeUtils( 9074): judge isGame:com.android.launcher3
12-09 12:24:45.211 V/GameMode_GpuUtils( 9074): fps:60
12-09 12:24:45.217 D/GameMode_GameModeActionUtils( 9074): Show GameMode entry by service!
12-09 12:24:45.218 W/ContextImpl( 9074): Calling a method in the system process without a qualified user: android.app.ContextImpl.startService:1816 android.content.ContextWrapper.startService:774 com.thundercomm.gamemode.ingame.services.GameModeActionUtils.startGameModeService:99 com.thundercomm.gamemode.ingame.services.GameModeActionUtils.startGameModeEntry:22 com.thundercomm.gamemode.ingame.services.ActivityMonitoringService$1.onActivityLaunch:127
12-09 12:24:45.220 W/System ( 2372): A resource failed to call close.
12-09 12:24:45.220 W/System ( 2372): A resource failed to call close.
12-09 12:24:45.221 W/System ( 2372): A resource failed to call close.
12-09 12:24:45.222 D/GameMode_GameModeService( 9074): type=hide_entry
12-09 12:24:45.226 D/GameModeIF_GameModeSettings( 9074): getUriFor setting_content_uri_root = content://com.thundercomm.gamemode.api/gamemode_settings , name = gamemode_isgaming
12-09 12:24:45.229 I/GameModeConfig( 1514): Current uri is uri = content://com.thundercomm.gamemode.api/gamemode_settings/gamemode_isgaming
12-09 12:24:45.229 D/GameModeIF_GameModeSettings( 1514): getUriFor setting_content_uri_root = content://com.thundercomm.gamemode.api/gamemode_settings , name = gamemode_isgaming
12-09 12:24:45.230 D/GameMode_GameSettingsObserver( 9074): Game Data change!!!! uri = content://com.thundercomm.gamemode.api/gamemode_settings/gamemode_isgaming
12-09 12:24:45.230 D/GameModeIF_GameModeSettings( 9074): getUriFor setting_content_uri_root = content://com.thundercomm.gamemode.api/gamemode_settings , name = gamemode_isgaming
12-09 12:24:45.230 I/GameModeConfig( 1514): isGameModeOn = false
12-09 12:24:45.231 I/GameModeConfig( 1514): isGameModeOn = false
12-09 12:24:45.231 I/GameModeConfig( 1514): isDisableVoice = true
12-09 12:24:45.231 D/GameModeIF_GameModeSettings( 9074): gamemode_isgaming set to 0
12-09 12:24:45.232 W/System ( 2372): A resource failed to call release.
12-09 12:24:45.232 D/GameMode_GameModeService( 9074): updateGlobalSettings = gamemode_isgaming
12-09 12:24:45.235 W/QueryController(18567): Could not detect idle state.
12-09 12:24:45.237 W/System ( 2372): A resource failed to call close.
12-09 12:24:45.238 W/System (18567): A resource failed to call end.
12-09 12:24:45.238 W/System (18567): A resource failed to call end.
12-09 12:24:45.238 W/System (18567): A resource failed to call end.
12-09 12:24:45.238 W/System (18567): A resource failed to call end.
12-09 12:24:45.239 W/System (18567): A resource failed to call end.
12-09 12:24:45.239 W/System (18567): A resource failed to call end.
12-09 12:24:45.239 W/System (18567): A resource failed to call end.
12-09 12:24:45.239 W/System (18567): A resource failed to call end.
12-09 12:24:45.239 W/System (18567): A resource failed to call end.
12-09 12:24:45.239 W/System (18567): A resource failed to call end.
12-09 12:24:45.239 W/System (18567): A resource failed to call end.
12-09 12:24:45.239 W/System (18567): A resource failed to call end.
12-09 12:24:45.249 I/OpenGLRenderer( 2834): Davey! duration=9223346536566ms; Flags=0, FrameTimelineVsyncId=403593, IntendedVsync=25500288256413, Vsync=25500288256413, InputEventId=0, HandleInputStart=25500290154124, AnimationStart=25500290155270, PerformTraversalsStart=25500303890686, DrawStart=25500304689853, FrameDeadline=25500321589745, FrameInterval=25500290151936, FrameStartTime=16666666, SyncQueued=25500304960165, SyncStart=25500305018186, IssueDrawCommandsStart=25500305234645, SwapBuffers=25500306073499, FrameCompleted=9223372036854775807, DequeueBufferDuration=14687, QueueBufferDuration=492344, GpuCompleted=9223372036854775807, SwapBuffersCompleted=25500306741624, DisplayPresentTime=0,
12-09 12:24:45.253 W/QueryController(18567): Could not detect idle state.
12-09 12:24:45.262 W/System ( 1514): A resource failed to call close.
12-09 12:24:45.262 W/System ( 1514): A resource failed to call close.
12-09 12:24:45.263 W/System ( 1514): A resource failed to call close.
12-09 12:24:45.263 W/System ( 1514): A resource failed to call close.
12-09 12:24:45.263 W/System ( 1514): A resource failed to call close.
12-09 12:24:45.264 W/System ( 1514): A resource failed to call close.
12-09 12:24:45.264 W/System ( 1514): A resource failed to call close.
12-09 12:24:45.264 W/System ( 1514): A resource failed to call close.
12-09 12:24:45.264 W/System ( 1514): A resource failed to call close.
12-09 12:24:45.264 W/System ( 1514): A resource failed to call close.
12-09 12:24:45.265 W/System ( 1514): A resource failed to call close.
12-09 12:24:45.265 W/System ( 1514): A resource failed to call close.
12-09 12:24:45.265 W/System ( 1514): A resource failed to call close.
12-09 12:24:45.265 W/System ( 1514): A resource failed to call close.
12-09 12:24:45.266 W/System ( 1514): A resource failed to call close.
12-09 12:24:45.266 W/System ( 1514): A resource failed to call close.
12-09 12:24:45.272 W/QueryController(18567): Could not detect idle state.
12-09 12:24:45.285 W/QueryController(18567): Could not detect idle state.
12-09 12:24:45.285 I/OMX-VENC: venc_dev( 1203): stats: avg. fps 17.78, bitrate 361903
12-09 12:24:45.297 W/QueryController(18567): Could not detect idle state.
12-09 12:24:45.316 W/QueryController(18567): Could not detect idle state.
12-09 12:24:45.335 W/QueryController(18567): Could not detect idle state.
12-09 12:24:45.354 W/QueryController(18567): Could not detect idle state.
12-09 12:24:45.373 W/QueryController(18567): Could not detect idle state.
12-09 12:24:45.400 W/QueryController(18567): Could not detect idle state.
12-09 12:24:45.412 D/FreeFormWindowHelper( 1514): Remove freefrom task=Task{434c223 #140 type=standard A=10069:android.task.calendar U=0 visible=false mode=freeform translucent=true sz=0}
12-09 12:24:45.419 W/QueryController(18567): Could not detect idle state.
12-09 12:24:45.438 W/QueryController(18567): Could not detect idle state.
12-09 12:24:45.456 W/QueryController(18567): Could not detect idle state.
12-09 12:24:45.469 W/QueryController(18567): Could not detect idle state.
12-09 12:24:45.482 W/QueryController(18567): Could not detect idle state.
12-09 12:24:45.516 W/QueryController(18567): Could not detect idle state.
12-09 12:24:45.518 W/QueryController(18567): Could not detect idle state.
12-09 12:24:45.580 D/UIAutomatorStub(18567): URI: /jsonrpc/0, Method: POST, params, {NanoHttpd.QUERY_STRING=null}, files: {postData={"jsonrpc": "2.0", "id": "0afa15f3749ab95a4d1ecd32b41a4a3b", "method": "click", "params": [206.0, 405.0]}}
12-09 12:24:45.591 W/swapper/2( 0): type=1400 audit(0.0:8003): avc: denied { kill } for capability=5 scontext=u:r:kernel:s0 tcontext=u:r:kernel:s0 tclass=capability permissive=0
12-09 12:24:45.640 W/hpplay-java( 3295): [AsyncTask #1016]:HttpRequest:
12-09 12:24:45.641 W/hpplay-java( 3295): [AsyncTask #1016]:HttpRequest:
12-09 12:24:45.643 W/hpplay-java( 3295): [AsyncTask #1016]:HttpRequest:
12-09 12:24:45.643 E/hpplay-java( 3295): [main]:IMTask:getIMRoot failed
12-09 12:24:45.702 I/mpu_uart( 649): [MSG-P:RECV]:No message received in 1000 ms
12-09 12:24:45.705 D/FreeWindowHelper( 2834): setExitFlag: old=0,new=1
12-09 12:24:45.707 I/ActivityTaskManager( 1514): START u0 {flg=0x10008000 cmp=com.android.calendar/.AllInOneActivity} from uid 10075
12-09 12:24:45.707 I/EventSequenceValidator( 1514): Transition from ACTIVITY_FINISHED to INTENT_STARTED
12-09 12:24:45.710 E/ANDR-PERF-JNI( 1514): com_qualcomm_qtiperformance_native_perf_io_prefetch_start
12-09 12:24:45.712 W/ActivityTaskManager( 1514): Can't find TaskDisplayArea to determine support for multi window. Task id=141 attached=false
12-09 12:24:45.713 D/FreeFormWindowHelper( 1514): Add freeform task=Task{d55925b #141 type=standard ?? U=0 visible=false mode=freeform translucent=true sz=0}
12-09 12:24:45.714 E/ANDR-IOP( 865): io prefetch is disabled
12-09 12:24:45.717 D/CompatibilityInfo( 1514): mCompatibilityFlags - 4
12-09 12:24:45.717 D/CompatibilityInfo( 1514): applicationDensity - 240
12-09 12:24:45.717 D/CompatibilityInfo( 1514): applicationScale - 1.0
12-09 12:24:45.717 I/ActivityTaskManager( 1514): FOREGROUND_APPLICATION_CHANGED to com.android.calendar.AllInOneActivity
12-09 12:24:45.718 I/ActivityTaskManager( 1514): The Process com.android.calendar Already Exists in BG. So sending its PID: 19196
12-09 12:24:45.718 W/ActivityTaskManager( 1514): Tried to set launchTime (0) < mLastActivityLaunchTime (25490542)
12-09 12:24:45.720 D/CompatibilityInfo( 1514): mCompatibilityFlags - 4
12-09 12:24:45.720 D/CompatibilityInfo( 1514): applicationDensity - 240
12-09 12:24:45.720 D/CompatibilityInfo( 1514): applicationScale - 1.0
12-09 12:24:45.727 D/StateManager( 2834): goToState: Normal
12-09 12:24:45.728 D/EditModeHelper( 2834): setHotseatVisibility: 0
12-09 12:24:45.731 I/GameMode_ActivityMonitoringService( 9074): onForegroundActivitiesChanged uid 10069 pid 19196 fg true
12-09 12:24:45.735 I/GameMode_ActivityMonitoringService( 9074): Updating top task to: TaskInfoContainer [topActivity=ComponentInfo{com.android.calendar/com.android.calendar.AllInOneActivity}, taskId=141, stackId=141, userId=0, displayId=0, position=6
12-09 12:24:45.735 I/GameMode_ActivityMonitoringService( 9074): Notifying about top task: TaskInfoContainer [topActivity=ComponentInfo{com.android.calendar/com.android.calendar.AllInOneActivity}, taskId=141, stackId=141, userId=0, displayId=0, position=6
12-09 12:24:45.735 E/GameMode_ActivityMonitoringService( 9074): onActivityLaunch:com.android.calendar
12-09 12:24:45.735 V/GameMode_GameTypeUtils( 9074): judge isGame:com.android.calendar
12-09 12:24:45.735 V/GameMode_GpuUtils( 9074): fps:60
12-09 12:24:45.736 I/EventSequenceValidator( 1514): Transition from INTENT_STARTED to ACTIVITY_LAUNCHED
12-09 12:24:45.737 D/GameMode_GameModeActionUtils( 9074): Show GameMode entry by service!
12-09 12:24:45.737 W/ContextImpl( 9074): Calling a method in the system process without a qualified user: android.app.ContextImpl.startService:1816 android.content.ContextWrapper.startService:774 com.thundercomm.gamemode.ingame.services.GameModeActionUtils.startGameModeService:99 com.thundercomm.gamemode.ingame.services.GameModeActionUtils.startGameModeEntry:22 com.thundercomm.gamemode.ingame.services.ActivityMonitoringService$1.onActivityLaunch:127
12-09 12:24:45.739 D/GameModeIF_GameModeSettings( 9074): getUriFor setting_content_uri_root = content://com.thundercomm.gamemode.api/gamemode_settings , name = gamemode_isgaming
12-09 12:24:45.739 D/GameMode_GameModeService( 9074): type=hide_entry
12-09 12:24:45.741 D/GameMode_GameSettingsObserver( 9074): Game Data change!!!! uri = content://com.thundercomm.gamemode.api/gamemode_settings/gamemode_isgaming
12-09 12:24:45.741 D/GameModeIF_GameModeSettings( 9074): getUriFor setting_content_uri_root = content://com.thundercomm.gamemode.api/gamemode_settings , name = gamemode_isgaming
12-09 12:24:45.741 D/GameModeIF_GameModeSettings( 9074): gamemode_isgaming set to 0
12-09 12:24:45.741 I/GameModeConfig( 1514): Current uri is uri = content://com.thundercomm.gamemode.api/gamemode_settings/gamemode_isgaming
12-09 12:24:45.741 D/GameModeIF_GameModeSettings( 1514): getUriFor setting_content_uri_root = content://com.thundercomm.gamemode.api/gamemode_settings , name = gamemode_isgaming
12-09 12:24:45.743 I/GameModeConfig( 1514): isGameModeOn = false
12-09 12:24:45.744 I/GameModeConfig( 1514): isGameModeOn = false
12-09 12:24:45.744 I/GameModeConfig( 1514): isDisableVoice = true
12-09 12:24:45.744 D/GameMode_GameModeService( 9074): updateGlobalSettings = gamemode_isgaming
12-09 12:24:45.757 D/AccountManagerService( 1514): bind attempt failed for Session: expectLaunch true, connected false, stats (0/0/0), lifetime 0.0, addAccount, accountType com.google, requiredFeatures null
12-09 12:24:45.768 W/WindowManager( 1514): updateScale0.7996942
12-09 12:24:45.783 W/WindowManager( 1514): updateScale0.7996942
12-09 12:24:45.787 W/WindowManager( 1514): updateScale0.7996942
12-09 12:24:45.789 W/WindowManager( 1514): updateScale0.7996942
12-09 12:24:45.790 I/EventSequenceValidator( 1514): Transition from ACTIVITY_LAUNCHED to ACTIVITY_FINISHED
12-09 12:24:45.794 I/ActivityTaskManager( 1514): Displayed com.android.calendar/.AllInOneActivity: +79ms
12-09 12:24:45.798 D/FreeWindowHelper( 2834): enterOrExitRecentTasks: isEnterRecentTasks=false,mExitFlag=1
12-09 12:24:45.798 W/FreeFormWindowHelper( 1514): exitRecentTasks type=1
12-09 12:24:46.068 W/WindowManager( 1514): updateScale0.7996942
12-09 12:24:46.210 I/OMX-VENC: venc_dev( 1203): stats: avg. fps 42.90, bitrate 5600289
12-09 12:24:46.384 I/OMX-VENC: venc_dev( 1203): stats: avg. fps 40.04, bitrate 1637485
12-09 12:24:46.591 W/swapper/2( 0): type=1400 audit(0.0:8004): avc: denied { kill } for capability=5 scontext=u:r:kernel:s0 tcontext=u:r:kernel:s0 tclass=capability permissive=0
12-09 12:24:46.703 I/mpu_uart( 649): [MSG-P:RECV]:No message received in 1000 ms
12-09 12:24:47.287 I/mpu_uart( 649): [MSG-P:R]:recv sync frame timeout
12-09 12:24:47.300 I/OMX-VENC: venc_dev( 1203): stats: avg. fps 5.51, bitrate 518529
12-09 12:24:47.399 I/OMX-VENC: venc_dev( 1203): stats: avg. fps 10.83, bitrate 90128
12-09 12:24:47.583 D/ProcessState(19310): Binder ioctl to enable oneway spam detection failed: Invalid argument
12-09 12:24:47.588 I/UIAService(18567): On StartCommand
12-09 12:24:47.591 W/swapper/2( 0): type=1400 audit(0.0:8005): avc: denied { kill } for capability=5 scontext=u:r:kernel:s0 tcontext=u:r:kernel:s0 tclass=capability permissive=0
12-09 12:24:47.703 I/mpu_uart( 649): [MSG-P:RECV]:No message received in 1000 ms
12-09 12:24:48.482 I/OMX-VENC: venc_dev( 1203): stats: avg. fps 10.16, bitrate 55540
12-09 12:24:48.591 W/swapper/2( 0): type=1400 audit(0.0:8006): avc: denied { kill } for capability=5 scontext=u:r:kernel:s0 tcontext=u:r:kernel:s0 tclass=capability permissive=0
12-09 12:24:48.703 I/mpu_uart( 649): [MSG-P:RECV]:No message received in 1000 ms
12-09 12:24:49.185 I/OMX-VENC: venc_dev( 1203): stats: avg. fps 1.06, bitrate 41544
12-09 12:24:49.427 E/TaskPersister( 1514): File error accessing recents directory (directory doesn't exist?).
12-09 12:24:49.485 I/OMX-VENC: venc_dev( 1203): stats: avg. fps 9.98, bitrate 53372
12-09 12:24:49.591 W/swapper/2( 0): type=1400 audit(0.0:8007): avc: denied { kill } for capability=5 scontext=u:r:kernel:s0 tcontext=u:r:kernel:s0 tclass=capability permissive=0
12-09 12:24:49.703 I/mpu_uart( 649): [MSG-P:RECV]:No message received in 1000 ms
12-09 12:24:50.187 I/OMX-VENC: venc_dev( 1203): stats: avg. fps 1.00, bitrate 117849
12-09 12:24:50.290 I/mpu_uart( 649): [MSG-P:R]:recv sync frame timeout
12-09 12:24:50.488 I/OMX-VENC: venc_dev( 1203): stats: avg. fps 9.97, bitrate 53357
12-09 12:24:50.591 W/swapper/2( 0): type=1400 audit(0.0:8008): avc: denied { kill } for capability=5 scontext=u:r:kernel:s0 tcontext=u:r:kernel:s0 tclass=capability permissive=0
12-09 12:24:50.704 I/mpu_uart( 649): [MSG-P:RECV]:No message received in 1000 ms
12-09 12:24:51.191 I/OMX-VENC: venc_dev( 1203): stats: avg. fps 1.00, bitrate 67381
12-09 12:24:51.490 I/OMX-VENC: venc_dev( 1203): stats: avg. fps 9.98, bitrate 53370
12-09 12:24:51.591 W/swapper/2( 0): type=1400 audit(0.0:8009): avc: denied { kill } for capability=5 scontext=u:r:kernel:s0 tcontext=u:r:kernel:s0 tclass=capability permissive=0
12-09 12:24:51.704 I/mpu_uart( 649): [MSG-P:RECV]:No message received in 1000 ms
12-09 12:24:51.804 D/UIAutomatorStub(18567): URI: /jsonrpc/0, Method: POST, params, {NanoHttpd.QUERY_STRING=null}, files: {postData={"jsonrpc": "2.0", "id": "d7dfcab98bb6de7e5a739e6821abd4e4", "method": "waitForExists", "params": [{"mask": 2097152, "childOrSibling": [], "childOrSiblingSelector": [], "resourceId": "android:id/move_window"}, 3000]}}
12-09 12:24:51.808 W/QueryController(18567): Could not detect idle state.
12-09 12:24:51.890 D/UIAutomatorStub(18567): URI: /jsonrpc/0, Method: POST, params, {NanoHttpd.QUERY_STRING=null}, files: {postData={"jsonrpc": "2.0", "id": "f82f6c37a5a8c53d113df85e3b23eb6c", "method": "objInfo", "params": [{"mask": 2097152, "childOrSibling": [], "childOrSiblingSelector": [], "resourceId": "android:id/move_window"}]}}
12-09 12:24:51.895 W/QueryController(18567): Could not detect idle state.
12-09 12:24:51.917 W/QueryController(18567): Could not detect idle state.
12-09 12:24:51.921 W/QueryController(18567): Could not detect idle state.
12-09 12:24:51.923 W/QueryController(18567): Could not detect idle state.
12-09 12:24:51.926 W/QueryController(18567): Could not detect idle state.
12-09 12:24:51.928 W/QueryController(18567): Could not detect idle state.
12-09 12:24:51.930 W/QueryController(18567): Could not detect idle state.
12-09 12:24:51.934 W/QueryController(18567): Could not detect idle state.
12-09 12:24:51.936 W/QueryController(18567): Could not detect idle state.
12-09 12:24:51.938 W/QueryController(18567): Could not detect idle state.
12-09 12:24:51.940 W/QueryController(18567): Could not detect idle state.
12-09 12:24:51.942 W/QueryController(18567): Could not detect idle state.
12-09 12:24:51.944 W/QueryController(18567): Could not detect idle state.
12-09 12:24:51.945 W/QueryController(18567): Could not detect idle state.
12-09 12:24:51.947 W/QueryController(18567): Could not detect idle state.
12-09 12:24:51.949 W/QueryController(18567): Could not detect idle state.
12-09 12:24:51.952 W/QueryController(18567): Could not detect idle state.
12-09 12:24:51.953 W/QueryController(18567): Could not detect idle state.
12-09 12:24:52.008 D/UIAutomatorStub(18567): URI: /jsonrpc/0, Method: POST, params, {NanoHttpd.QUERY_STRING=null}, files: {postData={"jsonrpc": "2.0", "id": "e6c6da2133d74d3f796fc7c0fcf6a689", "method": "click", "params": [261.5, 99.0]}}
12-09 12:24:52.203 I/OMX-VENC: venc_dev( 1203): stats: avg. fps 5.93, bitrate 257961
12-09 12:24:52.590 I/OMX-VENC: venc_dev( 1203): stats: avg. fps 19.10, bitrate 101730
12-09 12:24:52.591 W/swapper/2( 0): type=1400 audit(0.0:8010): avc: denied { kill } for capability=5 scontext=u:r:kernel:s0 tcontext=u:r:kernel:s0 tclass=capability permissive=0
12-09 12:24:52.704 I/mpu_uart( 649): [MSG-P:RECV]:No message received in 1000 ms
12-09 12:24:53.248 D/UIAutomatorStub(18567): URI: /jsonrpc/0, Method: POST, params, {NanoHttpd.QUERY_STRING=null}, files: {postData={"jsonrpc": "2.0", "id": "fdb1a40b3821ae1034e6de3c5d8bb47c", "method": "exist", "params": [{"mask": 2097152, "childOrSibling": [], "childOrSiblingSelector": [], "resourceId": "android:id/caption"}]}}
12-09 12:24:53.252 W/QueryController(18567): Could not detect idle state.
12-09 12:24:53.291 I/mpu_uart( 649): [MSG-P:R]:recv sync frame timeout
12-09 12:24:53.591 W/swapper/2( 0): type=1400 audit(0.0:8011): avc: denied { kill } for capability=5 scontext=u:r:kernel:s0 tcontext=u:r:kernel:s0 tclass=capability permissive=0
12-09 12:24:53.597 I/OMX-VENC: venc_dev( 1203): stats: avg. fps 10.92, bitrate 58449
12-09 12:24:53.705 I/mpu_uart( 649): [MSG-P:RECV]:No message received in 1000 ms
12-09 12:24:54.075 E/WifiHAL ( 833): wifi_get_link_stats: requestResponse Error:-7
12-09 12:24:54.076 E/WifiVendorHal( 1514): getWifiLinkLayerStats_1_3_Internal(l.1168) failed {.code = ERROR_UNKNOWN, .description = , timed out}
12-09 12:24:54.148 I/OMX-VENC: venc_dev( 1203): stats: avg. fps 5.14, bitrate 461727
12-09 12:24:54.199 W/HWComposer( 975): Ignoring duplicate VSYNC event from HWC for display 4630946370410392961 (t=25509276104000)
12-09 12:24:54.215 W/HWComposer( 975): Ignoring duplicate VSYNC event from HWC for display 4630946370410392961 (t=25509292764000)
12-09 12:24:54.232 W/HWComposer( 975): Ignoring duplicate VSYNC event from HWC for display 4630946370410392961 (t=25509309477000)
12-09 12:24:54.249 W/HWComposer( 975): Ignoring duplicate VSYNC event from HWC for display 4630946370410392961 (t=25509326194000)
12-09 12:24:54.266 W/HWComposer( 975): Ignoring duplicate VSYNC event from HWC for display 4630946370410392961 (t=25509342895000)
12-09 12:24:54.283 W/HWComposer( 975): Ignoring duplicate VSYNC event from HWC for display 4630946370410392961 (t=25509359602000)
12-09 12:24:54.591 W/swapper/2( 0): type=1400 audit(0.0:8012): avc: denied { kill } for capability=5 scontext=u:r:kernel:s0 tcontext=u:r:kernel:s0 tclass=capability permissive=0
12-09 12:24:54.599 I/OMX-VENC: venc_dev( 1203): stats: avg. fps 10.98, bitrate 58766
12-09 12:24:54.705 I/mpu_uart( 649): [MSG-P:RECV]:No message received in 1000 ms
12-09 12:24:55.200 I/OMX-VENC: venc_dev( 1203): stats: avg. fps 1.90, bitrate 82858
12-09 12:24:55.367 D/ProcessState(19316): Binder ioctl to enable oneway spam detection failed: Invalid argument
12-09 12:24:55.372 D/StateManager( 2834): goToState: Overview
12-09 12:24:55.373 D/EditModeHelper( 2834): setHotseatVisibility: 0
12-09 12:24:55.376 V/ShadeControllerImpl( 2372): NotificationShadeWindow: com.android.systemui.statusbar.phone.NotificationShadeWindowView{7f4383b I.E...... ......ID 0,0-2380,1020} canPanelBeCollapsed(): false
12-09 12:24:55.387 D/FreeWindowHelper( 2834): enterOrExitRecentTasks: isEnterRecentTasks=true,mExitFlag=1
12-09 12:24:55.398 D/ActivityTrigger( 1514): ActivityTrigger activityPauseTrigger
12-09 12:24:55.399 D/UIAutomatorStub(18567): URI: /jsonrpc/0, Method: POST, params, {NanoHttpd.QUERY_STRING=null}, files: {postData={"jsonrpc": "2.0", "id": "4689ba635e98df2bf40b4830d2b30edf", "method": "waitForExists", "params": [{"mask": 2097153, "childOrSibling": [], "childOrSiblingSelector": [], "resourceId": "com.android.launcher3:id/name_tv", "text": "\u65e5\u5386"}, 3000]}}
12-09 12:24:55.402 W/QueryController(18567): Could not detect idle state.
12-09 12:24:55.407 I/ActivityTaskManager( 1514): FOREGROUND_APPLICATION_CHANGED to com.android.launcher3.uioverrides.QuickstepLauncher
12-09 12:24:55.411 D/FreeWindowContainer( 2834): reloadTask: TaskInfo{userId=0 taskId=141 displayId=0 isRunning=false baseIntent=Intent { flg=0x10008000 cmp=com.android.calendar/.AllInOneActivity } baseActivity=null topActivity=null origActivity=null realActivity=ComponentInfo{com.android.calendar/com.android.calendar.AllInOneActivity} numActivities=0 lastActiveTime=25510476 supportsSplitScreenMultiWindow=true supportsMultiWindow=true resizeMode=1 isResizeable=true token=WCT{android.window.IWindowContainerToken$Stub$Proxy@974023b} topActivityType=1 pictureInPictureParams=null displayCutoutSafeInsets=null topActivityInfo=null launchCookies=[] positionInParent=Point(0, 72) parentTaskId=-1 isFocused=false isVisible=true topActivityInSizeCompat=false locusId= null}
12-09 12:24:55.428 I/GameMode_ActivityMonitoringService( 9074): onForegroundActivitiesChanged uid 10069 pid 19196 fg false
12-09 12:24:55.433 I/GameMode_ActivityMonitoringService( 9074): Updating top task to: TaskInfoContainer [topActivity=ComponentInfo{com.android.launcher3/com.android.launcher3.uioverrides.QuickstepLauncher}, taskId=10, stackId=1, userId=0, displayId=0, position=6
12-09 12:24:55.433 I/GameMode_ActivityMonitoringService( 9074): Notifying about top task: TaskInfoContainer [topActivity=ComponentInfo{com.android.launcher3/com.android.launcher3.uioverrides.QuickstepLauncher}, taskId=10, stackId=1, userId=0, displayId=0, position=6
12-09 12:24:55.433 E/GameMode_ActivityMonitoringService( 9074): onActivityLaunch:com.android.launcher3
12-09 12:24:55.433 V/GameMode_GameTypeUtils( 9074): judge isGame:com.android.launcher3
12-09 12:24:55.433 V/GameMode_GpuUtils( 9074): fps:60
12-09 12:24:55.441 D/GameMode_GameModeActionUtils( 9074): Show GameMode entry by service!
12-09 12:24:55.441 W/ContextImpl( 9074): Calling a method in the system process without a qualified user: android.app.ContextImpl.startService:1816 android.content.ContextWrapper.startService:774 com.thundercomm.gamemode.ingame.services.GameModeActionUtils.startGameModeService:99 com.thundercomm.gamemode.ingame.services.GameModeActionUtils.startGameModeEntry:22 com.thundercomm.gamemode.ingame.services.ActivityMonitoringService$1.onActivityLaunch:127
12-09 12:24:55.443 D/GameMode_GameModeService( 9074): type=hide_entry
12-09 12:24:55.444 D/GameModeIF_GameModeSettings( 9074): getUriFor setting_content_uri_root = content://com.thundercomm.gamemode.api/gamemode_settings , name = gamemode_isgaming
12-09 12:24:55.444 W/InputManager-JNI( 1514): Input channel object '6573409 com.android.calendar/com.android.calendar.AllInOneActivity (client)' was disposed without first being removed with the input manager!
12-09 12:24:55.447 D/libEGL ( 1514): MSAA-->msaa:0 gamemode:0 4x_msaa:0
12-09 12:24:55.448 D/libEGL ( 1514): MSAA-->msaa:0 gamemode:0 4x_msaa:0
12-09 12:24:55.448 D/libEGL ( 1514): MSAA-->msaa:0 gamemode:0 4x_msaa:0
12-09 12:24:55.449 I/GameModeConfig( 1514): Current uri is uri = content://com.thundercomm.gamemode.api/gamemode_settings/gamemode_isgaming
12-09 12:24:55.449 D/GameModeIF_GameModeSettings( 1514): getUriFor setting_content_uri_root = content://com.thundercomm.gamemode.api/gamemode_settings , name = gamemode_isgaming
12-09 12:24:55.450 D/GameModeIF_GameModeSettings( 9074): gamemode_isgaming set to 0
12-09 12:24:55.451 D/GameMode_GameSettingsObserver( 9074): Game Data change!!!! uri = content://com.thundercomm.gamemode.api/gamemode_settings/gamemode_isgaming
12-09 12:24:55.451 D/GameModeIF_GameModeSettings( 9074): getUriFor setting_content_uri_root = content://com.thundercomm.gamemode.api/gamemode_settings , name = gamemode_isgaming
12-09 12:24:55.463 I/GameModeConfig( 1514): isGameModeOn = false
12-09 12:24:55.463 I/GameModeConfig( 1514): isGameModeOn = false
12-09 12:24:55.463 I/GameModeConfig( 1514): isDisableVoice = true
12-09 12:24:55.469 D/BaseIconFactory( 2834): normalizeAndWrapToAdaptiveIcon: scale=0.8095241
12-09 12:24:55.471 D/GameMode_GameModeService( 9074): updateGlobalSettings = gamemode_isgaming
12-09 12:24:55.513 I/GameMode_ActivityMonitoringService( 9074): onTaskStackChanged
12-09 12:24:55.515 I/GameMode_ActivityMonitoringService( 9074): Updating top task to: TaskInfoContainer [topActivity=ComponentInfo{com.android.launcher3/com.android.launcher3.uioverrides.QuickstepLauncher}, taskId=10, stackId=1, userId=0, displayId=0, position=6
12-09 12:24:55.515 I/GameMode_ActivityMonitoringService( 9074): Notifying about top task: TaskInfoContainer [topActivity=ComponentInfo{com.android.launcher3/com.android.launcher3.uioverrides.QuickstepLauncher}, taskId=10, stackId=1, userId=0, displayId=0, position=6
12-09 12:24:55.516 E/GameMode_ActivityMonitoringService( 9074): onActivityLaunch:com.android.launcher3
12-09 12:24:55.516 V/GameMode_GameTypeUtils( 9074): judge isGame:com.android.launcher3
12-09 12:24:55.516 V/GameMode_GpuUtils( 9074): fps:60
12-09 12:24:55.517 D/GameMode_GameModeActionUtils( 9074): Show GameMode entry by service!
12-09 12:24:55.518 W/ContextImpl( 9074): Calling a method in the system process without a qualified user: android.app.ContextImpl.startService:1816 android.content.ContextWrapper.startService:774 com.thundercomm.gamemode.ingame.services.GameModeActionUtils.startGameModeService:99 com.thundercomm.gamemode.ingame.services.GameModeActionUtils.startGameModeEntry:22 com.thundercomm.gamemode.ingame.services.ActivityMonitoringService$1.onActivityLaunch:127
12-09 12:24:55.518 W/ActivityTaskManager( 1514): getTaskSnapshot: taskId=3136 not found
12-09 12:24:55.518 W/ActivityTaskManager( 1514): getTaskSnapshot: taskId=2136 not found
12-09 12:24:55.518 W/ActivityTaskManager( 1514): getTaskSnapshot: taskId=1136 not found
12-09 12:24:55.521 D/GameMode_GameModeService( 9074): type=hide_entry
12-09 12:24:55.521 D/GameModeIF_GameModeSettings( 9074): getUriFor setting_content_uri_root = content://com.thundercomm.gamemode.api/gamemode_settings , name = gamemode_isgaming
12-09 12:24:55.523 I/GameModeConfig( 1514): Current uri is uri = content://com.thundercomm.gamemode.api/gamemode_settings/gamemode_isgaming
12-09 12:24:55.523 D/GameModeIF_GameModeSettings( 1514): getUriFor setting_content_uri_root = content://com.thundercomm.gamemode.api/gamemode_settings , name = gamemode_isgaming
12-09 12:24:55.523 D/GameMode_GameSettingsObserver( 9074): Game Data change!!!! uri = content://com.thundercomm.gamemode.api/gamemode_settings/gamemode_isgaming
12-09 12:24:55.523 D/GameModeIF_GameModeSettings( 9074): getUriFor setting_content_uri_root = content://com.thundercomm.gamemode.api/gamemode_settings , name = gamemode_isgaming
12-09 12:24:55.523 D/GameModeIF_GameModeSettings( 9074): gamemode_isgaming set to 0
12-09 12:24:55.526 I/GameModeConfig( 1514): isGameModeOn = false
12-09 12:24:55.526 I/GameModeConfig( 1514): isGameModeOn = false
12-09 12:24:55.526 I/GameModeConfig( 1514): isDisableVoice = true
12-09 12:24:55.527 D/GameMode_GameModeService( 9074): updateGlobalSettings = gamemode_isgaming
12-09 12:24:55.530 W/ActivityTaskManager( 1514): getTaskSnapshot: taskId=3136 not found
12-09 12:24:55.530 W/ActivityTaskManager( 1514): getTaskSnapshot: taskId=2136 not found
12-09 12:24:55.530 W/ActivityTaskManager( 1514): getTaskSnapshot: taskId=1136 not found
12-09 12:24:55.544 D/UIAutomatorStub(18567): URI: /jsonrpc/0, Method: POST, params, {NanoHttpd.QUERY_STRING=null}, files: {postData={"jsonrpc": "2.0", "id": "ed2ea4c5ce670361e1fb92d69edf9e65", "method": "objInfo", "params": [{"mask": 2097153, "childOrSibling": [], "childOrSiblingSelector": [], "resourceId": "com.android.launcher3:id/name_tv", "text": "\u65e5\u5386"}]}}
12-09 12:24:55.546 W/QueryController(18567): Could not detect idle state.
12-09 12:24:55.591 W/swapper/2( 0): type=1400 audit(0.0:8013): avc: denied { kill } for capability=5 scontext=u:r:kernel:s0 tcontext=u:r:kernel:s0 tclass=capability permissive=0
12-09 12:24:55.603 W/System ( 1514): A resource failed to call close.
12-09 12:24:55.603 W/System ( 1514): A resource failed to call close.
12-09 12:24:55.604 W/System ( 1514): A resource failed to call close.
12-09 12:24:55.604 W/System ( 1514): A resource failed to call close.
12-09 12:24:55.604 W/System ( 1514): A resource failed to call close.
12-09 12:24:55.604 W/System ( 1514): A resource failed to call close.
12-09 12:24:55.604 W/System ( 1514): A resource failed to call close.
12-09 12:24:55.606 W/System ( 1514): A resource failed to call close.
12-09 12:24:55.606 W/System ( 1514): A resource failed to call close.
