12-09 12:24:31.820 V/Avrcp_ext( 5198): updatePlayerStateAndPosition, old=PlaybackState {state=2, position=-1, buffered position=0, speed=0.0, updated=89922, actions=0, custom actions=[], active item id=-1, error=null}, state=null
12-09 12:24:31.820 I/Avrcp_ext( 5198): updatePlayerStateAndPosition: device: state = null
12-09 12:24:31.822 D/audio_hw_primary( 806): adev_get_parameters:is_hw_dec_session_available
12-09 12:24:31.822 D/audio_hw_spkr_prot( 806): fbsp_get_parameters: Speaker protection disabled
12-09 12:24:31.822 D/soundtrigger( 806): audio_extn_sound_trigger_get_parameters input string
12-09 12:24:31.822 D/soundtrigger( 806): extract_sm_handle input string param string
12-09 12:24:31.822 D/audio_hw_extn( 806): audio_extn_fm_get_parameters: Enter
12-09 12:24:31.822 D/audio_hw_extn( 806): audio_extn_get_parameters: returns
12-09 12:24:31.822 D/audio_hw_primary( 806): adev_get_parameters: exit: returns -
12-09 12:24:31.823 I/hash_map_utils( 958): system/bt/osi/src/hash_map_utils.cc:81 hash_map_utils_dump_string_keys_string_values: key: 'is_hw_dec_session_available' value: 'audio/vorbis'
12-09 12:24:31.824 D/CCodec ( 1184): allocate(c2.android.vorbis.decoder)
12-09 12:24:31.827 I/CCodec ( 1184): setting up 'default' as default (vendor) store
12-09 12:24:31.827 V/C2Store ( 1255): in init
12-09 12:24:31.827 V/C2Store ( 1255): loading dll
12-09 12:24:31.829 I/OMX-VENC: venc_dev( 1203): stats: avg. fps 38.58, bitrate 313539
12-09 12:24:31.830 I/CCodec ( 1184): Created component [c2.android.vorbis.decoder]
12-09 12:24:31.830 D/CCodecConfig( 1184): read media type: audio/vorbis
12-09 12:24:31.832 D/ReflectedParamUpdater( 1184): extent() != 1 for single value type: algo.buffers.max-count.values
12-09 12:24:31.833 D/ReflectedParamUpdater( 1184): extent() != 1 for single value type: output.subscribed-indices.values
12-09 12:24:31.833 D/ReflectedParamUpdater( 1184): extent() != 1 for single value type: input.buffers.allocator-ids.values
12-09 12:24:31.833 D/ReflectedParamUpdater( 1184): extent() != 1 for single value type: output.buffers.allocator-ids.values
12-09 12:24:31.833 D/ReflectedParamUpdater( 1184): extent() != 1 for single value type: algo.buffers.allocator-ids.values
12-09 12:24:31.833 D/ReflectedParamUpdater( 1184): extent() != 1 for single value type: output.buffers.pool-ids.values
12-09 12:24:31.833 D/ReflectedParamUpdater( 1184): extent() != 1 for single value type: algo.buffers.pool-ids.values
12-09 12:24:31.835 I/CCodecConfig( 1184): query failed after returning 7 values (BAD_INDEX)
12-09 12:24:31.835 D/CCodecConfig( 1184): c2 config diff is Dict {
12-09 12:24:31.835 D/CCodecConfig( 1184): c2::u32 coded.bitrate.value = 64000
12-09 12:24:31.835 D/CCodecConfig( 1184): c2::u32 input.buffers.max-size.value = 32768
12-09 12:24:31.835 D/CCodecConfig( 1184): c2::u32 input.delay.value = 0
12-09 12:24:31.835 D/CCodecConfig( 1184): string input.media-type.value = "audio/vorbis"
12-09 12:24:31.835 D/CCodecConfig( 1184): string output.media-type.value = "audio/raw"
12-09 12:24:31.835 D/CCodecConfig( 1184): c2::u32 raw.channel-count.value = 1
12-09 12:24:31.835 D/CCodecConfig( 1184): c2::u32 raw.sample-rate.value = 48000
12-09 12:24:31.835 D/CCodecConfig( 1184): }
12-09 12:24:31.836 D/CCodec ( 1184): [c2.android.vorbis.decoder] buffers are bound to CCodec for this session
12-09 12:24:31.836 D/CCodecConfig( 1184): no c2 equivalents for durationUs
12-09 12:24:31.836 D/CCodecConfig( 1184): no c2 equivalents for csd-1
12-09 12:24:31.836 D/CCodecConfig( 1184): no c2 equivalents for language
12-09 12:24:31.836 D/CCodecConfig( 1184): no c2 equivalents for file-format
12-09 12:24:31.837 D/CCodecConfig( 1184): no c2 equivalents for flags
12-09 12:24:31.837 D/CCodecConfig( 1184): config failed => CORRUPTED
12-09 12:24:31.837 D/CCodecConfig( 1184): c2 config diff is c2::u32 coded.bitrate.value = 70000
12-09 12:24:31.838 W/Codec2Client( 1184): query -- param skipped: index = 1107298332.
12-09 12:24:31.838 D/CCodec ( 1184): setup formats input: AMessage(what = 0x00000000) = {
12-09 12:24:31.838 D/CCodec ( 1184): int32_t bitrate = 70000
12-09 12:24:31.838 D/CCodec ( 1184): int32_t channel-count = 1
12-09 12:24:31.838 D/CCodec ( 1184): int32_t max-input-size = 65307
12-09 12:24:31.838 D/CCodec ( 1184): string mime = "audio/vorbis"
12-09 12:24:31.838 D/CCodec ( 1184): int32_t sample-rate = 48000
12-09 12:24:31.838 D/CCodec ( 1184): }
12-09 12:24:31.838 D/CCodec ( 1184): setup formats output: AMessage(what = 0x00000000) = {
12-09 12:24:31.838 D/CCodec ( 1184): int32_t channel-count = 1
12-09 12:24:31.838 D/CCodec ( 1184): string mime = "audio/raw"
12-09 12:24:31.838 D/CCodec ( 1184): int32_t sample-rate = 48000
12-09 12:24:31.838 D/CCodec ( 1184): int32_t android._config-pcm-encoding = 2
12-09 12:24:31.838 D/CCodec ( 1184): }
12-09 12:24:31.838 I/CCodecConfig( 1184): query failed after returning 7 values (BAD_INDEX)
12-09 12:24:31.839 I/MediaCodec( 1184): MediaCodec will operate in async mode
12-09 12:24:31.839 D/MediaCodec( 1184): keep callback message for reclaim
12-09 12:24:31.839 W/Codec2Client( 1184): query -- param skipped: index = 1342179345.
12-09 12:24:31.840 W/Codec2Client( 1184): query -- param skipped: index = 2415921170.
12-09 12:24:31.841 D/CCodecBufferChannel( 1184): [c2.android.vorbis.decoder#963] Created input block pool with allocatorID 16 => poolID 26 - OK (0)
12-09 12:24:31.842 D/BufferPoolAccessor2.0( 1184): bufferpool2 0xe53c2c08 : 0(0 size) total buffers - 0(0 size) used buffers - 0/4 (recycle/alloc) - 2/4 (fetch/transfer)
12-09 12:24:31.842 D/BufferPoolAccessor2.0( 1184): Destruction - bufferpool2 0xe53c2c08 cached: 0/0M, 0/0% in use; allocs: 4, 0% recycled; transfers: 4, 50% unfetched
12-09 12:24:31.842 I/CCodecBufferChannel( 1184): [c2.android.vorbis.decoder#963] Created output block pool with allocatorID 16 => poolID 41 - OK
12-09 12:24:31.842 D/CCodecBufferChannel( 1184): [c2.android.vorbis.decoder#963] Configured output block pool ids 41 => OK
12-09 12:24:31.842 D/CCodecBufferChannel( 1184): [c2.android.vorbis.decoder#963] start: updating output delay 0
12-09 12:24:31.843 I/CCodecBufferChannel( 1184): pipelineRoom(3) is <= numClientBuffers(3). Not signalling any more buffers to client
12-09 12:24:31.843 D/SimpleC2Component( 1255): Using output block pool with poolID 41 => got 41 - 0
12-09 12:24:31.844 I/CCodecBufferChannel( 1184): pipelineRoom(2) is <= numClientBuffers(2). Not signalling any more buffers to client
12-09 12:24:31.845 I/CCodecBufferChannel( 1184): pipelineRoom(1) is <= numClientBuffers(1). Not signalling any more buffers to client
12-09 12:24:31.849 I/ExtendedNuUtils( 1184): Both src and dst missing for bit-width
12-09 12:24:31.849 I/ExtendedNuUtils( 1184): Overriding durationUs: with 64 bit src value 1728000
12-09 12:24:31.849 I/ExtendedNuUtils( 1184): Both src and dst missing for channel-mask
12-09 12:24:31.853 D/audio_hw_primary( 806): adev_get_parameters:vr_audio_mode_on
12-09 12:24:31.853 I/audio_hw_primary( 806): getting vr mode to 0
12-09 12:24:31.853 D/audio_hw_primary( 806): adev_get_parameters: exit: returns - vr_audio_mode_on=false
12-09 12:24:31.853 I/hash_map_utils( 958): system/bt/osi/src/hash_map_utils.cc:81 hash_map_utils_dump_string_keys_string_values: key: 'vr_audio_mode_on' value: ''
12-09 12:24:31.854 D/AudioFlinger( 958): Client defaulted notificationFrames to 12000 for frameCount 24000
12-09 12:24:31.856 D/AF::TrackHandle( 958): OpPlayAudio: track:63 usage:5 not muted
12-09 12:24:31.864 I/EffectsFactory( 806): EffectCreate() create_effect
12-09 12:24:31.866 E/volume_listener( 806): check_and_set_gain_dep_cal: Failed to set gain dep cal level
12-09 12:24:31.866 D/audio_hw_primary( 806): start_output_stream: enter: stream(0xee9c64c0)usecase(1: low-latency-playback) devices(0x2) is_haptic_usecase(0)
12-09 12:24:31.867 E/ANDR-PERF-TARGET( 869): Error: Invalid logical cluster id 0
12-09 12:24:31.867 E/ANDR-PERF-REQUEST( 869): invalid request
12-09 12:24:31.867 E/ANDR-PERF-MPCTL( 869): invalid request, no optimizations performed
12-09 12:24:31.867 E/audio_hw_extn( 806): audio_extn_perf_lock_acquire: Failed to acquire perf lock, err: -1
12-09 12:24:31.867 D/audio_hw_primary( 806): select_devices for use case (low-latency-playback)
12-09 12:24:31.867 I/msm8974_platform( 806): platform_check_and_set_codec_backend_cfg:becf: afe: bitwidth 16, samplerate 48000 channels 2, backend_idx 0 usecase = 1 device (speaker)
12-09 12:24:31.867 D/msm8974_platform( 806): platform_split_snd_device: snd_device(2) num devices(1) new_snd_devices(0)
12-09 12:24:31.867 I/msm8974_platform( 806): platform_check_and_set_codec_backend_cfg: new_snd_devices[0] is 2
12-09 12:24:31.867 I/msm8974_platform( 806): platform_check_codec_backend_cfg:becf: afe: bitwidth 16, samplerate 48000 channels 2, backend_idx 0 usecase = 1 device (speaker)
12-09 12:24:31.869 D/audio_hw_extn( 806): audio_extn_enable_hifi_filter: mixer_value set 0
12-09 12:24:31.869 D/msm8974_platform( 806): platform_check_codec_backend_cfg:becf: updated afe: bitwidth 16, samplerate 48000 channels 2,backend_idx 0 usecase = 1 device (speaker)
12-09 12:24:31.869 D/msm8974_platform( 806): platform_check_codec_backend_cfg:becf: afe: playback on codec device not supporting native playback set default Sample Rate(48k)
12-09 12:24:31.869 I/msm8974_platform( 806): platform_check_codec_backend_cfg:becf: afe: Codec selected backend: 0 updated bit width: 16 and sample rate: 48000
12-09 12:24:31.869 D/audio_hw_primary( 806): check_usecases_codec_backend:becf: force routing 0
12-09 12:24:31.869 E/msm8974_platform( 806): platform_check_backends_match: Invalid snd_device =
12-09 12:24:31.869 D/audio_hw_primary( 806): check_usecases_codec_backend:becf: (78) check_usecases curr device: speaker, usecase device: backends match 0
12-09 12:24:31.869 D/audio_hw_primary( 806): check_usecases_codec_backend:becf: check_usecases num.of Usecases to switch 0
12-09 12:24:31.869 D/hardware_info( 806): hw_info_append_hw_type : device_name = speaker
12-09 12:24:31.869 D/msm8974_platform( 806): platform_split_snd_device: snd_device(2) num devices(0) new_snd_devices(0)
12-09 12:24:31.869 D/audio_hw_primary( 806): enable_snd_device: snd_device(2: speaker)
12-09 12:24:31.869 D/msm8974_platform( 806): platform_get_island_cfg_on_device:island cfg status on snd_device = (speaker 0)
12-09 12:24:31.869 I/soundtrigger( 806): audio_extn_sound_trigger_update_device_status: device 0x2 of type 0 for Event 1, with Raise=0
12-09 12:24:31.869 D/audio_route( 806): Apply path: speaker
12-09 12:24:31.869 I/audio_hw_utils( 806): audio_extn_utils_update_stream_output_app_type_cfg Allowing 24 and above bits playback on speaker ONLY at default sampling rate
12-09 12:24:31.869 E/soundtrigger( 806): audio_extn_sound_trigger_update_stream_status: invalid input device 0x0, for event 3
12-09 12:24:31.869 D/soundtrigger( 806): audio_extn_sound_trigger_update_stream_status: uc_info->id 1 of type 0 for Event 3, with Raise=0
12-09 12:24:31.869 D/audio_hw_utils( 806): audio_extn_utils_send_app_type_cfg: usecase->out_snd_device speaker
12-09 12:24:31.869 D/msm8974_platform( 806): platform_split_snd_device: snd_device(2) num devices(0) new_snd_devices(0)
12-09 12:24:31.869 D/audio_hw_utils( 806): audio_extn_btsco_get_sample_rate:Not a BT SCO device, need not update sampling rate
12-09 12:24:31.869 I/audio_hw_utils( 806): send_app_type_cfg_for_device PLAYBACK app_type 69937, acdb_dev_id 15, sample_rate 48000, snd_device_be_idx 179
12-09 12:24:31.869 D/msm8974_platform( 806): platform_split_snd_device: snd_device(2) num devices(1) new_snd_devices(0)
12-09 12:24:31.869 D/audio_hw_utils( 806): audio_extn_btsco_get_sample_rate:Not a BT SCO device, need not update sampling rate
12-09 12:24:31.869 D/ACDB-LOADER( 806): ACDB -> send_audio_cal, acdb_id = 15, path = 0, app id = 0x11131, sample rate = 48000, afe_sample_rate = 48000
12-09 12:24:31.869 D/ACDB-LOADER( 806): ACDB -> send_asm_topology
12-09 12:24:31.869 D/ACDB-LOADER( 806): ACDB -> ACDB_CMD_GET_AUDPROC_STREAM_TOPOLOGY_ID
12-09 12:24:31.870 D/ACDB-LOADER( 806): ACDB -> send_adm_topology
12-09 12:24:31.870 D/ACDB-LOADER( 806): ACDB -> ACDB_CMD_GET_AUDPROC_COMMON_TOPOLOGY_ID
12-09 12:24:31.870 D/ACDB-LOADER( 806): ACDB -> send_audtable
12-09 12:24:31.870 D/ACDB-LOADER( 806): ACDB -> ACDB_CMD_GET_AUDPROC_INSTANCE_COMMON_TABLE_SIZE
12-09 12:24:31.870 D/ACDB-LOADER( 806): ACDB -> ACDB_CMD_GET_AUDPROC_INSTANCE_COMMON_TABLE
12-09 12:24:31.870 D/ACDB-LOADER( 806): ACDB -> AUDIO_SET_AUDPROC_CAL cal_type[11] acdb_id[15] app_type[69937]
12-09 12:24:31.870 D/ACDB-LOADER( 806): ACDB -> send_audvoltable
12-09 12:24:31.870 D/ACDB-LOADER( 806): ACDB -> ACDB_CMD_GET_AUDPROC_INSTANCE_GAIN_DEP_STEP_TABLE_SIZE
12-09 12:24:31.870 D/ACDB-LOADER( 806): ACDB -> ACDB_CMD_GET_AUDPROC_INSTANCE_GAIN_DEP_STEP_TABLE, vol index 0
12-09 12:24:31.870 D/ACDB-LOADER( 806): ACDB -> AUDIO_SET_VOL_CAL cal type = 12
12-09 12:24:31.870 D/ACDB-LOADER( 806): ACDB -> ACDB_CMD_GET_AUDPROC_INSTANCE_STREAM_TABLE_SIZE
12-09 12:24:31.870 D/ACDB-LOADER( 806): ACDB -> send_audstrmtable
12-09 12:24:31.870 D/ACDB-LOADER( 806): ACDB -> ACDB_CMD_GET_AUDPROC_INSTANCE_STREAM_TABLE
12-09 12:24:31.870 D/ACDB-LOADER( 806): ACDB -> audstrm_cal->cal_type.cal_data.cal_size = 20
12-09 12:24:31.870 D/ACDB-LOADER( 806): ACDB -> send_afe_topology
12-09 12:24:31.870 D/ACDB-LOADER( 806): ACDB -> ACDB_CMD_GET_AFE_TOPOLOGY_ID
12-09 12:24:31.870 D/ACDB-LOADER( 806): ACDB -> GET_AFE_TOPOLOGY_ID for adcd_id 15, Topology Id 112fc
12-09 12:24:31.870 D/ACDB-LOADER( 806): ACDB -> send_afe_cal
12-09 12:24:31.870 D/ACDB-LOADER( 806): ACDB -> ACDB_CMD_GET_AFE_INSTANCE_COMMON_TABLE_SIZE
12-09 12:24:31.870 D/android.hardware.audio.service( 806): Failed to fetch the lookup information of the device 0000000F
12-09 12:24:31.870 D/ACDB-LOADER( 806): Error: ACDB_CMD_GET_AFE_INSTANCE_COMMON_TABLE_SIZE Returned = -19
12-09 12:24:31.870 D/ACDB-LOADER( 806): ACDB -> ACDB_CMD_GET_AFE_INSTANCE_COMMON_TABLE
12-09 12:24:31.870 W/AudioIDCMicroNegotiator( 1514): idcm_warn: idcm control is not enable
12-09 12:24:31.870 D/android.hardware.audio.service( 806): Failed to fetch the lookup information of the device 0000000F
12-09 12:24:31.870 D/ACDB-LOADER( 806): Error: ACDB AFE returned = -19
12-09 12:24:31.870 D/ACDB-LOADER( 806): ACDB -> AUDIO_SET_AFE_CAL cal_type[16] acdb_id[15]
12-09 12:24:31.870 D/ACDB-LOADER( 806): ACDB -> send_hw_delay : acdb_id = 15 path = 0
12-09 12:24:31.870 D/ACDB-LOADER( 806): ACDB -> ACDB_AVSYNC_INFO: ACDB_CMD_GET_DEVICE_PROPERTY
12-09 12:24:31.870 D/msm8974_platform( 806): platform_split_snd_device: snd_device(2) num devices(0) new_snd_devices(0)
12-09 12:24:31.870 I/msm8974_platform( 806): platform_get_custom_mtmx_params: no matching param with id 0 ip_ch 2 op_ch 2 uc_id 1 snd_dev 2
12-09 12:24:31.870 D/audio_hw_primary( 806): enable_audio_route: apply mixer and update path: low-latency-playback
12-09 12:24:31.870 D/audio_route( 806): Apply path: low-latency-playback
12-09 12:24:31.871 D/audio_hw_primary( 806): select_devices: done
12-09 12:24:31.872 D/Avrcp_ext( 5198): AudioManager Player: AudioPlaybackConfiguration piid:103 deviceId:0 type:android.media.SoundPool u/pid:10082/2372 state:idle attr:AudioAttributes: usage=USAGE_ASSISTANCE_SONIFICATION content=CONTENT_TYPE_SONIFICATION flags=0x800 tags= bundle=null sessionId:0
12-09 12:24:31.872 D/Avrcp_ext( 5198): AudioManager Player: AudioPlaybackConfiguration piid:631 deviceId:0 type:android.media.SoundPool u/pid:1000/9074 state:idle attr:AudioAttributes: usage=USAGE_ASSISTANCE_SONIFICATION content=CONTENT_TYPE_SONIFICATION flags=0x801 tags= bundle=null sessionId:0
12-09 12:24:31.872 D/Avrcp_ext( 5198): AudioManager Player: AudioPlaybackConfiguration piid:95 deviceId:0 type:android.media.SoundPool u/pid:1000/1514 state:idle attr:AudioAttributes: usage=USAGE_ASSISTANCE_SONIFICATION content=CONTENT_TYPE_SONIFICATION flags=0x800 tags= bundle=null sessionId:0
12-09 12:24:31.872 D/Avrcp_ext( 5198): AudioManager Player: AudioPlaybackConfiguration piid:735 deviceId:0 type:android.media.SoundPool u/pid:10101/18567 state:idle attr:AudioAttributes: usage=USAGE_MEDIA content=CONTENT_TYPE_MUSIC flags=0x800 tags= bundle=null sessionId:0
12-09 12:24:31.872 D/Avrcp_ext( 5198): AudioManager Player: AudioPlaybackConfiguration piid:751 deviceId:3 type:android.media.MediaPlayer u/pid:10082/2372 state:started attr:AudioAttributes: usage=USAGE_NOTIFICATION content=CONTENT_TYPE_SONIFICATION flags=0x800 tags= bundle=null sessionId:0
12-09 12:24:31.873 D/Avrcp_ext( 5198): AudioManager Player in started state: com.android.systemui
12-09 12:24:31.873 D/Avrcp_ext( 5198): AudioManager Active Player: com.android.systemui
12-09 12:24:31.873 D/Avrcp_ext( 5198): AudioManager isPlaying: true, mAudioPlaybackIsActive = true
12-09 12:24:31.895 D/msm8974_platform( 806): platform_set_channel_map mixer_ctl_name:Playback Channel Map9
12-09 12:24:31.895 D/msm8974_platform( 806): platform_set_channel_map: set mapping(1 2 0 0 0 0 0 0) for channel:2
12-09 12:24:31.897 E/audio_hw_extn( 806): audio_extn_perf_lock_release: Perf lock release error
12-09 12:24:31.897 D/audio_hw_primary( 806): start_output_stream: exit
12-09 12:24:31.897 D/audio_hw_primary( 806): out_write: retry previous failed cal level set
12-09 12:24:31.897 D/msm8974_platform( 806): platform_split_snd_device: snd_device(2) num devices(1) new_snd_devices(0)
12-09 12:24:31.897 D/ACDB-LOADER( 806): ACDB -> send_audvoltable
12-09 12:24:31.897 D/ACDB-LOADER( 806): ACDB -> ACDB_CMD_GET_AUDPROC_INSTANCE_GAIN_DEP_STEP_TABLE_SIZE
12-09 12:24:31.897 D/ACDB-LOADER( 806): ACDB -> ACDB_CMD_GET_AUDPROC_INSTANCE_GAIN_DEP_STEP_TABLE, vol index 5
12-09 12:24:31.897 D/ACDB-LOADER( 806): ACDB -> AUDIO_SET_VOL_CAL cal type = 40
12-09 12:24:31.908 D/msm8974_platform( 806): platform_split_snd_device: snd_device(2) num devices(1) new_snd_devices(0)
12-09 12:24:32.119 D/vendor.qti.vibrator( 877): QTI Vibrator off
12-09 12:24:32.121 D/vendor.qti.vibrator( 877): Notifying on complete
12-09 12:24:32.146 I/OMX-VENC: venc_dev( 1203): stats: avg. fps 33.06, bitrate 1784806
12-09 12:24:32.273 I/mpu_uart( 649): [MSG-P:R]:recv sync frame timeout
12-09 12:24:32.370 D/vendor.qti.vibrator( 877): Vibrator on for timeoutMs: 350
12-09 12:24:32.371 D/vendor.qti.vibrator( 877): Starting on on another thread
12-09 12:24:32.591 W/swapper/2( 0): type=1400 audit(0.0:7991): avc: denied { kill } for capability=5 scontext=u:r:kernel:s0 tcontext=u:r:kernel:s0 tclass=capability permissive=0
12-09 12:24:32.698 I/mpu_uart( 649): [MSG-P:RECV]:No message received in 1000 ms
12-09 12:24:32.721 D/vendor.qti.vibrator( 877): Notifying on complete
12-09 12:24:32.722 D/vendor.qti.vibrator( 877): QTI Vibrator off
12-09 12:24:32.767 E/TaskPersister( 1514): File error accessing recents directory (directory doesn't exist?).
12-09 12:24:32.801 D/UIAutomatorStub(18567): URI: /jsonrpc/0, Method: POST, params, {NanoHttpd.QUERY_STRING=null}, files: {postData={"jsonrpc": "2.0", "id": "8eb607349c70f05fd5daf2592b962d17", "method": "exist", "params": [{"mask": 2097152, "childOrSibling": [], "childOrSiblingSelector": [], "resourceId": "android:id/caption"}]}}
12-09 12:24:32.806 W/QueryController(18567): Could not detect idle state.
12-09 12:24:32.848 I/OMX-VENC: venc_dev( 1203): stats: avg. fps 10.79, bitrate 79218
12-09 12:24:33.150 I/OMX-VENC: venc_dev( 1203): stats: avg. fps 1.00, bitrate 47172
12-09 12:24:33.205 D/AudioTrack( 1184): stop(47): called with 82980 frames delivered
12-09 12:24:33.585 I/GameModeConfig( 1514): isGameModeOn = false
12-09 12:24:33.591 W/swapper/2( 0): type=1400 audit(0.0:7992): avc: denied { kill } for capability=5 scontext=u:r:kernel:s0 tcontext=u:r:kernel:s0 tclass=capability permissive=0
12-09 12:24:33.627 I/GameModeConfig( 1514): isGameModeOn = false
12-09 12:24:33.648 D/audio_hw_primary( 806): out_set_parameters: enter: usecase(1: low-latency-playback) kvpairs: suspend_playback=true
12-09 12:24:33.648 D/audio_hw_extn( 806): audio_extn_fm_set_parameters: Enter
12-09 12:24:33.659 D/audio_hw_primary( 806): out_set_parameters: enter: usecase(1: low-latency-playback) kvpairs: suspend_playback=false
12-09 12:24:33.659 D/audio_hw_extn( 806): audio_extn_fm_set_parameters: Enter
12-09 12:24:33.663 D/audio_hw_primary( 806): out_set_parameters: enter: usecase(1: low-latency-playback) kvpairs: suspend_playback=true
12-09 12:24:33.663 D/audio_hw_extn( 806): audio_extn_fm_set_parameters: Enter
12-09 12:24:33.674 D/audio_hw_primary( 806): out_set_parameters: enter: usecase(1: low-latency-playback) kvpairs: suspend_playback=false
12-09 12:24:33.674 D/audio_hw_extn( 806): audio_extn_fm_set_parameters: Enter
12-09 12:24:33.678 W/AudioIDCMicroNegotiator( 1514): idcm_warn: idcm control is not enable
12-09 12:24:33.680 I/MediaFocusControl( 1514): abandonAudioFocus() from uid/pid 10082/2372 clientId=android.media.AudioManager@23e048e
12-09 12:24:33.680 D/Avrcp_ext( 5198): AudioManager Player: AudioPlaybackConfiguration piid:103 deviceId:0 type:android.media.SoundPool u/pid:10082/2372 state:idle attr:AudioAttributes: usage=USAGE_ASSISTANCE_SONIFICATION content=CONTENT_TYPE_SONIFICATION flags=0x800 tags= bundle=null sessionId:0
12-09 12:24:33.680 D/Avrcp_ext( 5198): AudioManager Player: AudioPlaybackConfiguration piid:631 deviceId:0 type:android.media.SoundPool u/pid:1000/9074 state:idle attr:AudioAttributes: usage=USAGE_ASSISTANCE_SONIFICATION content=CONTENT_TYPE_SONIFICATION flags=0x801 tags= bundle=null sessionId:0
12-09 12:24:33.680 D/Avrcp_ext( 5198): AudioManager Player: AudioPlaybackConfiguration piid:95 deviceId:0 type:android.media.SoundPool u/pid:1000/1514 state:idle attr:AudioAttributes: usage=USAGE_ASSISTANCE_SONIFICATION content=CONTENT_TYPE_SONIFICATION flags=0x800 tags= bundle=null sessionId:0
12-09 12:24:33.680 D/Avrcp_ext( 5198): AudioManager Player: AudioPlaybackConfiguration piid:735 deviceId:0 type:android.media.SoundPool u/pid:10101/18567 state:idle attr:AudioAttributes: usage=USAGE_MEDIA content=CONTENT_TYPE_MUSIC flags=0x800 tags= bundle=null sessionId:0
12-09 12:24:33.680 D/Avrcp_ext( 5198): AudioManager Player: AudioPlaybackConfiguration piid:751 deviceId:3 type:android.media.MediaPlayer u/pid:10082/2372 state:stopped attr:AudioAttributes: usage=USAGE_NOTIFICATION content=CONTENT_TYPE_SONIFICATION flags=0x800 tags= bundle=null sessionId:0
12-09 12:24:33.680 D/Avrcp_ext( 5198): AudioManager isPlaying: false, mAudioPlaybackIsActive = true
12-09 12:24:33.680 D/Avrcp_ext( 5198): AudioManager Reset Active Player
12-09 12:24:33.681 V/MediaPlayer( 2372): resetDrmState: mDrmInfo=null mDrmProvisioningThread=null mPrepareDrmInProgress=false mActiveDrmScheme=false
12-09 12:24:33.681 V/MediaPlayer( 2372): cleanDrmObj: mDrmObj=null mDrmSessionId=null
12-09 12:24:33.681 D/NuPlayerDriver( 1184): reset(0xe5740150) at state 6
12-09 12:24:33.683 V/Avrcp_ext( 5198): updateCurrentMediaState: mMediaController: MediaController (com.android.systemui@a17ce81) null
12-09 12:24:33.683 D/audio_hw_primary( 806): out_set_parameters: enter: usecase(1: low-latency-playback) kvpairs: suspend_playback=true
12-09 12:24:33.683 W/Avrcp_ext( 5198): isMusicActive: false getBluetoothPlayState: 2 A2dp State: 11 mAudioPlaybackIsActive: false
12-09 12:24:33.683 D/audio_hw_extn( 806): audio_extn_fm_set_parameters: Enter
12-09 12:24:33.684 D/Avrcp_ext( 5198): isMusicActive = false mAudioPlaybackIsActive = false player state = null
12-09 12:24:33.685 I/Avrcp_ext( 5198): Skipping update due to invalid playback state
12-09 12:24:33.685 V/Avrcp_ext( 5198): updatePlaybackState, state: null device: null
12-09 12:24:33.685 V/Avrcp_ext( 5198): Device: no name:
12-09 12:24:33.685 D/audio_hw_primary( 806): out_set_parameters: enter: usecase(1: low-latency-playback) kvpairs: suspend_playback=false
12-09 12:24:33.685 V/Avrcp_ext( 5198): Device: no name:
12-09 12:24:33.685 D/audio_hw_extn( 806): audio_extn_fm_set_parameters: Enter
12-09 12:24:33.685 V/Avrcp_ext( 5198): Device: no name:
12-09 12:24:33.685 V/Avrcp_ext( 5198): Device: no name:
12-09 12:24:33.685 V/Avrcp_ext( 5198): Device: no name:
12-09 12:24:33.685 V/Avrcp_ext( 5198): updatePlayerStateAndPosition, old=PlaybackState {state=2, position=-1, buffered position=0, speed=0.0, updated=89922, actions=0, custom actions=[], active item id=-1, error=null}, state=null
12-09 12:24:33.685 I/Avrcp_ext( 5198): updatePlayerStateAndPosition: device: state = null
12-09 12:24:33.685 D/Avrcp_ext( 5198): AudioManager Player: AudioPlaybackConfiguration piid:103 deviceId:0 type:android.media.SoundPool u/pid:10082/2372 state:idle attr:AudioAttributes: usage=USAGE_ASSISTANCE_SONIFICATION content=CONTENT_TYPE_SONIFICATION flags=0x800 tags= bundle=null sessionId:0
12-09 12:24:33.686 D/Avrcp_ext( 5198): AudioManager Player: AudioPlaybackConfiguration piid:631 deviceId:0 type:android.media.SoundPool u/pid:1000/9074 state:idle attr:AudioAttributes: usage=USAGE_ASSISTANCE_SONIFICATION content=CONTENT_TYPE_SONIFICATION flags=0x801 tags= bundle=null sessionId:0
12-09 12:24:33.686 D/Avrcp_ext( 5198): AudioManager Player: AudioPlaybackConfiguration piid:95 deviceId:0 type:android.media.SoundPool u/pid:1000/1514 state:idle attr:AudioAttributes: usage=USAGE_ASSISTANCE_SONIFICATION content=CONTENT_TYPE_SONIFICATION flags=0x800 tags= bundle=null sessionId:0
12-09 12:24:33.686 D/Avrcp_ext( 5198): AudioManager Player: AudioPlaybackConfiguration piid:735 deviceId:0 type:android.media.SoundPool u/pid:10101/18567 state:idle attr:AudioAttributes: usage=USAGE_MEDIA content=CONTENT_TYPE_MUSIC flags=0x800 tags= bundle=null sessionId:0
12-09 12:24:33.686 D/Avrcp_ext( 5198): AudioManager isPlaying: false, mAudioPlaybackIsActive = false
12-09 12:24:33.686 D/Avrcp_ext( 5198): AudioManager Reset Active Player
12-09 12:24:33.687 I/GameModeConfig( 1514): isGameModeOn = false
12-09 12:24:33.688 I/hw-BpHwBinder( 1184): onLastStrongRef automatically unlinking death recipients
12-09 12:24:33.688 I/hw-BpHwBinder( 1255): onLastStrongRef automatically unlinking death recipients
12-09 12:24:33.689 V/C2Store ( 1255): in ~ComponentModule
12-09 12:24:33.689 V/C2Store ( 1255): unloading dll
12-09 12:24:33.693 D/NuPlayerDriver( 1184): notifyResetComplete(0xe5740150)
12-09 12:24:33.694 W/AMessage( 1184): failed to post message as target looper for handler 0 is gone.
12-09 12:24:33.698 I/mpu_uart( 649): [MSG-P:RECV]:No message received in 1000 ms
12-09 12:24:33.733 D/audio_hw_primary( 806): out_set_parameters: enter: usecase(1: low-latency-playback) kvpairs: suspend_playback=true
12-09 12:24:33.733 D/audio_hw_extn( 806): audio_extn_fm_set_parameters: Enter
12-09 12:24:33.734 D/msm8974_platform( 806): platform_split_snd_device: snd_device(2) num devices(1) new_snd_devices(0)
12-09 12:24:33.734 D/ACDB-LOADER( 806): ACDB -> send_audvoltable
12-09 12:24:33.734 D/ACDB-LOADER( 806): ACDB -> ACDB_CMD_GET_AUDPROC_INSTANCE_GAIN_DEP_STEP_TABLE_SIZE
12-09 12:24:33.734 D/ACDB-LOADER( 806): ACDB -> ACDB_CMD_GET_AUDPROC_INSTANCE_GAIN_DEP_STEP_TABLE, vol index 0
12-09 12:24:33.734 D/ACDB-LOADER( 806): ACDB -> AUDIO_SET_VOL_CAL cal type = 40
12-09 12:24:33.735 D/msm8974_platform( 806): platform_split_snd_device: snd_device(2) num devices(1) new_snd_devices(0)
12-09 12:24:33.787 I/GameModeConfig( 1514): isGameModeOn = false
12-09 12:24:33.830 I/GameModeConfig( 1514): isGameModeOn = false
12-09 12:24:33.851 I/OMX-VENC: venc_dev( 1203): stats: avg. fps 9.97, bitrate 73659
12-09 12:24:33.890 I/GameModeConfig( 1514): isGameModeOn = false
12-09 12:24:34.151 I/OMX-VENC: venc_dev( 1203): stats: avg. fps 2.00, bitrate 95866
12-09 12:24:34.591 W/swapper/2( 0): type=1400 audit(0.0:7993): avc: denied { kill } for capability=5 scontext=u:r:kernel:s0 tcontext=u:r:kernel:s0 tclass=capability permissive=0
12-09 12:24:34.699 I/mpu_uart( 649): [MSG-P:RECV]:No message received in 1000 ms
12-09 12:24:34.733 D/audio_hw_primary( 806): out_set_parameters: enter: usecase(1: low-latency-playback) kvpairs: suspend_playback=false
12-09 12:24:34.734 D/audio_hw_extn( 806): audio_extn_fm_set_parameters: Enter
12-09 12:24:34.736 W/audio_hw_primary( 806): out_write: underrun(5) frames_by_time(48278) > out->last_fifo_frames_remaining(384)
12-09 12:24:34.774 D/audio_hw_primary( 806): out_set_parameters: enter: usecase(1: low-latency-playback) kvpairs: suspend_playback=true
12-09 12:24:34.774 D/audio_hw_extn( 806): audio_extn_fm_set_parameters: Enter
12-09 12:24:34.774 I/perfetto( 1164): ng_service_impl.cc:1821 FlushAndDisableTracing(14) done, success=1
12-09 12:24:34.775 I/perfetto( 1162): probes_producer.cc:340 Producer stop (id=14)
12-09 12:24:34.776 I/perfetto( 1162): ftrace_procfs.cc:213 disabled ftrace in /sys/kernel/tracing/
12-09 12:24:34.780 I/perfetto( 1164): ng_service_impl.cc:2293 Tracing session 14 ended, total sessions:0
12-09 12:24:34.783 I/iorapd ( 1160): Perfetto TraceBuffer saved to file: /data/misc/iorapd/com.android.calendar/31/com.android.calendar.AllInOneActivity/raw_traces/1670559874781850855.perfetto_trace.pb
12-09 12:24:34.881 I/GameModeConfig( 1514): isGameModeOn = false
12-09 12:24:34.906 I/GameModeConfig( 1514): isGameModeOn = false
12-09 12:24:34.931 I/GameModeConfig( 1514): isGameModeOn = false
12-09 12:24:34.948 I/GameModeConfig( 1514): isGameModeOn = false
12-09 12:24:34.951 I/OMX-VENC: venc_dev( 1203): stats: avg. fps 10.00, bitrate 73551
12-09 12:24:34.963 I/GameModeConfig( 1514): isGameModeOn = false
12-09 12:24:34.964 D/ProcessState(19286): Binder ioctl to enable oneway spam detection failed: Invalid argument
12-09 12:24:34.969 D/StateManager( 2834): goToState: Overview
12-09 12:24:34.970 D/EditModeHelper( 2834): setHotseatVisibility: 0
12-09 12:24:34.972 V/ShadeControllerImpl( 2372): NotificationShadeWindow: com.android.systemui.statusbar.phone.NotificationShadeWindowView{7f4383b I.E...... ......ID 0,0-2380,1020} canPanelBeCollapsed(): false
12-09 12:24:34.980 I/GameModeConfig( 1514): isGameModeOn = false
12-09 12:24:34.982 D/UIAutomatorStub(18567): URI: /jsonrpc/0, Method: POST, params, {NanoHttpd.QUERY_STRING=null}, files: {postData={"jsonrpc": "2.0", "id": "255316b16f14851841d152593c187d57", "method": "waitForExists", "params": [{"mask": 2097153, "childOrSibling": [], "childOrSiblingSelector": [], "resourceId": "com.android.launcher3:id/name_tv", "text": "\u65e5\u5386"}, 3000]}}
12-09 12:24:34.985 W/QueryController(18567): Could not detect idle state.
12-09 12:24:34.986 D/FreeWindowHelper( 2834): enterOrExitRecentTasks: isEnterRecentTasks=true,mExitFlag=1
12-09 12:24:34.996 D/ActivityTrigger( 1514): ActivityTrigger activityPauseTrigger
12-09 12:24:35.001 I/GameModeConfig( 1514): isGameModeOn = false
12-09 12:24:35.010 I/ActivityTaskManager( 1514): FOREGROUND_APPLICATION_CHANGED to com.android.launcher3.uioverrides.QuickstepLauncher
12-09 12:24:35.013 I/GameModeConfig( 1514): isGameModeOn = false
12-09 12:24:35.015 D/FreeWindowContainer( 2834): reloadTask: TaskInfo{userId=0 taskId=139 displayId=0 isRunning=false baseIntent=Intent { flg=0x10008000 cmp=com.android.calendar/.AllInOneActivity } baseActivity=null topActivity=null origActivity=null realActivity=ComponentInfo{com.android.calendar/com.android.calendar.AllInOneActivity} numActivities=0 lastActiveTime=25490075 supportsSplitScreenMultiWindow=true supportsMultiWindow=true resizeMode=1 isResizeable=true token=WCT{android.window.IWindowContainerToken$Stub$Proxy@b34e206} topActivityType=1 pictureInPictureParams=null displayCutoutSafeInsets=null topActivityInfo=null launchCookies=[] positionInParent=Point(0, 72) parentTaskId=-1 isFocused=false isVisible=true topActivityInSizeCompat=false locusId= null}
12-09 12:24:35.028 W/UiDevice(18567): Skipping null root node for window: AccessibilityWindowInfo[title=日历, displayId=0, id=121, type=TYPE_APPLICATION, layer=1, region=SkRegion((0,72,418,814)), bounds=Rect(0, 72 - 418, 814), focused=true, active=true, pictureInPicture=false, hasParent=false, isAnchored=false, hasChildren=false]
12-09 12:24:35.031 I/GameModeConfig( 1514): isGameModeOn = false
12-09 12:24:35.031 I/GameMode_ActivityMonitoringService( 9074): onForegroundActivitiesChanged uid 10069 pid 19196 fg false
12-09 12:24:35.036 I/GameMode_ActivityMonitoringService( 9074): Updating top task to: TaskInfoContainer [topActivity=ComponentInfo{com.android.launcher3/com.android.launcher3.uioverrides.QuickstepLauncher}, taskId=10, stackId=1, userId=0, displayId=0, position=6
12-09 12:24:35.036 W/InputManager-JNI( 1514): Input channel object '7cc7017 com.android.calendar/com.android.calendar.AllInOneActivity (client)' was disposed without first being removed with the input manager!
12-09 12:24:35.036 I/GameMode_ActivityMonitoringService( 9074): Notifying about top task: TaskInfoContainer [topActivity=ComponentInfo{com.android.launcher3/com.android.launcher3.uioverrides.QuickstepLauncher}, taskId=10, stackId=1, userId=0, displayId=0, position=6
12-09 12:24:35.036 E/GameMode_ActivityMonitoringService( 9074): onActivityLaunch:com.android.launcher3
12-09 12:24:35.036 V/GameMode_GameTypeUtils( 9074): judge isGame:com.android.launcher3
12-09 12:24:35.036 V/GameMode_GpuUtils( 9074): fps:60
12-09 12:24:35.045 D/libEGL ( 1514): MSAA-->msaa:0 gamemode:0 4x_msaa:0
12-09 12:24:35.046 D/GameMode_GameModeActionUtils( 9074): Show GameMode entry by service!
12-09 12:24:35.046 D/libEGL ( 1514): MSAA-->msaa:0 gamemode:0 4x_msaa:0
12-09 12:24:35.046 W/ContextImpl( 9074): Calling a method in the system process without a qualified user: android.app.ContextImpl.startService:1816 android.content.ContextWrapper.startService:774 com.thundercomm.gamemode.ingame.services.GameModeActionUtils.startGameModeService:99 com.thundercomm.gamemode.ingame.services.GameModeActionUtils.startGameModeEntry:22 com.thundercomm.gamemode.ingame.services.ActivityMonitoringService$1.onActivityLaunch:127
12-09 12:24:35.047 D/libEGL ( 1514): MSAA-->msaa:0 gamemode:0 4x_msaa:0
12-09 12:24:35.047 I/GameModeConfig( 1514): isGameModeOn = false
12-09 12:24:35.048 D/GameModeIF_GameModeSettings( 9074): getUriFor setting_content_uri_root = content://com.thundercomm.gamemode.api/gamemode_settings , name = gamemode_isgaming
12-09 12:24:35.049 D/GameMode_GameModeService( 9074): type=hide_entry
12-09 12:24:35.052 I/GameModeConfig( 1514): Current uri is uri = content://com.thundercomm.gamemode.api/gamemode_settings/gamemode_isgaming
12-09 12:24:35.052 D/GameModeIF_GameModeSettings( 1514): getUriFor setting_content_uri_root = content://com.thundercomm.gamemode.api/gamemode_settings , name = gamemode_isgaming
12-09 12:24:35.052 D/GameMode_GameSettingsObserver( 9074): Game Data change!!!! uri = content://com.thundercomm.gamemode.api/gamemode_settings/gamemode_isgaming
12-09 12:24:35.052 D/GameModeIF_GameModeSettings( 9074): getUriFor setting_content_uri_root = content://com.thundercomm.gamemode.api/gamemode_settings , name = gamemode_isgaming
12-09 12:24:35.053 D/GameModeIF_GameModeSettings( 9074): gamemode_isgaming set to 0
12-09 12:24:35.056 I/GameModeConfig( 1514): isGameModeOn = false
12-09 12:24:35.056 I/GameModeConfig( 1514): isGameModeOn = false
12-09 12:24:35.056 I/GameModeConfig( 1514): isDisableVoice = true
12-09 12:24:35.060 D/GameMode_GameModeService( 9074): updateGlobalSettings = gamemode_isgaming
12-09 12:24:35.064 I/GameModeConfig( 1514): isGameModeOn = false
12-09 12:24:35.072 W/ActivityTaskManager( 1514): getTaskSnapshot: taskId=1136 not found
12-09 12:24:35.078 I/GameModeConfig( 1514): isGameModeOn = false
12-09 12:24:35.101 I/GameModeConfig( 1514): isGameModeOn = false
12-09 12:24:35.102 I/GameModeConfig( 1514): isGameModeOn = false
12-09 12:24:35.103 W/HWComposer( 975): Ignoring duplicate VSYNC event from HWC for display 4630946370410392961 (t=25490180228000)
12-09 12:24:35.110 I/GameModeConfig( 1514): isGameModeOn = false
12-09 12:24:35.114 I/GameModeConfig( 1514): isGameModeOn = false
12-09 12:24:35.116 W/ActivityTaskManager( 1514): getTaskSnapshot: taskId=1136 not found
12-09 12:24:35.119 W/HWComposer( 975): Ignoring duplicate VSYNC event from HWC for display 4630946370410392961 (t=25490196914000)
12-09 12:24:35.128 I/GameModeConfig( 1514): isGameModeOn = false
12-09 12:24:35.129 I/GameModeConfig( 1514): isGameModeOn = false
12-09 12:24:35.131 I/system_server( 1514): Explicit concurrent copying GC freed 243081(13MB) AllocSpace objects, 6(160KB) LOS objects, 49% free, 14MB/29MB, paused 1.351ms,63us total 74.726ms
12-09 12:24:35.133 I/GameMode_ActivityMonitoringService( 9074): onTaskStackChanged
12-09 12:24:35.136 W/HWComposer( 975): Ignoring duplicate VSYNC event from HWC for display 4630946370410392961 (t=25490213609000)
12-09 12:24:35.137 I/GameMode_ActivityMonitoringService( 9074): Updating top task to: TaskInfoContainer [topActivity=ComponentInfo{com.android.launcher3/com.android.launcher3.uioverrides.QuickstepLauncher}, taskId=10, stackId=1, userId=0, displayId=0, position=6
12-09 12:24:35.138 I/GameMode_ActivityMonitoringService( 9074): Notifying about top task: TaskInfoContainer [topActivity=ComponentInfo{com.android.launcher3/com.android.launcher3.uioverrides.QuickstepLauncher}, taskId=10, stackId=1, userId=0, displayId=0, position=6
12-09 12:24:35.138 E/GameMode_ActivityMonitoringService( 9074): onActivityLaunch:com.android.launcher3
12-09 12:24:35.138 V/GameMode_GameTypeUtils( 9074): judge isGame:com.android.launcher3
12-09 12:24:35.138 V/GameMode_GpuUtils( 9074): fps:60
12-09 12:24:35.141 D/GameMode_GameModeActionUtils( 9074): Show GameMode entry by service!
12-09 12:24:35.141 W/ContextImpl( 9074): Calling a method in the system process without a qualified user: android.app.ContextImpl.startService:1816 android.content.ContextWrapper.startService:774 com.thundercomm.gamemode.ingame.services.GameModeActionUtils.startGameModeService:99 com.thundercomm.gamemode.ingame.services.GameModeActionUtils.startGameModeEntry:22 com.thundercomm.gamemode.ingame.services.ActivityMonitoringService$1.onActivityLaunch:127
12-09 12:24:35.142 W/System ( 1514): A resource failed to call close.
12-09 12:24:35.142 W/System ( 1514): A resource failed to call close.
12-09 12:24:35.143 W/System ( 1514): A resource failed to call close.
12-09 12:24:35.143 W/System ( 1514): A resource failed to call close.
12-09 12:24:35.143 D/GameMode_GameModeService( 9074): type=hide_entry
12-09 12:24:35.144 D/GameModeIF_GameModeSettings( 9074): getUriFor setting_content_uri_root = content://com.thundercomm.gamemode.api/gamemode_settings , name = gamemode_isgaming
12-09 12:24:35.144 W/System ( 1514): A resource failed to call close.
12-09 12:24:35.147 I/GameModeConfig( 1514): Current uri is uri = content://com.thundercomm.gamemode.api/gamemode_settings/gamemode_isgaming
12-09 12:24:35.147 D/GameModeIF_GameModeSettings( 1514): getUriFor setting_content_uri_root = content://com.thundercomm.gamemode.api/gamemode_settings , name = gamemode_isgaming
12-09 12:24:35.148 I/GameModeConfig( 1514): isGameModeOn = false
12-09 12:24:35.149 I/GameModeConfig( 1514): isGameModeOn = false
12-09 12:24:35.149 I/GameModeConfig( 1514): isGameModeOn = false
12-09 12:24:35.149 D/GameMode_GameSettingsObserver( 9074): Game Data change!!!! uri = content://com.thundercomm.gamemode.api/gamemode_settings/gamemode_isgaming
12-09 12:24:35.149 I/GameModeConfig( 1514): isDisableVoice = true
12-09 12:24:35.149 D/GameModeIF_GameModeSettings( 9074): getUriFor setting_content_uri_root = content://com.thundercomm.gamemode.api/gamemode_settings , name = gamemode_isgaming
12-09 12:24:35.150 D/GameModeIF_GameModeSettings( 9074): gamemode_isgaming set to 0
12-09 12:24:35.151 D/GameMode_GameModeService( 9074): updateGlobalSettings = gamemode_isgaming
12-09 12:24:35.151 I/OMX-VENC: venc_dev( 1203): stats: avg. fps 7.00, bitrate 531891
12-09 12:24:35.152 I/GameModeConfig( 1514): isGameModeOn = false
12-09 12:24:35.153 W/HWComposer( 975): Ignoring duplicate VSYNC event from HWC for display 4630946370410392961 (t=25490230346000)
12-09 12:24:35.157 D/UIAutomatorStub(18567): URI: /jsonrpc/0, Method: POST, params, {NanoHttpd.QUERY_STRING=null}, files: {postData={"jsonrpc": "2.0", "id": "650e4f3d76bbed60c25595c36a2f3f3b", "method": "objInfo", "params": [{"mask": 2097153, "childOrSibling": [], "childOrSiblingSelector": [], "resourceId": "com.android.launcher3:id/name_tv", "text": "\u65e5\u5386"}]}}
12-09 12:24:35.159 W/QueryController(18567): Could not detect idle state.
12-09 12:24:35.167 I/GameModeConfig( 1514): isGameModeOn = false
12-09 12:24:35.169 W/HWComposer( 975): Ignoring duplicate VSYNC event from HWC for display 4630946370410392961 (t=25490247062000)
12-09 12:24:35.173 W/ActivityTaskManager( 1514): getTaskSnapshot: taskId=1136 not found
12-09 12:24:35.177 W/QueryController(18567): Could not detect idle state.
12-09 12:24:35.180 W/QueryController(18567): Could not detect idle state.
12-09 12:24:35.182 W/ActivityTaskManager( 1514): getTaskSnapshot: taskId=1136 not found
12-09 12:24:35.184 W/QueryController(18567): Could not detect idle state.
12-09 12:24:35.184 I/GameModeConfig( 1514): isGameModeOn = false
12-09 12:24:35.198 I/GameModeConfig( 1514): isGameModeOn = false
12-09 12:24:35.212 W/ActivityTaskManager( 1514): getTaskSnapshot: taskId=1136 not found
12-09 12:24:35.214 W/QueryController(18567): Could not detect idle state.
12-09 12:24:35.216 I/GameModeConfig( 1514): isGameModeOn = false
12-09 12:24:35.218 W/QueryController(18567): Could not detect idle state.
12-09 12:24:35.233 I/GameModeConfig( 1514): isGameModeOn = false
12-09 12:24:35.239 W/QueryController(18567): Could not detect idle state.
12-09 12:24:35.240 W/QueryController(18567): Could not detect idle state.
12-09 12:24:35.241 W/QueryController(18567): Could not detect idle state.
12-09 12:24:35.242 W/QueryController(18567): Could not detect idle state.
12-09 12:24:35.243 W/QueryController(18567): Could not detect idle state.
12-09 12:24:35.244 W/QueryController(18567): Could not detect idle state.
12-09 12:24:35.245 W/QueryController(18567): Could not detect idle state.
12-09 12:24:35.246 W/QueryController(18567): Could not detect idle state.
12-09 12:24:35.246 W/QueryController(18567): Could not detect idle state.
12-09 12:24:35.247 W/QueryController(18567): Could not detect idle state.
12-09 12:24:35.250 I/GameModeConfig( 1514): isGameModeOn = false
12-09 12:24:35.251 W/QueryController(18567): Could not detect idle state.
12-09 12:24:35.251 W/QueryController(18567): Could not detect idle state.
12-09 12:24:35.266 I/GameModeConfig( 1514): isGameModeOn = false
12-09 12:24:35.277 I/mpu_uart( 649): [MSG-P:R]:recv sync frame timeout
12-09 12:24:35.281 I/GameModeConfig( 1514): isGameModeOn = false
12-09 12:24:35.297 I/GameModeConfig( 1514): isGameModeOn = false
12-09 12:24:35.304 D/FreeFormWindowHelper( 1514): Remove freefrom task=Task{843894b #139 type=standard A=10069:android.task.calendar U=0 visible=false mode=freeform translucent=true sz=0}
12-09 12:24:35.308 D/UIAutomatorStub(18567): URI: /jsonrpc/0, Method: POST, params, {NanoHttpd.QUERY_STRING=null}, files: {postData={"jsonrpc": "2.0", "id": "baace96f2320db3688d14f2df365599c", "method": "click", "params": [206.0, 405.0]}}
12-09 12:24:35.314 I/GameModeConfig( 1514): isGameModeOn = false
12-09 12:24:35.333 I/GameModeConfig( 1514): isGameModeOn = false
12-09 12:24:35.355 I/GameModeConfig( 1514): isGameModeOn = false
12-09 12:24:35.454 D/FreeWindowHelper( 2834): setExitFlag: old=0,new=1
12-09 12:24:35.455 I/ActivityTaskManager( 1514): START u0 {flg=0x10008000 cmp=com.android.calendar/.AllInOneActivity} from uid 10075
12-09 12:24:35.455 I/EventSequenceValidator( 1514): Transition from ACTIVITY_FINISHED to INTENT_STARTED
12-09 12:24:35.458 E/ANDR-PERF-JNI( 1514): com_qualcomm_qtiperformance_native_perf_io_prefetch_start
12-09 12:24:35.458 W/ActivityTaskManager( 1514): Can't find TaskDisplayArea to determine support for multi window. Task id=140 attached=false
12-09 12:24:35.460 D/FreeFormWindowHelper( 1514): Add freeform task=Task{434c223 #140 type=standard ?? U=0 visible=false mode=freeform translucent=true sz=0}
12-09 12:24:35.463 D/CompatibilityInfo( 1514): mCompatibilityFlags - 4
12-09 12:24:35.463 D/CompatibilityInfo( 1514): applicationDensity - 240
12-09 12:24:35.463 D/CompatibilityInfo( 1514): applicationScale - 1.0
12-09 12:24:35.464 I/ActivityTaskManager( 1514): FOREGROUND_APPLICATION_CHANGED to com.android.calendar.AllInOneActivity
12-09 12:24:35.464 I/ActivityTaskManager( 1514): The Process com.android.calendar Already Exists in BG. So sending its PID: 19196
12-09 12:24:35.464 W/ActivityTaskManager( 1514): Tried to set launchTime (0) < mLastActivityLaunchTime (25484883)
12-09 12:24:35.465 D/CompatibilityInfo( 1514): mCompatibilityFlags - 4
12-09 12:24:35.465 D/CompatibilityInfo( 1514): applicationDensity - 240
12-09 12:24:35.465 D/CompatibilityInfo( 1514): applicationScale - 1.0
12-09 12:24:35.469 D/StateManager( 2834): goToState: Normal
12-09 12:24:35.470 D/EditModeHelper( 2834): setHotseatVisibility: 0
12-09 12:24:35.473 I/GameMode_ActivityMonitoringService( 9074): onForegroundActivitiesChanged uid 10069 pid 19196 fg true
12-09 12:24:35.479 I/EventSequenceValidator( 1514): Transition from INTENT_STARTED to ACTIVITY_LAUNCHED
12-09 12:24:35.481 E/ANDR-IOP( 865): io prefetch is disabled
12-09 12:24:35.485 I/GameMode_ActivityMonitoringService( 9074): Updating top task to: TaskInfoContainer [topActivity=ComponentInfo{com.android.calendar/com.android.calendar.AllInOneActivity}, taskId=140, stackId=140, userId=0, displayId=0, position=6
12-09 12:24:35.486 I/GameMode_ActivityMonitoringService( 9074): Notifying about top task: TaskInfoContainer [topActivity=ComponentInfo{com.android.calendar/com.android.calendar.AllInOneActivity}, taskId=140, stackId=140, userId=0, displayId=0, position=6
12-09 12:24:35.486 E/GameMode_ActivityMonitoringService( 9074): onActivityLaunch:com.android.calendar
12-09 12:24:35.486 V/GameMode_GameTypeUtils( 9074): judge isGame:com.android.calendar
12-09 12:24:35.486 V/GameMode_GpuUtils( 9074): fps:60
12-09 12:24:35.488 D/GameMode_GameModeActionUtils( 9074): Show GameMode entry by service!
12-09 12:24:35.488 W/ContextImpl( 9074): Calling a method in the system process without a qualified user: android.app.ContextImpl.startService:1816 android.content.ContextWrapper.startService:774 com.thundercomm.gamemode.ingame.services.GameModeActionUtils.startGameModeService:99 com.thundercomm.gamemode.ingame.services.GameModeActionUtils.startGameModeEntry:22 com.thundercomm.gamemode.ingame.services.ActivityMonitoringService$1.onActivityLaunch:127
12-09 12:24:35.490 D/GameModeIF_GameModeSettings( 9074): getUriFor setting_content_uri_root = content://com.thundercomm.gamemode.api/gamemode_settings , name = gamemode_isgaming
12-09 12:24:35.490 D/GameMode_GameModeService( 9074): type=hide_entry
12-09 12:24:35.493 I/GameModeConfig( 1514): Current uri is uri = content://com.thundercomm.gamemode.api/gamemode_settings/gamemode_isgaming
12-09 12:24:35.493 D/GameModeIF_GameModeSettings( 1514): getUriFor setting_content_uri_root = content://com.thundercomm.gamemode.api/gamemode_settings , name = gamemode_isgaming
12-09 12:24:35.493 D/GameMode_GameSettingsObserver( 9074): Game Data change!!!! uri = content://com.thundercomm.gamemode.api/gamemode_settings/gamemode_isgaming
12-09 12:24:35.493 D/GameModeIF_GameModeSettings( 9074): getUriFor setting_content_uri_root = content://com.thundercomm.gamemode.api/gamemode_settings , name = gamemode_isgaming
12-09 12:24:35.493 D/GameModeIF_GameModeSettings( 9074): gamemode_isgaming set to 0
12-09 12:24:35.494 I/GameModeConfig( 1514): isGameModeOn = false
12-09 12:24:35.494 I/GameModeConfig( 1514): isGameModeOn = false
12-09 12:24:35.494 I/GameModeConfig( 1514): isDisableVoice = true
12-09 12:24:35.495 D/GameMode_GameModeService( 9074): updateGlobalSettings = gamemode_isgaming
12-09 12:24:35.501 D/AccountManagerService( 1514): bind attempt failed for Session: expectLaunch true, connected false, stats (0/0/0), lifetime 0.0, addAccount, accountType com.google, requiredFeatures null
12-09 12:24:35.509 W/WindowManager( 1514): updateScale0.7996942
12-09 12:24:35.509 D/FreeWindowHelper( 2834): enterOrExitRecentTasks: isEnterRecentTasks=false,mExitFlag=1
12-09 12:24:35.509 W/FreeFormWindowHelper( 1514): exitRecentTasks type=1
12-09 12:24:35.521 W/WindowManager( 1514): updateScale0.7996942
12-09 12:24:35.524 W/WindowManager( 1514): updateScale0.7996942
12-09 12:24:35.525 W/WindowManager( 1514): updateScale0.7996942
12-09 12:24:35.526 I/EventSequenceValidator( 1514): Transition from ACTIVITY_LAUNCHED to ACTIVITY_FINISHED
12-09 12:24:35.532 I/ActivityTaskManager( 1514): Displayed com.android.calendar/.AllInOneActivity: +68ms
12-09 12:24:35.624 I/hpplay-java( 3295): [main]:IMTask:getIMRoot
12-09 12:24:35.699 I/mpu_uart( 649): [MSG-P:RECV]:No message received in 1000 ms
12-09 12:24:35.775 D/audio_hw_primary( 806): out_set_parameters: enter: usecase(1: low-latency-playback) kvpairs: suspend_playback=false
12-09 12:24:35.775 D/audio_hw_extn( 806): audio_extn_fm_set_parameters: Enter
12-09 12:24:35.776 W/audio_hw_primary( 806): out_write: underrun(6) frames_by_time(48121) > out->last_fifo_frames_remaining(384)
12-09 12:24:35.810 W/WindowManager( 1514): updateScale0.7996942
12-09 12:24:35.813 D/audio_hw_primary( 806): out_set_parameters: enter: usecase(1: low-latency-playback) kvpairs: suspend_playback=true
12-09 12:24:35.814 D/audio_hw_extn( 806): audio_extn_fm_set_parameters: Enter
12-09 12:24:35.963 I/OMX-VENC: venc_dev( 1203): stats: avg. fps 49.39, bitrate 2012911
12-09 12:24:36.158 I/OMX-VENC: venc_dev( 1203): stats: avg. fps 46.67, bitrate 5855905
12-09 12:24:36.591 W/swapper/2( 0): type=1400 audit(0.0:7994): avc: denied { kill } for capability=5 scontext=u:r:kernel:s0 tcontext=u:r:kernel:s0 tclass=capability permissive=0
12-09 12:24:36.699 I/mpu_uart( 649): [MSG-P:RECV]:No message received in 1000 ms
12-09 12:24:36.814 D/audio_hw_primary( 806): out_set_parameters: enter: usecase(1: low-latency-playback) kvpairs: suspend_playback=false
12-09 12:24:36.814 D/audio_hw_extn( 806): audio_extn_fm_set_parameters: Enter
