12-09 12:32:04.378 D/UIAutomatorStub(18567): URI: /jsonrpc/0, Method: POST, params, {NanoHttpd.QUERY_STRING=null}, files: {postData={"jsonrpc": "2.0", "id": "93101a11e2aa6068244c115709316033", "method": "objInfo", "params": [{"mask": 2097153, "childOrSibling": [], "childOrSiblingSelector": [], "resourceId": "com.android.launcher3:id/name_tv", "text": "\u65e5\u5386"}]}}
12-09 12:32:04.380 W/QueryController(18567): Could not detect idle state.
12-09 12:32:04.401 W/QueryController(18567): Could not detect idle state.
12-09 12:32:04.416 W/QueryController(18567): Could not detect idle state.
12-09 12:32:04.418 W/QueryController(18567): Could not detect idle state.
12-09 12:32:04.429 W/QueryController(18567): Could not detect idle state.
12-09 12:32:04.430 W/QueryController(18567): Could not detect idle state.
12-09 12:32:04.430 W/QueryController(18567): Could not detect idle state.
12-09 12:32:04.431 W/QueryController(18567): Could not detect idle state.
12-09 12:32:04.432 W/QueryController(18567): Could not detect idle state.
12-09 12:32:04.432 W/QueryController(18567): Could not detect idle state.
12-09 12:32:04.433 W/QueryController(18567): Could not detect idle state.
12-09 12:32:04.446 W/QueryController(18567): Could not detect idle state.
12-09 12:32:04.448 W/QueryController(18567): Could not detect idle state.
12-09 12:32:04.449 W/QueryController(18567): Could not detect idle state.
12-09 12:32:04.450 W/QueryController(18567): Could not detect idle state.
12-09 12:32:04.462 W/QueryController(18567): Could not detect idle state.
12-09 12:32:04.463 W/QueryController(18567): Could not detect idle state.
12-09 12:32:04.464 W/QueryController(18567): Could not detect idle state.
12-09 12:32:04.517 D/UIAutomatorStub(18567): URI: /jsonrpc/0, Method: POST, params, {NanoHttpd.QUERY_STRING=null}, files: {postData={"jsonrpc": "2.0", "id": "45242c54a7671e42924f680e8ef05f58", "method": "click", "params": [206.0, 405.0]}}
12-09 12:32:04.532 W/System ( 1514): A resource failed to call close.
12-09 12:32:04.534 D/FreeFormWindowHelper( 1514): Remove freefrom task=Task{7363b74 #178 type=standard A=10069:android.task.calendar U=0 visible=false mode=freeform translucent=true sz=0}
12-09 12:32:04.534 W/System ( 1514): A resource failed to call close.
12-09 12:32:04.534 W/System ( 1514): A resource failed to call close.
12-09 12:32:04.591 W/swapper/1( 0): type=1400 audit(0.0:8390): avc: denied { kill } for capability=5 scontext=u:r:kernel:s0 tcontext=u:r:kernel:s0 tclass=capability permissive=0
12-09 12:32:04.672 D/FreeWindowHelper( 2834): setExitFlag: old=0,new=1
12-09 12:32:04.674 I/ActivityTaskManager( 1514): START u0 {flg=0x10008000 cmp=com.android.calendar/.AllInOneActivity} from uid 10075
12-09 12:32:04.674 I/EventSequenceValidator( 1514): Transition from ACTIVITY_FINISHED to INTENT_STARTED
12-09 12:32:04.677 E/ANDR-PERF-JNI( 1514): com_qualcomm_qtiperformance_native_perf_io_prefetch_start
12-09 12:32:04.679 W/ActivityTaskManager( 1514): Can't find TaskDisplayArea to determine support for multi window. Task id=179 attached=false
12-09 12:32:04.681 D/FreeFormWindowHelper( 1514): Add freeform task=Task{a3d610f #179 type=standard ?? U=0 visible=false mode=freeform translucent=true sz=0}
12-09 12:32:04.682 E/ANDR-IOP( 865): io prefetch is disabled
12-09 12:32:04.685 D/CompatibilityInfo( 1514): mCompatibilityFlags - 4
12-09 12:32:04.685 D/CompatibilityInfo( 1514): applicationDensity - 240
12-09 12:32:04.685 D/CompatibilityInfo( 1514): applicationScale - 1.0
12-09 12:32:04.686 I/ActivityTaskManager( 1514): FOREGROUND_APPLICATION_CHANGED to com.android.calendar.AllInOneActivity
12-09 12:32:04.686 I/ActivityTaskManager( 1514): The Process com.android.calendar Already Exists in BG. So sending its PID: 19196
12-09 12:32:04.687 W/ActivityTaskManager( 1514): Tried to set launchTime (0) < mLastActivityLaunchTime (25929287)
12-09 12:32:04.688 D/CompatibilityInfo( 1514): mCompatibilityFlags - 4
12-09 12:32:04.688 D/CompatibilityInfo( 1514): applicationDensity - 240
12-09 12:32:04.688 D/CompatibilityInfo( 1514): applicationScale - 1.0
12-09 12:32:04.694 D/StateManager( 2834): goToState: Normal
12-09 12:32:04.695 D/EditModeHelper( 2834): setHotseatVisibility: 0
12-09 12:32:04.698 I/GameMode_ActivityMonitoringService( 9074): onForegroundActivitiesChanged uid 10069 pid 19196 fg true
12-09 12:32:04.716 I/EventSequenceValidator( 1514): Transition from INTENT_STARTED to ACTIVITY_LAUNCHED
12-09 12:32:04.719 I/GameMode_ActivityMonitoringService( 9074): Updating top task to: TaskInfoContainer [topActivity=ComponentInfo{com.android.calendar/com.android.calendar.AllInOneActivity}, taskId=179, stackId=179, userId=0, displayId=0, position=6
12-09 12:32:04.720 I/GameMode_ActivityMonitoringService( 9074): Notifying about top task: TaskInfoContainer [topActivity=ComponentInfo{com.android.calendar/com.android.calendar.AllInOneActivity}, taskId=179, stackId=179, userId=0, displayId=0, position=6
12-09 12:32:04.720 E/GameMode_ActivityMonitoringService( 9074): onActivityLaunch:com.android.calendar
12-09 12:32:04.720 V/GameMode_GameTypeUtils( 9074): judge isGame:com.android.calendar
12-09 12:32:04.720 V/GameMode_GpuUtils( 9074): fps:60
12-09 12:32:04.723 D/GameMode_GameModeActionUtils( 9074): Show GameMode entry by service!
12-09 12:32:04.723 W/ContextImpl( 9074): Calling a method in the system process without a qualified user: android.app.ContextImpl.startService:1816 android.content.ContextWrapper.startService:774 com.thundercomm.gamemode.ingame.services.GameModeActionUtils.startGameModeService:99 com.thundercomm.gamemode.ingame.services.GameModeActionUtils.startGameModeEntry:22 com.thundercomm.gamemode.ingame.services.ActivityMonitoringService$1.onActivityLaunch:127
12-09 12:32:04.724 D/GameMode_GameModeService( 9074): type=hide_entry
12-09 12:32:04.725 D/GameModeIF_GameModeSettings( 9074): getUriFor setting_content_uri_root = content://com.thundercomm.gamemode.api/gamemode_settings , name = gamemode_isgaming
12-09 12:32:04.726 D/FreeWindowHelper( 2834): enterOrExitRecentTasks: isEnterRecentTasks=false,mExitFlag=1
12-09 12:32:04.726 W/FreeFormWindowHelper( 1514): exitRecentTasks type=1
12-09 12:32:04.726 I/GameModeConfig( 1514): Current uri is uri = content://com.thundercomm.gamemode.api/gamemode_settings/gamemode_isgaming
12-09 12:32:04.726 D/GameModeIF_GameModeSettings( 1514): getUriFor setting_content_uri_root = content://com.thundercomm.gamemode.api/gamemode_settings , name = gamemode_isgaming
12-09 12:32:04.726 E/PagedView( 2834): validateNewPage: failed to find a page < mMaxScrollX
12-09 12:32:04.726 D/GameMode_GameSettingsObserver( 9074): Game Data change!!!! uri = content://com.thundercomm.gamemode.api/gamemode_settings/gamemode_isgaming
12-09 12:32:04.726 D/GameModeIF_GameModeSettings( 9074): getUriFor setting_content_uri_root = content://com.thundercomm.gamemode.api/gamemode_settings , name = gamemode_isgaming
12-09 12:32:04.727 D/GameModeIF_GameModeSettings( 9074): gamemode_isgaming set to 0
12-09 12:32:04.727 I/GameModeConfig( 1514): isGameModeOn = false
12-09 12:32:04.727 I/GameModeConfig( 1514): isGameModeOn = false
12-09 12:32:04.727 I/GameModeConfig( 1514): isDisableVoice = true
12-09 12:32:04.730 D/AccountManagerService( 1514): bind attempt failed for Session: expectLaunch true, connected false, stats (0/0/0), lifetime 0.0, addAccount, accountType com.google, requiredFeatures null
12-09 12:32:04.730 D/GameMode_GameModeService( 9074): updateGlobalSettings = gamemode_isgaming
12-09 12:32:04.739 W/WindowManager( 1514): updateScale0.7996942
12-09 12:32:04.747 W/WindowManager( 1514): updateScale0.7996942
12-09 12:32:04.750 W/WindowManager( 1514): updateScale0.7996942
12-09 12:32:04.751 W/WindowManager( 1514): updateScale0.7996942
12-09 12:32:04.751 I/EventSequenceValidator( 1514): Transition from ACTIVITY_LAUNCHED to ACTIVITY_FINISHED
12-09 12:32:04.757 I/ActivityTaskManager( 1514): Displayed com.android.calendar/.AllInOneActivity: +75ms
12-09 12:32:04.863 I/mpu_uart( 649): [MSG-P:RECV]:No message received in 1000 ms
12-09 12:32:05.023 W/WindowManager( 1514): updateScale0.7996942
12-09 12:32:05.131 E/PagedView( 2834): validateNewPage: failed to find a page < mMaxScrollX
12-09 12:32:05.272 I/OMX-VENC: venc_dev( 1203): stats: avg. fps 51.73, bitrate 1914523
12-09 12:32:05.279 I/OMX-VENC: venc_dev( 1203): stats: avg. fps 51.27, bitrate 5386573
12-09 12:32:05.591 W/swapper/1( 0): type=1400 audit(0.0:8391): avc: denied { kill } for capability=5 scontext=u:r:kernel:s0 tcontext=u:r:kernel:s0 tclass=capability permissive=0
12-09 12:32:05.688 I/mpu_uart( 649): [MSG-P:R]:recv sync frame timeout
12-09 12:32:05.834 D/ConnectivityService( 1514): Data stall detected with methods: 1
12-09 12:32:05.834 D/NetworkMonitor/104( 2515): isDataStall: result=1, tcp packets received=0, latest tcp fail rate=-1, consecutive dns timeout count=232
12-09 12:32:05.835 D/NetworkMonitor/104( 2515): Suspecting data stall, reevaluate
12-09 12:32:05.836 D/NetworkMonitor/104( 2515): Validation disabled.
12-09 12:32:05.841 D/ConnectivityService( 1514): [104 WIFI] validation passed
12-09 12:32:05.863 I/mpu_uart( 649): [MSG-P:RECV]:No message received in 1000 ms
12-09 12:32:06.363 I/OMX-VENC: venc_dev( 1203): stats: avg. fps 10.08, bitrate 183779
12-09 12:32:06.591 W/swapper/1( 0): type=1400 audit(0.0:8392): avc: denied { kill } for capability=5 scontext=u:r:kernel:s0 tcontext=u:r:kernel:s0 tclass=capability permissive=0
12-09 12:32:06.863 I/mpu_uart( 649): [MSG-P:RECV]:No message received in 1000 ms
12-09 12:32:07.273 I/OMX-VENC: venc_dev( 1203): stats: avg. fps 1.00, bitrate 51057
12-09 12:32:07.366 I/OMX-VENC: venc_dev( 1203): stats: avg. fps 9.97, bitrate 74016
12-09 12:32:07.591 W/swapper/1( 0): type=1400 audit(0.0:8393): avc: denied { kill } for capability=5 scontext=u:r:kernel:s0 tcontext=u:r:kernel:s0 tclass=capability permissive=0
12-09 12:32:07.864 I/mpu_uart( 649): [MSG-P:RECV]:No message received in 1000 ms
12-09 12:32:08.275 I/OMX-VENC: venc_dev( 1203): stats: avg. fps 1.00, bitrate 48913
12-09 12:32:08.369 I/OMX-VENC: venc_dev( 1203): stats: avg. fps 9.97, bitrate 74000
12-09 12:32:08.547 E/TaskPersister( 1514): File error accessing recents directory (directory doesn't exist?).
12-09 12:32:08.591 W/swapper/1( 0): type=1400 audit(0.0:8394): avc: denied { kill } for capability=5 scontext=u:r:kernel:s0 tcontext=u:r:kernel:s0 tclass=capability permissive=0
12-09 12:32:08.691 I/mpu_uart( 649): [MSG-P:R]:recv sync frame timeout
12-09 12:32:08.864 I/mpu_uart( 649): [MSG-P:RECV]:No message received in 1000 ms
12-09 12:32:09.278 I/OMX-VENC: venc_dev( 1203): stats: avg. fps 1.00, bitrate 78173
12-09 12:32:09.371 I/OMX-VENC: venc_dev( 1203): stats: avg. fps 9.98, bitrate 74087
12-09 12:32:09.591 W/swapper/1( 0): type=1400 audit(0.0:8395): avc: denied { kill } for capability=5 scontext=u:r:kernel:s0 tcontext=u:r:kernel:s0 tclass=capability permissive=0
12-09 12:32:09.864 I/mpu_uart( 649): [MSG-P:RECV]:No message received in 1000 ms
12-09 12:32:10.280 I/OMX-VENC: venc_dev( 1203): stats: avg. fps 1.00, bitrate 26590
12-09 12:32:10.373 I/OMX-VENC: venc_dev( 1203): stats: avg. fps 9.98, bitrate 74628
12-09 12:32:10.591 W/swapper/1( 0): type=1400 audit(0.0:8396): avc: denied { kill } for capability=5 scontext=u:r:kernel:s0 tcontext=u:r:kernel:s0 tclass=capability permissive=0
12-09 12:32:10.758 D/UIAutomatorStub(18567): URI: /jsonrpc/0, Method: POST, params, {NanoHttpd.QUERY_STRING=null}, files: {postData={"jsonrpc": "2.0", "id": "818a142657d1b53fe143c17f16fd05de", "method": "waitForExists", "params": [{"mask": 2097152, "childOrSibling": [], "childOrSiblingSelector": [], "resourceId": "android:id/move_window"}, 3000]}}
12-09 12:32:10.763 W/QueryController(18567): Could not detect idle state.
12-09 12:32:10.820 D/UIAutomatorStub(18567): URI: /jsonrpc/0, Method: POST, params, {NanoHttpd.QUERY_STRING=null}, files: {postData={"jsonrpc": "2.0", "id": "491fc6ece98f7eb2524a37ca47e353cf", "method": "objInfo", "params": [{"mask": 2097152, "childOrSibling": [], "childOrSiblingSelector": [], "resourceId": "android:id/move_window"}]}}
12-09 12:32:10.822 W/QueryController(18567): Could not detect idle state.
12-09 12:32:10.835 W/QueryController(18567): Could not detect idle state.
12-09 12:32:10.837 W/QueryController(18567): Could not detect idle state.
12-09 12:32:10.839 W/QueryController(18567): Could not detect idle state.
12-09 12:32:10.840 W/QueryController(18567): Could not detect idle state.
12-09 12:32:10.841 W/QueryController(18567): Could not detect idle state.
12-09 12:32:10.842 W/QueryController(18567): Could not detect idle state.
12-09 12:32:10.843 W/QueryController(18567): Could not detect idle state.
12-09 12:32:10.845 W/QueryController(18567): Could not detect idle state.
12-09 12:32:10.846 W/QueryController(18567): Could not detect idle state.
12-09 12:32:10.847 W/QueryController(18567): Could not detect idle state.
12-09 12:32:10.848 W/QueryController(18567): Could not detect idle state.
12-09 12:32:10.850 W/QueryController(18567): Could not detect idle state.
12-09 12:32:10.851 W/QueryController(18567): Could not detect idle state.
12-09 12:32:10.852 W/QueryController(18567): Could not detect idle state.
12-09 12:32:10.853 W/QueryController(18567): Could not detect idle state.
12-09 12:32:10.855 W/QueryController(18567): Could not detect idle state.
12-09 12:32:10.856 W/QueryController(18567): Could not detect idle state.
12-09 12:32:10.864 I/mpu_uart( 649): [MSG-P:RECV]:No message received in 1000 ms
12-09 12:32:10.908 D/UIAutomatorStub(18567): URI: /jsonrpc/0, Method: POST, params, {NanoHttpd.QUERY_STRING=null}, files: {postData={"jsonrpc": "2.0", "id": "888fef969b8edc5a466bfa2b2c8690b2", "method": "click", "params": [261.5, 99.0]}}
12-09 12:32:11.284 I/OMX-VENC: venc_dev( 1203): stats: avg. fps 14.94, bitrate 762386
12-09 12:32:11.377 I/OMX-VENC: venc_dev( 1203): stats: avg. fps 19.93, bitrate 148436
12-09 12:32:11.591 W/swapper/1( 0): type=1400 audit(0.0:8397): avc: denied { kill } for capability=5 scontext=u:r:kernel:s0 tcontext=u:r:kernel:s0 tclass=capability permissive=0
12-09 12:32:11.695 I/mpu_uart( 649): [MSG-P:R]:recv sync frame timeout
12-09 12:32:11.865 I/mpu_uart( 649): [MSG-P:RECV]:No message received in 1000 ms
12-09 12:32:12.061 I/selfinstaller( 1187): create socket failed: No route to host 113
12-09 12:32:12.104 D/UIAutomatorStub(18567): URI: /jsonrpc/0, Method: POST, params, {NanoHttpd.QUERY_STRING=null}, files: {postData={"jsonrpc": "2.0", "id": "f4703b74fff2cf910ddb59d8e35056e8", "method": "exist", "params": [{"mask": 2097152, "childOrSibling": [], "childOrSiblingSelector": [], "resourceId": "android:id/caption"}]}}
12-09 12:32:12.107 W/QueryController(18567): Could not detect idle state.
12-09 12:32:12.285 I/OMX-VENC: venc_dev( 1203): stats: avg. fps 2.00, bitrate 86866
12-09 12:32:12.384 I/OMX-VENC: venc_dev( 1203): stats: avg. fps 9.93, bitrate 74243
12-09 12:32:12.591 W/swapper/1( 0): type=1400 audit(0.0:8398): avc: denied { kill } for capability=5 scontext=u:r:kernel:s0 tcontext=u:r:kernel:s0 tclass=capability permissive=0
12-09 12:32:12.865 I/mpu_uart( 649): [MSG-P:RECV]:No message received in 1000 ms
12-09 12:32:13.385 I/OMX-VENC: venc_dev( 1203): stats: avg. fps 9.98, bitrate 74997
12-09 12:32:13.591 W/swapper/1( 0): type=1400 audit(0.0:8399): avc: denied { kill } for capability=5 scontext=u:r:kernel:s0 tcontext=u:r:kernel:s0 tclass=capability permissive=0
12-09 12:32:13.865 I/mpu_uart( 649): [MSG-P:RECV]:No message received in 1000 ms
12-09 12:32:14.191 D/ProcessState(19794): Binder ioctl to enable oneway spam detection failed: Invalid argument
12-09 12:32:14.197 D/StateManager( 2834): goToState: Overview
12-09 12:32:14.198 D/EditModeHelper( 2834): setHotseatVisibility: 0
12-09 12:32:14.200 V/ShadeControllerImpl( 2372): NotificationShadeWindow: com.android.systemui.statusbar.phone.NotificationShadeWindowView{7f4383b I.E...... ......ID 0,0-2380,1020} canPanelBeCollapsed(): false
12-09 12:32:14.205 D/FreeWindowHelper( 2834): enterOrExitRecentTasks: isEnterRecentTasks=true,mExitFlag=1
12-09 12:32:14.213 D/ActivityTrigger( 1514): ActivityTrigger activityPauseTrigger
12-09 12:32:14.216 D/UIAutomatorStub(18567): URI: /jsonrpc/0, Method: POST, params, {NanoHttpd.QUERY_STRING=null}, files: {postData={"jsonrpc": "2.0", "id": "53be50093e28ba6cca1c12d601ee8767", "method": "waitForExists", "params": [{"mask": 2097153, "childOrSibling": [], "childOrSiblingSelector": [], "resourceId": "com.android.launcher3:id/name_tv", "text": "\u65e5\u5386"}, 3000]}}
12-09 12:32:14.218 W/QueryController(18567): Could not detect idle state.
12-09 12:32:14.218 D/FreeWindowContainer( 2834): reloadTask: TaskInfo{userId=0 taskId=179 displayId=0 isRunning=false baseIntent=Intent { flg=0x10008000 cmp=com.android.calendar/.AllInOneActivity } baseActivity=null topActivity=null origActivity=null realActivity=ComponentInfo{com.android.calendar/com.android.calendar.AllInOneActivity} numActivities=0 lastActiveTime=25949291 supportsSplitScreenMultiWindow=true supportsMultiWindow=true resizeMode=1 isResizeable=true token=WCT{android.window.IWindowContainerToken$Stub$Proxy@cb57eaa} topActivityType=1 pictureInPictureParams=null displayCutoutSafeInsets=null topActivityInfo=null launchCookies=[] positionInParent=Point(0, 72) parentTaskId=-1 isFocused=false isVisible=true topActivityInSizeCompat=false locusId= null}
12-09 12:32:14.219 I/ActivityTaskManager( 1514): FOREGROUND_APPLICATION_CHANGED to com.android.launcher3.uioverrides.QuickstepLauncher
12-09 12:32:14.233 I/GameMode_ActivityMonitoringService( 9074): onForegroundActivitiesChanged uid 10069 pid 19196 fg false
12-09 12:32:14.240 I/GameMode_ActivityMonitoringService( 9074): Updating top task to: TaskInfoContainer [topActivity=ComponentInfo{com.android.launcher3/com.android.launcher3.uioverrides.QuickstepLauncher}, taskId=10, stackId=1, userId=0, displayId=0, position=6
12-09 12:32:14.240 I/GameMode_ActivityMonitoringService( 9074): Notifying about top task: TaskInfoContainer [topActivity=ComponentInfo{com.android.launcher3/com.android.launcher3.uioverrides.QuickstepLauncher}, taskId=10, stackId=1, userId=0, displayId=0, position=6
12-09 12:32:14.240 E/GameMode_ActivityMonitoringService( 9074): onActivityLaunch:com.android.launcher3
12-09 12:32:14.240 V/GameMode_GameTypeUtils( 9074): judge isGame:com.android.launcher3
12-09 12:32:14.240 V/GameMode_GpuUtils( 9074): fps:60
12-09 12:32:14.243 W/InputManager-JNI( 1514): Input channel object '3faea5d com.android.calendar/com.android.calendar.AllInOneActivity (client)' was disposed without first being removed with the input manager!
12-09 12:32:14.244 D/GameMode_GameModeActionUtils( 9074): Show GameMode entry by service!
12-09 12:32:14.245 W/ContextImpl( 9074): Calling a method in the system process without a qualified user: android.app.ContextImpl.startService:1816 android.content.ContextWrapper.startService:774 com.thundercomm.gamemode.ingame.services.GameModeActionUtils.startGameModeService:99 com.thundercomm.gamemode.ingame.services.GameModeActionUtils.startGameModeEntry:22 com.thundercomm.gamemode.ingame.services.ActivityMonitoringService$1.onActivityLaunch:127
12-09 12:32:14.248 D/GameMode_GameModeService( 9074): type=hide_entry
12-09 12:32:14.248 D/GameModeIF_GameModeSettings( 9074): getUriFor setting_content_uri_root = content://com.thundercomm.gamemode.api/gamemode_settings , name = gamemode_isgaming
12-09 12:32:14.250 W/ActivityTaskManager( 1514): getTaskSnapshot: taskId=178 not found
12-09 12:32:14.252 W/ActivityTaskManager( 1514): getTaskSnapshot: taskId=5178 not found
12-09 12:32:14.254 I/GameModeConfig( 1514): Current uri is uri = content://com.thundercomm.gamemode.api/gamemode_settings/gamemode_isgaming
12-09 12:32:14.254 D/GameModeIF_GameModeSettings( 1514): getUriFor setting_content_uri_root = content://com.thundercomm.gamemode.api/gamemode_settings , name = gamemode_isgaming
12-09 12:32:14.255 W/ActivityTaskManager( 1514): getTaskSnapshot: taskId=4178 not found
12-09 12:32:14.255 D/GameModeIF_GameModeSettings( 9074): gamemode_isgaming set to 0
12-09 12:32:14.257 D/GameMode_GameSettingsObserver( 9074): Game Data change!!!! uri = content://com.thundercomm.gamemode.api/gamemode_settings/gamemode_isgaming
12-09 12:32:14.257 D/GameModeIF_GameModeSettings( 9074): getUriFor setting_content_uri_root = content://com.thundercomm.gamemode.api/gamemode_settings , name = gamemode_isgaming
12-09 12:32:14.258 W/ActivityTaskManager( 1514): getTaskSnapshot: taskId=3178 not found
12-09 12:32:14.260 I/GameModeConfig( 1514): isGameModeOn = false
12-09 12:32:14.261 I/GameModeConfig( 1514): isGameModeOn = false
12-09 12:32:14.261 I/GameModeConfig( 1514): isDisableVoice = true
12-09 12:32:14.265 D/GameMode_GameModeService( 9074): updateGlobalSettings = gamemode_isgaming
12-09 12:32:14.267 D/skia ( 1514): --- Failed to create image decoder with message 'unimplemented'
12-09 12:32:14.267 W/WindowManager( 1514): Failed to load bitmap: /data/system_ce/0/snapshots/179.jpg
12-09 12:32:14.268 D/BaseIconFactory( 2834): normalizeAndWrapToAdaptiveIcon: scale=0.8095241
12-09 12:32:14.269 W/ActivityTaskManager( 1514): getTaskSnapshot: taskId=5179 not found
12-09 12:32:14.272 D/BaseIconFactory( 2834): normalizeAndWrapToAdaptiveIcon: scale=0.8095241
12-09 12:32:14.272 W/ActivityTaskManager( 1514): getTaskSnapshot: taskId=4179 not found
12-09 12:32:14.273 D/BaseIconFactory( 2834): normalizeAndWrapToAdaptiveIcon: scale=0.8095241
12-09 12:32:14.276 W/ActivityTaskManager( 1514): getTaskSnapshot: taskId=5179 not found
12-09 12:32:14.276 W/ActivityTaskManager( 1514): getTaskSnapshot: taskId=4179 not found
12-09 12:32:14.276 W/ActivityTaskManager( 1514): getTaskSnapshot: taskId=3179 not found
12-09 12:32:14.277 D/BaseIconFactory( 2834): normalizeAndWrapToAdaptiveIcon: scale=0.8095241
12-09 12:32:14.278 W/ActivityTaskManager( 1514): getTaskSnapshot: taskId=2179 not found
12-09 12:32:14.279 D/BaseIconFactory( 2834): normalizeAndWrapToAdaptiveIcon: scale=0.8095241
12-09 12:32:14.279 W/ActivityTaskManager( 1514): getTaskSnapshot: taskId=1179 not found
12-09 12:32:14.281 D/BaseIconFactory( 2834): normalizeAndWrapToAdaptiveIcon: scale=0.8095241
12-09 12:32:14.288 I/OMX-VENC: venc_dev( 1203): stats: avg. fps 2.99, bitrate 138272
12-09 12:32:14.312 W/System (18567): A resource failed to call end.
12-09 12:32:14.313 W/System (18567): A resource failed to call end.
12-09 12:32:14.313 W/System (18567): A resource failed to call end.
12-09 12:32:14.313 W/System (18567): A resource failed to call end.
12-09 12:32:14.313 W/System (18567): A resource failed to call end.
12-09 12:32:14.313 W/System (18567): A resource failed to call end.
12-09 12:32:14.313 W/System (18567): A resource failed to call end.
12-09 12:32:14.313 W/System (18567): A resource failed to call end.
12-09 12:32:14.313 W/System (18567): A resource failed to call end.
12-09 12:32:14.314 W/System (18567): A resource failed to call end.
12-09 12:32:14.314 W/System (18567): A resource failed to call end.
12-09 12:32:14.314 W/System (18567): A resource failed to call end.
12-09 12:32:14.314 W/System (18567): A resource failed to call end.
12-09 12:32:14.314 W/System (18567): A resource failed to call end.
12-09 12:32:14.320 I/GameMode_ActivityMonitoringService( 9074): onTaskStackChanged
12-09 12:32:14.323 D/libEGL ( 1514): MSAA-->msaa:0 gamemode:0 4x_msaa:0
12-09 12:32:14.324 D/libEGL ( 1514): MSAA-->msaa:0 gamemode:0 4x_msaa:0
12-09 12:32:14.325 D/libEGL ( 1514): MSAA-->msaa:0 gamemode:0 4x_msaa:0
12-09 12:32:14.326 I/GameMode_ActivityMonitoringService( 9074): Updating top task to: TaskInfoContainer [topActivity=ComponentInfo{com.android.launcher3/com.android.launcher3.uioverrides.QuickstepLauncher}, taskId=10, stackId=1, userId=0, displayId=0, position=6
12-09 12:32:14.326 I/GameMode_ActivityMonitoringService( 9074): Notifying about top task: TaskInfoContainer [topActivity=ComponentInfo{com.android.launcher3/com.android.launcher3.uioverrides.QuickstepLauncher}, taskId=10, stackId=1, userId=0, displayId=0, position=6
12-09 12:32:14.326 E/GameMode_ActivityMonitoringService( 9074): onActivityLaunch:com.android.launcher3
12-09 12:32:14.326 V/GameMode_GameTypeUtils( 9074): judge isGame:com.android.launcher3
12-09 12:32:14.326 V/GameMode_GpuUtils( 9074): fps:60
12-09 12:32:14.328 D/GameMode_GameModeActionUtils( 9074): Show GameMode entry by service!
12-09 12:32:14.329 W/ContextImpl( 9074): Calling a method in the system process without a qualified user: android.app.ContextImpl.startService:1816 android.content.ContextWrapper.startService:774 com.thundercomm.gamemode.ingame.services.GameModeActionUtils.startGameModeService:99 com.thundercomm.gamemode.ingame.services.GameModeActionUtils.startGameModeEntry:22 com.thundercomm.gamemode.ingame.services.ActivityMonitoringService$1.onActivityLaunch:127
12-09 12:32:14.330 D/GameModeIF_GameModeSettings( 9074): getUriFor setting_content_uri_root = content://com.thundercomm.gamemode.api/gamemode_settings , name = gamemode_isgaming
12-09 12:32:14.332 D/GameMode_GameModeService( 9074): type=hide_entry
12-09 12:32:14.332 I/GameModeConfig( 1514): Current uri is uri = content://com.thundercomm.gamemode.api/gamemode_settings/gamemode_isgaming
12-09 12:32:14.332 D/GameModeIF_GameModeSettings( 1514): getUriFor setting_content_uri_root = content://com.thundercomm.gamemode.api/gamemode_settings , name = gamemode_isgaming
12-09 12:32:14.332 D/GameMode_GameSettingsObserver( 9074): Game Data change!!!! uri = content://com.thundercomm.gamemode.api/gamemode_settings/gamemode_isgaming
12-09 12:32:14.332 D/GameModeIF_GameModeSettings( 9074): getUriFor setting_content_uri_root = content://com.thundercomm.gamemode.api/gamemode_settings , name = gamemode_isgaming
12-09 12:32:14.332 D/GameModeIF_GameModeSettings( 9074): gamemode_isgaming set to 0
12-09 12:32:14.333 I/GameModeConfig( 1514): isGameModeOn = false
12-09 12:32:14.334 I/GameModeConfig( 1514): isGameModeOn = false
12-09 12:32:14.334 I/GameModeConfig( 1514): isDisableVoice = true
12-09 12:32:14.344 D/GameMode_GameModeService( 9074): updateGlobalSettings = gamemode_isgaming
12-09 12:32:14.357 D/UIAutomatorStub(18567): URI: /jsonrpc/0, Method: POST, params, {NanoHttpd.QUERY_STRING=null}, files: {postData={"jsonrpc": "2.0", "id": "f1345ab28411f462909c8cddb34ab45c", "method": "objInfo", "params": [{"mask": 2097153, "childOrSibling": [], "childOrSiblingSelector": [], "resourceId": "com.android.launcher3:id/name_tv", "text": "\u65e5\u5386"}]}}
12-09 12:32:14.359 W/QueryController(18567): Could not detect idle state.
12-09 12:32:14.398 I/OMX-VENC: venc_dev( 1203): stats: avg. fps 17.78, bitrate 308086
12-09 12:32:14.423 W/QueryController(18567): Could not detect idle state.
12-09 12:32:14.444 W/QueryController(18567): Could not detect idle state.
12-09 12:32:14.465 W/System ( 1514): A resource failed to call close.
12-09 12:32:14.466 W/System ( 1514): A resource failed to call close.
12-09 12:32:14.466 W/System ( 1514): A resource failed to call close.
12-09 12:32:14.468 W/QueryController(18567): Could not detect idle state.
12-09 12:32:14.479 W/QueryController(18567): Could not detect idle state.
12-09 12:32:14.490 W/QueryController(18567): Could not detect idle state.
12-09 12:32:14.491 W/QueryController(18567): Could not detect idle state.
12-09 12:32:14.508 D/FreeFormWindowHelper( 1514): Remove freefrom task=Task{a3d610f #179 type=standard A=10069:android.task.calendar U=0 visible=false mode=freeform translucent=true sz=0}
12-09 12:32:14.514 W/QueryController(18567): Could not detect idle state.
12-09 12:32:14.538 W/QueryController(18567): Could not detect idle state.
12-09 12:32:14.540 W/HWComposer( 975): Ignoring duplicate VSYNC event from HWC for display 4630946370410392961 (t=25949617941000)
12-09 12:32:14.550 W/QueryController(18567): Could not detect idle state.
12-09 12:32:14.557 W/HWComposer( 975): Ignoring duplicate VSYNC event from HWC for display 4630946370410392961 (t=25949634646000)
12-09 12:32:14.561 W/QueryController(18567): Could not detect idle state.
12-09 12:32:14.574 W/HWComposer( 975): Ignoring duplicate VSYNC event from HWC for display 4630946370410392961 (t=25949651356000)
12-09 12:32:14.575 W/QueryController(18567): Could not detect idle state.
12-09 12:32:14.590 W/QueryController(18567): Could not detect idle state.
12-09 12:32:14.591 W/HWComposer( 975): Ignoring duplicate VSYNC event from HWC for display 4630946370410392961 (t=25949668072000)
12-09 12:32:14.607 W/HWComposer( 975): Ignoring duplicate VSYNC event from HWC for display 4630946370410392961 (t=25949684781000)
12-09 12:32:14.608 W/QueryController(18567): Could not detect idle state.
12-09 12:32:14.624 W/HWComposer( 975): Ignoring duplicate VSYNC event from HWC for display 4630946370410392961 (t=25949701498000)
12-09 12:32:14.628 W/QueryController(18567): Could not detect idle state.
12-09 12:32:14.645 W/QueryController(18567): Could not detect idle state.
12-09 12:32:14.649 W/QueryController(18567): Could not detect idle state.
12-09 12:32:14.650 W/QueryController(18567): Could not detect idle state.
12-09 12:32:14.698 I/mpu_uart( 649): [MSG-P:R]:recv sync frame timeout
12-09 12:32:14.703 D/UIAutomatorStub(18567): URI: /jsonrpc/0, Method: POST, params, {NanoHttpd.QUERY_STRING=null}, files: {postData={"jsonrpc": "2.0", "id": "5d5feacd2376360cffef117286d764c9", "method": "click", "params": [206.0, 405.0]}}
12-09 12:32:14.817 D/FreeWindowHelper( 2834): setExitFlag: old=0,new=1
12-09 12:32:14.819 I/EventSequenceValidator( 1514): Transition from ACTIVITY_FINISHED to INTENT_STARTED
12-09 12:32:14.819 I/ActivityTaskManager( 1514): START u0 {flg=0x10008000 cmp=com.android.calendar/.AllInOneActivity} from uid 10075
12-09 12:32:14.823 E/ANDR-PERF-JNI( 1514): com_qualcomm_qtiperformance_native_perf_io_prefetch_start
12-09 12:32:14.824 W/ActivityTaskManager( 1514): Can't find TaskDisplayArea to determine support for multi window. Task id=180 attached=false
12-09 12:32:14.826 D/FreeFormWindowHelper( 1514): Add freeform task=Task{17a1d56 #180 type=standard ?? U=0 visible=false mode=freeform translucent=true sz=0}
12-09 12:32:14.827 E/ANDR-IOP( 865): io prefetch is disabled
12-09 12:32:14.831 D/CompatibilityInfo( 1514): mCompatibilityFlags - 4
12-09 12:32:14.831 D/CompatibilityInfo( 1514): applicationDensity - 240
12-09 12:32:14.831 D/CompatibilityInfo( 1514): applicationScale - 1.0
12-09 12:32:14.831 I/ActivityTaskManager( 1514): FOREGROUND_APPLICATION_CHANGED to com.android.calendar.AllInOneActivity
12-09 12:32:14.832 I/ActivityTaskManager( 1514): The Process com.android.calendar Already Exists in BG. So sending its PID: 19196
12-09 12:32:14.832 W/ActivityTaskManager( 1514): Tried to set launchTime (0) < mLastActivityLaunchTime (25939766)
12-09 12:32:14.833 D/CompatibilityInfo( 1514): mCompatibilityFlags - 4
12-09 12:32:14.833 D/CompatibilityInfo( 1514): applicationDensity - 240
12-09 12:32:14.834 D/CompatibilityInfo( 1514): applicationScale - 1.0
12-09 12:32:14.840 D/StateManager( 2834): goToState: Normal
12-09 12:32:14.842 D/EditModeHelper( 2834): setHotseatVisibility: 0
12-09 12:32:14.845 I/GameMode_ActivityMonitoringService( 9074): onForegroundActivitiesChanged uid 10069 pid 19196 fg true
12-09 12:32:14.847 I/EventSequenceValidator( 1514): Transition from INTENT_STARTED to ACTIVITY_LAUNCHED
12-09 12:32:14.856 I/GameMode_ActivityMonitoringService( 9074): Updating top task to: TaskInfoContainer [topActivity=ComponentInfo{com.android.calendar/com.android.calendar.AllInOneActivity}, taskId=180, stackId=180, userId=0, displayId=0, position=6
12-09 12:32:14.857 I/GameMode_ActivityMonitoringService( 9074): Notifying about top task: TaskInfoContainer [topActivity=ComponentInfo{com.android.calendar/com.android.calendar.AllInOneActivity}, taskId=180, stackId=180, userId=0, displayId=0, position=6
12-09 12:32:14.857 E/GameMode_ActivityMonitoringService( 9074): onActivityLaunch:com.android.calendar
12-09 12:32:14.857 V/GameMode_GameTypeUtils( 9074): judge isGame:com.android.calendar
12-09 12:32:14.857 V/GameMode_GpuUtils( 9074): fps:60
12-09 12:32:14.862 D/GameMode_GameModeActionUtils( 9074): Show GameMode entry by service!
12-09 12:32:14.862 W/ContextImpl( 9074): Calling a method in the system process without a qualified user: android.app.ContextImpl.startService:1816 android.content.ContextWrapper.startService:774 com.thundercomm.gamemode.ingame.services.GameModeActionUtils.startGameModeService:99 com.thundercomm.gamemode.ingame.services.GameModeActionUtils.startGameModeEntry:22 com.thundercomm.gamemode.ingame.services.ActivityMonitoringService$1.onActivityLaunch:127
12-09 12:32:14.865 D/GameModeIF_GameModeSettings( 9074): getUriFor setting_content_uri_root = content://com.thundercomm.gamemode.api/gamemode_settings , name = gamemode_isgaming
12-09 12:32:14.865 D/AccountManagerService( 1514): bind attempt failed for Session: expectLaunch true, connected false, stats (0/0/0), lifetime 0.0, addAccount, accountType com.google, requiredFeatures null
12-09 12:32:14.865 D/GameMode_GameModeService( 9074): type=hide_entry
12-09 12:32:14.865 I/mpu_uart( 649): [MSG-P:RECV]:No message received in 1000 ms
12-09 12:32:14.866 I/GameModeConfig( 1514): Current uri is uri = content://com.thundercomm.gamemode.api/gamemode_settings/gamemode_isgaming
12-09 12:32:14.866 D/GameModeIF_GameModeSettings( 1514): getUriFor setting_content_uri_root = content://com.thundercomm.gamemode.api/gamemode_settings , name = gamemode_isgaming
12-09 12:32:14.868 D/GameModeIF_GameModeSettings( 9074): gamemode_isgaming set to 0
12-09 12:32:14.868 D/GameMode_GameSettingsObserver( 9074): Game Data change!!!! uri = content://com.thundercomm.gamemode.api/gamemode_settings/gamemode_isgaming
12-09 12:32:14.868 D/GameModeIF_GameModeSettings( 9074): getUriFor setting_content_uri_root = content://com.thundercomm.gamemode.api/gamemode_settings , name = gamemode_isgaming
12-09 12:32:14.868 I/GameModeConfig( 1514): isGameModeOn = false
12-09 12:32:14.869 I/GameModeConfig( 1514): isGameModeOn = false
12-09 12:32:14.869 I/GameModeConfig( 1514): isDisableVoice = true
12-09 12:32:14.871 D/GameMode_GameModeService( 9074): updateGlobalSettings = gamemode_isgaming
12-09 12:32:14.874 D/FreeWindowHelper( 2834): enterOrExitRecentTasks: isEnterRecentTasks=false,mExitFlag=1
12-09 12:32:14.874 W/FreeFormWindowHelper( 1514): exitRecentTasks type=1
12-09 12:32:14.876 E/PagedView( 2834): validateNewPage: failed to find a page < mMaxScrollX
12-09 12:32:14.879 W/WindowManager( 1514): updateScale0.7996942
12-09 12:32:14.888 W/WindowManager( 1514): updateScale0.7996942
12-09 12:32:14.891 W/WindowManager( 1514): updateScale0.7996942
12-09 12:32:14.892 W/WindowManager( 1514): updateScale0.7996942
12-09 12:32:14.894 I/EventSequenceValidator( 1514): Transition from ACTIVITY_LAUNCHED to ACTIVITY_FINISHED
12-09 12:32:14.897 I/ActivityTaskManager( 1514): Displayed com.android.calendar/.AllInOneActivity: +71ms
12-09 12:32:15.165 W/WindowManager( 1514): updateScale0.7996942
12-09 12:32:15.292 E/PagedView( 2834): validateNewPage: failed to find a page < mMaxScrollX
12-09 12:32:15.296 I/OMX-VENC: venc_dev( 1203): stats: avg. fps 46.67, bitrate 5118891
12-09 12:32:15.483 I/OMX-VENC: venc_dev( 1203): stats: avg. fps 42.40, bitrate 1554265
12-09 12:32:15.865 I/mpu_uart( 649): [MSG-P:RECV]:No message received in 1000 ms
12-09 12:32:16.296 I/OMX-VENC: venc_dev( 1203): stats: avg. fps 5.00, bitrate 539546
12-09 12:32:16.495 I/OMX-VENC: venc_dev( 1203): stats: avg. fps 10.87, bitrate 88564
12-09 12:32:16.591 W/swapper/1( 0): type=1400 audit(0.0:8400): avc: denied { kill } for capability=5 scontext=u:r:kernel:s0 tcontext=u:r:kernel:s0 tclass=capability permissive=0
12-09 12:32:16.866 I/mpu_uart( 649): [MSG-P:RECV]:No message received in 1000 ms
12-09 12:32:17.297 I/OMX-VENC: venc_dev( 1203): stats: avg. fps 1.00, bitrate 51716
12-09 12:32:17.496 I/OMX-VENC: venc_dev( 1203): stats: avg. fps 9.98, bitrate 79358
12-09 12:32:17.591 W/swapper/1( 0): type=1400 audit(0.0:8401): avc: denied { kill } for capability=5 scontext=u:r:kernel:s0 tcontext=u:r:kernel:s0 tclass=capability permissive=0
12-09 12:32:17.698 I/mpu_uart( 649): [MSG-P:R]:recv sync frame timeout
12-09 12:32:17.866 I/mpu_uart( 649): [MSG-P:RECV]:No message received in 1000 ms
12-09 12:32:18.301 I/OMX-VENC: venc_dev( 1203): stats: avg. fps 1.00, bitrate 117974
12-09 12:32:18.501 I/OMX-VENC: venc_dev( 1203): stats: avg. fps 9.96, bitrate 79026
12-09 12:32:18.521 E/TaskPersister( 1514): File error accessing recents directory (directory doesn't exist?).
12-09 12:32:18.591 W/swapper/1( 0): type=1400 audit(0.0:8402): avc: denied { kill } for capability=5 scontext=u:r:kernel:s0 tcontext=u:r:kernel:s0 tclass=capability permissive=0
12-09 12:32:18.866 I/mpu_uart( 649): [MSG-P:RECV]:No message received in 1000 ms
12-09 12:32:19.301 I/OMX-VENC: venc_dev( 1203): stats: avg. fps 1.00, bitrate 75305
12-09 12:32:19.501 I/OMX-VENC: venc_dev( 1203): stats: avg. fps 10.00, bitrate 79323
12-09 12:32:19.591 W/swapper/1( 0): type=1400 audit(0.0:8403): avc: denied { kill } for capability=5 scontext=u:r:kernel:s0 tcontext=u:r:kernel:s0 tclass=capability permissive=0
12-09 12:32:19.866 I/mpu_uart( 649): [MSG-P:RECV]:No message received in 1000 ms
12-09 12:32:20.305 I/OMX-VENC: venc_dev( 1203): stats: avg. fps 1.00, bitrate 37675
12-09 12:32:20.504 I/OMX-VENC: venc_dev( 1203): stats: avg. fps 9.97, bitrate 78978
12-09 12:32:20.591 W/swapper/1( 0): type=1400 audit(0.0:8404): avc: denied { kill } for capability=5 scontext=u:r:kernel:s0 tcontext=u:r:kernel:s0 tclass=capability permissive=0
12-09 12:32:20.701 I/mpu_uart( 649): [MSG-P:R]:recv sync frame timeout
12-09 12:32:20.867 I/mpu_uart( 649): [MSG-P:RECV]:No message received in 1000 ms
12-09 12:32:20.900 D/UIAutomatorStub(18567): URI: /jsonrpc/0, Method: POST, params, {NanoHttpd.QUERY_STRING=null}, files: {postData={"jsonrpc": "2.0", "id": "d2d3d5f954f3c49560aeb904d897a20c", "method": "waitForExists", "params": [{"mask": 2097152, "childOrSibling": [], "childOrSiblingSelector": [], "resourceId": "android:id/move_window"}, 3000]}}
12-09 12:32:20.904 W/QueryController(18567): Could not detect idle state.
12-09 12:32:20.985 D/UIAutomatorStub(18567): URI: /jsonrpc/0, Method: POST, params, {NanoHttpd.QUERY_STRING=null}, files: {postData={"jsonrpc": "2.0", "id": "15c67383996a2b334ceb8e437ab62915", "method": "objInfo", "params": [{"mask": 2097152, "childOrSibling": [], "childOrSiblingSelector": [], "resourceId": "android:id/move_window"}]}}
12-09 12:32:20.988 W/QueryController(18567): Could not detect idle state.
12-09 12:32:21.003 W/QueryController(18567): Could not detect idle state.
12-09 12:32:21.006 W/QueryController(18567): Could not detect idle state.
12-09 12:32:21.008 W/QueryController(18567): Could not detect idle state.
12-09 12:32:21.010 W/QueryController(18567): Could not detect idle state.
12-09 12:32:21.012 W/QueryController(18567): Could not detect idle state.
12-09 12:32:21.014 W/QueryController(18567): Could not detect idle state.
12-09 12:32:21.015 W/QueryController(18567): Could not detect idle state.
12-09 12:32:21.017 W/QueryController(18567): Could not detect idle state.
12-09 12:32:21.019 W/QueryController(18567): Could not detect idle state.
12-09 12:32:21.020 W/QueryController(18567): Could not detect idle state.
12-09 12:32:21.022 W/QueryController(18567): Could not detect idle state.
12-09 12:32:21.023 W/QueryController(18567): Could not detect idle state.
12-09 12:32:21.024 W/QueryController(18567): Could not detect idle state.
12-09 12:32:21.025 W/QueryController(18567): Could not detect idle state.
12-09 12:32:21.026 W/QueryController(18567): Could not detect idle state.
12-09 12:32:21.028 W/QueryController(18567): Could not detect idle state.
12-09 12:32:21.029 W/QueryController(18567): Could not detect idle state.
12-09 12:32:21.085 D/UIAutomatorStub(18567): URI: /jsonrpc/0, Method: POST, params, {NanoHttpd.QUERY_STRING=null}, files: {postData={"jsonrpc": "2.0", "id": "8e813231d439b5d7b120d43dc83c0596", "method": "click", "params": [261.5, 99.0]}}
12-09 12:32:21.130 I/OpenGLRenderer(19196): Davey! duration=9223346080681ms; Flags=0, FrameTimelineVsyncId=-1, IntendedVsync=25956172976606, Vsync=25956172979835, InputEventId=-942879414, HandleInputStart=25956172992544, AnimationStart=25956172996502, PerformTraversalsStart=25956173161606, DrawStart=25956173261137, FrameDeadline=9223372036854775807, FrameInterval=25956172979835, FrameStartTime=16666666, SyncQueued=25956173538221, SyncStart=25956173728169, IssueDrawCommandsStart=25956174587596, SwapBuffers=25956178362544, FrameCompleted=9223372036854775807, DequeueBufferDuration=46302, QueueBufferDuration=1113229, GpuCompleted=9223372036854775807, SwapBuffersCompleted=25956180454262, DisplayPresentTime=0,
12-09 12:32:21.321 I/OMX-VENC: venc_dev( 1203): stats: avg. fps 8.86, bitrate 412683
12-09 12:32:21.542 I/OMX-VENC: venc_dev( 1203): stats: avg. fps 20.23, bitrate 159955
12-09 12:32:21.591 W/swapper/1( 0): type=1400 audit(0.0:8405): avc: denied { kill } for capability=5 scontext=u:r:kernel:s0 tcontext=u:r:kernel:s0 tclass=capability permissive=0
12-09 12:32:21.867 I/mpu_uart( 649): [MSG-P:RECV]:No message received in 1000 ms
12-09 12:32:22.316 D/UIAutomatorStub(18567): URI: /jsonrpc/0, Method: POST, params, {NanoHttpd.QUERY_STRING=null}, files: {postData={"jsonrpc": "2.0", "id": "1104ddc933344bcbfd7505aa93637127", "method": "exist", "params": [{"mask": 2097152, "childOrSibling": [], "childOrSiblingSelector": [], "resourceId": "android:id/caption"}]}}
12-09 12:32:22.319 W/QueryController(18567): Could not detect idle state.
12-09 12:32:22.591 W/swapper/1( 0): type=1400 audit(0.0:8406): avc: denied { kill } for capability=5 scontext=u:r:kernel:s0 tcontext=u:r:kernel:s0 tclass=capability permissive=0
12-09 12:32:22.609 I/OMX-VENC: venc_dev( 1203): stats: avg. fps 10.31, bitrate 81702
12-09 12:32:22.867 I/mpu_uart( 649): [MSG-P:RECV]:No message received in 1000 ms
12-09 12:32:23.309 I/OMX-VENC: venc_dev( 1203): stats: avg. fps 3.52, bitrate 164940
12-09 12:32:23.591 W/swapper/1( 0): type=1400 audit(0.0:8407): avc: denied { kill } for capability=5 scontext=u:r:kernel:s0 tcontext=u:r:kernel:s0 tclass=capability permissive=0
12-09 12:32:23.610 I/OMX-VENC: venc_dev( 1203): stats: avg. fps 9.99, bitrate 79558
12-09 12:32:23.705 I/mpu_uart( 649): [MSG-P:R]:recv sync frame timeout
12-09 12:32:23.868 I/mpu_uart( 649): [MSG-P:RECV]:No message received in 1000 ms
12-09 12:32:24.312 I/OMX-VENC: venc_dev( 1203): stats: avg. fps 1.00, bitrate 48351
12-09 12:32:24.408 D/ProcessState(19804): Binder ioctl to enable oneway spam detection failed: Invalid argument
12-09 12:32:24.415 D/StateManager( 2834): goToState: Overview
12-09 12:32:24.416 D/EditModeHelper( 2834): setHotseatVisibility: 0
12-09 12:32:24.423 V/ShadeControllerImpl( 2372): NotificationShadeWindow: com.android.systemui.statusbar.phone.NotificationShadeWindowView{7f4383b I.E...... ......ID 0,0-2380,1020} canPanelBeCollapsed(): false
12-09 12:32:24.430 D/UIAutomatorStub(18567): URI: /jsonrpc/0, Method: POST, params, {NanoHttpd.QUERY_STRING=null}, files: {postData={"jsonrpc": "2.0", "id": "a7125d36bf6fe1e491623ed146a5b73a", "method": "waitForExists", "params": [{"mask": 2097153, "childOrSibling": [], "childOrSiblingSelector": [], "resourceId": "com.android.launcher3:id/name_tv", "text": "\u65e5\u5386"}, 3000]}}
12-09 12:32:24.432 W/QueryController(18567): Could not detect idle state.
12-09 12:32:24.433 D/FreeWindowHelper( 2834): enterOrExitRecentTasks: isEnterRecentTasks=true,mExitFlag=1
12-09 12:32:24.443 D/ActivityTrigger( 1514): ActivityTrigger activityPauseTrigger
12-09 12:32:24.450 D/FreeWindowContainer( 2834): reloadTask: TaskInfo{userId=0 taskId=180 displayId=0 isRunning=false baseIntent=Intent { flg=0x10008000 cmp=com.android.calendar/.AllInOneActivity } baseActivity=null topActivity=null origActivity=null realActivity=ComponentInfo{com.android.calendar/com.android.calendar.AllInOneActivity} numActivities=0 lastActiveTime=25959521 supportsSplitScreenMultiWindow=true supportsMultiWindow=true resizeMode=1 isResizeable=true token=WCT{android.window.IWindowContainerToken$Stub$Proxy@6f13f22} topActivityType=1 pictureInPictureParams=null displayCutoutSafeInsets=null topActivityInfo=null launchCookies=[] positionInParent=Point(0, 72) parentTaskId=-1 isFocused=false isVisible=true topActivityInSizeCompat=false locusId= null}
12-09 12:32:24.458 I/ActivityTaskManager( 1514): FOREGROUND_APPLICATION_CHANGED to com.android.launcher3.uioverrides.QuickstepLauncher
12-09 12:32:24.480 I/GameMode_ActivityMonitoringService( 9074): onForegroundActivitiesChanged uid 10069 pid 19196 fg false
12-09 12:32:24.486 W/ActivityTaskManager( 1514): getTaskSnapshot: taskId=179 not found
12-09 12:32:24.487 W/InputManager-JNI( 1514): Input channel object '161be5c com.android.calendar/com.android.calendar.AllInOneActivity (client)' was disposed without first being removed with the input manager!
12-09 12:32:24.487 I/GameMode_ActivityMonitoringService( 9074): Updating top task to: TaskInfoContainer [topActivity=ComponentInfo{com.android.launcher3/com.android.launcher3.uioverrides.QuickstepLauncher}, taskId=10, stackId=1, userId=0, displayId=0, position=6
12-09 12:32:24.488 I/GameMode_ActivityMonitoringService( 9074): Notifying about top task: TaskInfoContainer [topActivity=ComponentInfo{com.android.launcher3/com.android.launcher3.uioverrides.QuickstepLauncher}, taskId=10, stackId=1, userId=0, displayId=0, position=6
12-09 12:32:24.488 E/GameMode_ActivityMonitoringService( 9074): onActivityLaunch:com.android.launcher3
12-09 12:32:24.488 V/GameMode_GameTypeUtils( 9074): judge isGame:com.android.launcher3
12-09 12:32:24.488 V/GameMode_GpuUtils( 9074): fps:60
12-09 12:32:24.488 W/ActivityTaskManager( 1514): getTaskSnapshot: taskId=5179 not found
12-09 12:32:24.488 W/ActivityTaskManager( 1514): getTaskSnapshot: taskId=4179 not found
12-09 12:32:24.490 W/ActivityTaskManager( 1514): getTaskSnapshot: taskId=3179 not found
12-09 12:32:24.490 D/GameMode_GameModeActionUtils( 9074): Show GameMode entry by service!
12-09 12:32:24.491 W/ContextImpl( 9074): Calling a method in the system process without a qualified user: android.app.ContextImpl.startService:1816 android.content.ContextWrapper.startService:774 com.thundercomm.gamemode.ingame.services.GameModeActionUtils.startGameModeService:99 com.thundercomm.gamemode.ingame.services.GameModeActionUtils.startGameModeEntry:22 com.thundercomm.gamemode.ingame.services.ActivityMonitoringService$1.onActivityLaunch:127
12-09 12:32:24.492 D/GameMode_GameModeService( 9074): type=hide_entry
12-09 12:32:24.495 D/GameModeIF_GameModeSettings( 9074): getUriFor setting_content_uri_root = content://com.thundercomm.gamemode.api/gamemode_settings , name = gamemode_isgaming
12-09 12:32:24.500 I/GameModeConfig( 1514): Current uri is uri = content://com.thundercomm.gamemode.api/gamemode_settings/gamemode_isgaming
12-09 12:32:24.500 D/GameModeIF_GameModeSettings( 1514): getUriFor setting_content_uri_root = content://com.thundercomm.gamemode.api/gamemode_settings , name = gamemode_isgaming
12-09 12:32:24.500 D/GameMode_GameSettingsObserver( 9074): Game Data change!!!! uri = content://com.thundercomm.gamemode.api/gamemode_settings/gamemode_isgaming
12-09 12:32:24.500 D/GameModeIF_GameModeSettings( 9074): gamemode_isgaming set to 0
12-09 12:32:24.500 D/GameModeIF_GameModeSettings( 9074): getUriFor setting_content_uri_root = content://com.thundercomm.gamemode.api/gamemode_settings , name = gamemode_isgaming
12-09 12:32:24.505 I/GameModeConfig( 1514): isGameModeOn = false
12-09 12:32:24.506 I/GameModeConfig( 1514): isGameModeOn = false
12-09 12:32:24.506 I/GameModeConfig( 1514): isDisableVoice = true
12-09 12:32:24.508 D/libEGL ( 1514): MSAA-->msaa:0 gamemode:0 4x_msaa:0
12-09 12:32:24.508 D/libEGL ( 1514): MSAA-->msaa:0 gamemode:0 4x_msaa:0
12-09 12:32:24.509 D/libEGL ( 1514): MSAA-->msaa:0 gamemode:0 4x_msaa:0
12-09 12:32:24.512 D/GameMode_GameModeService( 9074): updateGlobalSettings = gamemode_isgaming
12-09 12:32:24.524 D/BaseIconFactory( 2834): normalizeAndWrapToAdaptiveIcon: scale=0.8095241
12-09 12:32:24.525 W/ActivityTaskManager( 1514): getTaskSnapshot: taskId=5180 not found
12-09 12:32:24.527 D/BaseIconFactory( 2834): normalizeAndWrapToAdaptiveIcon: scale=0.8095241
12-09 12:32:24.527 W/ActivityTaskManager( 1514): getTaskSnapshot: taskId=4180 not found
12-09 12:32:24.528 D/BaseIconFactory( 2834): normalizeAndWrapToAdaptiveIcon: scale=0.8095241
12-09 12:32:24.528 W/ActivityTaskManager( 1514): getTaskSnapshot: taskId=3180 not found
12-09 12:32:24.530 D/BaseIconFactory( 2834): normalizeAndWrapToAdaptiveIcon: scale=0.8095241
12-09 12:32:24.530 W/ActivityTaskManager( 1514): getTaskSnapshot: taskId=2180 not found
12-09 12:32:24.531 D/BaseIconFactory( 2834): normalizeAndWrapToAdaptiveIcon: scale=0.8095241
12-09 12:32:24.533 W/ActivityTaskManager( 1514): getTaskSnapshot: taskId=1180 not found
12-09 12:32:24.534 D/BaseIconFactory( 2834): normalizeAndWrapToAdaptiveIcon: scale=0.8095241
12-09 12:32:24.536 W/ActivityTaskManager( 1514): getTaskSnapshot: taskId=4180 not found
12-09 12:32:24.536 W/ActivityTaskManager( 1514): getTaskSnapshot: taskId=3180 not found
12-09 12:32:24.536 W/ActivityTaskManager( 1514): getTaskSnapshot: taskId=2180 not found
12-09 12:32:24.536 W/ActivityTaskManager( 1514): getTaskSnapshot: taskId=1180 not found
12-09 12:32:24.543 D/UIAutomatorStub(18567): URI: /jsonrpc/0, Method: POST, params, {NanoHttpd.QUERY_STRING=null}, files: {postData={"jsonrpc": "2.0", "id": "3d332aaabf40208b0a876cdf67291b6d", "method": "objInfo", "params": [{"mask": 2097153, "childOrSibling": [], "childOrSiblingSelector": [], "resourceId": "com.android.launcher3:id/name_tv", "text": "\u65e5\u5386"}]}}
12-09 12:32:24.545 W/QueryController(18567): Could not detect idle state.
12-09 12:32:24.560 I/GameMode_ActivityMonitoringService( 9074): onTaskStackChanged
