12-10 06:19:44.870 1507 9513 I wm_add_to_stopping: [0,210198955,com.android.deskclock/.DeskClock,makeInvisible]
12-10 06:19:44.871 2526 2526 I wm_on_resume_called: [142082565,com.android.launcher3.uioverrides.QuickstepLauncher,RESUME_ACTIVITY]
12-10 06:19:44.880 1507 1569 I input_focus: [Focus request 2cb1f5d com.android.launcher3/com.android.launcher3.uioverrides.QuickstepLauncher,reason=UpdateInputWindows]
12-10 06:19:44.881 13893 13893 I wm_on_paused_called: [210198955,com.android.deskclock.DeskClock,performPause]
12-10 06:19:44.882 1507 1568 I sysui_multi_action: [757,803,799,window_time_0,802,3]
12-10 06:19:44.885 1507 12191 I wm_stop_activity: [0,210198955,com.android.deskclock/.DeskClock]
12-10 06:19:44.898 1507 1568 I sysui_multi_action: [757,803,799,window_time_0,802,0]
12-10 06:19:44.898 1507 1736 I input_focus: [Focus leaving recents_animation_input_consumer (server),reason=NOT_VISIBLE]
12-10 06:19:44.898 1507 1736 I input_focus: [Focus entering 2cb1f5d com.android.launcher3/com.android.launcher3.uioverrides.QuickstepLauncher (server),reason=setFocusedWindow]
12-10 06:19:44.914 13893 13893 I wm_on_stop_called: [210198955,com.android.deskclock.DeskClock,STOP_ACTIVITY_ITEM]
12-10 06:19:44.948 2526 2526 I wm_on_top_resumed_gained_called: [142082565,com.android.launcher3.uioverrides.QuickstepLauncher,topStateChangedWhenResumed]
12-10 06:19:45.108 1507 1710 I commit_sys_config_file: [settings-1-0,6]
12-10 06:19:45.155 0 0 I auditd : type=1400 audit(0.0:18337): avc: denied { kill } for comm="swapper/3" capability=5 scontext=u:r:kernel:s0 tcontext=u:r:kernel:s0 tclass=capability permissive=0
12-10 06:19:46.155 0 0 I auditd : type=1400 audit(0.0:18338): avc: denied { kill } for comm="swapper/3" capability=5 scontext=u:r:kernel:s0 tcontext=u:r:kernel:s0 tclass=capability permissive=0
12-10 06:19:46.226 1507 1736 I input_interaction: Interaction with: 2cb1f5d com.android.launcher3/com.android.launcher3.uioverrides.QuickstepLauncher (server), 5478378 com.android.systemui.ImageWallpaper (server), edge-swipe (server), swipe-up (server), PointerEventDispatcher0 (server),
12-10 06:19:46.343 1507 1528 I wm_task_moved: [26,1,7]
12-10 06:19:46.343 1507 1528 I wm_set_resumed_activity: [0,com.android.launcher3/.uioverrides.QuickstepLauncher,positionChildAt]
12-10 06:19:46.344 1507 1528 I wm_task_moved: [144,1,7]
12-10 06:19:46.345 1507 1528 I wm_focused_root_task: [0,0,144,26,moveTaskToFront findTaskToMoveToFront]
12-10 06:19:46.346 1507 1528 I wm_set_resumed_activity: [0,com.android.deskclock/.DeskClock,moveTaskToFront findTaskToMoveToFront]
12-10 06:19:46.348 1507 1528 I wm_set_resumed_activity: [0,com.android.deskclock/.DeskClock,resumeTopActivityInnerLocked]
12-10 06:19:46.350 1507 1528 I wm_relaunch_resume_activity: [0,210198955,144,com.android.deskclock/.DeskClock]
12-10 06:19:46.370 2526 2526 I wm_on_top_resumed_lost_called: [142082565,com.android.launcher3.uioverrides.QuickstepLauncher,topStateChangedWhenResumed]
12-10 06:19:46.375 13893 13893 I wm_on_restart_called: [210198955,com.android.deskclock.DeskClock,performRestartActivity]
12-10 06:19:46.378 13893 13893 I wm_on_start_called: [210198955,com.android.deskclock.DeskClock,handleStartActivity]
12-10 06:19:46.380 13893 13893 I wm_on_stop_called: [210198955,com.android.deskclock.DeskClock,handleRelaunchActivity]
12-10 06:19:46.389 13893 13893 I wm_on_destroy_called: [210198955,com.android.deskclock.DeskClock,performDestroy]
12-10 06:19:46.424 1507 11870 I wm_task_moved: [144,1,7]
12-10 06:19:46.424 1507 11870 I wm_set_resumed_activity: [0,com.android.deskclock/.DeskClock,positionChildAt]
12-10 06:19:46.425 1507 11870 I wm_create_activity: [0,207276635,144,com.android.permissioncontroller/.permission.ui.GrantPermissionsActivity,android.content.pm.action.REQUEST_PERMISSIONS,NULL,NULL,8388608]
12-10 06:19:46.427 1507 11870 I wm_pause_activity: [0,210198955,com.android.deskclock/.DeskClock,userLeaving=true,resumeTopActivityInnerLocked]
12-10 06:19:46.443 13893 13893 I wm_on_create_called: [210198955,com.android.deskclock.DeskClock,performCreate]
12-10 06:19:46.486 13893 13893 I wm_on_start_called: [210198955,com.android.deskclock.DeskClock,handleStartActivity]
12-10 06:19:46.486 13893 13893 I wm_on_resume_called: [210198955,com.android.deskclock.DeskClock,RESUME_ACTIVITY]
12-10 06:19:46.488 13893 13893 I wm_on_top_resumed_gained_called: [210198955,com.android.deskclock.DeskClock,topStateChangedWhenResumed]
12-10 06:19:46.494 1507 1569 I input_focus: [Focus request 669d3d1 com.android.deskclock/com.android.deskclock.DeskClock,reason=UpdateInputWindows]
12-10 06:19:46.517 1507 1736 I input_focus: [Focus leaving 2cb1f5d com.android.launcher3/com.android.launcher3.uioverrides.QuickstepLauncher (server),reason=Waiting for window because NOT_VISIBLE]
12-10 06:19:46.541 13893 13893 I wm_on_top_resumed_lost_called: [210198955,com.android.deskclock.DeskClock,topStateChangedWhenResumed]
12-10 06:19:46.543 13893 13893 I wm_on_paused_called: [210198955,com.android.deskclock.DeskClock,performPause]
12-10 06:19:46.547 1507 11870 I wm_restart_activity: [0,207276635,144,com.android.permissioncontroller/.permission.ui.GrantPermissionsActivity]
12-10 06:19:46.549 1507 11870 I wm_set_resumed_activity: [0,com.android.permissioncontroller/.permission.ui.GrantPermissionsActivity,minimalResumeActivityLocked]
12-10 06:19:46.551 1507 1736 I input_focus: [Focus entering 669d3d1 com.android.deskclock/com.android.deskclock.DeskClock (server),reason=Window became focusable. Previous reason: NOT_VISIBLE]
12-10 06:19:46.555 1507 1568 I sysui_multi_action: [757,803,799,window_time_0,802,2]
12-10 06:19:46.581 12461 12461 I wm_on_create_called: [207276635,com.android.permissioncontroller.permission.ui.GrantPermissionsActivity,performCreate]
12-10 06:19:46.582 12461 12461 I wm_on_start_called: [207276635,com.android.permissioncontroller.permission.ui.GrantPermissionsActivity,handleStartActivity]
12-10 06:19:46.582 12461 12461 I wm_on_resume_called: [207276635,com.android.permissioncontroller.permission.ui.GrantPermissionsActivity,RESUME_ACTIVITY]
12-10 06:19:46.584 12461 12461 I wm_on_top_resumed_gained_called: [207276635,com.android.permissioncontroller.permission.ui.GrantPermissionsActivity,topStateChangedWhenResumed]
12-10 06:19:46.588 1507 1528 I wm_finish_activity: [0,207276635,144,com.android.permissioncontroller/.permission.ui.GrantPermissionsActivity,app-request]
12-10 06:19:46.602 1507 1528 I wm_pause_activity: [0,207276635,com.android.permissioncontroller/.permission.ui.GrantPermissionsActivity,userLeaving=false,finish]
12-10 06:19:46.610 1507 1568 I sysui_multi_action: [757,1144,758,9,806,com.android.permissioncontroller,871,com.android.permissioncontroller.permission.ui.GrantPermissionsActivity]
12-10 06:19:46.612 12461 12461 I wm_on_top_resumed_lost_called: [207276635,com.android.permissioncontroller.permission.ui.GrantPermissionsActivity,topStateChangedWhenResumed]
12-10 06:19:46.612 12461 12461 I wm_on_paused_called: [207276635,com.android.permissioncontroller.permission.ui.GrantPermissionsActivity,performPause]
12-10 06:19:46.613 1507 1528 I wm_add_to_stopping: [0,207276635,com.android.permissioncontroller/.permission.ui.GrantPermissionsActivity,completeFinishing]
12-10 06:19:46.614 1507 1528 I wm_set_resumed_activity: [0,com.android.deskclock/.DeskClock,resumeTopActivityInnerLocked]
12-10 06:19:46.615 1507 1528 I wm_resume_activity: [0,210198955,144,com.android.deskclock/.DeskClock]
12-10 06:19:46.621 1507 1569 I input_focus: [Focus request 669d3d1 com.android.deskclock/com.android.deskclock.DeskClock,reason=UpdateInputWindows]
12-10 06:19:46.623 1507 1568 I sysui_multi_action: [757,803,799,window_time_2,802,0]
12-10 06:19:46.635 13893 13893 I wm_on_activity_result_called: [210198955,com.android.deskclock.DeskClock,ACTIVITY_RESULT]
12-10 06:19:46.635 13893 13893 I wm_on_resume_called: [210198955,com.android.deskclock.DeskClock,RESUME_ACTIVITY]
12-10 06:19:46.636 13893 13893 I wm_on_top_resumed_gained_called: [210198955,com.android.deskclock.DeskClock,topWhenResuming]
12-10 06:19:46.673 1507 11870 I wm_destroy_activity: [0,207276635,144,com.android.permissioncontroller/.permission.ui.GrantPermissionsActivity,finish-imm:idle]
12-10 06:19:46.674 12461 12461 I wm_on_stop_called: [207276635,com.android.permissioncontroller.permission.ui.GrantPermissionsActivity,LIFECYCLER_STOP_ACTIVITY]
12-10 06:19:46.674 12461 12461 I wm_on_destroy_called: [207276635,com.android.permissioncontroller.permission.ui.GrantPermissionsActivity,performDestroy]
12-10 06:19:47.155 0 0 I auditd : type=1400 audit(0.0:18339): avc: denied { kill } for comm="swapper/3" capability=5 scontext=u:r:kernel:s0 tcontext=u:r:kernel:s0 tclass=capability permissive=0
12-10 06:19:48.084 1507 1736 I input_interaction: Interaction with: 669d3d1 com.android.deskclock/com.android.deskclock.DeskClock (server), edge-swipe (server), swipe-up (server), PointerEventDispatcher0 (server),
12-10 06:19:48.263 1507 1569 I input_focus: [Focus request ab22c09 com.android.deskclock/com.android.deskclock.DeskClock,reason=UpdateInputWindows]
12-10 06:19:48.290 1507 1736 I input_focus: [Focus entering ab22c09 com.android.deskclock/com.android.deskclock.DeskClock (server),reason=setFocusedWindow]
12-10 06:19:49.155 0 0 I auditd : type=1400 audit(0.0:18340): avc: denied { kill } for comm="swapper/3" capability=5 scontext=u:r:kernel:s0 tcontext=u:r:kernel:s0 tclass=capability permissive=0
12-10 06:19:49.957 1507 1736 I input_interaction: Interaction with: ab22c09 com.android.deskclock/com.android.deskclock.DeskClock (server), edge-swipe (server), swipe-up (server), PointerEventDispatcher0 (server),
12-10 06:19:50.060 1507 12191 I wm_finish_activity: [0,210198955,144,com.android.deskclock/.DeskClock,finish-activity]
12-10 06:19:50.060 1507 12191 I wm_task_moved: [26,1,7]
12-10 06:19:50.063 1507 12191 I wm_set_resumed_activity: [0,com.android.launcher3/.uioverrides.QuickstepLauncher,positionChildAt]
12-10 06:19:50.063 1507 12191 I wm_task_moved: [27,1,2147483647]
12-10 06:19:50.063 1507 12191 I wm_task_to_front: [0,27]
12-10 06:19:50.063 1507 12191 I wm_focused_root_task: [0,0,26,-1,finish-top adjustFocusToNextFocusableTask]
12-10 06:19:50.063 1507 12191 I wm_set_resumed_activity: [0,com.android.launcher3/.uioverrides.QuickstepLauncher,finish-top]
12-10 06:19:50.075 1507 12191 I wm_pause_activity: [0,210198955,com.android.deskclock/.DeskClock,userLeaving=false,finish]
12-10 06:19:50.086 13893 13893 I wm_on_top_resumed_lost_called: [210198955,com.android.deskclock.DeskClock,topStateChangedWhenResumed]
12-10 06:19:50.086 1507 1569 I input_focus: [Focus request 2cb1f5d com.android.launcher3/com.android.launcher3.uioverrides.QuickstepLauncher,reason=UpdateInputWindows]
12-10 06:19:50.091 2526 2526 I wm_on_top_resumed_gained_called: [142082565,com.android.launcher3.uioverrides.QuickstepLauncher,topStateChangedWhenResumed]
12-10 06:19:50.093 1507 1568 I sysui_multi_action: [757,803,799,window_time_2,802,4]
12-10 06:19:50.093 13893 13893 I wm_on_paused_called: [210198955,com.android.deskclock.DeskClock,performPause]
12-10 06:19:50.096 1507 12191 I wm_destroy_activity: [0,210198955,144,com.android.deskclock/.DeskClock,finish-imm:completePausedLocked]
12-10 06:19:50.110 1507 1736 I input_focus: [Focus leaving ab22c09 com.android.deskclock/com.android.deskclock.DeskClock (server),reason=NO_WINDOW]
12-10 06:19:50.114 1507 1568 I sysui_multi_action: [757,803,799,window_time_0,802,0]
12-10 06:19:50.114 1507 1736 I input_focus: [Focus entering 2cb1f5d com.android.launcher3/com.android.launcher3.uioverrides.QuickstepLauncher (server),reason=setFocusedWindow]
12-10 06:19:50.124 13893 13893 I wm_on_stop_called: [210198955,com.android.deskclock.DeskClock,LIFECYCLER_STOP_ACTIVITY]
12-10 06:19:50.133 13893 13893 I wm_on_destroy_called: [210198955,com.android.deskclock.DeskClock,performDestroy]
12-10 06:19:50.408 1507 1569 I wm_task_removed: [144,removeChild:removeChild last r=ActivityRecord{c8761ab u0 com.android.deskclock/.DeskClock t-1 f}} in t=Task{e4f5950 #144 type=standard A=10069:com.android.deskclock U=0 visible=false mode=freeform translucent=true sz=0}]
12-10 06:19:50.408 1507 1569 I wm_task_removed: [144,removeChild]
12-10 06:19:51.202 1507 1736 I input_interaction: Interaction with: 2cb1f5d com.android.launcher3/com.android.launcher3.uioverrides.QuickstepLauncher (server), 5478378 com.android.systemui.ImageWallpaper (server), edge-swipe (server), swipe-up (server), PointerEventDispatcher0 (server),
12-10 06:19:51.551 1507 1710 I commit_sys_config_file: [settings-1-0,12]
12-10 06:19:52.155 0 0 I auditd : type=1400 audit(0.0:18341): avc: denied { kill } for comm="swapper/3" capability=5 scontext=u:r:kernel:s0 tcontext=u:r:kernel:s0 tclass=capability permissive=0
12-10 06:19:53.155 0 0 I auditd : type=1400 audit(0.0:18342): avc: denied { kill } for comm="swapper/3" capability=5 scontext=u:r:kernel:s0 tcontext=u:r:kernel:s0 tclass=capability permissive=0
12-10 06:19:54.155 0 0 I auditd : type=1400 audit(0.0:18343): avc: denied { kill } for comm="swapper/3" capability=5 scontext=u:r:kernel:s0 tcontext=u:r:kernel:s0 tclass=capability permissive=0
12-10 06:19:54.498 1507 9513 I wm_task_created: [146,-1]
12-10 06:19:54.504 1507 9513 I wm_task_moved: [146,1,7]
12-10 06:19:54.504 1507 9513 I wm_task_to_front: [0,146]
12-10 06:19:54.505 1507 9513 I wm_create_task: [0,146]
12-10 06:19:54.505 1507 9513 I wm_create_activity: [0,184121145,146,com.android.deskclock/.HandleShortcuts,com.android.deskclock.action.START_STOPWATCH,NULL,NULL,276824064]
12-10 06:19:54.505 1507 9513 I wm_task_moved: [146,1,7]
12-10 06:19:54.508 1507 9513 I wm_pause_activity: [0,142082565,com.android.launcher3/.uioverrides.QuickstepLauncher,userLeaving=true,pauseBackTasks]
12-10 06:19:54.517 2526 2526 I wm_on_top_resumed_lost_called: [142082565,com.android.launcher3.uioverrides.QuickstepLauncher,topStateChangedWhenResumed]
12-10 06:19:54.523 2526 2526 I wm_on_paused_called: [142082565,com.android.launcher3.uioverrides.QuickstepLauncher,performPause]
12-10 06:19:54.526 1507 1528 I wm_restart_activity: [0,184121145,146,com.android.deskclock/.HandleShortcuts]
12-10 06:19:54.528 1507 1528 I wm_set_resumed_activity: [0,com.android.deskclock/.HandleShortcuts,minimalResumeActivityLocked]
12-10 06:19:54.534 1507 1568 I sysui_multi_action: [757,803,799,window_time_0,802,4]
12-10 06:19:54.545 1507 9513 I wm_task_created: [147,-1]
12-10 06:19:54.547 1507 9513 I wm_task_moved: [147,1,8]
12-10 06:19:54.547 1507 9513 I wm_task_to_front: [0,147]
12-10 06:19:54.547 1507 9513 I wm_create_task: [0,147]
12-10 06:19:54.547 1507 9513 I wm_create_activity: [0,105148923,147,com.android.deskclock/.DeskClock,com.android.deskclock.action.START_STOPWATCH,NULL,NULL,268435456]
12-10 06:19:54.547 1507 9513 I wm_task_moved: [147,1,8]
12-10 06:19:54.549 1507 9513 I wm_pause_activity: [0,184121145,com.android.deskclock/.HandleShortcuts,userLeaving=true,pauseBackTasks]
12-10 06:19:54.555 1507 9513 I wm_finish_activity: [0,184121145,146,com.android.deskclock/.HandleShortcuts,app-request]
12-10 06:19:54.555 13893 13893 I wm_on_create_called: [184121145,com.android.deskclock.HandleShortcuts,performCreate]
12-10 06:19:54.558 1507 2038 I wm_add_to_stopping: [0,184121145,com.android.deskclock/.HandleShortcuts,completeFinishing]
12-10 06:19:54.560 1507 2038 I wm_add_to_stopping: [0,142082565,com.android.launcher3/.uioverrides.QuickstepLauncher,makeInvisible]
12-10 06:19:54.560 1507 2038 I wm_restart_activity: [0,105148923,147,com.android.deskclock/.DeskClock]
12-10 06:19:54.561 1507 2038 I wm_set_resumed_activity: [0,com.android.deskclock/.DeskClock,minimalResumeActivityLocked]
12-10 06:19:54.563 1507 1568 I wm_destroy_activity: [0,184121145,146,com.android.deskclock/.HandleShortcuts,finish-imm:idle]
12-10 06:19:54.566 1507 1568 I sysui_multi_action: [757,803,799,window_time_0,802,0]
12-10 06:19:54.578 1507 2038 I wm_task_moved: [147,1,8]
12-10 06:19:54.579 1507 2038 I wm_set_resumed_activity: [0,com.android.deskclock/.DeskClock,positionChildAt]
12-10 06:19:54.579 1507 2038 I wm_create_activity: [0,15662562,147,com.android.permissioncontroller/.permission.ui.GrantPermissionsActivity,android.content.pm.action.REQUEST_PERMISSIONS,NULL,NULL,8388608]
12-10 06:19:54.579 1507 2038 I wm_pause_activity: [0,105148923,com.android.deskclock/.DeskClock,userLeaving=true,resumeTopActivityInnerLocked]
12-10 06:19:54.586 1507 1736 I input_focus: [Focus leaving 2cb1f5d com.android.launcher3/com.android.launcher3.uioverrides.QuickstepLauncher (server),reason=NO_WINDOW]
12-10 06:19:54.596 13893 13893 I wm_on_create_called: [105148923,com.android.deskclock.DeskClock,performCreate]
12-10 06:19:54.597 13893 13893 I wm_on_start_called: [105148923,com.android.deskclock.DeskClock,handleStartActivity]
12-10 06:19:54.598 13893 13893 I wm_on_resume_called: [105148923,com.android.deskclock.DeskClock,RESUME_ACTIVITY]
12-10 06:19:54.600 13893 13893 I wm_on_top_resumed_gained_called: [105148923,com.android.deskclock.DeskClock,topStateChangedWhenResumed]
12-10 06:19:54.602 13893 13893 I wm_on_destroy_called: [184121145,com.android.deskclock.HandleShortcuts,performDestroy]
12-10 06:19:54.602 13893 13893 I wm_on_top_resumed_lost_called: [105148923,com.android.deskclock.DeskClock,topStateChangedWhenResumed]
12-10 06:19:54.603 1507 2038 I wm_task_removed: [146,removeChild:removeChild last r=ActivityRecord{af97739 u0 com.android.deskclock/.HandleShortcuts t-1 f}} in t=Task{9013218 #146 type=standard I=com.android.deskclock/.HandleShortcuts U=0 visible=false mode=fullscreen translucent=true sz=0}]
12-10 06:19:54.603 1507 2038 I wm_task_removed: [146,removeChild]
12-10 06:19:54.604 13893 13893 I wm_on_paused_called: [105148923,com.android.deskclock.DeskClock,performPause]
12-10 06:19:54.608 1507 9513 I wm_restart_activity: [0,15662562,147,com.android.permissioncontroller/.permission.ui.GrantPermissionsActivity]
12-10 06:19:54.609 1507 9513 I wm_set_resumed_activity: [0,com.android.permissioncontroller/.permission.ui.GrantPermissionsActivity,minimalResumeActivityLocked]
12-10 06:19:54.612 1507 1568 I sysui_multi_action: [757,803,799,window_time_0,802,0]
12-10 06:19:54.622 12461 12461 I wm_on_create_called: [15662562,com.android.permissioncontroller.permission.ui.GrantPermissionsActivity,performCreate]
12-10 06:19:54.623 12461 12461 I wm_on_start_called: [15662562,com.android.permissioncontroller.permission.ui.GrantPermissionsActivity,handleStartActivity]
12-10 06:19:54.623 12461 12461 I wm_on_resume_called: [15662562,com.android.permissioncontroller.permission.ui.GrantPermissionsActivity,RESUME_ACTIVITY]
12-10 06:19:54.632 12461 12461 I wm_on_top_resumed_gained_called: [15662562,com.android.permissioncontroller.permission.ui.GrantPermissionsActivity,topStateChangedWhenResumed]
12-10 06:19:54.640 1507 1569 I input_focus: [Focus request b7766de com.android.permissioncontroller/com.android.permissioncontroller.permission.ui.GrantPermissionsActivity,reason=UpdateInputWindows]
12-10 06:19:54.648 1507 12191 I wm_finish_activity: [0,15662562,147,com.android.permissioncontroller/.permission.ui.GrantPermissionsActivity,app-request]
12-10 06:19:54.655 1507 1736 I input_focus: [Focus entering b7766de com.android.permissioncontroller/com.android.permissioncontroller.permission.ui.GrantPermissionsActivity (server),reason=setFocusedWindow]
12-10 06:19:54.658 1507 12191 I wm_pause_activity: [0,15662562,com.android.permissioncontroller/.permission.ui.GrantPermissionsActivity,userLeaving=false,finish]
12-10 06:19:54.663 12461 12461 I wm_on_top_resumed_lost_called: [15662562,com.android.permissioncontroller.permission.ui.GrantPermissionsActivity,topStateChangedWhenResumed]
12-10 06:19:54.670 1507 1736 I input_focus: [Focus leaving b7766de com.android.permissioncontroller/com.android.permissioncontroller.permission.ui.GrantPermissionsActivity (server),reason=NO_WINDOW]
12-10 06:19:54.671 12461 12461 I wm_on_paused_called: [15662562,com.android.permissioncontroller.permission.ui.GrantPermissionsActivity,performPause]
12-10 06:19:54.672 1507 2038 I wm_add_to_stopping: [0,15662562,com.android.permissioncontroller/.permission.ui.GrantPermissionsActivity,completeFinishing]
12-10 06:19:54.677 1507 2038 I wm_set_resumed_activity: [0,com.android.deskclock/.DeskClock,resumeTopActivityInnerLocked]
12-10 06:19:54.678 1507 2038 I wm_resume_activity: [0,105148923,147,com.android.deskclock/.DeskClock]
12-10 06:19:54.691 1507 1569 I input_focus: [Focus request 4b15148 com.android.deskclock/com.android.deskclock.DeskClock,reason=UpdateInputWindows]
12-10 06:19:54.695 1507 1568 I sysui_multi_action: [757,803,799,window_time_0,802,0]
12-10 06:19:54.698 13893 13893 I wm_on_activity_result_called: [105148923,com.android.deskclock.DeskClock,ACTIVITY_RESULT]
12-10 06:19:54.698 13893 13893 I wm_on_resume_called: [105148923,com.android.deskclock.DeskClock,RESUME_ACTIVITY]
12-10 06:19:54.700 13893 13893 I wm_on_top_resumed_gained_called: [105148923,com.android.deskclock.DeskClock,topWhenResuming]
12-10 06:19:54.704 1507 1736 I input_focus: [Focus entering 4b15148 com.android.deskclock/com.android.deskclock.DeskClock (server),reason=setFocusedWindow]
12-10 06:19:54.710 1507 1564 I sysui_multi_action: [319,90,321,86,322,203,325,16843,757,761,758,8,759,1,806,com.android.permissioncontroller,871,com.android.permissioncontroller.permission.ui.GrantPermissionsActivity,904,com.android.deskclock,905,0,1320,8,1321,5]
12-10 06:19:54.712 1507 1564 I wm_activity_launch_time: [0,15662562,com.android.permissioncontroller/.permission.ui.GrantPermissionsActivity,203]
12-10 06:19:54.923 1507 1568 I wm_destroy_activity: [0,15662562,147,com.android.permissioncontroller/.permission.ui.GrantPermissionsActivity,finish-imm:idle]
12-10 06:19:54.945 12461 12461 I wm_on_stop_called: [15662562,com.android.permissioncontroller.permission.ui.GrantPermissionsActivity,LIFECYCLER_STOP_ACTIVITY]
12-10 06:19:54.945 12461 12461 I wm_on_destroy_called: [15662562,com.android.permissioncontroller.permission.ui.GrantPermissionsActivity,performDestroy]
12-10 06:19:55.123 1507 1568 I wm_stop_activity: [0,142082565,com.android.launcher3/.uioverrides.QuickstepLauncher]
12-10 06:19:55.155 2526 2526 I wm_on_stop_called: [142082565,com.android.launcher3.uioverrides.QuickstepLauncher,STOP_ACTIVITY_ITEM]
12-10 06:19:55.155 0 0 I auditd : type=1400 audit(0.0:18344): avc: denied { kill } for comm="swapper/3" capability=5 scontext=u:r:kernel:s0 tcontext=u:r:kernel:s0 tclass=capability permissive=0
12-10 06:19:55.952 1507 1736 I input_interaction: Interaction with: 4b15148 com.android.deskclock/com.android.deskclock.DeskClock (server), edge-swipe (server), swipe-up (server), PointerEventDispatcher0 (server),
12-10 06:19:56.155 0 0 I auditd : type=1400 audit(0.0:18345): avc: denied { kill } for comm="swapper/3" capability=5 scontext=u:r:kernel:s0 tcontext=u:r:kernel:s0 tclass=capability permissive=0
12-10 06:19:57.101 1507 11870 I wm_task_moved: [26,0,0]
12-10 06:19:57.103 1507 11870 I wm_task_moved: [26,0,6]
12-10 06:19:57.128 2526 2526 I wm_on_restart_called: [142082565,com.android.launcher3.uioverrides.QuickstepLauncher,performRestartActivity]
12-10 06:19:57.155 0 0 I auditd : type=1400 audit(0.0:18346): avc: denied { kill } for comm="swapper/3" capability=5 scontext=u:r:kernel:s0 tcontext=u:r:kernel:s0 tclass=capability permissive=0
12-10 06:19:57.166 2526 2526 I wm_on_start_called: [142082565,com.android.launcher3.uioverrides.QuickstepLauncher,handleStartActivity]
12-10 06:19:57.167 13893 13893 I view_enqueue_input_event: [Motion - Cancel,com.android.deskclock/com.android.deskclock.DeskClock]
12-10 06:19:57.168 1507 1736 I input_interaction: Interaction with: edge-swipe (server), swipe-up (server), PointerEventDispatcher0 (server),
12-10 06:19:57.169 1507 1569 I input_focus: [Focus request recents_animation_input_consumer,reason=UpdateInputWindows]
12-10 06:19:57.175 1507 1736 I input_focus: [Focus leaving 4b15148 com.android.deskclock/com.android.deskclock.DeskClock (server),reason=NOT_FOCUSABLE]
12-10 06:19:57.175 1507 1736 I input_focus: [Focus entering recents_animation_input_consumer (server),reason=setFocusedWindow]
12-10 06:19:57.177 2526 2526 I sysui_latency: [1,108]
12-10 06:19:57.189 1507 1564 I sysui_multi_action: [319,19,322,81,325,16846,757,761,758,9,759,5,806,com.android.launcher3,871,com.android.launcher3.uioverrides.QuickstepLauncher,904,com.android.launcher3,905,0,1320,8,1321,5]
12-10 06:19:57.340 1507 1710 I commit_sys_config_file: [settings-1-0,8]
12-10 06:19:57.485 1507 1581 I sysui_latency: [8,104]
12-10 06:19:57.643 1507 1581 I sysui_multi_action: [757,1717,758,1,759,0]
12-10 06:19:57.643 1507 1581 I sysui_multi_action: [757,1717,758,2,759,0]
12-10 06:19:57.643 1507 1581 I sysui_multi_action: [757,1717,758,3,759,0]
12-10 06:19:57.913 1507 11870 I wm_task_moved: [26,1,7]
12-10 06:19:57.913 1507 11870 I wm_focused_root_task: [0,0,26,147,RecentsAnimation.onAnimationFinished()]
12-10 06:19:57.914 1507 11870 I wm_pause_activity: [0,105148923,com.android.deskclock/.DeskClock,userLeaving=false,pauseBackTasks]
12-10 06:19:57.915 1507 11870 I wm_set_resumed_activity: [0,com.android.launcher3/.uioverrides.QuickstepLauncher,resumeTopActivityInnerLocked]
12-10 06:19:57.915 1507 11870 I wm_resume_activity: [0,142082565,27,com.android.launcher3/.uioverrides.QuickstepLauncher]
12-10 06:19:57.915 1507 11870 I wm_add_to_stopping: [0,105148923,com.android.deskclock/.DeskClock,makeInvisible]
12-10 06:19:57.916 2526 2526 I wm_on_resume_called: [142082565,com.android.launcher3.uioverrides.QuickstepLauncher,RESUME_ACTIVITY]
12-10 06:19:57.919 1507 1569 I input_focus: [Focus request 2cb1f5d com.android.launcher3/com.android.launcher3.uioverrides.QuickstepLauncher,reason=UpdateInputWindows]
12-10 06:19:57.919 1507 1568 I sysui_multi_action: [757,803,799,window_time_0,802,3]
12-10 06:19:57.928 1507 1736 I input_focus: [Focus leaving recents_animation_input_consumer (server),reason=NOT_VISIBLE]
12-10 06:19:57.934 13893 13893 I wm_on_top_resumed_lost_called: [105148923,com.android.deskclock.DeskClock,topStateChangedWhenResumed]
12-10 06:19:57.940 13893 13893 I wm_on_paused_called: [105148923,com.android.deskclock.DeskClock,performPause]
12-10 06:19:57.941 1507 1528 I wm_stop_activity: [0,105148923,com.android.deskclock/.DeskClock]
12-10 06:19:57.943 1507 1568 I sysui_multi_action: [757,803,799,window_time_0,802,0]
12-10 06:19:57.944 1507 1736 I input_focus: [Focus entering 2cb1f5d com.android.launcher3/com.android.launcher3.uioverrides.QuickstepLauncher (server),reason=setFocusedWindow]
12-10 06:19:57.963 1507 1507 I notification_enqueue: [10069,13893,com.android.deskclock,2147483646,NULL,0,Notification(channel=StopwatchNotification shortcut=null contentView=com.android.deskclock/0x7f0d0024 vibrate=null sound=null defaults=0x0 flags=0x102 color=0xff1a237e groupKey=3 actions=2 vis=PRIVATE),0]
12-10 06:19:57.963 13893 13893 I wm_on_stop_called: [105148923,com.android.deskclock.DeskClock,STOP_ACTIVITY_ITEM]
12-10 06:19:57.971 2526 2526 I wm_on_top_resumed_gained_called: [142082565,com.android.launcher3.uioverrides.QuickstepLauncher,topStateChangedWhenResumed]
12-10 06:19:58.135 1507 1710 I commit_sys_config_file: [settings-1-0,5]
12-10 06:19:58.164 1507 1507 I sysui_multi_action: [757,1501,758,1,793,203,794,0,795,203,796,2147483646,806,com.android.deskclock,857,StopwatchNotification,858,3,946,3,947,0,1500,0,1688,1,1745,-868672399]
12-10 06:19:58.165 1507 1507 I sysui_multi_action: [757,804,799,note_interruptive,801,0,802,1]
12-10 06:19:58.166 1507 1507 I sysui_multi_action: [757,1501,758,1,793,205,794,0,795,205,796,2147483646,806,com.android.deskclock,857,StopwatchNotification,858,3,946,3,947,0,1500,0,1688,1,1745,-868672399]
12-10 06:19:58.166 1507 1507 I sysui_multi_action: [757,804,799,note_interruptive,801,0,802,1]
12-10 06:19:58.167 1507 1507 I sysui_multi_action: [757,199,758,1,759,2,793,206,794,0,795,206,796,2147483646,806,com.android.deskclock,857,StopwatchNotification,858,3,946,3,947,0,1500,1,1688,1,1745,-868672399]
12-10 06:19:58.167 1507 1507 I notification_alert: [0|com.android.deskclock|2147483646|null|10069,0,1,0]
12-10 06:19:58.587 1507 1736 I input_interaction: Interaction with: 2cb1f5d com.android.launcher3/com.android.launcher3.uioverrides.QuickstepLauncher (server), 5478378 com.android.systemui.ImageWallpaper (server), edge-swipe (server), swipe-up (server), PointerEventDispatcher0 (server),
12-10 06:19:59.144 1507 2157 I wm_finish_activity: [0,105148923,147,com.android.deskclock/.DeskClock,remove-task]
12-10 06:19:59.145 1507 2157 I wm_destroy_activity: [0,105148923,147,com.android.deskclock/.DeskClock,finish-imm:finishIfPossible]
12-10 06:19:59.150 1507 1568 I am_kill : [0,13893,com.android.deskclock,900,remove task]
12-10 06:19:59.150 1507 1568 I sysui_multi_action: [757,803,799,window_time_0,802,2]
12-10 06:19:59.155 0 0 I auditd : type=1400 audit(0.0:18347): avc: denied { kill } for comm="swapper/3" capability=5 scontext=u:r:kernel:s0 tcontext=u:r:kernel:s0 tclass=capability permissive=0
12-10 06:19:59.213 1507 2157 I am_proc_died: [0,13893,com.android.deskclock,900,18]
12-10 06:19:59.216 1507 2157 I am_uid_stopped: 10069
12-10 06:19:59.218 1507 2157 I wm_task_removed: [147,removeChild:removeChild last r=ActivityRecord{64471fb u0 com.android.deskclock/.DeskClock t-1 f}} in t=Task{5e92573 #147 type=standard A=10069:com.android.deskclock U=0 visible=false mode=fullscreen translucent=true sz=0}]
12-10 06:19:59.218 1507 2157 I wm_task_removed: [147,removeChild]
12-10 06:20:01.155 0 0 I auditd : type=1400 audit(0.0:18348): avc: denied { kill } for comm="swapper/3" capability=5 scontext=u:r:kernel:s0 tcontext=u:r:kernel:s0 tclass=capability permissive=0
12-10 06:20:01.456 1507 1583 I am_uid_idle: 10052
12-10 06:20:03.155 0 0 I auditd : type=1400 audit(0.0:18349): avc: denied { kill } for comm="swapper/3" capability=5 scontext=u:r:kernel:s0 tcontext=u:r:kernel:s0 tclass=capability permissive=0
12-10 06:20:04.155 0 0 I auditd : type=1400 audit(0.0:18350): avc: denied { kill } for comm="swapper/3" capability=5 scontext=u:r:kernel:s0 tcontext=u:r:kernel:s0 tclass=capability permissive=0
12-10 06:20:05.155 0 0 I auditd : type=1400 audit(0.0:18351): avc: denied { kill } for comm="swapper/3" capability=5 scontext=u:r:kernel:s0 tcontext=u:r:kernel:s0 tclass=capability permissive=0
12-10 06:20:06.015 1507 1710 I commit_sys_config_file: [settings-1-0,5]
12-10 06:20:06.155 0 0 I auditd : type=1400 audit(0.0:18352): avc: denied { kill } for comm="swapper/3" capability=5 scontext=u:r:kernel:s0 tcontext=u:r:kernel:s0 tclass=capability permissive=0
12-10 06:20:07.155 0 0 I auditd : type=1400 audit(0.0:18353): avc: denied { kill } for comm="swapper/3" capability=5 scontext=u:r:kernel:s0 tcontext=u:r:kernel:s0 tclass=capability permissive=0
12-10 06:20:08.155 0 0 I auditd : type=1400 audit(0.0:18354): avc: denied { kill } for comm="swapper/3" capability=5 scontext=u:r:kernel:s0 tcontext=u:r:kernel:s0 tclass=capability permissive=0
12-10 06:20:09.155 0 0 I auditd : type=1400 audit(0.0:18355): avc: denied { kill } for comm="swapper/3" capability=5 scontext=u:r:kernel:s0 tcontext=u:r:kernel:s0 tclass=capability permissive=0
12-10 06:20:09.627 1507 6104 I wm_task_created: [148,-1]
12-10 06:20:09.631 1507 6104 I wm_task_moved: [148,1,7]
12-10 06:20:09.631 1507 6104 I wm_task_to_front: [0,148]
12-10 06:20:09.632 1507 6104 I wm_create_task: [0,148]
12-10 06:20:09.632 1507 6104 I wm_create_activity: [0,35869378,148,com.android.deskclock/.HandleShortcuts,com.android.deskclock.action.PAUSE_STOPWATCH,NULL,NULL,276824064]
12-10 06:20:09.632 1507 6104 I wm_task_moved: [148,1,7]
12-10 06:20:09.634 1507 6104 I wm_pause_activity: [0,142082565,com.android.launcher3/.uioverrides.QuickstepLauncher,userLeaving=true,pauseBackTasks]
12-10 06:20:09.641 2526 2526 I wm_on_top_resumed_lost_called: [142082565,com.android.launcher3.uioverrides.QuickstepLauncher,topStateChangedWhenResumed]
12-10 06:20:09.645 2526 2526 I wm_on_paused_called: [142082565,com.android.launcher3.uioverrides.QuickstepLauncher,performPause]
12-10 06:20:09.656 1507 1568 I am_uid_running: 10069
12-10 06:20:09.660 1507 1568 I sysui_multi_action: [757,803,799,window_time_0,802,10]
12-10 06:20:09.690 1507 1584 I am_proc_start: [0,14808,10069,com.android.deskclock,pre-top-activity,{com.android.deskclock/com.android.deskclock.HandleShortcuts}]
12-10 06:20:09.711 1507 6251 I am_proc_bound: [0,14808,com.android.deskclock]
12-10 06:20:09.715 1507 6251 I wm_restart_activity: [0,35869378,148,com.android.deskclock/.HandleShortcuts]
12-10 06:20:09.717 1507 6251 I wm_set_resumed_activity: [0,com.android.deskclock/.HandleShortcuts,minimalResumeActivityLocked]
12-10 06:20:09.717 1507 1568 I am_uid_active: 10069
12-10 06:20:09.751 1507 2157 I wm_task_created: [149,-1]
12-10 06:20:09.753 1507 2157 I wm_task_moved: [149,1,8]
12-10 06:20:09.753 1507 2157 I wm_task_to_front: [0,149]
12-10 06:20:09.754 1507 2157 I wm_create_task: [0,149]
12-10 06:20:09.754 1507 2157 I wm_create_activity: [0,83767176,149,com.android.deskclock/.DeskClock,com.android.deskclock.action.PAUSE_STOPWATCH,NULL,NULL,268435456]
12-10 06:20:09.754 1507 2157 I wm_task_moved: [149,1,8]
12-10 06:20:09.755 1507 2157 I wm_pause_activity: [0,35869378,com.android.deskclock/.HandleShortcuts,userLeaving=true,pauseBackTasks]
12-10 06:20:09.759 1507 11870 I wm_finish_activity: [0,35869378,148,com.android.deskclock/.HandleShortcuts,app-request]
12-10 06:20:09.759 14808 14808 I wm_on_create_called: [35869378,com.android.deskclock.HandleShortcuts,performCreate]
12-10 06:20:09.766 1507 2157 I wm_add_to_stopping: [0,35869378,com.android.deskclock/.HandleShortcuts,completeFinishing]
12-10 06:20:09.767 1507 2157 I wm_add_to_stopping: [0,142082565,com.android.launcher3/.uioverrides.QuickstepLauncher,makeInvisible]
12-10 06:20:09.768 1507 2157 I wm_restart_activity: [0,83767176,149,com.android.deskclock/.DeskClock]
12-10 06:20:09.769 1507 2157 I wm_set_resumed_activity: [0,com.android.deskclock/.DeskClock,minimalResumeActivityLocked]
12-10 06:20:09.771 1507 1568 I wm_destroy_activity: [0,35869378,148,com.android.deskclock/.HandleShortcuts,finish-imm:idle]
12-10 06:20:09.776 1507 1568 I sysui_multi_action: [757,803,799,window_time_0,802,0]
12-10 06:20:09.789 1507 1736 I input_focus: [Focus leaving 2cb1f5d com.android.launcher3/com.android.launcher3.uioverrides.QuickstepLauncher (server),reason=NO_WINDOW]
12-10 06:20:09.801 1507 11870 I wm_task_moved: [149,1,8]
12-10 06:20:09.801 1507 11870 I wm_set_resumed_activity: [0,com.android.deskclock/.DeskClock,positionChildAt]
12-10 06:20:09.801 1507 11870 I wm_create_activity: [0,191121194,149,com.android.permissioncontroller/.permission.ui.GrantPermissionsActivity,android.content.pm.action.REQUEST_PERMISSIONS,NULL,NULL,8388608]
12-10 06:20:09.802 1507 11870 I wm_pause_activity: [0,83767176,com.android.deskclock/.DeskClock,userLeaving=true,resumeTopActivityInnerLocked]
12-10 06:20:09.819 14808 14808 I wm_on_create_called: [83767176,com.android.deskclock.DeskClock,performCreate]
12-10 06:20:09.821 14808 14808 I wm_on_start_called: [83767176,com.android.deskclock.DeskClock,handleStartActivity]
12-10 06:20:09.821 1507 1507 I sysui_multi_action: [757,128,758,5,759,8,793,11860,794,0,795,11860,796,2147483646,806,com.android.deskclock,857,StopwatchNotification,858,3,946,3,947,0,1500,11655,1688,1,1745,-868672399]
12-10 06:20:09.821 1507 1507 I notification_canceled: [0|com.android.deskclock|2147483646|null|10069,8,11860,11860,0,-1,-1,NULL]
12-10 06:20:09.822 14808 14808 I wm_on_resume_called: [83767176,com.android.deskclock.DeskClock,RESUME_ACTIVITY]
12-10 06:20:09.828 14808 14808 I wm_on_top_resumed_gained_called: [83767176,com.android.deskclock.DeskClock,topStateChangedWhenResumed]
12-10 06:20:09.828 14808 14808 I wm_on_destroy_called: [35869378,com.android.deskclock.HandleShortcuts,performDestroy]
12-10 06:20:09.828 14808 14808 I wm_on_top_resumed_lost_called: [83767176,com.android.deskclock.DeskClock,topStateChangedWhenResumed]
12-10 06:20:09.828 14808 14808 I wm_on_paused_called: [83767176,com.android.deskclock.DeskClock,performPause]
12-10 06:20:09.829 1507 6104 I wm_task_removed: [148,removeChild:removeChild last r=ActivityRecord{22352c2 u0 com.android.deskclock/.HandleShortcuts t-1 f}} in t=Task{cc56546 #148 type=standard I=com.android.deskclock/.HandleShortcuts U=0 visible=false mode=fullscreen translucent=true sz=0}]
12-10 06:20:09.829 1507 6104 I wm_task_removed: [148,removeChild]
12-10 06:20:09.833 1507 2157 I wm_restart_activity: [0,191121194,149,com.android.permissioncontroller/.permission.ui.GrantPermissionsActivity]
12-10 06:20:09.833 1507 2157 I wm_set_resumed_activity: [0,com.android.permissioncontroller/.permission.ui.GrantPermissionsActivity,minimalResumeActivityLocked]
12-10 06:20:09.840 1507 1568 I sysui_multi_action: [757,803,799,window_time_0,802,0]
12-10 06:20:09.857 12461 12461 I wm_on_create_called: [191121194,com.android.permissioncontroller.permission.ui.GrantPermissionsActivity,performCreate]
12-10 06:20:09.858 12461 12461 I wm_on_start_called: [191121194,com.android.permissioncontroller.permission.ui.GrantPermissionsActivity,handleStartActivity]
12-10 06:20:09.858 12461 12461 I wm_on_resume_called: [191121194,com.android.permissioncontroller.permission.ui.GrantPermissionsActivity,RESUME_ACTIVITY]
12-10 06:20:09.860 12461 12461 I wm_on_top_resumed_gained_called: [191121194,com.android.permissioncontroller.permission.ui.GrantPermissionsActivity,topStateChangedWhenResumed]
12-10 06:20:09.866 1507 6104 I wm_finish_activity: [0,191121194,149,com.android.permissioncontroller/.permission.ui.GrantPermissionsActivity,app-request]
12-10 06:20:09.875 1507 6104 I wm_pause_activity: [0,191121194,com.android.permissioncontroller/.permission.ui.GrantPermissionsActivity,userLeaving=false,finish]
12-10 06:20:09.884 12461 12461 I wm_on_top_resumed_lost_called: [191121194,com.android.permissioncontroller.permission.ui.GrantPermissionsActivity,topStateChangedWhenResumed]
12-10 06:20:09.885 12461 12461 I wm_on_paused_called: [191121194,com.android.permissioncontroller.permission.ui.GrantPermissionsActivity,performPause]
12-10 06:20:09.886 1507 11870 I wm_add_to_stopping: [0,191121194,com.android.permissioncontroller/.permission.ui.GrantPermissionsActivity,completeFinishing]
12-10 06:20:09.888 1507 11870 I wm_set_resumed_activity: [0,com.android.deskclock/.DeskClock,resumeTopActivityInnerLocked]
12-10 06:20:09.890 1507 11870 I wm_resume_activity: [0,83767176,149,com.android.deskclock/.DeskClock]
12-10 06:20:09.899 1507 1568 I sysui_multi_action: [757,803,799,window_time_0,802,0]
12-10 06:20:09.926 1507 1569 I input_focus: [Focus request 46764cd com.android.deskclock/com.android.deskclock.DeskClock,reason=UpdateInputWindows]
12-10 06:20:09.958 14808 14808 I wm_on_activity_result_called: [83767176,com.android.deskclock.DeskClock,ACTIVITY_RESULT]
12-10 06:20:09.958 14808 14808 I wm_on_resume_called: [83767176,com.android.deskclock.DeskClock,RESUME_ACTIVITY]
12-10 06:20:09.960 14808 14808 I wm_on_top_resumed_gained_called: [83767176,com.android.deskclock.DeskClock,topWhenResuming]
12-10 06:20:09.965 1507 1564 I sysui_multi_action: [319,169,321,167,322,332,325,16858,757,761,758,7,759,1,806,com.android.permissioncontroller,871,com.android.permissioncontroller.permission.ui.GrantPermissionsActivity,904,com.android.deskclock,905,0,945,88,1320,8,1321,5]
12-10 06:20:09.968 1507 1564 I wm_activity_launch_time: [0,191121194,com.android.permissioncontroller/.permission.ui.GrantPermissionsActivity,332]
12-10 06:20:09.974 1507 1736 I input_focus: [Focus entering 46764cd com.android.deskclock/com.android.deskclock.DeskClock (server),reason=Window became focusable. Previous reason: NOT_VISIBLE]
12-10 06:20:10.155 10788 10788 I auditd : type=1400 audit(0.0:18356): avc: denied { kill } for comm="kworker/u16:13" capability=5 scontext=u:r:kernel:s0 tcontext=u:r:kernel:s0 tclass=capability permissive=0
12-10 06:20:10.363 1507 1568 I wm_destroy_activity: [0,191121194,149,com.android.permissioncontroller/.permission.ui.GrantPermissionsActivity,finish-imm:idle]
12-10 06:20:10.364 1507 1568 I wm_stop_activity: [0,142082565,com.android.launcher3/.uioverrides.QuickstepLauncher]
12-10 06:20:10.365 12461 12461 I wm_on_stop_called: [191121194,com.android.permissioncontroller.permission.ui.GrantPermissionsActivity,LIFECYCLER_STOP_ACTIVITY]
12-10 06:20:10.366 12461 12461 I wm_on_destroy_called: [191121194,com.android.permissioncontroller.permission.ui.GrantPermissionsActivity,performDestroy]
12-10 06:20:10.405 2526 2526 I wm_on_stop_called: [142082565,com.android.launcher3.uioverrides.QuickstepLauncher,STOP_ACTIVITY_ITEM]
12-10 06:20:11.155 0 0 I auditd : type=1400 audit(0.0:18357): avc: denied { kill } for comm="swapper/3" capability=5 scontext=u:r:kernel:s0 tcontext=u:r:kernel:s0 tclass=capability permissive=0
12-10 06:20:11.833 1507 1736 I input_interaction: Interaction with: 46764cd com.android.deskclock/com.android.deskclock.DeskClock (server), edge-swipe (server), swipe-up (server), PointerEventDispatcher0 (server),
12-10 06:20:11.858 1507 11870 I wm_task_moved: [26,0,0]
12-10 06:20:11.859 1507 11870 I wm_task_moved: [26,0,6]
12-10 06:20:11.867 14808 14808 I view_enqueue_input_event: [Motion - Cancel,com.android.deskclock/com.android.deskclock.DeskClock]
12-10 06:20:11.870 1507 1736 I input_interaction: Interaction with: edge-swipe (server), swipe-up (server), PointerEventDispatcher0 (server),
12-10 06:20:11.874 2526 2526 I wm_on_restart_called: [142082565,com.android.launcher3.uioverrides.QuickstepLauncher,performRestartActivity]
12-10 06:20:11.916 2526 2526 I wm_on_start_called: [142082565,com.android.launcher3.uioverrides.QuickstepLauncher,handleStartActivity]
12-10 06:20:11.918 1507 1569 I input_focus: [Focus request recents_animation_input_consumer,reason=UpdateInputWindows]
12-10 06:20:11.926 2526 2526 I sysui_latency: [1,96]
12-10 06:20:11.928 1507 1736 I input_focus: [Focus leaving 46764cd com.android.deskclock/com.android.deskclock.DeskClock (server),reason=NOT_FOCUSABLE]
12-10 06:20:11.928 1507 1736 I input_focus: [Focus entering recents_animation_input_consumer (server),reason=setFocusedWindow]
12-10 06:20:11.944 1507 1564 I sysui_multi_action: [319,19,322,78,325,16860,757,761,758,9,759,5,806,com.android.launcher3,871,com.android.launcher3.uioverrides.QuickstepLauncher,904,com.android.launcher3,905,0,1320,8,1321,5]
12-10 06:20:12.085 1507 1710 I commit_sys_config_file: [settings-1-0,8]
12-10 06:20:12.155 0 0 I auditd : type=1400 audit(0.0:18358): avc: denied { kill } for comm="swapper/3" capability=5 scontext=u:r:kernel:s0 tcontext=u:r:kernel:s0 tclass=capability permissive=0
12-10 06:20:12.240 1507 1581 I sysui_latency: [8,98]
12-10 06:20:12.885 1507 1581 I sysui_multi_action: [757,1717,758,1,759,0]
12-10 06:20:12.885 1507 1581 I sysui_multi_action: [757,1717,758,2,759,0]
12-10 06:20:12.885 1507 1581 I sysui_multi_action: [757,1717,758,3,759,0]
12-10 06:20:12.887 1507 6104 I wm_task_moved: [26,1,7]
12-10 06:20:12.887 1507 6104 I wm_focused_root_task: [0,0,26,149,RecentsAnimation.onAnimationFinished()]
12-10 06:20:12.888 14808 14808 I wm_on_top_resumed_lost_called: [83767176,com.android.deskclock.DeskClock,topStateChangedWhenResumed]
12-10 06:20:12.889 1507 6104 I wm_pause_activity: [0,83767176,com.android.deskclock/.DeskClock,userLeaving=false,pauseBackTasks]
12-10 06:20:12.891 1507 6104 I wm_set_resumed_activity: [0,com.android.launcher3/.uioverrides.QuickstepLauncher,resumeTopActivityInnerLocked]
12-10 06:20:12.892 1507 6104 I wm_resume_activity: [0,142082565,27,com.android.launcher3/.uioverrides.QuickstepLauncher]
12-10 06:20:12.892 1507 6104 I wm_add_to_stopping: [0,83767176,com.android.deskclock/.DeskClock,makeInvisible]
12-10 06:20:12.893 2526 2526 I wm_on_resume_called: [142082565,com.android.launcher3.uioverrides.QuickstepLauncher,RESUME_ACTIVITY]
12-10 06:20:12.902 1507 1569 I input_focus: [Focus request 2cb1f5d com.android.launcher3/com.android.launcher3.uioverrides.QuickstepLauncher,reason=UpdateInputWindows]
12-10 06:20:12.903 1507 1568 I sysui_multi_action: [757,803,799,window_time_0,802,3]
12-10 06:20:12.905 14808 14808 I wm_on_paused_called: [83767176,com.android.deskclock.DeskClock,performPause]
12-10 06:20:12.906 1507 1568 I wm_stop_activity: [0,83767176,com.android.deskclock/.DeskClock]
12-10 06:20:12.907 1507 1568 I sysui_multi_action: [757,803,799,window_time_0,802,0]
12-10 06:20:12.915 1507 1736 I input_focus: [Focus leaving recents_animation_input_consumer (server),reason=NOT_VISIBLE]
12-10 06:20:12.921 1507 1736 I input_focus: [Focus entering 2cb1f5d com.android.launcher3/com.android.launcher3.uioverrides.QuickstepLauncher (server),reason=setFocusedWindow]
12-10 06:20:12.944 1507 1507 I notification_enqueue: [10069,14808,com.android.deskclock,2147483646,NULL,0,Notification(channel=StopwatchNotification shortcut=null contentView=com.android.deskclock/0x7f0d0024 vibrate=null sound=null defaults=0x0 flags=0x110 color=0xff1a237e groupKey=3 actions=2 vis=PRIVATE),0]
12-10 06:20:12.945 14808 14808 I wm_on_stop_called: [83767176,com.android.deskclock.DeskClock,STOP_ACTIVITY_ITEM]
12-10 06:20:12.946 2526 2526 I wm_on_top_resumed_gained_called: [142082565,com.android.launcher3.uioverrides.QuickstepLauncher,topStateChangedWhenResumed]
12-10 06:20:13.122 1507 1710 I commit_sys_config_file: [settings-1-0,4]
12-10 06:20:13.146 1507 1507 I sysui_multi_action: [757,1501,758,1,793,204,794,0,795,204,796,2147483646,806,com.android.deskclock,857,StopwatchNotification,858,3,946,3,947,0,1500,0,1688,1,1745,-868672399]
12-10 06:20:13.146 1507 1507 I sysui_multi_action: [757,804,799,note_interruptive,801,0,802,1]
12-10 06:20:13.148 1507 1507 I sysui_multi_action: [757,1501,758,1,793,206,794,0,795,206,796,2147483646,806,com.android.deskclock,857,StopwatchNotification,858,3,946,3,947,0,1500,0,1688,1,1745,-868672399]
12-10 06:20:13.148 1507 1507 I sysui_multi_action: [757,804,799,note_interruptive,801,0,802,1]
12-10 06:20:13.148 1507 1507 I sysui_multi_action: [757,199,758,1,759,2,793,206,794,0,795,206,796,2147483646,806,com.android.deskclock,857,StopwatchNotification,858,3,946,3,947,0,1500,0,1688,1,1745,-868672399]
12-10 06:20:13.148 1507 1507 I notification_alert: [0|com.android.deskclock|2147483646|null|10069,0,1,0]
12-10 06:20:13.686 1507 1736 I input_interaction: Interaction with: 2cb1f5d com.android.launcher3/com.android.launcher3.uioverrides.QuickstepLauncher (server), 5478378 com.android.systemui.ImageWallpaper (server), edge-swipe (server), swipe-up (server), PointerEventDispatcher0 (server),
12-10 06:20:13.689 1507 1507 I service_manager_stats: [100,109,70630]
12-10 06:20:14.155 0 0 I auditd : type=1400 audit(0.0:18359): avc: denied { kill } for comm="swapper/3" capability=5 scontext=u:r:kernel:s0 tcontext=u:r:kernel:s0 tclass=capability permissive=0
12-10 06:20:14.279 1507 2005 I wm_finish_activity: [0,83767176,149,com.android.deskclock/.DeskClock,remove-task]
12-10 06:20:14.280 1507 2005 I wm_destroy_activity: [0,83767176,149,com.android.deskclock/.DeskClock,finish-imm:finishIfPossible]
12-10 06:20:14.285 1507 1568 I am_kill : [0,14808,com.android.deskclock,905,remove task]
12-10 06:20:14.286 1507 1568 I sysui_multi_action: [757,803,799,window_time_0,802,2]
12-10 06:20:14.341 1507 6251 I am_proc_died: [0,14808,com.android.deskclock,905,19]
12-10 06:20:14.354 1507 6251 I am_uid_stopped: 10069
12-10 06:20:14.356 1507 6251 I wm_task_removed: [149,removeChild:removeChild last r=ActivityRecord{4fe2f88 u0 com.android.deskclock/.DeskClock t-1 f}} in t=Task{3568a3 #149 type=standard A=10069:com.android.deskclock U=0 visible=false mode=fullscreen translucent=true sz=0}]
12-10 06:20:14.356 1507 6251 I wm_task_removed: [149,removeChild]
12-10 06:20:16.777 1507 1711 I am_freeze: [14150,com.android.calendar]
12-10 06:20:16.778 1507 1711 I am_kill : [0,14150,com.android.calendar,965,Unable to freeze binder interface]
12-10 06:20:16.808 1507 5436 I am_proc_died: [0,14150,com.android.calendar,965,19]
12-10 06:20:16.808 1507 5436 I am_uid_stopped: 10065
12-10 06:20:17.083 1507 2042 I sysui_multi_action: [757,127,758,1]
12-10 06:20:17.083 1507 2042 I sysui_multi_action: [757,804,799,note_load,801,3,802,1]
12-10 06:20:17.083 1507 2042 I notification_panel_revealed: 3
12-10 06:20:17.100 1507 1569 I input_focus: [Focus request 349ab61 NotificationShade,reason=UpdateInputWindows]
12-10 06:20:17.127 1507 1736 I input_focus: [Focus leaving 2cb1f5d com.android.launcher3/com.android.launcher3.uioverrides.QuickstepLauncher (server),reason=setFocusedWindow]
12-10 06:20:17.127 1507 1736 I input_focus: [Focus entering 349ab61 NotificationShade (server),reason=setFocusedWindow]
12-10 06:20:17.127 1507 1736 I input_interaction: Interaction with: 2cb1f5d com.android.launcher3/com.android.launcher3.uioverrides.QuickstepLauncher (server), 5478378 com.android.systemui.ImageWallpaper (server), 349ab61 NotificationShade (server), edge-swipe (server), swipe-up (server), PointerEventDispatcher0 (server),
12-10 06:20:17.128 2526 2526 I view_enqueue_input_event: [Motion - Cancel,com.android.launcher3/com.android.launcher3.uioverrides.QuickstepLauncher]
12-10 06:20:17.131 2004 2004 I sysui_multi_action: [757,803,799,panel_open,802,1]
12-10 06:20:17.131 2004 2004 I sysui_multi_action: [757,1328,758,4,1326,51,1327,54,1329,0]
12-10 06:20:17.136 1507 1736 I input_interaction: Interaction with: 5478378 com.android.systemui.ImageWallpaper (server), 349ab61 NotificationShade (server), edge-swipe (server), swipe-up (server), PointerEventDispatcher0 (server),
12-10 06:20:17.163 2004 2004 I sysui_multi_action: [757,111,758,2]
12-10 06:20:17.163 2004 2004 I sysui_multi_action: [757,111,758,2]
12-10 06:20:17.163 1507 1507 I notification_enqueue: [10082,2004,com.android.systemui,2048,NULL,0,Notification(channel=updateNotification shortcut=null contentView=null vibrate=null sound=null defaults=0x0 flags=0x0 color=0x00000000 vis=PRIVATE),1]
12-10 06:20:17.168 2004 2004 I sysui_multi_action: [757,111,758,1]
