12-10 06:32:23.155 0 0 I auditd : type=1400 audit(0.0:19033): avc: denied { kill } for comm="swapper/2" capability=5 scontext=u:r:kernel:s0 tcontext=u:r:kernel:s0 tclass=capability permissive=0
12-10 06:32:24.155 0 0 I auditd : type=1400 audit(0.0:19034): avc: denied { kill } for comm="swapper/2" capability=5 scontext=u:r:kernel:s0 tcontext=u:r:kernel:s0 tclass=capability permissive=0
12-10 06:32:25.155 0 0 I auditd : type=1400 audit(0.0:19035): avc: denied { kill } for comm="swapper/2" capability=5 scontext=u:r:kernel:s0 tcontext=u:r:kernel:s0 tclass=capability permissive=0
12-10 06:32:26.155 0 0 I auditd : type=1400 audit(0.0:19036): avc: denied { kill } for comm="swapper/2" capability=5 scontext=u:r:kernel:s0 tcontext=u:r:kernel:s0 tclass=capability permissive=0
12-10 06:32:27.155 0 0 I auditd : type=1400 audit(0.0:19037): avc: denied { kill } for comm="swapper/2" capability=5 scontext=u:r:kernel:s0 tcontext=u:r:kernel:s0 tclass=capability permissive=0
12-10 06:32:28.155 0 0 I auditd : type=1400 audit(0.0:19038): avc: denied { kill } for comm="swapper/2" capability=5 scontext=u:r:kernel:s0 tcontext=u:r:kernel:s0 tclass=capability permissive=0
12-10 06:32:29.155 0 0 I auditd : type=1400 audit(0.0:19039): avc: denied { kill } for comm="swapper/2" capability=5 scontext=u:r:kernel:s0 tcontext=u:r:kernel:s0 tclass=capability permissive=0
12-10 06:32:29.804 1507 1613 I sysui_multi_action: [757,1696,758,6,759,2]
12-10 06:32:29.808 1507 1583 I am_wtf : [0,1507,system_server,-1,DisplayDeviceConfig,requesting nits when no mapping exists.]
12-10 06:32:29.811 1507 1583 I am_wtf : [0,1507,system_server,-1,DisplayDeviceConfig,requesting nits when no mapping exists.]
12-10 06:32:29.824 1507 1583 I am_wtf : [0,1507,system_server,-1,DisplayDeviceConfig,requesting nits when no mapping exists.]
12-10 06:32:29.825 1507 1583 I am_wtf : [0,1507,system_server,-1,DisplayDeviceConfig,requesting nits when no mapping exists.]
12-10 06:32:29.841 1507 1583 I am_wtf : [0,1507,system_server,-1,DisplayDeviceConfig,requesting nits when no mapping exists.]
12-10 06:32:29.843 1507 1583 I am_wtf : [0,1507,system_server,-1,DisplayDeviceConfig,requesting nits when no mapping exists.]
12-10 06:32:29.847 1507 1583 I am_wtf : [0,1507,system_server,-1,DisplayDeviceConfig,requesting nits when no mapping exists.]
12-10 06:32:29.848 1507 1583 I am_wtf : [0,1507,system_server,-1,DisplayDeviceConfig,requesting nits when no mapping exists.]
12-10 06:32:29.864 1507 1583 I am_wtf : [0,1507,system_server,-1,DisplayDeviceConfig,requesting nits when no mapping exists.]
12-10 06:32:29.865 1507 1583 I am_wtf : [0,1507,system_server,-1,DisplayDeviceConfig,requesting nits when no mapping exists.]
12-10 06:32:29.880 1507 1583 I am_wtf : [0,1507,system_server,-1,DisplayDeviceConfig,requesting nits when no mapping exists.]
12-10 06:32:29.881 1507 1583 I am_wtf : [0,1507,system_server,-1,DisplayDeviceConfig,requesting nits when no mapping exists.]
12-10 06:32:29.897 1507 1583 I am_wtf : [0,1507,system_server,-1,DisplayDeviceConfig,requesting nits when no mapping exists.]
12-10 06:32:29.898 1507 1583 I am_wtf : [0,1507,system_server,-1,DisplayDeviceConfig,requesting nits when no mapping exists.]
12-10 06:32:29.913 1507 1583 I am_wtf : [0,1507,system_server,-1,DisplayDeviceConfig,requesting nits when no mapping exists.]
12-10 06:32:29.914 1507 1583 I am_wtf : [0,1507,system_server,-1,DisplayDeviceConfig,requesting nits when no mapping exists.]
12-10 06:32:29.931 1507 1583 I am_wtf : [0,1507,system_server,-1,DisplayDeviceConfig,requesting nits when no mapping exists.]
12-10 06:32:29.932 1507 1583 I am_wtf : [0,1507,system_server,-1,DisplayDeviceConfig,requesting nits when no mapping exists.]
12-10 06:32:29.948 1507 1583 I am_wtf : [0,1507,system_server,-1,DisplayDeviceConfig,requesting nits when no mapping exists.]
12-10 06:32:29.949 1507 1583 I am_wtf : [0,1507,system_server,-1,DisplayDeviceConfig,requesting nits when no mapping exists.]
12-10 06:32:29.964 1507 1583 I am_wtf : [0,1507,system_server,-1,DisplayDeviceConfig,requesting nits when no mapping exists.]
12-10 06:32:29.965 1507 1583 I am_wtf : [0,1507,system_server,-1,DisplayDeviceConfig,requesting nits when no mapping exists.]
12-10 06:32:29.980 1507 1583 I am_wtf : [0,1507,system_server,-1,DisplayDeviceConfig,requesting nits when no mapping exists.]
12-10 06:32:29.981 1507 1583 I am_wtf : [0,1507,system_server,-1,DisplayDeviceConfig,requesting nits when no mapping exists.]
12-10 06:32:29.997 1507 1583 I am_wtf : [0,1507,system_server,-1,DisplayDeviceConfig,requesting nits when no mapping exists.]
12-10 06:32:29.998 1507 1583 I am_wtf : [0,1507,system_server,-1,DisplayDeviceConfig,requesting nits when no mapping exists.]
12-10 06:32:30.014 1507 1583 I am_wtf : [0,1507,system_server,-1,DisplayDeviceConfig,requesting nits when no mapping exists.]
12-10 06:32:30.015 1507 1583 I am_wtf : [0,1507,system_server,-1,DisplayDeviceConfig,requesting nits when no mapping exists.]
12-10 06:32:30.031 1507 1583 I am_wtf : [0,1507,system_server,-1,DisplayDeviceConfig,requesting nits when no mapping exists.]
12-10 06:32:30.033 1507 1583 I am_wtf : [0,1507,system_server,-1,DisplayDeviceConfig,requesting nits when no mapping exists.]
12-10 06:32:30.047 1507 1583 I am_wtf : [0,1507,system_server,-1,DisplayDeviceConfig,requesting nits when no mapping exists.]
12-10 06:32:30.048 1507 1583 I am_wtf : [0,1507,system_server,-1,DisplayDeviceConfig,requesting nits when no mapping exists.]
12-10 06:32:30.064 1507 1583 I am_wtf : [0,1507,system_server,-1,DisplayDeviceConfig,requesting nits when no mapping exists.]
12-10 06:32:30.065 1507 1583 I am_wtf : [0,1507,system_server,-1,DisplayDeviceConfig,requesting nits when no mapping exists.]
12-10 06:32:30.081 1507 1583 I am_wtf : [0,1507,system_server,-1,DisplayDeviceConfig,requesting nits when no mapping exists.]
12-10 06:32:30.082 1507 1583 I am_wtf : [0,1507,system_server,-1,DisplayDeviceConfig,requesting nits when no mapping exists.]
12-10 06:32:30.098 1507 1583 I am_wtf : [0,1507,system_server,-1,DisplayDeviceConfig,requesting nits when no mapping exists.]
12-10 06:32:30.099 1507 1583 I am_wtf : [0,1507,system_server,-1,DisplayDeviceConfig,requesting nits when no mapping exists.]
12-10 06:32:30.114 1507 1583 I am_wtf : [0,1507,system_server,-1,DisplayDeviceConfig,requesting nits when no mapping exists.]
12-10 06:32:30.116 1507 1583 I am_wtf : [0,1507,system_server,-1,DisplayDeviceConfig,requesting nits when no mapping exists.]
12-10 06:32:30.131 1507 1583 I am_wtf : [0,1507,system_server,-1,DisplayDeviceConfig,requesting nits when no mapping exists.]
12-10 06:32:30.132 1507 1583 I am_wtf : [0,1507,system_server,-1,DisplayDeviceConfig,requesting nits when no mapping exists.]
12-10 06:32:30.155 0 0 I auditd : type=1400 audit(0.0:19040): avc: denied { kill } for comm="swapper/2" capability=5 scontext=u:r:kernel:s0 tcontext=u:r:kernel:s0 tclass=capability permissive=0
12-10 06:32:31.155 0 0 I auditd : type=1400 audit(0.0:19041): avc: denied { kill } for comm="swapper/2" capability=5 scontext=u:r:kernel:s0 tcontext=u:r:kernel:s0 tclass=capability permissive=0
12-10 06:32:32.155 0 0 I auditd : type=1400 audit(0.0:19042): avc: denied { kill } for comm="swapper/2" capability=5 scontext=u:r:kernel:s0 tcontext=u:r:kernel:s0 tclass=capability permissive=0
12-10 06:32:33.155 0 0 I auditd : type=1400 audit(0.0:19043): avc: denied { kill } for comm="swapper/2" capability=5 scontext=u:r:kernel:s0 tcontext=u:r:kernel:s0 tclass=capability permissive=0
12-10 06:32:34.155 0 0 I auditd : type=1400 audit(0.0:19044): avc: denied { kill } for comm="swapper/2" capability=5 scontext=u:r:kernel:s0 tcontext=u:r:kernel:s0 tclass=capability permissive=0
12-10 06:32:35.155 0 0 I auditd : type=1400 audit(0.0:19045): avc: denied { kill } for comm="swapper/2" capability=5 scontext=u:r:kernel:s0 tcontext=u:r:kernel:s0 tclass=capability permissive=0
12-10 06:32:36.155 0 0 I auditd : type=1400 audit(0.0:19046): avc: denied { kill } for comm="swapper/2" capability=5 scontext=u:r:kernel:s0 tcontext=u:r:kernel:s0 tclass=capability permissive=0
12-10 06:32:36.809 1507 1564 I sysui_multi_action: [757,222,758,1]
12-10 06:32:36.812 1507 1564 I am_uid_active: 10052
12-10 06:32:36.825 1507 1581 I am_pss : [15287,1000,com.android.settings,25641984,23658496,0,109748224,0,19,11]
12-10 06:32:36.827 1507 1917 I wm_task_created: [154,-1]
12-10 06:32:36.832 1507 1917 I wm_task_moved: [154,1,6]
12-10 06:32:36.832 1507 1917 I wm_task_to_front: [0,154]
12-10 06:32:36.833 1507 1917 I wm_create_task: [0,154]
12-10 06:32:36.833 1507 1917 I wm_create_activity: [0,261256084,154,com.thundercomm.screensaver/android.service.dreams.DreamActivity,NULL,NULL,NULL,276824064]
12-10 06:32:36.833 1507 1917 I wm_task_moved: [154,1,6]
12-10 06:32:36.833 2526 2526 I wm_on_top_resumed_lost_called: [142082565,com.android.launcher3.uioverrides.QuickstepLauncher,topStateChangedWhenResumed]
12-10 06:32:36.836 1507 1917 I wm_pause_activity: [0,142082565,com.android.launcher3/.uioverrides.QuickstepLauncher,userLeaving=true,pauseBackTasks]
12-10 06:32:36.841 2526 2526 I wm_on_paused_called: [142082565,com.android.launcher3.uioverrides.QuickstepLauncher,performPause]
12-10 06:32:36.846 1507 1581 I am_pss : [15232,10065,com.android.calendar,6875136,4853760,0,91484160,0,19,9]
12-10 06:32:36.846 1507 1917 I wm_add_to_stopping: [0,142082565,com.android.launcher3/.uioverrides.QuickstepLauncher,makeInvisible]
12-10 06:32:36.847 1507 1917 I wm_restart_activity: [0,261256084,154,com.thundercomm.screensaver/android.service.dreams.DreamActivity]
12-10 06:32:36.850 1507 1917 I wm_set_resumed_activity: [0,com.thundercomm.screensaver/android.service.dreams.DreamActivity,minimalResumeActivityLocked]
12-10 06:32:36.856 1507 1581 I am_pss : [15231,10090,com.android.music,6984704,4718592,0,90779648,0,19,5]
12-10 06:32:36.858 1507 1568 I sysui_multi_action: [757,803,799,window_time_0,802,110]
12-10 06:32:36.861 14020 14020 I wm_on_create_called: [261256084,android.service.dreams.DreamActivity,performCreate]
12-10 06:32:36.862 14020 14020 I wm_on_start_called: [261256084,android.service.dreams.DreamActivity,handleStartActivity]
12-10 06:32:36.863 14020 14020 I wm_on_resume_called: [261256084,android.service.dreams.DreamActivity,RESUME_ACTIVITY]
12-10 06:32:36.866 1507 1736 I input_focus: [Focus leaving 2cb1f5d com.android.launcher3/com.android.launcher3.uioverrides.QuickstepLauncher (server),reason=NO_WINDOW]
12-10 06:32:36.867 14020 14020 I wm_on_top_resumed_gained_called: [261256084,android.service.dreams.DreamActivity,topStateChangedWhenResumed]
12-10 06:32:36.877 1507 1507 I am_uid_active: 10068
12-10 06:32:36.887 1507 1569 I input_focus: [Focus request 3ed3500 com.thundercomm.screensaver/android.service.dreams.DreamActivity,reason=UpdateInputWindows]
12-10 06:32:36.893 1507 1507 I notification_enqueue: [10082,2004,com.android.systemui,2048,NULL,0,Notification(channel=updateNotification shortcut=null contentView=null vibrate=null sound=null defaults=0x0 flags=0x0 color=0x00000000 vis=PRIVATE),1]
12-10 06:32:36.893 2004 2004 I sysui_multi_action: [757,111,758,2]
12-10 06:32:36.894 2004 2004 I sysui_multi_action: [757,111,758,2]
12-10 06:32:36.902 1507 1564 I sysui_multi_action: [319,74,322,73,325,17605,757,761,758,8,759,2,806,com.thundercomm.screensaver,871,android.service.dreams.DreamActivity,904,com.thundercomm.screensaver,905,0,1320,4,1321,2]
12-10 06:32:36.902 1507 1613 I sysui_multi_action: [757,1696,758,6,759,3]
12-10 06:32:36.903 1507 1564 I wm_activity_launch_time: [0,261256084,com.thundercomm.screensaver/android.service.dreams.DreamActivity,73]
12-10 06:32:36.917 2004 2004 I sysui_multi_action: [757,111,758,1]
12-10 06:32:36.917 2004 2004 I sysui_multi_action: [757,126,758,1,759,126,927,0,928,1,1593,0]
12-10 06:32:36.917 2004 2004 I sysui_multi_action: [757,113,758,1,759,113,927,1,928,1,1593,0]
12-10 06:32:36.917 2004 2004 I sysui_multi_action: [757,0,758,1,759,0,927,2,928,0,1593,0]
12-10 06:32:36.918 2004 2004 I sysui_multi_action: [757,0,758,1,759,0,927,3,928,0,1593,0]
12-10 06:32:36.918 2004 2004 I sysui_multi_action: [757,491,758,1,759,491,927,4,928,1,1311,1,1593,0]
12-10 06:32:36.918 2004 2004 I sysui_multi_action: [757,0,758,1,759,0,927,5,928,0,1593,0]
12-10 06:32:36.918 2004 2004 I sysui_multi_action: [757,111,758,1]
12-10 06:32:36.918 2004 2004 I sysui_multi_action: [757,126,758,1,759,126,927,0,928,1,1593,0]
12-10 06:32:36.918 2004 2004 I sysui_multi_action: [757,113,758,1,759,113,927,1,928,1,1593,0]
12-10 06:32:36.918 2004 2004 I sysui_multi_action: [757,0,758,1,759,0,927,2,928,0,1593,0]
12-10 06:32:36.918 2004 2004 I sysui_multi_action: [757,0,758,1,759,0,927,3,928,0,1593,0]
12-10 06:32:36.919 1507 1583 I am_wtf : [0,1507,system_server,-1,DisplayDeviceConfig,requesting nits when no mapping exists.]
12-10 06:32:36.925 1507 1583 I am_wtf : [0,1507,system_server,-1,DisplayDeviceConfig,requesting nits when no mapping exists.]
12-10 06:32:36.933 1507 1736 I input_focus: [Focus entering 3ed3500 com.thundercomm.screensaver/android.service.dreams.DreamActivity (server),reason=Window became focusable. Previous reason: NOT_VISIBLE]
12-10 06:32:36.933 1507 1583 I am_wtf : [0,1507,system_server,-1,DisplayDeviceConfig,requesting nits when no mapping exists.]
12-10 06:32:36.934 1507 1583 I am_wtf : [0,1507,system_server,-1,DisplayDeviceConfig,requesting nits when no mapping exists.]
12-10 06:32:36.954 1507 1583 I am_wtf : [0,1507,system_server,-1,DisplayDeviceConfig,requesting nits when no mapping exists.]
12-10 06:32:36.955 1507 1583 I am_wtf : [0,1507,system_server,-1,DisplayDeviceConfig,requesting nits when no mapping exists.]
12-10 06:32:36.967 1507 1583 I am_wtf : [0,1507,system_server,-1,DisplayDeviceConfig,requesting nits when no mapping exists.]
12-10 06:32:36.967 1507 1583 I am_wtf : [0,1507,system_server,-1,DisplayDeviceConfig,requesting nits when no mapping exists.]
12-10 06:32:36.985 1507 1583 I am_wtf : [0,1507,system_server,-1,DisplayDeviceConfig,requesting nits when no mapping exists.]
12-10 06:32:36.990 1507 1583 I am_wtf : [0,1507,system_server,-1,DisplayDeviceConfig,requesting nits when no mapping exists.]
12-10 06:32:37.001 1507 1583 I am_wtf : [0,1507,system_server,-1,DisplayDeviceConfig,requesting nits when no mapping exists.]
12-10 06:32:37.002 1507 1583 I am_wtf : [0,1507,system_server,-1,DisplayDeviceConfig,requesting nits when no mapping exists.]
12-10 06:32:37.018 1507 1583 I am_wtf : [0,1507,system_server,-1,DisplayDeviceConfig,requesting nits when no mapping exists.]
12-10 06:32:37.019 1507 1583 I am_wtf : [0,1507,system_server,-1,DisplayDeviceConfig,requesting nits when no mapping exists.]
12-10 06:32:37.033 1507 1583 I am_wtf : [0,1507,system_server,-1,DisplayDeviceConfig,requesting nits when no mapping exists.]
12-10 06:32:37.034 1507 1583 I am_wtf : [0,1507,system_server,-1,DisplayDeviceConfig,requesting nits when no mapping exists.]
12-10 06:32:37.050 1507 1583 I am_wtf : [0,1507,system_server,-1,DisplayDeviceConfig,requesting nits when no mapping exists.]
12-10 06:32:37.051 1507 1583 I am_wtf : [0,1507,system_server,-1,DisplayDeviceConfig,requesting nits when no mapping exists.]
12-10 06:32:37.051 1507 1583 I service_manager_stats: [100,72,230403]
12-10 06:32:37.068 1507 1583 I am_wtf : [0,1507,system_server,-1,DisplayDeviceConfig,requesting nits when no mapping exists.]
12-10 06:32:37.069 1507 1583 I am_wtf : [0,1507,system_server,-1,DisplayDeviceConfig,requesting nits when no mapping exists.]
12-10 06:32:37.092 1507 1583 I am_wtf : [0,1507,system_server,-1,DisplayDeviceConfig,requesting nits when no mapping exists.]
12-10 06:32:37.093 1507 1583 I am_wtf : [0,1507,system_server,-1,DisplayDeviceConfig,requesting nits when no mapping exists.]
12-10 06:32:37.099 1507 1583 I am_wtf : [0,1507,system_server,-1,DisplayDeviceConfig,requesting nits when no mapping exists.]
12-10 06:32:37.100 1507 1583 I am_wtf : [0,1507,system_server,-1,DisplayDeviceConfig,requesting nits when no mapping exists.]
12-10 06:32:37.118 1507 1583 I am_wtf : [0,1507,system_server,-1,DisplayDeviceConfig,requesting nits when no mapping exists.]
12-10 06:32:37.119 1507 1583 I am_wtf : [0,1507,system_server,-1,DisplayDeviceConfig,requesting nits when no mapping exists.]
12-10 06:32:37.135 1507 1583 I am_wtf : [0,1507,system_server,-1,DisplayDeviceConfig,requesting nits when no mapping exists.]
12-10 06:32:37.136 1507 1583 I am_wtf : [0,1507,system_server,-1,DisplayDeviceConfig,requesting nits when no mapping exists.]
12-10 06:32:37.158 1507 1583 I am_wtf : [0,1507,system_server,-1,DisplayDeviceConfig,requesting nits when no mapping exists.]
12-10 06:32:37.155 0 0 I auditd : type=1400 audit(0.0:19047): avc: denied { kill } for comm="swapper/2" capability=5 scontext=u:r:kernel:s0 tcontext=u:r:kernel:s0 tclass=capability permissive=0
12-10 06:32:37.159 1507 1583 I am_wtf : [0,1507,system_server,-1,DisplayDeviceConfig,requesting nits when no mapping exists.]
12-10 06:32:37.166 1507 1583 I am_wtf : [0,1507,system_server,-1,DisplayDeviceConfig,requesting nits when no mapping exists.]
12-10 06:32:37.167 1507 1583 I am_wtf : [0,1507,system_server,-1,DisplayDeviceConfig,requesting nits when no mapping exists.]
12-10 06:32:37.186 1507 1583 I am_wtf : [0,1507,system_server,-1,DisplayDeviceConfig,requesting nits when no mapping exists.]
12-10 06:32:37.187 1507 1583 I am_wtf : [0,1507,system_server,-1,DisplayDeviceConfig,requesting nits when no mapping exists.]
12-10 06:32:37.204 1507 1583 I am_wtf : [0,1507,system_server,-1,DisplayDeviceConfig,requesting nits when no mapping exists.]
12-10 06:32:37.204 1507 1568 I wm_stop_activity: [0,142082565,com.android.launcher3/.uioverrides.QuickstepLauncher]
12-10 06:32:37.214 1507 1583 I service_manager_slow: [10,dropbox]
12-10 06:32:37.215 1507 1583 I am_wtf : [0,1507,system_server,-1,DisplayDeviceConfig,requesting nits when no mapping exists.]
12-10 06:32:37.226 1507 1583 I am_wtf : [0,1507,system_server,-1,DisplayDeviceConfig,requesting nits when no mapping exists.]
12-10 06:32:37.227 1507 1583 I am_wtf : [0,1507,system_server,-1,DisplayDeviceConfig,requesting nits when no mapping exists.]
12-10 06:32:37.231 2526 2526 I wm_on_stop_called: [142082565,com.android.launcher3.uioverrides.QuickstepLauncher,STOP_ACTIVITY_ITEM]
12-10 06:32:37.234 1507 1583 I am_wtf : [0,1507,system_server,-1,DisplayDeviceConfig,requesting nits when no mapping exists.]
12-10 06:32:37.235 1507 1583 I am_wtf : [0,1507,system_server,-1,DisplayDeviceConfig,requesting nits when no mapping exists.]
12-10 06:32:38.155 0 0 I auditd : type=1400 audit(0.0:19048): avc: denied { kill } for comm="swapper/3" capability=5 scontext=u:r:kernel:s0 tcontext=u:r:kernel:s0 tclass=capability permissive=0
12-10 06:32:40.155 0 0 I auditd : type=1400 audit(0.0:19049): avc: denied { kill } for comm="swapper/3" capability=5 scontext=u:r:kernel:s0 tcontext=u:r:kernel:s0 tclass=capability permissive=0
12-10 06:32:41.155 0 0 I auditd : type=1400 audit(0.0:19050): avc: denied { kill } for comm="swapper/3" capability=5 scontext=u:r:kernel:s0 tcontext=u:r:kernel:s0 tclass=capability permissive=0
12-10 06:32:43.155 0 0 I auditd : type=1400 audit(0.0:19051): avc: denied { kill } for comm="swapper/1" capability=5 scontext=u:r:kernel:s0 tcontext=u:r:kernel:s0 tclass=capability permissive=0
12-10 06:32:44.155 0 0 I auditd : type=1400 audit(0.0:19052): avc: denied { kill } for comm="swapper/1" capability=5 scontext=u:r:kernel:s0 tcontext=u:r:kernel:s0 tclass=capability permissive=0
12-10 06:32:46.155 0 0 I auditd : type=1400 audit(0.0:19053): avc: denied { kill } for comm="swapper/1" capability=5 scontext=u:r:kernel:s0 tcontext=u:r:kernel:s0 tclass=capability permissive=0
12-10 06:32:47.155 0 0 I auditd : type=1400 audit(0.0:19054): avc: denied { kill } for comm="swapper/1" capability=5 scontext=u:r:kernel:s0 tcontext=u:r:kernel:s0 tclass=capability permissive=0
12-10 06:32:48.155 0 0 I auditd : type=1400 audit(0.0:19055): avc: denied { kill } for comm="swapper/1" capability=5 scontext=u:r:kernel:s0 tcontext=u:r:kernel:s0 tclass=capability permissive=0
12-10 06:32:49.155 0 0 I auditd : type=1400 audit(0.0:19056): avc: denied { kill } for comm="swapper/1" capability=5 scontext=u:r:kernel:s0 tcontext=u:r:kernel:s0 tclass=capability permissive=0
12-10 06:32:51.155 0 0 I auditd : type=1400 audit(0.0:19057): avc: denied { kill } for comm="swapper/1" capability=5 scontext=u:r:kernel:s0 tcontext=u:r:kernel:s0 tclass=capability permissive=0
12-10 06:32:53.155 0 0 I auditd : type=1400 audit(0.0:19058): avc: denied { kill } for comm="swapper/1" capability=5 scontext=u:r:kernel:s0 tcontext=u:r:kernel:s0 tclass=capability permissive=0
12-10 06:32:54.155 0 0 I auditd : type=1400 audit(0.0:19059): avc: denied { kill } for comm="swapper/1" capability=5 scontext=u:r:kernel:s0 tcontext=u:r:kernel:s0 tclass=capability permissive=0
12-10 06:32:55.155 0 0 I auditd : type=1400 audit(0.0:19060): avc: denied { kill } for comm="swapper/1" capability=5 scontext=u:r:kernel:s0 tcontext=u:r:kernel:s0 tclass=capability permissive=0
12-10 06:32:56.155 0 0 I auditd : type=1400 audit(0.0:19061): avc: denied { kill } for comm="swapper/1" capability=5 scontext=u:r:kernel:s0 tcontext=u:r:kernel:s0 tclass=capability permissive=0
12-10 06:32:57.155 0 0 I auditd : type=1400 audit(0.0:19062): avc: denied { kill } for comm="swapper/1" capability=5 scontext=u:r:kernel:s0 tcontext=u:r:kernel:s0 tclass=capability permissive=0
12-10 06:32:59.155 753 753 I auditd : type=1400 audit(0.0:19063): avc: denied { kill } for comm="crtc_commit:125" capability=5 scontext=u:r:kernel:s0 tcontext=u:r:kernel:s0 tclass=capability permissive=0
12-10 06:33:03.155 0 0 I auditd : type=1400 audit(0.0:19064): avc: denied { kill } for comm="swapper/1" capability=5 scontext=u:r:kernel:s0 tcontext=u:r:kernel:s0 tclass=capability permissive=0
12-10 06:33:04.155 0 0 I auditd : type=1400 audit(0.0:19065): avc: denied { kill } for comm="swapper/1" capability=5 scontext=u:r:kernel:s0 tcontext=u:r:kernel:s0 tclass=capability permissive=0
12-10 06:33:05.155 0 0 I auditd : type=1400 audit(0.0:19066): avc: denied { kill } for comm="swapper/1" capability=5 scontext=u:r:kernel:s0 tcontext=u:r:kernel:s0 tclass=capability permissive=0
12-10 06:33:06.155 0 0 I auditd : type=1400 audit(0.0:19067): avc: denied { kill } for comm="swapper/1" capability=5 scontext=u:r:kernel:s0 tcontext=u:r:kernel:s0 tclass=capability permissive=0
12-10 06:33:07.155 0 0 I auditd : type=1400 audit(0.0:19068): avc: denied { kill } for comm="swapper/1" capability=5 scontext=u:r:kernel:s0 tcontext=u:r:kernel:s0 tclass=capability permissive=0
12-10 06:33:08.155 0 0 I auditd : type=1400 audit(0.0:19069): avc: denied { kill } for comm="swapper/1" capability=5 scontext=u:r:kernel:s0 tcontext=u:r:kernel:s0 tclass=capability permissive=0
12-10 06:33:09.155 0 0 I auditd : type=1400 audit(0.0:19070): avc: denied { kill } for comm="swapper/1" capability=5 scontext=u:r:kernel:s0 tcontext=u:r:kernel:s0 tclass=capability permissive=0
12-10 06:33:10.155 0 0 I auditd : type=1400 audit(0.0:19071): avc: denied { kill } for comm="swapper/1" capability=5 scontext=u:r:kernel:s0 tcontext=u:r:kernel:s0 tclass=capability permissive=0
12-10 06:33:11.155 0 0 I auditd : type=1400 audit(0.0:19072): avc: denied { kill } for comm="swapper/1" capability=5 scontext=u:r:kernel:s0 tcontext=u:r:kernel:s0 tclass=capability permissive=0
12-10 06:33:13.155 0 0 I auditd : type=1400 audit(0.0:19073): avc: denied { kill } for comm="swapper/1" capability=5 scontext=u:r:kernel:s0 tcontext=u:r:kernel:s0 tclass=capability permissive=0
12-10 06:33:14.155 0 0 I auditd : type=1400 audit(0.0:19074): avc: denied { kill } for comm="swapper/1" capability=5 scontext=u:r:kernel:s0 tcontext=u:r:kernel:s0 tclass=capability permissive=0
12-10 06:33:16.155 0 0 I auditd : type=1400 audit(0.0:19075): avc: denied { kill } for comm="swapper/1" capability=5 scontext=u:r:kernel:s0 tcontext=u:r:kernel:s0 tclass=capability permissive=0
12-10 06:33:17.155 0 0 I auditd : type=1400 audit(0.0:19076): avc: denied { kill } for comm="swapper/1" capability=5 scontext=u:r:kernel:s0 tcontext=u:r:kernel:s0 tclass=capability permissive=0
12-10 06:33:18.155 0 0 I auditd : type=1400 audit(0.0:19077): avc: denied { kill } for comm="swapper/1" capability=5 scontext=u:r:kernel:s0 tcontext=u:r:kernel:s0 tclass=capability permissive=0
12-10 06:33:19.155 0 0 I auditd : type=1400 audit(0.0:19078): avc: denied { kill } for comm="swapper/1" capability=5 scontext=u:r:kernel:s0 tcontext=u:r:kernel:s0 tclass=capability permissive=0
12-10 06:33:20.155 0 0 I auditd : type=1400 audit(0.0:19079): avc: denied { kill } for comm="swapper/1" capability=5 scontext=u:r:kernel:s0 tcontext=u:r:kernel:s0 tclass=capability permissive=0
12-10 06:33:21.155 0 0 I auditd : type=1400 audit(0.0:19080): avc: denied { kill } for comm="swapper/1" capability=5 scontext=u:r:kernel:s0 tcontext=u:r:kernel:s0 tclass=capability permissive=0
12-10 06:33:22.155 0 0 I auditd : type=1400 audit(0.0:19081): avc: denied { kill } for comm="swapper/1" capability=5 scontext=u:r:kernel:s0 tcontext=u:r:kernel:s0 tclass=capability permissive=0
12-10 06:33:23.155 0 0 I auditd : type=1400 audit(0.0:19082): avc: denied { kill } for comm="swapper/1" capability=5 scontext=u:r:kernel:s0 tcontext=u:r:kernel:s0 tclass=capability permissive=0
12-10 06:33:24.155 0 0 I auditd : type=1400 audit(0.0:19083): avc: denied { kill } for comm="swapper/1" capability=5 scontext=u:r:kernel:s0 tcontext=u:r:kernel:s0 tclass=capability permissive=0
12-10 06:33:25.155 0 0 I auditd : type=1400 audit(0.0:19084): avc: denied { kill } for comm="swapper/1" capability=5 scontext=u:r:kernel:s0 tcontext=u:r:kernel:s0 tclass=capability permissive=0
12-10 06:33:26.155 0 0 I auditd : type=1400 audit(0.0:19085): avc: denied { kill } for comm="swapper/1" capability=5 scontext=u:r:kernel:s0 tcontext=u:r:kernel:s0 tclass=capability permissive=0
12-10 06:33:27.155 0 0 I auditd : type=1400 audit(0.0:19086): avc: denied { kill } for comm="swapper/1" capability=5 scontext=u:r:kernel:s0 tcontext=u:r:kernel:s0 tclass=capability permissive=0
12-10 06:33:29.155 0 0 I auditd : type=1400 audit(0.0:19087): avc: denied { kill } for comm="swapper/1" capability=5 scontext=u:r:kernel:s0 tcontext=u:r:kernel:s0 tclass=capability permissive=0
12-10 06:33:30.155 0 0 I auditd : type=1400 audit(0.0:19088): avc: denied { kill } for comm="swapper/1" capability=5 scontext=u:r:kernel:s0 tcontext=u:r:kernel:s0 tclass=capability permissive=0
12-10 06:33:31.155 0 0 I auditd : type=1400 audit(0.0:19089): avc: denied { kill } for comm="swapper/1" capability=5 scontext=u:r:kernel:s0 tcontext=u:r:kernel:s0 tclass=capability permissive=0
12-10 06:33:33.155 0 0 I auditd : type=1400 audit(0.0:19090): avc: denied { kill } for comm="swapper/1" capability=5 scontext=u:r:kernel:s0 tcontext=u:r:kernel:s0 tclass=capability permissive=0
12-10 06:33:34.155 0 0 I auditd : type=1400 audit(0.0:19091): avc: denied { kill } for comm="swapper/1" capability=5 scontext=u:r:kernel:s0 tcontext=u:r:kernel:s0 tclass=capability permissive=0
12-10 06:33:35.155 0 0 I auditd : type=1400 audit(0.0:19092): avc: denied { kill } for comm="swapper/1" capability=5 scontext=u:r:kernel:s0 tcontext=u:r:kernel:s0 tclass=capability permissive=0
12-10 06:33:36.155 0 0 I auditd : type=1400 audit(0.0:19093): avc: denied { kill } for comm="swapper/1" capability=5 scontext=u:r:kernel:s0 tcontext=u:r:kernel:s0 tclass=capability permissive=0
12-10 06:33:37.155 0 0 I auditd : type=1400 audit(0.0:19094): avc: denied { kill } for comm="swapper/1" capability=5 scontext=u:r:kernel:s0 tcontext=u:r:kernel:s0 tclass=capability permissive=0
12-10 06:33:38.155 0 0 I auditd : type=1400 audit(0.0:19095): avc: denied { kill } for comm="swapper/1" capability=5 scontext=u:r:kernel:s0 tcontext=u:r:kernel:s0 tclass=capability permissive=0
12-10 06:33:39.155 0 0 I auditd : type=1400 audit(0.0:19096): avc: denied { kill } for comm="swapper/1" capability=5 scontext=u:r:kernel:s0 tcontext=u:r:kernel:s0 tclass=capability permissive=0
12-10 06:33:40.155 0 0 I auditd : type=1400 audit(0.0:19097): avc: denied { kill } for comm="swapper/1" capability=5 scontext=u:r:kernel:s0 tcontext=u:r:kernel:s0 tclass=capability permissive=0
12-10 06:33:42.155 0 0 I auditd : type=1400 audit(0.0:19098): avc: denied { kill } for comm="swapper/1" capability=5 scontext=u:r:kernel:s0 tcontext=u:r:kernel:s0 tclass=capability permissive=0
12-10 06:33:43.155 0 0 I auditd : type=1400 audit(0.0:19099): avc: denied { kill } for comm="swapper/1" capability=5 scontext=u:r:kernel:s0 tcontext=u:r:kernel:s0 tclass=capability permissive=0
12-10 06:33:43.340 1507 1583 I am_uid_idle: 10068
12-10 06:33:44.155 0 0 I auditd : type=1400 audit(0.0:19100): avc: denied { kill } for comm="swapper/1" capability=5 scontext=u:r:kernel:s0 tcontext=u:r:kernel:s0 tclass=capability permissive=0
12-10 06:33:44.655 1507 1736 I input_interaction: Interaction with: 3ed3500 com.thundercomm.screensaver/android.service.dreams.DreamActivity (server), edge-swipe (server), swipe-up (server), PointerEventDispatcher0 (server),
12-10 06:33:44.659 1507 2038 I wm_finish_activity: [0,261256084,154,com.thundercomm.screensaver/android.service.dreams.DreamActivity,finish-activity]
12-10 06:33:44.660 1507 2038 I wm_task_moved: [26,1,5]
12-10 06:33:44.661 1507 2038 I wm_task_moved: [27,1,2147483647]
12-10 06:33:44.662 1507 2038 I wm_task_to_front: [0,27]
12-10 06:33:44.662 1507 2038 I wm_focused_root_task: [0,0,26,154,finish-top adjustFocusToNextFocusableTask]
12-10 06:33:44.663 1507 2038 I wm_set_resumed_activity: [0,com.android.launcher3/.uioverrides.QuickstepLauncher,finish-top adjustFocusToNextFocusableTask]
12-10 06:33:44.666 1507 2038 I wm_pause_activity: [0,261256084,com.thundercomm.screensaver/android.service.dreams.DreamActivity,userLeaving=false,finish]
12-10 06:33:44.680 1507 1568 I sysui_multi_action: [757,803,799,window_time_0,802,68]
12-10 06:33:44.681 14020 14020 I wm_on_top_resumed_lost_called: [261256084,android.service.dreams.DreamActivity,topStateChangedWhenResumed]
12-10 06:33:44.681 14020 14020 I wm_on_paused_called: [261256084,android.service.dreams.DreamActivity,performPause]
12-10 06:33:44.686 1507 6251 I wm_add_to_stopping: [0,261256084,com.thundercomm.screensaver/android.service.dreams.DreamActivity,completeFinishing]
12-10 06:33:44.688 1507 6251 I wm_set_resumed_activity: [0,com.android.launcher3/.uioverrides.QuickstepLauncher,resumeTopActivityInnerLocked]
12-10 06:33:44.690 1507 6251 I wm_resume_activity: [0,142082565,27,com.android.launcher3/.uioverrides.QuickstepLauncher]
12-10 06:33:44.704 1507 1736 I input_focus: [Focus leaving 3ed3500 com.thundercomm.screensaver/android.service.dreams.DreamActivity (server),reason=NO_WINDOW]
12-10 06:33:44.704 14020 14020 I view_enqueue_input_event: [Motion - Cancel,com.thundercomm.screensaver/android.service.dreams.DreamActivity]
12-10 06:33:44.705 2526 2526 I wm_on_restart_called: [142082565,com.android.launcher3.uioverrides.QuickstepLauncher,performRestartActivity]
12-10 06:33:44.706 2526 2526 I wm_on_start_called: [142082565,com.android.launcher3.uioverrides.QuickstepLauncher,handleStartActivity]
12-10 06:33:44.707 2526 2526 I wm_on_resume_called: [142082565,com.android.launcher3.uioverrides.QuickstepLauncher,RESUME_ACTIVITY]
12-10 06:33:44.707 2526 2526 I wm_on_top_resumed_gained_called: [142082565,com.android.launcher3.uioverrides.QuickstepLauncher,topWhenResuming]
12-10 06:33:44.707 1507 1568 I sysui_multi_action: [757,803,799,window_time_0,802,0]
12-10 06:33:44.716 1507 1569 I input_focus: [Focus request 2cb1f5d com.android.launcher3/com.android.launcher3.uioverrides.QuickstepLauncher,reason=UpdateInputWindows]
12-10 06:33:44.721 1507 1581 I am_pss : [15287,1000,com.android.settings,25641984,23658496,0,109748224,0,19,6]
12-10 06:33:44.728 1507 1581 I am_pss : [15232,10065,com.android.calendar,6875136,4853760,0,91484160,0,19,5]
12-10 06:33:44.730 1507 1507 I am_uid_active: 10068
12-10 06:33:44.735 1507 1581 I am_pss : [15231,10090,com.android.music,6984704,4718592,0,90779648,0,19,5]
12-10 06:33:44.747 1507 1736 I input_focus: [Focus entering 2cb1f5d com.android.launcher3/com.android.launcher3.uioverrides.QuickstepLauncher (server),reason=Window became focusable. Previous reason: NOT_VISIBLE]
12-10 06:33:44.985 1507 1568 I wm_destroy_activity: [0,261256084,154,com.thundercomm.screensaver/android.service.dreams.DreamActivity,finish-imm:idle]
12-10 06:33:45.011 14020 14020 I wm_on_stop_called: [261256084,android.service.dreams.DreamActivity,LIFECYCLER_STOP_ACTIVITY]
12-10 06:33:45.012 14020 14020 I wm_on_destroy_called: [261256084,android.service.dreams.DreamActivity,performDestroy]
12-10 06:33:45.021 1507 1564 I sysui_multi_action: [757,222,758,2]
12-10 06:33:45.021 1507 1564 I sysui_multi_action: [757,804,799,dreaming_minutes,801,1,802,1]
12-10 06:33:45.027 1507 2042 I wm_task_removed: [154,removeChild:removeChild last r=ActivityRecord{f927394 u0 com.thundercomm.screensaver/android.service.dreams.DreamActivity t-1 f}} in t=Task{f9c6aa9 #154 type=dream A=10052:android:com.thundercomm.screensaver/dream U=0 visible=false mode=fullscreen translucent=true sz=0}]
12-10 06:33:45.027 1507 2042 I wm_task_removed: [154,removeChild]
12-10 06:33:46.155 0 0 I auditd : type=1400 audit(0.0:19101): avc: denied { kill } for comm="swapper/1" capability=5 scontext=u:r:kernel:s0 tcontext=u:r:kernel:s0 tclass=capability permissive=0
12-10 06:33:47.155 0 0 I auditd : type=1400 audit(0.0:19102): avc: denied { kill } for comm="swapper/1" capability=5 scontext=u:r:kernel:s0 tcontext=u:r:kernel:s0 tclass=capability permissive=0
12-10 06:33:48.155 0 0 I auditd : type=1400 audit(0.0:19103): avc: denied { kill } for comm="swapper/1" capability=5 scontext=u:r:kernel:s0 tcontext=u:r:kernel:s0 tclass=capability permissive=0
12-10 06:33:49.155 0 0 I auditd : type=1400 audit(0.0:19104): avc: denied { kill } for comm="swapper/1" capability=5 scontext=u:r:kernel:s0 tcontext=u:r:kernel:s0 tclass=capability permissive=0
12-10 06:33:50.155 0 0 I auditd : type=1400 audit(0.0:19105): avc: denied { kill } for comm="swapper/1" capability=5 scontext=u:r:kernel:s0 tcontext=u:r:kernel:s0 tclass=capability permissive=0
12-10 06:33:51.155 0 0 I auditd : type=1400 audit(0.0:19106): avc: denied { kill } for comm="swapper/1" capability=5 scontext=u:r:kernel:s0 tcontext=u:r:kernel:s0 tclass=capability permissive=0
12-10 06:33:52.155 0 0 I auditd : type=1400 audit(0.0:19107): avc: denied { kill } for comm="swapper/1" capability=5 scontext=u:r:kernel:s0 tcontext=u:r:kernel:s0 tclass=capability permissive=0
12-10 06:33:52.601 1507 1736 I input_interaction: Interaction with: 2cb1f5d com.android.launcher3/com.android.launcher3.uioverrides.QuickstepLauncher (server), 5478378 com.android.systemui.ImageWallpaper (server), edge-swipe (server), swipe-up (server), PointerEventDispatcher0 (server),
12-10 06:33:52.723 1507 2038 I wm_task_created: [155,-1]
12-10 06:33:52.728 1507 2038 I wm_task_moved: [155,1,6]
12-10 06:33:52.728 1507 2038 I wm_task_to_front: [0,155]
12-10 06:33:52.729 1507 2038 I wm_create_task: [0,155]
12-10 06:33:52.729 1507 2038 I wm_create_activity: [0,144672886,155,com.android.deskclock/.DeskClock,android.intent.action.MAIN,NULL,NULL,270532608]
12-10 06:33:52.729 1507 2038 I wm_task_moved: [155,1,6]
12-10 06:33:52.734 1507 2038 I wm_pause_activity: [0,142082565,com.android.launcher3/.uioverrides.QuickstepLauncher,userLeaving=true,pauseBackTasks]
12-10 06:33:52.745 2526 2526 I wm_on_top_resumed_lost_called: [142082565,com.android.launcher3.uioverrides.QuickstepLauncher,topStateChangedWhenResumed]
12-10 06:33:52.748 2526 2526 I wm_on_paused_called: [142082565,com.android.launcher3.uioverrides.QuickstepLauncher,performPause]
12-10 06:33:52.751 1507 5859 I wm_add_to_stopping: [0,142082565,com.android.launcher3/.uioverrides.QuickstepLauncher,makeInvisible]
12-10 06:33:52.759 1507 1568 I am_uid_running: 10069
12-10 06:33:52.765 1507 1568 I sysui_multi_action: [757,803,799,window_time_0,802,8]
12-10 06:33:52.782 1507 1736 I input_focus: [Focus leaving 2cb1f5d com.android.launcher3/com.android.launcher3.uioverrides.QuickstepLauncher (server),reason=NO_WINDOW]
12-10 06:33:52.790 1507 1584 I am_proc_start: [0,15348,10069,com.android.deskclock,pre-top-activity,{com.android.deskclock/com.android.deskclock.DeskClock}]
12-10 06:33:52.811 1507 6251 I am_proc_bound: [0,15348,com.android.deskclock]
12-10 06:33:52.816 1507 6251 I wm_restart_activity: [0,144672886,155,com.android.deskclock/.DeskClock]
12-10 06:33:52.818 1507 6251 I wm_set_resumed_activity: [0,com.android.deskclock/.DeskClock,minimalResumeActivityLocked]
12-10 06:33:52.819 1507 1568 I am_uid_active: 10069
12-10 06:33:52.872 1507 2038 I wm_task_moved: [155,1,6]
12-10 06:33:52.872 1507 2038 I wm_set_resumed_activity: [0,com.android.deskclock/.DeskClock,positionChildAt]
12-10 06:33:52.872 1507 2038 I wm_create_activity: [0,30929223,155,com.android.permissioncontroller/.permission.ui.GrantPermissionsActivity,android.content.pm.action.REQUEST_PERMISSIONS,NULL,NULL,8388608]
12-10 06:33:52.874 1507 2038 I wm_pause_activity: [0,144672886,com.android.deskclock/.DeskClock,userLeaving=true,resumeTopActivityInnerLocked]
12-10 06:33:52.877 1507 1568 I am_uid_running: 10094
12-10 06:33:52.886 1507 1584 I am_proc_start: [0,15369,10094,com.android.permissioncontroller,pre-top-activity,{com.android.permissioncontroller/com.android.permissioncontroller.permission.ui.GrantPermissionsActivity}]
12-10 06:33:52.890 15348 15348 I wm_on_create_called: [144672886,com.android.deskclock.DeskClock,performCreate]
12-10 06:33:52.891 15348 15348 I wm_on_start_called: [144672886,com.android.deskclock.DeskClock,handleStartActivity]
12-10 06:33:52.892 15348 15348 I wm_on_resume_called: [144672886,com.android.deskclock.DeskClock,RESUME_ACTIVITY]
12-10 06:33:52.892 1507 1507 I sysui_multi_action: [757,128,758,5,759,8,793,186933,794,0,795,186933,796,2147483646,806,com.android.deskclock,857,StopwatchNotification,858,3,946,3,947,0,1500,186728,1688,1,1745,-868672399]
12-10 06:33:52.892 1507 1507 I notification_canceled: [0|com.android.deskclock|2147483646|null|10069,8,186933,186933,0,-1,-1,NULL]
12-10 06:33:52.898 1507 1917 I am_proc_bound: [0,15369,com.android.permissioncontroller]
12-10 06:33:52.902 15348 15348 I wm_on_top_resumed_gained_called: [144672886,com.android.deskclock.DeskClock,topStateChangedWhenResumed]
12-10 06:33:52.902 15348 15348 I wm_on_top_resumed_lost_called: [144672886,com.android.deskclock.DeskClock,topStateChangedWhenResumed]
12-10 06:33:52.902 15348 15348 I wm_on_paused_called: [144672886,com.android.deskclock.DeskClock,performPause]
12-10 06:33:52.906 1507 1917 I wm_restart_activity: [0,30929223,155,com.android.permissioncontroller/.permission.ui.GrantPermissionsActivity]
12-10 06:33:52.907 1507 1917 I wm_set_resumed_activity: [0,com.android.permissioncontroller/.permission.ui.GrantPermissionsActivity,minimalResumeActivityLocked]
12-10 06:33:52.908 1507 1568 I am_uid_active: 10094
12-10 06:33:52.909 1507 1568 I sysui_multi_action: [757,803,799,window_time_0,802,0]
12-10 06:33:52.949 15369 15369 I wm_on_create_called: [30929223,com.android.permissioncontroller.permission.ui.GrantPermissionsActivity,performCreate]
12-10 06:33:52.949 15369 15369 I wm_on_start_called: [30929223,com.android.permissioncontroller.permission.ui.GrantPermissionsActivity,handleStartActivity]
12-10 06:33:52.950 15369 15369 I wm_on_resume_called: [30929223,com.android.permissioncontroller.permission.ui.GrantPermissionsActivity,RESUME_ACTIVITY]
12-10 06:33:52.958 15369 15369 I wm_on_top_resumed_gained_called: [30929223,com.android.permissioncontroller.permission.ui.GrantPermissionsActivity,topStateChangedWhenResumed]
12-10 06:33:52.966 1507 6251 I wm_finish_activity: [0,30929223,155,com.android.permissioncontroller/.permission.ui.GrantPermissionsActivity,app-request]
12-10 06:33:52.981 1507 6251 I wm_pause_activity: [0,30929223,com.android.permissioncontroller/.permission.ui.GrantPermissionsActivity,userLeaving=false,finish]
12-10 06:33:52.997 15369 15369 I wm_on_top_resumed_lost_called: [30929223,com.android.permissioncontroller.permission.ui.GrantPermissionsActivity,topStateChangedWhenResumed]
12-10 06:33:52.999 15369 15369 I wm_on_paused_called: [30929223,com.android.permissioncontroller.permission.ui.GrantPermissionsActivity,performPause]
12-10 06:33:53.001 1507 5859 I wm_add_to_stopping: [0,30929223,com.android.permissioncontroller/.permission.ui.GrantPermissionsActivity,completeFinishing]
12-10 06:33:53.002 1507 5859 I wm_set_resumed_activity: [0,com.android.deskclock/.DeskClock,resumeTopActivityInnerLocked]
12-10 06:33:53.003 1507 5859 I wm_resume_activity: [0,144672886,155,com.android.deskclock/.DeskClock]
12-10 06:33:53.012 1507 1569 I input_focus: [Focus request 6cb170c com.android.deskclock/com.android.deskclock.DeskClock,reason=UpdateInputWindows]
12-10 06:33:53.012 1507 1568 I sysui_multi_action: [757,803,799,window_time_0,802,1]
12-10 06:33:53.033 15348 15348 I wm_on_activity_result_called: [144672886,com.android.deskclock.DeskClock,ACTIVITY_RESULT]
12-10 06:33:53.033 15348 15348 I wm_on_resume_called: [144672886,com.android.deskclock.DeskClock,RESUME_ACTIVITY]
12-10 06:33:53.035 15348 15348 I wm_on_top_resumed_gained_called: [144672886,com.android.deskclock.DeskClock,topWhenResuming]
12-10 06:33:53.039 1507 1564 I sysui_multi_action: [319,66,321,62,322,315,325,17681,757,761,758,7,759,1,806,com.android.permissioncontroller,871,com.android.permissioncontroller.permission.ui.GrantPermissionsActivity,904,com.android.deskclock,905,0,945,183,1320,8,1321,5]
12-10 06:33:53.040 1507 1564 I wm_activity_launch_time: [0,30929223,com.android.permissioncontroller/.permission.ui.GrantPermissionsActivity,315]
12-10 06:33:53.050 1507 1736 I input_focus: [Focus entering 6cb170c com.android.deskclock/com.android.deskclock.DeskClock (server),reason=Window became focusable. Previous reason: NOT_VISIBLE]
12-10 06:33:53.155 0 0 I auditd : type=1400 audit(0.0:19108): avc: denied { kill } for comm="swapper/1" capability=5 scontext=u:r:kernel:s0 tcontext=u:r:kernel:s0 tclass=capability permissive=0
12-10 06:33:53.320 1507 1568 I wm_destroy_activity: [0,30929223,155,com.android.permissioncontroller/.permission.ui.GrantPermissionsActivity,finish-imm:idle]
12-10 06:33:53.320 1507 1568 I wm_stop_activity: [0,142082565,com.android.launcher3/.uioverrides.QuickstepLauncher]
12-10 06:33:53.322 15369 15369 I wm_on_stop_called: [30929223,com.android.permissioncontroller.permission.ui.GrantPermissionsActivity,LIFECYCLER_STOP_ACTIVITY]
12-10 06:33:53.326 15369 15369 I wm_on_destroy_called: [30929223,com.android.permissioncontroller.permission.ui.GrantPermissionsActivity,performDestroy]
12-10 06:33:53.355 2526 2526 I wm_on_stop_called: [142082565,com.android.launcher3.uioverrides.QuickstepLauncher,STOP_ACTIVITY_ITEM]
12-10 06:33:54.023 1507 1736 I input_interaction: Interaction with: 6cb170c com.android.deskclock/com.android.deskclock.DeskClock (server), edge-swipe (server), swipe-up (server), PointerEventDispatcher0 (server),
12-10 06:33:54.055 1507 2042 I wm_task_moved: [26,0,0]
12-10 06:33:54.056 1507 2042 I wm_task_moved: [26,0,5]
12-10 06:33:54.066 2526 2526 I wm_on_restart_called: [142082565,com.android.launcher3.uioverrides.QuickstepLauncher,performRestartActivity]
12-10 06:33:54.087 2526 2526 I wm_on_start_called: [142082565,com.android.launcher3.uioverrides.QuickstepLauncher,handleStartActivity]
12-10 06:33:54.088 15348 15348 I view_enqueue_input_event: [Motion - Cancel,com.android.deskclock/com.android.deskclock.DeskClock]
12-10 06:33:54.097 1507 1569 I input_focus: [Focus request recents_animation_input_consumer,reason=UpdateInputWindows]
12-10 06:33:54.097 1507 1736 I input_interaction: Interaction with: edge-swipe (server), swipe-up (server), PointerEventDispatcher0 (server),
12-10 06:33:54.099 2526 2526 I sysui_latency: [1,78]
12-10 06:33:54.116 1507 1564 I sysui_multi_action: [319,16,322,57,325,17683,757,761,758,9,759,5,806,com.android.launcher3,871,com.android.launcher3.uioverrides.QuickstepLauncher,904,com.android.launcher3,905,0,1320,8,1321,5]
12-10 06:33:54.120 1507 1736 I input_focus: [Focus leaving 6cb170c com.android.deskclock/com.android.deskclock.DeskClock (server),reason=NOT_FOCUSABLE]
12-10 06:33:54.120 1507 1736 I input_focus: [Focus entering recents_animation_input_consumer (server),reason=setFocusedWindow]
12-10 06:33:54.277 1507 1710 I commit_sys_config_file: [settings-1-0,3]
12-10 06:33:54.413 1507 1581 I sysui_latency: [8,80]
12-10 06:33:54.848 1507 1917 I wm_task_moved: [26,1,6]
12-10 06:33:54.850 1507 1917 I wm_task_moved: [27,1,2147483647]
12-10 06:33:54.850 1507 1917 I wm_task_to_front: [0,27]
12-10 06:33:54.850 15348 15348 I wm_on_top_resumed_lost_called: [144672886,com.android.deskclock.DeskClock,topStateChangedWhenResumed]
12-10 06:33:54.850 1507 1917 I wm_focused_root_task: [0,0,26,155,RecentsAnimation.onAnimationFinished()]
12-10 06:33:54.851 1507 1917 I wm_set_resumed_activity: [0,com.android.launcher3/.uioverrides.QuickstepLauncher,RecentsAnimation.onAnimationFinished()]
12-10 06:33:54.862 1507 1917 I wm_pause_activity: [0,144672886,com.android.deskclock/.DeskClock,userLeaving=true,pauseBackTasks]
12-10 06:33:54.864 1507 1917 I wm_add_to_stopping: [0,144672886,com.android.deskclock/.DeskClock,makeInvisible]
12-10 06:33:54.864 1507 1917 I wm_set_resumed_activity: [0,com.android.launcher3/.uioverrides.QuickstepLauncher,resumeTopActivityInnerLocked]
12-10 06:33:54.866 1507 1917 I wm_resume_activity: [0,142082565,27,com.android.launcher3/.uioverrides.QuickstepLauncher]
12-10 06:33:54.867 2526 2526 I wm_on_resume_called: [142082565,com.android.launcher3.uioverrides.QuickstepLauncher,RESUME_ACTIVITY]
12-10 06:33:54.873 1507 1569 I input_focus: [Focus request 2cb1f5d com.android.launcher3/com.android.launcher3.uioverrides.QuickstepLauncher,reason=UpdateInputWindows]
12-10 06:33:54.875 15348 15348 I wm_on_paused_called: [144672886,com.android.deskclock.DeskClock,performPause]
12-10 06:33:54.877 2526 2526 I wm_on_top_resumed_gained_called: [142082565,com.android.launcher3.uioverrides.QuickstepLauncher,topStateChangedWhenResumed]
12-10 06:33:54.884 1507 2042 I wm_stop_activity: [0,144672886,com.android.deskclock/.DeskClock]
12-10 06:33:54.885 1507 1568 I sysui_multi_action: [757,803,799,window_time_0,802,1]
12-10 06:33:54.887 1507 1568 I sysui_multi_action: [757,803,799,window_time_0,802,0]
12-10 06:33:54.888 1507 1736 I input_focus: [Focus leaving recents_animation_input_consumer (server),reason=NOT_VISIBLE]
12-10 06:33:54.888 1507 1736 I input_focus: [Focus entering 2cb1f5d com.android.launcher3/com.android.launcher3.uioverrides.QuickstepLauncher (server),reason=setFocusedWindow]
12-10 06:33:54.918 1507 1507 I notification_enqueue: [10069,15348,com.android.deskclock,2147483646,NULL,0,Notification(channel=StopwatchNotification shortcut=null contentView=com.android.deskclock/0x7f0d0024 vibrate=null sound=null defaults=0x0 flags=0x110 color=0xff1a237e groupKey=3 actions=2 vis=PRIVATE),0]
12-10 06:33:54.919 15348 15348 I wm_on_stop_called: [144672886,com.android.deskclock.DeskClock,STOP_ACTIVITY_ITEM]
12-10 06:33:55.120 1507 1507 I sysui_multi_action: [757,1501,758,1,793,203,794,0,795,203,796,2147483646,806,com.android.deskclock,857,StopwatchNotification,858,3,946,3,947,0,1500,0,1688,1,1745,-868672399]
12-10 06:33:55.121 1507 1507 I sysui_multi_action: [757,804,799,note_interruptive,801,0,802,1]
12-10 06:33:55.123 1507 1507 I sysui_multi_action: [757,1501,758,1,793,205,794,0,795,205,796,2147483646,806,com.android.deskclock,857,StopwatchNotification,858,3,946,3,947,0,1500,0,1688,1,1745,-868672399]
12-10 06:33:55.123 1507 1507 I sysui_multi_action: [757,804,799,note_interruptive,801,0,802,1]
12-10 06:33:55.123 1507 1507 I sysui_multi_action: [757,199,758,1,759,2,793,206,794,0,795,206,796,2147483646,806,com.android.deskclock,857,StopwatchNotification,858,3,946,3,947,0,1500,1,1688,1,1745,-868672399]
12-10 06:33:55.123 1507 1507 I notification_alert: [0|com.android.deskclock|2147483646|null|10069,0,1,0]
12-10 06:33:55.205 1507 1736 I input_interaction: Interaction with: 2cb1f5d com.android.launcher3/com.android.launcher3.uioverrides.QuickstepLauncher (server), 5478378 com.android.systemui.ImageWallpaper (server), edge-swipe (server), swipe-up (server), PointerEventDispatcher0 (server),
12-10 06:33:55.484 1507 1710 I commit_sys_config_file: [settings-1-0,6]
12-10 06:33:56.155 0 0 I auditd : type=1400 audit(0.0:19109): avc: denied { kill } for comm="swapper/1" capability=5 scontext=u:r:kernel:s0 tcontext=u:r:kernel:s0 tclass=capability permissive=0
12-10 06:33:58.155 0 0 I auditd : type=1400 audit(0.0:19110): avc: denied { kill } for comm="swapper/1" capability=5 scontext=u:r:kernel:s0 tcontext=u:r:kernel:s0 tclass=capability permissive=0
12-10 06:33:59.155 0 0 I auditd : type=1400 audit(0.0:19111): avc: denied { kill } for comm="swapper/1" capability=5 scontext=u:r:kernel:s0 tcontext=u:r:kernel:s0 tclass=capability permissive=0
12-10 06:34:00.155 0 0 I auditd : type=1400 audit(0.0:19112): avc: denied { kill } for comm="swapper/1" capability=5 scontext=u:r:kernel:s0 tcontext=u:r:kernel:s0 tclass=capability permissive=0
12-10 06:34:01.155 0 0 I auditd : type=1400 audit(0.0:19113): avc: denied { kill } for comm="swapper/1" capability=5 scontext=u:r:kernel:s0 tcontext=u:r:kernel:s0 tclass=capability permissive=0
12-10 06:34:02.155 0 0 I auditd : type=1400 audit(0.0:19114): avc: denied { kill } for comm="swapper/1" capability=5 scontext=u:r:kernel:s0 tcontext=u:r:kernel:s0 tclass=capability permissive=0
12-10 06:34:03.155 0 0 I auditd : type=1400 audit(0.0:19115): avc: denied { kill } for comm="swapper/1" capability=5 scontext=u:r:kernel:s0 tcontext=u:r:kernel:s0 tclass=capability permissive=0
12-10 06:34:04.155 0 0 I auditd : type=1400 audit(0.0:19116): avc: denied { kill } for comm="swapper/1" capability=5 scontext=u:r:kernel:s0 tcontext=u:r:kernel:s0 tclass=capability permissive=0
