12-10 06:35:10.278 1507 1569 I input_focus: [Focus request 55c044c com.android.settings/com.android.settings.homepage.SettingsHomepageActivity,reason=UpdateInputWindows]
12-10 06:35:10.279 2004 2004 I sysui_multi_action: [757,111,758,1]
12-10 06:35:10.279 2004 2004 I sysui_multi_action: [757,126,758,1,759,126,927,0,928,1,1593,1]
12-10 06:35:10.279 2004 2004 I sysui_multi_action: [757,113,758,1,759,113,927,1,928,1,1593,1]
12-10 06:35:10.279 2004 2004 I sysui_multi_action: [757,0,758,1,759,0,927,2,928,0,1593,1]
12-10 06:35:10.279 2004 2004 I sysui_multi_action: [757,0,758,1,759,0,927,3,928,0,1593,1]
12-10 06:35:10.279 2004 2004 I sysui_multi_action: [757,491,758,1,759,491,927,4,928,1,1311,1,1593,0]
12-10 06:35:10.279 2004 2004 I sysui_multi_action: [757,0,758,1,759,0,927,5,928,0,1593,0]
12-10 06:35:10.279 2004 2004 I sysui_multi_action: [757,111,758,1]
12-10 06:35:10.280 2004 2004 I sysui_multi_action: [757,126,758,1,759,126,927,0,928,1,1593,1]
12-10 06:35:10.280 2004 2004 I sysui_multi_action: [757,113,758,1,759,113,927,1,928,1,1593,1]
12-10 06:35:10.280 2004 2004 I sysui_multi_action: [757,0,758,1,759,0,927,2,928,0,1593,1]
12-10 06:35:10.280 2004 2004 I sysui_multi_action: [757,0,758,1,759,0,927,3,928,0,1593,1]
12-10 06:35:10.289 1507 1736 I input_focus: [Focus leaving 349ab61 NotificationShade (server),reason=NOT_FOCUSABLE]
12-10 06:35:10.289 1507 1736 I input_focus: [Focus entering 55c044c com.android.settings/com.android.settings.homepage.SettingsHomepageActivity (server),reason=setFocusedWindow]
12-10 06:35:10.310 1507 1507 I notification_enqueue: [10082,2004,com.android.systemui,2048,NULL,0,Notification(channel=updateNotification shortcut=null contentView=null vibrate=null sound=null defaults=0x0 flags=0x0 color=0x00000000 vis=PRIVATE),1]
12-10 06:35:10.310 2004 2004 I sysui_multi_action: [757,111,758,2]
12-10 06:35:10.310 2004 2004 I sysui_multi_action: [757,111,758,2]
12-10 06:35:10.311 1507 1917 I sysui_multi_action: [757,128,758,2,793,17746780,794,1811,795,17746780,796,26,798,0,806,android,857,DEVELOPER_IMPORTANT,858,4,947,0,1395,3,1500,17746314,1688,1]
12-10 06:35:10.311 1507 1917 I notification_visibility: [-1|android|26|null|1000,0,17746780,17746780,0,0]
12-10 06:35:10.311 1507 1917 I sysui_multi_action: [757,128,758,2,793,75394,794,1811,795,75394,796,2147483646,798,1,806,com.android.deskclock,857,StopwatchNotification,858,3,946,3,947,0,1395,3,1500,75189,1688,1,1745,-868672399]
12-10 06:35:10.311 1507 1917 I notification_visibility: [0|com.android.deskclock|2147483646|null|10069,0,75394,75394,0,1]
12-10 06:35:10.311 1507 1917 I sysui_multi_action: [757,128,758,2,793,17747678,794,1810,795,17747678,796,32,798,2,806,android,857,USB,858,1,947,0,1395,3,1500,17747331,1688,1]
12-10 06:35:10.312 1507 1917 I notification_visibility: [-1|android|32|null|1000,0,17747678,17747678,0,2]
12-10 06:35:10.312 1507 1917 I sysui_multi_action: [757,127,758,2]
12-10 06:35:10.312 1507 1917 I notification_panel_hidden:
12-10 06:35:10.333 2004 2004 I sysui_multi_action: [757,111,758,1]
12-10 06:35:10.334 2004 2004 I sysui_multi_action: [757,126,758,1,759,126,927,0,928,1,1593,1]
12-10 06:35:10.334 2004 2004 I sysui_multi_action: [757,113,758,1,759,113,927,1,928,1,1593,1]
12-10 06:35:10.335 2004 2004 I sysui_multi_action: [757,0,758,1,759,0,927,2,928,0,1593,1]
12-10 06:35:10.335 2004 2004 I sysui_multi_action: [757,0,758,1,759,0,927,3,928,0,1593,1]
12-10 06:35:10.335 2004 2004 I sysui_multi_action: [757,491,758,1,759,491,927,4,928,1,1311,1,1593,1]
12-10 06:35:10.335 2004 2004 I sysui_multi_action: [757,0,758,1,759,0,927,5,928,0,1593,1]
12-10 06:35:10.335 2004 2004 I sysui_multi_action: [757,111,758,1]
12-10 06:35:10.336 2004 2004 I sysui_multi_action: [757,126,758,1,759,126,927,0,928,1,1593,1]
12-10 06:35:10.336 2004 2004 I sysui_multi_action: [757,113,758,1,759,113,927,1,928,1,1593,1]
12-10 06:35:10.336 2004 2004 I sysui_multi_action: [757,0,758,1,759,0,927,2,928,0,1593,1]
12-10 06:35:10.336 2004 2004 I sysui_multi_action: [757,0,758,1,759,0,927,3,928,0,1593,1]
12-10 06:35:10.342 2004 2004 I view_enqueue_input_event: [Motion - Cancel,NotificationShade]
12-10 06:35:10.913 1507 1712 I am_uid_active: 10094
12-10 06:35:11.155 0 0 I auditd : type=1400 audit(0.0:19276): avc: denied { kill } for comm="swapper/1" capability=5 scontext=u:r:kernel:s0 tcontext=u:r:kernel:s0 tclass=capability permissive=0
12-10 06:35:11.618 1507 1736 I input_interaction: Interaction with: 55c044c com.android.settings/com.android.settings.homepage.SettingsHomepageActivity (server), edge-swipe (server), swipe-up (server), PointerEventDispatcher0 (server),
12-10 06:35:11.730 15287 15287 I sysui_multi_action: [757,830,758,4,833,0,854,available_media_bt,1089,0]
12-10 06:35:11.738 1507 5826 I wm_task_moved: [158,1,7]
12-10 06:35:11.738 1507 5826 I wm_set_resumed_activity: [0,com.android.settings/.homepage.SettingsHomepageActivity,positionChildAt]
12-10 06:35:11.738 1507 5826 I wm_create_activity: [0,152999038,158,com.android.settings/.SubSettings,android.intent.action.MAIN,NULL,NULL,0]
12-10 06:35:11.739 1507 5826 I wm_pause_activity: [0,219734682,com.android.settings/.homepage.SettingsHomepageActivity,userLeaving=true,resumeTopActivityInnerLocked]
12-10 06:35:11.752 15287 15287 I wm_on_top_resumed_lost_called: [219734682,com.android.settings.homepage.SettingsHomepageActivity,topStateChangedWhenResumed]
12-10 06:35:11.754 15287 15287 I sysui_multi_action: [757,35,758,2,1089,1865]
12-10 06:35:11.755 15287 15287 I sysui_multi_action: [757,747,758,2,1089,1592]
12-10 06:35:11.755 15287 15287 I wm_on_paused_called: [219734682,com.android.settings.homepage.SettingsHomepageActivity,performPause]
12-10 06:35:11.759 1507 5826 I wm_add_to_stopping: [0,219734682,com.android.settings/.homepage.SettingsHomepageActivity,makeInvisible]
12-10 06:35:11.761 1507 5826 I wm_restart_activity: [0,152999038,158,com.android.settings/.SubSettings]
12-10 06:35:11.763 1507 5826 I wm_set_resumed_activity: [0,com.android.settings/.SubSettings,minimalResumeActivityLocked]
12-10 06:35:11.768 1507 1568 I sysui_multi_action: [757,803,799,window_time_0,802,2]
12-10 06:35:11.787 1507 5826 I wm_finish_activity: [0,152999038,158,com.android.settings/.SubSettings,clear-task-stack]
12-10 06:35:11.788 1507 1736 I input_focus: [Focus leaving 55c044c com.android.settings/com.android.settings.homepage.SettingsHomepageActivity (server),reason=NO_WINDOW]
12-10 06:35:11.803 1507 5826 I wm_pause_activity: [0,152999038,com.android.settings/.SubSettings,userLeaving=false,finish]
12-10 06:35:11.804 1507 5826 I wm_new_intent: [0,219734682,158,com.android.settings/.homepage.SettingsHomepageActivity,android.settings.BLUETOOTH_SETTINGS,NULL,NULL,335544320]
12-10 06:35:11.804 1507 5826 I wm_task_moved: [158,1,7]
12-10 06:35:11.811 15287 15287 I wm_on_create_called: [152999038,com.android.settings.SubSettings,performCreate]
12-10 06:35:11.817 1507 5826 I wm_add_to_stopping: [0,152999038,com.android.settings/.SubSettings,completeFinishing]
12-10 06:35:11.818 1507 5826 I wm_set_resumed_activity: [0,com.android.settings/.homepage.SettingsHomepageActivity,resumeTopActivityInnerLocked]
12-10 06:35:11.819 1507 5826 I wm_resume_activity: [0,219734682,158,com.android.settings/.homepage.SettingsHomepageActivity]
12-10 06:35:11.827 1507 1569 I input_focus: [Focus request 55c044c com.android.settings/com.android.settings.homepage.SettingsHomepageActivity,reason=UpdateInputWindows]
12-10 06:35:11.830 15287 15287 I wm_on_resume_called: [219734682,com.android.settings.homepage.SettingsHomepageActivity,RESUME_ACTIVITY]
12-10 06:35:11.830 1507 1568 I sysui_multi_action: [757,803,799,window_time_0,802,0]
12-10 06:35:11.830 15287 15287 I sysui_multi_action: [757,35,758,1,833,0,1089,0]
12-10 06:35:11.831 15287 15287 I sysui_multi_action: [757,747,758,1,833,0,1089,0]
12-10 06:35:11.833 15287 15287 I wm_on_top_resumed_gained_called: [219734682,com.android.settings.homepage.SettingsHomepageActivity,topWhenResuming]
12-10 06:35:11.840 1507 1736 I input_focus: [Focus entering 55c044c com.android.settings/com.android.settings.homepage.SettingsHomepageActivity (server),reason=Window became focusable. Previous reason: NO_WINDOW]
12-10 06:35:12.131 15287 15287 I sysui_multi_action: [757,1009,758,1,833,0,1089,76]
12-10 06:35:12.132 15287 15287 I sysui_multi_action: [757,1729,758,4,854,isParalleledControllers:false,1089,78]
12-10 06:35:12.150 1507 2038 I wm_destroy_activity: [0,152999038,158,com.android.settings/.SubSettings,finish-imm:idle]
12-10 06:35:12.153 15287 15287 I wm_on_destroy_called: [152999038,com.android.settings.SubSettings,performDestroy]
12-10 06:35:12.155 0 0 I auditd : type=1400 audit(0.0:19277): avc: denied { kill } for comm="swapper/1" capability=5 scontext=u:r:kernel:s0 tcontext=u:r:kernel:s0 tclass=capability permissive=0
12-10 06:35:13.155 0 0 I auditd : type=1400 audit(0.0:19278): avc: denied { kill } for comm="swapper/1" capability=5 scontext=u:r:kernel:s0 tcontext=u:r:kernel:s0 tclass=capability permissive=0
12-10 06:35:13.655 15287 15287 I sysui_multi_action: [757,1031,758,1,833,0,1089,25]
12-10 06:35:13.671 1507 1569 I input_focus: [Focus request 5ed3c48 要与该设备取消配对吗?,reason=UpdateInputWindows]
12-10 06:35:13.690 1507 1736 I input_focus: [Focus leaving 55c044c com.android.settings/com.android.settings.homepage.SettingsHomepageActivity (server),reason=Waiting for window because NOT_VISIBLE]
12-10 06:35:13.716 1507 1736 I input_focus: [Focus entering 5ed3c48 要与该设备取消配对吗? (server),reason=Window became focusable. Previous reason: NOT_VISIBLE]
12-10 06:35:13.955 1507 1581 I sysui_multi_action: [757,1717,758,1,759,0]
12-10 06:35:13.956 1507 1581 I sysui_multi_action: [757,1717,758,2,759,0]
12-10 06:35:13.956 1507 1581 I sysui_multi_action: [757,1717,758,3,759,0]
12-10 06:35:14.155 0 0 I auditd : type=1400 audit(0.0:19279): avc: denied { kill } for comm="swapper/1" capability=5 scontext=u:r:kernel:s0 tcontext=u:r:kernel:s0 tclass=capability permissive=0
12-10 06:35:15.012 1507 1736 I input_interaction: Interaction with: 5ed3c48 要与该设备取消配对吗? (server), edge-swipe (server), swipe-up (server), PointerEventDispatcher0 (server),
12-10 06:35:15.141 15287 15287 I sysui_multi_action: [757,1031,758,2,1089,1486]
12-10 06:35:15.141 1507 1569 I input_focus: [Focus request 55c044c com.android.settings/com.android.settings.homepage.SettingsHomepageActivity,reason=UpdateInputWindows]
12-10 06:35:15.168 1507 1736 I input_focus: [Focus entering 55c044c com.android.settings/com.android.settings.homepage.SettingsHomepageActivity (server),reason=setFocusedWindow]
12-10 06:35:15.231 15287 15287 I sysui_multi_action: [757,1009,758,2,1089,3101]
12-10 06:35:15.233 15287 15287 I sysui_multi_action: [757,747,758,2,1089,3402]
12-10 06:35:15.300 15287 15287 I sysui_multi_action: [757,747,758,1,833,0,1089,59]
12-10 06:35:15.301 15287 15287 I sysui_multi_action: [757,1729,758,4,854,isParalleledControllers:false,1089,60]
12-10 06:35:15.445 1507 1913 I stream_devices_changed: [3,128,2]
12-10 06:35:15.457 1507 1913 I stream_devices_changed: [6,128,1]
12-10 06:35:16.155 0 0 I auditd : type=1400 audit(0.0:19280): avc: denied { kill } for comm="swapper/1" capability=5 scontext=u:r:kernel:s0 tcontext=u:r:kernel:s0 tclass=capability permissive=0
12-10 06:35:17.451 1507 1736 I input_interaction: Interaction with: 55c044c com.android.settings/com.android.settings.homepage.SettingsHomepageActivity (server), edge-swipe (server), swipe-up (server), PointerEventDispatcher0 (server),
12-10 06:35:17.557 1507 2792 I wm_task_moved: [158,0,0]
12-10 06:35:17.563 1507 2792 I wm_focused_root_task: [0,0,26,158,moveTaskToBackLocked]
12-10 06:35:17.564 1507 2792 I wm_add_to_stopping: [0,219734682,com.android.settings/.homepage.SettingsHomepageActivity,makeInvisible]
12-10 06:35:17.566 1507 2792 I wm_pause_activity: [0,219734682,com.android.settings/.homepage.SettingsHomepageActivity,userLeaving=false,pauseBackTasks]
12-10 06:35:17.571 1507 2792 I wm_set_resumed_activity: [0,com.android.launcher3/.uioverrides.QuickstepLauncher,resumeTopActivityInnerLocked]
12-10 06:35:17.573 1507 2792 I wm_resume_activity: [0,142082565,27,com.android.launcher3/.uioverrides.QuickstepLauncher]
12-10 06:35:17.575 15287 15287 I wm_on_top_resumed_lost_called: [219734682,com.android.settings.homepage.SettingsHomepageActivity,topStateChangedWhenResumed]
12-10 06:35:17.577 15287 15287 I sysui_multi_action: [757,35,758,2,1089,5746]
12-10 06:35:17.577 15287 15287 I sysui_multi_action: [757,747,758,2,1089,2277]
12-10 06:35:17.578 15287 15287 I wm_on_paused_called: [219734682,com.android.settings.homepage.SettingsHomepageActivity,performPause]
12-10 06:35:17.591 1507 1736 I input_focus: [Focus leaving 55c044c com.android.settings/com.android.settings.homepage.SettingsHomepageActivity (server),reason=NO_WINDOW]
12-10 06:35:17.592 1507 1568 I sysui_multi_action: [757,803,799,window_time_0,802,6]
12-10 06:35:17.603 2526 2526 I wm_on_restart_called: [142082565,com.android.launcher3.uioverrides.QuickstepLauncher,performRestartActivity]
12-10 06:35:17.604 2526 2526 I wm_on_start_called: [142082565,com.android.launcher3.uioverrides.QuickstepLauncher,handleStartActivity]
12-10 06:35:17.604 2526 2526 I wm_on_resume_called: [142082565,com.android.launcher3.uioverrides.QuickstepLauncher,RESUME_ACTIVITY]
12-10 06:35:17.605 2526 2526 I wm_on_top_resumed_gained_called: [142082565,com.android.launcher3.uioverrides.QuickstepLauncher,topStateChangedWhenResumed]
12-10 06:35:17.626 1507 1569 I input_focus: [Focus request 2cb1f5d com.android.launcher3/com.android.launcher3.uioverrides.QuickstepLauncher,reason=UpdateInputWindows]
12-10 06:35:17.671 1507 1736 I input_focus: [Focus entering 2cb1f5d com.android.launcher3/com.android.launcher3.uioverrides.QuickstepLauncher (server),reason=Window became focusable. Previous reason: NOT_VISIBLE]
12-10 06:35:18.010 1507 1568 I wm_stop_activity: [0,219734682,com.android.settings/.homepage.SettingsHomepageActivity]
12-10 06:35:18.047 15287 15287 I wm_on_stop_called: [219734682,com.android.settings.homepage.SettingsHomepageActivity,STOP_ACTIVITY_ITEM]
12-10 06:35:18.155 0 0 I auditd : type=1400 audit(0.0:19281): avc: denied { kill } for comm="swapper/1" capability=5 scontext=u:r:kernel:s0 tcontext=u:r:kernel:s0 tclass=capability permissive=0
12-10 06:35:19.155 0 0 I auditd : type=1400 audit(0.0:19282): avc: denied { kill } for comm="swapper/1" capability=5 scontext=u:r:kernel:s0 tcontext=u:r:kernel:s0 tclass=capability permissive=0
12-10 06:35:19.936 1507 1629 I commit_sys_config_file: [package-user-0,6]
12-10 06:35:20.155 0 0 I auditd : type=1400 audit(0.0:19283): avc: denied { kill } for comm="swapper/1" capability=5 scontext=u:r:kernel:s0 tcontext=u:r:kernel:s0 tclass=capability permissive=0
12-10 06:35:21.155 0 0 I auditd : type=1400 audit(0.0:19284): avc: denied { kill } for comm="swapper/1" capability=5 scontext=u:r:kernel:s0 tcontext=u:r:kernel:s0 tclass=capability permissive=0
12-10 06:35:22.155 0 0 I auditd : type=1400 audit(0.0:19285): avc: denied { kill } for comm="swapper/1" capability=5 scontext=u:r:kernel:s0 tcontext=u:r:kernel:s0 tclass=capability permissive=0
12-10 06:35:23.155 0 0 I auditd : type=1400 audit(0.0:19286): avc: denied { kill } for comm="swapper/1" capability=5 scontext=u:r:kernel:s0 tcontext=u:r:kernel:s0 tclass=capability permissive=0
12-10 06:35:24.155 0 0 I auditd : type=1400 audit(0.0:19287): avc: denied { kill } for comm="swapper/1" capability=5 scontext=u:r:kernel:s0 tcontext=u:r:kernel:s0 tclass=capability permissive=0
12-10 06:35:25.155 0 0 I auditd : type=1400 audit(0.0:19288): avc: denied { kill } for comm="swapper/1" capability=5 scontext=u:r:kernel:s0 tcontext=u:r:kernel:s0 tclass=capability permissive=0
12-10 06:35:26.155 0 0 I auditd : type=1400 audit(0.0:19289): avc: denied { kill } for comm="swapper/1" capability=5 scontext=u:r:kernel:s0 tcontext=u:r:kernel:s0 tclass=capability permissive=0
12-10 06:35:27.155 0 0 I auditd : type=1400 audit(0.0:19290): avc: denied { kill } for comm="swapper/1" capability=5 scontext=u:r:kernel:s0 tcontext=u:r:kernel:s0 tclass=capability permissive=0
12-10 06:35:28.155 0 0 I auditd : type=1400 audit(0.0:19291): avc: denied { kill } for comm="swapper/1" capability=5 scontext=u:r:kernel:s0 tcontext=u:r:kernel:s0 tclass=capability permissive=0
12-10 06:35:29.155 0 0 I auditd : type=1400 audit(0.0:19292): avc: denied { kill } for comm="swapper/1" capability=5 scontext=u:r:kernel:s0 tcontext=u:r:kernel:s0 tclass=capability permissive=0
12-10 06:35:30.155 0 0 I auditd : type=1400 audit(0.0:19293): avc: denied { kill } for comm="swapper/1" capability=5 scontext=u:r:kernel:s0 tcontext=u:r:kernel:s0 tclass=capability permissive=0
12-10 06:35:31.155 0 0 I auditd : type=1400 audit(0.0:19294): avc: denied { kill } for comm="swapper/1" capability=5 scontext=u:r:kernel:s0 tcontext=u:r:kernel:s0 tclass=capability permissive=0
12-10 06:35:31.378 1507 1711 I am_freeze: [15082,com.android.soundrecorder]
12-10 06:35:31.380 1507 1711 I am_kill : [0,15082,com.android.soundrecorder,945,Unable to freeze binder interface]
12-10 06:35:31.413 1507 1528 I am_proc_died: [0,15082,com.android.soundrecorder,945,19]
12-10 06:35:31.414 1507 1528 I am_uid_stopped: 10061
12-10 06:35:31.421 1507 1568 I am_uid_running: 10061
12-10 06:35:31.445 1507 1584 I am_proc_start: [0,15592,10061,com.android.soundrecorder,NULL,]
12-10 06:35:31.481 1507 5826 I am_proc_bound: [0,15592,com.android.soundrecorder]
12-10 06:35:32.155 0 0 I auditd : type=1400 audit(0.0:19295): avc: denied { kill } for comm="swapper/1" capability=5 scontext=u:r:kernel:s0 tcontext=u:r:kernel:s0 tclass=capability permissive=0
12-10 06:35:33.155 0 0 I auditd : type=1400 audit(0.0:19296): avc: denied { kill } for comm="swapper/1" capability=5 scontext=u:r:kernel:s0 tcontext=u:r:kernel:s0 tclass=capability permissive=0
12-10 06:35:34.155 0 0 I auditd : type=1400 audit(0.0:19297): avc: denied { kill } for comm="swapper/1" capability=5 scontext=u:r:kernel:s0 tcontext=u:r:kernel:s0 tclass=capability permissive=0
12-10 06:35:35.155 0 0 I auditd : type=1400 audit(0.0:19298): avc: denied { kill } for comm="swapper/1" capability=5 scontext=u:r:kernel:s0 tcontext=u:r:kernel:s0 tclass=capability permissive=0
12-10 06:35:36.155 0 0 I auditd : type=1400 audit(0.0:19299): avc: denied { kill } for comm="swapper/1" capability=5 scontext=u:r:kernel:s0 tcontext=u:r:kernel:s0 tclass=capability permissive=0
12-10 06:35:37.155 0 0 I auditd : type=1400 audit(0.0:19300): avc: denied { kill } for comm="swapper/1" capability=5 scontext=u:r:kernel:s0 tcontext=u:r:kernel:s0 tclass=capability permissive=0
12-10 06:35:38.155 0 0 I auditd : type=1400 audit(0.0:19301): avc: denied { kill } for comm="swapper/1" capability=5 scontext=u:r:kernel:s0 tcontext=u:r:kernel:s0 tclass=capability permissive=0
12-10 06:35:39.155 0 0 I auditd : type=1400 audit(0.0:19302): avc: denied { kill } for comm="swapper/1" capability=5 scontext=u:r:kernel:s0 tcontext=u:r:kernel:s0 tclass=capability permissive=0
12-10 06:35:40.155 0 0 I auditd : type=1400 audit(0.0:19303): avc: denied { kill } for comm="swapper/1" capability=5 scontext=u:r:kernel:s0 tcontext=u:r:kernel:s0 tclass=capability permissive=0
12-10 06:35:41.155 0 0 I auditd : type=1400 audit(0.0:19304): avc: denied { kill } for comm="swapper/1" capability=5 scontext=u:r:kernel:s0 tcontext=u:r:kernel:s0 tclass=capability permissive=0
12-10 06:35:42.155 0 0 I auditd : type=1400 audit(0.0:19305): avc: denied { kill } for comm="swapper/1" capability=5 scontext=u:r:kernel:s0 tcontext=u:r:kernel:s0 tclass=capability permissive=0
12-10 06:35:43.155 0 0 I auditd : type=1400 audit(0.0:19306): avc: denied { kill } for comm="swapper/1" capability=5 scontext=u:r:kernel:s0 tcontext=u:r:kernel:s0 tclass=capability permissive=0
12-10 06:35:44.155 0 0 I auditd : type=1400 audit(0.0:19307): avc: denied { kill } for comm="swapper/1" capability=5 scontext=u:r:kernel:s0 tcontext=u:r:kernel:s0 tclass=capability permissive=0
12-10 06:35:45.155 0 0 I auditd : type=1400 audit(0.0:19308): avc: denied { kill } for comm="swapper/1" capability=5 scontext=u:r:kernel:s0 tcontext=u:r:kernel:s0 tclass=capability permissive=0
12-10 06:35:46.155 0 0 I auditd : type=1400 audit(0.0:19309): avc: denied { kill } for comm="swapper/1" capability=5 scontext=u:r:kernel:s0 tcontext=u:r:kernel:s0 tclass=capability permissive=0
12-10 06:35:47.155 0 0 I auditd : type=1400 audit(0.0:19310): avc: denied { kill } for comm="swapper/1" capability=5 scontext=u:r:kernel:s0 tcontext=u:r:kernel:s0 tclass=capability permissive=0
12-10 06:35:48.155 0 0 I auditd : type=1400 audit(0.0:19311): avc: denied { kill } for comm="swapper/1" capability=5 scontext=u:r:kernel:s0 tcontext=u:r:kernel:s0 tclass=capability permissive=0
12-10 06:35:49.155 0 0 I auditd : type=1400 audit(0.0:19312): avc: denied { kill } for comm="swapper/1" capability=5 scontext=u:r:kernel:s0 tcontext=u:r:kernel:s0 tclass=capability permissive=0
12-10 06:35:50.155 0 0 I auditd : type=1400 audit(0.0:19313): avc: denied { kill } for comm="swapper/1" capability=5 scontext=u:r:kernel:s0 tcontext=u:r:kernel:s0 tclass=capability permissive=0
12-10 06:35:51.155 0 0 I auditd : type=1400 audit(0.0:19314): avc: denied { kill } for comm="swapper/1" capability=5 scontext=u:r:kernel:s0 tcontext=u:r:kernel:s0 tclass=capability permissive=0
12-10 06:35:52.155 0 0 I auditd : type=1400 audit(0.0:19315): avc: denied { kill } for comm="swapper/1" capability=5 scontext=u:r:kernel:s0 tcontext=u:r:kernel:s0 tclass=capability permissive=0
12-10 06:35:53.155 0 0 I auditd : type=1400 audit(0.0:19316): avc: denied { kill } for comm="swapper/1" capability=5 scontext=u:r:kernel:s0 tcontext=u:r:kernel:s0 tclass=capability permissive=0
12-10 06:35:54.155 0 0 I auditd : type=1400 audit(0.0:19317): avc: denied { kill } for comm="swapper/1" capability=5 scontext=u:r:kernel:s0 tcontext=u:r:kernel:s0 tclass=capability permissive=0
12-10 06:35:55.155 0 0 I auditd : type=1400 audit(0.0:19318): avc: denied { kill } for comm="swapper/1" capability=5 scontext=u:r:kernel:s0 tcontext=u:r:kernel:s0 tclass=capability permissive=0
12-10 06:35:56.155 0 0 I auditd : type=1400 audit(0.0:19319): avc: denied { kill } for comm="swapper/1" capability=5 scontext=u:r:kernel:s0 tcontext=u:r:kernel:s0 tclass=capability permissive=0
12-10 06:35:58.155 0 0 I auditd : type=1400 audit(0.0:19320): avc: denied { kill } for comm="swapper/1" capability=5 scontext=u:r:kernel:s0 tcontext=u:r:kernel:s0 tclass=capability permissive=0
12-10 06:35:59.155 0 0 I auditd : type=1400 audit(0.0:19321): avc: denied { kill } for comm="swapper/1" capability=5 scontext=u:r:kernel:s0 tcontext=u:r:kernel:s0 tclass=capability permissive=0
12-10 06:36:00.155 0 0 I auditd : type=1400 audit(0.0:19322): avc: denied { kill } for comm="swapper/1" capability=5 scontext=u:r:kernel:s0 tcontext=u:r:kernel:s0 tclass=capability permissive=0
12-10 06:36:00.510 1507 1583 I am_uid_idle: 10052
12-10 06:36:01.155 0 0 I auditd : type=1400 audit(0.0:19323): avc: denied { kill } for comm="swapper/1" capability=5 scontext=u:r:kernel:s0 tcontext=u:r:kernel:s0 tclass=capability permissive=0
12-10 06:36:02.155 0 0 I auditd : type=1400 audit(0.0:19324): avc: denied { kill } for comm="swapper/1" capability=5 scontext=u:r:kernel:s0 tcontext=u:r:kernel:s0 tclass=capability permissive=0
12-10 06:36:03.155 0 0 I auditd : type=1400 audit(0.0:19325): avc: denied { kill } for comm="swapper/1" capability=5 scontext=u:r:kernel:s0 tcontext=u:r:kernel:s0 tclass=capability permissive=0
12-10 06:36:04.155 0 0 I auditd : type=1400 audit(0.0:19326): avc: denied { kill } for comm="swapper/1" capability=5 scontext=u:r:kernel:s0 tcontext=u:r:kernel:s0 tclass=capability permissive=0
12-10 06:36:05.155 0 0 I auditd : type=1400 audit(0.0:19327): avc: denied { kill } for comm="swapper/1" capability=5 scontext=u:r:kernel:s0 tcontext=u:r:kernel:s0 tclass=capability permissive=0
12-10 06:36:06.047 1507 1711 I am_freeze: [15120,com.android.gallery3d]
12-10 06:36:06.049 1507 1711 I am_kill : [0,15120,com.android.gallery3d,955,Unable to freeze binder interface]
12-10 06:36:06.081 1507 1528 I am_proc_died: [0,15120,com.android.gallery3d,955,19]
12-10 06:36:06.082 1507 1528 I am_uid_stopped: 10066
12-10 06:36:06.093 1507 1568 I am_uid_running: 10066
12-10 06:36:06.098 1507 1581 I am_pss : [15592,10061,com.android.soundrecorder,5938176,4075520,0,89034752,0,19,9]
12-10 06:36:06.105 1507 1581 I am_pss : [15506,10088,com.qualcomm.qti.qccauthmgr,6434816,4272128,0,94564352,0,19,7]
12-10 06:36:06.113 1507 1581 I am_pss : [15203,1000,com.qti.diagservices,6061056,3817472,0,93851648,0,10,7]
12-10 06:36:06.116 1507 1584 I am_proc_start: [0,15614,10066,com.android.gallery3d,NULL,]
12-10 06:36:06.150 1507 5826 I am_proc_bound: [0,15614,com.android.gallery3d]
12-10 06:36:07.155 0 0 I auditd : type=1400 audit(0.0:19328): avc: denied { kill } for comm="swapper/1" capability=5 scontext=u:r:kernel:s0 tcontext=u:r:kernel:s0 tclass=capability permissive=0
12-10 06:36:08.155 0 0 I auditd : type=1400 audit(0.0:19329): avc: denied { kill } for comm="swapper/1" capability=5 scontext=u:r:kernel:s0 tcontext=u:r:kernel:s0 tclass=capability permissive=0
12-10 06:36:09.155 0 0 I auditd : type=1400 audit(0.0:19330): avc: denied { kill } for comm="swapper/1" capability=5 scontext=u:r:kernel:s0 tcontext=u:r:kernel:s0 tclass=capability permissive=0
12-10 06:36:10.155 0 0 I auditd : type=1400 audit(0.0:19331): avc: denied { kill } for comm="swapper/1" capability=5 scontext=u:r:kernel:s0 tcontext=u:r:kernel:s0 tclass=capability permissive=0
12-10 06:36:10.557 1507 1613 I sysui_multi_action: [757,1696,758,6,759,2]
12-10 06:36:10.571 1507 1583 I am_wtf : [0,1507,system_server,-1,DisplayDeviceConfig,requesting nits when no mapping exists.]
12-10 06:36:10.575 1507 1583 I am_wtf : [0,1507,system_server,-1,DisplayDeviceConfig,requesting nits when no mapping exists.]
12-10 06:36:10.586 1507 1583 I am_wtf : [0,1507,system_server,-1,DisplayDeviceConfig,requesting nits when no mapping exists.]
12-10 06:36:10.590 1507 1583 I am_wtf : [0,1507,system_server,-1,DisplayDeviceConfig,requesting nits when no mapping exists.]
12-10 06:36:10.593 1507 1583 I am_wtf : [0,1507,system_server,-1,DisplayDeviceConfig,requesting nits when no mapping exists.]
12-10 06:36:10.596 1507 1583 I am_wtf : [0,1507,system_server,-1,DisplayDeviceConfig,requesting nits when no mapping exists.]
12-10 06:36:10.610 1507 1583 I am_wtf : [0,1507,system_server,-1,DisplayDeviceConfig,requesting nits when no mapping exists.]
12-10 06:36:10.611 1507 1583 I am_wtf : [0,1507,system_server,-1,DisplayDeviceConfig,requesting nits when no mapping exists.]
12-10 06:36:10.626 1507 1583 I am_wtf : [0,1507,system_server,-1,DisplayDeviceConfig,requesting nits when no mapping exists.]
12-10 06:36:10.627 1507 1583 I am_wtf : [0,1507,system_server,-1,DisplayDeviceConfig,requesting nits when no mapping exists.]
12-10 06:36:10.643 1507 1583 I am_wtf : [0,1507,system_server,-1,DisplayDeviceConfig,requesting nits when no mapping exists.]
12-10 06:36:10.644 1507 1583 I am_wtf : [0,1507,system_server,-1,DisplayDeviceConfig,requesting nits when no mapping exists.]
12-10 06:36:10.660 1507 1583 I am_wtf : [0,1507,system_server,-1,DisplayDeviceConfig,requesting nits when no mapping exists.]
12-10 06:36:10.661 1507 1583 I am_wtf : [0,1507,system_server,-1,DisplayDeviceConfig,requesting nits when no mapping exists.]
12-10 06:36:10.677 1507 1583 I am_wtf : [0,1507,system_server,-1,DisplayDeviceConfig,requesting nits when no mapping exists.]
12-10 06:36:10.678 1507 1583 I am_wtf : [0,1507,system_server,-1,DisplayDeviceConfig,requesting nits when no mapping exists.]
12-10 06:36:10.694 1507 1583 I am_wtf : [0,1507,system_server,-1,DisplayDeviceConfig,requesting nits when no mapping exists.]
12-10 06:36:10.695 1507 1583 I am_wtf : [0,1507,system_server,-1,DisplayDeviceConfig,requesting nits when no mapping exists.]
12-10 06:36:10.710 1507 1583 I am_wtf : [0,1507,system_server,-1,DisplayDeviceConfig,requesting nits when no mapping exists.]
12-10 06:36:10.711 1507 1583 I am_wtf : [0,1507,system_server,-1,DisplayDeviceConfig,requesting nits when no mapping exists.]
12-10 06:36:10.727 1507 1583 I am_wtf : [0,1507,system_server,-1,DisplayDeviceConfig,requesting nits when no mapping exists.]
12-10 06:36:10.729 1507 1583 I am_wtf : [0,1507,system_server,-1,DisplayDeviceConfig,requesting nits when no mapping exists.]
12-10 06:36:10.744 1507 1583 I am_wtf : [0,1507,system_server,-1,DisplayDeviceConfig,requesting nits when no mapping exists.]
12-10 06:36:10.746 1507 1583 I am_wtf : [0,1507,system_server,-1,DisplayDeviceConfig,requesting nits when no mapping exists.]
12-10 06:36:10.761 1507 1583 I am_wtf : [0,1507,system_server,-1,DisplayDeviceConfig,requesting nits when no mapping exists.]
12-10 06:36:10.762 1507 1583 I am_wtf : [0,1507,system_server,-1,DisplayDeviceConfig,requesting nits when no mapping exists.]
12-10 06:36:10.778 1507 1583 I am_wtf : [0,1507,system_server,-1,DisplayDeviceConfig,requesting nits when no mapping exists.]
12-10 06:36:10.779 1507 1583 I am_wtf : [0,1507,system_server,-1,DisplayDeviceConfig,requesting nits when no mapping exists.]
12-10 06:36:10.794 1507 1583 I am_wtf : [0,1507,system_server,-1,DisplayDeviceConfig,requesting nits when no mapping exists.]
12-10 06:36:10.795 1507 1583 I am_wtf : [0,1507,system_server,-1,DisplayDeviceConfig,requesting nits when no mapping exists.]
12-10 06:36:10.811 1507 1583 I am_wtf : [0,1507,system_server,-1,DisplayDeviceConfig,requesting nits when no mapping exists.]
12-10 06:36:10.812 1507 1583 I am_wtf : [0,1507,system_server,-1,DisplayDeviceConfig,requesting nits when no mapping exists.]
12-10 06:36:10.827 1507 1583 I am_wtf : [0,1507,system_server,-1,DisplayDeviceConfig,requesting nits when no mapping exists.]
12-10 06:36:10.828 1507 1583 I am_wtf : [0,1507,system_server,-1,DisplayDeviceConfig,requesting nits when no mapping exists.]
12-10 06:36:10.844 1507 1583 I am_wtf : [0,1507,system_server,-1,DisplayDeviceConfig,requesting nits when no mapping exists.]
12-10 06:36:10.846 1507 1583 I am_wtf : [0,1507,system_server,-1,DisplayDeviceConfig,requesting nits when no mapping exists.]
12-10 06:36:10.846 1507 1583 I service_manager_stats: [100,71,73401]
12-10 06:36:10.861 1507 1583 I am_wtf : [0,1507,system_server,-1,DisplayDeviceConfig,requesting nits when no mapping exists.]
12-10 06:36:10.862 1507 1583 I am_wtf : [0,1507,system_server,-1,DisplayDeviceConfig,requesting nits when no mapping exists.]
12-10 06:36:10.878 1507 1583 I am_wtf : [0,1507,system_server,-1,DisplayDeviceConfig,requesting nits when no mapping exists.]
12-10 06:36:10.879 1507 1583 I am_wtf : [0,1507,system_server,-1,DisplayDeviceConfig,requesting nits when no mapping exists.]
12-10 06:36:10.894 1507 1583 I am_wtf : [0,1507,system_server,-1,DisplayDeviceConfig,requesting nits when no mapping exists.]
12-10 06:36:10.895 1507 1583 I am_wtf : [0,1507,system_server,-1,DisplayDeviceConfig,requesting nits when no mapping exists.]
12-10 06:36:11.155 0 0 I auditd : type=1400 audit(0.0:19332): avc: denied { kill } for comm="swapper/1" capability=5 scontext=u:r:kernel:s0 tcontext=u:r:kernel:s0 tclass=capability permissive=0
12-10 06:36:12.155 0 0 I auditd : type=1400 audit(0.0:19333): avc: denied { kill } for comm="swapper/1" capability=5 scontext=u:r:kernel:s0 tcontext=u:r:kernel:s0 tclass=capability permissive=0
12-10 06:36:13.155 0 0 I auditd : type=1400 audit(0.0:19334): avc: denied { kill } for comm="swapper/1" capability=5 scontext=u:r:kernel:s0 tcontext=u:r:kernel:s0 tclass=capability permissive=0
12-10 06:36:14.155 0 0 I auditd : type=1400 audit(0.0:19335): avc: denied { kill } for comm="swapper/1" capability=5 scontext=u:r:kernel:s0 tcontext=u:r:kernel:s0 tclass=capability permissive=0
12-10 06:36:15.155 0 0 I auditd : type=1400 audit(0.0:19336): avc: denied { kill } for comm="swapper/1" capability=5 scontext=u:r:kernel:s0 tcontext=u:r:kernel:s0 tclass=capability permissive=0
12-10 06:36:15.863 1507 1583 I am_uid_idle: 10088
12-10 06:36:16.155 0 0 I auditd : type=1400 audit(0.0:19337): avc: denied { kill } for comm="swapper/1" capability=5 scontext=u:r:kernel:s0 tcontext=u:r:kernel:s0 tclass=capability permissive=0
12-10 06:36:17.155 0 0 I auditd : type=1400 audit(0.0:19338): avc: denied { kill } for comm="swapper/1" capability=5 scontext=u:r:kernel:s0 tcontext=u:r:kernel:s0 tclass=capability permissive=0
12-10 06:36:17.568 1507 1564 I sysui_multi_action: [757,222,758,1]
12-10 06:36:17.571 1507 1564 I am_uid_active: 10052
12-10 06:36:17.594 1507 1528 I wm_task_created: [159,-1]
12-10 06:36:17.599 1507 1528 I wm_task_moved: [159,1,8]
12-10 06:36:17.599 1507 1528 I wm_task_to_front: [0,159]
12-10 06:36:17.600 1507 1528 I wm_create_task: [0,159]
12-10 06:36:17.600 1507 1528 I wm_create_activity: [0,70855450,159,com.thundercomm.screensaver/android.service.dreams.DreamActivity,NULL,NULL,NULL,276824064]
12-10 06:36:17.600 1507 1528 I wm_task_moved: [159,1,8]
12-10 06:36:17.600 2526 2526 I wm_on_top_resumed_lost_called: [142082565,com.android.launcher3.uioverrides.QuickstepLauncher,topStateChangedWhenResumed]
12-10 06:36:17.603 1507 1528 I wm_pause_activity: [0,142082565,com.android.launcher3/.uioverrides.QuickstepLauncher,userLeaving=true,pauseBackTasks]
12-10 06:36:17.611 2526 2526 I wm_on_paused_called: [142082565,com.android.launcher3.uioverrides.QuickstepLauncher,performPause]
12-10 06:36:17.615 1507 1528 I wm_add_to_stopping: [0,142082565,com.android.launcher3/.uioverrides.QuickstepLauncher,makeInvisible]
12-10 06:36:17.617 1507 1528 I wm_restart_activity: [0,70855450,159,com.thundercomm.screensaver/android.service.dreams.DreamActivity]
12-10 06:36:17.620 1507 1528 I wm_set_resumed_activity: [0,com.thundercomm.screensaver/android.service.dreams.DreamActivity,minimalResumeActivityLocked]
12-10 06:36:17.638 1507 1568 I sysui_multi_action: [757,803,799,window_time_0,802,60]
12-10 06:36:17.639 14020 14020 I wm_on_create_called: [70855450,android.service.dreams.DreamActivity,performCreate]
12-10 06:36:17.640 14020 14020 I wm_on_start_called: [70855450,android.service.dreams.DreamActivity,handleStartActivity]
12-10 06:36:17.640 14020 14020 I wm_on_resume_called: [70855450,android.service.dreams.DreamActivity,RESUME_ACTIVITY]
12-10 06:36:17.645 14020 14020 I wm_on_top_resumed_gained_called: [70855450,android.service.dreams.DreamActivity,topStateChangedWhenResumed]
12-10 06:36:17.646 1507 1736 I input_focus: [Focus leaving 2cb1f5d com.android.launcher3/com.android.launcher3.uioverrides.QuickstepLauncher (server),reason=NO_WINDOW]
12-10 06:36:17.668 1507 1569 I input_focus: [Focus request 92edee6 com.thundercomm.screensaver/android.service.dreams.DreamActivity,reason=UpdateInputWindows]
12-10 06:36:17.673 2004 2004 I sysui_multi_action: [757,111,758,2]
12-10 06:36:17.673 2004 2004 I sysui_multi_action: [757,111,758,2]
12-10 06:36:17.673 1507 1507 I notification_enqueue: [10082,2004,com.android.systemui,2048,NULL,0,Notification(channel=updateNotification shortcut=null contentView=null vibrate=null sound=null defaults=0x0 flags=0x0 color=0x00000000 vis=PRIVATE),1]
12-10 06:36:17.689 1507 1613 I sysui_multi_action: [757,1696,758,6,759,3]
12-10 06:36:17.690 2004 2004 I sysui_multi_action: [757,111,758,1]
12-10 06:36:17.690 2004 2004 I sysui_multi_action: [757,126,758,1,759,126,927,0,928,1,1593,1]
12-10 06:36:17.691 1507 1564 I sysui_multi_action: [319,98,322,97,325,17826,757,761,758,8,759,2,806,com.thundercomm.screensaver,871,android.service.dreams.DreamActivity,904,com.thundercomm.screensaver,905,0,1320,4,1321,2]
12-10 06:36:17.691 2004 2004 I sysui_multi_action: [757,113,758,1,759,113,927,1,928,1,1593,1]
12-10 06:36:17.691 2004 2004 I sysui_multi_action: [757,0,758,1,759,0,927,2,928,0,1593,1]
12-10 06:36:17.691 2004 2004 I sysui_multi_action: [757,0,758,1,759,0,927,3,928,0,1593,1]
12-10 06:36:17.691 2004 2004 I sysui_multi_action: [757,491,758,1,759,491,927,4,928,1,1311,1,1593,0]
12-10 06:36:17.691 2004 2004 I sysui_multi_action: [757,0,758,1,759,0,927,5,928,0,1593,0]
12-10 06:36:17.692 2004 2004 I sysui_multi_action: [757,111,758,1]
12-10 06:36:17.692 2004 2004 I sysui_multi_action: [757,126,758,1,759,126,927,0,928,1,1593,1]
12-10 06:36:17.692 2004 2004 I sysui_multi_action: [757,113,758,1,759,113,927,1,928,1,1593,1]
12-10 06:36:17.692 2004 2004 I sysui_multi_action: [757,0,758,1,759,0,927,2,928,0,1593,1]
12-10 06:36:17.692 2004 2004 I sysui_multi_action: [757,0,758,1,759,0,927,3,928,0,1593,1]
12-10 06:36:17.692 1507 1564 I wm_activity_launch_time: [0,70855450,com.thundercomm.screensaver/android.service.dreams.DreamActivity,97]
12-10 06:36:17.698 1507 1583 I am_wtf : [0,1507,system_server,-1,DisplayDeviceConfig,requesting nits when no mapping exists.]
12-10 06:36:17.701 1507 1583 I am_wtf : [0,1507,system_server,-1,DisplayDeviceConfig,requesting nits when no mapping exists.]
12-10 06:36:17.713 1507 1736 I input_focus: [Focus entering 92edee6 com.thundercomm.screensaver/android.service.dreams.DreamActivity (server),reason=Window became focusable. Previous reason: NOT_VISIBLE]
12-10 06:36:17.716 1507 1583 I am_wtf : [0,1507,system_server,-1,DisplayDeviceConfig,requesting nits when no mapping exists.]
12-10 06:36:17.717 1507 1583 I am_wtf : [0,1507,system_server,-1,DisplayDeviceConfig,requesting nits when no mapping exists.]
12-10 06:36:17.731 1507 1583 I am_wtf : [0,1507,system_server,-1,DisplayDeviceConfig,requesting nits when no mapping exists.]
12-10 06:36:17.733 1507 1583 I am_wtf : [0,1507,system_server,-1,DisplayDeviceConfig,requesting nits when no mapping exists.]
12-10 06:36:17.755 1507 1583 I am_wtf : [0,1507,system_server,-1,DisplayDeviceConfig,requesting nits when no mapping exists.]
12-10 06:36:17.756 1507 1583 I am_wtf : [0,1507,system_server,-1,DisplayDeviceConfig,requesting nits when no mapping exists.]
12-10 06:36:17.769 1507 1583 I am_wtf : [0,1507,system_server,-1,DisplayDeviceConfig,requesting nits when no mapping exists.]
12-10 06:36:17.772 1507 1583 I am_wtf : [0,1507,system_server,-1,DisplayDeviceConfig,requesting nits when no mapping exists.]
12-10 06:36:17.783 1507 1583 I am_wtf : [0,1507,system_server,-1,DisplayDeviceConfig,requesting nits when no mapping exists.]
12-10 06:36:17.783 1507 1583 I am_wtf : [0,1507,system_server,-1,DisplayDeviceConfig,requesting nits when no mapping exists.]
12-10 06:36:17.799 1507 1583 I am_wtf : [0,1507,system_server,-1,DisplayDeviceConfig,requesting nits when no mapping exists.]
12-10 06:36:17.800 1507 1583 I am_wtf : [0,1507,system_server,-1,DisplayDeviceConfig,requesting nits when no mapping exists.]
12-10 06:36:17.816 1507 1583 I am_wtf : [0,1507,system_server,-1,DisplayDeviceConfig,requesting nits when no mapping exists.]
12-10 06:36:17.817 1507 1583 I am_wtf : [0,1507,system_server,-1,DisplayDeviceConfig,requesting nits when no mapping exists.]
12-10 06:36:17.830 1507 1583 I am_wtf : [0,1507,system_server,-1,DisplayDeviceConfig,requesting nits when no mapping exists.]
12-10 06:36:17.832 1507 1583 I am_wtf : [0,1507,system_server,-1,DisplayDeviceConfig,requesting nits when no mapping exists.]
12-10 06:36:17.848 1507 1583 I am_wtf : [0,1507,system_server,-1,DisplayDeviceConfig,requesting nits when no mapping exists.]
12-10 06:36:17.849 1507 1583 I am_wtf : [0,1507,system_server,-1,DisplayDeviceConfig,requesting nits when no mapping exists.]
12-10 06:36:17.866 1507 1583 I am_wtf : [0,1507,system_server,-1,DisplayDeviceConfig,requesting nits when no mapping exists.]
12-10 06:36:17.867 1507 1583 I am_wtf : [0,1507,system_server,-1,DisplayDeviceConfig,requesting nits when no mapping exists.]
12-10 06:36:17.887 1507 1583 I am_wtf : [0,1507,system_server,-1,DisplayDeviceConfig,requesting nits when no mapping exists.]
12-10 06:36:17.887 1507 1583 I am_wtf : [0,1507,system_server,-1,DisplayDeviceConfig,requesting nits when no mapping exists.]
12-10 06:36:17.897 1507 1583 I am_wtf : [0,1507,system_server,-1,DisplayDeviceConfig,requesting nits when no mapping exists.]
12-10 06:36:17.899 1507 1583 I am_wtf : [0,1507,system_server,-1,DisplayDeviceConfig,requesting nits when no mapping exists.]
12-10 06:36:17.914 1507 1583 I am_wtf : [0,1507,system_server,-1,DisplayDeviceConfig,requesting nits when no mapping exists.]
12-10 06:36:17.920 1507 1583 I am_wtf : [0,1507,system_server,-1,DisplayDeviceConfig,requesting nits when no mapping exists.]
12-10 06:36:17.932 1507 1583 I am_wtf : [0,1507,system_server,-1,DisplayDeviceConfig,requesting nits when no mapping exists.]
12-10 06:36:17.932 1507 1583 I am_wtf : [0,1507,system_server,-1,DisplayDeviceConfig,requesting nits when no mapping exists.]
12-10 06:36:17.948 1507 1583 I am_wtf : [0,1507,system_server,-1,DisplayDeviceConfig,requesting nits when no mapping exists.]
12-10 06:36:17.949 1507 1583 I am_wtf : [0,1507,system_server,-1,DisplayDeviceConfig,requesting nits when no mapping exists.]
12-10 06:36:17.965 1507 1583 I am_wtf : [0,1507,system_server,-1,DisplayDeviceConfig,requesting nits when no mapping exists.]
12-10 06:36:17.966 1507 1583 I am_wtf : [0,1507,system_server,-1,DisplayDeviceConfig,requesting nits when no mapping exists.]
12-10 06:36:17.985 1507 1568 I wm_stop_activity: [0,142082565,com.android.launcher3/.uioverrides.QuickstepLauncher]
12-10 06:36:17.989 1507 1583 I am_wtf : [0,1507,system_server,-1,DisplayDeviceConfig,requesting nits when no mapping exists.]
12-10 06:36:17.993 1507 1583 I am_wtf : [0,1507,system_server,-1,DisplayDeviceConfig,requesting nits when no mapping exists.]
12-10 06:36:17.998 1507 1583 I am_wtf : [0,1507,system_server,-1,DisplayDeviceConfig,requesting nits when no mapping exists.]
12-10 06:36:17.999 1507 1583 I am_wtf : [0,1507,system_server,-1,DisplayDeviceConfig,requesting nits when no mapping exists.]
12-10 06:36:18.010 2526 2526 I wm_on_stop_called: [142082565,com.android.launcher3.uioverrides.QuickstepLauncher,STOP_ACTIVITY_ITEM]
12-10 06:36:18.019 1507 1583 I am_wtf : [0,1507,system_server,-1,DisplayDeviceConfig,requesting nits when no mapping exists.]
12-10 06:36:18.020 1507 1583 I am_wtf : [0,1507,system_server,-1,DisplayDeviceConfig,requesting nits when no mapping exists.]
12-10 06:36:18.155 0 0 I auditd : type=1400 audit(0.0:19339): avc: denied { kill } for comm="swapper/1" capability=5 scontext=u:r:kernel:s0 tcontext=u:r:kernel:s0 tclass=capability permissive=0
12-10 06:36:19.155 0 0 I auditd : type=1400 audit(0.0:19340): avc: denied { kill } for comm="swapper/1" capability=5 scontext=u:r:kernel:s0 tcontext=u:r:kernel:s0 tclass=capability permissive=0
12-10 06:36:20.155 0 0 I auditd : type=1400 audit(0.0:19341): avc: denied { kill } for comm="swapper/1" capability=5 scontext=u:r:kernel:s0 tcontext=u:r:kernel:s0 tclass=capability permissive=0
12-10 06:36:21.155 0 0 I auditd : type=1400 audit(0.0:19342): avc: denied { kill } for comm="swapper/1" capability=5 scontext=u:r:kernel:s0 tcontext=u:r:kernel:s0 tclass=capability permissive=0
12-10 06:36:22.155 0 0 I auditd : type=1400 audit(0.0:19343): avc: denied { kill } for comm="swapper/1" capability=5 scontext=u:r:kernel:s0 tcontext=u:r:kernel:s0 tclass=capability permissive=0
12-10 06:36:23.155 0 0 I auditd : type=1400 audit(0.0:19344): avc: denied { kill } for comm="swapper/1" capability=5 scontext=u:r:kernel:s0 tcontext=u:r:kernel:s0 tclass=capability permissive=0
12-10 06:36:24.155 0 0 I auditd : type=1400 audit(0.0:19345): avc: denied { kill } for comm="swapper/1" capability=5 scontext=u:r:kernel:s0 tcontext=u:r:kernel:s0 tclass=capability permissive=0
12-10 06:36:25.155 0 0 I auditd : type=1400 audit(0.0:19346): avc: denied { kill } for comm="swapper/1" capability=5 scontext=u:r:kernel:s0 tcontext=u:r:kernel:s0 tclass=capability permissive=0
12-10 06:36:26.028 1507 1583 I am_uid_idle: 10094
12-10 06:36:26.155 0 0 I auditd : type=1400 audit(0.0:19347): avc: denied { kill } for comm="swapper/1" capability=5 scontext=u:r:kernel:s0 tcontext=u:r:kernel:s0 tclass=capability permissive=0
12-10 06:36:27.155 0 0 I auditd : type=1400 audit(0.0:19348): avc: denied { kill } for comm="swapper/1" capability=5 scontext=u:r:kernel:s0 tcontext=u:r:kernel:s0 tclass=capability permissive=0
12-10 06:36:28.155 0 0 I auditd : type=1400 audit(0.0:19349): avc: denied { kill } for comm="swapper/1" capability=5 scontext=u:r:kernel:s0 tcontext=u:r:kernel:s0 tclass=capability permissive=0
12-10 06:36:29.155 0 0 I auditd : type=1400 audit(0.0:19350): avc: denied { kill } for comm="swapper/1" capability=5 scontext=u:r:kernel:s0 tcontext=u:r:kernel:s0 tclass=capability permissive=0
12-10 06:36:31.155 0 0 I auditd : type=1400 audit(0.0:19351): avc: denied { kill } for comm="swapper/1" capability=5 scontext=u:r:kernel:s0 tcontext=u:r:kernel:s0 tclass=capability permissive=0
12-10 06:36:32.155 0 0 I auditd : type=1400 audit(0.0:19352): avc: denied { kill } for comm="swapper/1" capability=5 scontext=u:r:kernel:s0 tcontext=u:r:kernel:s0 tclass=capability permissive=0
12-10 06:36:33.155 0 0 I auditd : type=1400 audit(0.0:19353): avc: denied { kill } for comm="swapper/1" capability=5 scontext=u:r:kernel:s0 tcontext=u:r:kernel:s0 tclass=capability permissive=0
12-10 06:36:34.155 0 0 I auditd : type=1400 audit(0.0:19354): avc: denied { kill } for comm="swapper/1" capability=5 scontext=u:r:kernel:s0 tcontext=u:r:kernel:s0 tclass=capability permissive=0
12-10 06:36:36.155 0 0 I auditd : type=1400 audit(0.0:19355): avc: denied { kill } for comm="swapper/1" capability=5 scontext=u:r:kernel:s0 tcontext=u:r:kernel:s0 tclass=capability permissive=0
12-10 06:36:37.155 0 0 I auditd : type=1400 audit(0.0:19356): avc: denied { kill } for comm="swapper/1" capability=5 scontext=u:r:kernel:s0 tcontext=u:r:kernel:s0 tclass=capability permissive=0
12-10 06:36:38.155 0 0 I auditd : type=1400 audit(0.0:19357): avc: denied { kill } for comm="swapper/1" capability=5 scontext=u:r:kernel:s0 tcontext=u:r:kernel:s0 tclass=capability permissive=0
12-10 06:36:39.155 0 0 I auditd : type=1400 audit(0.0:19358): avc: denied { kill } for comm="swapper/1" capability=5 scontext=u:r:kernel:s0 tcontext=u:r:kernel:s0 tclass=capability permissive=0
12-10 06:36:40.155 0 0 I auditd : type=1400 audit(0.0:19359): avc: denied { kill } for comm="swapper/1" capability=5 scontext=u:r:kernel:s0 tcontext=u:r:kernel:s0 tclass=capability permissive=0
12-10 06:36:41.155 0 0 I auditd : type=1400 audit(0.0:19360): avc: denied { kill } for comm="swapper/1" capability=5 scontext=u:r:kernel:s0 tcontext=u:r:kernel:s0 tclass=capability permissive=0
12-10 06:36:42.155 0 0 I auditd : type=1400 audit(0.0:19361): avc: denied { kill } for comm="swapper/1" capability=5 scontext=u:r:kernel:s0 tcontext=u:r:kernel:s0 tclass=capability permissive=0
12-10 06:36:44.155 0 0 I auditd : type=1400 audit(0.0:19362): avc: denied { kill } for comm="swapper/1" capability=5 scontext=u:r:kernel:s0 tcontext=u:r:kernel:s0 tclass=capability permissive=0
12-10 06:36:45.155 0 0 I auditd : type=1400 audit(0.0:19363): avc: denied { kill } for comm="swapper/1" capability=5 scontext=u:r:kernel:s0 tcontext=u:r:kernel:s0 tclass=capability permissive=0
12-10 06:36:46.155 0 0 I auditd : type=1400 audit(0.0:19364): avc: denied { kill } for comm="swapper/1" capability=5 scontext=u:r:kernel:s0 tcontext=u:r:kernel:s0 tclass=capability permissive=0
12-10 06:36:47.155 0 0 I auditd : type=1400 audit(0.0:19365): avc: denied { kill } for comm="swapper/1" capability=5 scontext=u:r:kernel:s0 tcontext=u:r:kernel:s0 tclass=capability permissive=0
12-10 06:36:48.155 0 0 I auditd : type=1400 audit(0.0:19366): avc: denied { kill } for comm="swapper/1" capability=5 scontext=u:r:kernel:s0 tcontext=u:r:kernel:s0 tclass=capability permissive=0
12-10 06:36:49.155 0 0 I auditd : type=1400 audit(0.0:19367): avc: denied { kill } for comm="swapper/1" capability=5 scontext=u:r:kernel:s0 tcontext=u:r:kernel:s0 tclass=capability permissive=0
12-10 06:36:50.155 0 0 I auditd : type=1400 audit(0.0:19368): avc: denied { kill } for comm="swapper/1" capability=5 scontext=u:r:kernel:s0 tcontext=u:r:kernel:s0 tclass=capability permissive=0
12-10 06:36:51.155 0 0 I auditd : type=1400 audit(0.0:19369): avc: denied { kill } for comm="swapper/1" capability=5 scontext=u:r:kernel:s0 tcontext=u:r:kernel:s0 tclass=capability permissive=0
12-10 06:36:52.155 0 0 I auditd : type=1400 audit(0.0:19370): avc: denied { kill } for comm="swapper/1" capability=5 scontext=u:r:kernel:s0 tcontext=u:r:kernel:s0 tclass=capability permissive=0
12-10 06:36:53.155 0 0 I auditd : type=1400 audit(0.0:19371): avc: denied { kill } for comm="swapper/1" capability=5 scontext=u:r:kernel:s0 tcontext=u:r:kernel:s0 tclass=capability permissive=0
12-10 06:36:54.155 0 0 I auditd : type=1400 audit(0.0:19372): avc: denied { kill } for comm="swapper/1" capability=5 scontext=u:r:kernel:s0 tcontext=u:r:kernel:s0 tclass=capability permissive=0
12-10 06:36:55.155 0 0 I auditd : type=1400 audit(0.0:19373): avc: denied { kill } for comm="swapper/1" capability=5 scontext=u:r:kernel:s0 tcontext=u:r:kernel:s0 tclass=capability permissive=0
12-10 06:36:56.155 0 0 I auditd : type=1400 audit(0.0:19374): avc: denied { kill } for comm="swapper/1" capability=5 scontext=u:r:kernel:s0 tcontext=u:r:kernel:s0 tclass=capability permissive=0
12-10 06:36:57.155 0 0 I auditd : type=1400 audit(0.0:19375): avc: denied { kill } for comm="swapper/1" capability=5 scontext=u:r:kernel:s0 tcontext=u:r:kernel:s0 tclass=capability permissive=0
12-10 06:36:58.155 0 0 I auditd : type=1400 audit(0.0:19376): avc: denied { kill } for comm="swapper/1" capability=5 scontext=u:r:kernel:s0 tcontext=u:r:kernel:s0 tclass=capability permissive=0
12-10 06:37:00.155 0 0 I auditd : type=1400 audit(0.0:19377): avc: denied { kill } for comm="swapper/1" capability=5 scontext=u:r:kernel:s0 tcontext=u:r:kernel:s0 tclass=capability permissive=0
12-10 06:37:01.155 0 0 I auditd : type=1400 audit(0.0:19378): avc: denied { kill } for comm="swapper/1" capability=5 scontext=u:r:kernel:s0 tcontext=u:r:kernel:s0 tclass=capability permissive=0
