12-10 06:20:17.168 2004 2004 I sysui_multi_action: [757,126,758,1,759,126,927,0,928,1,1593,0]
12-10 06:20:17.168 2004 2004 I sysui_multi_action: [757,113,758,1,759,113,927,1,928,1,1593,0]
12-10 06:20:17.168 2004 2004 I sysui_multi_action: [757,0,758,1,759,0,927,2,928,0,1593,0]
12-10 06:20:17.168 2004 2004 I sysui_multi_action: [757,0,758,1,759,0,927,3,928,0,1593,0]
12-10 06:20:17.169 2004 2004 I sysui_multi_action: [757,491,758,1,759,491,927,4,928,1,1311,1,1593,0]
12-10 06:20:17.169 2004 2004 I sysui_multi_action: [757,0,758,1,759,0,927,5,928,0,1593,0]
12-10 06:20:17.169 2004 2004 I sysui_multi_action: [757,111,758,1]
12-10 06:20:17.169 2004 2004 I sysui_multi_action: [757,126,758,1,759,126,927,0,928,1,1593,0]
12-10 06:20:17.169 2004 2004 I sysui_multi_action: [757,113,758,1,759,113,927,1,928,1,1593,0]
12-10 06:20:17.169 2004 2004 I sysui_multi_action: [757,0,758,1,759,0,927,2,928,0,1593,0]
12-10 06:20:17.169 2004 2004 I sysui_multi_action: [757,0,758,1,759,0,927,3,928,0,1593,0]
12-10 06:20:17.178 2004 2004 I sysui_multi_action: [757,111,758,2]
12-10 06:20:17.178 2004 2004 I sysui_multi_action: [757,111,758,2]
12-10 06:20:17.178 1507 1507 I notification_enqueue: [10082,2004,com.android.systemui,2048,NULL,0,Notification(channel=updateNotification shortcut=null contentView=null vibrate=null sound=null defaults=0x0 flags=0x0 color=0x00000000 vis=PRIVATE),1]
12-10 06:20:17.181 2004 2004 I sysui_multi_action: [757,111,758,1]
12-10 06:20:17.181 2004 2004 I sysui_multi_action: [757,126,758,1,759,126,927,0,928,1,1593,0]
12-10 06:20:17.181 2004 2004 I sysui_multi_action: [757,113,758,1,759,113,927,1,928,1,1593,0]
12-10 06:20:17.181 2004 2004 I sysui_multi_action: [757,0,758,1,759,0,927,2,928,0,1593,0]
12-10 06:20:17.181 2004 2004 I sysui_multi_action: [757,0,758,1,759,0,927,3,928,0,1593,0]
12-10 06:20:17.181 2004 2004 I sysui_multi_action: [757,491,758,1,759,491,927,4,928,1,1311,1,1593,0]
12-10 06:20:17.181 2004 2004 I sysui_multi_action: [757,0,758,1,759,0,927,5,928,0,1593,0]
12-10 06:20:17.181 2004 2004 I sysui_multi_action: [757,111,758,1]
12-10 06:20:17.181 2004 2004 I sysui_multi_action: [757,126,758,1,759,126,927,0,928,1,1593,0]
12-10 06:20:17.181 2004 2004 I sysui_multi_action: [757,113,758,1,759,113,927,1,928,1,1593,0]
12-10 06:20:17.182 2004 2004 I sysui_multi_action: [757,0,758,1,759,0,927,2,928,0,1593,0]
12-10 06:20:17.182 2004 2004 I sysui_multi_action: [757,0,758,1,759,0,927,3,928,0,1593,0]
12-10 06:20:17.626 1507 5436 I sysui_multi_action: [757,128,758,1,793,16854094,794,0,795,16854094,796,26,798,0,806,android,857,DEVELOPER_IMPORTANT,858,4,947,0,1395,3,1500,16853628,1688,1]
12-10 06:20:17.626 1507 5436 I sysui_multi_action: [757,804,799,note_freshness,801,16854094,802,1]
12-10 06:20:17.626 1507 5436 I notification_visibility: [-1|android|26|null|1000,1,16854094,16854094,0,0]
12-10 06:20:17.626 1507 5436 I sysui_multi_action: [757,128,758,1,793,4684,794,0,795,4684,796,2147483646,798,1,806,com.android.deskclock,857,StopwatchNotification,858,3,946,3,947,0,1395,3,1500,4478,1688,1,1745,-868672399]
12-10 06:20:17.626 1507 5436 I sysui_multi_action: [757,804,799,note_freshness,801,4684,802,1]
12-10 06:20:17.627 1507 5436 I notification_visibility: [0|com.android.deskclock|2147483646|null|10069,1,4684,4684,0,1]
12-10 06:20:17.627 1507 5436 I sysui_multi_action: [757,128,758,1,793,16854994,794,0,795,16854994,796,32,798,2,806,android,857,USB,858,1,947,0,1395,3,1500,16854647,1688,1]
12-10 06:20:17.627 1507 5436 I sysui_multi_action: [757,804,799,note_freshness,801,16854994,802,1]
12-10 06:20:17.627 1507 5436 I notification_visibility: [-1|android|32|null|1000,1,16854994,16854994,0,2]
12-10 06:20:18.155 0 0 I auditd : type=1400 audit(0.0:18360): avc: denied { kill } for comm="swapper/1" capability=5 scontext=u:r:kernel:s0 tcontext=u:r:kernel:s0 tclass=capability permissive=0
12-10 06:20:18.627 1507 1736 I input_interaction: Interaction with: 349ab61 NotificationShade (server), edge-swipe (server), swipe-up (server), PointerEventDispatcher0 (server),
12-10 06:20:18.732 1507 5436 I am_uid_running: 10069
12-10 06:20:18.734 1507 5436 I sysui_multi_action: [757,128,758,4,793,5792,794,1108,795,5792,796,2147483646,798,0,806,com.android.deskclock,857,StopwatchNotification,858,3,946,3,947,0,1395,3,1500,5586,1688,1,1745,-868672399]
12-10 06:20:18.734 1507 5436 I notification_clicked: [0|com.android.deskclock|2147483646|null|10069,5792,5792,1108,0,3]
12-10 06:20:18.735 1507 1507 I sysui_multi_action: [757,804,799,note_click_longevity,801,0,802,1]
12-10 06:20:18.736 1507 1507 I sysui_multi_action: [757,128,758,5,759,1,793,5793,794,1109,795,5793,796,2147483646,798,0,806,com.android.deskclock,857,StopwatchNotification,858,3,946,3,947,0,1395,3,1500,5587,1688,1,1745,-868672399]
12-10 06:20:18.736 1507 1507 I notification_canceled: [0|com.android.deskclock|2147483646|null|10069,1,5793,5793,1109,0,3,NULL]
12-10 06:20:18.742 1507 1584 I am_proc_start: [0,14880,10069,com.android.deskclock,service,{com.android.deskclock/com.android.deskclock.stopwatch.StopwatchService}]
12-10 06:20:18.774 1507 2042 I am_proc_bound: [0,14880,com.android.deskclock]
12-10 06:20:18.777 1507 2042 I am_uid_active: 10069
12-10 06:20:18.816 1507 2042 I wm_task_created: [150,-1]
12-10 06:20:18.819 1507 2042 I wm_task_moved: [150,1,7]
12-10 06:20:18.819 1507 2042 I wm_task_to_front: [0,150]
12-10 06:20:18.820 1507 2042 I wm_create_task: [0,150]
12-10 06:20:18.820 1507 2042 I wm_create_activity: [0,126229001,150,com.android.deskclock/.DeskClock,NULL,NULL,NULL,268435456]
12-10 06:20:18.820 1507 2042 I wm_task_moved: [150,1,7]
12-10 06:20:18.820 2526 2526 I wm_on_top_resumed_lost_called: [142082565,com.android.launcher3.uioverrides.QuickstepLauncher,topStateChangedWhenResumed]
12-10 06:20:18.822 1507 2042 I wm_pause_activity: [0,142082565,com.android.launcher3/.uioverrides.QuickstepLauncher,userLeaving=true,pauseBackTasks]
12-10 06:20:18.828 2526 2526 I wm_on_paused_called: [142082565,com.android.launcher3.uioverrides.QuickstepLauncher,performPause]
12-10 06:20:18.830 1507 5436 I wm_add_to_stopping: [0,142082565,com.android.launcher3/.uioverrides.QuickstepLauncher,makeInvisible]
12-10 06:20:18.831 1507 5436 I wm_restart_activity: [0,126229001,150,com.android.deskclock/.DeskClock]
12-10 06:20:18.835 1507 5436 I wm_set_resumed_activity: [0,com.android.deskclock/.DeskClock,minimalResumeActivityLocked]
12-10 06:20:18.861 1507 1568 I sysui_multi_action: [757,803,799,window_time_0,802,4]
12-10 06:20:18.886 1507 5436 I wm_task_moved: [150,1,7]
12-10 06:20:18.886 1507 5436 I wm_set_resumed_activity: [0,com.android.deskclock/.DeskClock,positionChildAt]
12-10 06:20:18.886 1507 5436 I wm_create_activity: [0,80725716,150,com.android.permissioncontroller/.permission.ui.GrantPermissionsActivity,android.content.pm.action.REQUEST_PERMISSIONS,NULL,NULL,8388608]
12-10 06:20:18.887 1507 5436 I wm_pause_activity: [0,126229001,com.android.deskclock/.DeskClock,userLeaving=true,resumeTopActivityInnerLocked]
12-10 06:20:18.907 14880 14880 I wm_on_create_called: [126229001,com.android.deskclock.DeskClock,performCreate]
12-10 06:20:18.908 14880 14880 I wm_on_start_called: [126229001,com.android.deskclock.DeskClock,handleStartActivity]
12-10 06:20:18.909 14880 14880 I wm_on_resume_called: [126229001,com.android.deskclock.DeskClock,RESUME_ACTIVITY]
12-10 06:20:18.916 14880 14880 I wm_on_top_resumed_gained_called: [126229001,com.android.deskclock.DeskClock,topStateChangedWhenResumed]
12-10 06:20:18.916 14880 14880 I wm_on_top_resumed_lost_called: [126229001,com.android.deskclock.DeskClock,topStateChangedWhenResumed]
12-10 06:20:18.917 14880 14880 I wm_on_paused_called: [126229001,com.android.deskclock.DeskClock,performPause]
12-10 06:20:18.922 1507 2042 I wm_restart_activity: [0,80725716,150,com.android.permissioncontroller/.permission.ui.GrantPermissionsActivity]
12-10 06:20:18.923 1507 2042 I wm_set_resumed_activity: [0,com.android.permissioncontroller/.permission.ui.GrantPermissionsActivity,minimalResumeActivityLocked]
12-10 06:20:18.928 1507 1568 I sysui_multi_action: [757,803,799,window_time_0,802,0]
12-10 06:20:18.941 12461 12461 I wm_on_create_called: [80725716,com.android.permissioncontroller.permission.ui.GrantPermissionsActivity,performCreate]
12-10 06:20:18.942 12461 12461 I wm_on_start_called: [80725716,com.android.permissioncontroller.permission.ui.GrantPermissionsActivity,handleStartActivity]
12-10 06:20:18.943 12461 12461 I wm_on_resume_called: [80725716,com.android.permissioncontroller.permission.ui.GrantPermissionsActivity,RESUME_ACTIVITY]
12-10 06:20:18.945 12461 12461 I wm_on_top_resumed_gained_called: [80725716,com.android.permissioncontroller.permission.ui.GrantPermissionsActivity,topStateChangedWhenResumed]
12-10 06:20:18.950 1507 5859 I wm_finish_activity: [0,80725716,150,com.android.permissioncontroller/.permission.ui.GrantPermissionsActivity,app-request]
12-10 06:20:18.965 1507 5859 I wm_pause_activity: [0,80725716,com.android.permissioncontroller/.permission.ui.GrantPermissionsActivity,userLeaving=false,finish]
12-10 06:20:18.972 12461 12461 I wm_on_top_resumed_lost_called: [80725716,com.android.permissioncontroller.permission.ui.GrantPermissionsActivity,topStateChangedWhenResumed]
12-10 06:20:18.974 12461 12461 I wm_on_paused_called: [80725716,com.android.permissioncontroller.permission.ui.GrantPermissionsActivity,performPause]
12-10 06:20:18.974 1507 2042 I wm_add_to_stopping: [0,80725716,com.android.permissioncontroller/.permission.ui.GrantPermissionsActivity,completeFinishing]
12-10 06:20:18.975 1507 2042 I wm_set_resumed_activity: [0,com.android.deskclock/.DeskClock,resumeTopActivityInnerLocked]
12-10 06:20:18.976 1507 2042 I wm_resume_activity: [0,126229001,150,com.android.deskclock/.DeskClock]
12-10 06:20:18.980 1507 1568 I sysui_multi_action: [757,803,799,window_time_0,802,0]
12-10 06:20:19.039 14880 14880 I wm_on_activity_result_called: [126229001,com.android.deskclock.DeskClock,ACTIVITY_RESULT]
12-10 06:20:19.039 14880 14880 I wm_on_resume_called: [126229001,com.android.deskclock.DeskClock,RESUME_ACTIVITY]
12-10 06:20:19.041 14880 14880 I wm_on_top_resumed_gained_called: [126229001,com.android.deskclock.DeskClock,topWhenResuming]
12-10 06:20:19.044 1507 1564 I sysui_multi_action: [319,65,321,62,322,232,325,16867,757,761,758,8,759,1,806,com.android.permissioncontroller,871,com.android.permissioncontroller.permission.ui.GrantPermissionsActivity,904,com.android.deskclock,905,0,1320,8,1321,5]
12-10 06:20:19.054 1507 1564 I wm_activity_launch_time: [0,80725716,com.android.permissioncontroller/.permission.ui.GrantPermissionsActivity,232]
12-10 06:20:19.409 1507 1568 I wm_destroy_activity: [0,80725716,150,com.android.permissioncontroller/.permission.ui.GrantPermissionsActivity,finish-imm:idle]
12-10 06:20:19.410 1507 1568 I wm_stop_activity: [0,142082565,com.android.launcher3/.uioverrides.QuickstepLauncher]
12-10 06:20:19.416 12461 12461 I wm_on_stop_called: [80725716,com.android.permissioncontroller.permission.ui.GrantPermissionsActivity,LIFECYCLER_STOP_ACTIVITY]
12-10 06:20:19.417 2004 2004 I sysui_multi_action: [757,111,758,2]
12-10 06:20:19.417 2004 2004 I sysui_multi_action: [757,111,758,2]
12-10 06:20:19.418 12461 12461 I wm_on_destroy_called: [80725716,com.android.permissioncontroller.permission.ui.GrantPermissionsActivity,performDestroy]
12-10 06:20:19.419 1507 1507 I notification_enqueue: [10082,2004,com.android.systemui,2048,NULL,0,Notification(channel=updateNotification shortcut=null contentView=null vibrate=null sound=null defaults=0x0 flags=0x0 color=0x00000000 vis=PRIVATE),1]
12-10 06:20:19.432 1507 1569 I input_focus: [Focus request 6f98cbe com.android.deskclock/com.android.deskclock.DeskClock,reason=UpdateInputWindows]
12-10 06:20:19.439 2004 2004 I sysui_multi_action: [757,111,758,1]
12-10 06:20:19.439 2004 2004 I sysui_multi_action: [757,126,758,1,759,126,927,0,928,1,1593,0]
12-10 06:20:19.439 2004 2004 I sysui_multi_action: [757,113,758,1,759,113,927,1,928,1,1593,0]
12-10 06:20:19.440 2004 2004 I sysui_multi_action: [757,0,758,1,759,0,927,2,928,0,1593,0]
12-10 06:20:19.440 2004 2004 I sysui_multi_action: [757,0,758,1,759,0,927,3,928,0,1593,0]
12-10 06:20:19.440 2004 2004 I sysui_multi_action: [757,491,758,1,759,491,927,4,928,1,1311,1,1593,0]
12-10 06:20:19.440 2004 2004 I sysui_multi_action: [757,0,758,1,759,0,927,5,928,0,1593,0]
12-10 06:20:19.440 2004 2004 I sysui_multi_action: [757,111,758,1]
12-10 06:20:19.440 2004 2004 I sysui_multi_action: [757,126,758,1,759,126,927,0,928,1,1593,1]
12-10 06:20:19.441 2004 2004 I sysui_multi_action: [757,113,758,1,759,113,927,1,928,1,1593,1]
12-10 06:20:19.441 2004 2004 I sysui_multi_action: [757,0,758,1,759,0,927,2,928,0,1593,1]
12-10 06:20:19.441 2004 2004 I sysui_multi_action: [757,0,758,1,759,0,927,3,928,0,1593,1]
12-10 06:20:19.446 2526 2526 I wm_on_stop_called: [142082565,com.android.launcher3.uioverrides.QuickstepLauncher,STOP_ACTIVITY_ITEM]
12-10 06:20:19.452 2004 2004 I sysui_multi_action: [757,111,758,2]
12-10 06:20:19.452 2004 2004 I sysui_multi_action: [757,111,758,2]
12-10 06:20:19.452 1507 1507 I notification_enqueue: [10082,2004,com.android.systemui,2048,NULL,0,Notification(channel=updateNotification shortcut=null contentView=null vibrate=null sound=null defaults=0x0 flags=0x0 color=0x00000000 vis=PRIVATE),1]
12-10 06:20:19.453 1507 8474 I sysui_multi_action: [757,128,758,2,793,16855922,794,1828,795,16855922,796,26,798,0,806,android,857,DEVELOPER_IMPORTANT,858,4,947,0,1395,2,1500,16855456,1688,1]
12-10 06:20:19.453 1507 8474 I notification_visibility: [-1|android|26|null|1000,0,16855922,16855922,0,0]
12-10 06:20:19.454 1507 8474 I sysui_multi_action: [757,128,758,2,793,16856821,794,1827,795,16856821,796,32,798,1,806,android,857,USB,858,1,947,0,1395,2,1500,16856474,1688,1]
12-10 06:20:19.454 1507 8474 I notification_visibility: [-1|android|32|null|1000,0,16856821,16856821,0,1]
12-10 06:20:19.454 1507 8474 I sysui_multi_action: [757,127,758,2]
12-10 06:20:19.454 1507 8474 I notification_panel_hidden:
12-10 06:20:19.465 1507 1736 I input_focus: [Focus leaving 349ab61 NotificationShade (server),reason=NOT_FOCUSABLE]
12-10 06:20:19.465 1507 1736 I input_focus: [Focus entering 6f98cbe com.android.deskclock/com.android.deskclock.DeskClock (server),reason=setFocusedWindow]
12-10 06:20:19.467 2004 2004 I sysui_multi_action: [757,111,758,1]
12-10 06:20:19.467 2004 2004 I sysui_multi_action: [757,126,758,1,759,126,927,0,928,1,1593,0]
12-10 06:20:19.467 2004 2004 I sysui_multi_action: [757,113,758,1,759,113,927,1,928,1,1593,0]
12-10 06:20:19.467 2004 2004 I sysui_multi_action: [757,0,758,1,759,0,927,2,928,0,1593,0]
12-10 06:20:19.467 2004 2004 I sysui_multi_action: [757,0,758,1,759,0,927,3,928,0,1593,0]
12-10 06:20:19.467 2004 2004 I sysui_multi_action: [757,491,758,1,759,491,927,4,928,1,1311,1,1593,0]
12-10 06:20:19.467 2004 2004 I sysui_multi_action: [757,0,758,1,759,0,927,5,928,0,1593,0]
12-10 06:20:19.467 2004 2004 I sysui_multi_action: [757,111,758,1]
12-10 06:20:19.467 2004 2004 I sysui_multi_action: [757,126,758,1,759,126,927,0,928,1,1593,1]
12-10 06:20:19.467 2004 2004 I sysui_multi_action: [757,113,758,1,759,113,927,1,928,1,1593,1]
12-10 06:20:19.467 2004 2004 I sysui_multi_action: [757,0,758,1,759,0,927,2,928,0,1593,1]
12-10 06:20:19.467 2004 2004 I sysui_multi_action: [757,0,758,1,759,0,927,3,928,0,1593,1]
12-10 06:20:20.155 0 0 I auditd : type=1400 audit(0.0:18361): avc: denied { kill } for comm="swapper/1" capability=5 scontext=u:r:kernel:s0 tcontext=u:r:kernel:s0 tclass=capability permissive=0
12-10 06:20:20.765 1507 1736 I input_interaction: Interaction with: 6f98cbe com.android.deskclock/com.android.deskclock.DeskClock (server), edge-swipe (server), swipe-up (server), PointerEventDispatcher0 (server),
12-10 06:20:21.532 1507 1507 I service_manager_slow: [14,phone]
12-10 06:20:21.551 1507 5436 I wm_task_moved: [26,0,0]
12-10 06:20:21.556 1507 5436 I wm_task_moved: [26,0,6]
12-10 06:20:21.563 2526 2526 I wm_on_restart_called: [142082565,com.android.launcher3.uioverrides.QuickstepLauncher,performRestartActivity]
12-10 06:20:21.583 2526 2526 I wm_on_start_called: [142082565,com.android.launcher3.uioverrides.QuickstepLauncher,handleStartActivity]
12-10 06:20:21.605 1507 1564 I sysui_multi_action: [319,14,322,46,325,16870,757,761,758,9,759,5,806,com.android.launcher3,871,com.android.launcher3.uioverrides.QuickstepLauncher,904,com.android.launcher3,905,0,1320,8,1321,5]
12-10 06:20:21.614 14880 14880 I view_enqueue_input_event: [Motion - Cancel,com.android.deskclock/com.android.deskclock.DeskClock]
12-10 06:20:21.625 2526 2526 I sysui_latency: [1,81]
12-10 06:20:21.633 1507 1736 I input_interaction: Interaction with: edge-swipe (server), swipe-up (server), PointerEventDispatcher0 (server),
12-10 06:20:21.635 1507 1569 I input_focus: [Focus request recents_animation_input_consumer,reason=UpdateInputWindows]
12-10 06:20:21.671 1507 1736 I input_focus: [Focus leaving 6f98cbe com.android.deskclock/com.android.deskclock.DeskClock (server),reason=NOT_FOCUSABLE]
12-10 06:20:21.671 1507 1736 I input_focus: [Focus entering recents_animation_input_consumer (server),reason=setFocusedWindow]
12-10 06:20:21.790 1507 1710 I commit_sys_config_file: [settings-1-0,7]
12-10 06:20:21.902 1507 1581 I sysui_latency: [8,74]
12-10 06:20:22.155 0 0 I auditd : type=1400 audit(0.0:18362): avc: denied { kill } for comm="swapper/1" capability=5 scontext=u:r:kernel:s0 tcontext=u:r:kernel:s0 tclass=capability permissive=0
12-10 06:20:22.361 1507 2042 I wm_task_moved: [26,1,7]
12-10 06:20:22.363 1507 2042 I wm_focused_root_task: [0,0,26,150,RecentsAnimation.onAnimationFinished()]
12-10 06:20:22.365 1507 2042 I wm_pause_activity: [0,126229001,com.android.deskclock/.DeskClock,userLeaving=false,pauseBackTasks]
12-10 06:20:22.366 1507 2042 I wm_set_resumed_activity: [0,com.android.launcher3/.uioverrides.QuickstepLauncher,resumeTopActivityInnerLocked]
12-10 06:20:22.368 14880 14880 I wm_on_top_resumed_lost_called: [126229001,com.android.deskclock.DeskClock,topStateChangedWhenResumed]
12-10 06:20:22.371 1507 2042 I wm_resume_activity: [0,142082565,27,com.android.launcher3/.uioverrides.QuickstepLauncher]
12-10 06:20:22.372 1507 2042 I wm_add_to_stopping: [0,126229001,com.android.deskclock/.DeskClock,makeInvisible]
12-10 06:20:22.372 2526 2526 I wm_on_resume_called: [142082565,com.android.launcher3.uioverrides.QuickstepLauncher,RESUME_ACTIVITY]
12-10 06:20:22.382 1507 1569 I input_focus: [Focus request 2cb1f5d com.android.launcher3/com.android.launcher3.uioverrides.QuickstepLauncher,reason=UpdateInputWindows]
12-10 06:20:22.387 1507 1568 I sysui_multi_action: [757,803,799,window_time_0,802,4]
12-10 06:20:22.388 14880 14880 I wm_on_paused_called: [126229001,com.android.deskclock.DeskClock,performPause]
12-10 06:20:22.388 1507 1736 I input_focus: [Focus leaving recents_animation_input_consumer (server),reason=NOT_VISIBLE]
12-10 06:20:22.391 1507 1736 I input_focus: [Focus entering 2cb1f5d com.android.launcher3/com.android.launcher3.uioverrides.QuickstepLauncher (server),reason=setFocusedWindow]
12-10 06:20:22.393 1507 5436 I wm_stop_activity: [0,126229001,com.android.deskclock/.DeskClock]
12-10 06:20:22.395 1507 1568 I am_uid_running: 10065
12-10 06:20:22.397 1507 1568 I sysui_multi_action: [757,803,799,window_time_0,802,0]
12-10 06:20:22.409 1507 1584 I am_proc_start: [0,14930,10065,com.android.calendar,NULL,]
12-10 06:20:22.428 1507 2157 I am_proc_bound: [0,14930,com.android.calendar]
12-10 06:20:22.435 1507 1507 I notification_enqueue: [10069,14880,com.android.deskclock,2147483646,NULL,0,Notification(channel=StopwatchNotification shortcut=null contentView=com.android.deskclock/0x7f0d0024 vibrate=null sound=null defaults=0x0 flags=0x102 color=0xff1a237e groupKey=3 actions=2 vis=PRIVATE),0]
12-10 06:20:22.436 14880 14880 I wm_on_stop_called: [126229001,com.android.deskclock.DeskClock,STOP_ACTIVITY_ITEM]
12-10 06:20:22.456 2526 2526 I wm_on_top_resumed_gained_called: [142082565,com.android.launcher3.uioverrides.QuickstepLauncher,topStateChangedWhenResumed]
12-10 06:20:22.608 1507 1710 I commit_sys_config_file: [settings-1-0,5]
12-10 06:20:22.638 1507 1507 I sysui_multi_action: [757,1501,758,1,793,211,794,0,795,211,796,2147483646,806,com.android.deskclock,857,StopwatchNotification,858,3,946,3,947,0,1500,0,1688,1,1745,-868672399]
12-10 06:20:22.639 1507 1507 I sysui_multi_action: [757,804,799,note_interruptive,801,0,802,1]
12-10 06:20:22.641 1507 1507 I sysui_multi_action: [757,1501,758,1,793,215,794,0,795,215,796,2147483646,806,com.android.deskclock,857,StopwatchNotification,858,3,946,3,947,0,1500,0,1688,1,1745,-868672399]
12-10 06:20:22.642 1507 1507 I sysui_multi_action: [757,804,799,note_interruptive,801,0,802,1]
12-10 06:20:22.643 1507 1507 I sysui_multi_action: [757,199,758,1,759,2,793,217,794,0,795,217,796,2147483646,806,com.android.deskclock,857,StopwatchNotification,858,3,946,3,947,0,1500,2,1688,1,1745,-868672399]
12-10 06:20:22.643 1507 1507 I notification_alert: [0|com.android.deskclock|2147483646|null|10069,0,1,0]
12-10 06:20:23.039 1507 1736 I input_interaction: Interaction with: 2cb1f5d com.android.launcher3/com.android.launcher3.uioverrides.QuickstepLauncher (server), 5478378 com.android.systemui.ImageWallpaper (server), edge-swipe (server), swipe-up (server), PointerEventDispatcher0 (server),
12-10 06:20:23.620 1507 5436 I wm_finish_activity: [0,126229001,150,com.android.deskclock/.DeskClock,remove-task]
12-10 06:20:23.621 1507 5436 I wm_destroy_activity: [0,126229001,150,com.android.deskclock/.DeskClock,finish-imm:finishIfPossible]
12-10 06:20:23.630 14880 14880 I wm_on_destroy_called: [126229001,com.android.deskclock.DeskClock,performDestroy]
12-10 06:20:23.636 1507 1568 I sysui_multi_action: [757,803,799,window_time_0,802,1]
12-10 06:20:23.645 1507 2157 I wm_task_removed: [150,removeChild:removeChild last r=ActivityRecord{7861a09 u0 com.android.deskclock/.DeskClock t-1 f}} in t=Task{6da0141 #150 type=standard A=10069:com.android.deskclock U=0 visible=false mode=fullscreen translucent=true sz=0}]
12-10 06:20:23.645 1507 2157 I wm_task_removed: [150,removeChild]
12-10 06:20:23.648 1507 2157 I am_kill : [0,14880,com.android.deskclock,1001,remove task]
12-10 06:20:23.713 1507 2157 I am_proc_died: [0,14880,com.android.deskclock,1001,10]
12-10 06:20:23.714 1507 2157 I am_uid_stopped: 10069
12-10 06:20:23.891 1507 1581 I sysui_multi_action: [757,1717,758,1,759,0]
12-10 06:20:23.892 1507 1581 I sysui_multi_action: [757,1717,758,2,759,0]
12-10 06:20:23.892 1507 1581 I sysui_multi_action: [757,1717,758,3,759,0]
12-10 06:20:24.155 0 0 I auditd : type=1400 audit(0.0:18363): avc: denied { kill } for comm="swapper/1" capability=5 scontext=u:r:kernel:s0 tcontext=u:r:kernel:s0 tclass=capability permissive=0
12-10 06:20:25.155 0 0 I auditd : type=1400 audit(0.0:18364): avc: denied { kill } for comm="swapper/1" capability=5 scontext=u:r:kernel:s0 tcontext=u:r:kernel:s0 tclass=capability permissive=0
12-10 06:20:26.155 0 0 I auditd : type=1400 audit(0.0:18365): avc: denied { kill } for comm="swapper/1" capability=5 scontext=u:r:kernel:s0 tcontext=u:r:kernel:s0 tclass=capability permissive=0
12-10 06:20:26.697 1507 1736 I input_interaction: Interaction with: 16cb512 StatusBar (server), edge-swipe (server), swipe-up (server), PointerEventDispatcher0 (server),
12-10 06:20:26.702 2004 2004 I sysui_multi_action: [757,803,799,panel_open,802,1]
12-10 06:20:26.705 2004 2004 I sysui_multi_action: [757,1328,758,4,1326,47,1327,1,1329,0]
12-10 06:20:26.782 1507 2038 I sysui_multi_action: [757,127,758,1]
12-10 06:20:26.782 1507 2038 I sysui_multi_action: [757,804,799,note_load,801,3,802,1]
12-10 06:20:26.782 1507 2038 I notification_panel_revealed: 3
12-10 06:20:26.787 2004 2004 I sysui_multi_action: [757,111,758,2]
12-10 06:20:26.788 1507 1507 I notification_enqueue: [10082,2004,com.android.systemui,2048,NULL,0,Notification(channel=updateNotification shortcut=null contentView=null vibrate=null sound=null defaults=0x0 flags=0x0 color=0x00000000 vis=PRIVATE),1]
12-10 06:20:26.788 2004 2004 I sysui_multi_action: [757,111,758,2]
12-10 06:20:26.803 1507 1569 I input_focus: [Focus request 349ab61 NotificationShade,reason=UpdateInputWindows]
12-10 06:20:26.805 2004 2004 I sysui_multi_action: [757,111,758,1]
12-10 06:20:26.805 2004 2004 I sysui_multi_action: [757,126,758,1,759,126,927,0,928,1,1593,1]
12-10 06:20:26.805 2004 2004 I sysui_multi_action: [757,113,758,1,759,113,927,1,928,1,1593,1]
12-10 06:20:26.805 2004 2004 I sysui_multi_action: [757,0,758,1,759,0,927,2,928,0,1593,1]
12-10 06:20:26.806 2004 2004 I sysui_multi_action: [757,0,758,1,759,0,927,3,928,0,1593,1]
12-10 06:20:26.806 2004 2004 I sysui_multi_action: [757,491,758,1,759,491,927,4,928,1,1311,1,1593,0]
12-10 06:20:26.806 2004 2004 I sysui_multi_action: [757,0,758,1,759,0,927,5,928,0,1593,0]
12-10 06:20:26.806 2004 2004 I sysui_multi_action: [757,111,758,1]
12-10 06:20:26.806 2004 2004 I sysui_multi_action: [757,126,758,1,759,126,927,0,928,1,1593,1]
12-10 06:20:26.806 2004 2004 I sysui_multi_action: [757,113,758,1,759,113,927,1,928,1,1593,1]
12-10 06:20:26.806 2004 2004 I sysui_multi_action: [757,0,758,1,759,0,927,2,928,0,1593,1]
12-10 06:20:26.807 2004 2004 I sysui_multi_action: [757,0,758,1,759,0,927,3,928,0,1593,1]
12-10 06:20:26.822 2004 2004 I sysui_multi_action: [757,111,758,2]
12-10 06:20:26.822 2004 2004 I sysui_multi_action: [757,111,758,2]
12-10 06:20:26.822 1507 1507 I notification_enqueue: [10082,2004,com.android.systemui,2048,NULL,0,Notification(channel=updateNotification shortcut=null contentView=null vibrate=null sound=null defaults=0x0 flags=0x0 color=0x00000000 vis=PRIVATE),1]
12-10 06:20:26.823 1507 1736 I input_focus: [Focus leaving 2cb1f5d com.android.launcher3/com.android.launcher3.uioverrides.QuickstepLauncher (server),reason=Waiting for window because NOT_VISIBLE]
12-10 06:20:26.826 2004 2004 I sysui_multi_action: [757,111,758,1]
12-10 06:20:26.827 2004 2004 I sysui_multi_action: [757,126,758,1,759,126,927,0,928,1,1593,1]
12-10 06:20:26.827 2004 2004 I sysui_multi_action: [757,113,758,1,759,113,927,1,928,1,1593,1]
12-10 06:20:26.827 2004 2004 I sysui_multi_action: [757,0,758,1,759,0,927,2,928,0,1593,1]
12-10 06:20:26.827 2004 2004 I sysui_multi_action: [757,0,758,1,759,0,927,3,928,0,1593,1]
12-10 06:20:26.827 2004 2004 I sysui_multi_action: [757,491,758,1,759,491,927,4,928,1,1311,1,1593,1]
12-10 06:20:26.827 2004 2004 I sysui_multi_action: [757,0,758,1,759,0,927,5,928,0,1593,1]
12-10 06:20:26.827 2004 2004 I sysui_multi_action: [757,111,758,1]
12-10 06:20:26.827 2004 2004 I sysui_multi_action: [757,126,758,1,759,126,927,0,928,1,1593,1]
12-10 06:20:26.827 2004 2004 I sysui_multi_action: [757,113,758,1,759,113,927,1,928,1,1593,1]
12-10 06:20:26.827 2004 2004 I sysui_multi_action: [757,0,758,1,759,0,927,2,928,0,1593,1]
12-10 06:20:26.828 2004 2004 I sysui_multi_action: [757,0,758,1,759,0,927,3,928,0,1593,1]
12-10 06:20:26.835 1507 1736 I input_focus: [Focus entering 349ab61 NotificationShade (server),reason=Window became focusable. Previous reason: NOT_VISIBLE]
12-10 06:20:26.840 2004 2004 I sysui_multi_action: [757,111,758,2]
12-10 06:20:26.840 2004 2004 I sysui_multi_action: [757,111,758,2]
12-10 06:20:26.840 1507 1507 I notification_enqueue: [10082,2004,com.android.systemui,2048,NULL,0,Notification(channel=updateNotification shortcut=null contentView=null vibrate=null sound=null defaults=0x0 flags=0x0 color=0x00000000 vis=PRIVATE),1]
12-10 06:20:26.846 2004 2004 I sysui_multi_action: [757,111,758,1]
12-10 06:20:26.846 2004 2004 I sysui_multi_action: [757,126,758,1,759,126,927,0,928,1,1593,1]
12-10 06:20:26.846 2004 2004 I sysui_multi_action: [757,113,758,1,759,113,927,1,928,1,1593,1]
12-10 06:20:26.846 2004 2004 I sysui_multi_action: [757,0,758,1,759,0,927,2,928,0,1593,1]
12-10 06:20:26.846 2004 2004 I sysui_multi_action: [757,0,758,1,759,0,927,3,928,0,1593,1]
12-10 06:20:26.847 2004 2004 I sysui_multi_action: [757,491,758,1,759,491,927,4,928,1,1311,1,1593,1]
12-10 06:20:26.847 2004 2004 I sysui_multi_action: [757,0,758,1,759,0,927,5,928,0,1593,1]
12-10 06:20:26.847 2004 2004 I sysui_multi_action: [757,111,758,1]
12-10 06:20:26.847 2004 2004 I sysui_multi_action: [757,126,758,1,759,126,927,0,928,1,1593,1]
12-10 06:20:26.847 2004 2004 I sysui_multi_action: [757,113,758,1,759,113,927,1,928,1,1593,1]
12-10 06:20:26.847 2004 2004 I sysui_multi_action: [757,0,758,1,759,0,927,2,928,0,1593,1]
12-10 06:20:26.847 2004 2004 I sysui_multi_action: [757,0,758,1,759,0,927,3,928,0,1593,1]
12-10 06:20:26.860 2004 2004 I sysui_multi_action: [757,111,758,2]
12-10 06:20:26.860 2004 2004 I sysui_multi_action: [757,111,758,2]
12-10 06:20:26.861 1507 1507 I notification_enqueue: [10082,2004,com.android.systemui,2048,NULL,0,Notification(channel=updateNotification shortcut=null contentView=null vibrate=null sound=null defaults=0x0 flags=0x0 color=0x00000000 vis=PRIVATE),1]
12-10 06:20:26.863 2004 2004 I sysui_multi_action: [757,111,758,1]
12-10 06:20:26.863 2004 2004 I sysui_multi_action: [757,126,758,1,759,126,927,0,928,1,1593,1]
12-10 06:20:26.863 2004 2004 I sysui_multi_action: [757,113,758,1,759,113,927,1,928,1,1593,1]
12-10 06:20:26.863 2004 2004 I sysui_multi_action: [757,0,758,1,759,0,927,2,928,0,1593,1]
12-10 06:20:26.863 2004 2004 I sysui_multi_action: [757,0,758,1,759,0,927,3,928,0,1593,1]
12-10 06:20:26.864 2004 2004 I sysui_multi_action: [757,491,758,1,759,491,927,4,928,1,1311,1,1593,0]
12-10 06:20:26.864 2004 2004 I sysui_multi_action: [757,0,758,1,759,0,927,5,928,0,1593,0]
12-10 06:20:26.864 2004 2004 I sysui_multi_action: [757,111,758,1]
12-10 06:20:26.864 2004 2004 I sysui_multi_action: [757,126,758,1,759,126,927,0,928,1,1593,1]
12-10 06:20:26.864 2004 2004 I sysui_multi_action: [757,113,758,1,759,113,927,1,928,1,1593,1]
12-10 06:20:26.864 2004 2004 I sysui_multi_action: [757,0,758,1,759,0,927,2,928,0,1593,1]
12-10 06:20:26.864 2004 2004 I sysui_multi_action: [757,0,758,1,759,0,927,3,928,0,1593,1]
12-10 06:20:27.333 1507 2157 I sysui_multi_action: [757,128,758,1,793,16863801,794,0,795,16863801,796,26,798,0,806,android,857,DEVELOPER_IMPORTANT,858,4,947,0,1395,3,1500,16863335,1688,1]
12-10 06:20:27.333 1507 2157 I sysui_multi_action: [757,804,799,note_freshness,801,16863801,802,1]
12-10 06:20:27.333 1507 2157 I notification_visibility: [-1|android|26|null|1000,1,16863801,16863801,0,0]
12-10 06:20:27.333 1507 2157 I sysui_multi_action: [757,128,758,1,793,4907,794,0,795,4907,796,2147483646,798,1,806,com.android.deskclock,857,StopwatchNotification,858,3,946,3,947,0,1395,3,1500,4692,1688,1,1745,-868672399]
12-10 06:20:27.333 1507 2157 I sysui_multi_action: [757,804,799,note_freshness,801,4907,802,1]
12-10 06:20:27.333 1507 2157 I notification_visibility: [0|com.android.deskclock|2147483646|null|10069,1,4907,4907,0,1]
12-10 06:20:27.334 1507 2157 I sysui_multi_action: [757,128,758,1,793,16864701,794,0,795,16864701,796,32,798,2,806,android,857,USB,858,1,947,0,1395,3,1500,16864354,1688,1]
12-10 06:20:27.334 1507 2157 I sysui_multi_action: [757,804,799,note_freshness,801,16864701,802,1]
12-10 06:20:27.334 1507 2157 I notification_visibility: [-1|android|32|null|1000,1,16864701,16864701,0,2]
12-10 06:20:27.618 1507 1736 I input_interaction: Interaction with: 349ab61 NotificationShade (server), edge-swipe (server), swipe-up (server), PointerEventDispatcher0 (server),
12-10 06:20:27.703 1507 2157 I am_uid_running: 10069
12-10 06:20:27.706 1507 2038 I sysui_multi_action: [757,128,758,4,793,5279,794,372,795,5279,796,2147483646,798,0,806,com.android.deskclock,857,StopwatchNotification,858,3,946,3,947,0,1395,3,1500,5064,1688,1,1745,-868672399]
12-10 06:20:27.706 1507 2038 I notification_clicked: [0|com.android.deskclock|2147483646|null|10069,5279,5279,372,0,3]
12-10 06:20:27.707 1507 1507 I sysui_multi_action: [757,804,799,note_click_longevity,801,0,802,1]
12-10 06:20:27.714 1507 1584 I am_proc_start: [0,14963,10069,com.android.deskclock,service,{com.android.deskclock/com.android.deskclock.stopwatch.StopwatchService}]
12-10 06:20:27.743 1507 2157 I am_proc_bound: [0,14963,com.android.deskclock]
12-10 06:20:27.746 1507 2157 I am_uid_active: 10069
12-10 06:20:27.796 1507 2038 I wm_task_created: [151,-1]
12-10 06:20:27.798 1507 2038 I wm_task_moved: [151,1,7]
12-10 06:20:27.798 1507 2038 I wm_task_to_front: [0,151]
12-10 06:20:27.798 1507 2038 I wm_create_task: [0,151]
12-10 06:20:27.798 1507 2038 I wm_create_activity: [0,170130999,151,com.android.deskclock/.DeskClock,NULL,NULL,NULL,268435456]
12-10 06:20:27.798 1507 2038 I wm_task_moved: [151,1,7]
12-10 06:20:27.798 2526 2526 I wm_on_top_resumed_lost_called: [142082565,com.android.launcher3.uioverrides.QuickstepLauncher,topStateChangedWhenResumed]
12-10 06:20:27.799 1507 2038 I wm_pause_activity: [0,142082565,com.android.launcher3/.uioverrides.QuickstepLauncher,userLeaving=true,pauseBackTasks]
12-10 06:20:27.802 2526 2526 I wm_on_paused_called: [142082565,com.android.launcher3.uioverrides.QuickstepLauncher,performPause]
12-10 06:20:27.805 1507 2157 I wm_add_to_stopping: [0,142082565,com.android.launcher3/.uioverrides.QuickstepLauncher,makeInvisible]
12-10 06:20:27.806 1507 2157 I wm_restart_activity: [0,170130999,151,com.android.deskclock/.DeskClock]
12-10 06:20:27.807 1507 2157 I wm_set_resumed_activity: [0,com.android.deskclock/.DeskClock,minimalResumeActivityLocked]
12-10 06:20:27.811 1507 1568 I sysui_multi_action: [757,803,799,window_time_0,802,4]
12-10 06:20:27.833 1507 6852 I wm_task_moved: [151,1,7]
12-10 06:20:27.833 1507 6852 I wm_set_resumed_activity: [0,com.android.deskclock/.DeskClock,positionChildAt]
12-10 06:20:27.833 1507 6852 I wm_create_activity: [0,172240410,151,com.android.permissioncontroller/.permission.ui.GrantPermissionsActivity,android.content.pm.action.REQUEST_PERMISSIONS,NULL,NULL,8388608]
12-10 06:20:27.835 1507 6852 I wm_pause_activity: [0,170130999,com.android.deskclock/.DeskClock,userLeaving=true,resumeTopActivityInnerLocked]
12-10 06:20:27.851 14963 14963 I wm_on_create_called: [170130999,com.android.deskclock.DeskClock,performCreate]
12-10 06:20:27.853 14963 14963 I wm_on_start_called: [170130999,com.android.deskclock.DeskClock,handleStartActivity]
12-10 06:20:27.853 1507 1507 I sysui_multi_action: [757,128,758,5,759,8,793,5427,794,520,795,5427,796,2147483646,806,com.android.deskclock,857,StopwatchNotification,858,3,946,3,947,0,1500,5212,1688,1,1745,-868672399]
12-10 06:20:27.853 1507 1507 I notification_canceled: [0|com.android.deskclock|2147483646|null|10069,8,5427,5427,520,-1,-1,NULL]
12-10 06:20:27.853 14963 14963 I wm_on_resume_called: [170130999,com.android.deskclock.DeskClock,RESUME_ACTIVITY]
12-10 06:20:27.859 14963 14963 I wm_on_top_resumed_gained_called: [170130999,com.android.deskclock.DeskClock,topStateChangedWhenResumed]
12-10 06:20:27.859 14963 14963 I wm_on_top_resumed_lost_called: [170130999,com.android.deskclock.DeskClock,topStateChangedWhenResumed]
12-10 06:20:27.859 14963 14963 I wm_on_paused_called: [170130999,com.android.deskclock.DeskClock,performPause]
12-10 06:20:27.861 1507 1965 I wm_restart_activity: [0,172240410,151,com.android.permissioncontroller/.permission.ui.GrantPermissionsActivity]
12-10 06:20:27.862 1507 1965 I wm_set_resumed_activity: [0,com.android.permissioncontroller/.permission.ui.GrantPermissionsActivity,minimalResumeActivityLocked]
12-10 06:20:27.866 1507 1568 I sysui_multi_action: [757,803,799,window_time_0,802,0]
12-10 06:20:27.868 1507 2038 I sysui_multi_action: [757,128,758,2,793,16864337,794,536,795,16864337,796,26,798,0,806,android,857,DEVELOPER_IMPORTANT,858,4,947,0,1395,3,1500,16863871,1688,1]
12-10 06:20:27.868 1507 2038 I notification_visibility: [-1|android|26|null|1000,0,16864337,16864337,0,0]
12-10 06:20:27.868 1507 2038 I sysui_multi_action: [757,128,758,2,793,16865235,794,534,795,16865235,796,32,798,2,806,android,857,USB,858,1,947,0,1395,3,1500,16864888,1688,1]
12-10 06:20:27.868 1507 2038 I notification_visibility: [-1|android|32|null|1000,0,16865235,16865235,0,2]
12-10 06:20:27.868 1507 2038 I sysui_multi_action: [757,127,758,2]
12-10 06:20:27.868 1507 2038 I notification_panel_hidden:
12-10 06:20:27.880 12461 12461 I wm_on_create_called: [172240410,com.android.permissioncontroller.permission.ui.GrantPermissionsActivity,performCreate]
12-10 06:20:27.881 12461 12461 I wm_on_start_called: [172240410,com.android.permissioncontroller.permission.ui.GrantPermissionsActivity,handleStartActivity]
12-10 06:20:27.881 12461 12461 I wm_on_resume_called: [172240410,com.android.permissioncontroller.permission.ui.GrantPermissionsActivity,RESUME_ACTIVITY]
12-10 06:20:27.885 12461 12461 I wm_on_top_resumed_gained_called: [172240410,com.android.permissioncontroller.permission.ui.GrantPermissionsActivity,topStateChangedWhenResumed]
12-10 06:20:27.892 1507 6852 I wm_finish_activity: [0,172240410,151,com.android.permissioncontroller/.permission.ui.GrantPermissionsActivity,app-request]
12-10 06:20:27.899 1507 6852 I wm_pause_activity: [0,172240410,com.android.permissioncontroller/.permission.ui.GrantPermissionsActivity,userLeaving=false,finish]
12-10 06:20:27.908 12461 12461 I wm_on_top_resumed_lost_called: [172240410,com.android.permissioncontroller.permission.ui.GrantPermissionsActivity,topStateChangedWhenResumed]
12-10 06:20:27.909 12461 12461 I wm_on_paused_called: [172240410,com.android.permissioncontroller.permission.ui.GrantPermissionsActivity,performPause]
12-10 06:20:27.909 1507 2157 I wm_add_to_stopping: [0,172240410,com.android.permissioncontroller/.permission.ui.GrantPermissionsActivity,completeFinishing]
12-10 06:20:27.910 1507 2157 I wm_set_resumed_activity: [0,com.android.deskclock/.DeskClock,resumeTopActivityInnerLocked]
12-10 06:20:27.910 1507 2157 I wm_resume_activity: [0,170130999,151,com.android.deskclock/.DeskClock]
12-10 06:20:27.915 1507 1568 I sysui_multi_action: [757,803,799,window_time_0,802,0]
12-10 06:20:27.916 1507 1736 I input_focus: [Focus leaving 349ab61 NotificationShade (server),reason=NOT_FOCUSABLE]
12-10 06:20:27.945 1507 1569 I input_focus: [Focus request a1c4e79 com.android.deskclock/com.android.deskclock.DeskClock,reason=UpdateInputWindows]
12-10 06:20:27.989 14963 14963 I wm_on_activity_result_called: [170130999,com.android.deskclock.DeskClock,ACTIVITY_RESULT]
12-10 06:20:27.989 14963 14963 I wm_on_resume_called: [170130999,com.android.deskclock.DeskClock,RESUME_ACTIVITY]
12-10 06:20:27.991 14963 14963 I wm_on_top_resumed_gained_called: [170130999,com.android.deskclock.DeskClock,topWhenResuming]
12-10 06:20:27.997 1507 1564 I sysui_multi_action: [319,55,321,54,322,194,325,16876,757,761,758,8,759,1,806,com.android.permissioncontroller,871,com.android.permissioncontroller.permission.ui.GrantPermissionsActivity,904,com.android.deskclock,905,0,1320,8,1321,5]
12-10 06:20:27.999 1507 1564 I wm_activity_launch_time: [0,172240410,com.android.permissioncontroller/.permission.ui.GrantPermissionsActivity,194]
12-10 06:20:28.002 1507 1736 I input_focus: [Focus entering a1c4e79 com.android.deskclock/com.android.deskclock.DeskClock (server),reason=Window became focusable. Previous reason: NOT_VISIBLE]
12-10 06:20:28.048 1507 1965 I wm_destroy_activity: [0,172240410,151,com.android.permissioncontroller/.permission.ui.GrantPermissionsActivity,finish-imm:idle]
12-10 06:20:28.049 12461 12461 I wm_on_stop_called: [172240410,com.android.permissioncontroller.permission.ui.GrantPermissionsActivity,LIFECYCLER_STOP_ACTIVITY]
12-10 06:20:28.049 1507 1965 I wm_stop_activity: [0,142082565,com.android.launcher3/.uioverrides.QuickstepLauncher]
12-10 06:20:28.049 12461 12461 I wm_on_destroy_called: [172240410,com.android.permissioncontroller.permission.ui.GrantPermissionsActivity,performDestroy]
12-10 06:20:28.052 2526 2526 I wm_on_stop_called: [142082565,com.android.launcher3.uioverrides.QuickstepLauncher,STOP_ACTIVITY_ITEM]
12-10 06:20:28.155 0 0 I auditd : type=1400 audit(0.0:18366): avc: denied { kill } for comm="swapper/1" capability=5 scontext=u:r:kernel:s0 tcontext=u:r:kernel:s0 tclass=capability permissive=0
12-10 06:20:28.266 2004 2004 I sysui_multi_action: [757,111,758,2]
12-10 06:20:28.266 1507 1507 I notification_enqueue: [10082,2004,com.android.systemui,2048,NULL,0,Notification(channel=updateNotification shortcut=null contentView=null vibrate=null sound=null defaults=0x0 flags=0x0 color=0x00000000 vis=PRIVATE),1]
12-10 06:20:28.266 2004 2004 I sysui_multi_action: [757,111,758,2]
12-10 06:20:28.270 2004 2004 I sysui_multi_action: [757,111,758,1]
12-10 06:20:28.270 2004 2004 I sysui_multi_action: [757,126,758,1,759,126,927,0,928,1,1593,0]
12-10 06:20:28.271 2004 2004 I sysui_multi_action: [757,113,758,1,759,113,927,1,928,1,1593,0]
12-10 06:20:28.271 2004 2004 I sysui_multi_action: [757,0,758,1,759,0,927,2,928,0,1593,0]
12-10 06:20:28.271 2004 2004 I sysui_multi_action: [757,0,758,1,759,0,927,3,928,0,1593,0]
12-10 06:20:28.271 2004 2004 I sysui_multi_action: [757,491,758,1,759,491,927,4,928,1,1311,1,1593,0]
12-10 06:20:28.271 2004 2004 I sysui_multi_action: [757,0,758,1,759,0,927,5,928,0,1593,0]
12-10 06:20:28.271 2004 2004 I sysui_multi_action: [757,111,758,1]
12-10 06:20:28.272 2004 2004 I sysui_multi_action: [757,126,758,1,759,126,927,0,928,1,1593,0]
12-10 06:20:28.272 2004 2004 I sysui_multi_action: [757,113,758,1,759,113,927,1,928,1,1593,0]
12-10 06:20:28.272 2004 2004 I sysui_multi_action: [757,0,758,1,759,0,927,2,928,0,1593,0]
12-10 06:20:28.272 2004 2004 I sysui_multi_action: [757,0,758,1,759,0,927,3,928,0,1593,0]
12-10 06:20:28.281 2004 2004 I sysui_multi_action: [757,111,758,2]
12-10 06:20:28.282 1507 1507 I notification_enqueue: [10082,2004,com.android.systemui,2048,NULL,0,Notification(channel=updateNotification shortcut=null contentView=null vibrate=null sound=null defaults=0x0 flags=0x0 color=0x00000000 vis=PRIVATE),1]
12-10 06:20:28.282 2004 2004 I sysui_multi_action: [757,111,758,2]
12-10 06:20:28.286 2004 2004 I sysui_multi_action: [757,111,758,1]
12-10 06:20:28.286 2004 2004 I sysui_multi_action: [757,126,758,1,759,126,927,0,928,1,1593,1]
12-10 06:20:28.286 2004 2004 I sysui_multi_action: [757,113,758,1,759,113,927,1,928,1,1593,1]
12-10 06:20:28.286 2004 2004 I sysui_multi_action: [757,0,758,1,759,0,927,2,928,0,1593,1]
12-10 06:20:28.286 2004 2004 I sysui_multi_action: [757,0,758,1,759,0,927,3,928,0,1593,1]
12-10 06:20:28.287 2004 2004 I sysui_multi_action: [757,491,758,1,759,491,927,4,928,1,1311,1,1593,1]
12-10 06:20:28.287 2004 2004 I sysui_multi_action: [757,0,758,1,759,0,927,5,928,0,1593,1]
12-10 06:20:28.287 2004 2004 I sysui_multi_action: [757,111,758,1]
12-10 06:20:28.287 2004 2004 I sysui_multi_action: [757,126,758,1,759,126,927,0,928,1,1593,1]
12-10 06:20:28.287 2004 2004 I sysui_multi_action: [757,113,758,1,759,113,927,1,928,1,1593,1]
12-10 06:20:28.288 2004 2004 I sysui_multi_action: [757,0,758,1,759,0,927,2,928,0,1593,1]
12-10 06:20:28.288 2004 2004 I sysui_multi_action: [757,0,758,1,759,0,927,3,928,0,1593,1]
12-10 06:20:28.298 2004 2004 I sysui_multi_action: [757,111,758,2]
12-10 06:20:28.298 1507 1507 I notification_enqueue: [10082,2004,com.android.systemui,2048,NULL,0,Notification(channel=updateNotification shortcut=null contentView=null vibrate=null sound=null defaults=0x0 flags=0x0 color=0x00000000 vis=PRIVATE),1]
12-10 06:20:28.298 2004 2004 I sysui_multi_action: [757,111,758,2]
12-10 06:20:28.301 2004 2004 I sysui_multi_action: [757,111,758,1]
12-10 06:20:28.301 2004 2004 I sysui_multi_action: [757,126,758,1,759,126,927,0,928,1,1593,1]
12-10 06:20:28.301 2004 2004 I sysui_multi_action: [757,113,758,1,759,113,927,1,928,1,1593,1]
12-10 06:20:28.301 2004 2004 I sysui_multi_action: [757,0,758,1,759,0,927,2,928,0,1593,1]
12-10 06:20:28.301 2004 2004 I sysui_multi_action: [757,0,758,1,759,0,927,3,928,0,1593,1]
12-10 06:20:28.302 2004 2004 I sysui_multi_action: [757,491,758,1,759,491,927,4,928,1,1311,1,1593,0]
12-10 06:20:28.302 2004 2004 I sysui_multi_action: [757,0,758,1,759,0,927,5,928,0,1593,0]
12-10 06:20:28.302 2004 2004 I sysui_multi_action: [757,111,758,1]
12-10 06:20:28.302 2004 2004 I sysui_multi_action: [757,126,758,1,759,126,927,0,928,1,1593,1]
12-10 06:20:28.302 2004 2004 I sysui_multi_action: [757,113,758,1,759,113,927,1,928,1,1593,1]
12-10 06:20:28.302 2004 2004 I sysui_multi_action: [757,0,758,1,759,0,927,2,928,0,1593,1]
12-10 06:20:28.302 2004 2004 I sysui_multi_action: [757,0,758,1,759,0,927,3,928,0,1593,1]
12-10 06:20:28.315 2004 2004 I sysui_multi_action: [757,111,758,2]
12-10 06:20:28.315 2004 2004 I sysui_multi_action: [757,111,758,2]
12-10 06:20:28.315 1507 1507 I notification_enqueue: [10082,2004,com.android.systemui,2048,NULL,0,Notification(channel=updateNotification shortcut=null contentView=null vibrate=null sound=null defaults=0x0 flags=0x0 color=0x00000000 vis=PRIVATE),1]
12-10 06:20:28.319 2004 2004 I sysui_multi_action: [757,111,758,1]
12-10 06:20:28.319 2004 2004 I sysui_multi_action: [757,126,758,1,759,126,927,0,928,1,1593,1]
12-10 06:20:28.319 2004 2004 I sysui_multi_action: [757,113,758,1,759,113,927,1,928,1,1593,1]
12-10 06:20:28.319 2004 2004 I sysui_multi_action: [757,0,758,1,759,0,927,2,928,0,1593,1]
12-10 06:20:28.319 2004 2004 I sysui_multi_action: [757,0,758,1,759,0,927,3,928,0,1593,1]
12-10 06:20:28.319 2004 2004 I sysui_multi_action: [757,491,758,1,759,491,927,4,928,1,1311,1,1593,1]
12-10 06:20:28.319 2004 2004 I sysui_multi_action: [757,0,758,1,759,0,927,5,928,0,1593,1]
12-10 06:20:28.319 2004 2004 I sysui_multi_action: [757,111,758,1]
12-10 06:20:28.319 2004 2004 I sysui_multi_action: [757,126,758,1,759,126,927,0,928,1,1593,1]
12-10 06:20:28.319 2004 2004 I sysui_multi_action: [757,113,758,1,759,113,927,1,928,1,1593,1]
12-10 06:20:28.320 2004 2004 I sysui_multi_action: [757,0,758,1,759,0,927,2,928,0,1593,1]
12-10 06:20:28.320 2004 2004 I sysui_multi_action: [757,0,758,1,759,0,927,3,928,0,1593,1]
12-10 06:20:28.331 2004 2004 I sysui_multi_action: [757,111,758,2]
12-10 06:20:28.331 1507 1507 I notification_enqueue: [10082,2004,com.android.systemui,2048,NULL,0,Notification(channel=updateNotification shortcut=null contentView=null vibrate=null sound=null defaults=0x0 flags=0x0 color=0x00000000 vis=PRIVATE),1]
12-10 06:20:28.331 2004 2004 I sysui_multi_action: [757,111,758,2]
12-10 06:20:28.333 2004 2004 I sysui_multi_action: [757,111,758,1]
12-10 06:20:28.334 2004 2004 I sysui_multi_action: [757,126,758,1,759,126,927,0,928,1,1593,1]
12-10 06:20:28.334 2004 2004 I sysui_multi_action: [757,113,758,1,759,113,927,1,928,1,1593,1]
12-10 06:20:28.334 2004 2004 I sysui_multi_action: [757,0,758,1,759,0,927,2,928,0,1593,1]
12-10 06:20:28.334 2004 2004 I sysui_multi_action: [757,0,758,1,759,0,927,3,928,0,1593,1]
12-10 06:20:28.334 2004 2004 I sysui_multi_action: [757,491,758,1,759,491,927,4,928,1,1311,1,1593,0]
12-10 06:20:28.335 2004 2004 I sysui_multi_action: [757,0,758,1,759,0,927,5,928,0,1593,0]
12-10 06:20:28.335 2004 2004 I sysui_multi_action: [757,111,758,1]
12-10 06:20:28.335 2004 2004 I sysui_multi_action: [757,126,758,1,759,126,927,0,928,1,1593,1]
12-10 06:20:28.335 2004 2004 I sysui_multi_action: [757,113,758,1,759,113,927,1,928,1,1593,1]
12-10 06:20:28.335 2004 2004 I sysui_multi_action: [757,0,758,1,759,0,927,2,928,0,1593,1]
12-10 06:20:28.335 2004 2004 I sysui_multi_action: [757,0,758,1,759,0,927,3,928,0,1593,1]
12-10 06:20:28.349 2004 2004 I sysui_multi_action: [757,111,758,2]
12-10 06:20:28.350 2004 2004 I sysui_multi_action: [757,111,758,2]
12-10 06:20:28.350 1507 1507 I notification_enqueue: [10082,2004,com.android.systemui,2048,NULL,0,Notification(channel=updateNotification shortcut=null contentView=null vibrate=null sound=null defaults=0x0 flags=0x0 color=0x00000000 vis=PRIVATE),1]
12-10 06:20:28.352 2004 2004 I sysui_multi_action: [757,111,758,1]
12-10 06:20:28.353 2004 2004 I sysui_multi_action: [757,126,758,1,759,126,927,0,928,1,1593,1]
12-10 06:20:28.353 2004 2004 I sysui_multi_action: [757,113,758,1,759,113,927,1,928,1,1593,1]
12-10 06:20:28.353 2004 2004 I sysui_multi_action: [757,0,758,1,759,0,927,2,928,0,1593,1]
12-10 06:20:28.353 2004 2004 I sysui_multi_action: [757,0,758,1,759,0,927,3,928,0,1593,1]
12-10 06:20:28.353 2004 2004 I sysui_multi_action: [757,491,758,1,759,491,927,4,928,1,1311,1,1593,0]
12-10 06:20:28.353 2004 2004 I sysui_multi_action: [757,0,758,1,759,0,927,5,928,0,1593,0]
12-10 06:20:28.353 2004 2004 I sysui_multi_action: [757,111,758,1]
12-10 06:20:28.353 2004 2004 I sysui_multi_action: [757,126,758,1,759,126,927,0,928,1,1593,1]
12-10 06:20:28.353 2004 2004 I sysui_multi_action: [757,113,758,1,759,113,927,1,928,1,1593,1]
12-10 06:20:28.353 2004 2004 I sysui_multi_action: [757,0,758,1,759,0,927,2,928,0,1593,1]
12-10 06:20:28.353 2004 2004 I sysui_multi_action: [757,0,758,1,759,0,927,3,928,0,1593,1]
12-10 06:20:28.365 2004 2004 I sysui_multi_action: [757,111,758,2]
12-10 06:20:28.365 2004 2004 I sysui_multi_action: [757,111,758,2]
12-10 06:20:28.367 1507 1507 I notification_enqueue: [10082,2004,com.android.systemui,2048,NULL,0,Notification(channel=updateNotification shortcut=null contentView=null vibrate=null sound=null defaults=0x0 flags=0x0 color=0x00000000 vis=PRIVATE),1]
12-10 06:20:28.368 2004 2004 I sysui_multi_action: [757,111,758,1]
12-10 06:20:28.368 2004 2004 I sysui_multi_action: [757,126,758,1,759,126,927,0,928,1,1593,0]
12-10 06:20:28.368 2004 2004 I sysui_multi_action: [757,113,758,1,759,113,927,1,928,1,1593,0]
12-10 06:20:28.368 2004 2004 I sysui_multi_action: [757,0,758,1,759,0,927,2,928,0,1593,0]
12-10 06:20:28.368 2004 2004 I sysui_multi_action: [757,0,758,1,759,0,927,3,928,0,1593,1]
12-10 06:20:28.368 2004 2004 I sysui_multi_action: [757,491,758,1,759,491,927,4,928,1,1311,1,1593,0]
12-10 06:20:28.368 2004 2004 I sysui_multi_action: [757,0,758,1,759,0,927,5,928,0,1593,0]
12-10 06:20:28.368 2004 2004 I sysui_multi_action: [757,111,758,1]
12-10 06:20:28.368 2004 2004 I sysui_multi_action: [757,126,758,1,759,126,927,0,928,1,1593,1]
12-10 06:20:28.368 2004 2004 I sysui_multi_action: [757,113,758,1,759,113,927,1,928,1,1593,1]
12-10 06:20:28.368 2004 2004 I sysui_multi_action: [757,0,758,1,759,0,927,2,928,0,1593,1]
