12-10 07:05:27.773 2004 2004 I sysui_multi_action: [757,113,758,1,759,113,927,1,928,1,1593,0]
12-10 07:05:27.773 2004 2004 I sysui_multi_action: [757,0,758,1,759,0,927,2,928,0,1593,0]
12-10 07:05:27.773 2004 2004 I sysui_multi_action: [757,0,758,1,759,0,927,3,928,0,1593,0]
12-10 07:05:27.773 1507 1568 W WindowManager: updateScale0.4617737
12-10 07:05:27.784 1507 1736 I input_focus: [Focus entering 6fd0113 com.thundercomm.screensaver/android.service.dreams.DreamActivity (server),reason=Window became focusable. Previous reason: NOT_VISIBLE]
12-10 07:05:27.785 1507 1980 E DisplayDeviceConfig: requesting nits when no mapping exists.
12-10 07:05:27.785 1507 1980 E DisplayDeviceConfig: requesting nits when no mapping exists.
12-10 07:05:27.785 1507 1583 I am_wtf : [0,1507,system_server,-1,DisplayDeviceConfig,requesting nits when no mapping exists.]
12-10 07:05:27.787 1507 1583 I am_wtf : [0,1507,system_server,-1,DisplayDeviceConfig,requesting nits when no mapping exists.]
12-10 07:05:27.807 1507 1980 E DisplayDeviceConfig: requesting nits when no mapping exists.
12-10 07:05:27.807 1507 1980 E DisplayDeviceConfig: requesting nits when no mapping exists.
12-10 07:05:27.807 1507 1583 I am_wtf : [0,1507,system_server,-1,DisplayDeviceConfig,requesting nits when no mapping exists.]
12-10 07:05:27.808 1507 1583 I am_wtf : [0,1507,system_server,-1,DisplayDeviceConfig,requesting nits when no mapping exists.]
12-10 07:05:27.815 8492 8527 W ContextImpl: Calling a method in the system process without a qualified user: android.app.ContextImpl.startService:1816 android.content.ContextWrapper.startService:774 com.thundercomm.gamemode.ingame.services.GameModeActionUtils.startGameModeService:99 com.thundercomm.gamemode.ingame.services.GameModeActionUtils.startGameModeEntry:22 com.thundercomm.gamemode.ingame.services.ActivityMonitoringService$1.onActivityLaunch:127
12-10 07:05:27.818 1507 1980 E DisplayDeviceConfig: requesting nits when no mapping exists.
12-10 07:05:27.818 1507 1980 E DisplayDeviceConfig: requesting nits when no mapping exists.
12-10 07:05:27.818 1507 1583 I am_wtf : [0,1507,system_server,-1,DisplayDeviceConfig,requesting nits when no mapping exists.]
12-10 07:05:27.820 1507 1583 I am_wtf : [0,1507,system_server,-1,DisplayDeviceConfig,requesting nits when no mapping exists.]
12-10 07:05:27.822 1507 1507 I GameModeConfig: Current uri is uri = content://com.thundercomm.gamemode.api/gamemode_settings/gamemode_isgaming
12-10 07:05:27.824 1507 1507 I GameModeConfig: isGameModeOn = true
12-10 07:05:27.824 1507 1507 I GameModeConfig: isGaming = false
12-10 07:05:27.825 1507 1507 I GameModeConfig: isGameModeOn = true
12-10 07:05:27.825 1507 1507 I GameModeConfig: isGaming = false
12-10 07:05:27.825 1507 1507 I GameModeConfig: isDisableVoice = true
12-10 07:05:27.832 1507 1980 E DisplayDeviceConfig: requesting nits when no mapping exists.
12-10 07:05:27.833 1507 1980 E DisplayDeviceConfig: requesting nits when no mapping exists.
12-10 07:05:27.834 1507 1583 I am_wtf : [0,1507,system_server,-1,DisplayDeviceConfig,requesting nits when no mapping exists.]
12-10 07:05:27.834 1507 1583 I am_wtf : [0,1507,system_server,-1,DisplayDeviceConfig,requesting nits when no mapping exists.]
12-10 07:05:27.851 1507 1980 E DisplayDeviceConfig: requesting nits when no mapping exists.
12-10 07:05:27.852 1507 1583 I am_wtf : [0,1507,system_server,-1,DisplayDeviceConfig,requesting nits when no mapping exists.]
12-10 07:05:27.852 1507 1980 E DisplayDeviceConfig: requesting nits when no mapping exists.
12-10 07:05:27.852 1507 1583 I am_wtf : [0,1507,system_server,-1,DisplayDeviceConfig,requesting nits when no mapping exists.]
12-10 07:05:27.866 1507 1980 E DisplayDeviceConfig: requesting nits when no mapping exists.
12-10 07:05:27.866 1507 1980 E DisplayDeviceConfig: requesting nits when no mapping exists.
12-10 07:05:27.866 1507 1583 I am_wtf : [0,1507,system_server,-1,DisplayDeviceConfig,requesting nits when no mapping exists.]
12-10 07:05:27.867 1507 1583 I am_wtf : [0,1507,system_server,-1,DisplayDeviceConfig,requesting nits when no mapping exists.]
12-10 07:05:27.887 1507 1980 E DisplayDeviceConfig: requesting nits when no mapping exists.
12-10 07:05:27.887 1507 1980 E DisplayDeviceConfig: requesting nits when no mapping exists.
12-10 07:05:27.887 1507 1583 I am_wtf : [0,1507,system_server,-1,DisplayDeviceConfig,requesting nits when no mapping exists.]
12-10 07:05:27.888 1507 1583 I am_wtf : [0,1507,system_server,-1,DisplayDeviceConfig,requesting nits when no mapping exists.]
12-10 07:05:27.899 1507 1980 E DisplayDeviceConfig: requesting nits when no mapping exists.
12-10 07:05:27.901 1507 1583 I am_wtf : [0,1507,system_server,-1,DisplayDeviceConfig,requesting nits when no mapping exists.]
12-10 07:05:27.901 1507 1980 E DisplayDeviceConfig: requesting nits when no mapping exists.
12-10 07:05:27.902 1507 1583 I am_wtf : [0,1507,system_server,-1,DisplayDeviceConfig,requesting nits when no mapping exists.]
12-10 07:05:27.918 1507 1980 E DisplayDeviceConfig: requesting nits when no mapping exists.
12-10 07:05:27.919 1507 1583 I am_wtf : [0,1507,system_server,-1,DisplayDeviceConfig,requesting nits when no mapping exists.]
12-10 07:05:27.919 1507 1980 E DisplayDeviceConfig: requesting nits when no mapping exists.
12-10 07:05:27.921 1507 1583 I am_wtf : [0,1507,system_server,-1,DisplayDeviceConfig,requesting nits when no mapping exists.]
12-10 07:05:27.938 1507 1980 E DisplayDeviceConfig: requesting nits when no mapping exists.
12-10 07:05:27.938 1507 1583 I am_wtf : [0,1507,system_server,-1,DisplayDeviceConfig,requesting nits when no mapping exists.]
12-10 07:05:27.939 1507 1980 E DisplayDeviceConfig: requesting nits when no mapping exists.
12-10 07:05:27.940 1507 1583 I am_wtf : [0,1507,system_server,-1,DisplayDeviceConfig,requesting nits when no mapping exists.]
12-10 07:05:27.955 1507 1980 E DisplayDeviceConfig: requesting nits when no mapping exists.
12-10 07:05:27.955 1507 1980 E DisplayDeviceConfig: requesting nits when no mapping exists.
12-10 07:05:27.955 1507 1583 I am_wtf : [0,1507,system_server,-1,DisplayDeviceConfig,requesting nits when no mapping exists.]
12-10 07:05:27.957 1507 1583 I am_wtf : [0,1507,system_server,-1,DisplayDeviceConfig,requesting nits when no mapping exists.]
12-10 07:05:27.962 1507 1507 I GameModeConfig: isGameModeOn = true
12-10 07:05:27.962 1507 1507 I GameModeConfig: isGaming = false
12-10 07:05:27.967 1507 1980 E DisplayDeviceConfig: requesting nits when no mapping exists.
12-10 07:05:27.968 1507 1583 I am_wtf : [0,1507,system_server,-1,DisplayDeviceConfig,requesting nits when no mapping exists.]
12-10 07:05:27.968 1507 1980 E DisplayDeviceConfig: requesting nits when no mapping exists.
12-10 07:05:27.969 1507 1583 I am_wtf : [0,1507,system_server,-1,DisplayDeviceConfig,requesting nits when no mapping exists.]
12-10 07:05:27.985 1507 1980 E DisplayDeviceConfig: requesting nits when no mapping exists.
12-10 07:05:27.986 1507 1980 E DisplayDeviceConfig: requesting nits when no mapping exists.
12-10 07:05:27.986 1507 1583 I am_wtf : [0,1507,system_server,-1,DisplayDeviceConfig,requesting nits when no mapping exists.]
12-10 07:05:27.989 1507 1583 I am_wtf : [0,1507,system_server,-1,DisplayDeviceConfig,requesting nits when no mapping exists.]
12-10 07:05:27.999 1507 1980 E DisplayDeviceConfig: requesting nits when no mapping exists.
12-10 07:05:28.000 1507 1980 E DisplayDeviceConfig: requesting nits when no mapping exists.
12-10 07:05:28.004 1507 1583 I am_wtf : [0,1507,system_server,-1,DisplayDeviceConfig,requesting nits when no mapping exists.]
12-10 07:05:28.006 1507 1583 I am_wtf : [0,1507,system_server,-1,DisplayDeviceConfig,requesting nits when no mapping exists.]
12-10 07:05:28.016 1507 1980 E DisplayDeviceConfig: requesting nits when no mapping exists.
12-10 07:05:28.017 1507 1980 E DisplayDeviceConfig: requesting nits when no mapping exists.
12-10 07:05:28.017 1507 1583 I am_wtf : [0,1507,system_server,-1,DisplayDeviceConfig,requesting nits when no mapping exists.]
12-10 07:05:28.018 1507 1583 I am_wtf : [0,1507,system_server,-1,DisplayDeviceConfig,requesting nits when no mapping exists.]
12-10 07:05:28.035 1507 1980 E DisplayDeviceConfig: requesting nits when no mapping exists.
12-10 07:05:28.036 1507 1980 E DisplayDeviceConfig: requesting nits when no mapping exists.
12-10 07:05:28.036 1507 1583 I am_wtf : [0,1507,system_server,-1,DisplayDeviceConfig,requesting nits when no mapping exists.]
12-10 07:05:28.038 1507 1583 I am_wtf : [0,1507,system_server,-1,DisplayDeviceConfig,requesting nits when no mapping exists.]
12-10 07:05:28.050 1507 1980 E DisplayDeviceConfig: requesting nits when no mapping exists.
12-10 07:05:28.050 1507 1583 I am_wtf : [0,1507,system_server,-1,DisplayDeviceConfig,requesting nits when no mapping exists.]
12-10 07:05:28.051 1507 1980 E DisplayDeviceConfig: requesting nits when no mapping exists.
12-10 07:05:28.052 1507 1583 I am_wtf : [0,1507,system_server,-1,DisplayDeviceConfig,requesting nits when no mapping exists.]
12-10 07:05:28.068 1507 1980 E DisplayDeviceConfig: requesting nits when no mapping exists.
12-10 07:05:28.069 1507 1583 I am_wtf : [0,1507,system_server,-1,DisplayDeviceConfig,requesting nits when no mapping exists.]
12-10 07:05:28.069 1507 1569 W WindowManager: updateScale0.4617737
12-10 07:05:28.070 1507 1980 E DisplayDeviceConfig: requesting nits when no mapping exists.
12-10 07:05:28.071 1507 1583 I am_wtf : [0,1507,system_server,-1,DisplayDeviceConfig,requesting nits when no mapping exists.]
12-10 07:05:28.071 1507 1568 I wm_stop_activity: [0,142082565,com.android.launcher3/.uioverrides.QuickstepLauncher]
12-10 07:05:28.085 1507 1980 E DisplayDeviceConfig: requesting nits when no mapping exists.
12-10 07:05:28.085 1507 1980 E DisplayDeviceConfig: requesting nits when no mapping exists.
12-10 07:05:28.086 1507 1583 I am_wtf : [0,1507,system_server,-1,DisplayDeviceConfig,requesting nits when no mapping exists.]
12-10 07:05:28.087 1507 6699 W WindowManager: updateScale0.4617737
12-10 07:05:28.088 1507 1583 I am_wtf : [0,1507,system_server,-1,DisplayDeviceConfig,requesting nits when no mapping exists.]
12-10 07:05:28.092 2526 2526 I wm_on_stop_called: [142082565,com.android.launcher3.uioverrides.QuickstepLauncher,STOP_ACTIVITY_ITEM]
12-10 07:05:28.100 1507 1980 E DisplayDeviceConfig: requesting nits when no mapping exists.
12-10 07:05:28.100 1507 1980 E DisplayDeviceConfig: requesting nits when no mapping exists.
12-10 07:05:28.100 1507 1583 I am_wtf : [0,1507,system_server,-1,DisplayDeviceConfig,requesting nits when no mapping exists.]
12-10 07:05:28.103 1507 1583 I am_wtf : [0,1507,system_server,-1,DisplayDeviceConfig,requesting nits when no mapping exists.]
12-10 07:05:28.112 8492 8527 W ContextImpl: Calling a method in the system process without a qualified user: android.app.ContextImpl.startService:1816 android.content.ContextWrapper.startService:774 com.thundercomm.gamemode.ingame.services.GameModeActionUtils.startGameModeService:99 com.thundercomm.gamemode.ingame.services.GameModeActionUtils.startGameModeEntry:22 com.thundercomm.gamemode.ingame.services.ActivityMonitoringService$1.onActivityLaunch:127
12-10 07:05:28.115 1507 1507 I GameModeConfig: Current uri is uri = content://com.thundercomm.gamemode.api/gamemode_settings/gamemode_isgaming
12-10 07:05:28.118 1507 1507 I GameModeConfig: isGameModeOn = true
12-10 07:05:28.118 1507 1507 I GameModeConfig: isGaming = false
12-10 07:05:28.119 1507 1507 I GameModeConfig: isGameModeOn = true
12-10 07:05:28.119 1507 1507 I GameModeConfig: isGaming = false
12-10 07:05:28.119 1507 1507 I GameModeConfig: isDisableVoice = true
12-10 07:05:30.155 0 0 I auditd : type=1400 audit(0.0:21020): avc: denied { kill } for comm="swapper/1" capability=5 scontext=u:r:kernel:s0 tcontext=u:r:kernel:s0 tclass=capability permissive=0
12-10 07:05:31.155 0 0 I auditd : type=1400 audit(0.0:21021): avc: denied { kill } for comm="swapper/1" capability=5 scontext=u:r:kernel:s0 tcontext=u:r:kernel:s0 tclass=capability permissive=0
12-10 07:05:31.813 1507 1711 D ActivityManager: freezing 16089 com.android.soundrecorder
12-10 07:05:31.814 1507 1711 E ActivityManager: Unable to freeze binder for 16089 com.android.soundrecorder
12-10 07:05:31.815 1507 1711 D ActivityManager: froze 16089 com.android.soundrecorder
12-10 07:05:31.815 1507 1711 I am_freeze: [16089,com.android.soundrecorder]
12-10 07:05:31.815 1507 1711 E ActivityManager: Unable to freeze binder for 16089 com.android.soundrecorder
12-10 07:05:31.815 1507 1711 I ActivityManager: Killing 16089:com.android.soundrecorder/u0a61 (adj 925): Unable to freeze binder interface
12-10 07:05:31.816 1507 1711 I am_kill : [0,16089,com.android.soundrecorder,925,Unable to freeze binder interface]
12-10 07:05:31.846 1507 6699 I am_proc_died: [0,16089,com.android.soundrecorder,925,19]
12-10 07:05:31.846 1507 6699 I am_uid_stopped: 10061
12-10 07:05:31.851 1507 1568 I am_uid_running: 10061
12-10 07:05:31.851 1507 1568 D CompatibilityChangeReporter: Compat change id reported: 135634846; UID 10061; state: DISABLED
12-10 07:05:31.851 1507 1568 D CompatibilityChangeReporter: Compat change id reported: 177438394; UID 10061; state: DISABLED
12-10 07:05:31.851 1507 1568 D CompatibilityChangeReporter: Compat change id reported: 135772972; UID 10061; state: DISABLED
12-10 07:05:31.851 1507 1568 D CompatibilityChangeReporter: Compat change id reported: 135754954; UID 10061; state: ENABLED
12-10 07:05:31.852 1507 1584 D CompatibilityChangeReporter: Compat change id reported: 143937733; UID 10061; state: ENABLED
12-10 07:05:31.867 1507 1584 I am_proc_start: [0,16304,10061,com.android.soundrecorder,NULL,]
12-10 07:05:31.867 1507 1584 I ActivityManager: Start proc 16304:com.android.soundrecorder/u0a61 for null
12-10 07:05:31.902 1507 6699 I am_proc_bound: [0,16304,com.android.soundrecorder]
12-10 07:05:31.904 1507 6699 D CompatibilityChangeReporter: Compat change id reported: 168419799; UID 10061; state: DISABLED
12-10 07:05:32.155 0 0 I auditd : type=1400 audit(0.0:21022): avc: denied { kill } for comm="swapper/1" capability=5 scontext=u:r:kernel:s0 tcontext=u:r:kernel:s0 tclass=capability permissive=0
12-10 07:05:33.155 0 0 I auditd : type=1400 audit(0.0:21023): avc: denied { kill } for comm="swapper/1" capability=5 scontext=u:r:kernel:s0 tcontext=u:r:kernel:s0 tclass=capability permissive=0
12-10 07:05:34.155 0 0 I auditd : type=1400 audit(0.0:21024): avc: denied { kill } for comm="swapper/1" capability=5 scontext=u:r:kernel:s0 tcontext=u:r:kernel:s0 tclass=capability permissive=0
12-10 07:05:34.166 1507 1581 I am_pss : [15287,1000,com.android.settings,137562112,129191936,0,265498624,0,15,23]
12-10 07:05:35.155 0 0 I auditd : type=1400 audit(0.0:21025): avc: denied { kill } for comm="swapper/1" capability=5 scontext=u:r:kernel:s0 tcontext=u:r:kernel:s0 tclass=capability permissive=0
12-10 07:05:36.155 0 0 I auditd : type=1400 audit(0.0:21026): avc: denied { kill } for comm="swapper/1" capability=5 scontext=u:r:kernel:s0 tcontext=u:r:kernel:s0 tclass=capability permissive=0
12-10 07:05:37.155 0 0 I auditd : type=1400 audit(0.0:21027): avc: denied { kill } for comm="swapper/1" capability=5 scontext=u:r:kernel:s0 tcontext=u:r:kernel:s0 tclass=capability permissive=0
12-10 07:05:37.965 1507 1909 I GameModeConfig: isGameModeOn = true
12-10 07:05:37.965 1507 1909 I GameModeConfig: isGaming = false
12-10 07:05:38.155 0 0 I auditd : type=1400 audit(0.0:21028): avc: denied { kill } for comm="swapper/1" capability=5 scontext=u:r:kernel:s0 tcontext=u:r:kernel:s0 tclass=capability permissive=0
12-10 07:05:39.155 0 0 I auditd : type=1400 audit(0.0:21029): avc: denied { kill } for comm="swapper/1" capability=5 scontext=u:r:kernel:s0 tcontext=u:r:kernel:s0 tclass=capability permissive=0
12-10 07:05:40.155 0 0 I auditd : type=1400 audit(0.0:21030): avc: denied { kill } for comm="swapper/1" capability=5 scontext=u:r:kernel:s0 tcontext=u:r:kernel:s0 tclass=capability permissive=0
12-10 07:05:41.155 0 0 I auditd : type=1400 audit(0.0:21031): avc: denied { kill } for comm="swapper/1" capability=5 scontext=u:r:kernel:s0 tcontext=u:r:kernel:s0 tclass=capability permissive=0
12-10 07:05:42.155 0 0 I auditd : type=1400 audit(0.0:21032): avc: denied { kill } for comm="swapper/1" capability=5 scontext=u:r:kernel:s0 tcontext=u:r:kernel:s0 tclass=capability permissive=0
12-10 07:05:43.155 0 0 I auditd : type=1400 audit(0.0:21033): avc: denied { kill } for comm="swapper/1" capability=5 scontext=u:r:kernel:s0 tcontext=u:r:kernel:s0 tclass=capability permissive=0
12-10 07:05:44.155 0 0 I auditd : type=1400 audit(0.0:21034): avc: denied { kill } for comm="swapper/1" capability=5 scontext=u:r:kernel:s0 tcontext=u:r:kernel:s0 tclass=capability permissive=0
12-10 07:05:45.155 0 0 I auditd : type=1400 audit(0.0:21035): avc: denied { kill } for comm="swapper/1" capability=5 scontext=u:r:kernel:s0 tcontext=u:r:kernel:s0 tclass=capability permissive=0
12-10 07:05:46.155 0 0 I auditd : type=1400 audit(0.0:21036): avc: denied { kill } for comm="swapper/1" capability=5 scontext=u:r:kernel:s0 tcontext=u:r:kernel:s0 tclass=capability permissive=0
12-10 07:05:47.155 0 0 I auditd : type=1400 audit(0.0:21037): avc: denied { kill } for comm="swapper/1" capability=5 scontext=u:r:kernel:s0 tcontext=u:r:kernel:s0 tclass=capability permissive=0
12-10 07:05:48.155 0 0 I auditd : type=1400 audit(0.0:21038): avc: denied { kill } for comm="swapper/1" capability=5 scontext=u:r:kernel:s0 tcontext=u:r:kernel:s0 tclass=capability permissive=0
12-10 07:05:49.155 0 0 I auditd : type=1400 audit(0.0:21039): avc: denied { kill } for comm="swapper/1" capability=5 scontext=u:r:kernel:s0 tcontext=u:r:kernel:s0 tclass=capability permissive=0
12-10 07:05:50.155 0 0 I auditd : type=1400 audit(0.0:21040): avc: denied { kill } for comm="swapper/1" capability=5 scontext=u:r:kernel:s0 tcontext=u:r:kernel:s0 tclass=capability permissive=0
12-10 07:05:51.155 0 0 I auditd : type=1400 audit(0.0:21041): avc: denied { kill } for comm="swapper/1" capability=5 scontext=u:r:kernel:s0 tcontext=u:r:kernel:s0 tclass=capability permissive=0
12-10 07:05:52.155 0 0 I auditd : type=1400 audit(0.0:21042): avc: denied { kill } for comm="swapper/1" capability=5 scontext=u:r:kernel:s0 tcontext=u:r:kernel:s0 tclass=capability permissive=0
12-10 07:05:53.155 0 0 I auditd : type=1400 audit(0.0:21043): avc: denied { kill } for comm="swapper/1" capability=5 scontext=u:r:kernel:s0 tcontext=u:r:kernel:s0 tclass=capability permissive=0
12-10 07:05:54.155 0 0 I auditd : type=1400 audit(0.0:21044): avc: denied { kill } for comm="swapper/1" capability=5 scontext=u:r:kernel:s0 tcontext=u:r:kernel:s0 tclass=capability permissive=0
12-10 07:05:55.155 0 0 I auditd : type=1400 audit(0.0:21045): avc: denied { kill } for comm="swapper/1" capability=5 scontext=u:r:kernel:s0 tcontext=u:r:kernel:s0 tclass=capability permissive=0
12-10 07:05:56.155 0 0 I auditd : type=1400 audit(0.0:21046): avc: denied { kill } for comm="swapper/1" capability=5 scontext=u:r:kernel:s0 tcontext=u:r:kernel:s0 tclass=capability permissive=0
12-10 07:05:57.155 0 0 I auditd : type=1400 audit(0.0:21047): avc: denied { kill } for comm="swapper/1" capability=5 scontext=u:r:kernel:s0 tcontext=u:r:kernel:s0 tclass=capability permissive=0
12-10 07:05:58.155 0 0 I auditd : type=1400 audit(0.0:21048): avc: denied { kill } for comm="swapper/1" capability=5 scontext=u:r:kernel:s0 tcontext=u:r:kernel:s0 tclass=capability permissive=0
12-10 07:05:59.155 0 0 I auditd : type=1400 audit(0.0:21049): avc: denied { kill } for comm="swapper/1" capability=5 scontext=u:r:kernel:s0 tcontext=u:r:kernel:s0 tclass=capability permissive=0
12-10 07:06:00.155 0 0 I auditd : type=1400 audit(0.0:21050): avc: denied { kill } for comm="swapper/1" capability=5 scontext=u:r:kernel:s0 tcontext=u:r:kernel:s0 tclass=capability permissive=0
12-10 07:06:02.155 0 0 I auditd : type=1400 audit(0.0:21051): avc: denied { kill } for comm="swapper/1" capability=5 scontext=u:r:kernel:s0 tcontext=u:r:kernel:s0 tclass=capability permissive=0
12-10 07:06:03.155 0 0 I auditd : type=1400 audit(0.0:21052): avc: denied { kill } for comm="swapper/1" capability=5 scontext=u:r:kernel:s0 tcontext=u:r:kernel:s0 tclass=capability permissive=0
12-10 07:06:04.155 0 0 I auditd : type=1400 audit(0.0:21053): avc: denied { kill } for comm="swapper/1" capability=5 scontext=u:r:kernel:s0 tcontext=u:r:kernel:s0 tclass=capability permissive=0
12-10 07:06:05.155 0 0 I auditd : type=1400 audit(0.0:21054): avc: denied { kill } for comm="swapper/1" capability=5 scontext=u:r:kernel:s0 tcontext=u:r:kernel:s0 tclass=capability permissive=0
12-10 07:06:06.155 0 0 I auditd : type=1400 audit(0.0:21055): avc: denied { kill } for comm="swapper/1" capability=5 scontext=u:r:kernel:s0 tcontext=u:r:kernel:s0 tclass=capability permissive=0
12-10 07:06:07.155 0 0 I auditd : type=1400 audit(0.0:21056): avc: denied { kill } for comm="swapper/1" capability=5 scontext=u:r:kernel:s0 tcontext=u:r:kernel:s0 tclass=capability permissive=0
12-10 07:06:08.155 0 0 I auditd : type=1400 audit(0.0:21057): avc: denied { kill } for comm="swapper/1" capability=5 scontext=u:r:kernel:s0 tcontext=u:r:kernel:s0 tclass=capability permissive=0
12-10 07:06:09.155 0 0 I auditd : type=1400 audit(0.0:21058): avc: denied { kill } for comm="swapper/1" capability=5 scontext=u:r:kernel:s0 tcontext=u:r:kernel:s0 tclass=capability permissive=0
12-10 07:06:10.155 0 0 I auditd : type=1400 audit(0.0:21059): avc: denied { kill } for comm="swapper/1" capability=5 scontext=u:r:kernel:s0 tcontext=u:r:kernel:s0 tclass=capability permissive=0
12-10 07:06:11.155 0 0 I auditd : type=1400 audit(0.0:21060): avc: denied { kill } for comm="swapper/1" capability=5 scontext=u:r:kernel:s0 tcontext=u:r:kernel:s0 tclass=capability permissive=0
12-10 07:06:12.155 0 0 I auditd : type=1400 audit(0.0:21061): avc: denied { kill } for comm="swapper/1" capability=5 scontext=u:r:kernel:s0 tcontext=u:r:kernel:s0 tclass=capability permissive=0
12-10 07:06:13.155 0 0 I auditd : type=1400 audit(0.0:21062): avc: denied { kill } for comm="swapper/1" capability=5 scontext=u:r:kernel:s0 tcontext=u:r:kernel:s0 tclass=capability permissive=0
12-10 07:06:14.155 0 0 I auditd : type=1400 audit(0.0:21063): avc: denied { kill } for comm="swapper/1" capability=5 scontext=u:r:kernel:s0 tcontext=u:r:kernel:s0 tclass=capability permissive=0
12-10 07:06:15.155 0 0 I auditd : type=1400 audit(0.0:21064): avc: denied { kill } for comm="swapper/1" capability=5 scontext=u:r:kernel:s0 tcontext=u:r:kernel:s0 tclass=capability permissive=0
12-10 07:06:16.155 0 0 I auditd : type=1400 audit(0.0:21065): avc: denied { kill } for comm="swapper/1" capability=5 scontext=u:r:kernel:s0 tcontext=u:r:kernel:s0 tclass=capability permissive=0
12-10 07:06:17.155 0 0 I auditd : type=1400 audit(0.0:21066): avc: denied { kill } for comm="swapper/1" capability=5 scontext=u:r:kernel:s0 tcontext=u:r:kernel:s0 tclass=capability permissive=0
12-10 07:06:18.155 0 0 I auditd : type=1400 audit(0.0:21067): avc: denied { kill } for comm="swapper/1" capability=5 scontext=u:r:kernel:s0 tcontext=u:r:kernel:s0 tclass=capability permissive=0
12-10 07:06:19.155 0 0 I auditd : type=1400 audit(0.0:21068): avc: denied { kill } for comm="swapper/1" capability=5 scontext=u:r:kernel:s0 tcontext=u:r:kernel:s0 tclass=capability permissive=0
12-10 07:06:20.155 0 0 I auditd : type=1400 audit(0.0:21069): avc: denied { kill } for comm="swapper/1" capability=5 scontext=u:r:kernel:s0 tcontext=u:r:kernel:s0 tclass=capability permissive=0
12-10 07:06:21.155 0 0 I auditd : type=1400 audit(0.0:21070): avc: denied { kill } for comm="swapper/1" capability=5 scontext=u:r:kernel:s0 tcontext=u:r:kernel:s0 tclass=capability permissive=0
12-10 07:06:22.155 0 0 I auditd : type=1400 audit(0.0:21071): avc: denied { kill } for comm="swapper/1" capability=5 scontext=u:r:kernel:s0 tcontext=u:r:kernel:s0 tclass=capability permissive=0
12-10 07:06:23.155 0 0 I auditd : type=1400 audit(0.0:21072): avc: denied { kill } for comm="swapper/1" capability=5 scontext=u:r:kernel:s0 tcontext=u:r:kernel:s0 tclass=capability permissive=0
12-10 07:06:24.155 0 0 I auditd : type=1400 audit(0.0:21073): avc: denied { kill } for comm="swapper/1" capability=5 scontext=u:r:kernel:s0 tcontext=u:r:kernel:s0 tclass=capability permissive=0
12-10 07:06:25.155 0 0 I auditd : type=1400 audit(0.0:21074): avc: denied { kill } for comm="swapper/1" capability=5 scontext=u:r:kernel:s0 tcontext=u:r:kernel:s0 tclass=capability permissive=0
12-10 07:06:26.155 0 0 I auditd : type=1400 audit(0.0:21075): avc: denied { kill } for comm="swapper/1" capability=5 scontext=u:r:kernel:s0 tcontext=u:r:kernel:s0 tclass=capability permissive=0
12-10 07:06:27.155 0 0 I auditd : type=1400 audit(0.0:21076): avc: denied { kill } for comm="swapper/1" capability=5 scontext=u:r:kernel:s0 tcontext=u:r:kernel:s0 tclass=capability permissive=0
12-10 07:06:28.155 0 0 I auditd : type=1400 audit(0.0:21077): avc: denied { kill } for comm="swapper/1" capability=5 scontext=u:r:kernel:s0 tcontext=u:r:kernel:s0 tclass=capability permissive=0
12-10 07:06:29.155 0 0 I auditd : type=1400 audit(0.0:21078): avc: denied { kill } for comm="swapper/1" capability=5 scontext=u:r:kernel:s0 tcontext=u:r:kernel:s0 tclass=capability permissive=0
12-10 07:06:30.155 0 0 I auditd : type=1400 audit(0.0:21079): avc: denied { kill } for comm="swapper/1" capability=5 scontext=u:r:kernel:s0 tcontext=u:r:kernel:s0 tclass=capability permissive=0
12-10 07:06:31.155 0 0 I auditd : type=1400 audit(0.0:21080): avc: denied { kill } for comm="swapper/1" capability=5 scontext=u:r:kernel:s0 tcontext=u:r:kernel:s0 tclass=capability permissive=0
12-10 07:06:32.155 0 0 I auditd : type=1400 audit(0.0:21081): avc: denied { kill } for comm="swapper/1" capability=5 scontext=u:r:kernel:s0 tcontext=u:r:kernel:s0 tclass=capability permissive=0
12-10 07:06:33.155 0 0 I auditd : type=1400 audit(0.0:21082): avc: denied { kill } for comm="swapper/1" capability=5 scontext=u:r:kernel:s0 tcontext=u:r:kernel:s0 tclass=capability permissive=0
12-10 07:06:34.155 1507 1583 I am_uid_idle: 10068
12-10 07:06:34.155 0 0 I auditd : type=1400 audit(0.0:21083): avc: denied { kill } for comm="swapper/1" capability=5 scontext=u:r:kernel:s0 tcontext=u:r:kernel:s0 tclass=capability permissive=0
12-10 07:06:35.155 0 0 I auditd : type=1400 audit(0.0:21084): avc: denied { kill } for comm="swapper/1" capability=5 scontext=u:r:kernel:s0 tcontext=u:r:kernel:s0 tclass=capability permissive=0
12-10 07:06:36.155 0 0 I auditd : type=1400 audit(0.0:21085): avc: denied { kill } for comm="swapper/1" capability=5 scontext=u:r:kernel:s0 tcontext=u:r:kernel:s0 tclass=capability permissive=0
12-10 07:06:37.155 0 0 I auditd : type=1400 audit(0.0:21086): avc: denied { kill } for comm="swapper/1" capability=5 scontext=u:r:kernel:s0 tcontext=u:r:kernel:s0 tclass=capability permissive=0
12-10 07:06:38.155 0 0 I auditd : type=1400 audit(0.0:21087): avc: denied { kill } for comm="swapper/1" capability=5 scontext=u:r:kernel:s0 tcontext=u:r:kernel:s0 tclass=capability permissive=0
12-10 07:06:39.155 0 0 I auditd : type=1400 audit(0.0:21088): avc: denied { kill } for comm="swapper/1" capability=5 scontext=u:r:kernel:s0 tcontext=u:r:kernel:s0 tclass=capability permissive=0
12-10 07:06:40.155 0 0 I auditd : type=1400 audit(0.0:21089): avc: denied { kill } for comm="swapper/1" capability=5 scontext=u:r:kernel:s0 tcontext=u:r:kernel:s0 tclass=capability permissive=0
12-10 07:06:41.155 0 0 I auditd : type=1400 audit(0.0:21090): avc: denied { kill } for comm="swapper/1" capability=5 scontext=u:r:kernel:s0 tcontext=u:r:kernel:s0 tclass=capability permissive=0
12-10 07:06:43.155 0 0 I auditd : type=1400 audit(0.0:21091): avc: denied { kill } for comm="swapper/1" capability=5 scontext=u:r:kernel:s0 tcontext=u:r:kernel:s0 tclass=capability permissive=0
12-10 07:06:44.155 0 0 I auditd : type=1400 audit(0.0:21092): avc: denied { kill } for comm="swapper/1" capability=5 scontext=u:r:kernel:s0 tcontext=u:r:kernel:s0 tclass=capability permissive=0
12-10 07:06:45.155 0 0 I auditd : type=1400 audit(0.0:21093): avc: denied { kill } for comm="swapper/1" capability=5 scontext=u:r:kernel:s0 tcontext=u:r:kernel:s0 tclass=capability permissive=0
12-10 07:06:46.155 0 0 I auditd : type=1400 audit(0.0:21094): avc: denied { kill } for comm="swapper/1" capability=5 scontext=u:r:kernel:s0 tcontext=u:r:kernel:s0 tclass=capability permissive=0
12-10 07:06:47.155 0 0 I auditd : type=1400 audit(0.0:21095): avc: denied { kill } for comm="swapper/1" capability=5 scontext=u:r:kernel:s0 tcontext=u:r:kernel:s0 tclass=capability permissive=0
12-10 07:06:48.155 0 0 I auditd : type=1400 audit(0.0:21096): avc: denied { kill } for comm="swapper/1" capability=5 scontext=u:r:kernel:s0 tcontext=u:r:kernel:s0 tclass=capability permissive=0
12-10 07:06:49.155 0 0 I auditd : type=1400 audit(0.0:21097): avc: denied { kill } for comm="swapper/1" capability=5 scontext=u:r:kernel:s0 tcontext=u:r:kernel:s0 tclass=capability permissive=0
12-10 07:06:50.155 0 0 I auditd : type=1400 audit(0.0:21098): avc: denied { kill } for comm="swapper/1" capability=5 scontext=u:r:kernel:s0 tcontext=u:r:kernel:s0 tclass=capability permissive=0
12-10 07:06:51.155 0 0 I auditd : type=1400 audit(0.0:21099): avc: denied { kill } for comm="swapper/1" capability=5 scontext=u:r:kernel:s0 tcontext=u:r:kernel:s0 tclass=capability permissive=0
12-10 07:06:52.155 0 0 I auditd : type=1400 audit(0.0:21100): avc: denied { kill } for comm="swapper/1" capability=5 scontext=u:r:kernel:s0 tcontext=u:r:kernel:s0 tclass=capability permissive=0
12-10 07:06:53.155 0 0 I auditd : type=1400 audit(0.0:21101): avc: denied { kill } for comm="swapper/1" capability=5 scontext=u:r:kernel:s0 tcontext=u:r:kernel:s0 tclass=capability permissive=0
12-10 07:06:54.155 0 0 I auditd : type=1400 audit(0.0:21102): avc: denied { kill } for comm="swapper/1" capability=5 scontext=u:r:kernel:s0 tcontext=u:r:kernel:s0 tclass=capability permissive=0
12-10 07:06:55.155 0 0 I auditd : type=1400 audit(0.0:21103): avc: denied { kill } for comm="swapper/1" capability=5 scontext=u:r:kernel:s0 tcontext=u:r:kernel:s0 tclass=capability permissive=0
12-10 07:06:56.155 0 0 I auditd : type=1400 audit(0.0:21104): avc: denied { kill } for comm="swapper/1" capability=5 scontext=u:r:kernel:s0 tcontext=u:r:kernel:s0 tclass=capability permissive=0
12-10 07:06:57.155 0 0 I auditd : type=1400 audit(0.0:21105): avc: denied { kill } for comm="swapper/1" capability=5 scontext=u:r:kernel:s0 tcontext=u:r:kernel:s0 tclass=capability permissive=0
12-10 07:06:58.155 0 0 I auditd : type=1400 audit(0.0:21106): avc: denied { kill } for comm="swapper/1" capability=5 scontext=u:r:kernel:s0 tcontext=u:r:kernel:s0 tclass=capability permissive=0
12-10 07:06:59.155 0 0 I auditd : type=1400 audit(0.0:21107): avc: denied { kill } for comm="swapper/1" capability=5 scontext=u:r:kernel:s0 tcontext=u:r:kernel:s0 tclass=capability permissive=0
12-10 07:07:00.155 0 0 I auditd : type=1400 audit(0.0:21108): avc: denied { kill } for comm="swapper/3" capability=5 scontext=u:r:kernel:s0 tcontext=u:r:kernel:s0 tclass=capability permissive=0
12-10 07:07:01.155 12606 12606 I auditd : type=1400 audit(0.0:21109): avc: denied { kill } for comm="kworker/u17:5" capability=5 scontext=u:r:kernel:s0 tcontext=u:r:kernel:s0 tclass=capability permissive=0
12-10 07:07:02.155 0 0 I auditd : type=1400 audit(0.0:21110): avc: denied { kill } for comm="swapper/3" capability=5 scontext=u:r:kernel:s0 tcontext=u:r:kernel:s0 tclass=capability permissive=0
12-10 07:07:03.155 0 0 I auditd : type=1400 audit(0.0:21111): avc: denied { kill } for comm="swapper/3" capability=5 scontext=u:r:kernel:s0 tcontext=u:r:kernel:s0 tclass=capability permissive=0
12-10 07:07:04.155 0 0 I auditd : type=1400 audit(0.0:21112): avc: denied { kill } for comm="swapper/3" capability=5 scontext=u:r:kernel:s0 tcontext=u:r:kernel:s0 tclass=capability permissive=0
12-10 07:07:05.155 0 0 I auditd : type=1400 audit(0.0:21113): avc: denied { kill } for comm="swapper/3" capability=5 scontext=u:r:kernel:s0 tcontext=u:r:kernel:s0 tclass=capability permissive=0
12-10 07:07:06.155 0 0 I auditd : type=1400 audit(0.0:21114): avc: denied { kill } for comm="swapper/3" capability=5 scontext=u:r:kernel:s0 tcontext=u:r:kernel:s0 tclass=capability permissive=0
12-10 07:07:07.155 0 0 I auditd : type=1400 audit(0.0:21115): avc: denied { kill } for comm="swapper/3" capability=5 scontext=u:r:kernel:s0 tcontext=u:r:kernel:s0 tclass=capability permissive=0
12-10 07:07:08.155 0 0 I auditd : type=1400 audit(0.0:21116): avc: denied { kill } for comm="swapper/3" capability=5 scontext=u:r:kernel:s0 tcontext=u:r:kernel:s0 tclass=capability permissive=0
12-10 07:07:09.155 0 0 I auditd : type=1400 audit(0.0:21117): avc: denied { kill } for comm="swapper/3" capability=5 scontext=u:r:kernel:s0 tcontext=u:r:kernel:s0 tclass=capability permissive=0
12-10 07:07:10.155 0 0 I auditd : type=1400 audit(0.0:21118): avc: denied { kill } for comm="swapper/3" capability=5 scontext=u:r:kernel:s0 tcontext=u:r:kernel:s0 tclass=capability permissive=0
12-10 07:07:11.155 0 0 I auditd : type=1400 audit(0.0:21119): avc: denied { kill } for comm="swapper/3" capability=5 scontext=u:r:kernel:s0 tcontext=u:r:kernel:s0 tclass=capability permissive=0
12-10 07:07:12.155 0 0 I auditd : type=1400 audit(0.0:21120): avc: denied { kill } for comm="swapper/3" capability=5 scontext=u:r:kernel:s0 tcontext=u:r:kernel:s0 tclass=capability permissive=0
12-10 07:07:13.155 0 0 I auditd : type=1400 audit(0.0:21121): avc: denied { kill } for comm="swapper/3" capability=5 scontext=u:r:kernel:s0 tcontext=u:r:kernel:s0 tclass=capability permissive=0
12-10 07:07:14.155 0 0 I auditd : type=1400 audit(0.0:21122): avc: denied { kill } for comm="swapper/3" capability=5 scontext=u:r:kernel:s0 tcontext=u:r:kernel:s0 tclass=capability permissive=0
12-10 07:07:15.155 0 0 I auditd : type=1400 audit(0.0:21123): avc: denied { kill } for comm="swapper/3" capability=5 scontext=u:r:kernel:s0 tcontext=u:r:kernel:s0 tclass=capability permissive=0
12-10 07:07:16.155 0 0 I auditd : type=1400 audit(0.0:21124): avc: denied { kill } for comm="swapper/3" capability=5 scontext=u:r:kernel:s0 tcontext=u:r:kernel:s0 tclass=capability permissive=0
12-10 07:07:17.155 0 0 I auditd : type=1400 audit(0.0:21125): avc: denied { kill } for comm="swapper/3" capability=5 scontext=u:r:kernel:s0 tcontext=u:r:kernel:s0 tclass=capability permissive=0
12-10 07:07:18.155 0 0 I auditd : type=1400 audit(0.0:21126): avc: denied { kill } for comm="swapper/3" capability=5 scontext=u:r:kernel:s0 tcontext=u:r:kernel:s0 tclass=capability permissive=0
12-10 07:07:19.155 0 0 I auditd : type=1400 audit(0.0:21127): avc: denied { kill } for comm="swapper/3" capability=5 scontext=u:r:kernel:s0 tcontext=u:r:kernel:s0 tclass=capability permissive=0
12-10 07:07:20.155 0 0 I auditd : type=1400 audit(0.0:21128): avc: denied { kill } for comm="swapper/3" capability=5 scontext=u:r:kernel:s0 tcontext=u:r:kernel:s0 tclass=capability permissive=0
12-10 07:07:21.155 0 0 I auditd : type=1400 audit(0.0:21129): avc: denied { kill } for comm="swapper/3" capability=5 scontext=u:r:kernel:s0 tcontext=u:r:kernel:s0 tclass=capability permissive=0
12-10 07:07:22.155 0 0 I auditd : type=1400 audit(0.0:21130): avc: denied { kill } for comm="swapper/3" capability=5 scontext=u:r:kernel:s0 tcontext=u:r:kernel:s0 tclass=capability permissive=0
12-10 07:07:23.155 0 0 I auditd : type=1400 audit(0.0:21131): avc: denied { kill } for comm="swapper/3" capability=5 scontext=u:r:kernel:s0 tcontext=u:r:kernel:s0 tclass=capability permissive=0
12-10 07:07:25.155 0 0 I auditd : type=1400 audit(0.0:21132): avc: denied { kill } for comm="swapper/3" capability=5 scontext=u:r:kernel:s0 tcontext=u:r:kernel:s0 tclass=capability permissive=0
12-10 07:07:26.155 0 0 I auditd : type=1400 audit(0.0:21133): avc: denied { kill } for comm="swapper/3" capability=5 scontext=u:r:kernel:s0 tcontext=u:r:kernel:s0 tclass=capability permissive=0
12-10 07:07:27.155 0 0 I auditd : type=1400 audit(0.0:21134): avc: denied { kill } for comm="swapper/3" capability=5 scontext=u:r:kernel:s0 tcontext=u:r:kernel:s0 tclass=capability permissive=0
12-10 07:07:28.155 0 0 I auditd : type=1400 audit(0.0:21135): avc: denied { kill } for comm="swapper/3" capability=5 scontext=u:r:kernel:s0 tcontext=u:r:kernel:s0 tclass=capability permissive=0
12-10 07:07:29.155 0 0 I auditd : type=1400 audit(0.0:21136): avc: denied { kill } for comm="swapper/3" capability=5 scontext=u:r:kernel:s0 tcontext=u:r:kernel:s0 tclass=capability permissive=0
12-10 07:07:30.155 0 0 I auditd : type=1400 audit(0.0:21137): avc: denied { kill } for comm="swapper/3" capability=5 scontext=u:r:kernel:s0 tcontext=u:r:kernel:s0 tclass=capability permissive=0
12-10 07:07:31.155 0 0 I auditd : type=1400 audit(0.0:21138): avc: denied { kill } for comm="swapper/3" capability=5 scontext=u:r:kernel:s0 tcontext=u:r:kernel:s0 tclass=capability permissive=0
12-10 07:07:32.155 0 0 I auditd : type=1400 audit(0.0:21139): avc: denied { kill } for comm="swapper/3" capability=5 scontext=u:r:kernel:s0 tcontext=u:r:kernel:s0 tclass=capability permissive=0
12-10 07:07:33.155 0 0 I auditd : type=1400 audit(0.0:21140): avc: denied { kill } for comm="swapper/3" capability=5 scontext=u:r:kernel:s0 tcontext=u:r:kernel:s0 tclass=capability permissive=0
12-10 07:07:34.155 0 0 I auditd : type=1400 audit(0.0:21141): avc: denied { kill } for comm="swapper/3" capability=5 scontext=u:r:kernel:s0 tcontext=u:r:kernel:s0 tclass=capability permissive=0
12-10 07:07:35.155 0 0 I auditd : type=1400 audit(0.0:21142): avc: denied { kill } for comm="swapper/3" capability=5 scontext=u:r:kernel:s0 tcontext=u:r:kernel:s0 tclass=capability permissive=0
12-10 07:07:36.155 0 0 I auditd : type=1400 audit(0.0:21143): avc: denied { kill } for comm="swapper/3" capability=5 scontext=u:r:kernel:s0 tcontext=u:r:kernel:s0 tclass=capability permissive=0
12-10 07:07:37.001 1507 1736 I input_interaction: Interaction with: 6fd0113 com.thundercomm.screensaver/android.service.dreams.DreamActivity (server), edge-swipe (server), swipe-up (server), PointerEventDispatcher0 (server),
12-10 07:07:37.006 1507 6699 I wm_finish_activity: [0,227652881,168,com.thundercomm.screensaver/android.service.dreams.DreamActivity,finish-activity]
12-10 07:07:37.006 1507 6699 I wm_task_moved: [166,1,8]
12-10 07:07:37.007 1507 6699 I wm_task_to_front: [0,166]
12-10 07:07:37.008 1507 6699 I wm_set_resumed_activity: [0,com.android.gallery3d/.app.GalleryActivity,positionChildAt]
12-10 07:07:37.008 1507 6699 I wm_focused_root_task: [0,0,166,168,finish-top adjustFocusToNextFocusableTask]
12-10 07:07:37.008 1507 6699 I wm_set_resumed_activity: [0,com.android.gallery3d/.app.GalleryActivity,finish-top]
12-10 07:07:37.011 1507 6699 I wm_pause_activity: [0,227652881,com.thundercomm.screensaver/android.service.dreams.DreamActivity,userLeaving=false,finish]
12-10 07:07:37.012 1507 6699 W WindowManager: updateScale0.4617737
12-10 07:07:37.022 1507 9362 I DreamManagerService: Gently waking up from dream.
12-10 07:07:37.023 14020 14020 I wm_on_top_resumed_lost_called: [227652881,android.service.dreams.DreamActivity,topStateChangedWhenResumed]
12-10 07:07:37.023 1507 1564 I DreamManagerService: Performing gentle wake from dream.
12-10 07:07:37.025 14020 14020 I wm_on_paused_called: [227652881,android.service.dreams.DreamActivity,performPause]
12-10 07:07:37.026 15614 15614 I wm_on_top_resumed_gained_called: [247500436,com.android.gallery3d.app.GalleryActivity,topStateChangedWhenResumed]
12-10 07:07:37.027 1507 1568 I sysui_multi_action: [757,803,799,window_time_0,802,130]
12-10 07:07:37.028 1507 6850 I ActivityTaskManager: FOREGROUND_APPLICATION_CHANGED to com.android.launcher3.uioverrides.QuickstepLauncher
12-10 07:07:37.031 1507 6850 I wm_resume_activity: [0,142082565,27,com.android.launcher3/.uioverrides.QuickstepLauncher]
12-10 07:07:37.032 1507 6850 I ActivityTaskManager: FOREGROUND_APPLICATION_CHANGED to com.android.gallery3d.app.GalleryActivity
12-10 07:07:37.033 1507 6850 W WindowManager: updateScale0.4617737
12-10 07:07:37.037 1507 6850 W WindowManager: updateScale0.4617737
12-10 07:07:37.046 1507 1568 I sysui_multi_action: [757,803,799,window_time_2,802,0]
12-10 07:07:37.047 1507 9362 W WindowManager: updateScale0.4617737
12-10 07:07:37.050 2526 2526 I wm_on_restart_called: [142082565,com.android.launcher3.uioverrides.QuickstepLauncher,performRestartActivity]
12-10 07:07:37.051 2526 2526 I wm_on_start_called: [142082565,com.android.launcher3.uioverrides.QuickstepLauncher,handleStartActivity]
12-10 07:07:37.051 1507 1568 W WindowManager: updateScale0.4617737
12-10 07:07:37.052 2526 2526 I wm_on_resume_called: [142082565,com.android.launcher3.uioverrides.QuickstepLauncher,RESUME_ACTIVITY]
12-10 07:07:37.053 1507 1568 W WindowManager: updateScale0.4617737
12-10 07:07:37.055 1507 1569 I input_focus: [Focus request f0e167e com.android.gallery3d/com.android.gallery3d.app.GalleryActivity,reason=UpdateInputWindows]
12-10 07:07:37.055 1507 1568 W WindowManager: updateScale0.4617737
12-10 07:07:37.059 14020 14020 I view_enqueue_input_event: [Motion - Cancel,com.thundercomm.screensaver/android.service.dreams.DreamActivity]
12-10 07:07:37.063 1507 1736 I input_focus: [Focus leaving 6fd0113 com.thundercomm.screensaver/android.service.dreams.DreamActivity (server),reason=NO_WINDOW]
12-10 07:07:37.067 8492 8527 W ContextImpl: Calling a method in the system process without a qualified user: android.app.ContextImpl.startService:1816 android.content.ContextWrapper.startService:774 com.thundercomm.gamemode.ingame.services.GameModeActionUtils.startGameModeService:99 com.thundercomm.gamemode.ingame.services.GameModeActionUtils.startGameModeEntry:22 com.thundercomm.gamemode.ingame.services.ActivityMonitoringService$1.onActivityLaunch:127
12-10 07:07:37.069 1507 6699 W WindowManager: updateScale0.4617737
12-10 07:07:37.072 1507 1507 I GameModeConfig: Current uri is uri = content://com.thundercomm.gamemode.api/gamemode_settings/gamemode_isgaming
12-10 07:07:37.073 1507 1507 I am_uid_active: 10068
12-10 07:07:37.075 1507 1507 I GameModeConfig: isGameModeOn = true
12-10 07:07:37.075 1507 1507 I GameModeConfig: isGaming = false
12-10 07:07:37.075 1507 1507 I GameModeConfig: isGameModeOn = true
12-10 07:07:37.075 1507 1507 I GameModeConfig: isGaming = false
12-10 07:07:37.075 1507 1507 I GameModeConfig: isDisableVoice = true
12-10 07:07:37.077 1507 1736 I input_focus: [Focus entering f0e167e com.android.gallery3d/com.android.gallery3d.app.GalleryActivity (server),reason=setFocusedWindow]
12-10 07:07:37.084 8492 8527 W ContextImpl: Calling a method in the system process without a qualified user: android.app.ContextImpl.startService:1816 android.content.ContextWrapper.startService:774 com.thundercomm.gamemode.ingame.services.GameModeActionUtils.startGameModeService:99 com.thundercomm.gamemode.ingame.services.GameModeActionUtils.startGameModeEntry:22 com.thundercomm.gamemode.ingame.services.ActivityMonitoringService$1.onActivityLaunch:127
12-10 07:07:37.088 1507 1507 I GameModeConfig: Current uri is uri = content://com.thundercomm.gamemode.api/gamemode_settings/gamemode_isgaming
12-10 07:07:37.089 1507 1507 I GameModeConfig: isGameModeOn = true
12-10 07:07:37.089 1507 1507 I GameModeConfig: isGaming = false
12-10 07:07:37.090 1507 1507 I GameModeConfig: isGameModeOn = true
12-10 07:07:37.090 1507 1507 I GameModeConfig: isGaming = false
12-10 07:07:37.090 1507 1507 I GameModeConfig: isDisableVoice = true
12-10 07:07:37.109 1507 1569 W WindowManager: updateScale0.4617737
12-10 07:07:37.113 1507 1569 W WindowManager: updateScale0.4617737
12-10 07:07:37.115 1507 1569 W WindowManager: updateScale0.4617737
12-10 07:07:37.140 1507 9362 I wm_destroy_activity: [0,227652881,168,com.thundercomm.screensaver/android.service.dreams.DreamActivity,finish-idle]
12-10 07:07:37.140 8492 8527 W ContextImpl: Calling a method in the system process without a qualified user: android.app.ContextImpl.startService:1816 android.content.ContextWrapper.startService:774 com.thundercomm.gamemode.ingame.services.GameModeActionUtils.startGameModeService:99 com.thundercomm.gamemode.ingame.services.GameModeActionUtils.startGameModeEntry:22 com.thundercomm.gamemode.ingame.services.ActivityMonitoringService$1.onActivityLaunch:127
12-10 07:07:37.141 1507 1613 I PowerManagerService: Powering on display group fromDreaming (groupId=0, uid=1000, reason=WAKE_REASON_UNKNOWN, details=android.server.power:DREAM_FINISHED)...
12-10 07:07:37.141 1507 1613 I PowerManagerService: Waking up from Dreaming (uid=1000, reason=WAKE_REASON_UNKNOWN, details=android.server.power:DREAM_FINISHED)...
12-10 07:07:37.141 14020 14020 I wm_on_stop_called: [227652881,android.service.dreams.DreamActivity,LIFECYCLER_STOP_ACTIVITY]
12-10 07:07:37.141 14020 14020 I wm_on_destroy_called: [227652881,android.service.dreams.DreamActivity,performDestroy]
12-10 07:07:37.146 1507 1527 I DreamManagerService: Leaving dreamland.
12-10 07:07:37.147 1507 1564 I DreamManagerService: Performing gentle wake from dream.
12-10 07:07:37.147 1507 1564 I DreamController: Stopping dream: name=ComponentInfo{com.thundercomm.screensaver/com.thundercomm.saverclock.service.ClockScreensaver}, isTest=false, canDoze=false, userId=0, reason='finished self'(from 'finished self')
12-10 07:07:37.147 1507 1564 I sysui_multi_action: [757,222,758,2]
12-10 07:07:37.147 1507 1564 I sysui_multi_action: [757,804,799,dreaming_minutes,801,2,802,1]
12-10 07:07:37.150 1507 1527 W WindowManager: updateScale0.4617737
12-10 07:07:37.158 1507 1507 I service_manager_slow: [12,phone]
12-10 07:07:37.159 1507 1507 I GameModeConfig: Current uri is uri = content://com.thundercomm.gamemode.api/gamemode_settings/gamemode_isgaming
12-10 07:07:37.161 1507 1507 I GameModeConfig: isGameModeOn = true
12-10 07:07:37.161 1507 1507 I GameModeConfig: isGaming = false
12-10 07:07:37.162 1507 1507 I GameModeConfig: isGameModeOn = true
12-10 07:07:37.162 1507 1507 I GameModeConfig: isGaming = false
12-10 07:07:37.162 1507 1507 I GameModeConfig: isDisableVoice = true
12-10 07:07:37.164 1507 1581 I am_pss : [16304,10061,com.android.soundrecorder,5958656,4018176,0,88969216,0,19,5]
12-10 07:07:37.363 1507 1569 W WindowManager: updateScale0.4617737
12-10 07:07:37.366 1507 1569 W WindowManager: updateScale0.4617737
12-10 07:07:37.376 1507 1569 I wm_task_removed: [168,removeChild:removeChild last r=ActivityRecord{d91b511 u0 com.thundercomm.screensaver/android.service.dreams.DreamActivity t-1 f}} in t=Task{3754c80 #168 type=dream A=10052:android:com.thundercomm.screensaver/dream U=0 visible=false mode=fullscreen translucent=true sz=0}]
12-10 07:07:37.376 1507 1569 I wm_task_removed: [168,removeChild]
12-10 07:07:37.378 1507 1569 W ActivityTaskManager: Can't find TaskDisplayArea to determine support for multi window. Task id=168 attached=false
12-10 07:07:37.379 1507 1569 W WindowManager: updateScale0.4617737
12-10 07:07:38.155 0 0 I auditd : type=1400 audit(0.0:21144): avc: denied { kill } for comm="swapper/2" capability=5 scontext=u:r:kernel:s0 tcontext=u:r:kernel:s0 tclass=capability permissive=0
12-10 07:07:39.155 0 0 I auditd : type=1400 audit(0.0:21145): avc: denied { kill } for comm="swapper/2" capability=5 scontext=u:r:kernel:s0 tcontext=u:r:kernel:s0 tclass=capability permissive=0
12-10 07:07:40.155 0 0 I auditd : type=1400 audit(0.0:21146): avc: denied { kill } for comm="swapper/2" capability=5 scontext=u:r:kernel:s0 tcontext=u:r:kernel:s0 tclass=capability permissive=0
12-10 07:07:41.155 0 0 I auditd : type=1400 audit(0.0:21147): avc: denied { kill } for comm="swapper/2" capability=5 scontext=u:r:kernel:s0 tcontext=u:r:kernel:s0 tclass=capability permissive=0
12-10 07:07:42.155 0 0 I auditd : type=1400 audit(0.0:21148): avc: denied { kill } for comm="swapper/2" capability=5 scontext=u:r:kernel:s0 tcontext=u:r:kernel:s0 tclass=capability permissive=0
12-10 07:07:43.155 0 0 I auditd : type=1400 audit(0.0:21149): avc: denied { kill } for comm="swapper/2" capability=5 scontext=u:r:kernel:s0 tcontext=u:r:kernel:s0 tclass=capability permissive=0
12-10 07:07:44.155 0 0 I auditd : type=1400 audit(0.0:21150): avc: denied { kill } for comm="swapper/2" capability=5 scontext=u:r:kernel:s0 tcontext=u:r:kernel:s0 tclass=capability permissive=0
12-10 07:07:45.155 0 0 I auditd : type=1400 audit(0.0:21151): avc: denied { kill } for comm="swapper/2" capability=5 scontext=u:r:kernel:s0 tcontext=u:r:kernel:s0 tclass=capability permissive=0
12-10 07:07:46.155 0 0 I auditd : type=1400 audit(0.0:21152): avc: denied { kill } for comm="swapper/2" capability=5 scontext=u:r:kernel:s0 tcontext=u:r:kernel:s0 tclass=capability permissive=0
12-10 07:07:48.155 0 0 I auditd : type=1400 audit(0.0:21153): avc: denied { kill } for comm="swapper/2" capability=5 scontext=u:r:kernel:s0 tcontext=u:r:kernel:s0 tclass=capability permissive=0
12-10 07:07:50.155 0 0 I auditd : type=1400 audit(0.0:21154): avc: denied { kill } for comm="swapper/2" capability=5 scontext=u:r:kernel:s0 tcontext=u:r:kernel:s0 tclass=capability permissive=0
12-10 07:07:51.155 0 0 I auditd : type=1400 audit(0.0:21155): avc: denied { kill } for comm="swapper/2" capability=5 scontext=u:r:kernel:s0 tcontext=u:r:kernel:s0 tclass=capability permissive=0
12-10 07:07:53.155 0 0 I auditd : type=1400 audit(0.0:21156): avc: denied { kill } for comm="swapper/2" capability=5 scontext=u:r:kernel:s0 tcontext=u:r:kernel:s0 tclass=capability permissive=0
12-10 07:07:54.155 0 0 I auditd : type=1400 audit(0.0:21157): avc: denied { kill } for comm="swapper/2" capability=5 scontext=u:r:kernel:s0 tcontext=u:r:kernel:s0 tclass=capability permissive=0
12-10 07:07:55.155 0 0 I auditd : type=1400 audit(0.0:21158): avc: denied { kill } for comm="swapper/2" capability=5 scontext=u:r:kernel:s0 tcontext=u:r:kernel:s0 tclass=capability permissive=0
