12-10 07:07:56.155 0 0 I auditd : type=1400 audit(0.0:21159): avc: denied { kill } for comm="swapper/2" capability=5 scontext=u:r:kernel:s0 tcontext=u:r:kernel:s0 tclass=capability permissive=0
12-10 07:07:58.155 0 0 I auditd : type=1400 audit(0.0:21160): avc: denied { kill } for comm="swapper/2" capability=5 scontext=u:r:kernel:s0 tcontext=u:r:kernel:s0 tclass=capability permissive=0
12-10 07:07:59.155 0 0 I auditd : type=1400 audit(0.0:21161): avc: denied { kill } for comm="swapper/2" capability=5 scontext=u:r:kernel:s0 tcontext=u:r:kernel:s0 tclass=capability permissive=0
12-10 07:08:00.155 0 0 I auditd : type=1400 audit(0.0:21162): avc: denied { kill } for comm="swapper/2" capability=5 scontext=u:r:kernel:s0 tcontext=u:r:kernel:s0 tclass=capability permissive=0
12-10 07:08:00.715 1507 1583 W BroadcastQueue: Permission Denial: broadcasting Intent { act=android.net.conn.CONNECTIVITY_CHANGE flg=0x4200010 (has extras) } from null (pid=-1, uid=-1) requires com.baidu.input.permission.sofire.RECEIVE due to registered receiver BroadcastFilter{645f72a 10036/u0 ReceiverList{94fb815 4215 com.baidu.input/10036/u0 remote:4138dcc}}
12-10 07:08:01.155 0 0 I auditd : type=1400 audit(0.0:21163): avc: denied { kill } for comm="swapper/2" capability=5 scontext=u:r:kernel:s0 tcontext=u:r:kernel:s0 tclass=capability permissive=0
12-10 07:08:02.155 0 0 I auditd : type=1400 audit(0.0:21164): avc: denied { kill } for comm="swapper/2" capability=5 scontext=u:r:kernel:s0 tcontext=u:r:kernel:s0 tclass=capability permissive=0
12-10 07:08:03.155 0 0 I auditd : type=1400 audit(0.0:21165): avc: denied { kill } for comm="swapper/2" capability=5 scontext=u:r:kernel:s0 tcontext=u:r:kernel:s0 tclass=capability permissive=0
12-10 07:08:04.155 0 0 I auditd : type=1400 audit(0.0:21166): avc: denied { kill } for comm="swapper/2" capability=5 scontext=u:r:kernel:s0 tcontext=u:r:kernel:s0 tclass=capability permissive=0
12-10 07:08:05.155 0 0 I auditd : type=1400 audit(0.0:21167): avc: denied { kill } for comm="swapper/2" capability=5 scontext=u:r:kernel:s0 tcontext=u:r:kernel:s0 tclass=capability permissive=0
12-10 07:08:06.155 0 0 I auditd : type=1400 audit(0.0:21168): avc: denied { kill } for comm="swapper/2" capability=5 scontext=u:r:kernel:s0 tcontext=u:r:kernel:s0 tclass=capability permissive=0
12-10 07:08:07.155 0 0 I auditd : type=1400 audit(0.0:21169): avc: denied { kill } for comm="swapper/2" capability=5 scontext=u:r:kernel:s0 tcontext=u:r:kernel:s0 tclass=capability permissive=0
12-10 07:08:08.155 0 0 I auditd : type=1400 audit(0.0:21170): avc: denied { kill } for comm="swapper/2" capability=5 scontext=u:r:kernel:s0 tcontext=u:r:kernel:s0 tclass=capability permissive=0
12-10 07:08:09.155 0 0 I auditd : type=1400 audit(0.0:21171): avc: denied { kill } for comm="swapper/2" capability=5 scontext=u:r:kernel:s0 tcontext=u:r:kernel:s0 tclass=capability permissive=0
12-10 07:08:10.155 0 0 I auditd : type=1400 audit(0.0:21172): avc: denied { kill } for comm="swapper/2" capability=5 scontext=u:r:kernel:s0 tcontext=u:r:kernel:s0 tclass=capability permissive=0
12-10 07:08:12.155 0 0 I auditd : type=1400 audit(0.0:21173): avc: denied { kill } for comm="swapper/2" capability=5 scontext=u:r:kernel:s0 tcontext=u:r:kernel:s0 tclass=capability permissive=0
12-10 07:08:13.155 0 0 I auditd : type=1400 audit(0.0:21174): avc: denied { kill } for comm="swapper/2" capability=5 scontext=u:r:kernel:s0 tcontext=u:r:kernel:s0 tclass=capability permissive=0
12-10 07:08:14.155 0 0 I auditd : type=1400 audit(0.0:21175): avc: denied { kill } for comm="swapper/2" capability=5 scontext=u:r:kernel:s0 tcontext=u:r:kernel:s0 tclass=capability permissive=0
12-10 07:08:15.155 0 0 I auditd : type=1400 audit(0.0:21176): avc: denied { kill } for comm="swapper/2" capability=5 scontext=u:r:kernel:s0 tcontext=u:r:kernel:s0 tclass=capability permissive=0
12-10 07:08:16.155 0 0 I auditd : type=1400 audit(0.0:21177): avc: denied { kill } for comm="swapper/2" capability=5 scontext=u:r:kernel:s0 tcontext=u:r:kernel:s0 tclass=capability permissive=0
12-10 07:08:17.155 0 0 I auditd : type=1400 audit(0.0:21178): avc: denied { kill } for comm="swapper/2" capability=5 scontext=u:r:kernel:s0 tcontext=u:r:kernel:s0 tclass=capability permissive=0
12-10 07:08:18.155 0 0 I auditd : type=1400 audit(0.0:21179): avc: denied { kill } for comm="swapper/2" capability=5 scontext=u:r:kernel:s0 tcontext=u:r:kernel:s0 tclass=capability permissive=0
12-10 07:08:19.155 0 0 I auditd : type=1400 audit(0.0:21180): avc: denied { kill } for comm="swapper/2" capability=5 scontext=u:r:kernel:s0 tcontext=u:r:kernel:s0 tclass=capability permissive=0
12-10 07:08:20.155 0 0 I auditd : type=1400 audit(0.0:21181): avc: denied { kill } for comm="swapper/2" capability=5 scontext=u:r:kernel:s0 tcontext=u:r:kernel:s0 tclass=capability permissive=0
12-10 07:08:21.155 0 0 I auditd : type=1400 audit(0.0:21182): avc: denied { kill } for comm="swapper/2" capability=5 scontext=u:r:kernel:s0 tcontext=u:r:kernel:s0 tclass=capability permissive=0
12-10 07:08:22.155 0 0 I auditd : type=1400 audit(0.0:21183): avc: denied { kill } for comm="swapper/2" capability=5 scontext=u:r:kernel:s0 tcontext=u:r:kernel:s0 tclass=capability permissive=0
12-10 07:08:23.155 0 0 I auditd : type=1400 audit(0.0:21184): avc: denied { kill } for comm="swapper/2" capability=5 scontext=u:r:kernel:s0 tcontext=u:r:kernel:s0 tclass=capability permissive=0
12-10 07:08:24.155 0 0 I auditd : type=1400 audit(0.0:21185): avc: denied { kill } for comm="swapper/2" capability=5 scontext=u:r:kernel:s0 tcontext=u:r:kernel:s0 tclass=capability permissive=0
12-10 07:08:25.155 0 0 I auditd : type=1400 audit(0.0:21186): avc: denied { kill } for comm="swapper/2" capability=5 scontext=u:r:kernel:s0 tcontext=u:r:kernel:s0 tclass=capability permissive=0
12-10 07:08:26.155 0 0 I auditd : type=1400 audit(0.0:21187): avc: denied { kill } for comm="swapper/2" capability=5 scontext=u:r:kernel:s0 tcontext=u:r:kernel:s0 tclass=capability permissive=0
12-10 07:08:27.155 0 0 I auditd : type=1400 audit(0.0:21188): avc: denied { kill } for comm="swapper/2" capability=5 scontext=u:r:kernel:s0 tcontext=u:r:kernel:s0 tclass=capability permissive=0
12-10 07:08:28.155 0 0 I auditd : type=1400 audit(0.0:21189): avc: denied { kill } for comm="swapper/2" capability=5 scontext=u:r:kernel:s0 tcontext=u:r:kernel:s0 tclass=capability permissive=0
12-10 07:08:29.155 0 0 I auditd : type=1400 audit(0.0:21190): avc: denied { kill } for comm="swapper/2" capability=5 scontext=u:r:kernel:s0 tcontext=u:r:kernel:s0 tclass=capability permissive=0
12-10 07:08:30.148 1507 1613 V DisplayPowerController[0]: Brightness [0.05] reason changing to: 'manual [ dim ]', previous reason: 'manual'.
12-10 07:08:30.148 1507 1613 I sysui_multi_action: [757,1696,758,6,759,2]
12-10 07:08:30.149 1507 1613 W PowerManagerService: Screen on took 53008 ms
12-10 07:08:30.155 0 0 I auditd : type=1400 audit(0.0:21191): avc: denied { kill } for comm="swapper/2" capability=5 scontext=u:r:kernel:s0 tcontext=u:r:kernel:s0 tclass=capability permissive=0
12-10 07:08:30.163 1507 1980 E DisplayDeviceConfig: requesting nits when no mapping exists.
12-10 07:08:30.164 1507 1980 E DisplayDeviceConfig: requesting nits when no mapping exists.
12-10 07:08:30.164 1507 1583 I am_wtf : [0,1507,system_server,-1,DisplayDeviceConfig,requesting nits when no mapping exists.]
12-10 07:08:30.167 1507 1583 I DropBoxManagerService: add tag=system_server_wtf isTagEnabled=true flags=0x2
12-10 07:08:30.170 1507 1583 I am_wtf : [0,1507,system_server,-1,DisplayDeviceConfig,requesting nits when no mapping exists.]
12-10 07:08:30.172 1507 1583 I DropBoxManagerService: add tag=system_server_wtf isTagEnabled=true flags=0x2
12-10 07:08:30.179 1507 1980 E DisplayDeviceConfig: requesting nits when no mapping exists.
12-10 07:08:30.180 1507 1980 E DisplayDeviceConfig: requesting nits when no mapping exists.
12-10 07:08:30.180 1507 1583 I am_wtf : [0,1507,system_server,-1,DisplayDeviceConfig,requesting nits when no mapping exists.]
12-10 07:08:30.181 1507 1583 I DropBoxManagerService: add tag=system_server_wtf isTagEnabled=true flags=0x2
12-10 07:08:30.183 1507 1583 I am_wtf : [0,1507,system_server,-1,DisplayDeviceConfig,requesting nits when no mapping exists.]
12-10 07:08:30.184 1507 1583 I DropBoxManagerService: add tag=system_server_wtf isTagEnabled=true flags=0x2
12-10 07:08:30.184 1507 1980 E DisplayDeviceConfig: requesting nits when no mapping exists.
12-10 07:08:30.185 1507 1980 E DisplayDeviceConfig: requesting nits when no mapping exists.
12-10 07:08:30.185 1507 1583 I am_wtf : [0,1507,system_server,-1,DisplayDeviceConfig,requesting nits when no mapping exists.]
12-10 07:08:30.186 1507 1583 I DropBoxManagerService: add tag=system_server_wtf isTagEnabled=true flags=0x2
12-10 07:08:30.187 1507 1583 I am_wtf : [0,1507,system_server,-1,DisplayDeviceConfig,requesting nits when no mapping exists.]
12-10 07:08:30.201 1507 1980 E DisplayDeviceConfig: requesting nits when no mapping exists.
12-10 07:08:30.202 1507 1980 E DisplayDeviceConfig: requesting nits when no mapping exists.
12-10 07:08:30.202 1507 1583 I am_wtf : [0,1507,system_server,-1,DisplayDeviceConfig,requesting nits when no mapping exists.]
12-10 07:08:30.203 1507 1583 I am_wtf : [0,1507,system_server,-1,DisplayDeviceConfig,requesting nits when no mapping exists.]
12-10 07:08:30.218 1507 1980 E DisplayDeviceConfig: requesting nits when no mapping exists.
12-10 07:08:30.218 1507 1980 E DisplayDeviceConfig: requesting nits when no mapping exists.
12-10 07:08:30.218 1507 1583 I am_wtf : [0,1507,system_server,-1,DisplayDeviceConfig,requesting nits when no mapping exists.]
12-10 07:08:30.219 1507 1583 I am_wtf : [0,1507,system_server,-1,DisplayDeviceConfig,requesting nits when no mapping exists.]
12-10 07:08:30.235 1507 1980 E DisplayDeviceConfig: requesting nits when no mapping exists.
12-10 07:08:30.235 1507 1980 E DisplayDeviceConfig: requesting nits when no mapping exists.
12-10 07:08:30.236 1507 1583 I am_wtf : [0,1507,system_server,-1,DisplayDeviceConfig,requesting nits when no mapping exists.]
12-10 07:08:30.237 1507 1583 I am_wtf : [0,1507,system_server,-1,DisplayDeviceConfig,requesting nits when no mapping exists.]
12-10 07:08:30.251 1507 1980 E DisplayDeviceConfig: requesting nits when no mapping exists.
12-10 07:08:30.252 1507 1980 E DisplayDeviceConfig: requesting nits when no mapping exists.
12-10 07:08:30.252 1507 1583 I am_wtf : [0,1507,system_server,-1,DisplayDeviceConfig,requesting nits when no mapping exists.]
12-10 07:08:30.253 1507 1583 I am_wtf : [0,1507,system_server,-1,DisplayDeviceConfig,requesting nits when no mapping exists.]
12-10 07:08:30.268 1507 1980 E DisplayDeviceConfig: requesting nits when no mapping exists.
12-10 07:08:30.269 1507 1980 E DisplayDeviceConfig: requesting nits when no mapping exists.
12-10 07:08:30.269 1507 1583 I am_wtf : [0,1507,system_server,-1,DisplayDeviceConfig,requesting nits when no mapping exists.]
12-10 07:08:30.270 1507 1583 I am_wtf : [0,1507,system_server,-1,DisplayDeviceConfig,requesting nits when no mapping exists.]
12-10 07:08:30.286 1507 1980 E DisplayDeviceConfig: requesting nits when no mapping exists.
12-10 07:08:30.287 1507 1583 I am_wtf : [0,1507,system_server,-1,DisplayDeviceConfig,requesting nits when no mapping exists.]
12-10 07:08:30.287 1507 1980 E DisplayDeviceConfig: requesting nits when no mapping exists.
12-10 07:08:30.288 1507 1583 I am_wtf : [0,1507,system_server,-1,DisplayDeviceConfig,requesting nits when no mapping exists.]
12-10 07:08:30.303 1507 1980 E DisplayDeviceConfig: requesting nits when no mapping exists.
12-10 07:08:30.303 1507 1583 I am_wtf : [0,1507,system_server,-1,DisplayDeviceConfig,requesting nits when no mapping exists.]
12-10 07:08:30.303 1507 1980 E DisplayDeviceConfig: requesting nits when no mapping exists.
12-10 07:08:30.304 1507 1583 I am_wtf : [0,1507,system_server,-1,DisplayDeviceConfig,requesting nits when no mapping exists.]
12-10 07:08:30.319 1507 1980 E DisplayDeviceConfig: requesting nits when no mapping exists.
12-10 07:08:30.320 1507 1583 I am_wtf : [0,1507,system_server,-1,DisplayDeviceConfig,requesting nits when no mapping exists.]
12-10 07:08:30.320 1507 1980 E DisplayDeviceConfig: requesting nits when no mapping exists.
12-10 07:08:30.321 1507 1583 I am_wtf : [0,1507,system_server,-1,DisplayDeviceConfig,requesting nits when no mapping exists.]
12-10 07:08:30.336 1507 1980 E DisplayDeviceConfig: requesting nits when no mapping exists.
12-10 07:08:30.337 1507 1980 E DisplayDeviceConfig: requesting nits when no mapping exists.
12-10 07:08:30.337 1507 1583 I am_wtf : [0,1507,system_server,-1,DisplayDeviceConfig,requesting nits when no mapping exists.]
12-10 07:08:30.339 1507 1583 I am_wtf : [0,1507,system_server,-1,DisplayDeviceConfig,requesting nits when no mapping exists.]
12-10 07:08:30.353 1507 1980 E DisplayDeviceConfig: requesting nits when no mapping exists.
12-10 07:08:30.354 1507 1583 I am_wtf : [0,1507,system_server,-1,DisplayDeviceConfig,requesting nits when no mapping exists.]
12-10 07:08:30.354 1507 1980 E DisplayDeviceConfig: requesting nits when no mapping exists.
12-10 07:08:30.355 1507 1583 I am_wtf : [0,1507,system_server,-1,DisplayDeviceConfig,requesting nits when no mapping exists.]
12-10 07:08:30.368 1507 1980 E DisplayDeviceConfig: requesting nits when no mapping exists.
12-10 07:08:30.369 1507 1583 I am_wtf : [0,1507,system_server,-1,DisplayDeviceConfig,requesting nits when no mapping exists.]
12-10 07:08:30.370 1507 1980 E DisplayDeviceConfig: requesting nits when no mapping exists.
12-10 07:08:30.370 1507 1583 I am_wtf : [0,1507,system_server,-1,DisplayDeviceConfig,requesting nits when no mapping exists.]
12-10 07:08:30.385 1507 1980 E DisplayDeviceConfig: requesting nits when no mapping exists.
12-10 07:08:30.386 1507 1583 I am_wtf : [0,1507,system_server,-1,DisplayDeviceConfig,requesting nits when no mapping exists.]
12-10 07:08:30.386 1507 1980 E DisplayDeviceConfig: requesting nits when no mapping exists.
12-10 07:08:30.387 1507 1583 I am_wtf : [0,1507,system_server,-1,DisplayDeviceConfig,requesting nits when no mapping exists.]
12-10 07:08:30.402 1507 1980 E DisplayDeviceConfig: requesting nits when no mapping exists.
12-10 07:08:30.403 1507 1583 I am_wtf : [0,1507,system_server,-1,DisplayDeviceConfig,requesting nits when no mapping exists.]
12-10 07:08:30.403 1507 1980 E DisplayDeviceConfig: requesting nits when no mapping exists.
12-10 07:08:30.404 1507 1583 I am_wtf : [0,1507,system_server,-1,DisplayDeviceConfig,requesting nits when no mapping exists.]
12-10 07:08:30.405 1507 1583 I service_manager_stats: [100,68,189586]
12-10 07:08:30.419 1507 1980 E DisplayDeviceConfig: requesting nits when no mapping exists.
12-10 07:08:30.419 1507 1980 E DisplayDeviceConfig: requesting nits when no mapping exists.
12-10 07:08:30.419 1507 1583 I am_wtf : [0,1507,system_server,-1,DisplayDeviceConfig,requesting nits when no mapping exists.]
12-10 07:08:30.420 1507 1583 I am_wtf : [0,1507,system_server,-1,DisplayDeviceConfig,requesting nits when no mapping exists.]
12-10 07:08:30.435 1507 1980 E DisplayDeviceConfig: requesting nits when no mapping exists.
12-10 07:08:30.436 1507 1583 I am_wtf : [0,1507,system_server,-1,DisplayDeviceConfig,requesting nits when no mapping exists.]
12-10 07:08:30.437 1507 1980 E DisplayDeviceConfig: requesting nits when no mapping exists.
12-10 07:08:30.437 1507 1583 I am_wtf : [0,1507,system_server,-1,DisplayDeviceConfig,requesting nits when no mapping exists.]
12-10 07:08:30.453 1507 1980 E DisplayDeviceConfig: requesting nits when no mapping exists.
12-10 07:08:30.454 1507 1583 I am_wtf : [0,1507,system_server,-1,DisplayDeviceConfig,requesting nits when no mapping exists.]
12-10 07:08:30.454 1507 1980 E DisplayDeviceConfig: requesting nits when no mapping exists.
12-10 07:08:30.455 1507 1583 I am_wtf : [0,1507,system_server,-1,DisplayDeviceConfig,requesting nits when no mapping exists.]
12-10 07:08:30.469 1507 1980 E DisplayDeviceConfig: requesting nits when no mapping exists.
12-10 07:08:30.470 1507 1980 E DisplayDeviceConfig: requesting nits when no mapping exists.
12-10 07:08:30.470 1507 1583 I am_wtf : [0,1507,system_server,-1,DisplayDeviceConfig,requesting nits when no mapping exists.]
12-10 07:08:30.470 1507 1583 I am_wtf : [0,1507,system_server,-1,DisplayDeviceConfig,requesting nits when no mapping exists.]
12-10 07:08:30.485 1507 1980 E DisplayDeviceConfig: requesting nits when no mapping exists.
12-10 07:08:30.486 1507 1583 I am_wtf : [0,1507,system_server,-1,DisplayDeviceConfig,requesting nits when no mapping exists.]
12-10 07:08:30.486 1507 1980 E DisplayDeviceConfig: requesting nits when no mapping exists.
12-10 07:08:30.487 1507 1583 I am_wtf : [0,1507,system_server,-1,DisplayDeviceConfig,requesting nits when no mapping exists.]
12-10 07:08:31.155 0 0 I auditd : type=1400 audit(0.0:21192): avc: denied { kill } for comm="swapper/2" capability=5 scontext=u:r:kernel:s0 tcontext=u:r:kernel:s0 tclass=capability permissive=0
12-10 07:08:32.155 0 0 I auditd : type=1400 audit(0.0:21193): avc: denied { kill } for comm="swapper/2" capability=5 scontext=u:r:kernel:s0 tcontext=u:r:kernel:s0 tclass=capability permissive=0
12-10 07:08:33.155 0 0 I auditd : type=1400 audit(0.0:21194): avc: denied { kill } for comm="swapper/2" capability=5 scontext=u:r:kernel:s0 tcontext=u:r:kernel:s0 tclass=capability permissive=0
12-10 07:08:34.155 0 0 I auditd : type=1400 audit(0.0:21195): avc: denied { kill } for comm="swapper/2" capability=5 scontext=u:r:kernel:s0 tcontext=u:r:kernel:s0 tclass=capability permissive=0
12-10 07:08:35.155 0 0 I auditd : type=1400 audit(0.0:21196): avc: denied { kill } for comm="swapper/2" capability=5 scontext=u:r:kernel:s0 tcontext=u:r:kernel:s0 tclass=capability permissive=0
12-10 07:08:36.155 0 0 I auditd : type=1400 audit(0.0:21197): avc: denied { kill } for comm="swapper/2" capability=5 scontext=u:r:kernel:s0 tcontext=u:r:kernel:s0 tclass=capability permissive=0
12-10 07:08:37.159 1507 1583 I am_uid_idle: 10052
12-10 07:08:37.366 1507 1613 I PowerManagerService: Napping display group (groupId=0, uid=1000)...
12-10 07:08:37.366 1507 1613 I PowerManagerService: Nap time (uid 1000)...
12-10 07:08:37.368 1507 1613 I DreamManagerService: Entering dreamland.
12-10 07:08:37.370 1507 1613 I PowerManagerService: Dreaming...
12-10 07:08:37.374 1507 1564 I DreamController: Starting dream: name=ComponentInfo{com.thundercomm.screensaver/com.thundercomm.saverclock.service.ClockScreensaver}, isTest=false, canDoze=false, userId=0
12-10 07:08:37.374 1507 1564 I sysui_multi_action: [757,222,758,1]
12-10 07:08:37.376 1507 1564 I am_uid_active: 10052
12-10 07:08:37.384 1507 1581 I am_pss : [16304,10061,com.android.soundrecorder,5958656,4018176,0,88969216,0,19,8]
12-10 07:08:37.385 1507 6719 I ActivityTaskManager: START u0 {flg=0x10000000 pkg=com.thundercomm.screensaver cmp=com.thundercomm.screensaver/android.service.dreams.DreamActivity (has extras)} from uid 10052
12-10 07:08:37.387 1507 6719 I wm_task_created: [169,-1]
12-10 07:08:37.387 1507 6719 W ActivityTaskManager: Can't find TaskDisplayArea to determine support for multi window. Task id=169 attached=false
12-10 07:08:37.391 1507 6719 I wm_task_moved: [169,1,9]
12-10 07:08:37.391 1507 6719 I wm_task_to_front: [0,169]
12-10 07:08:37.392 1507 6719 I wm_create_task: [0,169]
12-10 07:08:37.392 1507 6719 I wm_create_activity: [0,83722718,169,com.thundercomm.screensaver/android.service.dreams.DreamActivity,NULL,NULL,NULL,276824064]
12-10 07:08:37.392 1507 6719 I wm_task_moved: [169,1,9]
12-10 07:08:37.393 15614 15614 I wm_on_top_resumed_lost_called: [247500436,com.android.gallery3d.app.GalleryActivity,topStateChangedWhenResumed]
12-10 07:08:37.394 1507 6719 I wm_pause_activity: [0,142082565,com.android.launcher3/.uioverrides.QuickstepLauncher,userLeaving=true,pauseBackTasks]
12-10 07:08:37.396 1507 6719 W WindowManager: updateScale0.4617737
12-10 07:08:37.398 2526 2526 I wm_on_paused_called: [142082565,com.android.launcher3.uioverrides.QuickstepLauncher,performPause]
12-10 07:08:37.406 1507 6699 I ActivityTaskManager: FOREGROUND_APPLICATION_CHANGED to android.service.dreams.DreamActivity
12-10 07:08:37.407 1507 6699 I ActivityTaskManager: The Process com.thundercomm.screensaver Already Exists in BG. So sending its PID: 14020
12-10 07:08:37.408 1507 6699 W ActivityTaskManager: Tried to set launchTime (0) < mLastActivityLaunchTime (19576706)
12-10 07:08:37.408 1507 6699 I wm_add_to_stopping: [0,142082565,com.android.launcher3/.uioverrides.QuickstepLauncher,makeInvisible]
12-10 07:08:37.409 1507 6699 I wm_restart_activity: [0,83722718,169,com.thundercomm.screensaver/android.service.dreams.DreamActivity]
12-10 07:08:37.412 1507 6699 I wm_set_resumed_activity: [0,com.thundercomm.screensaver/android.service.dreams.DreamActivity,minimalResumeActivityLocked]
12-10 07:08:37.429 14020 14020 I wm_on_create_called: [83722718,android.service.dreams.DreamActivity,performCreate]
12-10 07:08:37.430 1507 1568 I sysui_multi_action: [757,803,799,window_time_2,802,60]
12-10 07:08:37.431 14020 14020 I wm_on_start_called: [83722718,android.service.dreams.DreamActivity,handleStartActivity]
12-10 07:08:37.434 14020 14020 I wm_on_resume_called: [83722718,android.service.dreams.DreamActivity,RESUME_ACTIVITY]
12-10 07:08:37.438 1507 6850 W WindowManager: Failed looking up window session=Session{ca99f8b 14020:u0a10052} callers=com.android.server.wm.WindowManagerService.windowForClientLocked:5628 com.android.server.wm.Session.insetsModified:629 android.view.IWindowSession$Stub.onTransact:1151
12-10 07:08:37.442 14020 14020 I wm_on_top_resumed_gained_called: [83722718,android.service.dreams.DreamActivity,topStateChangedWhenResumed]
12-10 07:08:37.446 8492 8527 W ContextImpl: Calling a method in the system process without a qualified user: android.app.ContextImpl.startService:1816 android.content.ContextWrapper.startService:774 com.thundercomm.gamemode.ingame.services.GameModeActionUtils.startGameModeService:99 com.thundercomm.gamemode.ingame.services.GameModeActionUtils.startGameModeEntry:22 com.thundercomm.gamemode.ingame.services.ActivityMonitoringService$1.onActivityLaunch:127
12-10 07:08:37.451 1507 1507 I GameModeConfig: Current uri is uri = content://com.thundercomm.gamemode.api/gamemode_settings/gamemode_isgaming
12-10 07:08:37.458 1507 1507 I GameModeConfig: isGameModeOn = true
12-10 07:08:37.458 1507 1507 I GameModeConfig: isGaming = false
12-10 07:08:37.458 1507 1507 I GameModeConfig: isGameModeOn = true
12-10 07:08:37.458 1507 1507 I GameModeConfig: isGaming = false
12-10 07:08:37.458 1507 1507 I GameModeConfig: isDisableVoice = true
12-10 07:08:37.465 1507 6850 W WindowManager: updateScale0.4617737
12-10 07:08:37.474 1507 1569 I input_focus: [Focus request 89cdf78 com.thundercomm.screensaver/android.service.dreams.DreamActivity,reason=UpdateInputWindows]
12-10 07:08:37.475 1507 1909 I GameModeConfig: isGameModeOn = true
12-10 07:08:37.475 1507 1909 I GameModeConfig: isGaming = false
12-10 07:08:37.475 1507 1909 I GameModeConfig: isGameModeOn = true
12-10 07:08:37.475 1507 1909 I GameModeConfig: isGaming = false
12-10 07:08:37.475 1507 1909 I GameModeConfig: isGameModeOn = true
12-10 07:08:37.475 1507 1909 I GameModeConfig: isGaming = false
12-10 07:08:37.476 1507 1909 I GameModeConfig: isGameModeOn = true
12-10 07:08:37.476 1507 1909 I GameModeConfig: isGaming = false
12-10 07:08:37.476 1507 1909 I GameModeConfig: isGameModeOn = true
12-10 07:08:37.476 1507 1909 I GameModeConfig: isGaming = false
12-10 07:08:37.476 1507 1568 W WindowManager: updateScale0.4617737
12-10 07:08:37.478 1507 1568 W WindowManager: updateScale0.4617737
12-10 07:08:37.479 1507 1507 I notification_enqueue: [10082,2004,com.android.systemui,2048,NULL,0,Notification(channel=updateNotification shortcut=null contentView=null vibrate=null sound=null defaults=0x0 flags=0x0 color=0x00000000 vis=PRIVATE),1]
12-10 07:08:37.479 2004 2004 I sysui_multi_action: [757,111,758,2]
12-10 07:08:37.480 2004 2004 I sysui_multi_action: [757,111,758,2]
12-10 07:08:37.482 1507 1569 W WindowManager: updateScale0.4617737
12-10 07:08:37.488 1507 1569 W WindowManager: updateScale0.4617737
12-10 07:08:37.490 1507 1736 I input_focus: [Focus leaving f0e167e com.android.gallery3d/com.android.gallery3d.app.GalleryActivity (server),reason=Waiting for window because NOT_VISIBLE]
12-10 07:08:37.491 1507 1569 W WindowManager: updateScale0.4617737
12-10 07:08:37.493 1507 1613 V DisplayPowerController[0]: Brightness [0.37373737] reason changing to: 'manual', previous reason: 'manual [ dim ]'.
12-10 07:08:37.493 1507 1613 I sysui_multi_action: [757,1696,758,6,759,3]
12-10 07:08:37.497 1507 1564 I sysui_multi_action: [319,102,322,101,325,19766,757,761,758,8,759,2,806,com.thundercomm.screensaver,871,android.service.dreams.DreamActivity,904,com.thundercomm.screensaver,905,0,1320,4,1321,2]
12-10 07:08:37.498 1507 1564 I wm_activity_launch_time: [0,83722718,com.thundercomm.screensaver/android.service.dreams.DreamActivity,101]
12-10 07:08:37.505 2004 2004 I sysui_multi_action: [757,111,758,1]
12-10 07:08:37.505 2004 2004 I sysui_multi_action: [757,126,758,1,759,126,927,0,928,1,1593,0]
12-10 07:08:37.505 2004 2004 I sysui_multi_action: [757,113,758,1,759,113,927,1,928,1,1593,0]
12-10 07:08:37.505 2004 2004 I sysui_multi_action: [757,0,758,1,759,0,927,2,928,0,1593,0]
12-10 07:08:37.506 2004 2004 I sysui_multi_action: [757,0,758,1,759,0,927,3,928,0,1593,0]
12-10 07:08:37.506 1507 1980 E DisplayDeviceConfig: requesting nits when no mapping exists.
12-10 07:08:37.506 2004 2004 I sysui_multi_action: [757,491,758,1,759,491,927,4,928,1,1311,1,1593,0]
12-10 07:08:37.506 2004 2004 I sysui_multi_action: [757,0,758,1,759,0,927,5,928,0,1593,0]
12-10 07:08:37.506 1507 1980 E DisplayDeviceConfig: requesting nits when no mapping exists.
12-10 07:08:37.506 2004 2004 I sysui_multi_action: [757,111,758,1]
12-10 07:08:37.506 2004 2004 I sysui_multi_action: [757,126,758,1,759,126,927,0,928,1,1593,0]
12-10 07:08:37.507 2004 2004 I sysui_multi_action: [757,113,758,1,759,113,927,1,928,1,1593,0]
12-10 07:08:37.507 2004 2004 I sysui_multi_action: [757,0,758,1,759,0,927,2,928,0,1593,0]
12-10 07:08:37.507 2004 2004 I sysui_multi_action: [757,0,758,1,759,0,927,3,928,0,1593,0]
12-10 07:08:37.507 1507 1583 I am_wtf : [0,1507,system_server,-1,DisplayDeviceConfig,requesting nits when no mapping exists.]
12-10 07:08:37.508 1507 1583 I am_wtf : [0,1507,system_server,-1,DisplayDeviceConfig,requesting nits when no mapping exists.]
12-10 07:08:37.519 8492 8527 W ContextImpl: Calling a method in the system process without a qualified user: android.app.ContextImpl.startService:1816 android.content.ContextWrapper.startService:774 com.thundercomm.gamemode.ingame.services.GameModeActionUtils.startGameModeService:99 com.thundercomm.gamemode.ingame.services.GameModeActionUtils.startGameModeEntry:22 com.thundercomm.gamemode.ingame.services.ActivityMonitoringService$1.onActivityLaunch:127
12-10 07:08:37.523 1507 1736 I input_focus: [Focus entering 89cdf78 com.thundercomm.screensaver/android.service.dreams.DreamActivity (server),reason=Window became focusable. Previous reason: NOT_VISIBLE]
12-10 07:08:37.523 1507 1507 I GameModeConfig: Current uri is uri = content://com.thundercomm.gamemode.api/gamemode_settings/gamemode_isgaming
12-10 07:08:37.524 1507 1980 E DisplayDeviceConfig: requesting nits when no mapping exists.
12-10 07:08:37.524 1507 1980 E DisplayDeviceConfig: requesting nits when no mapping exists.
12-10 07:08:37.524 1507 1583 I am_wtf : [0,1507,system_server,-1,DisplayDeviceConfig,requesting nits when no mapping exists.]
12-10 07:08:37.525 1507 1507 I GameModeConfig: isGameModeOn = true
12-10 07:08:37.525 1507 1507 I GameModeConfig: isGaming = false
12-10 07:08:37.526 1507 1507 I GameModeConfig: isGameModeOn = true
12-10 07:08:37.526 1507 1507 I GameModeConfig: isGaming = false
12-10 07:08:37.526 1507 1507 I GameModeConfig: isDisableVoice = true
12-10 07:08:37.527 1507 1583 I am_wtf : [0,1507,system_server,-1,DisplayDeviceConfig,requesting nits when no mapping exists.]
12-10 07:08:37.541 1507 1980 E DisplayDeviceConfig: requesting nits when no mapping exists.
12-10 07:08:37.541 1507 1583 I am_wtf : [0,1507,system_server,-1,DisplayDeviceConfig,requesting nits when no mapping exists.]
12-10 07:08:37.541 1507 1980 E DisplayDeviceConfig: requesting nits when no mapping exists.
12-10 07:08:37.542 1507 1583 I am_wtf : [0,1507,system_server,-1,DisplayDeviceConfig,requesting nits when no mapping exists.]
12-10 07:08:37.555 1507 1980 E DisplayDeviceConfig: requesting nits when no mapping exists.
12-10 07:08:37.555 1507 1980 E DisplayDeviceConfig: requesting nits when no mapping exists.
12-10 07:08:37.555 1507 1583 I am_wtf : [0,1507,system_server,-1,DisplayDeviceConfig,requesting nits when no mapping exists.]
12-10 07:08:37.557 1507 1583 I am_wtf : [0,1507,system_server,-1,DisplayDeviceConfig,requesting nits when no mapping exists.]
12-10 07:08:37.572 1507 1980 E DisplayDeviceConfig: requesting nits when no mapping exists.
12-10 07:08:37.573 1507 1980 E DisplayDeviceConfig: requesting nits when no mapping exists.
12-10 07:08:37.573 1507 1583 I am_wtf : [0,1507,system_server,-1,DisplayDeviceConfig,requesting nits when no mapping exists.]
12-10 07:08:37.574 1507 1583 I am_wtf : [0,1507,system_server,-1,DisplayDeviceConfig,requesting nits when no mapping exists.]
12-10 07:08:37.589 1507 1980 E DisplayDeviceConfig: requesting nits when no mapping exists.
12-10 07:08:37.589 1507 1583 I am_wtf : [0,1507,system_server,-1,DisplayDeviceConfig,requesting nits when no mapping exists.]
12-10 07:08:37.589 1507 1980 E DisplayDeviceConfig: requesting nits when no mapping exists.
12-10 07:08:37.590 1507 1583 I am_wtf : [0,1507,system_server,-1,DisplayDeviceConfig,requesting nits when no mapping exists.]
12-10 07:08:37.606 1507 1980 E DisplayDeviceConfig: requesting nits when no mapping exists.
12-10 07:08:37.607 1507 1980 E DisplayDeviceConfig: requesting nits when no mapping exists.
12-10 07:08:37.607 1507 1583 I am_wtf : [0,1507,system_server,-1,DisplayDeviceConfig,requesting nits when no mapping exists.]
12-10 07:08:37.608 1507 1583 I am_wtf : [0,1507,system_server,-1,DisplayDeviceConfig,requesting nits when no mapping exists.]
12-10 07:08:37.621 1507 1980 E DisplayDeviceConfig: requesting nits when no mapping exists.
12-10 07:08:37.622 1507 1980 E DisplayDeviceConfig: requesting nits when no mapping exists.
12-10 07:08:37.622 1507 1583 I am_wtf : [0,1507,system_server,-1,DisplayDeviceConfig,requesting nits when no mapping exists.]
12-10 07:08:37.623 1507 1583 I am_wtf : [0,1507,system_server,-1,DisplayDeviceConfig,requesting nits when no mapping exists.]
12-10 07:08:37.641 1507 1980 E DisplayDeviceConfig: requesting nits when no mapping exists.
12-10 07:08:37.641 1507 1980 E DisplayDeviceConfig: requesting nits when no mapping exists.
12-10 07:08:37.641 1507 1583 I am_wtf : [0,1507,system_server,-1,DisplayDeviceConfig,requesting nits when no mapping exists.]
12-10 07:08:37.642 1507 1583 I am_wtf : [0,1507,system_server,-1,DisplayDeviceConfig,requesting nits when no mapping exists.]
12-10 07:08:37.655 1507 1980 E DisplayDeviceConfig: requesting nits when no mapping exists.
12-10 07:08:37.656 1507 1583 I am_wtf : [0,1507,system_server,-1,DisplayDeviceConfig,requesting nits when no mapping exists.]
12-10 07:08:37.656 1507 1980 E DisplayDeviceConfig: requesting nits when no mapping exists.
12-10 07:08:37.657 1507 1583 I am_wtf : [0,1507,system_server,-1,DisplayDeviceConfig,requesting nits when no mapping exists.]
12-10 07:08:37.672 1507 1980 E DisplayDeviceConfig: requesting nits when no mapping exists.
12-10 07:08:37.672 1507 1980 E DisplayDeviceConfig: requesting nits when no mapping exists.
12-10 07:08:37.673 1507 1583 I am_wtf : [0,1507,system_server,-1,DisplayDeviceConfig,requesting nits when no mapping exists.]
12-10 07:08:37.673 1507 1583 I am_wtf : [0,1507,system_server,-1,DisplayDeviceConfig,requesting nits when no mapping exists.]
12-10 07:08:37.684 1507 1507 I GameModeConfig: isGameModeOn = true
12-10 07:08:37.684 1507 1507 I GameModeConfig: isGaming = false
12-10 07:08:37.688 1507 1980 E DisplayDeviceConfig: requesting nits when no mapping exists.
12-10 07:08:37.689 1507 1980 E DisplayDeviceConfig: requesting nits when no mapping exists.
12-10 07:08:37.690 1507 1583 I am_wtf : [0,1507,system_server,-1,DisplayDeviceConfig,requesting nits when no mapping exists.]
12-10 07:08:37.691 1507 1583 I am_wtf : [0,1507,system_server,-1,DisplayDeviceConfig,requesting nits when no mapping exists.]
12-10 07:08:37.705 1507 1980 E DisplayDeviceConfig: requesting nits when no mapping exists.
12-10 07:08:37.705 1507 1980 E DisplayDeviceConfig: requesting nits when no mapping exists.
12-10 07:08:37.707 1507 1583 I am_wtf : [0,1507,system_server,-1,DisplayDeviceConfig,requesting nits when no mapping exists.]
12-10 07:08:37.714 1507 1583 I am_wtf : [0,1507,system_server,-1,DisplayDeviceConfig,requesting nits when no mapping exists.]
12-10 07:08:37.724 1507 1980 E DisplayDeviceConfig: requesting nits when no mapping exists.
12-10 07:08:37.724 1507 1980 E DisplayDeviceConfig: requesting nits when no mapping exists.
12-10 07:08:37.726 1507 1583 I am_wtf : [0,1507,system_server,-1,DisplayDeviceConfig,requesting nits when no mapping exists.]
12-10 07:08:37.726 1507 1583 I am_wtf : [0,1507,system_server,-1,DisplayDeviceConfig,requesting nits when no mapping exists.]
12-10 07:08:37.741 1507 1980 E DisplayDeviceConfig: requesting nits when no mapping exists.
12-10 07:08:37.742 1507 1980 E DisplayDeviceConfig: requesting nits when no mapping exists.
12-10 07:08:37.742 1507 1583 I am_wtf : [0,1507,system_server,-1,DisplayDeviceConfig,requesting nits when no mapping exists.]
12-10 07:08:37.743 1507 1583 I am_wtf : [0,1507,system_server,-1,DisplayDeviceConfig,requesting nits when no mapping exists.]
12-10 07:08:37.756 1507 1980 E DisplayDeviceConfig: requesting nits when no mapping exists.
12-10 07:08:37.756 1507 1980 E DisplayDeviceConfig: requesting nits when no mapping exists.
12-10 07:08:37.756 1507 1583 I am_wtf : [0,1507,system_server,-1,DisplayDeviceConfig,requesting nits when no mapping exists.]
12-10 07:08:37.757 1507 1583 I am_wtf : [0,1507,system_server,-1,DisplayDeviceConfig,requesting nits when no mapping exists.]
12-10 07:08:37.772 1507 1980 E DisplayDeviceConfig: requesting nits when no mapping exists.
12-10 07:08:37.772 1507 1980 E DisplayDeviceConfig: requesting nits when no mapping exists.
12-10 07:08:37.772 1507 1583 I am_wtf : [0,1507,system_server,-1,DisplayDeviceConfig,requesting nits when no mapping exists.]
12-10 07:08:37.774 1507 1583 I am_wtf : [0,1507,system_server,-1,DisplayDeviceConfig,requesting nits when no mapping exists.]
12-10 07:08:37.790 1507 1980 E DisplayDeviceConfig: requesting nits when no mapping exists.
12-10 07:08:37.790 1507 1583 I am_wtf : [0,1507,system_server,-1,DisplayDeviceConfig,requesting nits when no mapping exists.]
12-10 07:08:37.791 1507 1980 E DisplayDeviceConfig: requesting nits when no mapping exists.
12-10 07:08:37.791 1507 1583 I am_wtf : [0,1507,system_server,-1,DisplayDeviceConfig,requesting nits when no mapping exists.]
12-10 07:08:37.792 1507 1569 W WindowManager: updateScale0.4617737
12-10 07:08:37.795 1507 1568 I wm_stop_activity: [0,142082565,com.android.launcher3/.uioverrides.QuickstepLauncher]
12-10 07:08:37.806 1507 1980 E DisplayDeviceConfig: requesting nits when no mapping exists.
12-10 07:08:37.806 1507 1583 I am_wtf : [0,1507,system_server,-1,DisplayDeviceConfig,requesting nits when no mapping exists.]
12-10 07:08:37.807 1507 1980 E DisplayDeviceConfig: requesting nits when no mapping exists.
12-10 07:08:37.808 1507 1583 I am_wtf : [0,1507,system_server,-1,DisplayDeviceConfig,requesting nits when no mapping exists.]
12-10 07:08:37.812 1507 1527 W WindowManager: updateScale0.4617737
12-10 07:08:37.818 2526 2526 I wm_on_stop_called: [142082565,com.android.launcher3.uioverrides.QuickstepLauncher,STOP_ACTIVITY_ITEM]
12-10 07:08:37.822 1507 1980 E DisplayDeviceConfig: requesting nits when no mapping exists.
12-10 07:08:37.823 1507 1583 I am_wtf : [0,1507,system_server,-1,DisplayDeviceConfig,requesting nits when no mapping exists.]
12-10 07:08:37.823 1507 1980 E DisplayDeviceConfig: requesting nits when no mapping exists.
12-10 07:08:37.823 1507 1583 I am_wtf : [0,1507,system_server,-1,DisplayDeviceConfig,requesting nits when no mapping exists.]
12-10 07:08:37.825 1507 1569 W WindowManager: updateScale0.4617737
12-10 07:08:37.832 8492 8527 W ContextImpl: Calling a method in the system process without a qualified user: android.app.ContextImpl.startService:1816 android.content.ContextWrapper.startService:774 com.thundercomm.gamemode.ingame.services.GameModeActionUtils.startGameModeService:99 com.thundercomm.gamemode.ingame.services.GameModeActionUtils.startGameModeEntry:22 com.thundercomm.gamemode.ingame.services.ActivityMonitoringService$1.onActivityLaunch:127
12-10 07:08:37.837 1507 1507 I GameModeConfig: Current uri is uri = content://com.thundercomm.gamemode.api/gamemode_settings/gamemode_isgaming
12-10 07:08:37.838 1507 1507 I GameModeConfig: isGameModeOn = true
12-10 07:08:37.838 1507 1507 I GameModeConfig: isGaming = false
12-10 07:08:37.839 1507 1507 I GameModeConfig: isGameModeOn = true
12-10 07:08:37.839 1507 1507 I GameModeConfig: isGaming = false
12-10 07:08:37.839 1507 1507 I GameModeConfig: isDisableVoice = true
12-10 07:08:41.155 0 0 I auditd : type=1400 audit(0.0:21198): avc: denied { kill } for comm="swapper/2" capability=5 scontext=u:r:kernel:s0 tcontext=u:r:kernel:s0 tclass=capability permissive=0
12-10 07:08:42.155 0 0 I auditd : type=1400 audit(0.0:21199): avc: denied { kill } for comm="swapper/2" capability=5 scontext=u:r:kernel:s0 tcontext=u:r:kernel:s0 tclass=capability permissive=0
12-10 07:08:43.155 0 0 I auditd : type=1400 audit(0.0:21200): avc: denied { kill } for comm="swapper/2" capability=5 scontext=u:r:kernel:s0 tcontext=u:r:kernel:s0 tclass=capability permissive=0
12-10 07:08:44.155 0 0 I auditd : type=1400 audit(0.0:21201): avc: denied { kill } for comm="swapper/2" capability=5 scontext=u:r:kernel:s0 tcontext=u:r:kernel:s0 tclass=capability permissive=0
12-10 07:08:45.155 0 0 I auditd : type=1400 audit(0.0:21202): avc: denied { kill } for comm="swapper/2" capability=5 scontext=u:r:kernel:s0 tcontext=u:r:kernel:s0 tclass=capability permissive=0
12-10 07:08:46.155 0 0 I auditd : type=1400 audit(0.0:21203): avc: denied { kill } for comm="swapper/2" capability=5 scontext=u:r:kernel:s0 tcontext=u:r:kernel:s0 tclass=capability permissive=0
12-10 07:08:47.032 1507 1819 I netstats_mobile_sample: [0,0,0,0,0,0,0,0,0,0,0,0,1670627327032]
12-10 07:08:47.033 1507 1819 I netstats_wifi_sample: [12397453,28364,24962401,59670,12397453,28364,24962401,59670,15951621,52247,12566699,31211,1670627327032]
12-10 07:08:47.155 0 0 I auditd : type=1400 audit(0.0:21204): avc: denied { kill } for comm="swapper/2" capability=5 scontext=u:r:kernel:s0 tcontext=u:r:kernel:s0 tclass=capability permissive=0
12-10 07:08:47.719 1507 1909 I GameModeConfig: isGameModeOn = true
12-10 07:08:47.719 1507 1909 I GameModeConfig: isGaming = false
12-10 07:08:48.155 0 0 I auditd : type=1400 audit(0.0:21205): avc: denied { kill } for comm="swapper/2" capability=5 scontext=u:r:kernel:s0 tcontext=u:r:kernel:s0 tclass=capability permissive=0
12-10 07:08:49.155 0 0 I auditd : type=1400 audit(0.0:21206): avc: denied { kill } for comm="swapper/2" capability=5 scontext=u:r:kernel:s0 tcontext=u:r:kernel:s0 tclass=capability permissive=0
12-10 07:08:50.155 0 0 I auditd : type=1400 audit(0.0:21207): avc: denied { kill } for comm="swapper/2" capability=5 scontext=u:r:kernel:s0 tcontext=u:r:kernel:s0 tclass=capability permissive=0
12-10 07:08:51.155 0 0 I auditd : type=1400 audit(0.0:21208): avc: denied { kill } for comm="swapper/2" capability=5 scontext=u:r:kernel:s0 tcontext=u:r:kernel:s0 tclass=capability permissive=0
12-10 07:08:52.155 0 0 I auditd : type=1400 audit(0.0:21209): avc: denied { kill } for comm="swapper/2" capability=5 scontext=u:r:kernel:s0 tcontext=u:r:kernel:s0 tclass=capability permissive=0
12-10 07:08:53.155 0 0 I auditd : type=1400 audit(0.0:21210): avc: denied { kill } for comm="swapper/2" capability=5 scontext=u:r:kernel:s0 tcontext=u:r:kernel:s0 tclass=capability permissive=0
12-10 07:08:54.155 0 0 I auditd : type=1400 audit(0.0:21211): avc: denied { kill } for comm="swapper/2" capability=5 scontext=u:r:kernel:s0 tcontext=u:r:kernel:s0 tclass=capability permissive=0
12-10 07:08:55.155 0 0 I auditd : type=1400 audit(0.0:21212): avc: denied { kill } for comm="swapper/2" capability=5 scontext=u:r:kernel:s0 tcontext=u:r:kernel:s0 tclass=capability permissive=0
12-10 07:08:56.155 0 0 I auditd : type=1400 audit(0.0:21213): avc: denied { kill } for comm="swapper/2" capability=5 scontext=u:r:kernel:s0 tcontext=u:r:kernel:s0 tclass=capability permissive=0
12-10 07:08:57.155 0 0 I auditd : type=1400 audit(0.0:21214): avc: denied { kill } for comm="swapper/2" capability=5 scontext=u:r:kernel:s0 tcontext=u:r:kernel:s0 tclass=capability permissive=0
12-10 07:08:59.155 0 0 I auditd : type=1400 audit(0.0:21215): avc: denied { kill } for comm="swapper/1" capability=5 scontext=u:r:kernel:s0 tcontext=u:r:kernel:s0 tclass=capability permissive=0
12-10 07:09:03.155 0 0 I auditd : type=1400 audit(0.0:21216): avc: denied { kill } for comm="swapper/1" capability=5 scontext=u:r:kernel:s0 tcontext=u:r:kernel:s0 tclass=capability permissive=0
12-10 07:09:04.155 0 0 I auditd : type=1400 audit(0.0:21217): avc: denied { kill } for comm="swapper/1" capability=5 scontext=u:r:kernel:s0 tcontext=u:r:kernel:s0 tclass=capability permissive=0
12-10 07:09:05.155 0 0 I auditd : type=1400 audit(0.0:21218): avc: denied { kill } for comm="swapper/1" capability=5 scontext=u:r:kernel:s0 tcontext=u:r:kernel:s0 tclass=capability permissive=0
12-10 07:09:06.155 0 0 I auditd : type=1400 audit(0.0:21219): avc: denied { kill } for comm="swapper/1" capability=5 scontext=u:r:kernel:s0 tcontext=u:r:kernel:s0 tclass=capability permissive=0
12-10 07:09:07.155 0 0 I auditd : type=1400 audit(0.0:21220): avc: denied { kill } for comm="swapper/1" capability=5 scontext=u:r:kernel:s0 tcontext=u:r:kernel:s0 tclass=capability permissive=0
12-10 07:09:08.155 0 0 I auditd : type=1400 audit(0.0:21221): avc: denied { kill } for comm="swapper/1" capability=5 scontext=u:r:kernel:s0 tcontext=u:r:kernel:s0 tclass=capability permissive=0
12-10 07:09:08.608 1507 1736 I input_interaction: Interaction with: 89cdf78 com.thundercomm.screensaver/android.service.dreams.DreamActivity (server), edge-swipe (server), swipe-up (server), PointerEventDispatcher0 (server),
12-10 07:09:08.611 1507 6719 I wm_finish_activity: [0,83722718,169,com.thundercomm.screensaver/android.service.dreams.DreamActivity,finish-activity]
12-10 07:09:08.611 1507 6719 I wm_task_moved: [166,1,8]
12-10 07:09:08.611 1507 6719 I wm_task_to_front: [0,166]
12-10 07:09:08.612 1507 6719 I wm_set_resumed_activity: [0,com.android.gallery3d/.app.GalleryActivity,positionChildAt]
12-10 07:09:08.612 1507 6719 I wm_focused_root_task: [0,0,166,169,finish-top adjustFocusToNextFocusableTask]
12-10 07:09:08.612 1507 6719 I wm_set_resumed_activity: [0,com.android.gallery3d/.app.GalleryActivity,finish-top]
12-10 07:09:08.613 1507 6719 I wm_pause_activity: [0,83722718,com.thundercomm.screensaver/android.service.dreams.DreamActivity,userLeaving=false,finish]
12-10 07:09:08.614 1507 6719 W WindowManager: updateScale0.4617737
12-10 07:09:08.622 1507 6719 I DreamManagerService: Gently waking up from dream.
12-10 07:09:08.622 1507 1568 I sysui_multi_action: [757,803,799,window_time_0,802,31]
12-10 07:09:08.627 1507 1564 I DreamManagerService: Performing gentle wake from dream.
12-10 07:09:08.627 14020 14020 I wm_on_top_resumed_lost_called: [83722718,android.service.dreams.DreamActivity,topStateChangedWhenResumed]
12-10 07:09:08.628 14020 14020 I wm_on_paused_called: [83722718,android.service.dreams.DreamActivity,performPause]
12-10 07:09:08.628 15614 15614 I wm_on_top_resumed_gained_called: [247500436,com.android.gallery3d.app.GalleryActivity,topStateChangedWhenResumed]
12-10 07:09:08.630 1507 1527 I ActivityTaskManager: FOREGROUND_APPLICATION_CHANGED to com.android.launcher3.uioverrides.QuickstepLauncher
12-10 07:09:08.632 1507 1527 I wm_resume_activity: [0,142082565,27,com.android.launcher3/.uioverrides.QuickstepLauncher]
12-10 07:09:08.633 1507 1527 I ActivityTaskManager: FOREGROUND_APPLICATION_CHANGED to com.android.gallery3d.app.GalleryActivity
12-10 07:09:08.633 1507 1527 W WindowManager: updateScale0.4617737
12-10 07:09:08.643 1507 1527 W WindowManager: updateScale0.4617737
12-10 07:09:08.645 1507 1568 I sysui_multi_action: [757,803,799,window_time_2,802,0]
12-10 07:09:08.647 1507 1568 W WindowManager: updateScale0.4617737
12-10 07:09:08.647 1507 1568 W WindowManager: updateScale0.4617737
12-10 07:09:08.650 1507 1736 I input_focus: [Focus leaving 89cdf78 com.thundercomm.screensaver/android.service.dreams.DreamActivity (server),reason=NO_WINDOW]
12-10 07:09:08.652 14020 14020 I view_enqueue_input_event: [Motion - Cancel,com.thundercomm.screensaver/android.service.dreams.DreamActivity]
12-10 07:09:08.656 1507 1569 I input_focus: [Focus request f0e167e com.android.gallery3d/com.android.gallery3d.app.GalleryActivity,reason=UpdateInputWindows]
12-10 07:09:08.656 1507 1568 W WindowManager: updateScale0.4617737
12-10 07:09:08.657 1507 6719 W WindowManager: updateScale0.4617737
12-10 07:09:08.660 2526 2526 I wm_on_restart_called: [142082565,com.android.launcher3.uioverrides.QuickstepLauncher,performRestartActivity]
12-10 07:09:08.660 2526 2526 I wm_on_start_called: [142082565,com.android.launcher3.uioverrides.QuickstepLauncher,handleStartActivity]
12-10 07:09:08.661 2526 2526 I wm_on_resume_called: [142082565,com.android.launcher3.uioverrides.QuickstepLauncher,RESUME_ACTIVITY]
12-10 07:09:08.664 1507 1736 I input_focus: [Focus entering f0e167e com.android.gallery3d/com.android.gallery3d.app.GalleryActivity (server),reason=setFocusedWindow]
12-10 07:09:08.669 8492 8527 W ContextImpl: Calling a method in the system process without a qualified user: android.app.ContextImpl.startService:1816 android.content.ContextWrapper.startService:774 com.thundercomm.gamemode.ingame.services.GameModeActionUtils.startGameModeService:99 com.thundercomm.gamemode.ingame.services.GameModeActionUtils.startGameModeEntry:22 com.thundercomm.gamemode.ingame.services.ActivityMonitoringService$1.onActivityLaunch:127
12-10 07:09:08.677 1507 1507 I GameModeConfig: Current uri is uri = content://com.thundercomm.gamemode.api/gamemode_settings/gamemode_isgaming
12-10 07:09:08.679 1507 9362 W WindowManager: updateScale0.4617737
12-10 07:09:08.680 1507 1507 I GameModeConfig: isGameModeOn = true
12-10 07:09:08.680 1507 1507 I GameModeConfig: isGaming = false
12-10 07:09:08.681 1507 1507 I GameModeConfig: isGameModeOn = true
12-10 07:09:08.681 1507 1507 I GameModeConfig: isGaming = false
12-10 07:09:08.681 1507 1507 I GameModeConfig: isDisableVoice = true
12-10 07:09:08.690 8492 8527 W ContextImpl: Calling a method in the system process without a qualified user: android.app.ContextImpl.startService:1816 android.content.ContextWrapper.startService:774 com.thundercomm.gamemode.ingame.services.GameModeActionUtils.startGameModeService:99 com.thundercomm.gamemode.ingame.services.GameModeActionUtils.startGameModeEntry:22 com.thundercomm.gamemode.ingame.services.ActivityMonitoringService$1.onActivityLaunch:127
12-10 07:09:08.694 1507 1507 I GameModeConfig: Current uri is uri = content://com.thundercomm.gamemode.api/gamemode_settings/gamemode_isgaming
12-10 07:09:08.696 1507 1507 I GameModeConfig: isGameModeOn = true
12-10 07:09:08.696 1507 1507 I GameModeConfig: isGaming = false
12-10 07:09:08.697 1507 1507 I GameModeConfig: isGameModeOn = true
12-10 07:09:08.697 1507 1507 I GameModeConfig: isGaming = false
12-10 07:09:08.697 1507 1507 I GameModeConfig: isDisableVoice = true
12-10 07:09:08.700 1507 1569 W WindowManager: updateScale0.4617737
12-10 07:09:08.703 1507 1581 I am_pss : [8492,1000,com.thundercomm.gamemode,20240384,15941632,0,126144512,0,10,7]
12-10 07:09:08.705 1507 1569 W WindowManager: updateScale0.4617737
12-10 07:09:08.708 1507 1569 W WindowManager: updateScale0.4617737
12-10 07:09:08.717 1507 1613 I PowerManagerService: Powering on display group fromDreaming (groupId=0, uid=1000, reason=WAKE_REASON_UNKNOWN, details=android.server.power:DREAM_FINISHED)...
12-10 07:09:08.717 1507 1613 I PowerManagerService: Waking up from Dreaming (uid=1000, reason=WAKE_REASON_UNKNOWN, details=android.server.power:DREAM_FINISHED)...
12-10 07:09:08.743 1507 6719 I wm_destroy_activity: [0,83722718,169,com.thundercomm.screensaver/android.service.dreams.DreamActivity,finish-idle]
12-10 07:09:08.745 14020 14020 I wm_on_stop_called: [83722718,android.service.dreams.DreamActivity,LIFECYCLER_STOP_ACTIVITY]
12-10 07:09:08.745 8492 8527 W ContextImpl: Calling a method in the system process without a qualified user: android.app.ContextImpl.startService:1816 android.content.ContextWrapper.startService:774 com.thundercomm.gamemode.ingame.services.GameModeActionUtils.startGameModeService:99 com.thundercomm.gamemode.ingame.services.GameModeActionUtils.startGameModeEntry:22 com.thundercomm.gamemode.ingame.services.ActivityMonitoringService$1.onActivityLaunch:127
12-10 07:09:08.749 14020 14020 I wm_on_destroy_called: [83722718,android.service.dreams.DreamActivity,performDestroy]
12-10 07:09:08.752 1507 1507 I GameModeConfig: Current uri is uri = content://com.thundercomm.gamemode.api/gamemode_settings/gamemode_isgaming
12-10 07:09:08.753 1507 1507 I GameModeConfig: isGameModeOn = true
12-10 07:09:08.753 1507 1507 I GameModeConfig: isGaming = false
12-10 07:09:08.754 1507 1507 I GameModeConfig: isGameModeOn = true
12-10 07:09:08.754 1507 1507 I GameModeConfig: isGaming = false
