12-10 06:50:19.155 0 0 I auditd : type=1400 audit(0.0:20183): avc: denied { kill } for comm="swapper/1" capability=5 scontext=u:r:kernel:s0 tcontext=u:r:kernel:s0 tclass=capability permissive=0
12-10 06:50:20.155 0 0 I auditd : type=1400 audit(0.0:20184): avc: denied { kill } for comm="swapper/1" capability=5 scontext=u:r:kernel:s0 tcontext=u:r:kernel:s0 tclass=capability permissive=0
12-10 06:50:21.155 0 0 I auditd : type=1400 audit(0.0:20185): avc: denied { kill } for comm="swapper/1" capability=5 scontext=u:r:kernel:s0 tcontext=u:r:kernel:s0 tclass=capability permissive=0
12-10 06:50:22.155 0 0 I auditd : type=1400 audit(0.0:20186): avc: denied { kill } for comm="swapper/1" capability=5 scontext=u:r:kernel:s0 tcontext=u:r:kernel:s0 tclass=capability permissive=0
12-10 06:50:23.155 0 0 I auditd : type=1400 audit(0.0:20187): avc: denied { kill } for comm="swapper/1" capability=5 scontext=u:r:kernel:s0 tcontext=u:r:kernel:s0 tclass=capability permissive=0
12-10 06:50:24.155 0 0 I auditd : type=1400 audit(0.0:20188): avc: denied { kill } for comm="swapper/1" capability=5 scontext=u:r:kernel:s0 tcontext=u:r:kernel:s0 tclass=capability permissive=0
12-10 06:50:25.155 0 0 I auditd : type=1400 audit(0.0:20189): avc: denied { kill } for comm="swapper/1" capability=5 scontext=u:r:kernel:s0 tcontext=u:r:kernel:s0 tclass=capability permissive=0
12-10 06:50:26.155 0 0 I auditd : type=1400 audit(0.0:20190): avc: denied { kill } for comm="swapper/1" capability=5 scontext=u:r:kernel:s0 tcontext=u:r:kernel:s0 tclass=capability permissive=0
12-10 06:50:27.155 0 0 I auditd : type=1400 audit(0.0:20191): avc: denied { kill } for comm="swapper/1" capability=5 scontext=u:r:kernel:s0 tcontext=u:r:kernel:s0 tclass=capability permissive=0
12-10 06:50:28.155 0 0 I auditd : type=1400 audit(0.0:20192): avc: denied { kill } for comm="swapper/1" capability=5 scontext=u:r:kernel:s0 tcontext=u:r:kernel:s0 tclass=capability permissive=0
12-10 06:50:29.155 0 0 I auditd : type=1400 audit(0.0:20193): avc: denied { kill } for comm="swapper/1" capability=5 scontext=u:r:kernel:s0 tcontext=u:r:kernel:s0 tclass=capability permissive=0
12-10 06:50:30.155 0 0 I auditd : type=1400 audit(0.0:20194): avc: denied { kill } for comm="swapper/1" capability=5 scontext=u:r:kernel:s0 tcontext=u:r:kernel:s0 tclass=capability permissive=0
12-10 06:50:31.155 0 0 I auditd : type=1400 audit(0.0:20195): avc: denied { kill } for comm="swapper/1" capability=5 scontext=u:r:kernel:s0 tcontext=u:r:kernel:s0 tclass=capability permissive=0
12-10 06:50:32.155 0 0 I auditd : type=1400 audit(0.0:20196): avc: denied { kill } for comm="swapper/1" capability=5 scontext=u:r:kernel:s0 tcontext=u:r:kernel:s0 tclass=capability permissive=0
12-10 06:50:32.164 1507 1711 I am_freeze: [15797,com.android.music]
12-10 06:50:32.167 1507 1711 I am_freeze: [15798,com.android.calendar]
12-10 06:50:32.169 1507 1711 I am_kill : [0,15797,com.android.music,935,Unable to freeze binder interface]
12-10 06:50:32.172 1507 1711 I am_kill : [0,15798,com.android.calendar,925,Unable to freeze binder interface]
12-10 06:50:32.200 1507 9513 I am_proc_died: [0,15797,com.android.music,935,19]
12-10 06:50:32.201 1507 9513 I am_uid_stopped: 10090
12-10 06:50:32.206 1507 2150 I am_proc_died: [0,15798,com.android.calendar,925,19]
12-10 06:50:32.206 1507 2150 I am_uid_stopped: 10065
12-10 06:50:32.210 1507 1568 I am_uid_running: 10090
12-10 06:50:32.211 1507 1568 I am_uid_running: 10065
12-10 06:50:32.215 1507 1581 I am_pss : [14020,10052,com.thundercomm.screensaver,65170432,58761216,0,180301824,0,2,7]
12-10 06:50:32.224 1507 1581 I am_pss : [15614,10066,com.android.gallery3d,49682432,43753472,0,166084608,0,2,7]
12-10 06:50:32.225 1507 1584 I am_proc_start: [0,15941,10090,com.android.music,NULL,]
12-10 06:50:32.238 1507 1584 I am_proc_start: [0,15942,10065,com.android.calendar,NULL,]
12-10 06:50:32.241 1507 1581 I am_pss : [15287,1000,com.android.settings,131467264,116850688,0,265498624,0,15,13]
12-10 06:50:32.247 1507 1581 I am_pss : [15879,10061,com.android.soundrecorder,5970944,3997696,0,88965120,0,19,5]
12-10 06:50:32.263 1507 9513 I am_proc_bound: [0,15941,com.android.music]
12-10 06:50:32.264 1507 2150 I am_proc_bound: [0,15942,com.android.calendar]
12-10 06:50:33.155 0 0 I auditd : type=1400 audit(0.0:20197): avc: denied { kill } for comm="swapper/1" capability=5 scontext=u:r:kernel:s0 tcontext=u:r:kernel:s0 tclass=capability permissive=0
12-10 06:50:34.155 0 0 I auditd : type=1400 audit(0.0:20198): avc: denied { kill } for comm="swapper/1" capability=5 scontext=u:r:kernel:s0 tcontext=u:r:kernel:s0 tclass=capability permissive=0
12-10 06:50:35.155 0 0 I auditd : type=1400 audit(0.0:20199): avc: denied { kill } for comm="swapper/1" capability=5 scontext=u:r:kernel:s0 tcontext=u:r:kernel:s0 tclass=capability permissive=0
12-10 06:50:36.155 0 0 I auditd : type=1400 audit(0.0:20200): avc: denied { kill } for comm="swapper/1" capability=5 scontext=u:r:kernel:s0 tcontext=u:r:kernel:s0 tclass=capability permissive=0
12-10 06:50:37.155 0 0 I auditd : type=1400 audit(0.0:20201): avc: denied { kill } for comm="swapper/1" capability=5 scontext=u:r:kernel:s0 tcontext=u:r:kernel:s0 tclass=capability permissive=0
12-10 06:50:38.155 0 0 I auditd : type=1400 audit(0.0:20202): avc: denied { kill } for comm="swapper/1" capability=5 scontext=u:r:kernel:s0 tcontext=u:r:kernel:s0 tclass=capability permissive=0
12-10 06:50:39.155 0 0 I auditd : type=1400 audit(0.0:20203): avc: denied { kill } for comm="swapper/1" capability=5 scontext=u:r:kernel:s0 tcontext=u:r:kernel:s0 tclass=capability permissive=0
12-10 06:50:40.155 0 0 I auditd : type=1400 audit(0.0:20204): avc: denied { kill } for comm="swapper/1" capability=5 scontext=u:r:kernel:s0 tcontext=u:r:kernel:s0 tclass=capability permissive=0
12-10 06:50:41.155 0 0 I auditd : type=1400 audit(0.0:20205): avc: denied { kill } for comm="swapper/1" capability=5 scontext=u:r:kernel:s0 tcontext=u:r:kernel:s0 tclass=capability permissive=0
12-10 06:50:42.155 0 0 I auditd : type=1400 audit(0.0:20206): avc: denied { kill } for comm="swapper/1" capability=5 scontext=u:r:kernel:s0 tcontext=u:r:kernel:s0 tclass=capability permissive=0
12-10 06:50:43.155 0 0 I auditd : type=1400 audit(0.0:20207): avc: denied { kill } for comm="swapper/1" capability=5 scontext=u:r:kernel:s0 tcontext=u:r:kernel:s0 tclass=capability permissive=0
12-10 06:50:44.155 0 0 I auditd : type=1400 audit(0.0:20208): avc: denied { kill } for comm="swapper/1" capability=5 scontext=u:r:kernel:s0 tcontext=u:r:kernel:s0 tclass=capability permissive=0
12-10 06:50:45.155 0 0 I auditd : type=1400 audit(0.0:20209): avc: denied { kill } for comm="swapper/1" capability=5 scontext=u:r:kernel:s0 tcontext=u:r:kernel:s0 tclass=capability permissive=0
12-10 06:50:46.155 0 0 I auditd : type=1400 audit(0.0:20210): avc: denied { kill } for comm="swapper/1" capability=5 scontext=u:r:kernel:s0 tcontext=u:r:kernel:s0 tclass=capability permissive=0
12-10 06:50:48.155 0 0 I auditd : type=1400 audit(0.0:20211): avc: denied { kill } for comm="swapper/2" capability=5 scontext=u:r:kernel:s0 tcontext=u:r:kernel:s0 tclass=capability permissive=0
12-10 06:50:49.155 0 0 I auditd : type=1400 audit(0.0:20212): avc: denied { kill } for comm="swapper/2" capability=5 scontext=u:r:kernel:s0 tcontext=u:r:kernel:s0 tclass=capability permissive=0
12-10 06:50:50.155 0 0 I auditd : type=1400 audit(0.0:20213): avc: denied { kill } for comm="swapper/2" capability=5 scontext=u:r:kernel:s0 tcontext=u:r:kernel:s0 tclass=capability permissive=0
12-10 06:50:51.155 0 0 I auditd : type=1400 audit(0.0:20214): avc: denied { kill } for comm="swapper/2" capability=5 scontext=u:r:kernel:s0 tcontext=u:r:kernel:s0 tclass=capability permissive=0
12-10 06:50:52.155 0 0 I auditd : type=1400 audit(0.0:20215): avc: denied { kill } for comm="swapper/2" capability=5 scontext=u:r:kernel:s0 tcontext=u:r:kernel:s0 tclass=capability permissive=0
12-10 06:50:53.155 0 0 I auditd : type=1400 audit(0.0:20216): avc: denied { kill } for comm="swapper/2" capability=5 scontext=u:r:kernel:s0 tcontext=u:r:kernel:s0 tclass=capability permissive=0
12-10 06:50:54.155 0 0 I auditd : type=1400 audit(0.0:20217): avc: denied { kill } for comm="swapper/2" capability=5 scontext=u:r:kernel:s0 tcontext=u:r:kernel:s0 tclass=capability permissive=0
12-10 06:50:55.155 0 0 I auditd : type=1400 audit(0.0:20218): avc: denied { kill } for comm="swapper/2" capability=5 scontext=u:r:kernel:s0 tcontext=u:r:kernel:s0 tclass=capability permissive=0
12-10 06:50:56.155 0 0 I auditd : type=1400 audit(0.0:20219): avc: denied { kill } for comm="swapper/2" capability=5 scontext=u:r:kernel:s0 tcontext=u:r:kernel:s0 tclass=capability permissive=0
12-10 06:50:57.155 0 0 I auditd : type=1400 audit(0.0:20220): avc: denied { kill } for comm="swapper/2" capability=5 scontext=u:r:kernel:s0 tcontext=u:r:kernel:s0 tclass=capability permissive=0
12-10 06:50:58.155 0 0 I auditd : type=1400 audit(0.0:20221): avc: denied { kill } for comm="swapper/2" capability=5 scontext=u:r:kernel:s0 tcontext=u:r:kernel:s0 tclass=capability permissive=0
12-10 06:51:00.155 0 0 I auditd : type=1400 audit(0.0:20222): avc: denied { kill } for comm="swapper/2" capability=5 scontext=u:r:kernel:s0 tcontext=u:r:kernel:s0 tclass=capability permissive=0
12-10 06:51:01.155 0 0 I auditd : type=1400 audit(0.0:20223): avc: denied { kill } for comm="swapper/2" capability=5 scontext=u:r:kernel:s0 tcontext=u:r:kernel:s0 tclass=capability permissive=0
12-10 06:51:02.155 0 0 I auditd : type=1400 audit(0.0:20224): avc: denied { kill } for comm="swapper/2" capability=5 scontext=u:r:kernel:s0 tcontext=u:r:kernel:s0 tclass=capability permissive=0
12-10 06:51:03.155 0 0 I auditd : type=1400 audit(0.0:20225): avc: denied { kill } for comm="swapper/2" capability=5 scontext=u:r:kernel:s0 tcontext=u:r:kernel:s0 tclass=capability permissive=0
12-10 06:51:04.155 0 0 I auditd : type=1400 audit(0.0:20226): avc: denied { kill } for comm="swapper/2" capability=5 scontext=u:r:kernel:s0 tcontext=u:r:kernel:s0 tclass=capability permissive=0
12-10 06:51:05.155 0 0 I auditd : type=1400 audit(0.0:20227): avc: denied { kill } for comm="swapper/2" capability=5 scontext=u:r:kernel:s0 tcontext=u:r:kernel:s0 tclass=capability permissive=0
12-10 06:51:07.155 0 0 I auditd : type=1400 audit(0.0:20228): avc: denied { kill } for comm="swapper/2" capability=5 scontext=u:r:kernel:s0 tcontext=u:r:kernel:s0 tclass=capability permissive=0
12-10 06:51:08.155 0 0 I auditd : type=1400 audit(0.0:20229): avc: denied { kill } for comm="swapper/2" capability=5 scontext=u:r:kernel:s0 tcontext=u:r:kernel:s0 tclass=capability permissive=0
12-10 06:51:09.155 0 0 I auditd : type=1400 audit(0.0:20230): avc: denied { kill } for comm="swapper/2" capability=5 scontext=u:r:kernel:s0 tcontext=u:r:kernel:s0 tclass=capability permissive=0
12-10 06:51:10.155 0 0 I auditd : type=1400 audit(0.0:20231): avc: denied { kill } for comm="swapper/2" capability=5 scontext=u:r:kernel:s0 tcontext=u:r:kernel:s0 tclass=capability permissive=0
12-10 06:51:11.155 0 0 I auditd : type=1400 audit(0.0:20232): avc: denied { kill } for comm="swapper/2" capability=5 scontext=u:r:kernel:s0 tcontext=u:r:kernel:s0 tclass=capability permissive=0
12-10 06:51:12.155 0 0 I auditd : type=1400 audit(0.0:20233): avc: denied { kill } for comm="swapper/2" capability=5 scontext=u:r:kernel:s0 tcontext=u:r:kernel:s0 tclass=capability permissive=0
12-10 06:51:13.155 0 0 I auditd : type=1400 audit(0.0:20234): avc: denied { kill } for comm="swapper/2" capability=5 scontext=u:r:kernel:s0 tcontext=u:r:kernel:s0 tclass=capability permissive=0
12-10 06:51:14.155 0 0 I auditd : type=1400 audit(0.0:20235): avc: denied { kill } for comm="swapper/2" capability=5 scontext=u:r:kernel:s0 tcontext=u:r:kernel:s0 tclass=capability permissive=0
12-10 06:51:15.155 0 0 I auditd : type=1400 audit(0.0:20236): avc: denied { kill } for comm="swapper/2" capability=5 scontext=u:r:kernel:s0 tcontext=u:r:kernel:s0 tclass=capability permissive=0
12-10 06:51:16.155 0 0 I auditd : type=1400 audit(0.0:20237): avc: denied { kill } for comm="swapper/2" capability=5 scontext=u:r:kernel:s0 tcontext=u:r:kernel:s0 tclass=capability permissive=0
12-10 06:51:17.155 0 0 I auditd : type=1400 audit(0.0:20238): avc: denied { kill } for comm="swapper/2" capability=5 scontext=u:r:kernel:s0 tcontext=u:r:kernel:s0 tclass=capability permissive=0
12-10 06:51:18.155 0 0 I auditd : type=1400 audit(0.0:20239): avc: denied { kill } for comm="swapper/2" capability=5 scontext=u:r:kernel:s0 tcontext=u:r:kernel:s0 tclass=capability permissive=0
12-10 06:51:19.155 0 0 I auditd : type=1400 audit(0.0:20240): avc: denied { kill } for comm="swapper/2" capability=5 scontext=u:r:kernel:s0 tcontext=u:r:kernel:s0 tclass=capability permissive=0
12-10 06:51:20.155 0 0 I auditd : type=1400 audit(0.0:20241): avc: denied { kill } for comm="swapper/2" capability=5 scontext=u:r:kernel:s0 tcontext=u:r:kernel:s0 tclass=capability permissive=0
12-10 06:51:21.155 0 0 I auditd : type=1400 audit(0.0:20242): avc: denied { kill } for comm="swapper/2" capability=5 scontext=u:r:kernel:s0 tcontext=u:r:kernel:s0 tclass=capability permissive=0
12-10 06:51:22.155 0 0 I auditd : type=1400 audit(0.0:20243): avc: denied { kill } for comm="swapper/2" capability=5 scontext=u:r:kernel:s0 tcontext=u:r:kernel:s0 tclass=capability permissive=0
12-10 06:51:23.155 0 0 I auditd : type=1400 audit(0.0:20244): avc: denied { kill } for comm="swapper/2" capability=5 scontext=u:r:kernel:s0 tcontext=u:r:kernel:s0 tclass=capability permissive=0
12-10 06:51:24.155 0 0 I auditd : type=1400 audit(0.0:20245): avc: denied { kill } for comm="swapper/2" capability=5 scontext=u:r:kernel:s0 tcontext=u:r:kernel:s0 tclass=capability permissive=0
12-10 06:51:25.155 0 0 I auditd : type=1400 audit(0.0:20246): avc: denied { kill } for comm="swapper/2" capability=5 scontext=u:r:kernel:s0 tcontext=u:r:kernel:s0 tclass=capability permissive=0
12-10 06:51:26.155 0 0 I auditd : type=1400 audit(0.0:20247): avc: denied { kill } for comm="swapper/2" capability=5 scontext=u:r:kernel:s0 tcontext=u:r:kernel:s0 tclass=capability permissive=0
12-10 06:51:27.155 0 0 I auditd : type=1400 audit(0.0:20248): avc: denied { kill } for comm="swapper/2" capability=5 scontext=u:r:kernel:s0 tcontext=u:r:kernel:s0 tclass=capability permissive=0
12-10 06:51:28.155 0 0 I auditd : type=1400 audit(0.0:20249): avc: denied { kill } for comm="swapper/2" capability=5 scontext=u:r:kernel:s0 tcontext=u:r:kernel:s0 tclass=capability permissive=0
12-10 06:51:29.155 0 0 I auditd : type=1400 audit(0.0:20250): avc: denied { kill } for comm="swapper/2" capability=5 scontext=u:r:kernel:s0 tcontext=u:r:kernel:s0 tclass=capability permissive=0
12-10 06:51:29.583 1507 2032 I commit_sys_config_file: [appops,18717726]
12-10 06:51:30.155 0 0 I auditd : type=1400 audit(0.0:20251): avc: denied { kill } for comm="swapper/2" capability=5 scontext=u:r:kernel:s0 tcontext=u:r:kernel:s0 tclass=capability permissive=0
12-10 06:51:31.155 0 0 I auditd : type=1400 audit(0.0:20252): avc: denied { kill } for comm="swapper/2" capability=5 scontext=u:r:kernel:s0 tcontext=u:r:kernel:s0 tclass=capability permissive=0
12-10 06:51:32.155 0 0 I auditd : type=1400 audit(0.0:20253): avc: denied { kill } for comm="swapper/2" capability=5 scontext=u:r:kernel:s0 tcontext=u:r:kernel:s0 tclass=capability permissive=0
12-10 06:51:33.155 0 0 I auditd : type=1400 audit(0.0:20254): avc: denied { kill } for comm="swapper/2" capability=5 scontext=u:r:kernel:s0 tcontext=u:r:kernel:s0 tclass=capability permissive=0
12-10 06:51:34.155 0 0 I auditd : type=1400 audit(0.0:20255): avc: denied { kill } for comm="swapper/2" capability=5 scontext=u:r:kernel:s0 tcontext=u:r:kernel:s0 tclass=capability permissive=0
12-10 06:51:35.155 0 0 I auditd : type=1400 audit(0.0:20256): avc: denied { kill } for comm="swapper/2" capability=5 scontext=u:r:kernel:s0 tcontext=u:r:kernel:s0 tclass=capability permissive=0
12-10 06:51:36.155 0 0 I auditd : type=1400 audit(0.0:20257): avc: denied { kill } for comm="swapper/2" capability=5 scontext=u:r:kernel:s0 tcontext=u:r:kernel:s0 tclass=capability permissive=0
12-10 06:51:37.155 0 0 I auditd : type=1400 audit(0.0:20258): avc: denied { kill } for comm="swapper/2" capability=5 scontext=u:r:kernel:s0 tcontext=u:r:kernel:s0 tclass=capability permissive=0
12-10 06:51:38.155 0 0 I auditd : type=1400 audit(0.0:20259): avc: denied { kill } for comm="swapper/2" capability=5 scontext=u:r:kernel:s0 tcontext=u:r:kernel:s0 tclass=capability permissive=0
12-10 06:51:39.155 0 0 I auditd : type=1400 audit(0.0:20260): avc: denied { kill } for comm="swapper/2" capability=5 scontext=u:r:kernel:s0 tcontext=u:r:kernel:s0 tclass=capability permissive=0
12-10 06:51:40.155 0 0 I auditd : type=1400 audit(0.0:20261): avc: denied { kill } for comm="swapper/2" capability=5 scontext=u:r:kernel:s0 tcontext=u:r:kernel:s0 tclass=capability permissive=0
12-10 06:51:41.155 0 0 I auditd : type=1400 audit(0.0:20262): avc: denied { kill } for comm="swapper/2" capability=5 scontext=u:r:kernel:s0 tcontext=u:r:kernel:s0 tclass=capability permissive=0
12-10 06:51:42.155 0 0 I auditd : type=1400 audit(0.0:20263): avc: denied { kill } for comm="swapper/2" capability=5 scontext=u:r:kernel:s0 tcontext=u:r:kernel:s0 tclass=capability permissive=0
12-10 06:51:43.155 0 0 I auditd : type=1400 audit(0.0:20264): avc: denied { kill } for comm="swapper/2" capability=5 scontext=u:r:kernel:s0 tcontext=u:r:kernel:s0 tclass=capability permissive=0
12-10 06:51:44.155 0 0 I auditd : type=1400 audit(0.0:20265): avc: denied { kill } for comm="swapper/2" capability=5 scontext=u:r:kernel:s0 tcontext=u:r:kernel:s0 tclass=capability permissive=0
12-10 06:51:45.155 0 0 I auditd : type=1400 audit(0.0:20266): avc: denied { kill } for comm="swapper/2" capability=5 scontext=u:r:kernel:s0 tcontext=u:r:kernel:s0 tclass=capability permissive=0
12-10 06:51:46.155 0 0 I auditd : type=1400 audit(0.0:20267): avc: denied { kill } for comm="swapper/2" capability=5 scontext=u:r:kernel:s0 tcontext=u:r:kernel:s0 tclass=capability permissive=0
12-10 06:51:47.155 0 0 I auditd : type=1400 audit(0.0:20268): avc: denied { kill } for comm="swapper/2" capability=5 scontext=u:r:kernel:s0 tcontext=u:r:kernel:s0 tclass=capability permissive=0
12-10 06:51:48.155 0 0 I auditd : type=1400 audit(0.0:20269): avc: denied { kill } for comm="swapper/2" capability=5 scontext=u:r:kernel:s0 tcontext=u:r:kernel:s0 tclass=capability permissive=0
12-10 06:51:49.155 0 0 I auditd : type=1400 audit(0.0:20270): avc: denied { kill } for comm="swapper/2" capability=5 scontext=u:r:kernel:s0 tcontext=u:r:kernel:s0 tclass=capability permissive=0
12-10 06:51:50.155 0 0 I auditd : type=1400 audit(0.0:20271): avc: denied { kill } for comm="swapper/2" capability=5 scontext=u:r:kernel:s0 tcontext=u:r:kernel:s0 tclass=capability permissive=0
12-10 06:51:52.155 0 0 I auditd : type=1400 audit(0.0:20272): avc: denied { kill } for comm="swapper/2" capability=5 scontext=u:r:kernel:s0 tcontext=u:r:kernel:s0 tclass=capability permissive=0
12-10 06:51:53.155 0 0 I auditd : type=1400 audit(0.0:20273): avc: denied { kill } for comm="swapper/2" capability=5 scontext=u:r:kernel:s0 tcontext=u:r:kernel:s0 tclass=capability permissive=0
12-10 06:51:54.155 0 0 I auditd : type=1400 audit(0.0:20274): avc: denied { kill } for comm="swapper/2" capability=5 scontext=u:r:kernel:s0 tcontext=u:r:kernel:s0 tclass=capability permissive=0
12-10 06:51:54.759 1507 1736 I input_interaction: Interaction with: 6b2a1c3 com.thundercomm.screensaver/android.service.dreams.DreamActivity (server), edge-swipe (server), swipe-up (server), PointerEventDispatcher0 (server),
12-10 06:51:54.764 1507 2150 I wm_finish_activity: [0,186410817,162,com.thundercomm.screensaver/android.service.dreams.DreamActivity,finish-activity]
12-10 06:51:54.764 1507 2150 I wm_task_moved: [161,1,8]
12-10 06:51:54.765 1507 2150 I wm_task_to_front: [0,161]
12-10 06:51:54.767 1507 2150 I wm_set_resumed_activity: [0,com.android.gallery3d/.app.GalleryActivity,positionChildAt]
12-10 06:51:54.767 1507 2150 I wm_focused_root_task: [0,0,161,162,finish-top adjustFocusToNextFocusableTask]
12-10 06:51:54.767 1507 2150 I wm_set_resumed_activity: [0,com.android.gallery3d/.app.GalleryActivity,finish-top]
12-10 06:51:54.768 1507 2150 I wm_pause_activity: [0,186410817,com.thundercomm.screensaver/android.service.dreams.DreamActivity,userLeaving=false,finish]
12-10 06:51:54.780 14020 14020 I wm_on_top_resumed_lost_called: [186410817,android.service.dreams.DreamActivity,topStateChangedWhenResumed]
12-10 06:51:54.781 1507 1568 I sysui_multi_action: [757,803,799,window_time_0,802,671]
12-10 06:51:54.781 14020 14020 I wm_on_paused_called: [186410817,android.service.dreams.DreamActivity,performPause]
12-10 06:51:54.782 15614 15614 I wm_on_top_resumed_gained_called: [43319262,com.android.gallery3d.app.GalleryActivity,topStateChangedWhenResumed]
12-10 06:51:54.786 1507 2150 I wm_resume_activity: [0,142082565,27,com.android.launcher3/.uioverrides.QuickstepLauncher]
12-10 06:51:54.799 1507 1569 I input_focus: [Focus request 77838bc com.android.gallery3d/com.android.gallery3d.app.GalleryActivity,reason=UpdateInputWindows]
12-10 06:51:54.801 2526 2526 I wm_on_restart_called: [142082565,com.android.launcher3.uioverrides.QuickstepLauncher,performRestartActivity]
12-10 06:51:54.802 2526 2526 I wm_on_start_called: [142082565,com.android.launcher3.uioverrides.QuickstepLauncher,handleStartActivity]
12-10 06:51:54.802 1507 1568 I sysui_multi_action: [757,803,799,window_time_2,802,0]
12-10 06:51:54.803 2526 2526 I wm_on_resume_called: [142082565,com.android.launcher3.uioverrides.QuickstepLauncher,RESUME_ACTIVITY]
12-10 06:51:54.810 14020 14020 I view_enqueue_input_event: [Motion - Cancel,com.thundercomm.screensaver/android.service.dreams.DreamActivity]
12-10 06:51:54.810 1507 1736 I input_focus: [Focus leaving 6b2a1c3 com.thundercomm.screensaver/android.service.dreams.DreamActivity (server),reason=NO_WINDOW]
12-10 06:51:54.810 1507 1736 I input_focus: [Focus entering 77838bc com.android.gallery3d/com.android.gallery3d.app.GalleryActivity (server),reason=setFocusedWindow]
12-10 06:51:54.815 1507 1581 I am_pss : [4215,10036,com.baidu.input,126123008,109481984,0,263192576,0,7,10]
12-10 06:51:54.824 1507 1581 I am_pss : [1989,1002,com.android.bluetooth,46835712,39759872,0,162537472,0,0,7]
12-10 06:51:54.825 1507 1507 I am_uid_active: 10068
12-10 06:51:54.833 1507 1581 I am_pss : [2850,10095,com.android.providers.media.module,20806656,16683008,0,126128128,0,0,7]
12-10 06:51:54.842 1507 1581 I am_pss : [2382,10096,android.ext.services,34463744,29270016,0,133496832,0,5,6]
12-10 06:51:54.849 1507 1581 I am_pss : [3027,10076,com.qualcomm.location.XT,6759424,4644864,0,93622272,0,6,6]
12-10 06:51:54.856 1507 1581 I am_pss : [2831,10077,com.qualcomm.location,11340800,8339456,0,105869312,0,0,6]
12-10 06:51:54.864 1507 1581 I am_pss : [2170,1001,.dataservices,8659968,6512640,0,95289344,0,0,5]
12-10 06:51:54.872 1507 1581 I am_pss : [2077,1073,com.android.networkstack.process,14892032,11509760,0,112451584,0,0,6]
12-10 06:51:54.892 1507 2150 I wm_destroy_activity: [0,186410817,162,com.thundercomm.screensaver/android.service.dreams.DreamActivity,finish-idle]
12-10 06:51:54.894 1507 1581 I am_pss : [1507,1000,system,254502912,158298112,0,590651392,0,0,19]
12-10 06:51:54.895 14020 14020 I wm_on_stop_called: [186410817,android.service.dreams.DreamActivity,LIFECYCLER_STOP_ACTIVITY]
12-10 06:51:54.895 14020 14020 I wm_on_destroy_called: [186410817,android.service.dreams.DreamActivity,performDestroy]
12-10 06:51:54.902 1507 1581 I am_pss : [15942,10065,com.android.calendar,6791168,4784128,0,91271168,0,19,5]
12-10 06:51:54.908 1507 1581 I am_pss : [15941,10090,com.android.music,6883328,4657152,0,90710016,0,19,5]
12-10 06:51:54.909 1507 1564 I sysui_multi_action: [757,222,758,2]
12-10 06:51:54.909 1507 1564 I sysui_multi_action: [757,804,799,dreaming_minutes,801,11,802,1]
12-10 06:51:54.915 1507 1581 I am_pss : [3600,2000,com.android.shell,6334464,4300800,0,91779072,0,19,5]
12-10 06:51:54.921 1507 1581 I am_pss : [3513,10021,com.android.packageinstaller,7492608,5558272,0,90992640,0,19,5]
12-10 06:51:54.927 1507 1581 I am_pss : [3439,10029,com.android.managedprovisioning,9208832,7196672,0,94183424,0,19,5]
12-10 06:51:54.934 1507 1581 I am_pss : [2812,10085,com.qualcomm.qti.workloadclassifier,9487360,7213056,0,97460224,0,0,5]
12-10 06:51:54.940 1507 1581 I am_pss : [2763,10089,com.qualcomm.qti.qccnetstat,6298624,4243456,0,91357184,0,0,5]
12-10 06:51:54.947 1507 1581 I am_pss : [2743,10075,com.qualcomm.qti.services.systemhelper:systemhelper_service,6579200,4464640,0,93728768,0,0,5]
12-10 06:51:54.953 1507 1581 I am_pss : [2732,10056,.pasr,5638144,3674112,0,89280512,0,0,5]
12-10 06:51:54.959 1507 1581 I am_pss : [2729,10059,ts.car.uart,6452224,4489216,0,90423296,0,0,5]
12-10 06:51:54.966 1507 1581 I am_pss : [2720,10084,com.hht.lebocast,42540032,20971520,0,107380736,0,0,5]
12-10 06:51:54.972 1507 1581 I am_pss : [3180,10063,com.qualcomm.qti.devicestatisticsservice,5581824,3616768,0,88997888,0,0,5]
12-10 06:51:54.979 1507 1581 I am_pss : [2350,1000,com.qualcomm.qti.qdma,9772032,6676480,0,105881600,0,0,5]
12-10 06:51:54.987 1507 1581 I am_pss : [2311,1000,com.thundercomm.tcservice,13626368,11358208,0,102674432,0,0,6]
12-10 06:51:54.994 1507 1581 I am_pss : [2301,1000,com.thundercomm.remotecontrolservice,10918912,8290304,0,102916096,0,0,6]
12-10 06:51:55.001 1507 1581 I am_pss : [2279,1068,com.android.se,6012928,3977216,0,91377664,0,0,5]
12-10 06:51:55.007 1507 1581 I am_pss : [2246,1000,vendor.qti.qesdk.sysservice,5798912,3756032,0,91332608,0,0,5]
12-10 06:51:55.014 1507 1581 I am_pss : [2256,10087,com.qti.qualcomm.mstatssystemservice,5699584,3706880,0,89825280,0,0,5]
12-10 06:51:55.020 1507 1581 I am_pss : [2209,1000,com.tc.logclient,8355840,5955584,0,99627008,0,0,5]
12-10 06:51:55.027 1507 1581 I am_pss : [2188,1000,com.thundercomm.tchttpserver,8282112,6127616,0,95109120,0,0,5]
12-10 06:51:55.033 1507 1581 I am_pss : [2225,1000,com.thundercomm.tcsetupwizard,7077888,5115904,0,91172864,0,0,4]
12-10 06:51:55.040 1507 1581 I am_pss : [2162,1000,com.thundercomm.microsettings,29147136,19152896,0,129183744,0,0,6]
12-10 06:51:55.047 1507 1581 I am_pss : [2174,10054,.qtidataservices,6151168,4145152,0,91398144,0,0,5]
12-10 06:51:55.054 1507 1581 I am_pss : [2106,1000,com.thundercomm.microservice,10595328,8376320,0,98844672,0,0,5]
12-10 06:51:55.114 1507 1569 I wm_task_removed: [162,removeChild:removeChild last r=ActivityRecord{b1c6741 u0 com.thundercomm.screensaver/android.service.dreams.DreamActivity t-1 f}} in t=Task{df0f370 #162 type=dream A=10052:android:com.thundercomm.screensaver/dream U=0 visible=false mode=fullscreen translucent=true sz=0}]
12-10 06:51:55.114 1507 1569 I wm_task_removed: [162,removeChild]
12-10 06:51:55.155 0 0 I auditd : type=1400 audit(0.0:20275): avc: denied { kill } for comm="swapper/2" capability=5 scontext=u:r:kernel:s0 tcontext=u:r:kernel:s0 tclass=capability permissive=0
12-10 06:51:55.781 1507 1736 I input_interaction: Interaction with: 2cb1f5d com.android.launcher3/com.android.launcher3.uioverrides.QuickstepLauncher (server), 5478378 com.android.systemui.ImageWallpaper (server), edge-swipe (server), swipe-up (server), PointerEventDispatcher0 (server),
12-10 06:51:55.874 1507 1527 I wm_task_moved: [26,1,8]
12-10 06:51:55.878 1507 1527 I wm_set_resumed_activity: [0,com.android.launcher3/.uioverrides.QuickstepLauncher,positionChildAt]
12-10 06:51:55.878 1507 1527 I wm_task_moved: [27,1,2147483647]
12-10 06:51:55.878 1507 1527 I wm_task_to_front: [0,27]
12-10 06:51:55.878 1507 1527 I wm_focused_root_task: [0,0,26,161,bringingFoundTaskToFront]
12-10 06:51:55.878 15614 15614 I wm_on_top_resumed_lost_called: [43319262,com.android.gallery3d.app.GalleryActivity,topStateChangedWhenResumed]
12-10 06:51:55.878 1507 1527 I wm_set_resumed_activity: [0,com.android.launcher3/.uioverrides.QuickstepLauncher,bringingFoundTaskToFront]
12-10 06:51:55.879 1507 1527 I wm_new_intent: [0,142082565,27,com.android.launcher3/.uioverrides.QuickstepLauncher,android.intent.action.MAIN,NULL,NULL,268500992]
12-10 06:51:55.879 1507 1527 I wm_task_moved: [26,1,8]
12-10 06:51:55.880 1507 1527 I wm_set_resumed_activity: [0,com.android.launcher3/.uioverrides.QuickstepLauncher,positionChildAt]
12-10 06:51:55.887 1507 1569 I input_focus: [Focus request 2cb1f5d com.android.launcher3/com.android.launcher3.uioverrides.QuickstepLauncher,reason=UpdateInputWindows]
12-10 06:51:55.887 2526 2526 I wm_on_paused_called: [142082565,com.android.launcher3.uioverrides.QuickstepLauncher,performPause]
12-10 06:51:55.891 2526 2526 I wm_on_resume_called: [142082565,com.android.launcher3.uioverrides.QuickstepLauncher,LIFECYCLER_RESUME_ACTIVITY]
12-10 06:51:55.902 2526 2526 I wm_on_top_resumed_gained_called: [142082565,com.android.launcher3.uioverrides.QuickstepLauncher,topStateChangedWhenResumed]
12-10 06:51:55.904 1507 1736 I input_focus: [Focus leaving 77838bc com.android.gallery3d/com.android.gallery3d.app.GalleryActivity (server),reason=setFocusedWindow]
12-10 06:51:55.904 1507 1736 I input_focus: [Focus entering 2cb1f5d com.android.launcher3/com.android.launcher3.uioverrides.QuickstepLauncher (server),reason=setFocusedWindow]
12-10 06:51:56.155 0 0 I auditd : type=1400 audit(0.0:20276): avc: denied { kill } for comm="swapper/2" capability=5 scontext=u:r:kernel:s0 tcontext=u:r:kernel:s0 tclass=capability permissive=0
12-10 06:51:56.370 1507 1736 I input_interaction: Interaction with: 77838bc com.android.gallery3d/com.android.gallery3d.app.GalleryActivity (server), edge-swipe (server), swipe-up (server), PointerEventDispatcher0 (server),
12-10 06:51:56.373 1507 1568 I wm_task_moved: [161,1,8]
12-10 06:51:56.373 1507 1568 I wm_task_to_front: [0,161]
12-10 06:51:56.378 1507 1568 I wm_set_resumed_activity: [0,com.android.gallery3d/.app.GalleryActivity,positionChildAt]
12-10 06:51:56.378 1507 1568 I wm_focused_root_task: [0,0,161,26,setFocusedTask]
12-10 06:51:56.378 1507 1568 I wm_set_resumed_activity: [0,com.android.gallery3d/.app.GalleryActivity,setFocusedTask]
12-10 06:51:56.380 1507 1569 I input_focus: [Focus request 77838bc com.android.gallery3d/com.android.gallery3d.app.GalleryActivity,reason=UpdateInputWindows]
12-10 06:51:56.381 2526 2526 I wm_on_top_resumed_lost_called: [142082565,com.android.launcher3.uioverrides.QuickstepLauncher,topStateChangedWhenResumed]
12-10 06:51:56.382 15614 15614 I wm_on_top_resumed_gained_called: [43319262,com.android.gallery3d.app.GalleryActivity,topStateChangedWhenResumed]
12-10 06:51:56.406 1507 1736 I input_focus: [Focus leaving 2cb1f5d com.android.launcher3/com.android.launcher3.uioverrides.QuickstepLauncher (server),reason=setFocusedWindow]
12-10 06:51:56.406 1507 1736 I input_focus: [Focus entering 77838bc com.android.gallery3d/com.android.gallery3d.app.GalleryActivity (server),reason=setFocusedWindow]
12-10 06:51:56.455 15614 15614 I view_enqueue_input_event: [Motion - Cancel,com.android.gallery3d/com.android.gallery3d.app.GalleryActivity]
12-10 06:51:56.470 1507 1736 I input_interaction: Interaction with: WindowManager (server), edge-swipe (server), swipe-up (server), PointerEventDispatcher0 (server),
12-10 06:51:57.155 0 0 I auditd : type=1400 audit(0.0:20277): avc: denied { kill } for comm="swapper/2" capability=5 scontext=u:r:kernel:s0 tcontext=u:r:kernel:s0 tclass=capability permissive=0
12-10 06:51:57.213 1507 1736 I input_interaction: Interaction with: 77838bc com.android.gallery3d/com.android.gallery3d.app.GalleryActivity (server), edge-swipe (server), swipe-up (server), PointerEventDispatcher0 (server),
12-10 06:51:57.277 15614 15614 I view_enqueue_input_event: [Motion - Cancel,com.android.gallery3d/com.android.gallery3d.app.GalleryActivity]
12-10 06:51:57.278 1507 1736 I input_interaction: Interaction with: WindowManager (server), edge-swipe (server), swipe-up (server), PointerEventDispatcher0 (server),
12-10 06:51:58.155 0 0 I auditd : type=1400 audit(0.0:20278): avc: denied { kill } for comm="swapper/2" capability=5 scontext=u:r:kernel:s0 tcontext=u:r:kernel:s0 tclass=capability permissive=0
12-10 06:51:58.191 1507 1736 I input_interaction: Interaction with: 77838bc com.android.gallery3d/com.android.gallery3d.app.GalleryActivity (server), edge-swipe (server), swipe-up (server), PointerEventDispatcher0 (server),
12-10 06:51:58.262 15614 15614 I view_enqueue_input_event: [Motion - Cancel,com.android.gallery3d/com.android.gallery3d.app.GalleryActivity]
12-10 06:51:58.270 1507 1736 I input_interaction: Interaction with: WindowManager (server), edge-swipe (server), swipe-up (server), PointerEventDispatcher0 (server),
12-10 06:51:59.011 1507 1736 I input_interaction: Interaction with: 77838bc com.android.gallery3d/com.android.gallery3d.app.GalleryActivity (server), edge-swipe (server), swipe-up (server), PointerEventDispatcher0 (server),
12-10 06:51:59.097 1507 1736 I input_interaction: Interaction with: WindowManager (server), edge-swipe (server), swipe-up (server), PointerEventDispatcher0 (server),
12-10 06:51:59.099 15614 15614 I view_enqueue_input_event: [Motion - Cancel,com.android.gallery3d/com.android.gallery3d.app.GalleryActivity]
12-10 06:51:59.155 0 0 I auditd : type=1400 audit(0.0:20279): avc: denied { kill } for comm="swapper/2" capability=5 scontext=u:r:kernel:s0 tcontext=u:r:kernel:s0 tclass=capability permissive=0
12-10 06:52:00.062 1507 1736 I input_interaction: Interaction with: 77838bc com.android.gallery3d/com.android.gallery3d.app.GalleryActivity (server), edge-swipe (server), swipe-up (server), PointerEventDispatcher0 (server),
12-10 06:52:00.080 15614 15614 I view_enqueue_input_event: [Motion - Cancel,com.android.gallery3d/com.android.gallery3d.app.GalleryActivity]
12-10 06:52:00.084 1507 1736 I input_interaction: Interaction with: WindowManager (server), edge-swipe (server), swipe-up (server), PointerEventDispatcher0 (server),
12-10 06:52:00.155 13024 13024 I auditd : type=1400 audit(0.0:20280): avc: denied { kill } for comm="kworker/u17:6" capability=5 scontext=u:r:kernel:s0 tcontext=u:r:kernel:s0 tclass=capability permissive=0
12-10 06:52:00.933 1507 1736 I input_interaction: Interaction with: 77838bc com.android.gallery3d/com.android.gallery3d.app.GalleryActivity (server), edge-swipe (server), swipe-up (server), PointerEventDispatcher0 (server),
12-10 06:52:01.001 15614 15614 I view_enqueue_input_event: [Motion - Cancel,com.android.gallery3d/com.android.gallery3d.app.GalleryActivity]
12-10 06:52:01.006 1507 1736 I input_interaction: Interaction with: WindowManager (server), edge-swipe (server), swipe-up (server), PointerEventDispatcher0 (server),
12-10 06:52:01.785 1507 1736 I input_interaction: Interaction with: 77838bc com.android.gallery3d/com.android.gallery3d.app.GalleryActivity (server), edge-swipe (server), swipe-up (server), PointerEventDispatcher0 (server),
12-10 06:52:01.821 15614 15614 I view_enqueue_input_event: [Motion - Cancel,com.android.gallery3d/com.android.gallery3d.app.GalleryActivity]
12-10 06:52:01.837 1507 1736 I input_interaction: Interaction with: WindowManager (server), edge-swipe (server), swipe-up (server), PointerEventDispatcher0 (server),
12-10 06:52:02.155 0 0 I auditd : type=1400 audit(0.0:20281): avc: denied { kill } for comm="swapper/1" capability=5 scontext=u:r:kernel:s0 tcontext=u:r:kernel:s0 tclass=capability permissive=0
12-10 06:52:03.160 1507 1736 I input_interaction: Interaction with: 77838bc com.android.gallery3d/com.android.gallery3d.app.GalleryActivity (server), edge-swipe (server), swipe-up (server), PointerEventDispatcher0 (server),
12-10 06:52:03.237 15614 15614 I view_enqueue_input_event: [Motion - Cancel,com.android.gallery3d/com.android.gallery3d.app.GalleryActivity]
12-10 06:52:03.241 1507 1736 I input_interaction: Interaction with: WindowManager (server), edge-swipe (server), swipe-up (server), PointerEventDispatcher0 (server),
12-10 06:52:04.155 0 0 I auditd : type=1400 audit(0.0:20282): avc: denied { kill } for comm="swapper/1" capability=5 scontext=u:r:kernel:s0 tcontext=u:r:kernel:s0 tclass=capability permissive=0
12-10 06:52:04.548 1507 1736 I input_interaction: Interaction with: 77838bc com.android.gallery3d/com.android.gallery3d.app.GalleryActivity (server), edge-swipe (server), swipe-up (server), PointerEventDispatcher0 (server),
12-10 06:52:04.890 1507 1917 I wm_relaunch_resume_activity: [0,43319262,161,com.android.gallery3d/.app.GalleryActivity]
12-10 06:52:04.911 15614 15614 I wm_on_top_resumed_lost_called: [43319262,com.android.gallery3d.app.GalleryActivity,pausing]
12-10 06:52:04.920 15614 15614 I wm_on_paused_called: [43319262,com.android.gallery3d.app.GalleryActivity,performPause]
12-10 06:52:04.920 15614 15614 I wm_on_stop_called: [43319262,com.android.gallery3d.app.GalleryActivity,handleRelaunchActivity]
12-10 06:52:04.925 15614 15614 I wm_on_destroy_called: [43319262,com.android.gallery3d.app.GalleryActivity,performDestroy]
12-10 06:52:04.948 15614 15614 I wm_on_create_called: [43319262,com.android.gallery3d.app.GalleryActivity,performCreate]
12-10 06:52:04.950 15614 15614 I wm_on_start_called: [43319262,com.android.gallery3d.app.GalleryActivity,handleStartActivity]
12-10 06:52:04.959 15614 15614 I wm_on_resume_called: [43319262,com.android.gallery3d.app.GalleryActivity,RESUME_ACTIVITY]
12-10 06:52:04.959 15614 15614 I wm_on_top_resumed_gained_called: [43319262,com.android.gallery3d.app.GalleryActivity,topWhenResuming]
12-10 06:52:05.886 1507 6719 I wm_finish_activity: [0,43319262,161,com.android.gallery3d/.app.GalleryActivity,finish-activity]
12-10 06:52:05.886 1507 6719 I wm_task_moved: [26,1,8]
12-10 06:52:05.891 1507 6719 I wm_set_resumed_activity: [0,com.android.launcher3/.uioverrides.QuickstepLauncher,positionChildAt]
12-10 06:52:05.891 1507 6719 I wm_task_moved: [27,1,2147483647]
12-10 06:52:05.891 1507 6719 I wm_task_to_front: [0,27]
12-10 06:52:05.891 1507 6719 I wm_focused_root_task: [0,0,26,-1,finish-top adjustFocusToNextFocusableTask]
12-10 06:52:05.891 1507 6719 I wm_set_resumed_activity: [0,com.android.launcher3/.uioverrides.QuickstepLauncher,finish-top]
12-10 06:52:05.916 1507 6719 I wm_pause_activity: [0,43319262,com.android.gallery3d/.app.GalleryActivity,userLeaving=false,finish]
12-10 06:52:05.924 1507 1569 I input_focus: [Focus request 2cb1f5d com.android.launcher3/com.android.launcher3.uioverrides.QuickstepLauncher,reason=UpdateInputWindows]
12-10 06:52:05.925 15614 15614 I wm_on_top_resumed_lost_called: [43319262,com.android.gallery3d.app.GalleryActivity,topStateChangedWhenResumed]
12-10 06:52:05.928 2526 2526 I wm_on_top_resumed_gained_called: [142082565,com.android.launcher3.uioverrides.QuickstepLauncher,topStateChangedWhenResumed]
12-10 06:52:05.932 1507 1568 I sysui_multi_action: [757,803,799,window_time_2,802,11]
12-10 06:52:05.945 15614 15614 I wm_on_paused_called: [43319262,com.android.gallery3d.app.GalleryActivity,performPause]
12-10 06:52:05.948 1507 6719 I wm_destroy_activity: [0,43319262,161,com.android.gallery3d/.app.GalleryActivity,finish-imm:completePausedLocked]
12-10 06:52:05.958 1507 1736 I input_focus: [Focus leaving 77838bc com.android.gallery3d/com.android.gallery3d.app.GalleryActivity (server),reason=NO_WINDOW]
12-10 06:52:05.958 1507 1736 I input_focus: [Focus entering 2cb1f5d com.android.launcher3/com.android.launcher3.uioverrides.QuickstepLauncher (server),reason=setFocusedWindow]
12-10 06:52:05.962 1507 1568 I sysui_multi_action: [757,803,799,window_time_0,802,0]
12-10 06:52:05.972 15614 15614 I wm_on_stop_called: [43319262,com.android.gallery3d.app.GalleryActivity,LIFECYCLER_STOP_ACTIVITY]
12-10 06:52:05.978 15614 15614 I wm_on_destroy_called: [43319262,com.android.gallery3d.app.GalleryActivity,performDestroy]
12-10 06:52:06.155 0 0 I auditd : type=1400 audit(0.0:20283): avc: denied { kill } for comm="swapper/1" capability=5 scontext=u:r:kernel:s0 tcontext=u:r:kernel:s0 tclass=capability permissive=0
12-10 06:52:06.257 1507 1569 I wm_task_removed: [161,removeChild:removeChild last r=ActivityRecord{294ffde u0 com.android.gallery3d/.app.GalleryActivity t-1 f}} in t=Task{38f6319 #161 type=standard A=10066:com.android.gallery3d U=0 visible=false mode=freeform translucent=true sz=0}]
12-10 06:52:06.257 1507 1569 I wm_task_removed: [161,removeChild]
12-10 06:52:07.155 0 0 I auditd : type=1400 audit(0.0:20284): avc: denied { kill } for comm="swapper/1" capability=5 scontext=u:r:kernel:s0 tcontext=u:r:kernel:s0 tclass=capability permissive=0
12-10 06:52:08.155 0 0 I auditd : type=1400 audit(0.0:20285): avc: denied { kill } for comm="swapper/1" capability=5 scontext=u:r:kernel:s0 tcontext=u:r:kernel:s0 tclass=capability permissive=0
12-10 06:52:09.155 0 0 I auditd : type=1400 audit(0.0:20286): avc: denied { kill } for comm="swapper/1" capability=5 scontext=u:r:kernel:s0 tcontext=u:r:kernel:s0 tclass=capability permissive=0
12-10 06:52:10.155 0 0 I auditd : type=1400 audit(0.0:20287): avc: denied { kill } for comm="swapper/1" capability=5 scontext=u:r:kernel:s0 tcontext=u:r:kernel:s0 tclass=capability permissive=0
12-10 06:52:11.155 0 0 I auditd : type=1400 audit(0.0:20288): avc: denied { kill } for comm="swapper/1" capability=5 scontext=u:r:kernel:s0 tcontext=u:r:kernel:s0 tclass=capability permissive=0
12-10 06:52:12.110 1507 1581 I am_pss : [2526,10079,com.android.launcher3,159237120,146759680,0,299118592,0,2,21]
12-10 06:52:12.155 0 0 I auditd : type=1400 audit(0.0:20289): avc: denied { kill } for comm="swapper/1" capability=5 scontext=u:r:kernel:s0 tcontext=u:r:kernel:s0 tclass=capability permissive=0
12-10 06:52:13.155 0 0 I auditd : type=1400 audit(0.0:20290): avc: denied { kill } for comm="swapper/1" capability=5 scontext=u:r:kernel:s0 tcontext=u:r:kernel:s0 tclass=capability permissive=0
12-10 06:52:14.155 0 0 I auditd : type=1400 audit(0.0:20291): avc: denied { kill } for comm="swapper/1" capability=5 scontext=u:r:kernel:s0 tcontext=u:r:kernel:s0 tclass=capability permissive=0
12-10 06:52:15.155 0 0 I auditd : type=1400 audit(0.0:20292): avc: denied { kill } for comm="swapper/1" capability=5 scontext=u:r:kernel:s0 tcontext=u:r:kernel:s0 tclass=capability permissive=0
12-10 06:52:16.155 0 0 I auditd : type=1400 audit(0.0:20293): avc: denied { kill } for comm="swapper/1" capability=5 scontext=u:r:kernel:s0 tcontext=u:r:kernel:s0 tclass=capability permissive=0
12-10 06:52:17.155 0 0 I auditd : type=1400 audit(0.0:20294): avc: denied { kill } for comm="swapper/1" capability=5 scontext=u:r:kernel:s0 tcontext=u:r:kernel:s0 tclass=capability permissive=0
12-10 06:52:18.155 0 0 I auditd : type=1400 audit(0.0:20295): avc: denied { kill } for comm="swapper/1" capability=5 scontext=u:r:kernel:s0 tcontext=u:r:kernel:s0 tclass=capability permissive=0
12-10 06:52:19.155 0 0 I auditd : type=1400 audit(0.0:20296): avc: denied { kill } for comm="swapper/1" capability=5 scontext=u:r:kernel:s0 tcontext=u:r:kernel:s0 tclass=capability permissive=0
12-10 06:52:20.155 0 0 I auditd : type=1400 audit(0.0:20297): avc: denied { kill } for comm="swapper/1" capability=5 scontext=u:r:kernel:s0 tcontext=u:r:kernel:s0 tclass=capability permissive=0
12-10 06:52:21.155 0 0 I auditd : type=1400 audit(0.0:20298): avc: denied { kill } for comm="swapper/1" capability=5 scontext=u:r:kernel:s0 tcontext=u:r:kernel:s0 tclass=capability permissive=0
12-10 06:52:22.155 0 0 I auditd : type=1400 audit(0.0:20299): avc: denied { kill } for comm="swapper/1" capability=5 scontext=u:r:kernel:s0 tcontext=u:r:kernel:s0 tclass=capability permissive=0
12-10 06:52:23.155 0 0 I auditd : type=1400 audit(0.0:20300): avc: denied { kill } for comm="swapper/1" capability=5 scontext=u:r:kernel:s0 tcontext=u:r:kernel:s0 tclass=capability permissive=0
12-10 06:52:24.155 0 0 I auditd : type=1400 audit(0.0:20301): avc: denied { kill } for comm="swapper/1" capability=5 scontext=u:r:kernel:s0 tcontext=u:r:kernel:s0 tclass=capability permissive=0
12-10 06:52:25.155 0 0 I auditd : type=1400 audit(0.0:20302): avc: denied { kill } for comm="swapper/1" capability=5 scontext=u:r:kernel:s0 tcontext=u:r:kernel:s0 tclass=capability permissive=0
12-10 06:52:26.155 0 0 I auditd : type=1400 audit(0.0:20303): avc: denied { kill } for comm="swapper/1" capability=5 scontext=u:r:kernel:s0 tcontext=u:r:kernel:s0 tclass=capability permissive=0
12-10 06:52:27.155 0 0 I auditd : type=1400 audit(0.0:20304): avc: denied { kill } for comm="swapper/1" capability=5 scontext=u:r:kernel:s0 tcontext=u:r:kernel:s0 tclass=capability permissive=0
12-10 06:52:28.155 0 0 I auditd : type=1400 audit(0.0:20305): avc: denied { kill } for comm="swapper/1" capability=5 scontext=u:r:kernel:s0 tcontext=u:r:kernel:s0 tclass=capability permissive=0
12-10 06:52:29.155 0 0 I auditd : type=1400 audit(0.0:20306): avc: denied { kill } for comm="swapper/1" capability=5 scontext=u:r:kernel:s0 tcontext=u:r:kernel:s0 tclass=capability permissive=0
12-10 06:52:30.155 0 0 I auditd : type=1400 audit(0.0:20307): avc: denied { kill } for comm="swapper/1" capability=5 scontext=u:r:kernel:s0 tcontext=u:r:kernel:s0 tclass=capability permissive=0
12-10 06:52:31.155 0 0 I auditd : type=1400 audit(0.0:20308): avc: denied { kill } for comm="swapper/1" capability=5 scontext=u:r:kernel:s0 tcontext=u:r:kernel:s0 tclass=capability permissive=0
12-10 06:52:32.155 0 0 I auditd : type=1400 audit(0.0:20309): avc: denied { kill } for comm="swapper/1" capability=5 scontext=u:r:kernel:s0 tcontext=u:r:kernel:s0 tclass=capability permissive=0
12-10 06:52:32.790 1507 1736 I input_interaction: Interaction with: 2cb1f5d com.android.launcher3/com.android.launcher3.uioverrides.QuickstepLauncher (server), 5478378 com.android.systemui.ImageWallpaper (server), edge-swipe (server), swipe-up (server), PointerEventDispatcher0 (server),
12-10 06:52:33.155 0 0 I auditd : type=1400 audit(0.0:20310): avc: denied { kill } for comm="swapper/1" capability=5 scontext=u:r:kernel:s0 tcontext=u:r:kernel:s0 tclass=capability permissive=0 --------- beginning of system
12-10 06:52:34.060 1507 6719 I ActivityTaskManager: START u0 {flg=0x10008000 cmp=com.android.gallery3d/.app.GalleryActivity} from uid 10079
12-10 06:52:34.068 1507 6719 I wm_task_created: [163,-1]
12-10 06:52:34.068 1507 6719 W ActivityTaskManager: Can't find TaskDisplayArea to determine support for multi window. Task id=163 attached=false
12-10 06:52:34.070 1507 6719 D FreeFormWindowHelper: Add freeform task=Task{a8e9255 #163 type=standard ?? U=0 visible=false mode=freeform translucent=true sz=0}
12-10 06:52:34.077 1507 6719 I wm_task_moved: [163,1,8]
12-10 06:52:34.077 1507 6719 I wm_task_to_front: [0,163]
12-10 06:52:34.078 1507 6719 I wm_create_task: [0,163]
12-10 06:52:34.078 1507 6719 I wm_create_activity: [0,34104426,163,com.android.gallery3d/.app.GalleryActivity,NULL,NULL,NULL,268468224]
12-10 06:52:34.078 1507 6719 I wm_task_moved: [163,1,8]
12-10 06:52:34.079 1507 6719 I ActivityTaskManager: FOREGROUND_APPLICATION_CHANGED to com.android.gallery3d.app.GalleryActivity
12-10 06:52:34.079 1507 6719 I ActivityTaskManager: The Process com.android.gallery3d Already Exists in BG. So sending its PID: 15614
12-10 06:52:34.079 1507 6719 W ActivityTaskManager: Tried to set launchTime (0) < mLastActivityLaunchTime (18025257)
12-10 06:52:34.081 1507 6719 I wm_restart_activity: [0,34104426,163,com.android.gallery3d/.app.GalleryActivity]
12-10 06:52:34.083 1507 6719 I wm_set_resumed_activity: [0,com.android.gallery3d/.app.GalleryActivity,minimalResumeActivityLocked]
12-10 06:52:34.091 2526 2526 I wm_on_top_resumed_lost_called: [142082565,com.android.launcher3.uioverrides.QuickstepLauncher,topStateChangedWhenResumed]
12-10 06:52:34.116 8492 8527 W ContextImpl: Calling a method in the system process without a qualified user: android.app.ContextImpl.startService:1816 android.content.ContextWrapper.startService:774 com.thundercomm.gamemode.ingame.services.GameModeActionUtils.startGameModeService:99 com.thundercomm.gamemode.ingame.services.GameModeActionUtils.startGameModeEntry:22 com.thundercomm.gamemode.ingame.services.ActivityMonitoringService$1.onActivityLaunch:127
12-10 06:52:34.121 1507 1507 I GameModeConfig: Current uri is uri = content://com.thundercomm.gamemode.api/gamemode_settings/gamemode_isgaming
12-10 06:52:34.133 1507 1507 I GameModeConfig: isGameModeOn = true
12-10 06:52:34.133 1507 1507 I GameModeConfig: isGaming = false
12-10 06:52:34.133 1507 1507 I GameModeConfig: isGameModeOn = true
12-10 06:52:34.133 1507 1507 I GameModeConfig: isGaming = false
12-10 06:52:34.133 1507 1507 I GameModeConfig: isDisableVoice = true
12-10 06:52:34.140 15614 15614 I wm_on_create_called: [34104426,com.android.gallery3d.app.GalleryActivity,performCreate]
12-10 06:52:34.141 15614 15614 I wm_on_start_called: [34104426,com.android.gallery3d.app.GalleryActivity,handleStartActivity]
12-10 06:52:34.144 15614 15614 I wm_on_resume_called: [34104426,com.android.gallery3d.app.GalleryActivity,RESUME_ACTIVITY]
12-10 06:52:34.147 15614 15614 I wm_on_top_resumed_gained_called: [34104426,com.android.gallery3d.app.GalleryActivity,topStateChangedWhenResumed]
12-10 06:52:34.155 0 0 I auditd : type=1400 audit(0.0:20311): avc: denied { kill } for comm="swapper/1" capability=5 scontext=u:r:kernel:s0 tcontext=u:r:kernel:s0 tclass=capability permissive=0
12-10 06:52:34.160 1507 6719 W WindowManager: updateScale0.7996942
12-10 06:52:34.164 1507 1569 I input_focus: [Focus request f80cda4 com.android.gallery3d/com.android.gallery3d.app.GalleryActivity,reason=UpdateInputWindows]
12-10 06:52:34.193 1507 1736 I input_focus: [Focus leaving 2cb1f5d com.android.launcher3/com.android.launcher3.uioverrides.QuickstepLauncher (server),reason=Waiting for window because NOT_VISIBLE]
12-10 06:52:34.227 1507 1569 W WindowManager: updateScale0.7996942
12-10 06:52:34.232 1507 1569 W WindowManager: updateScale0.7996942
12-10 06:52:34.232 1507 1569 W WindowManager: updateScale0.7996942
