12-10 07:31:16.256 2004 2004 W View : requestLayout() improperly called by android.widget.FrameLayout{4ff1723 I.E...... ......ID 0,0-780,179 #2bc} during second layout pass: posting in next frame
12-10 07:31:16.256 2004 2004 W View : requestLayout() improperly called by com.android.systemui.statusbar.AlphaOptimizedImageView{1a3e852 VFED..C.. ......ID 0,0-140,50} during second layout pass: posting in next frame
12-10 07:31:16.256 2004 2004 W View : requestLayout() improperly called by android.widget.FrameLayout{7e10fe2 I.E...... ......ID 0,0-780,179 #2bc} during second layout pass: posting in next frame
12-10 07:31:16.256 2004 2004 W View : requestLayout() improperly called by com.android.systemui.statusbar.AlphaOptimizedImageView{82960ad VFED..C.. ......ID 0,0-140,23} during second layout pass: posting in next frame
12-10 07:31:16.278 2004 2004 W View : requestLayout() improperly called by android.widget.FrameLayout{4ff1723 I.E...... ......ID 0,0-780,179 #2bc} during layout: running second layout pass
12-10 07:31:16.278 2004 2004 W View : requestLayout() improperly called by com.android.systemui.statusbar.AlphaOptimizedImageView{1a3e852 VFED..C.. ......ID 0,0-140,50} during layout: running second layout pass
12-10 07:31:16.278 2004 2004 W View : requestLayout() improperly called by android.widget.FrameLayout{7e10fe2 I.E...... ......ID 0,0-780,179 #2bc} during layout: running second layout pass
12-10 07:31:16.278 2004 2004 W View : requestLayout() improperly called by com.android.systemui.statusbar.AlphaOptimizedImageView{82960ad VFED..C.. ......ID 0,0-140,23} during layout: running second layout pass
12-10 07:31:16.281 2004 2004 W View : requestLayout() improperly called by android.widget.FrameLayout{4ff1723 I.E...... ......ID 0,0-780,179 #2bc} during second layout pass: posting in next frame
12-10 07:31:16.281 2004 2004 W View : requestLayout() improperly called by com.android.systemui.statusbar.AlphaOptimizedImageView{1a3e852 VFED..C.. ......ID 0,0-140,50} during second layout pass: posting in next frame
12-10 07:31:16.281 2004 2004 W View : requestLayout() improperly called by android.widget.FrameLayout{7e10fe2 I.E...... ......ID 0,0-780,179 #2bc} during second layout pass: posting in next frame
12-10 07:31:16.281 2004 2004 W View : requestLayout() improperly called by com.android.systemui.statusbar.AlphaOptimizedImageView{82960ad VFED..C.. ......ID 0,0-140,23} during second layout pass: posting in next frame
12-10 07:31:16.288 2004 2004 W View : requestLayout() improperly called by android.widget.FrameLayout{4ff1723 I.E...... ......ID 0,0-780,179 #2bc} during layout: running second layout pass
12-10 07:31:16.289 2004 2004 W View : requestLayout() improperly called by com.android.systemui.statusbar.AlphaOptimizedImageView{1a3e852 VFED..C.. ......ID 0,0-140,50} during layout: running second layout pass
12-10 07:31:16.289 2004 2004 W View : requestLayout() improperly called by android.widget.FrameLayout{7e10fe2 I.E...... ......ID 0,0-780,179 #2bc} during layout: running second layout pass
12-10 07:31:16.289 2004 2004 W View : requestLayout() improperly called by com.android.systemui.statusbar.AlphaOptimizedImageView{82960ad VFED..C.. ......ID 0,0-140,23} during layout: running second layout pass
12-10 07:31:16.291 2004 2004 W View : requestLayout() improperly called by android.widget.FrameLayout{4ff1723 I.E...... ......ID 0,0-780,179 #2bc} during second layout pass: posting in next frame
12-10 07:31:16.291 2004 2004 W View : requestLayout() improperly called by com.android.systemui.statusbar.AlphaOptimizedImageView{1a3e852 VFED..C.. ......ID 0,0-140,50} during second layout pass: posting in next frame
12-10 07:31:16.292 2004 2004 W View : requestLayout() improperly called by android.widget.FrameLayout{7e10fe2 I.E...... ......ID 0,0-780,179 #2bc} during second layout pass: posting in next frame
12-10 07:31:16.292 2004 2004 W View : requestLayout() improperly called by com.android.systemui.statusbar.AlphaOptimizedImageView{82960ad VFED..C.. ......ID 0,0-140,23} during second layout pass: posting in next frame
12-10 07:31:16.304 2004 2004 W View : requestLayout() improperly called by android.widget.FrameLayout{4ff1723 I.E...... ......ID 0,0-780,179 #2bc} during layout: running second layout pass
12-10 07:31:16.305 2004 2004 W View : requestLayout() improperly called by com.android.systemui.statusbar.AlphaOptimizedImageView{1a3e852 VFED..C.. ......ID 0,0-140,50} during layout: running second layout pass
12-10 07:31:16.305 2004 2004 W View : requestLayout() improperly called by android.widget.FrameLayout{7e10fe2 I.E...... ......ID 0,0-780,179 #2bc} during layout: running second layout pass
12-10 07:31:16.305 2004 2004 W View : requestLayout() improperly called by com.android.systemui.statusbar.AlphaOptimizedImageView{82960ad VFED..C.. ......ID 0,0-140,23} during layout: running second layout pass
12-10 07:31:16.309 2004 2004 W View : requestLayout() improperly called by android.widget.FrameLayout{4ff1723 I.E...... ......ID 0,0-780,179 #2bc} during second layout pass: posting in next frame
12-10 07:31:16.309 2004 2004 W View : requestLayout() improperly called by com.android.systemui.statusbar.AlphaOptimizedImageView{1a3e852 VFED..C.. ......ID 0,0-140,50} during second layout pass: posting in next frame
12-10 07:31:16.309 2004 2004 W View : requestLayout() improperly called by android.widget.FrameLayout{7e10fe2 I.E...... ......ID 0,0-780,179 #2bc} during second layout pass: posting in next frame
12-10 07:31:16.310 2004 2004 W View : requestLayout() improperly called by com.android.systemui.statusbar.AlphaOptimizedImageView{82960ad VFED..C.. ......ID 0,0-140,23} during second layout pass: posting in next frame
12-10 07:31:16.321 2004 2004 W View : requestLayout() improperly called by android.widget.FrameLayout{4ff1723 I.E...... ......ID 0,0-780,179 #2bc} during layout: running second layout pass
12-10 07:31:16.321 2004 2004 W View : requestLayout() improperly called by com.android.systemui.statusbar.AlphaOptimizedImageView{1a3e852 VFED..C.. ......ID 0,0-140,50} during layout: running second layout pass
12-10 07:31:16.321 2004 2004 W View : requestLayout() improperly called by android.widget.FrameLayout{7e10fe2 I.E...... ......ID 0,0-780,179 #2bc} during layout: running second layout pass
12-10 07:31:16.321 2004 2004 W View : requestLayout() improperly called by com.android.systemui.statusbar.AlphaOptimizedImageView{82960ad VFED..C.. ......ID 0,0-140,23} during layout: running second layout pass
12-10 07:31:16.323 2004 2004 W View : requestLayout() improperly called by android.widget.FrameLayout{4ff1723 I.E...... ......ID 0,0-780,179 #2bc} during second layout pass: posting in next frame
12-10 07:31:16.323 2004 2004 W View : requestLayout() improperly called by com.android.systemui.statusbar.AlphaOptimizedImageView{1a3e852 VFED..C.. ......ID 0,0-140,50} during second layout pass: posting in next frame
12-10 07:31:16.323 2004 2004 W View : requestLayout() improperly called by android.widget.FrameLayout{7e10fe2 I.E...... ......ID 0,0-780,179 #2bc} during second layout pass: posting in next frame
12-10 07:31:16.323 2004 2004 W View : requestLayout() improperly called by com.android.systemui.statusbar.AlphaOptimizedImageView{82960ad VFED..C.. ......ID 0,0-140,23} during second layout pass: posting in next frame
12-10 07:31:16.338 2004 2004 W View : requestLayout() improperly called by android.widget.FrameLayout{4ff1723 I.E...... ......ID 0,0-780,179 #2bc} during layout: running second layout pass
12-10 07:31:16.338 2004 2004 W View : requestLayout() improperly called by com.android.systemui.statusbar.AlphaOptimizedImageView{1a3e852 VFED..C.. ......ID 0,0-140,50} during layout: running second layout pass
12-10 07:31:16.338 2004 2004 W View : requestLayout() improperly called by android.widget.FrameLayout{7e10fe2 I.E...... ......ID 0,0-780,179 #2bc} during layout: running second layout pass
12-10 07:31:16.338 2004 2004 W View : requestLayout() improperly called by com.android.systemui.statusbar.AlphaOptimizedImageView{82960ad VFED..C.. ......ID 0,0-140,23} during layout: running second layout pass
12-10 07:31:16.340 2004 2004 W View : requestLayout() improperly called by android.widget.FrameLayout{4ff1723 I.E...... ......ID 0,0-780,179 #2bc} during second layout pass: posting in next frame
12-10 07:31:16.340 2004 2004 W View : requestLayout() improperly called by com.android.systemui.statusbar.AlphaOptimizedImageView{1a3e852 VFED..C.. ......ID 0,0-140,50} during second layout pass: posting in next frame
12-10 07:31:16.340 2004 2004 W View : requestLayout() improperly called by android.widget.FrameLayout{7e10fe2 I.E...... ......ID 0,0-780,179 #2bc} during second layout pass: posting in next frame
12-10 07:31:16.340 2004 2004 W View : requestLayout() improperly called by com.android.systemui.statusbar.AlphaOptimizedImageView{82960ad VFED..C.. ......ID 0,0-140,23} during second layout pass: posting in next frame
12-10 07:31:16.355 2004 2004 W View : requestLayout() improperly called by android.widget.FrameLayout{4ff1723 I.E...... ......ID 0,0-780,179 #2bc} during layout: running second layout pass
12-10 07:31:16.355 2004 2004 W View : requestLayout() improperly called by com.android.systemui.statusbar.AlphaOptimizedImageView{1a3e852 VFED..C.. ......ID 0,0-140,50} during layout: running second layout pass
12-10 07:31:16.355 2004 2004 W View : requestLayout() improperly called by android.widget.FrameLayout{7e10fe2 I.E...... ......ID 0,0-780,179 #2bc} during layout: running second layout pass
12-10 07:31:16.355 2004 2004 W View : requestLayout() improperly called by com.android.systemui.statusbar.AlphaOptimizedImageView{82960ad VFED..C.. ......ID 0,0-140,23} during layout: running second layout pass
12-10 07:31:16.360 2004 2004 W View : requestLayout() improperly called by android.widget.FrameLayout{4ff1723 I.E...... ......ID 0,0-780,179 #2bc} during second layout pass: posting in next frame
12-10 07:31:16.361 2004 2004 W View : requestLayout() improperly called by com.android.systemui.statusbar.AlphaOptimizedImageView{1a3e852 VFED..C.. ......ID 0,0-140,50} during second layout pass: posting in next frame
12-10 07:31:16.361 2004 2004 W View : requestLayout() improperly called by android.widget.FrameLayout{7e10fe2 I.E...... ......ID 0,0-780,179 #2bc} during second layout pass: posting in next frame
12-10 07:31:16.361 2004 2004 W View : requestLayout() improperly called by com.android.systemui.statusbar.AlphaOptimizedImageView{82960ad VFED..C.. ......ID 0,0-140,23} during second layout pass: posting in next frame
12-10 07:31:16.362 2526 2526 D EditModeHelper: setHotseatVisibility: 0
12-10 07:31:16.375 2004 2004 W View : requestLayout() improperly called by android.widget.FrameLayout{4ff1723 I.E...... ......ID 0,0-780,179 #2bc} during layout: running second layout pass
12-10 07:31:16.375 2004 2004 W View : requestLayout() improperly called by com.android.systemui.statusbar.AlphaOptimizedImageView{1a3e852 VFED..C.. ......ID 0,0-140,50} during layout: running second layout pass
12-10 07:31:16.375 2004 2004 W View : requestLayout() improperly called by android.widget.FrameLayout{7e10fe2 I.E...... ......ID 0,0-780,179 #2bc} during layout: running second layout pass
12-10 07:31:16.375 2004 2004 W View : requestLayout() improperly called by com.android.systemui.statusbar.AlphaOptimizedImageView{82960ad VFED..C.. ......ID 0,0-140,23} during layout: running second layout pass
12-10 07:31:16.383 2004 2004 W View : requestLayout() improperly called by android.widget.FrameLayout{4ff1723 I.E...... ......ID 0,0-780,179 #2bc} during second layout pass: posting in next frame
12-10 07:31:16.383 2004 2004 W View : requestLayout() improperly called by com.android.systemui.statusbar.AlphaOptimizedImageView{1a3e852 VFED..C.. ......ID 0,0-140,50} during second layout pass: posting in next frame
12-10 07:31:16.383 2004 2004 W View : requestLayout() improperly called by android.widget.FrameLayout{7e10fe2 I.E...... ......ID 0,0-780,179 #2bc} during second layout pass: posting in next frame
12-10 07:31:16.383 2004 2004 W View : requestLayout() improperly called by com.android.systemui.statusbar.AlphaOptimizedImageView{82960ad VFED..C.. ......ID 0,0-140,23} during second layout pass: posting in next frame
12-10 07:31:16.385 1507 6699 I wm_task_moved: [26,1,8]
12-10 07:31:16.386 1507 6699 I wm_task_moved: [27,1,2147483647]
12-10 07:31:16.386 1507 6699 I wm_task_to_front: [0,27]
12-10 07:31:16.386 1507 6699 I wm_focused_root_task: [0,0,26,176,RecentsAnimation.onAnimationFinished()]
12-10 07:31:16.386 16873 16873 I wm_on_top_resumed_lost_called: [3467339,com.android.documentsui.files.FilesActivity,topStateChangedWhenResumed]
12-10 07:31:16.387 1507 6699 I wm_set_resumed_activity: [0,com.android.launcher3/.uioverrides.QuickstepLauncher,RecentsAnimation.onAnimationFinished()]
12-10 07:31:16.388 1507 6699 D ActivityTrigger: ActivityTrigger activityPauseTrigger
12-10 07:31:16.388 1507 6699 I wm_pause_activity: [0,3467339,com.android.documentsui/.files.FilesActivity,userLeaving=true,pauseBackTasks]
12-10 07:31:16.390 1507 6699 I wm_add_to_stopping: [0,3467339,com.android.documentsui/.files.FilesActivity,makeInvisible]
12-10 07:31:16.391 1507 6699 I ActivityTaskManager: FOREGROUND_APPLICATION_CHANGED to com.android.launcher3.uioverrides.QuickstepLauncher
12-10 07:31:16.391 1507 6699 I wm_set_resumed_activity: [0,com.android.launcher3/.uioverrides.QuickstepLauncher,resumeTopActivityInnerLocked]
12-10 07:31:16.394 1507 6699 I wm_resume_activity: [0,142082565,27,com.android.launcher3/.uioverrides.QuickstepLauncher]
12-10 07:31:16.396 2004 2004 W View : requestLayout() improperly called by android.widget.FrameLayout{4ff1723 I.E...... ......ID 0,0-780,179 #2bc} during layout: running second layout pass
12-10 07:31:16.396 2004 2004 W View : requestLayout() improperly called by com.android.systemui.statusbar.AlphaOptimizedImageView{1a3e852 VFED..C.. ......ID 0,0-140,50} during layout: running second layout pass
12-10 07:31:16.396 2004 2004 W View : requestLayout() improperly called by android.widget.FrameLayout{7e10fe2 I.E...... ......ID 0,0-780,179 #2bc} during layout: running second layout pass
12-10 07:31:16.396 2004 2004 W View : requestLayout() improperly called by com.android.systemui.statusbar.AlphaOptimizedImageView{82960ad VFED..C.. ......ID 0,0-140,23} during layout: running second layout pass
12-10 07:31:16.397 2526 2526 I wm_on_resume_called: [142082565,com.android.launcher3.uioverrides.QuickstepLauncher,RESUME_ACTIVITY]
12-10 07:31:16.400 2004 2004 W View : requestLayout() improperly called by android.widget.FrameLayout{4ff1723 I.E...... ......ID 0,0-780,179 #2bc} during second layout pass: posting in next frame
12-10 07:31:16.400 2004 2004 W View : requestLayout() improperly called by com.android.systemui.statusbar.AlphaOptimizedImageView{1a3e852 VFED..C.. ......ID 0,0-140,50} during second layout pass: posting in next frame
12-10 07:31:16.400 2004 2004 W View : requestLayout() improperly called by android.widget.FrameLayout{7e10fe2 I.E...... ......ID 0,0-780,179 #2bc} during second layout pass: posting in next frame
12-10 07:31:16.400 2004 2004 W View : requestLayout() improperly called by com.android.systemui.statusbar.AlphaOptimizedImageView{82960ad VFED..C.. ......ID 0,0-140,23} during second layout pass: posting in next frame
12-10 07:31:16.403 2004 2004 W View : requestLayout() improperly called by android.widget.FrameLayout{4ff1723 I.E...... ......ID 0,0-780,179 #2bc} during layout: running second layout pass
12-10 07:31:16.403 2004 2004 W View : requestLayout() improperly called by com.android.systemui.statusbar.AlphaOptimizedImageView{1a3e852 VFED..C.. ......ID 0,0-140,50} during layout: running second layout pass
12-10 07:31:16.403 2004 2004 W View : requestLayout() improperly called by android.widget.FrameLayout{7e10fe2 I.E...... ......ID 0,0-780,179 #2bc} during layout: running second layout pass
12-10 07:31:16.403 2004 2004 W View : requestLayout() improperly called by com.android.systemui.statusbar.AlphaOptimizedImageView{82960ad VFED..C.. ......ID 0,0-140,23} during layout: running second layout pass
12-10 07:31:16.404 1507 1568 I wm_stop_activity: [0,3467339,com.android.documentsui/.files.FilesActivity]
12-10 07:31:16.404 2004 2004 W View : requestLayout() improperly called by android.widget.FrameLayout{4ff1723 I.E...... ......ID 0,0-780,179 #2bc} during second layout pass: posting in next frame
12-10 07:31:16.404 2004 2004 W View : requestLayout() improperly called by com.android.systemui.statusbar.AlphaOptimizedImageView{1a3e852 VFED..C.. ......ID 0,0-140,50} during second layout pass: posting in next frame
12-10 07:31:16.404 2004 2004 W View : requestLayout() improperly called by android.widget.FrameLayout{7e10fe2 I.E...... ......ID 0,0-780,179 #2bc} during second layout pass: posting in next frame
12-10 07:31:16.404 2004 2004 W View : requestLayout() improperly called by com.android.systemui.statusbar.AlphaOptimizedImageView{82960ad VFED..C.. ......ID 0,0-140,23} during second layout pass: posting in next frame
12-10 07:31:16.404 1507 1736 I input_focus: [Focus leaving recents_animation_input_consumer (server),reason=NOT_VISIBLE]
12-10 07:31:16.407 1507 1568 I sysui_multi_action: [757,803,799,window_time_0,802,2]
12-10 07:31:16.408 16873 16873 I wm_on_paused_called: [3467339,com.android.documentsui.files.FilesActivity,performPause]
12-10 07:31:16.410 2526 2526 I wm_on_top_resumed_gained_called: [142082565,com.android.launcher3.uioverrides.QuickstepLauncher,topStateChangedWhenResumed]
12-10 07:31:16.411 1507 1569 I input_focus: [Focus request 2cb1f5d com.android.launcher3/com.android.launcher3.uioverrides.QuickstepLauncher,reason=UpdateInputWindows]
12-10 07:31:16.411 1507 1568 I sysui_multi_action: [757,803,799,window_time_0,802,0]
12-10 07:31:16.420 1507 1736 I input_focus: [Focus entering 2cb1f5d com.android.launcher3/com.android.launcher3.uioverrides.QuickstepLauncher (server),reason=setFocusedWindow]
12-10 07:31:16.423 16873 16873 I wm_on_stop_called: [3467339,com.android.documentsui.files.FilesActivity,STOP_ACTIVITY_ITEM]
12-10 07:31:16.433 2004 2004 W View : requestLayout() improperly called by android.widget.FrameLayout{4ff1723 I.E...... ......ID 0,0-780,179 #2bc} during layout: running second layout pass
12-10 07:31:16.433 2004 2004 W View : requestLayout() improperly called by com.android.systemui.statusbar.AlphaOptimizedImageView{1a3e852 VFED..C.. ......ID 0,0-140,50} during layout: running second layout pass
12-10 07:31:16.433 2004 2004 W View : requestLayout() improperly called by android.widget.FrameLayout{7e10fe2 I.E...... ......ID 0,0-780,179 #2bc} during layout: running second layout pass
12-10 07:31:16.433 2004 2004 W View : requestLayout() improperly called by com.android.systemui.statusbar.AlphaOptimizedImageView{82960ad VFED..C.. ......ID 0,0-140,23} during layout: running second layout pass
12-10 07:31:16.438 2004 2004 W View : requestLayout() improperly called by android.widget.FrameLayout{4ff1723 I.E...... ......ID 0,0-780,179 #2bc} during second layout pass: posting in next frame
12-10 07:31:16.438 2004 2004 W View : requestLayout() improperly called by com.android.systemui.statusbar.AlphaOptimizedImageView{1a3e852 VFED..C.. ......ID 0,0-140,50} during second layout pass: posting in next frame
12-10 07:31:16.438 2004 2004 W View : requestLayout() improperly called by android.widget.FrameLayout{7e10fe2 I.E...... ......ID 0,0-780,179 #2bc} during second layout pass: posting in next frame
12-10 07:31:16.438 2004 2004 W View : requestLayout() improperly called by com.android.systemui.statusbar.AlphaOptimizedImageView{82960ad VFED..C.. ......ID 0,0-140,23} during second layout pass: posting in next frame
12-10 07:31:16.450 2004 2004 W View : requestLayout() improperly called by android.widget.FrameLayout{4ff1723 I.E...... ......ID 0,0-780,179 #2bc} during layout: running second layout pass
12-10 07:31:16.450 2004 2004 W View : requestLayout() improperly called by com.android.systemui.statusbar.AlphaOptimizedImageView{1a3e852 VFED..C.. ......ID 0,0-140,50} during layout: running second layout pass
12-10 07:31:16.450 2004 2004 W View : requestLayout() improperly called by android.widget.FrameLayout{7e10fe2 I.E...... ......ID 0,0-780,179 #2bc} during layout: running second layout pass
12-10 07:31:16.450 2004 2004 W View : requestLayout() improperly called by com.android.systemui.statusbar.AlphaOptimizedImageView{82960ad VFED..C.. ......ID 0,0-140,23} during layout: running second layout pass
12-10 07:31:16.451 2004 2004 W View : requestLayout() improperly called by android.widget.FrameLayout{4ff1723 I.E...... ......ID 0,0-780,179 #2bc} during second layout pass: posting in next frame
12-10 07:31:16.451 2004 2004 W View : requestLayout() improperly called by com.android.systemui.statusbar.AlphaOptimizedImageView{1a3e852 VFED..C.. ......ID 0,0-140,50} during second layout pass: posting in next frame
12-10 07:31:16.451 2004 2004 W View : requestLayout() improperly called by android.widget.FrameLayout{7e10fe2 I.E...... ......ID 0,0-780,179 #2bc} during second layout pass: posting in next frame
12-10 07:31:16.451 2004 2004 W View : requestLayout() improperly called by com.android.systemui.statusbar.AlphaOptimizedImageView{82960ad VFED..C.. ......ID 0,0-140,23} during second layout pass: posting in next frame
12-10 07:31:16.452 8492 9330 I GameMode_ActivityMonitoringService: onForegroundActivitiesChanged uid 10031 pid 16873 fg false
12-10 07:31:16.459 8492 8527 I GameMode_ActivityMonitoringService: Updating top task to: TaskInfoContainer [topActivity=ComponentInfo{com.android.launcher3/com.android.launcher3.uioverrides.QuickstepLauncher}, taskId=27, stackId=26, userId=0, displayId=0, position=8
12-10 07:31:16.459 8492 8527 I GameMode_ActivityMonitoringService: Notifying about top task: TaskInfoContainer [topActivity=ComponentInfo{com.android.launcher3/com.android.launcher3.uioverrides.QuickstepLauncher}, taskId=27, stackId=26, userId=0, displayId=0, position=8
12-10 07:31:16.459 8492 8527 E GameMode_ActivityMonitoringService: onActivityLaunch:com.android.launcher3
12-10 07:31:16.459 8492 8527 V GameMode_GameTypeUtils: judge isGame:com.android.launcher3
12-10 07:31:16.459 8492 8527 V GameMode_GpuUtils: fps:60
12-10 07:31:16.461 8492 8527 D GameMode_GameModeActionUtils: Show GameMode entry by service!
12-10 07:31:16.461 8492 8527 W ContextImpl: Calling a method in the system process without a qualified user: android.app.ContextImpl.startService:1816 android.content.ContextWrapper.startService:774 com.thundercomm.gamemode.ingame.services.GameModeActionUtils.startGameModeService:99 com.thundercomm.gamemode.ingame.services.GameModeActionUtils.startGameModeEntry:22 com.thundercomm.gamemode.ingame.services.ActivityMonitoringService$1.onActivityLaunch:127
12-10 07:31:16.463 8492 8492 D GameMode_GameModeService: type=hide_entry
12-10 07:31:16.463 8492 8527 D GameModeIF_GameModeSettings: getUriFor setting_content_uri_root = content://com.thundercomm.gamemode.api/gamemode_settings , name = gamemode_isgaming
12-10 07:31:16.465 1507 1507 I GameModeConfig: Current uri is uri = content://com.thundercomm.gamemode.api/gamemode_settings/gamemode_isgaming
12-10 07:31:16.465 1507 1507 D GameModeIF_GameModeSettings: getUriFor setting_content_uri_root = content://com.thundercomm.gamemode.api/gamemode_settings , name = gamemode_isgaming
12-10 07:31:16.466 8492 8527 D GameModeIF_GameModeSettings: gamemode_isgaming set to 0
12-10 07:31:16.467 8492 8492 D GameMode_GameSettingsObserver: Game Data change!!!! uri = content://com.thundercomm.gamemode.api/gamemode_settings/gamemode_isgaming
12-10 07:31:16.467 8492 8492 D GameModeIF_GameModeSettings: getUriFor setting_content_uri_root = content://com.thundercomm.gamemode.api/gamemode_settings , name = gamemode_isgaming
12-10 07:31:16.467 1507 1507 I GameModeConfig: isGameModeOn = true
12-10 07:31:16.467 1507 1507 I GameModeConfig: isGaming = false
12-10 07:31:16.468 1507 1507 I GameModeConfig: isGameModeOn = true
12-10 07:31:16.468 1507 1507 I GameModeConfig: isGaming = false
12-10 07:31:16.468 1507 1507 I GameModeConfig: isDisableVoice = true
12-10 07:31:16.469 2004 2004 W View : requestLayout() improperly called by android.widget.FrameLayout{4ff1723 I.E...... ......ID 0,0-780,179 #2bc} during layout: running second layout pass
12-10 07:31:16.469 8492 8492 D GameMode_GameModeService: updateGlobalSettings = gamemode_isgaming
12-10 07:31:16.470 2004 2004 W View : requestLayout() improperly called by com.android.systemui.statusbar.AlphaOptimizedImageView{1a3e852 VFED..C.. ......ID 0,0-140,50} during layout: running second layout pass
12-10 07:31:16.470 2004 2004 W View : requestLayout() improperly called by android.widget.FrameLayout{7e10fe2 I.E...... ......ID 0,0-780,179 #2bc} during layout: running second layout pass
12-10 07:31:16.470 2004 2004 W View : requestLayout() improperly called by com.android.systemui.statusbar.AlphaOptimizedImageView{82960ad VFED..C.. ......ID 0,0-140,23} during layout: running second layout pass
12-10 07:31:16.472 2004 2004 W View : requestLayout() improperly called by android.widget.FrameLayout{4ff1723 I.E...... ......ID 0,0-780,179 #2bc} during second layout pass: posting in next frame
12-10 07:31:16.472 2004 2004 W View : requestLayout() improperly called by com.android.systemui.statusbar.AlphaOptimizedImageView{1a3e852 VFED..C.. ......ID 0,0-140,50} during second layout pass: posting in next frame
12-10 07:31:16.472 2004 2004 W View : requestLayout() improperly called by android.widget.FrameLayout{7e10fe2 I.E...... ......ID 0,0-780,179 #2bc} during second layout pass: posting in next frame
12-10 07:31:16.473 2004 2004 W View : requestLayout() improperly called by com.android.systemui.statusbar.AlphaOptimizedImageView{82960ad VFED..C.. ......ID 0,0-140,23} during second layout pass: posting in next frame
12-10 07:31:16.486 2004 2004 W View : requestLayout() improperly called by android.widget.FrameLayout{4ff1723 I.E...... ......ID 0,0-780,179 #2bc} during layout: running second layout pass
12-10 07:31:16.486 2004 2004 W View : requestLayout() improperly called by com.android.systemui.statusbar.AlphaOptimizedImageView{1a3e852 VFED..C.. ......ID 0,0-140,50} during layout: running second layout pass
12-10 07:31:16.486 2004 2004 W View : requestLayout() improperly called by android.widget.FrameLayout{7e10fe2 I.E...... ......ID 0,0-780,179 #2bc} during layout: running second layout pass
12-10 07:31:16.486 2004 2004 W View : requestLayout() improperly called by com.android.systemui.statusbar.AlphaOptimizedImageView{82960ad VFED..C.. ......ID 0,0-140,23} during layout: running second layout pass
12-10 07:31:16.488 2004 2004 W View : requestLayout() improperly called by android.widget.FrameLayout{4ff1723 I.E...... ......ID 0,0-780,179 #2bc} during second layout pass: posting in next frame
12-10 07:31:16.488 2004 2004 W View : requestLayout() improperly called by com.android.systemui.statusbar.AlphaOptimizedImageView{1a3e852 VFED..C.. ......ID 0,0-140,50} during second layout pass: posting in next frame
12-10 07:31:16.488 2004 2004 W View : requestLayout() improperly called by android.widget.FrameLayout{7e10fe2 I.E...... ......ID 0,0-780,179 #2bc} during second layout pass: posting in next frame
12-10 07:31:16.488 2004 2004 W View : requestLayout() improperly called by com.android.systemui.statusbar.AlphaOptimizedImageView{82960ad VFED..C.. ......ID 0,0-140,23} during second layout pass: posting in next frame
12-10 07:31:16.503 8492 9330 I GameMode_ActivityMonitoringService: onTaskStackChanged
12-10 07:31:16.503 2004 2004 W View : requestLayout() improperly called by android.widget.FrameLayout{4ff1723 I.E...... ......ID 0,0-780,179 #2bc} during layout: running second layout pass
12-10 07:31:16.503 2004 2004 W View : requestLayout() improperly called by com.android.systemui.statusbar.AlphaOptimizedImageView{1a3e852 VFED..C.. ......ID 0,0-140,50} during layout: running second layout pass
12-10 07:31:16.503 2004 2004 W View : requestLayout() improperly called by android.widget.FrameLayout{7e10fe2 I.E...... ......ID 0,0-780,179 #2bc} during layout: running second layout pass
12-10 07:31:16.503 2004 2004 W View : requestLayout() improperly called by com.android.systemui.statusbar.AlphaOptimizedImageView{82960ad VFED..C.. ......ID 0,0-140,23} during layout: running second layout pass
12-10 07:31:16.509 2004 2004 W View : requestLayout() improperly called by android.widget.FrameLayout{4ff1723 I.E...... ......ID 0,0-780,179 #2bc} during second layout pass: posting in next frame
12-10 07:31:16.509 2004 2004 W View : requestLayout() improperly called by com.android.systemui.statusbar.AlphaOptimizedImageView{1a3e852 VFED..C.. ......ID 0,0-140,50} during second layout pass: posting in next frame
12-10 07:31:16.509 2004 2004 W View : requestLayout() improperly called by android.widget.FrameLayout{7e10fe2 I.E...... ......ID 0,0-780,179 #2bc} during second layout pass: posting in next frame
12-10 07:31:16.509 2004 2004 W View : requestLayout() improperly called by com.android.systemui.statusbar.AlphaOptimizedImageView{82960ad VFED..C.. ......ID 0,0-140,23} during second layout pass: posting in next frame
12-10 07:31:16.511 8492 8527 I GameMode_ActivityMonitoringService: Updating top task to: TaskInfoContainer [topActivity=ComponentInfo{com.android.launcher3/com.android.launcher3.uioverrides.QuickstepLauncher}, taskId=27, stackId=26, userId=0, displayId=0, position=8
12-10 07:31:16.512 8492 8527 I GameMode_ActivityMonitoringService: Notifying about top task: TaskInfoContainer [topActivity=ComponentInfo{com.android.launcher3/com.android.launcher3.uioverrides.QuickstepLauncher}, taskId=27, stackId=26, userId=0, displayId=0, position=8
12-10 07:31:16.512 8492 8527 E GameMode_ActivityMonitoringService: onActivityLaunch:com.android.launcher3
12-10 07:31:16.512 8492 8527 V GameMode_GameTypeUtils: judge isGame:com.android.launcher3
12-10 07:31:16.512 8492 8527 V GameMode_GpuUtils: fps:60
12-10 07:31:16.514 8492 8527 D GameMode_GameModeActionUtils: Show GameMode entry by service!
12-10 07:31:16.514 8492 8527 W ContextImpl: Calling a method in the system process without a qualified user: android.app.ContextImpl.startService:1816 android.content.ContextWrapper.startService:774 com.thundercomm.gamemode.ingame.services.GameModeActionUtils.startGameModeService:99 com.thundercomm.gamemode.ingame.services.GameModeActionUtils.startGameModeEntry:22 com.thundercomm.gamemode.ingame.services.ActivityMonitoringService$1.onActivityLaunch:127
12-10 07:31:16.516 8492 8527 D GameModeIF_GameModeSettings: getUriFor setting_content_uri_root = content://com.thundercomm.gamemode.api/gamemode_settings , name = gamemode_isgaming
12-10 07:31:16.516 8492 8492 D GameMode_GameModeService: type=hide_entry
12-10 07:31:16.517 1507 1507 I GameModeConfig: Current uri is uri = content://com.thundercomm.gamemode.api/gamemode_settings/gamemode_isgaming
12-10 07:31:16.517 1507 1507 D GameModeIF_GameModeSettings: getUriFor setting_content_uri_root = content://com.thundercomm.gamemode.api/gamemode_settings , name = gamemode_isgaming
12-10 07:31:16.518 8492 8492 D GameMode_GameSettingsObserver: Game Data change!!!! uri = content://com.thundercomm.gamemode.api/gamemode_settings/gamemode_isgaming
12-10 07:31:16.518 8492 8492 D GameModeIF_GameModeSettings: getUriFor setting_content_uri_root = content://com.thundercomm.gamemode.api/gamemode_settings , name = gamemode_isgaming
12-10 07:31:16.518 8492 8527 D GameModeIF_GameModeSettings: gamemode_isgaming set to 0
12-10 07:31:16.519 2004 2004 W View : requestLayout() improperly called by android.widget.FrameLayout{4ff1723 I.E...... ......ID 0,0-780,179 #2bc} during layout: running second layout pass
12-10 07:31:16.519 2004 2004 W View : requestLayout() improperly called by com.android.systemui.statusbar.AlphaOptimizedImageView{1a3e852 VFED..C.. ......ID 0,0-140,50} during layout: running second layout pass
12-10 07:31:16.519 2004 2004 W View : requestLayout() improperly called by android.widget.FrameLayout{7e10fe2 I.E...... ......ID 0,0-780,179 #2bc} during layout: running second layout pass
12-10 07:31:16.519 2004 2004 W View : requestLayout() improperly called by com.android.systemui.statusbar.AlphaOptimizedImageView{82960ad VFED..C.. ......ID 0,0-140,23} during layout: running second layout pass
12-10 07:31:16.520 1507 1507 I GameModeConfig: isGameModeOn = true
12-10 07:31:16.520 1507 1507 I GameModeConfig: isGaming = false
12-10 07:31:16.520 1507 1507 I GameModeConfig: isGameModeOn = true
12-10 07:31:16.520 1507 1507 I GameModeConfig: isGaming = false
12-10 07:31:16.520 1507 1507 I GameModeConfig: isDisableVoice = true
12-10 07:31:16.521 8492 8492 D GameMode_GameModeService: updateGlobalSettings = gamemode_isgaming
12-10 07:31:16.522 1507 1525 W System : A resource failed to call close.
12-10 07:31:16.522 1507 1525 W System : A resource failed to call close.
12-10 07:31:16.523 1507 1525 W System : A resource failed to call release.
12-10 07:31:16.523 1507 1525 W System : A resource failed to call close.
12-10 07:31:16.523 1507 1525 W System : A resource failed to call close.
12-10 07:31:16.523 1507 1525 W System : A resource failed to call close.
12-10 07:31:16.523 1507 1525 W System : A resource failed to call close.
12-10 07:31:16.525 2004 2004 W View : requestLayout() improperly called by android.widget.FrameLayout{4ff1723 I.E...... ......ID 0,0-780,179 #2bc} during second layout pass: posting in next frame
12-10 07:31:16.525 2004 2004 W View : requestLayout() improperly called by com.android.systemui.statusbar.AlphaOptimizedImageView{1a3e852 VFED..C.. ......ID 0,0-140,50} during second layout pass: posting in next frame
12-10 07:31:16.525 2004 2004 W View : requestLayout() improperly called by android.widget.FrameLayout{7e10fe2 I.E...... ......ID 0,0-780,179 #2bc} during second layout pass: posting in next frame
12-10 07:31:16.525 2004 2004 W View : requestLayout() improperly called by com.android.systemui.statusbar.AlphaOptimizedImageView{82960ad VFED..C.. ......ID 0,0-140,23} during second layout pass: posting in next frame
12-10 07:31:16.536 2004 2004 W View : requestLayout() improperly called by android.widget.FrameLayout{4ff1723 I.E...... ......ID 0,0-780,179 #2bc} during layout: running second layout pass
12-10 07:31:16.536 2004 2004 W View : requestLayout() improperly called by com.android.systemui.statusbar.AlphaOptimizedImageView{1a3e852 VFED..C.. ......ID 0,0-140,50} during layout: running second layout pass
12-10 07:31:16.536 2004 2004 W View : requestLayout() improperly called by android.widget.FrameLayout{7e10fe2 I.E...... ......ID 0,0-780,179 #2bc} during layout: running second layout pass
12-10 07:31:16.537 2004 2004 W View : requestLayout() improperly called by com.android.systemui.statusbar.AlphaOptimizedImageView{82960ad VFED..C.. ......ID 0,0-140,23} during layout: running second layout pass
12-10 07:31:16.538 2004 2004 W View : requestLayout() improperly called by android.widget.FrameLayout{4ff1723 I.E...... ......ID 0,0-780,179 #2bc} during second layout pass: posting in next frame
12-10 07:31:16.538 2004 2004 W View : requestLayout() improperly called by com.android.systemui.statusbar.AlphaOptimizedImageView{1a3e852 VFED..C.. ......ID 0,0-140,50} during second layout pass: posting in next frame
12-10 07:31:16.538 2004 2004 W View : requestLayout() improperly called by android.widget.FrameLayout{7e10fe2 I.E...... ......ID 0,0-780,179 #2bc} during second layout pass: posting in next frame
12-10 07:31:16.538 2004 2004 W View : requestLayout() improperly called by com.android.systemui.statusbar.AlphaOptimizedImageView{82960ad VFED..C.. ......ID 0,0-140,23} during second layout pass: posting in next frame
12-10 07:31:16.551 2004 2004 W View : requestLayout() improperly called by android.widget.FrameLayout{4ff1723 I.E...... ......ID 0,0-780,179 #2bc} during layout: running second layout pass
12-10 07:31:16.551 2004 2004 W View : requestLayout() improperly called by com.android.systemui.statusbar.AlphaOptimizedImageView{1a3e852 VFED..C.. ......ID 0,0-140,50} during layout: running second layout pass
12-10 07:31:16.551 2004 2004 W View : requestLayout() improperly called by android.widget.FrameLayout{7e10fe2 I.E...... ......ID 0,0-780,179 #2bc} during layout: running second layout pass
12-10 07:31:16.551 2004 2004 W View : requestLayout() improperly called by com.android.systemui.statusbar.AlphaOptimizedImageView{82960ad VFED..C.. ......ID 0,0-140,23} during layout: running second layout pass
12-10 07:31:16.552 2004 2004 W View : requestLayout() improperly called by android.widget.FrameLayout{4ff1723 I.E...... ......ID 0,0-780,179 #2bc} during second layout pass: posting in next frame
12-10 07:31:16.553 2004 2004 W View : requestLayout() improperly called by com.android.systemui.statusbar.AlphaOptimizedImageView{1a3e852 VFED..C.. ......ID 0,0-140,50} during second layout pass: posting in next frame
12-10 07:31:16.553 2004 2004 W View : requestLayout() improperly called by android.widget.FrameLayout{7e10fe2 I.E...... ......ID 0,0-780,179 #2bc} during second layout pass: posting in next frame
12-10 07:31:16.553 2004 2004 W View : requestLayout() improperly called by com.android.systemui.statusbar.AlphaOptimizedImageView{82960ad VFED..C.. ......ID 0,0-140,23} during second layout pass: posting in next frame
12-10 07:31:16.568 2004 2004 W View : requestLayout() improperly called by android.widget.FrameLayout{4ff1723 I.E...... ......ID 0,0-780,179 #2bc} during layout: running second layout pass
12-10 07:31:16.568 2004 2004 W View : requestLayout() improperly called by com.android.systemui.statusbar.AlphaOptimizedImageView{1a3e852 VFED..C.. ......ID 0,0-140,50} during layout: running second layout pass
12-10 07:31:16.568 2004 2004 W View : requestLayout() improperly called by android.widget.FrameLayout{7e10fe2 I.E...... ......ID 0,0-780,179 #2bc} during layout: running second layout pass
12-10 07:31:16.568 2004 2004 W View : requestLayout() improperly called by com.android.systemui.statusbar.AlphaOptimizedImageView{82960ad VFED..C.. ......ID 0,0-140,23} during layout: running second layout pass
12-10 07:31:16.570 2004 2004 W View : requestLayout() improperly called by android.widget.FrameLayout{4ff1723 I.E...... ......ID 0,0-780,179 #2bc} during second layout pass: posting in next frame
12-10 07:31:16.570 2004 2004 W View : requestLayout() improperly called by com.android.systemui.statusbar.AlphaOptimizedImageView{1a3e852 VFED..C.. ......ID 0,0-140,50} during second layout pass: posting in next frame
12-10 07:31:16.570 2004 2004 W View : requestLayout() improperly called by android.widget.FrameLayout{7e10fe2 I.E...... ......ID 0,0-780,179 #2bc} during second layout pass: posting in next frame
12-10 07:31:16.570 2004 2004 W View : requestLayout() improperly called by com.android.systemui.statusbar.AlphaOptimizedImageView{82960ad VFED..C.. ......ID 0,0-140,23} during second layout pass: posting in next frame
12-10 07:31:16.587 2004 2004 W View : requestLayout() improperly called by android.widget.FrameLayout{4ff1723 I.E...... ......ID 0,0-780,179 #2bc} during layout: running second layout pass
12-10 07:31:16.587 2004 2004 W View : requestLayout() improperly called by com.android.systemui.statusbar.AlphaOptimizedImageView{1a3e852 VFED..C.. ......ID 0,0-140,50} during layout: running second layout pass
12-10 07:31:16.587 2004 2004 W View : requestLayout() improperly called by android.widget.FrameLayout{7e10fe2 I.E...... ......ID 0,0-780,179 #2bc} during layout: running second layout pass
12-10 07:31:16.587 2004 2004 W View : requestLayout() improperly called by com.android.systemui.statusbar.AlphaOptimizedImageView{82960ad VFED..C.. ......ID 0,0-140,23} during layout: running second layout pass
12-10 07:31:16.590 2004 2004 W View : requestLayout() improperly called by android.widget.FrameLayout{4ff1723 I.E...... ......ID 0,0-780,179 #2bc} during second layout pass: posting in next frame
12-10 07:31:16.590 2004 2004 W View : requestLayout() improperly called by com.android.systemui.statusbar.AlphaOptimizedImageView{1a3e852 VFED..C.. ......ID 0,0-140,50} during second layout pass: posting in next frame
12-10 07:31:16.590 2004 2004 W View : requestLayout() improperly called by android.widget.FrameLayout{7e10fe2 I.E...... ......ID 0,0-780,179 #2bc} during second layout pass: posting in next frame
12-10 07:31:16.590 2004 2004 W View : requestLayout() improperly called by com.android.systemui.statusbar.AlphaOptimizedImageView{82960ad VFED..C.. ......ID 0,0-140,23} during second layout pass: posting in next frame
12-10 07:31:16.605 2004 2004 W View : requestLayout() improperly called by android.widget.FrameLayout{4ff1723 I.E...... ......ID 0,0-780,179 #2bc} during layout: running second layout pass
12-10 07:31:16.606 2004 2004 W View : requestLayout() improperly called by com.android.systemui.statusbar.AlphaOptimizedImageView{1a3e852 VFED..C.. ......ID 0,0-140,50} during layout: running second layout pass
12-10 07:31:16.606 2004 2004 W View : requestLayout() improperly called by android.widget.FrameLayout{7e10fe2 I.E...... ......ID 0,0-780,179 #2bc} during layout: running second layout pass
12-10 07:31:16.606 2004 2004 W View : requestLayout() improperly called by com.android.systemui.statusbar.AlphaOptimizedImageView{82960ad VFED..C.. ......ID 0,0-140,23} during layout: running second layout pass
12-10 07:31:16.620 2004 2004 W View : requestLayout() improperly called by android.widget.FrameLayout{4ff1723 I.E...... ......ID 0,0-780,179 #2bc} during second layout pass: posting in next frame
12-10 07:31:16.620 2004 2004 W View : requestLayout() improperly called by com.android.systemui.statusbar.AlphaOptimizedImageView{1a3e852 VFED..C.. ......ID 0,0-140,50} during second layout pass: posting in next frame
12-10 07:31:16.620 2004 2004 W View : requestLayout() improperly called by android.widget.FrameLayout{7e10fe2 I.E...... ......ID 0,0-780,179 #2bc} during second layout pass: posting in next frame
12-10 07:31:16.620 2004 2004 W View : requestLayout() improperly called by com.android.systemui.statusbar.AlphaOptimizedImageView{82960ad VFED..C.. ......ID 0,0-140,23} during second layout pass: posting in next frame
12-10 07:31:16.638 2004 2004 W View : requestLayout() improperly called by android.widget.FrameLayout{4ff1723 I.E...... ......ID 0,0-780,179 #2bc} during layout: running second layout pass
12-10 07:31:16.638 2004 2004 W View : requestLayout() improperly called by com.android.systemui.statusbar.AlphaOptimizedImageView{1a3e852 VFED..C.. ......ID 0,0-140,50} during layout: running second layout pass
12-10 07:31:16.638 2004 2004 W View : requestLayout() improperly called by android.widget.FrameLayout{7e10fe2 I.E...... ......ID 0,0-780,179 #2bc} during layout: running second layout pass
12-10 07:31:16.638 2004 2004 W View : requestLayout() improperly called by com.android.systemui.statusbar.AlphaOptimizedImageView{82960ad VFED..C.. ......ID 0,0-140,23} during layout: running second layout pass
12-10 07:31:16.641 2004 2004 W View : requestLayout() improperly called by android.widget.FrameLayout{4ff1723 I.E...... ......ID 0,0-780,179 #2bc} during second layout pass: posting in next frame
12-10 07:31:16.641 2004 2004 W View : requestLayout() improperly called by com.android.systemui.statusbar.AlphaOptimizedImageView{1a3e852 VFED..C.. ......ID 0,0-140,50} during second layout pass: posting in next frame
12-10 07:31:16.641 2004 2004 W View : requestLayout() improperly called by android.widget.FrameLayout{7e10fe2 I.E...... ......ID 0,0-780,179 #2bc} during second layout pass: posting in next frame
12-10 07:31:16.641 2004 2004 W View : requestLayout() improperly called by com.android.systemui.statusbar.AlphaOptimizedImageView{82960ad VFED..C.. ......ID 0,0-140,23} during second layout pass: posting in next frame
12-10 07:31:16.653 2004 2004 W View : requestLayout() improperly called by android.widget.FrameLayout{4ff1723 I.E...... ......ID 0,0-780,179 #2bc} during layout: running second layout pass
12-10 07:31:16.654 2004 2004 W View : requestLayout() improperly called by com.android.systemui.statusbar.AlphaOptimizedImageView{1a3e852 VFED..C.. ......ID 0,0-140,50} during layout: running second layout pass
12-10 07:31:16.654 2004 2004 W View : requestLayout() improperly called by android.widget.FrameLayout{7e10fe2 I.E...... ......ID 0,0-780,179 #2bc} during layout: running second layout pass
12-10 07:31:16.654 2004 2004 W View : requestLayout() improperly called by com.android.systemui.statusbar.AlphaOptimizedImageView{82960ad VFED..C.. ......ID 0,0-140,23} during layout: running second layout pass
12-10 07:31:16.658 2004 2004 W View : requestLayout() improperly called by android.widget.FrameLayout{4ff1723 I.E...... ......ID 0,0-780,179 #2bc} during second layout pass: posting in next frame
12-10 07:31:16.658 2004 2004 W View : requestLayout() improperly called by com.android.systemui.statusbar.AlphaOptimizedImageView{1a3e852 VFED..C.. ......ID 0,0-140,50} during second layout pass: posting in next frame
12-10 07:31:16.658 2004 2004 W View : requestLayout() improperly called by android.widget.FrameLayout{7e10fe2 I.E...... ......ID 0,0-780,179 #2bc} during second layout pass: posting in next frame
12-10 07:31:16.658 2004 2004 W View : requestLayout() improperly called by com.android.systemui.statusbar.AlphaOptimizedImageView{82960ad VFED..C.. ......ID 0,0-140,23} during second layout pass: posting in next frame
12-10 07:31:16.671 2004 2004 W View : requestLayout() improperly called by android.widget.FrameLayout{4ff1723 I.E...... ......ID 0,0-780,179 #2bc} during layout: running second layout pass
12-10 07:31:16.671 2004 2004 W View : requestLayout() improperly called by com.android.systemui.statusbar.AlphaOptimizedImageView{1a3e852 VFED..C.. ......ID 0,0-140,50} during layout: running second layout pass
12-10 07:31:16.671 2004 2004 W View : requestLayout() improperly called by android.widget.FrameLayout{7e10fe2 I.E...... ......ID 0,0-780,179 #2bc} during layout: running second layout pass
12-10 07:31:16.671 2004 2004 W View : requestLayout() improperly called by com.android.systemui.statusbar.AlphaOptimizedImageView{82960ad VFED..C.. ......ID 0,0-140,23} during layout: running second layout pass
12-10 07:31:16.685 2004 2004 W View : requestLayout() improperly called by android.widget.FrameLayout{4ff1723 I.E...... ......ID 0,0-780,179 #2bc} during second layout pass: posting in next frame
12-10 07:31:16.686 2004 2004 W View : requestLayout() improperly called by com.android.systemui.statusbar.AlphaOptimizedImageView{1a3e852 VFED..C.. ......ID 0,0-140,50} during second layout pass: posting in next frame
12-10 07:31:16.686 2004 2004 W View : requestLayout() improperly called by android.widget.FrameLayout{7e10fe2 I.E...... ......ID 0,0-780,179 #2bc} during second layout pass: posting in next frame
12-10 07:31:16.686 2004 2004 W View : requestLayout() improperly called by com.android.systemui.statusbar.AlphaOptimizedImageView{82960ad VFED..C.. ......ID 0,0-140,23} during second layout pass: posting in next frame
12-10 07:31:16.704 2004 2004 W View : requestLayout() improperly called by android.widget.FrameLayout{4ff1723 I.E...... ......ID 0,0-780,179 #2bc} during layout: running second layout pass
12-10 07:31:16.704 2004 2004 W View : requestLayout() improperly called by com.android.systemui.statusbar.AlphaOptimizedImageView{1a3e852 VFED..C.. ......ID 0,0-140,50} during layout: running second layout pass
12-10 07:31:16.704 2004 2004 W View : requestLayout() improperly called by android.widget.FrameLayout{7e10fe2 I.E...... ......ID 0,0-780,179 #2bc} during layout: running second layout pass
12-10 07:31:16.704 2004 2004 W View : requestLayout() improperly called by com.android.systemui.statusbar.AlphaOptimizedImageView{82960ad VFED..C.. ......ID 0,0-140,23} during layout: running second layout pass
12-10 07:31:16.719 2004 2004 W View : requestLayout() improperly called by android.widget.FrameLayout{4ff1723 I.E...... ......ID 0,0-780,179 #2bc} during second layout pass: posting in next frame
12-10 07:31:16.719 2004 2004 W View : requestLayout() improperly called by com.android.systemui.statusbar.AlphaOptimizedImageView{1a3e852 VFED..C.. ......ID 0,0-140,50} during second layout pass: posting in next frame
12-10 07:31:16.719 2004 2004 W View : requestLayout() improperly called by android.widget.FrameLayout{7e10fe2 I.E...... ......ID 0,0-780,179 #2bc} during second layout pass: posting in next frame
12-10 07:31:16.719 2004 2004 W View : requestLayout() improperly called by com.android.systemui.statusbar.AlphaOptimizedImageView{82960ad VFED..C.. ......ID 0,0-140,23} during second layout pass: posting in next frame
12-10 07:31:16.737 2004 2004 W View : requestLayout() improperly called by android.widget.FrameLayout{4ff1723 I.E...... ......ID 0,0-780,179 #2bc} during layout: running second layout pass
12-10 07:31:16.737 2004 2004 W View : requestLayout() improperly called by com.android.systemui.statusbar.AlphaOptimizedImageView{1a3e852 VFED..C.. ......ID 0,0-140,50} during layout: running second layout pass
12-10 07:31:16.737 2004 2004 W View : requestLayout() improperly called by android.widget.FrameLayout{7e10fe2 I.E...... ......ID 0,0-780,179 #2bc} during layout: running second layout pass
12-10 07:31:16.737 2004 2004 W View : requestLayout() improperly called by com.android.systemui.statusbar.AlphaOptimizedImageView{82960ad VFED..C.. ......ID 0,0-140,23} during layout: running second layout pass
12-10 07:31:16.740 2004 2004 W View : requestLayout() improperly called by android.widget.FrameLayout{4ff1723 I.E...... ......ID 0,0-780,179 #2bc} during second layout pass: posting in next frame
