12-10 07:19:28.155 0 0 I auditd : type=1400 audit(0.0:21856): avc: denied { kill } for comm="swapper/3" capability=5 scontext=u:r:kernel:s0 tcontext=u:r:kernel:s0 tclass=capability permissive=0
12-10 07:19:29.155 0 0 I auditd : type=1400 audit(0.0:21857): avc: denied { kill } for comm="swapper/3" capability=5 scontext=u:r:kernel:s0 tcontext=u:r:kernel:s0 tclass=capability permissive=0
12-10 07:19:30.155 0 0 I auditd : type=1400 audit(0.0:21858): avc: denied { kill } for comm="swapper/3" capability=5 scontext=u:r:kernel:s0 tcontext=u:r:kernel:s0 tclass=capability permissive=0
12-10 07:19:31.155 0 0 I auditd : type=1400 audit(0.0:21859): avc: denied { kill } for comm="swapper/3" capability=5 scontext=u:r:kernel:s0 tcontext=u:r:kernel:s0 tclass=capability permissive=0
12-10 07:19:32.155 0 0 I auditd : type=1400 audit(0.0:21860): avc: denied { kill } for comm="swapper/3" capability=5 scontext=u:r:kernel:s0 tcontext=u:r:kernel:s0 tclass=capability permissive=0
12-10 07:19:34.155 0 0 I auditd : type=1400 audit(0.0:21861): avc: denied { kill } for comm="swapper/3" capability=5 scontext=u:r:kernel:s0 tcontext=u:r:kernel:s0 tclass=capability permissive=0
12-10 07:19:35.155 0 0 I auditd : type=1400 audit(0.0:21862): avc: denied { kill } for comm="swapper/3" capability=5 scontext=u:r:kernel:s0 tcontext=u:r:kernel:s0 tclass=capability permissive=0
12-10 07:19:36.155 0 0 I auditd : type=1400 audit(0.0:21863): avc: denied { kill } for comm="swapper/3" capability=5 scontext=u:r:kernel:s0 tcontext=u:r:kernel:s0 tclass=capability permissive=0
12-10 07:19:37.155 0 0 I auditd : type=1400 audit(0.0:21864): avc: denied { kill } for comm="swapper/3" capability=5 scontext=u:r:kernel:s0 tcontext=u:r:kernel:s0 tclass=capability permissive=0
12-10 07:19:38.155 0 0 I auditd : type=1400 audit(0.0:21865): avc: denied { kill } for comm="swapper/3" capability=5 scontext=u:r:kernel:s0 tcontext=u:r:kernel:s0 tclass=capability permissive=0
12-10 07:19:39.155 0 0 I auditd : type=1400 audit(0.0:21866): avc: denied { kill } for comm="swapper/3" capability=5 scontext=u:r:kernel:s0 tcontext=u:r:kernel:s0 tclass=capability permissive=0
12-10 07:19:40.155 0 0 I auditd : type=1400 audit(0.0:21867): avc: denied { kill } for comm="swapper/3" capability=5 scontext=u:r:kernel:s0 tcontext=u:r:kernel:s0 tclass=capability permissive=0
12-10 07:19:41.155 0 0 I auditd : type=1400 audit(0.0:21868): avc: denied { kill } for comm="swapper/3" capability=5 scontext=u:r:kernel:s0 tcontext=u:r:kernel:s0 tclass=capability permissive=0
12-10 07:19:42.155 0 0 I auditd : type=1400 audit(0.0:21869): avc: denied { kill } for comm="swapper/3" capability=5 scontext=u:r:kernel:s0 tcontext=u:r:kernel:s0 tclass=capability permissive=0
12-10 07:19:43.155 0 0 I auditd : type=1400 audit(0.0:21870): avc: denied { kill } for comm="swapper/3" capability=5 scontext=u:r:kernel:s0 tcontext=u:r:kernel:s0 tclass=capability permissive=0
12-10 07:19:44.155 0 0 I auditd : type=1400 audit(0.0:21871): avc: denied { kill } for comm="swapper/3" capability=5 scontext=u:r:kernel:s0 tcontext=u:r:kernel:s0 tclass=capability permissive=0
12-10 07:19:45.155 0 0 I auditd : type=1400 audit(0.0:21872): avc: denied { kill } for comm="swapper/3" capability=5 scontext=u:r:kernel:s0 tcontext=u:r:kernel:s0 tclass=capability permissive=0
12-10 07:19:46.155 0 0 I auditd : type=1400 audit(0.0:21873): avc: denied { kill } for comm="swapper/3" capability=5 scontext=u:r:kernel:s0 tcontext=u:r:kernel:s0 tclass=capability permissive=0
12-10 07:19:47.155 0 0 I auditd : type=1400 audit(0.0:21874): avc: denied { kill } for comm="swapper/3" capability=5 scontext=u:r:kernel:s0 tcontext=u:r:kernel:s0 tclass=capability permissive=0
12-10 07:19:48.155 0 0 I auditd : type=1400 audit(0.0:21875): avc: denied { kill } for comm="swapper/3" capability=5 scontext=u:r:kernel:s0 tcontext=u:r:kernel:s0 tclass=capability permissive=0
12-10 07:19:49.155 0 0 I auditd : type=1400 audit(0.0:21876): avc: denied { kill } for comm="swapper/3" capability=5 scontext=u:r:kernel:s0 tcontext=u:r:kernel:s0 tclass=capability permissive=0
12-10 07:19:50.155 0 0 I auditd : type=1400 audit(0.0:21877): avc: denied { kill } for comm="swapper/3" capability=5 scontext=u:r:kernel:s0 tcontext=u:r:kernel:s0 tclass=capability permissive=0
12-10 07:19:51.155 0 0 I auditd : type=1400 audit(0.0:21878): avc: denied { kill } for comm="swapper/3" capability=5 scontext=u:r:kernel:s0 tcontext=u:r:kernel:s0 tclass=capability permissive=0
12-10 07:19:52.155 0 0 I auditd : type=1400 audit(0.0:21879): avc: denied { kill } for comm="swapper/3" capability=5 scontext=u:r:kernel:s0 tcontext=u:r:kernel:s0 tclass=capability permissive=0
12-10 07:19:53.155 13237 13237 I auditd : type=1400 audit(0.0:21880): avc: denied { kill } for comm="kworker/u16:0" capability=5 scontext=u:r:kernel:s0 tcontext=u:r:kernel:s0 tclass=capability permissive=0
12-10 07:19:55.155 0 0 I auditd : type=1400 audit(0.0:21881): avc: denied { kill } for comm="swapper/3" capability=5 scontext=u:r:kernel:s0 tcontext=u:r:kernel:s0 tclass=capability permissive=0
12-10 07:19:56.155 0 0 I auditd : type=1400 audit(0.0:21882): avc: denied { kill } for comm="swapper/3" capability=5 scontext=u:r:kernel:s0 tcontext=u:r:kernel:s0 tclass=capability permissive=0
12-10 07:19:57.155 0 0 I auditd : type=1400 audit(0.0:21883): avc: denied { kill } for comm="swapper/3" capability=5 scontext=u:r:kernel:s0 tcontext=u:r:kernel:s0 tclass=capability permissive=0
12-10 07:19:58.155 16004 16004 I auditd : type=1400 audit(0.0:21884): avc: denied { kill } for comm="kworker/u16:9" capability=5 scontext=u:r:kernel:s0 tcontext=u:r:kernel:s0 tclass=capability permissive=0
12-10 07:19:59.155 13237 13237 I auditd : type=1400 audit(0.0:21885): avc: denied { kill } for comm="kworker/u16:0" capability=5 scontext=u:r:kernel:s0 tcontext=u:r:kernel:s0 tclass=capability permissive=0
12-10 07:20:02.155 0 0 I auditd : type=1400 audit(0.0:21886): avc: denied { kill } for comm="swapper/1" capability=5 scontext=u:r:kernel:s0 tcontext=u:r:kernel:s0 tclass=capability permissive=0
12-10 07:20:03.155 0 0 I auditd : type=1400 audit(0.0:21887): avc: denied { kill } for comm="swapper/1" capability=5 scontext=u:r:kernel:s0 tcontext=u:r:kernel:s0 tclass=capability permissive=0
12-10 07:20:04.155 0 0 I auditd : type=1400 audit(0.0:21888): avc: denied { kill } for comm="swapper/1" capability=5 scontext=u:r:kernel:s0 tcontext=u:r:kernel:s0 tclass=capability permissive=0
12-10 07:20:05.155 0 0 I auditd : type=1400 audit(0.0:21889): avc: denied { kill } for comm="swapper/1" capability=5 scontext=u:r:kernel:s0 tcontext=u:r:kernel:s0 tclass=capability permissive=0
12-10 07:20:06.155 0 0 I auditd : type=1400 audit(0.0:21890): avc: denied { kill } for comm="swapper/1" capability=5 scontext=u:r:kernel:s0 tcontext=u:r:kernel:s0 tclass=capability permissive=0
12-10 07:20:07.155 0 0 I auditd : type=1400 audit(0.0:21891): avc: denied { kill } for comm="swapper/1" capability=5 scontext=u:r:kernel:s0 tcontext=u:r:kernel:s0 tclass=capability permissive=0
12-10 07:20:08.155 0 0 I auditd : type=1400 audit(0.0:21892): avc: denied { kill } for comm="swapper/1" capability=5 scontext=u:r:kernel:s0 tcontext=u:r:kernel:s0 tclass=capability permissive=0
12-10 07:20:09.155 0 0 I auditd : type=1400 audit(0.0:21893): avc: denied { kill } for comm="swapper/1" capability=5 scontext=u:r:kernel:s0 tcontext=u:r:kernel:s0 tclass=capability permissive=0
12-10 07:20:10.155 0 0 I auditd : type=1400 audit(0.0:21894): avc: denied { kill } for comm="swapper/1" capability=5 scontext=u:r:kernel:s0 tcontext=u:r:kernel:s0 tclass=capability permissive=0
12-10 07:20:11.155 0 0 I auditd : type=1400 audit(0.0:21895): avc: denied { kill } for comm="swapper/1" capability=5 scontext=u:r:kernel:s0 tcontext=u:r:kernel:s0 tclass=capability permissive=0
12-10 07:20:12.155 0 0 I auditd : type=1400 audit(0.0:21896): avc: denied { kill } for comm="swapper/1" capability=5 scontext=u:r:kernel:s0 tcontext=u:r:kernel:s0 tclass=capability permissive=0
12-10 07:20:13.155 0 0 I auditd : type=1400 audit(0.0:21897): avc: denied { kill } for comm="swapper/1" capability=5 scontext=u:r:kernel:s0 tcontext=u:r:kernel:s0 tclass=capability permissive=0
12-10 07:20:14.155 0 0 I auditd : type=1400 audit(0.0:21898): avc: denied { kill } for comm="swapper/1" capability=5 scontext=u:r:kernel:s0 tcontext=u:r:kernel:s0 tclass=capability permissive=0
12-10 07:20:15.155 0 0 I auditd : type=1400 audit(0.0:21899): avc: denied { kill } for comm="swapper/1" capability=5 scontext=u:r:kernel:s0 tcontext=u:r:kernel:s0 tclass=capability permissive=0
12-10 07:20:16.155 0 0 I auditd : type=1400 audit(0.0:21900): avc: denied { kill } for comm="swapper/1" capability=5 scontext=u:r:kernel:s0 tcontext=u:r:kernel:s0 tclass=capability permissive=0
12-10 07:20:17.155 0 0 I auditd : type=1400 audit(0.0:21901): avc: denied { kill } for comm="swapper/1" capability=5 scontext=u:r:kernel:s0 tcontext=u:r:kernel:s0 tclass=capability permissive=0
12-10 07:20:18.155 0 0 I auditd : type=1400 audit(0.0:21902): avc: denied { kill } for comm="swapper/1" capability=5 scontext=u:r:kernel:s0 tcontext=u:r:kernel:s0 tclass=capability permissive=0
12-10 07:20:19.155 0 0 I auditd : type=1400 audit(0.0:21903): avc: denied { kill } for comm="swapper/1" capability=5 scontext=u:r:kernel:s0 tcontext=u:r:kernel:s0 tclass=capability permissive=0
12-10 07:20:20.155 0 0 I auditd : type=1400 audit(0.0:21904): avc: denied { kill } for comm="swapper/1" capability=5 scontext=u:r:kernel:s0 tcontext=u:r:kernel:s0 tclass=capability permissive=0
12-10 07:20:21.155 0 0 I auditd : type=1400 audit(0.0:21905): avc: denied { kill } for comm="swapper/1" capability=5 scontext=u:r:kernel:s0 tcontext=u:r:kernel:s0 tclass=capability permissive=0
12-10 07:20:22.155 0 0 I auditd : type=1400 audit(0.0:21906): avc: denied { kill } for comm="swapper/1" capability=5 scontext=u:r:kernel:s0 tcontext=u:r:kernel:s0 tclass=capability permissive=0
12-10 07:20:23.155 0 0 I auditd : type=1400 audit(0.0:21907): avc: denied { kill } for comm="swapper/1" capability=5 scontext=u:r:kernel:s0 tcontext=u:r:kernel:s0 tclass=capability permissive=0
12-10 07:20:24.155 0 0 I auditd : type=1400 audit(0.0:21908): avc: denied { kill } for comm="swapper/1" capability=5 scontext=u:r:kernel:s0 tcontext=u:r:kernel:s0 tclass=capability permissive=0
12-10 07:20:25.155 0 0 I auditd : type=1400 audit(0.0:21909): avc: denied { kill } for comm="swapper/1" capability=5 scontext=u:r:kernel:s0 tcontext=u:r:kernel:s0 tclass=capability permissive=0
12-10 07:20:26.155 0 0 I auditd : type=1400 audit(0.0:21910): avc: denied { kill } for comm="swapper/1" capability=5 scontext=u:r:kernel:s0 tcontext=u:r:kernel:s0 tclass=capability permissive=0
12-10 07:20:27.155 0 0 I auditd : type=1400 audit(0.0:21911): avc: denied { kill } for comm="swapper/1" capability=5 scontext=u:r:kernel:s0 tcontext=u:r:kernel:s0 tclass=capability permissive=0
12-10 07:20:28.155 0 0 I auditd : type=1400 audit(0.0:21912): avc: denied { kill } for comm="swapper/1" capability=5 scontext=u:r:kernel:s0 tcontext=u:r:kernel:s0 tclass=capability permissive=0
12-10 07:20:29.155 0 0 I auditd : type=1400 audit(0.0:21913): avc: denied { kill } for comm="swapper/1" capability=5 scontext=u:r:kernel:s0 tcontext=u:r:kernel:s0 tclass=capability permissive=0
12-10 07:20:30.155 0 0 I auditd : type=1400 audit(0.0:21914): avc: denied { kill } for comm="swapper/1" capability=5 scontext=u:r:kernel:s0 tcontext=u:r:kernel:s0 tclass=capability permissive=0
12-10 07:20:31.155 0 0 I auditd : type=1400 audit(0.0:21915): avc: denied { kill } for comm="swapper/1" capability=5 scontext=u:r:kernel:s0 tcontext=u:r:kernel:s0 tclass=capability permissive=0
12-10 07:20:32.155 0 0 I auditd : type=1400 audit(0.0:21916): avc: denied { kill } for comm="swapper/1" capability=5 scontext=u:r:kernel:s0 tcontext=u:r:kernel:s0 tclass=capability permissive=0
12-10 07:20:32.644 1507 1711 D ActivityManager: freezing 16483 com.android.music
12-10 07:20:32.644 1507 1711 E ActivityManager: Unable to freeze binder for 16483 com.android.music
12-10 07:20:32.645 1507 1711 D ActivityManager: froze 16483 com.android.music
12-10 07:20:32.645 1507 1711 I am_freeze: [16483,com.android.music]
12-10 07:20:32.645 1507 1711 E ActivityManager: Unable to freeze binder for 16483 com.android.music
12-10 07:20:32.646 1507 1711 D ActivityManager: freezing 16484 com.android.calendar
12-10 07:20:32.647 1507 1711 E ActivityManager: Unable to freeze binder for 16484 com.android.calendar
12-10 07:20:32.647 1507 1711 D ActivityManager: froze 16484 com.android.calendar
12-10 07:20:32.647 1507 1711 I am_freeze: [16484,com.android.calendar]
12-10 07:20:32.647 1507 1711 E ActivityManager: Unable to freeze binder for 16484 com.android.calendar
12-10 07:20:32.648 1507 1711 I ActivityManager: Killing 16483:com.android.music/u0a90 (adj 935): Unable to freeze binder interface
12-10 07:20:32.648 1507 1711 I am_kill : [0,16483,com.android.music,935,Unable to freeze binder interface]
12-10 07:20:32.650 1507 1711 I ActivityManager: Killing 16484:com.android.calendar/u0a65 (adj 925): Unable to freeze binder interface
12-10 07:20:32.650 1507 1711 I am_kill : [0,16484,com.android.calendar,925,Unable to freeze binder interface]
12-10 07:20:32.673 1507 2038 I am_proc_died: [0,16484,com.android.calendar,925,19]
12-10 07:20:32.674 1507 2038 I am_uid_stopped: 10065
12-10 07:20:32.679 1507 2150 I am_proc_died: [0,16483,com.android.music,935,19]
12-10 07:20:32.679 1507 2150 I am_uid_stopped: 10090
12-10 07:20:32.683 1507 1568 I am_uid_running: 10090
12-10 07:20:32.683 1507 1568 D CompatibilityChangeReporter: Compat change id reported: 135634846; UID 10090; state: DISABLED
12-10 07:20:32.683 1507 1568 D CompatibilityChangeReporter: Compat change id reported: 177438394; UID 10090; state: DISABLED
12-10 07:20:32.683 1507 1568 D CompatibilityChangeReporter: Compat change id reported: 135772972; UID 10090; state: DISABLED
12-10 07:20:32.683 1507 1568 D CompatibilityChangeReporter: Compat change id reported: 135754954; UID 10090; state: ENABLED
12-10 07:20:32.684 1507 1584 D CompatibilityChangeReporter: Compat change id reported: 143937733; UID 10090; state: ENABLED
12-10 07:20:32.684 1507 1568 I am_uid_running: 10065
12-10 07:20:32.684 1507 1568 D CompatibilityChangeReporter: Compat change id reported: 135634846; UID 10065; state: DISABLED
12-10 07:20:32.684 1507 1568 D CompatibilityChangeReporter: Compat change id reported: 177438394; UID 10065; state: DISABLED
12-10 07:20:32.684 1507 1568 D CompatibilityChangeReporter: Compat change id reported: 135772972; UID 10065; state: DISABLED
12-10 07:20:32.684 1507 1568 D CompatibilityChangeReporter: Compat change id reported: 135754954; UID 10065; state: DISABLED
12-10 07:20:32.696 1507 1581 I am_pss : [15287,1000,com.android.settings,136566784,120750080,0,273301504,0,15,13]
12-10 07:20:32.698 1507 1584 I am_proc_start: [0,16643,10090,com.android.music,NULL,]
12-10 07:20:32.698 1507 1584 I ActivityManager: Start proc 16643:com.android.music/u0a90 for null
12-10 07:20:32.698 1507 1584 D CompatibilityChangeReporter: Compat change id reported: 143937733; UID 10065; state: DISABLED
12-10 07:20:32.704 1507 1581 I am_pss : [16619,10066,com.android.gallery3d,7931904,5226496,0,93474816,0,19,6]
12-10 07:20:32.711 1507 1581 I am_pss : [16568,10061,com.android.soundrecorder,6032384,4059136,0,89026560,0,19,4]
12-10 07:20:32.711 1507 1584 I am_proc_start: [0,16644,10065,com.android.calendar,NULL,]
12-10 07:20:32.712 1507 1584 I ActivityManager: Start proc 16644:com.android.calendar/u0a65 for null
12-10 07:20:32.736 1507 2038 I am_proc_bound: [0,16643,com.android.music]
12-10 07:20:32.740 1507 2038 I am_proc_bound: [0,16644,com.android.calendar]
12-10 07:20:33.155 0 0 I auditd : type=1400 audit(0.0:21917): avc: denied { kill } for comm="swapper/1" capability=5 scontext=u:r:kernel:s0 tcontext=u:r:kernel:s0 tclass=capability permissive=0
12-10 07:20:34.155 0 0 I auditd : type=1400 audit(0.0:21918): avc: denied { kill } for comm="swapper/1" capability=5 scontext=u:r:kernel:s0 tcontext=u:r:kernel:s0 tclass=capability permissive=0
12-10 07:20:35.155 0 0 I auditd : type=1400 audit(0.0:21919): avc: denied { kill } for comm="swapper/1" capability=5 scontext=u:r:kernel:s0 tcontext=u:r:kernel:s0 tclass=capability permissive=0
12-10 07:20:36.155 0 0 I auditd : type=1400 audit(0.0:21920): avc: denied { kill } for comm="swapper/1" capability=5 scontext=u:r:kernel:s0 tcontext=u:r:kernel:s0 tclass=capability permissive=0
12-10 07:20:37.155 0 0 I auditd : type=1400 audit(0.0:21921): avc: denied { kill } for comm="swapper/1" capability=5 scontext=u:r:kernel:s0 tcontext=u:r:kernel:s0 tclass=capability permissive=0
12-10 07:20:38.155 0 0 I auditd : type=1400 audit(0.0:21922): avc: denied { kill } for comm="swapper/1" capability=5 scontext=u:r:kernel:s0 tcontext=u:r:kernel:s0 tclass=capability permissive=0
12-10 07:20:39.155 0 0 I auditd : type=1400 audit(0.0:21923): avc: denied { kill } for comm="swapper/1" capability=5 scontext=u:r:kernel:s0 tcontext=u:r:kernel:s0 tclass=capability permissive=0
12-10 07:20:40.155 0 0 I auditd : type=1400 audit(0.0:21924): avc: denied { kill } for comm="swapper/1" capability=5 scontext=u:r:kernel:s0 tcontext=u:r:kernel:s0 tclass=capability permissive=0
12-10 07:20:41.155 0 0 I auditd : type=1400 audit(0.0:21925): avc: denied { kill } for comm="swapper/1" capability=5 scontext=u:r:kernel:s0 tcontext=u:r:kernel:s0 tclass=capability permissive=0
12-10 07:20:42.155 0 0 I auditd : type=1400 audit(0.0:21926): avc: denied { kill } for comm="swapper/1" capability=5 scontext=u:r:kernel:s0 tcontext=u:r:kernel:s0 tclass=capability permissive=0
12-10 07:20:43.155 0 0 I auditd : type=1400 audit(0.0:21927): avc: denied { kill } for comm="swapper/1" capability=5 scontext=u:r:kernel:s0 tcontext=u:r:kernel:s0 tclass=capability permissive=0
12-10 07:20:44.155 0 0 I auditd : type=1400 audit(0.0:21928): avc: denied { kill } for comm="swapper/1" capability=5 scontext=u:r:kernel:s0 tcontext=u:r:kernel:s0 tclass=capability permissive=0
12-10 07:20:45.155 0 0 I auditd : type=1400 audit(0.0:21929): avc: denied { kill } for comm="swapper/1" capability=5 scontext=u:r:kernel:s0 tcontext=u:r:kernel:s0 tclass=capability permissive=0
12-10 07:20:46.155 0 0 I auditd : type=1400 audit(0.0:21930): avc: denied { kill } for comm="swapper/1" capability=5 scontext=u:r:kernel:s0 tcontext=u:r:kernel:s0 tclass=capability permissive=0
12-10 07:20:47.155 0 0 I auditd : type=1400 audit(0.0:21931): avc: denied { kill } for comm="swapper/1" capability=5 scontext=u:r:kernel:s0 tcontext=u:r:kernel:s0 tclass=capability permissive=0
12-10 07:20:48.155 0 0 I auditd : type=1400 audit(0.0:21932): avc: denied { kill } for comm="swapper/1" capability=5 scontext=u:r:kernel:s0 tcontext=u:r:kernel:s0 tclass=capability permissive=0
12-10 07:20:49.155 0 0 I auditd : type=1400 audit(0.0:21933): avc: denied { kill } for comm="swapper/1" capability=5 scontext=u:r:kernel:s0 tcontext=u:r:kernel:s0 tclass=capability permissive=0
12-10 07:20:50.155 0 0 I auditd : type=1400 audit(0.0:21934): avc: denied { kill } for comm="swapper/1" capability=5 scontext=u:r:kernel:s0 tcontext=u:r:kernel:s0 tclass=capability permissive=0
12-10 07:20:51.155 0 0 I auditd : type=1400 audit(0.0:21935): avc: denied { kill } for comm="swapper/1" capability=5 scontext=u:r:kernel:s0 tcontext=u:r:kernel:s0 tclass=capability permissive=0
12-10 07:20:52.155 0 0 I auditd : type=1400 audit(0.0:21936): avc: denied { kill } for comm="swapper/1" capability=5 scontext=u:r:kernel:s0 tcontext=u:r:kernel:s0 tclass=capability permissive=0
12-10 07:20:53.155 0 0 I auditd : type=1400 audit(0.0:21937): avc: denied { kill } for comm="swapper/1" capability=5 scontext=u:r:kernel:s0 tcontext=u:r:kernel:s0 tclass=capability permissive=0
12-10 07:20:54.155 0 0 I auditd : type=1400 audit(0.0:21938): avc: denied { kill } for comm="swapper/1" capability=5 scontext=u:r:kernel:s0 tcontext=u:r:kernel:s0 tclass=capability permissive=0
12-10 07:20:55.155 0 0 I auditd : type=1400 audit(0.0:21939): avc: denied { kill } for comm="swapper/1" capability=5 scontext=u:r:kernel:s0 tcontext=u:r:kernel:s0 tclass=capability permissive=0
12-10 07:20:56.155 0 0 I auditd : type=1400 audit(0.0:21940): avc: denied { kill } for comm="swapper/1" capability=5 scontext=u:r:kernel:s0 tcontext=u:r:kernel:s0 tclass=capability permissive=0
12-10 07:20:57.155 0 0 I auditd : type=1400 audit(0.0:21941): avc: denied { kill } for comm="swapper/1" capability=5 scontext=u:r:kernel:s0 tcontext=u:r:kernel:s0 tclass=capability permissive=0
12-10 07:20:58.155 0 0 I auditd : type=1400 audit(0.0:21942): avc: denied { kill } for comm="swapper/1" capability=5 scontext=u:r:kernel:s0 tcontext=u:r:kernel:s0 tclass=capability permissive=0
12-10 07:20:59.155 0 0 I auditd : type=1400 audit(0.0:21943): avc: denied { kill } for comm="swapper/1" capability=5 scontext=u:r:kernel:s0 tcontext=u:r:kernel:s0 tclass=capability permissive=0
12-10 07:21:00.155 0 0 I auditd : type=1400 audit(0.0:21944): avc: denied { kill } for comm="swapper/1" capability=5 scontext=u:r:kernel:s0 tcontext=u:r:kernel:s0 tclass=capability permissive=0
12-10 07:21:01.155 0 0 I auditd : type=1400 audit(0.0:21945): avc: denied { kill } for comm="swapper/1" capability=5 scontext=u:r:kernel:s0 tcontext=u:r:kernel:s0 tclass=capability permissive=0
12-10 07:21:03.155 0 0 I auditd : type=1400 audit(0.0:21946): avc: denied { kill } for comm="swapper/1" capability=5 scontext=u:r:kernel:s0 tcontext=u:r:kernel:s0 tclass=capability permissive=0
12-10 07:21:05.155 0 0 I auditd : type=1400 audit(0.0:21947): avc: denied { kill } for comm="swapper/1" capability=5 scontext=u:r:kernel:s0 tcontext=u:r:kernel:s0 tclass=capability permissive=0
12-10 07:21:06.155 0 0 I auditd : type=1400 audit(0.0:21948): avc: denied { kill } for comm="swapper/1" capability=5 scontext=u:r:kernel:s0 tcontext=u:r:kernel:s0 tclass=capability permissive=0
12-10 07:21:07.155 0 0 I auditd : type=1400 audit(0.0:21949): avc: denied { kill } for comm="swapper/1" capability=5 scontext=u:r:kernel:s0 tcontext=u:r:kernel:s0 tclass=capability permissive=0
12-10 07:21:08.155 0 0 I auditd : type=1400 audit(0.0:21950): avc: denied { kill } for comm="swapper/1" capability=5 scontext=u:r:kernel:s0 tcontext=u:r:kernel:s0 tclass=capability permissive=0
12-10 07:21:09.155 0 0 I auditd : type=1400 audit(0.0:21951): avc: denied { kill } for comm="swapper/1" capability=5 scontext=u:r:kernel:s0 tcontext=u:r:kernel:s0 tclass=capability permissive=0
12-10 07:21:10.155 0 0 I auditd : type=1400 audit(0.0:21952): avc: denied { kill } for comm="swapper/1" capability=5 scontext=u:r:kernel:s0 tcontext=u:r:kernel:s0 tclass=capability permissive=0
12-10 07:21:11.155 0 0 I auditd : type=1400 audit(0.0:21953): avc: denied { kill } for comm="swapper/1" capability=5 scontext=u:r:kernel:s0 tcontext=u:r:kernel:s0 tclass=capability permissive=0
12-10 07:21:12.155 0 0 I auditd : type=1400 audit(0.0:21954): avc: denied { kill } for comm="swapper/1" capability=5 scontext=u:r:kernel:s0 tcontext=u:r:kernel:s0 tclass=capability permissive=0
12-10 07:21:13.155 0 0 I auditd : type=1400 audit(0.0:21955): avc: denied { kill } for comm="swapper/1" capability=5 scontext=u:r:kernel:s0 tcontext=u:r:kernel:s0 tclass=capability permissive=0
12-10 07:21:14.155 0 0 I auditd : type=1400 audit(0.0:21956): avc: denied { kill } for comm="swapper/1" capability=5 scontext=u:r:kernel:s0 tcontext=u:r:kernel:s0 tclass=capability permissive=0
12-10 07:21:15.155 0 0 I auditd : type=1400 audit(0.0:21957): avc: denied { kill } for comm="swapper/1" capability=5 scontext=u:r:kernel:s0 tcontext=u:r:kernel:s0 tclass=capability permissive=0
12-10 07:21:16.155 0 0 I auditd : type=1400 audit(0.0:21958): avc: denied { kill } for comm="swapper/1" capability=5 scontext=u:r:kernel:s0 tcontext=u:r:kernel:s0 tclass=capability permissive=0
12-10 07:21:17.155 0 0 I auditd : type=1400 audit(0.0:21959): avc: denied { kill } for comm="swapper/1" capability=5 scontext=u:r:kernel:s0 tcontext=u:r:kernel:s0 tclass=capability permissive=0
12-10 07:21:19.155 0 0 I auditd : type=1400 audit(0.0:21960): avc: denied { kill } for comm="swapper/1" capability=5 scontext=u:r:kernel:s0 tcontext=u:r:kernel:s0 tclass=capability permissive=0
12-10 07:21:20.155 0 0 I auditd : type=1400 audit(0.0:21961): avc: denied { kill } for comm="swapper/1" capability=5 scontext=u:r:kernel:s0 tcontext=u:r:kernel:s0 tclass=capability permissive=0
12-10 07:21:21.155 0 0 I auditd : type=1400 audit(0.0:21962): avc: denied { kill } for comm="swapper/1" capability=5 scontext=u:r:kernel:s0 tcontext=u:r:kernel:s0 tclass=capability permissive=0
12-10 07:21:22.155 0 0 I auditd : type=1400 audit(0.0:21963): avc: denied { kill } for comm="swapper/1" capability=5 scontext=u:r:kernel:s0 tcontext=u:r:kernel:s0 tclass=capability permissive=0
12-10 07:21:23.155 0 0 I auditd : type=1400 audit(0.0:21964): avc: denied { kill } for comm="swapper/1" capability=5 scontext=u:r:kernel:s0 tcontext=u:r:kernel:s0 tclass=capability permissive=0
12-10 07:21:23.931 1507 1736 I input_interaction: Interaction with: 34e06b8 com.thundercomm.screensaver/android.service.dreams.DreamActivity (server), edge-swipe (server), swipe-up (server), PointerEventDispatcher0 (server),
12-10 07:21:23.935 1507 2038 I wm_finish_activity: [0,237181388,172,com.thundercomm.screensaver/android.service.dreams.DreamActivity,finish-activity]
12-10 07:21:23.936 1507 2038 I wm_task_moved: [26,1,7]
12-10 07:21:23.937 1507 2038 I wm_task_moved: [27,1,2147483647]
12-10 07:21:23.937 1507 2038 I wm_task_to_front: [0,27]
12-10 07:21:23.937 1507 2038 I wm_focused_root_task: [0,0,26,172,finish-top adjustFocusToNextFocusableTask]
12-10 07:21:23.937 1507 2038 I wm_set_resumed_activity: [0,com.android.launcher3/.uioverrides.QuickstepLauncher,finish-top adjustFocusToNextFocusableTask]
12-10 07:21:23.939 1507 2038 I wm_pause_activity: [0,237181388,com.thundercomm.screensaver/android.service.dreams.DreamActivity,userLeaving=false,finish]
12-10 07:21:23.950 1507 1528 I DreamManagerService: Gently waking up from dream.
12-10 07:21:23.954 1507 1568 I sysui_multi_action: [757,803,799,window_time_0,802,626]
12-10 07:21:23.956 1507 1564 I DreamManagerService: Performing gentle wake from dream.
12-10 07:21:23.957 14020 14020 I wm_on_top_resumed_lost_called: [237181388,android.service.dreams.DreamActivity,topStateChangedWhenResumed]
12-10 07:21:23.959 14020 14020 I wm_on_paused_called: [237181388,android.service.dreams.DreamActivity,performPause]
12-10 07:21:23.960 1507 2150 I wm_add_to_stopping: [0,237181388,com.thundercomm.screensaver/android.service.dreams.DreamActivity,completeFinishing]
12-10 07:21:23.961 1507 2150 I ActivityTaskManager: FOREGROUND_APPLICATION_CHANGED to com.android.launcher3.uioverrides.QuickstepLauncher
12-10 07:21:23.963 1507 2150 I wm_set_resumed_activity: [0,com.android.launcher3/.uioverrides.QuickstepLauncher,resumeTopActivityInnerLocked]
12-10 07:21:23.965 1507 2150 I wm_resume_activity: [0,142082565,27,com.android.launcher3/.uioverrides.QuickstepLauncher]
12-10 07:21:23.972 2526 2526 I wm_on_restart_called: [142082565,com.android.launcher3.uioverrides.QuickstepLauncher,performRestartActivity]
12-10 07:21:23.973 2526 2526 I wm_on_start_called: [142082565,com.android.launcher3.uioverrides.QuickstepLauncher,handleStartActivity]
12-10 07:21:23.974 2526 2526 I wm_on_resume_called: [142082565,com.android.launcher3.uioverrides.QuickstepLauncher,RESUME_ACTIVITY]
12-10 07:21:23.974 2526 2526 I wm_on_top_resumed_gained_called: [142082565,com.android.launcher3.uioverrides.QuickstepLauncher,topWhenResuming]
12-10 07:21:23.976 14020 14020 I view_enqueue_input_event: [Motion - Cancel,com.thundercomm.screensaver/android.service.dreams.DreamActivity]
12-10 07:21:23.976 1507 1736 I input_focus: [Focus leaving 34e06b8 com.thundercomm.screensaver/android.service.dreams.DreamActivity (server),reason=NO_WINDOW]
12-10 07:21:23.979 1507 1568 I sysui_multi_action: [757,803,799,window_time_0,802,0]
12-10 07:21:23.989 8492 8527 W ContextImpl: Calling a method in the system process without a qualified user: android.app.ContextImpl.startService:1816 android.content.ContextWrapper.startService:774 com.thundercomm.gamemode.ingame.services.GameModeActionUtils.startGameModeService:99 com.thundercomm.gamemode.ingame.services.GameModeActionUtils.startGameModeEntry:22 com.thundercomm.gamemode.ingame.services.ActivityMonitoringService$1.onActivityLaunch:127
12-10 07:21:23.994 1507 1569 I input_focus: [Focus request 2cb1f5d com.android.launcher3/com.android.launcher3.uioverrides.QuickstepLauncher,reason=UpdateInputWindows]
12-10 07:21:24.000 1507 1581 I am_pss : [16644,10065,com.android.calendar,6816768,4812800,0,91049984,0,19,6]
12-10 07:21:24.000 1507 1507 I GameModeConfig: Current uri is uri = content://com.thundercomm.gamemode.api/gamemode_settings/gamemode_isgaming
12-10 07:21:24.001 1507 1507 I am_uid_active: 10068
12-10 07:21:24.006 1507 1581 I am_pss : [16643,10090,com.android.music,6947840,4685824,0,90464256,0,19,5]
12-10 07:21:24.012 1507 1507 I GameModeConfig: isGameModeOn = true
12-10 07:21:24.012 1507 1507 I GameModeConfig: isGaming = false
12-10 07:21:24.012 1507 1581 I am_pss : [16619,10066,com.android.gallery3d,7867392,5226496,0,93474816,0,19,6]
12-10 07:21:24.013 1507 1507 I GameModeConfig: isGameModeOn = true
12-10 07:21:24.013 1507 1507 I GameModeConfig: isGaming = false
12-10 07:21:24.013 1507 1507 I GameModeConfig: isDisableVoice = true
12-10 07:21:24.014 1507 1736 I input_focus: [Focus entering 2cb1f5d com.android.launcher3/com.android.launcher3.uioverrides.QuickstepLauncher (server),reason=setFocusedWindow]
12-10 07:21:24.019 1507 1613 I PowerManagerService: Powering on display group fromDreaming (groupId=0, uid=1000, reason=WAKE_REASON_UNKNOWN, details=android.server.power:DREAM_FINISHED)...
12-10 07:21:24.020 1507 1613 I PowerManagerService: Waking up from Dreaming (uid=1000, reason=WAKE_REASON_UNKNOWN, details=android.server.power:DREAM_FINISHED)...
12-10 07:21:24.076 8492 8527 W ContextImpl: Calling a method in the system process without a qualified user: android.app.ContextImpl.startService:1816 android.content.ContextWrapper.startService:774 com.thundercomm.gamemode.ingame.services.GameModeActionUtils.startGameModeService:99 com.thundercomm.gamemode.ingame.services.GameModeActionUtils.startGameModeEntry:22 com.thundercomm.gamemode.ingame.services.ActivityMonitoringService$1.onActivityLaunch:127
12-10 07:21:24.080 1507 1507 I GameModeConfig: Current uri is uri = content://com.thundercomm.gamemode.api/gamemode_settings/gamemode_isgaming
12-10 07:21:24.082 1507 1507 I GameModeConfig: isGameModeOn = true
12-10 07:21:24.082 1507 1507 I GameModeConfig: isGaming = false
12-10 07:21:24.082 1507 1507 I GameModeConfig: isGameModeOn = true
12-10 07:21:24.082 1507 1507 I GameModeConfig: isGaming = false
12-10 07:21:24.082 1507 1507 I GameModeConfig: isDisableVoice = true
12-10 07:21:24.155 0 0 I auditd : type=1400 audit(0.0:21965): avc: denied { kill } for comm="swapper/1" capability=5 scontext=u:r:kernel:s0 tcontext=u:r:kernel:s0 tclass=capability permissive=0
12-10 07:21:24.253 1507 1568 I wm_destroy_activity: [0,237181388,172,com.thundercomm.screensaver/android.service.dreams.DreamActivity,finish-imm:idle]
12-10 07:21:24.269 14020 14020 I wm_on_stop_called: [237181388,android.service.dreams.DreamActivity,LIFECYCLER_STOP_ACTIVITY]
12-10 07:21:24.271 14020 14020 I wm_on_destroy_called: [237181388,android.service.dreams.DreamActivity,performDestroy]
12-10 07:21:24.274 1507 1528 I DreamManagerService: Leaving dreamland.
12-10 07:21:24.276 8492 8527 W ContextImpl: Calling a method in the system process without a qualified user: android.app.ContextImpl.startService:1816 android.content.ContextWrapper.startService:774 com.thundercomm.gamemode.ingame.services.GameModeActionUtils.startGameModeService:99 com.thundercomm.gamemode.ingame.services.GameModeActionUtils.startGameModeEntry:22 com.thundercomm.gamemode.ingame.services.ActivityMonitoringService$1.onActivityLaunch:127
12-10 07:21:24.281 1507 1507 I GameModeConfig: Current uri is uri = content://com.thundercomm.gamemode.api/gamemode_settings/gamemode_isgaming
12-10 07:21:24.281 1507 1564 I DreamManagerService: Performing gentle wake from dream.
12-10 07:21:24.281 1507 1564 I DreamController: Stopping dream: name=ComponentInfo{com.thundercomm.screensaver/com.thundercomm.saverclock.service.ClockScreensaver}, isTest=false, canDoze=false, userId=0, reason='finished self'(from 'finished self')
12-10 07:21:24.281 1507 1564 I sysui_multi_action: [757,222,758,2]
12-10 07:21:24.281 1507 1564 I sysui_multi_action: [757,804,799,dreaming_minutes,801,10,802,1]
12-10 07:21:24.284 1507 1507 I GameModeConfig: isGameModeOn = true
12-10 07:21:24.284 1507 1507 I GameModeConfig: isGaming = false
12-10 07:21:24.284 1507 1507 I GameModeConfig: isGameModeOn = true
12-10 07:21:24.284 1507 1507 I GameModeConfig: isGaming = false
12-10 07:21:24.284 1507 1507 I GameModeConfig: isDisableVoice = true
12-10 07:21:24.293 1507 6699 I wm_task_removed: [172,removeChild:removeChild last r=ActivityRecord{e2319cc u0 com.thundercomm.screensaver/android.service.dreams.DreamActivity t-1 f}} in t=Task{c254c01 #172 type=dream A=10052:android:com.thundercomm.screensaver/dream U=0 visible=false mode=fullscreen translucent=true sz=0}]
12-10 07:21:24.293 1507 6699 I wm_task_removed: [172,removeChild]
12-10 07:21:24.297 1507 1569 W ActivityTaskManager: Can't find TaskDisplayArea to determine support for multi window. Task id=172 attached=false
12-10 07:21:25.155 0 0 I auditd : type=1400 audit(0.0:21966): avc: denied { kill } for comm="swapper/1" capability=5 scontext=u:r:kernel:s0 tcontext=u:r:kernel:s0 tclass=capability permissive=0
12-10 07:21:25.171 1507 1736 I input_interaction: Interaction with: 2cb1f5d com.android.launcher3/com.android.launcher3.uioverrides.QuickstepLauncher (server), 5478378 com.android.systemui.ImageWallpaper (server), edge-swipe (server), swipe-up (server), PointerEventDispatcher0 (server),
12-10 07:21:25.499 1507 1710 I commit_sys_config_file: [settings-1-0,10]
12-10 07:21:26.155 0 0 I auditd : type=1400 audit(0.0:21967): avc: denied { kill } for comm="swapper/1" capability=5 scontext=u:r:kernel:s0 tcontext=u:r:kernel:s0 tclass=capability permissive=0
12-10 07:21:27.155 0 0 I auditd : type=1400 audit(0.0:21968): avc: denied { kill } for comm="swapper/1" capability=5 scontext=u:r:kernel:s0 tcontext=u:r:kernel:s0 tclass=capability permissive=0
12-10 07:21:28.155 0 0 I auditd : type=1400 audit(0.0:21969): avc: denied { kill } for comm="swapper/1" capability=5 scontext=u:r:kernel:s0 tcontext=u:r:kernel:s0 tclass=capability permissive=0
12-10 07:21:29.155 0 0 I auditd : type=1400 audit(0.0:21970): avc: denied { kill } for comm="swapper/1" capability=5 scontext=u:r:kernel:s0 tcontext=u:r:kernel:s0 tclass=capability permissive=0
12-10 07:21:30.155 0 0 I auditd : type=1400 audit(0.0:21971): avc: denied { kill } for comm="swapper/1" capability=5 scontext=u:r:kernel:s0 tcontext=u:r:kernel:s0 tclass=capability permissive=0
12-10 07:21:31.155 0 0 I auditd : type=1400 audit(0.0:21972): avc: denied { kill } for comm="swapper/1" capability=5 scontext=u:r:kernel:s0 tcontext=u:r:kernel:s0 tclass=capability permissive=0
12-10 07:21:32.155 15899 15899 I auditd : type=1400 audit(0.0:21973): avc: denied { kill } for comm="kworker/u16:7" capability=5 scontext=u:r:kernel:s0 tcontext=u:r:kernel:s0 tclass=capability permissive=0
12-10 07:21:32.662 1507 1710 I commit_sys_config_file: [settings-1-0,13]
12-10 07:21:33.155 0 0 I auditd : type=1400 audit(0.0:21974): avc: denied { kill } for comm="swapper/1" capability=5 scontext=u:r:kernel:s0 tcontext=u:r:kernel:s0 tclass=capability permissive=0
12-10 07:21:34.155 0 0 I auditd : type=1400 audit(0.0:21975): avc: denied { kill } for comm="swapper/1" capability=5 scontext=u:r:kernel:s0 tcontext=u:r:kernel:s0 tclass=capability permissive=0
12-10 07:21:35.155 0 0 I auditd : type=1400 audit(0.0:21976): avc: denied { kill } for comm="swapper/1" capability=5 scontext=u:r:kernel:s0 tcontext=u:r:kernel:s0 tclass=capability permissive=0
12-10 07:21:36.155 0 0 I auditd : type=1400 audit(0.0:21977): avc: denied { kill } for comm="swapper/1" capability=5 scontext=u:r:kernel:s0 tcontext=u:r:kernel:s0 tclass=capability permissive=0
12-10 07:21:37.155 0 0 I auditd : type=1400 audit(0.0:21978): avc: denied { kill } for comm="swapper/1" capability=5 scontext=u:r:kernel:s0 tcontext=u:r:kernel:s0 tclass=capability permissive=0
12-10 07:21:38.155 0 0 I auditd : type=1400 audit(0.0:21979): avc: denied { kill } for comm="swapper/1" capability=5 scontext=u:r:kernel:s0 tcontext=u:r:kernel:s0 tclass=capability permissive=0
12-10 07:21:39.155 0 0 I auditd : type=1400 audit(0.0:21980): avc: denied { kill } for comm="swapper/1" capability=5 scontext=u:r:kernel:s0 tcontext=u:r:kernel:s0 tclass=capability permissive=0
12-10 07:21:40.155 0 0 I auditd : type=1400 audit(0.0:21981): avc: denied { kill } for comm="swapper/1" capability=5 scontext=u:r:kernel:s0 tcontext=u:r:kernel:s0 tclass=capability permissive=0
12-10 07:21:41.155 0 0 I auditd : type=1400 audit(0.0:21982): avc: denied { kill } for comm="swapper/1" capability=5 scontext=u:r:kernel:s0 tcontext=u:r:kernel:s0 tclass=capability permissive=0
12-10 07:21:42.155 0 0 I auditd : type=1400 audit(0.0:21983): avc: denied { kill } for comm="swapper/1" capability=5 scontext=u:r:kernel:s0 tcontext=u:r:kernel:s0 tclass=capability permissive=0
12-10 07:21:43.155 0 0 I auditd : type=1400 audit(0.0:21984): avc: denied { kill } for comm="swapper/1" capability=5 scontext=u:r:kernel:s0 tcontext=u:r:kernel:s0 tclass=capability permissive=0
12-10 07:21:44.155 0 0 I auditd : type=1400 audit(0.0:21985): avc: denied { kill } for comm="swapper/1" capability=5 scontext=u:r:kernel:s0 tcontext=u:r:kernel:s0 tclass=capability permissive=0
12-10 07:21:45.155 0 0 I auditd : type=1400 audit(0.0:21986): avc: denied { kill } for comm="swapper/1" capability=5 scontext=u:r:kernel:s0 tcontext=u:r:kernel:s0 tclass=capability permissive=0
12-10 07:21:46.155 0 0 I auditd : type=1400 audit(0.0:21987): avc: denied { kill } for comm="swapper/1" capability=5 scontext=u:r:kernel:s0 tcontext=u:r:kernel:s0 tclass=capability permissive=0
12-10 07:21:47.155 0 0 I auditd : type=1400 audit(0.0:21988): avc: denied { kill } for comm="swapper/1" capability=5 scontext=u:r:kernel:s0 tcontext=u:r:kernel:s0 tclass=capability permissive=0
12-10 07:21:48.155 0 0 I auditd : type=1400 audit(0.0:21989): avc: denied { kill } for comm="swapper/1" capability=5 scontext=u:r:kernel:s0 tcontext=u:r:kernel:s0 tclass=capability permissive=0
12-10 07:21:49.155 0 0 I auditd : type=1400 audit(0.0:21990): avc: denied { kill } for comm="swapper/1" capability=5 scontext=u:r:kernel:s0 tcontext=u:r:kernel:s0 tclass=capability permissive=0
12-10 07:21:50.155 0 0 I auditd : type=1400 audit(0.0:21991): avc: denied { kill } for comm="swapper/1" capability=5 scontext=u:r:kernel:s0 tcontext=u:r:kernel:s0 tclass=capability permissive=0
12-10 07:21:51.155 0 0 I auditd : type=1400 audit(0.0:21992): avc: denied { kill } for comm="swapper/1" capability=5 scontext=u:r:kernel:s0 tcontext=u:r:kernel:s0 tclass=capability permissive=0
12-10 07:21:52.155 0 0 I auditd : type=1400 audit(0.0:21993): avc: denied { kill } for comm="swapper/1" capability=5 scontext=u:r:kernel:s0 tcontext=u:r:kernel:s0 tclass=capability permissive=0
12-10 07:21:53.155 0 0 I auditd : type=1400 audit(0.0:21994): avc: denied { kill } for comm="swapper/1" capability=5 scontext=u:r:kernel:s0 tcontext=u:r:kernel:s0 tclass=capability permissive=0
12-10 07:21:54.155 0 0 I auditd : type=1400 audit(0.0:21995): avc: denied { kill } for comm="swapper/1" capability=5 scontext=u:r:kernel:s0 tcontext=u:r:kernel:s0 tclass=capability permissive=0
12-10 07:21:54.897 1507 2032 I commit_sys_config_file: [appops,20543040]
12-10 07:21:55.155 0 0 I auditd : type=1400 audit(0.0:21996): avc: denied { kill } for comm="swapper/1" capability=5 scontext=u:r:kernel:s0 tcontext=u:r:kernel:s0 tclass=capability permissive=0
12-10 07:21:56.155 0 0 I auditd : type=1400 audit(0.0:21997): avc: denied { kill } for comm="swapper/1" capability=5 scontext=u:r:kernel:s0 tcontext=u:r:kernel:s0 tclass=capability permissive=0
12-10 07:21:58.155 0 0 I auditd : type=1400 audit(0.0:21998): avc: denied { kill } for comm="swapper/1" capability=5 scontext=u:r:kernel:s0 tcontext=u:r:kernel:s0 tclass=capability permissive=0
12-10 07:21:59.155 0 0 I auditd : type=1400 audit(0.0:21999): avc: denied { kill } for comm="swapper/1" capability=5 scontext=u:r:kernel:s0 tcontext=u:r:kernel:s0 tclass=capability permissive=0
12-10 07:22:00.155 0 0 I auditd : type=1400 audit(0.0:22000): avc: denied { kill } for comm="swapper/1" capability=5 scontext=u:r:kernel:s0 tcontext=u:r:kernel:s0 tclass=capability permissive=0
12-10 07:22:01.155 0 0 I auditd : type=1400 audit(0.0:22001): avc: denied { kill } for comm="swapper/1" capability=5 scontext=u:r:kernel:s0 tcontext=u:r:kernel:s0 tclass=capability permissive=0
12-10 07:22:02.155 0 0 I auditd : type=1400 audit(0.0:22002): avc: denied { kill } for comm="swapper/1" capability=5 scontext=u:r:kernel:s0 tcontext=u:r:kernel:s0 tclass=capability permissive=0
12-10 07:22:02.928 1507 1736 I input_interaction: Interaction with: 16cb512 StatusBar (server), edge-swipe (server), swipe-up (server), PointerEventDispatcher0 (server),
12-10 07:22:02.932 2004 2004 I sysui_multi_action: [757,803,799,panel_open,802,1]
12-10 07:22:02.934 2004 2004 I sysui_multi_action: [757,1328,758,4,1326,32,1327,0,1329,0]
12-10 07:22:02.993 1507 2150 I sysui_multi_action: [757,127,758,1]
12-10 07:22:02.993 1507 2150 I sysui_multi_action: [757,804,799,note_load,801,3,802,1]
12-10 07:22:02.993 1507 2150 I notification_panel_revealed: 3
12-10 07:22:02.995 1507 1909 I GameModeConfig: isGameModeOn = true
12-10 07:22:02.995 1507 1909 I GameModeConfig: isGaming = false
12-10 07:22:02.995 1507 1909 I GameModeConfig: isGameModeOn = true
12-10 07:22:02.995 1507 1909 I GameModeConfig: isGaming = false
12-10 07:22:02.995 1507 1909 I GameModeConfig: isGameModeOn = true
12-10 07:22:02.995 1507 1909 I GameModeConfig: isGaming = false
12-10 07:22:02.995 1507 1909 I GameModeConfig: isGameModeOn = true
12-10 07:22:02.995 1507 1909 I GameModeConfig: isGaming = false
12-10 07:22:02.995 1507 1909 I GameModeConfig: isGameModeOn = true
12-10 07:22:02.995 1507 1909 I GameModeConfig: isGaming = false
12-10 07:22:02.998 2004 2004 I sysui_multi_action: [757,111,758,2]
12-10 07:22:02.998 1507 1507 I notification_enqueue: [10082,2004,com.android.systemui,2048,NULL,0,Notification(channel=updateNotification shortcut=null contentView=null vibrate=null sound=null defaults=0x0 flags=0x0 color=0x00000000 vis=PRIVATE),1]
12-10 07:22:02.998 2004 2004 I sysui_multi_action: [757,111,758,2]
12-10 07:22:03.014 1507 1569 I input_focus: [Focus request 349ab61 NotificationShade,reason=UpdateInputWindows]
12-10 07:22:03.020 2004 2004 I sysui_multi_action: [757,111,758,1]
12-10 07:22:03.020 2004 2004 I sysui_multi_action: [757,126,758,1,759,126,927,0,928,1,1593,0]
12-10 07:22:03.020 2004 2004 I sysui_multi_action: [757,113,758,1,759,113,927,1,928,1,1593,0]
12-10 07:22:03.020 2004 2004 I sysui_multi_action: [757,0,758,1,759,0,927,2,928,0,1593,0]
12-10 07:22:03.020 2004 2004 I sysui_multi_action: [757,0,758,1,759,0,927,3,928,0,1593,0]
12-10 07:22:03.021 2004 2004 I sysui_multi_action: [757,491,758,1,759,491,927,4,928,1,1311,1,1593,0]
12-10 07:22:03.021 2004 2004 I sysui_multi_action: [757,0,758,1,759,0,927,5,928,0,1593,0]
12-10 07:22:03.021 2004 2004 I sysui_multi_action: [757,111,758,1]
12-10 07:22:03.021 2004 2004 I sysui_multi_action: [757,126,758,1,759,126,927,0,928,1,1593,0]
12-10 07:22:03.021 2004 2004 I sysui_multi_action: [757,113,758,1,759,113,927,1,928,1,1593,0]
12-10 07:22:03.021 2004 2004 I sysui_multi_action: [757,0,758,1,759,0,927,2,928,0,1593,0]
12-10 07:22:03.022 2004 2004 I sysui_multi_action: [757,0,758,1,759,0,927,3,928,0,1593,0]
12-10 07:22:03.033 1507 1909 I GameModeConfig: isGameModeOn = true
12-10 07:22:03.033 1507 1909 I GameModeConfig: isGaming = false
12-10 07:22:03.033 1507 1909 I GameModeConfig: isGameModeOn = true
12-10 07:22:03.033 1507 1909 I GameModeConfig: isGaming = false
12-10 07:22:03.033 1507 1909 I GameModeConfig: isGameModeOn = true
12-10 07:22:03.033 1507 1909 I GameModeConfig: isGaming = false
12-10 07:22:03.034 1507 1909 I GameModeConfig: isGameModeOn = true
12-10 07:22:03.034 1507 1909 I GameModeConfig: isGaming = false
12-10 07:22:03.034 1507 1909 I GameModeConfig: isGameModeOn = true
12-10 07:22:03.034 1507 1909 I GameModeConfig: isGaming = false
12-10 07:22:03.035 2004 2004 I sysui_multi_action: [757,111,758,2]
12-10 07:22:03.035 2004 2004 I sysui_multi_action: [757,111,758,2]
12-10 07:22:03.035 1507 1507 I notification_enqueue: [10082,2004,com.android.systemui,2048,NULL,0,Notification(channel=updateNotification shortcut=null contentView=null vibrate=null sound=null defaults=0x0 flags=0x0 color=0x00000000 vis=PRIVATE),1]
12-10 07:22:03.039 2004 2004 I sysui_multi_action: [757,111,758,1]
12-10 07:22:03.039 2004 2004 I sysui_multi_action: [757,126,758,1,759,126,927,0,928,1,1593,0]
12-10 07:22:03.040 2004 2004 I sysui_multi_action: [757,113,758,1,759,113,927,1,928,1,1593,0]
12-10 07:22:03.040 2004 2004 I sysui_multi_action: [757,0,758,1,759,0,927,2,928,0,1593,0]
12-10 07:22:03.040 2004 2004 I sysui_multi_action: [757,0,758,1,759,0,927,3,928,0,1593,0]
12-10 07:22:03.040 2004 2004 I sysui_multi_action: [757,491,758,1,759,491,927,4,928,1,1311,1,1593,0]
12-10 07:22:03.040 2004 2004 I sysui_multi_action: [757,0,758,1,759,0,927,5,928,0,1593,0]
12-10 07:22:03.040 2004 2004 I sysui_multi_action: [757,111,758,1]
12-10 07:22:03.040 2004 2004 I sysui_multi_action: [757,126,758,1,759,126,927,0,928,1,1593,0]
12-10 07:22:03.040 2004 2004 I sysui_multi_action: [757,113,758,1,759,113,927,1,928,1,1593,0]
12-10 07:22:03.040 2004 2004 I sysui_multi_action: [757,0,758,1,759,0,927,2,928,0,1593,0]
12-10 07:22:03.040 2004 2004 I sysui_multi_action: [757,0,758,1,759,0,927,3,928,0,1593,0]
12-10 07:22:03.044 1507 1736 I input_focus: [Focus leaving 2cb1f5d com.android.launcher3/com.android.launcher3.uioverrides.QuickstepLauncher (server),reason=setFocusedWindow]
12-10 07:22:03.044 1507 1736 I input_focus: [Focus entering 349ab61 NotificationShade (server),reason=setFocusedWindow]
12-10 07:22:03.054 1507 1909 I GameModeConfig: isGameModeOn = true
12-10 07:22:03.054 1507 1909 I GameModeConfig: isGaming = false
12-10 07:22:03.054 1507 1909 I GameModeConfig: isGameModeOn = true
12-10 07:22:03.054 1507 1909 I GameModeConfig: isGaming = false
12-10 07:22:03.054 1507 1909 I GameModeConfig: isGameModeOn = true
12-10 07:22:03.054 1507 1909 I GameModeConfig: isGaming = false
12-10 07:22:03.054 1507 1909 I GameModeConfig: isGameModeOn = true
12-10 07:22:03.054 1507 1909 I GameModeConfig: isGaming = false
12-10 07:22:03.055 1507 1909 I GameModeConfig: isGameModeOn = true
12-10 07:22:03.055 1507 1909 I GameModeConfig: isGaming = false
12-10 07:22:03.056 2004 2004 I sysui_multi_action: [757,111,758,2]
12-10 07:22:03.056 1507 1507 I notification_enqueue: [10082,2004,com.android.systemui,2048,NULL,0,Notification(channel=updateNotification shortcut=null contentView=null vibrate=null sound=null defaults=0x0 flags=0x0 color=0x00000000 vis=PRIVATE),1]
12-10 07:22:03.056 2004 2004 I sysui_multi_action: [757,111,758,2]
12-10 07:22:03.060 2004 2004 I sysui_multi_action: [757,111,758,1]
12-10 07:22:03.060 2004 2004 I sysui_multi_action: [757,126,758,1,759,126,927,0,928,1,1593,0]
12-10 07:22:03.060 2004 2004 I sysui_multi_action: [757,113,758,1,759,113,927,1,928,1,1593,0]
12-10 07:22:03.061 2004 2004 I sysui_multi_action: [757,0,758,1,759,0,927,2,928,0,1593,0]
12-10 07:22:03.061 2004 2004 I sysui_multi_action: [757,0,758,1,759,0,927,3,928,0,1593,0]
12-10 07:22:03.061 2004 2004 I sysui_multi_action: [757,491,758,1,759,491,927,4,928,1,1311,1,1593,0]
12-10 07:22:03.061 2004 2004 I sysui_multi_action: [757,0,758,1,759,0,927,5,928,0,1593,0]
12-10 07:22:03.061 2004 2004 I sysui_multi_action: [757,111,758,1]
12-10 07:22:03.061 2004 2004 I sysui_multi_action: [757,126,758,1,759,126,927,0,928,1,1593,0]
12-10 07:22:03.061 2004 2004 I sysui_multi_action: [757,113,758,1,759,113,927,1,928,1,1593,0]
12-10 07:22:03.061 2004 2004 I sysui_multi_action: [757,0,758,1,759,0,927,2,928,0,1593,0]
12-10 07:22:03.061 2004 2004 I sysui_multi_action: [757,0,758,1,759,0,927,3,928,0,1593,0]
12-10 07:22:03.202 1507 1507 I GameModeConfig: isGameModeOn = true
12-10 07:22:03.202 1507 1507 I GameModeConfig: isGaming = false
12-10 07:22:03.240 1507 1507 I GameModeConfig: isGameModeOn = true
12-10 07:22:03.240 1507 1507 I GameModeConfig: isGaming = false
12-10 07:22:03.241 1507 1507 E NotificationService: Muting recently noisy 0|com.android.systemui|2048|null|10082
12-10 07:22:03.258 1507 1507 I GameModeConfig: isGameModeOn = true
12-10 07:22:03.258 1507 1507 I GameModeConfig: isGaming = false
12-10 07:22:03.258 1507 1507 E NotificationService: Muting recently noisy 0|com.android.systemui|2048|null|10082
12-10 07:22:03.543 1507 1528 I sysui_multi_action: [757,128,758,1,793,20560012,794,0,795,20560012,796,26,798,0,806,android,857,DEVELOPER_IMPORTANT,858,4,947,0,1395,3,1500,20559546,1688,1]
12-10 07:22:03.543 1507 1528 I sysui_multi_action: [757,804,799,note_freshness,801,20560012,802,1]
12-10 07:22:03.543 1507 1528 I notification_visibility: [-1|android|26|null|1000,1,20560012,20560012,0,0]
12-10 07:22:03.543 1507 1528 I sysui_multi_action: [757,128,758,1,793,2888626,794,0,795,2888626,796,2147483646,798,1,806,com.android.deskclock,857,StopwatchNotification,858,3,946,3,947,0,1395,3,1500,2888421,1688,1,1745,-868672399]
12-10 07:22:03.544 1507 1528 I sysui_multi_action: [757,804,799,note_freshness,801,2888626,802,1]
12-10 07:22:03.544 1507 1528 I notification_visibility: [0|com.android.deskclock|2147483646|null|10069,1,2888626,2888626,0,1]
