12-10 07:10:34.523 1507 1583 I am_wtf : [0,1507,system_server,-1,DisplayDeviceConfig,requesting nits when no mapping exists.]
12-10 07:10:34.532 8492 8527 W ContextImpl: Calling a method in the system process without a qualified user: android.app.ContextImpl.startService:1816 android.content.ContextWrapper.startService:774 com.thundercomm.gamemode.ingame.services.GameModeActionUtils.startGameModeService:99 com.thundercomm.gamemode.ingame.services.GameModeActionUtils.startGameModeEntry:22 com.thundercomm.gamemode.ingame.services.ActivityMonitoringService$1.onActivityLaunch:127
12-10 07:10:34.535 1507 1507 I GameModeConfig: Current uri is uri = content://com.thundercomm.gamemode.api/gamemode_settings/gamemode_isgaming
12-10 07:10:34.537 1507 1507 I GameModeConfig: isGameModeOn = true
12-10 07:10:34.537 1507 1507 I GameModeConfig: isGaming = false
12-10 07:10:34.537 1507 1507 I GameModeConfig: isGameModeOn = true
12-10 07:10:34.537 1507 1507 I GameModeConfig: isGaming = false
12-10 07:10:34.537 1507 1507 I GameModeConfig: isDisableVoice = true
12-10 07:10:34.538 1507 1980 E DisplayDeviceConfig: requesting nits when no mapping exists.
12-10 07:10:34.538 1507 1980 E DisplayDeviceConfig: requesting nits when no mapping exists.
12-10 07:10:34.543 1507 1583 I am_wtf : [0,1507,system_server,-1,DisplayDeviceConfig,requesting nits when no mapping exists.]
12-10 07:10:34.544 1507 1583 I am_wtf : [0,1507,system_server,-1,DisplayDeviceConfig,requesting nits when no mapping exists.]
12-10 07:10:34.553 1507 1980 E DisplayDeviceConfig: requesting nits when no mapping exists.
12-10 07:10:34.553 1507 1980 E DisplayDeviceConfig: requesting nits when no mapping exists.
12-10 07:10:34.553 1507 1583 I am_wtf : [0,1507,system_server,-1,DisplayDeviceConfig,requesting nits when no mapping exists.]
12-10 07:10:34.554 1507 1583 I am_wtf : [0,1507,system_server,-1,DisplayDeviceConfig,requesting nits when no mapping exists.]
12-10 07:10:34.570 1507 1980 E DisplayDeviceConfig: requesting nits when no mapping exists.
12-10 07:10:34.570 1507 1980 E DisplayDeviceConfig: requesting nits when no mapping exists.
12-10 07:10:34.571 1507 1583 I am_wtf : [0,1507,system_server,-1,DisplayDeviceConfig,requesting nits when no mapping exists.]
12-10 07:10:34.572 1507 1583 I am_wtf : [0,1507,system_server,-1,DisplayDeviceConfig,requesting nits when no mapping exists.]
12-10 07:10:34.587 1507 1980 E DisplayDeviceConfig: requesting nits when no mapping exists.
12-10 07:10:34.587 1507 1980 E DisplayDeviceConfig: requesting nits when no mapping exists.
12-10 07:10:34.588 1507 1583 I am_wtf : [0,1507,system_server,-1,DisplayDeviceConfig,requesting nits when no mapping exists.]
12-10 07:10:34.588 1507 1583 I am_wtf : [0,1507,system_server,-1,DisplayDeviceConfig,requesting nits when no mapping exists.]
12-10 07:10:34.603 1507 1980 E DisplayDeviceConfig: requesting nits when no mapping exists.
12-10 07:10:34.603 1507 1583 I am_wtf : [0,1507,system_server,-1,DisplayDeviceConfig,requesting nits when no mapping exists.]
12-10 07:10:34.604 1507 1980 E DisplayDeviceConfig: requesting nits when no mapping exists.
12-10 07:10:34.605 1507 1583 I am_wtf : [0,1507,system_server,-1,DisplayDeviceConfig,requesting nits when no mapping exists.]
12-10 07:10:34.619 1507 1980 E DisplayDeviceConfig: requesting nits when no mapping exists.
12-10 07:10:34.620 1507 1980 E DisplayDeviceConfig: requesting nits when no mapping exists.
12-10 07:10:34.620 1507 1583 I am_wtf : [0,1507,system_server,-1,DisplayDeviceConfig,requesting nits when no mapping exists.]
12-10 07:10:34.621 1507 1583 I am_wtf : [0,1507,system_server,-1,DisplayDeviceConfig,requesting nits when no mapping exists.]
12-10 07:10:34.637 1507 1980 E DisplayDeviceConfig: requesting nits when no mapping exists.
12-10 07:10:34.638 1507 1980 E DisplayDeviceConfig: requesting nits when no mapping exists.
12-10 07:10:34.638 1507 1583 I am_wtf : [0,1507,system_server,-1,DisplayDeviceConfig,requesting nits when no mapping exists.]
12-10 07:10:34.639 1507 1583 I am_wtf : [0,1507,system_server,-1,DisplayDeviceConfig,requesting nits when no mapping exists.]
12-10 07:10:34.655 1507 1980 E DisplayDeviceConfig: requesting nits when no mapping exists.
12-10 07:10:34.655 1507 1980 E DisplayDeviceConfig: requesting nits when no mapping exists.
12-10 07:10:34.659 1507 1583 I am_wtf : [0,1507,system_server,-1,DisplayDeviceConfig,requesting nits when no mapping exists.]
12-10 07:10:34.660 1507 1583 I am_wtf : [0,1507,system_server,-1,DisplayDeviceConfig,requesting nits when no mapping exists.]
12-10 07:10:34.671 1507 1980 E DisplayDeviceConfig: requesting nits when no mapping exists.
12-10 07:10:34.671 1507 1980 E DisplayDeviceConfig: requesting nits when no mapping exists.
12-10 07:10:34.672 1507 1507 I GameModeConfig: isGameModeOn = true
12-10 07:10:34.672 1507 1507 I GameModeConfig: isGaming = false
12-10 07:10:34.674 1507 1583 I am_wtf : [0,1507,system_server,-1,DisplayDeviceConfig,requesting nits when no mapping exists.]
12-10 07:10:34.675 1507 1583 I am_wtf : [0,1507,system_server,-1,DisplayDeviceConfig,requesting nits when no mapping exists.]
12-10 07:10:34.686 1507 1980 E DisplayDeviceConfig: requesting nits when no mapping exists.
12-10 07:10:34.686 1507 1980 E DisplayDeviceConfig: requesting nits when no mapping exists.
12-10 07:10:34.686 1507 1583 I am_wtf : [0,1507,system_server,-1,DisplayDeviceConfig,requesting nits when no mapping exists.]
12-10 07:10:34.687 1507 1583 I am_wtf : [0,1507,system_server,-1,DisplayDeviceConfig,requesting nits when no mapping exists.]
12-10 07:10:34.703 1507 1980 E DisplayDeviceConfig: requesting nits when no mapping exists.
12-10 07:10:34.703 1507 1980 E DisplayDeviceConfig: requesting nits when no mapping exists.
12-10 07:10:34.703 1507 1583 I am_wtf : [0,1507,system_server,-1,DisplayDeviceConfig,requesting nits when no mapping exists.]
12-10 07:10:34.704 1507 1583 I am_wtf : [0,1507,system_server,-1,DisplayDeviceConfig,requesting nits when no mapping exists.]
12-10 07:10:34.719 1507 1980 E DisplayDeviceConfig: requesting nits when no mapping exists.
12-10 07:10:34.720 1507 1980 E DisplayDeviceConfig: requesting nits when no mapping exists.
12-10 07:10:34.720 1507 1583 I am_wtf : [0,1507,system_server,-1,DisplayDeviceConfig,requesting nits when no mapping exists.]
12-10 07:10:34.721 1507 1583 I am_wtf : [0,1507,system_server,-1,DisplayDeviceConfig,requesting nits when no mapping exists.]
12-10 07:10:34.736 1507 1980 E DisplayDeviceConfig: requesting nits when no mapping exists.
12-10 07:10:34.738 1507 1583 I am_wtf : [0,1507,system_server,-1,DisplayDeviceConfig,requesting nits when no mapping exists.]
12-10 07:10:34.739 1507 1980 E DisplayDeviceConfig: requesting nits when no mapping exists.
12-10 07:10:34.740 1507 1583 I am_wtf : [0,1507,system_server,-1,DisplayDeviceConfig,requesting nits when no mapping exists.]
12-10 07:10:34.753 1507 1980 E DisplayDeviceConfig: requesting nits when no mapping exists.
12-10 07:10:34.753 1507 1980 E DisplayDeviceConfig: requesting nits when no mapping exists.
12-10 07:10:34.754 1507 1583 I am_wtf : [0,1507,system_server,-1,DisplayDeviceConfig,requesting nits when no mapping exists.]
12-10 07:10:34.755 1507 1583 I am_wtf : [0,1507,system_server,-1,DisplayDeviceConfig,requesting nits when no mapping exists.]
12-10 07:10:34.771 1507 1980 E DisplayDeviceConfig: requesting nits when no mapping exists.
12-10 07:10:34.775 1507 1568 I wm_stop_activity: [0,142082565,com.android.launcher3/.uioverrides.QuickstepLauncher]
12-10 07:10:34.782 1507 1980 E DisplayDeviceConfig: requesting nits when no mapping exists.
12-10 07:10:34.782 1507 1583 I am_wtf : [0,1507,system_server,-1,DisplayDeviceConfig,requesting nits when no mapping exists.]
12-10 07:10:34.783 1507 1583 I am_wtf : [0,1507,system_server,-1,DisplayDeviceConfig,requesting nits when no mapping exists.]
12-10 07:10:34.789 1507 1980 E DisplayDeviceConfig: requesting nits when no mapping exists.
12-10 07:10:34.789 1507 1980 E DisplayDeviceConfig: requesting nits when no mapping exists.
12-10 07:10:34.790 1507 1583 I am_wtf : [0,1507,system_server,-1,DisplayDeviceConfig,requesting nits when no mapping exists.]
12-10 07:10:34.790 1507 1583 I am_wtf : [0,1507,system_server,-1,DisplayDeviceConfig,requesting nits when no mapping exists.]
12-10 07:10:34.804 1507 1980 E DisplayDeviceConfig: requesting nits when no mapping exists.
12-10 07:10:34.805 1507 1980 E DisplayDeviceConfig: requesting nits when no mapping exists.
12-10 07:10:34.805 1507 1583 I am_wtf : [0,1507,system_server,-1,DisplayDeviceConfig,requesting nits when no mapping exists.]
12-10 07:10:34.805 2526 2526 I wm_on_stop_called: [142082565,com.android.launcher3.uioverrides.QuickstepLauncher,STOP_ACTIVITY_ITEM]
12-10 07:10:34.806 1507 1583 I am_wtf : [0,1507,system_server,-1,DisplayDeviceConfig,requesting nits when no mapping exists.]
12-10 07:10:34.820 1507 1980 E DisplayDeviceConfig: requesting nits when no mapping exists.
12-10 07:10:34.821 1507 1980 E DisplayDeviceConfig: requesting nits when no mapping exists.
12-10 07:10:34.821 1507 1583 I am_wtf : [0,1507,system_server,-1,DisplayDeviceConfig,requesting nits when no mapping exists.]
12-10 07:10:34.822 1507 1583 I am_wtf : [0,1507,system_server,-1,DisplayDeviceConfig,requesting nits when no mapping exists.]
12-10 07:10:34.827 8492 8527 W ContextImpl: Calling a method in the system process without a qualified user: android.app.ContextImpl.startService:1816 android.content.ContextWrapper.startService:774 com.thundercomm.gamemode.ingame.services.GameModeActionUtils.startGameModeService:99 com.thundercomm.gamemode.ingame.services.GameModeActionUtils.startGameModeEntry:22 com.thundercomm.gamemode.ingame.services.ActivityMonitoringService$1.onActivityLaunch:127
12-10 07:10:34.832 1507 1507 I GameModeConfig: Current uri is uri = content://com.thundercomm.gamemode.api/gamemode_settings/gamemode_isgaming
12-10 07:10:34.835 1507 1507 I GameModeConfig: isGameModeOn = true
12-10 07:10:34.835 1507 1507 I GameModeConfig: isGaming = false
12-10 07:10:34.835 1507 1507 I GameModeConfig: isGameModeOn = true
12-10 07:10:34.835 1507 1507 I GameModeConfig: isGaming = false
12-10 07:10:34.835 1507 1507 I GameModeConfig: isDisableVoice = true
12-10 07:10:35.155 0 0 I auditd : type=1400 audit(0.0:21354): avc: denied { kill } for comm="swapper/0" capability=5 scontext=u:r:kernel:s0 tcontext=u:r:kernel:s0 tclass=capability permissive=0
12-10 07:10:36.155 0 0 I auditd : type=1400 audit(0.0:21355): avc: denied { kill } for comm="swapper/0" capability=5 scontext=u:r:kernel:s0 tcontext=u:r:kernel:s0 tclass=capability permissive=0
12-10 07:10:36.695 1507 1736 I input_interaction: Interaction with: 43e083e com.thundercomm.screensaver/android.service.dreams.DreamActivity (server), edge-swipe (server), swipe-up (server), PointerEventDispatcher0 (server),
12-10 07:10:36.698 1507 2150 I wm_finish_activity: [0,241430258,171,com.thundercomm.screensaver/android.service.dreams.DreamActivity,finish-activity]
12-10 07:10:36.698 1507 2150 I wm_task_moved: [26,1,7]
12-10 07:10:36.700 1507 2150 I wm_task_moved: [27,1,2147483647]
12-10 07:10:36.700 1507 2150 I wm_task_to_front: [0,27]
12-10 07:10:36.700 1507 2150 I wm_focused_root_task: [0,0,26,171,finish-top adjustFocusToNextFocusableTask]
12-10 07:10:36.701 1507 2150 I wm_set_resumed_activity: [0,com.android.launcher3/.uioverrides.QuickstepLauncher,finish-top adjustFocusToNextFocusableTask]
12-10 07:10:36.703 1507 2150 I wm_pause_activity: [0,241430258,com.thundercomm.screensaver/android.service.dreams.DreamActivity,userLeaving=false,finish]
12-10 07:10:36.716 1507 9362 I DreamManagerService: Gently waking up from dream.
12-10 07:10:36.719 1507 1568 I sysui_multi_action: [757,803,799,window_time_0,802,2]
12-10 07:10:36.719 1507 1564 I DreamManagerService: Performing gentle wake from dream.
12-10 07:10:36.720 14020 14020 I wm_on_top_resumed_lost_called: [241430258,android.service.dreams.DreamActivity,topStateChangedWhenResumed]
12-10 07:10:36.721 14020 14020 I wm_on_paused_called: [241430258,android.service.dreams.DreamActivity,performPause]
12-10 07:10:36.722 1507 9362 I wm_add_to_stopping: [0,241430258,com.thundercomm.screensaver/android.service.dreams.DreamActivity,completeFinishing]
12-10 07:10:36.723 1507 9362 I ActivityTaskManager: FOREGROUND_APPLICATION_CHANGED to com.android.launcher3.uioverrides.QuickstepLauncher
12-10 07:10:36.725 1507 9362 I wm_set_resumed_activity: [0,com.android.launcher3/.uioverrides.QuickstepLauncher,resumeTopActivityInnerLocked]
12-10 07:10:36.728 1507 9362 I wm_resume_activity: [0,142082565,27,com.android.launcher3/.uioverrides.QuickstepLauncher]
12-10 07:10:36.742 14020 14020 I view_enqueue_input_event: [Motion - Cancel,com.thundercomm.screensaver/android.service.dreams.DreamActivity]
12-10 07:10:36.743 1507 1736 I input_focus: [Focus leaving 43e083e com.thundercomm.screensaver/android.service.dreams.DreamActivity (server),reason=NO_WINDOW]
12-10 07:10:36.744 2526 2526 I wm_on_restart_called: [142082565,com.android.launcher3.uioverrides.QuickstepLauncher,performRestartActivity]
12-10 07:10:36.745 2526 2526 I wm_on_start_called: [142082565,com.android.launcher3.uioverrides.QuickstepLauncher,handleStartActivity]
12-10 07:10:36.745 2526 2526 I wm_on_resume_called: [142082565,com.android.launcher3.uioverrides.QuickstepLauncher,RESUME_ACTIVITY]
12-10 07:10:36.745 2526 2526 I wm_on_top_resumed_gained_called: [142082565,com.android.launcher3.uioverrides.QuickstepLauncher,topWhenResuming]
12-10 07:10:36.746 1507 1568 I sysui_multi_action: [757,803,799,window_time_0,802,0]
12-10 07:10:36.752 8492 8527 W ContextImpl: Calling a method in the system process without a qualified user: android.app.ContextImpl.startService:1816 android.content.ContextWrapper.startService:774 com.thundercomm.gamemode.ingame.services.GameModeActionUtils.startGameModeService:99 com.thundercomm.gamemode.ingame.services.GameModeActionUtils.startGameModeEntry:22 com.thundercomm.gamemode.ingame.services.ActivityMonitoringService$1.onActivityLaunch:127
12-10 07:10:36.755 1507 1507 I GameModeConfig: Current uri is uri = content://com.thundercomm.gamemode.api/gamemode_settings/gamemode_isgaming
12-10 07:10:36.756 1507 1507 I GameModeConfig: isGameModeOn = true
12-10 07:10:36.756 1507 1507 I GameModeConfig: isGaming = false
12-10 07:10:36.757 1507 1507 I GameModeConfig: isGameModeOn = true
12-10 07:10:36.757 1507 1507 I GameModeConfig: isGaming = false
12-10 07:10:36.757 1507 1507 I GameModeConfig: isDisableVoice = true
12-10 07:10:36.764 1507 1569 I input_focus: [Focus request 2cb1f5d com.android.launcher3/com.android.launcher3.uioverrides.QuickstepLauncher,reason=UpdateInputWindows]
12-10 07:10:36.784 1507 1613 I PowerManagerService: Powering on display group fromDreaming (groupId=0, uid=1000, reason=WAKE_REASON_UNKNOWN, details=android.server.power:DREAM_FINISHED)...
12-10 07:10:36.784 1507 1613 I PowerManagerService: Waking up from Dreaming (uid=1000, reason=WAKE_REASON_UNKNOWN, details=android.server.power:DREAM_FINISHED)...
12-10 07:10:36.797 1507 1736 I input_focus: [Focus entering 2cb1f5d com.android.launcher3/com.android.launcher3.uioverrides.QuickstepLauncher (server),reason=Window became focusable. Previous reason: NOT_VISIBLE]
12-10 07:10:36.836 8492 8527 W ContextImpl: Calling a method in the system process without a qualified user: android.app.ContextImpl.startService:1816 android.content.ContextWrapper.startService:774 com.thundercomm.gamemode.ingame.services.GameModeActionUtils.startGameModeService:99 com.thundercomm.gamemode.ingame.services.GameModeActionUtils.startGameModeEntry:22 com.thundercomm.gamemode.ingame.services.ActivityMonitoringService$1.onActivityLaunch:127
12-10 07:10:36.840 1507 1507 I GameModeConfig: Current uri is uri = content://com.thundercomm.gamemode.api/gamemode_settings/gamemode_isgaming
12-10 07:10:36.842 1507 1507 I GameModeConfig: isGameModeOn = true
12-10 07:10:36.842 1507 1507 I GameModeConfig: isGaming = false
12-10 07:10:36.842 1507 1507 I GameModeConfig: isGameModeOn = true
12-10 07:10:36.842 1507 1507 I GameModeConfig: isGaming = false
12-10 07:10:36.842 1507 1507 I GameModeConfig: isDisableVoice = true
12-10 07:10:37.030 1507 1568 I wm_destroy_activity: [0,241430258,171,com.thundercomm.screensaver/android.service.dreams.DreamActivity,finish-imm:idle]
12-10 07:10:37.041 8492 8527 W ContextImpl: Calling a method in the system process without a qualified user: android.app.ContextImpl.startService:1816 android.content.ContextWrapper.startService:774 com.thundercomm.gamemode.ingame.services.GameModeActionUtils.startGameModeService:99 com.thundercomm.gamemode.ingame.services.GameModeActionUtils.startGameModeEntry:22 com.thundercomm.gamemode.ingame.services.ActivityMonitoringService$1.onActivityLaunch:127
12-10 07:10:37.046 1507 1507 I GameModeConfig: Current uri is uri = content://com.thundercomm.gamemode.api/gamemode_settings/gamemode_isgaming
12-10 07:10:37.050 1507 1507 I GameModeConfig: isGameModeOn = true
12-10 07:10:37.050 1507 1507 I GameModeConfig: isGaming = false
12-10 07:10:37.050 1507 1507 I GameModeConfig: isGameModeOn = true
12-10 07:10:37.050 1507 1507 I GameModeConfig: isGaming = false
12-10 07:10:37.050 1507 1507 I GameModeConfig: isDisableVoice = true
12-10 07:10:37.059 14020 14020 I wm_on_stop_called: [241430258,android.service.dreams.DreamActivity,LIFECYCLER_STOP_ACTIVITY]
12-10 07:10:37.060 14020 14020 I wm_on_destroy_called: [241430258,android.service.dreams.DreamActivity,performDestroy]
12-10 07:10:37.063 1507 9362 I DreamManagerService: Leaving dreamland.
12-10 07:10:37.064 1507 1564 I DreamManagerService: Performing gentle wake from dream.
12-10 07:10:37.064 1507 1564 I DreamController: Stopping dream: name=ComponentInfo{com.thundercomm.screensaver/com.thundercomm.saverclock.service.ClockScreensaver}, isTest=false, canDoze=false, userId=0, reason='finished self'(from 'finished self')
12-10 07:10:37.064 1507 1564 I sysui_multi_action: [757,222,758,2]
12-10 07:10:37.064 1507 1564 I sysui_multi_action: [757,804,799,dreaming_minutes,801,0,802,1]
12-10 07:10:37.077 1507 9362 I wm_task_removed: [171,removeChild:removeChild last r=ActivityRecord{e63eef2 u0 com.thundercomm.screensaver/android.service.dreams.DreamActivity t-1 f}} in t=Task{da2658f #171 type=dream A=10052:android:com.thundercomm.screensaver/dream U=0 visible=false mode=fullscreen translucent=true sz=0}]
12-10 07:10:37.077 1507 9362 I wm_task_removed: [171,removeChild]
12-10 07:10:37.080 1507 1569 W ActivityTaskManager: Can't find TaskDisplayArea to determine support for multi window. Task id=171 attached=false
12-10 07:10:37.155 0 0 I auditd : type=1400 audit(0.0:21356): avc: denied { kill } for comm="swapper/0" capability=5 scontext=u:r:kernel:s0 tcontext=u:r:kernel:s0 tclass=capability permissive=0
12-10 07:10:38.155 0 0 I auditd : type=1400 audit(0.0:21357): avc: denied { kill } for comm="swapper/0" capability=5 scontext=u:r:kernel:s0 tcontext=u:r:kernel:s0 tclass=capability permissive=0
12-10 07:10:39.155 353 353 I auditd : type=1400 audit(0.0:21358): avc: denied { kill } for comm="irq/382-atmel_m" capability=5 scontext=u:r:kernel:s0 tcontext=u:r:kernel:s0 tclass=capability permissive=0
12-10 07:10:40.155 0 0 I auditd : type=1400 audit(0.0:21359): avc: denied { kill } for comm="swapper/0" capability=5 scontext=u:r:kernel:s0 tcontext=u:r:kernel:s0 tclass=capability permissive=0
12-10 07:10:41.155 0 0 I auditd : type=1400 audit(0.0:21360): avc: denied { kill } for comm="swapper/0" capability=5 scontext=u:r:kernel:s0 tcontext=u:r:kernel:s0 tclass=capability permissive=0
12-10 07:10:42.155 0 0 I auditd : type=1400 audit(0.0:21361): avc: denied { kill } for comm="swapper/0" capability=5 scontext=u:r:kernel:s0 tcontext=u:r:kernel:s0 tclass=capability permissive=0
12-10 07:10:43.155 353 353 I auditd : type=1400 audit(0.0:21362): avc: denied { kill } for comm="irq/382-atmel_m" capability=5 scontext=u:r:kernel:s0 tcontext=u:r:kernel:s0 tclass=capability permissive=0
12-10 07:10:44.155 0 0 I auditd : type=1400 audit(0.0:21363): avc: denied { kill } for comm="swapper/0" capability=5 scontext=u:r:kernel:s0 tcontext=u:r:kernel:s0 tclass=capability permissive=0
12-10 07:10:44.686 1507 1909 I GameModeConfig: isGameModeOn = true
12-10 07:10:44.686 1507 1909 I GameModeConfig: isGaming = false
12-10 07:10:45.155 0 0 I auditd : type=1400 audit(0.0:21364): avc: denied { kill } for comm="swapper/0" capability=5 scontext=u:r:kernel:s0 tcontext=u:r:kernel:s0 tclass=capability permissive=0
12-10 07:10:46.155 0 0 I auditd : type=1400 audit(0.0:21365): avc: denied { kill } for comm="swapper/0" capability=5 scontext=u:r:kernel:s0 tcontext=u:r:kernel:s0 tclass=capability permissive=0
12-10 07:10:47.155 0 0 I auditd : type=1400 audit(0.0:21366): avc: denied { kill } for comm="swapper/0" capability=5 scontext=u:r:kernel:s0 tcontext=u:r:kernel:s0 tclass=capability permissive=0
12-10 07:10:48.155 0 0 I auditd : type=1400 audit(0.0:21367): avc: denied { kill } for comm="swapper/0" capability=5 scontext=u:r:kernel:s0 tcontext=u:r:kernel:s0 tclass=capability permissive=0
12-10 07:10:49.155 0 0 I auditd : type=1400 audit(0.0:21368): avc: denied { kill } for comm="swapper/0" capability=5 scontext=u:r:kernel:s0 tcontext=u:r:kernel:s0 tclass=capability permissive=0
12-10 07:10:50.155 0 0 I auditd : type=1400 audit(0.0:21369): avc: denied { kill } for comm="swapper/0" capability=5 scontext=u:r:kernel:s0 tcontext=u:r:kernel:s0 tclass=capability permissive=0
12-10 07:10:51.155 353 353 I auditd : type=1400 audit(0.0:21370): avc: denied { kill } for comm="irq/382-atmel_m" capability=5 scontext=u:r:kernel:s0 tcontext=u:r:kernel:s0 tclass=capability permissive=0
12-10 07:10:52.155 0 0 I auditd : type=1400 audit(0.0:21371): avc: denied { kill } for comm="swapper/0" capability=5 scontext=u:r:kernel:s0 tcontext=u:r:kernel:s0 tclass=capability permissive=0
12-10 07:10:52.809 1507 1613 V DisplayPowerController[0]: Brightness [0.05] reason changing to: 'manual [ dim ]', previous reason: 'manual'.
12-10 07:10:52.810 1507 1613 I sysui_multi_action: [757,1696,758,6,759,2]
12-10 07:10:52.810 1507 1613 W PowerManagerService: Screen on took 16026 ms
12-10 07:10:52.825 1507 1980 E DisplayDeviceConfig: requesting nits when no mapping exists.
12-10 07:10:52.826 1507 1980 E DisplayDeviceConfig: requesting nits when no mapping exists.
12-10 07:10:52.826 1507 1583 I am_wtf : [0,1507,system_server,-1,DisplayDeviceConfig,requesting nits when no mapping exists.]
12-10 07:10:52.829 1507 1583 I DropBoxManagerService: add tag=system_server_wtf isTagEnabled=true flags=0x2
12-10 07:10:52.832 1507 1583 I am_wtf : [0,1507,system_server,-1,DisplayDeviceConfig,requesting nits when no mapping exists.]
12-10 07:10:52.833 1507 1583 I DropBoxManagerService: add tag=system_server_wtf isTagEnabled=true flags=0x2
12-10 07:10:52.842 1507 1980 E DisplayDeviceConfig: requesting nits when no mapping exists.
12-10 07:10:52.843 1507 1980 E DisplayDeviceConfig: requesting nits when no mapping exists.
12-10 07:10:52.843 1507 1583 I am_wtf : [0,1507,system_server,-1,DisplayDeviceConfig,requesting nits when no mapping exists.]
12-10 07:10:52.844 1507 1583 I DropBoxManagerService: add tag=system_server_wtf isTagEnabled=true flags=0x2
12-10 07:10:52.845 1507 1583 I am_wtf : [0,1507,system_server,-1,DisplayDeviceConfig,requesting nits when no mapping exists.]
12-10 07:10:52.846 1507 1583 I DropBoxManagerService: add tag=system_server_wtf isTagEnabled=true flags=0x2
12-10 07:10:52.861 1507 1980 E DisplayDeviceConfig: requesting nits when no mapping exists.
12-10 07:10:52.861 1507 1583 I am_wtf : [0,1507,system_server,-1,DisplayDeviceConfig,requesting nits when no mapping exists.]
12-10 07:10:52.862 1507 1980 E DisplayDeviceConfig: requesting nits when no mapping exists.
12-10 07:10:52.863 1507 1583 I DropBoxManagerService: add tag=system_server_wtf isTagEnabled=true flags=0x2
12-10 07:10:52.863 1507 1583 I am_wtf : [0,1507,system_server,-1,DisplayDeviceConfig,requesting nits when no mapping exists.]
12-10 07:10:52.878 1507 1980 E DisplayDeviceConfig: requesting nits when no mapping exists.
12-10 07:10:52.878 1507 1980 E DisplayDeviceConfig: requesting nits when no mapping exists.
12-10 07:10:52.878 1507 1583 I am_wtf : [0,1507,system_server,-1,DisplayDeviceConfig,requesting nits when no mapping exists.]
12-10 07:10:52.879 1507 1583 I am_wtf : [0,1507,system_server,-1,DisplayDeviceConfig,requesting nits when no mapping exists.]
12-10 07:10:52.880 1507 1583 I service_manager_stats: [100,58,40508]
12-10 07:10:52.894 1507 1980 E DisplayDeviceConfig: requesting nits when no mapping exists.
12-10 07:10:52.895 1507 1980 E DisplayDeviceConfig: requesting nits when no mapping exists.
12-10 07:10:52.895 1507 1583 I am_wtf : [0,1507,system_server,-1,DisplayDeviceConfig,requesting nits when no mapping exists.]
12-10 07:10:52.896 1507 1583 I am_wtf : [0,1507,system_server,-1,DisplayDeviceConfig,requesting nits when no mapping exists.]
12-10 07:10:52.911 1507 1980 E DisplayDeviceConfig: requesting nits when no mapping exists.
12-10 07:10:52.911 1507 1980 E DisplayDeviceConfig: requesting nits when no mapping exists.
12-10 07:10:52.912 1507 1583 I am_wtf : [0,1507,system_server,-1,DisplayDeviceConfig,requesting nits when no mapping exists.]
12-10 07:10:52.913 1507 1583 I am_wtf : [0,1507,system_server,-1,DisplayDeviceConfig,requesting nits when no mapping exists.]
12-10 07:10:52.928 1507 1980 E DisplayDeviceConfig: requesting nits when no mapping exists.
12-10 07:10:52.929 1507 1980 E DisplayDeviceConfig: requesting nits when no mapping exists.
12-10 07:10:52.928 1507 1583 I am_wtf : [0,1507,system_server,-1,DisplayDeviceConfig,requesting nits when no mapping exists.]
12-10 07:10:52.930 1507 1583 I am_wtf : [0,1507,system_server,-1,DisplayDeviceConfig,requesting nits when no mapping exists.]
12-10 07:10:52.944 1507 1980 E DisplayDeviceConfig: requesting nits when no mapping exists.
12-10 07:10:52.945 1507 1583 I am_wtf : [0,1507,system_server,-1,DisplayDeviceConfig,requesting nits when no mapping exists.]
12-10 07:10:52.945 1507 1980 E DisplayDeviceConfig: requesting nits when no mapping exists.
12-10 07:10:52.946 1507 1583 I am_wtf : [0,1507,system_server,-1,DisplayDeviceConfig,requesting nits when no mapping exists.]
12-10 07:10:52.961 1507 1980 E DisplayDeviceConfig: requesting nits when no mapping exists.
12-10 07:10:52.962 1507 1980 E DisplayDeviceConfig: requesting nits when no mapping exists.
12-10 07:10:52.962 1507 1583 I am_wtf : [0,1507,system_server,-1,DisplayDeviceConfig,requesting nits when no mapping exists.]
12-10 07:10:52.963 1507 1583 I am_wtf : [0,1507,system_server,-1,DisplayDeviceConfig,requesting nits when no mapping exists.]
12-10 07:10:52.978 1507 1980 E DisplayDeviceConfig: requesting nits when no mapping exists.
12-10 07:10:52.978 1507 1583 I am_wtf : [0,1507,system_server,-1,DisplayDeviceConfig,requesting nits when no mapping exists.]
12-10 07:10:52.979 1507 1980 E DisplayDeviceConfig: requesting nits when no mapping exists.
12-10 07:10:52.979 1507 1583 I am_wtf : [0,1507,system_server,-1,DisplayDeviceConfig,requesting nits when no mapping exists.]
12-10 07:10:52.994 1507 1980 E DisplayDeviceConfig: requesting nits when no mapping exists.
12-10 07:10:52.995 1507 1583 I am_wtf : [0,1507,system_server,-1,DisplayDeviceConfig,requesting nits when no mapping exists.]
12-10 07:10:52.996 1507 1980 E DisplayDeviceConfig: requesting nits when no mapping exists.
12-10 07:10:52.997 1507 1583 I am_wtf : [0,1507,system_server,-1,DisplayDeviceConfig,requesting nits when no mapping exists.]
12-10 07:10:53.011 1507 1980 E DisplayDeviceConfig: requesting nits when no mapping exists.
12-10 07:10:53.012 1507 1980 E DisplayDeviceConfig: requesting nits when no mapping exists.
12-10 07:10:53.012 1507 1583 I am_wtf : [0,1507,system_server,-1,DisplayDeviceConfig,requesting nits when no mapping exists.]
12-10 07:10:53.012 1507 1583 I am_wtf : [0,1507,system_server,-1,DisplayDeviceConfig,requesting nits when no mapping exists.]
12-10 07:10:53.028 1507 1980 E DisplayDeviceConfig: requesting nits when no mapping exists.
12-10 07:10:53.028 1507 1980 E DisplayDeviceConfig: requesting nits when no mapping exists.
12-10 07:10:53.028 1507 1583 I am_wtf : [0,1507,system_server,-1,DisplayDeviceConfig,requesting nits when no mapping exists.]
12-10 07:10:53.029 1507 1583 I am_wtf : [0,1507,system_server,-1,DisplayDeviceConfig,requesting nits when no mapping exists.]
12-10 07:10:53.045 1507 1980 E DisplayDeviceConfig: requesting nits when no mapping exists.
12-10 07:10:53.045 1507 1980 E DisplayDeviceConfig: requesting nits when no mapping exists.
12-10 07:10:53.045 1507 1583 I am_wtf : [0,1507,system_server,-1,DisplayDeviceConfig,requesting nits when no mapping exists.]
12-10 07:10:53.046 1507 1583 I am_wtf : [0,1507,system_server,-1,DisplayDeviceConfig,requesting nits when no mapping exists.]
12-10 07:10:53.061 1507 1980 E DisplayDeviceConfig: requesting nits when no mapping exists.
12-10 07:10:53.062 1507 1980 E DisplayDeviceConfig: requesting nits when no mapping exists.
12-10 07:10:53.062 1507 1583 I am_wtf : [0,1507,system_server,-1,DisplayDeviceConfig,requesting nits when no mapping exists.]
12-10 07:10:53.063 1507 1583 I am_wtf : [0,1507,system_server,-1,DisplayDeviceConfig,requesting nits when no mapping exists.]
12-10 07:10:53.078 1507 1980 E DisplayDeviceConfig: requesting nits when no mapping exists.
12-10 07:10:53.079 1507 1583 I am_wtf : [0,1507,system_server,-1,DisplayDeviceConfig,requesting nits when no mapping exists.]
12-10 07:10:53.079 1507 1980 E DisplayDeviceConfig: requesting nits when no mapping exists.
12-10 07:10:53.080 1507 1583 I am_wtf : [0,1507,system_server,-1,DisplayDeviceConfig,requesting nits when no mapping exists.]
12-10 07:10:53.095 1507 1980 E DisplayDeviceConfig: requesting nits when no mapping exists.
12-10 07:10:53.095 1507 1583 I am_wtf : [0,1507,system_server,-1,DisplayDeviceConfig,requesting nits when no mapping exists.]
12-10 07:10:53.096 1507 1980 E DisplayDeviceConfig: requesting nits when no mapping exists.
12-10 07:10:53.097 1507 1583 I am_wtf : [0,1507,system_server,-1,DisplayDeviceConfig,requesting nits when no mapping exists.]
12-10 07:10:53.111 1507 1980 E DisplayDeviceConfig: requesting nits when no mapping exists.
12-10 07:10:53.112 1507 1583 I am_wtf : [0,1507,system_server,-1,DisplayDeviceConfig,requesting nits when no mapping exists.]
12-10 07:10:53.113 1507 1980 E DisplayDeviceConfig: requesting nits when no mapping exists.
12-10 07:10:53.113 1507 1583 I am_wtf : [0,1507,system_server,-1,DisplayDeviceConfig,requesting nits when no mapping exists.]
12-10 07:10:53.128 1507 1980 E DisplayDeviceConfig: requesting nits when no mapping exists.
12-10 07:10:53.129 1507 1583 I am_wtf : [0,1507,system_server,-1,DisplayDeviceConfig,requesting nits when no mapping exists.]
12-10 07:10:53.129 1507 1980 E DisplayDeviceConfig: requesting nits when no mapping exists.
12-10 07:10:53.130 1507 1583 I am_wtf : [0,1507,system_server,-1,DisplayDeviceConfig,requesting nits when no mapping exists.]
12-10 07:10:53.145 1507 1980 E DisplayDeviceConfig: requesting nits when no mapping exists.
12-10 07:10:53.145 1507 1583 I am_wtf : [0,1507,system_server,-1,DisplayDeviceConfig,requesting nits when no mapping exists.]
12-10 07:10:53.147 1507 1980 E DisplayDeviceConfig: requesting nits when no mapping exists.
12-10 07:10:53.147 1507 1583 I am_wtf : [0,1507,system_server,-1,DisplayDeviceConfig,requesting nits when no mapping exists.]
12-10 07:10:53.155 0 0 I auditd : type=1400 audit(0.0:21372): avc: denied { kill } for comm="swapper/0" capability=5 scontext=u:r:kernel:s0 tcontext=u:r:kernel:s0 tclass=capability permissive=0
12-10 07:10:54.155 0 0 I auditd : type=1400 audit(0.0:21373): avc: denied { kill } for comm="swapper/0" capability=5 scontext=u:r:kernel:s0 tcontext=u:r:kernel:s0 tclass=capability permissive=0
12-10 07:10:55.155 0 0 I auditd : type=1400 audit(0.0:21374): avc: denied { kill } for comm="swapper/0" capability=5 scontext=u:r:kernel:s0 tcontext=u:r:kernel:s0 tclass=capability permissive=0
12-10 07:10:56.155 0 0 I auditd : type=1400 audit(0.0:21375): avc: denied { kill } for comm="swapper/0" capability=5 scontext=u:r:kernel:s0 tcontext=u:r:kernel:s0 tclass=capability permissive=0
12-10 07:10:57.028 1507 1613 I PowerManagerService: Napping display group (groupId=0, uid=1000)...
12-10 07:10:57.029 1507 1613 I PowerManagerService: Nap time (uid 1000)...
12-10 07:10:57.030 1507 1613 I DreamManagerService: Entering dreamland.
12-10 07:10:57.033 1507 1613 I PowerManagerService: Dreaming...
12-10 07:10:57.035 1507 1564 I DreamController: Starting dream: name=ComponentInfo{com.thundercomm.screensaver/com.thundercomm.saverclock.service.ClockScreensaver}, isTest=false, canDoze=false, userId=0
12-10 07:10:57.036 1507 1564 I sysui_multi_action: [757,222,758,1]
12-10 07:10:57.049 1507 9362 I ActivityTaskManager: START u0 {flg=0x10000000 pkg=com.thundercomm.screensaver cmp=com.thundercomm.screensaver/android.service.dreams.DreamActivity (has extras)} from uid 10052
12-10 07:10:57.051 1507 9362 I wm_task_created: [172,-1]
12-10 07:10:57.051 1507 9362 W ActivityTaskManager: Can't find TaskDisplayArea to determine support for multi window. Task id=172 attached=false
12-10 07:10:57.054 1507 9362 I wm_task_moved: [172,1,8]
12-10 07:10:57.055 1507 9362 I wm_task_to_front: [0,172]
12-10 07:10:57.055 1507 9362 I wm_create_task: [0,172]
12-10 07:10:57.055 1507 9362 I wm_create_activity: [0,237181388,172,com.thundercomm.screensaver/android.service.dreams.DreamActivity,NULL,NULL,NULL,276824064]
12-10 07:10:57.055 1507 9362 I wm_task_moved: [172,1,8]
12-10 07:10:57.056 2526 2526 I wm_on_top_resumed_lost_called: [142082565,com.android.launcher3.uioverrides.QuickstepLauncher,topStateChangedWhenResumed]
12-10 07:10:57.058 1507 9362 I wm_pause_activity: [0,142082565,com.android.launcher3/.uioverrides.QuickstepLauncher,userLeaving=true,pauseBackTasks]
12-10 07:10:57.061 1507 1581 I am_pss : [16484,10065,com.android.calendar,6712320,4698112,0,91262976,0,19,8]
12-10 07:10:57.063 2526 2526 I wm_on_paused_called: [142082565,com.android.launcher3.uioverrides.QuickstepLauncher,performPause]
12-10 07:10:57.070 1507 9362 I ActivityTaskManager: FOREGROUND_APPLICATION_CHANGED to android.service.dreams.DreamActivity
12-10 07:10:57.071 1507 1581 I am_pss : [16483,10090,com.android.music,6971392,4677632,0,90796032,0,19,7]
12-10 07:10:57.073 1507 9362 I ActivityTaskManager: The Process com.thundercomm.screensaver Already Exists in BG. So sending its PID: 14020
12-10 07:10:57.074 1507 9362 W ActivityTaskManager: Tried to set launchTime (0) < mLastActivityLaunchTime (19883415)
12-10 07:10:57.074 1507 9362 I wm_add_to_stopping: [0,142082565,com.android.launcher3/.uioverrides.QuickstepLauncher,makeInvisible]
12-10 07:10:57.075 1507 9362 I wm_restart_activity: [0,237181388,172,com.thundercomm.screensaver/android.service.dreams.DreamActivity]
12-10 07:10:57.077 1507 9362 I wm_set_resumed_activity: [0,com.thundercomm.screensaver/android.service.dreams.DreamActivity,minimalResumeActivityLocked]
12-10 07:10:57.079 1507 1581 I am_pss : [16450,1000,com.qti.diagservices,6200320,3878912,0,93839360,0,10,6]
12-10 07:10:57.082 1507 1568 I sysui_multi_action: [757,803,799,window_time_0,802,21]
12-10 07:10:57.094 8492 8527 W ContextImpl: Calling a method in the system process without a qualified user: android.app.ContextImpl.startService:1816 android.content.ContextWrapper.startService:774 com.thundercomm.gamemode.ingame.services.GameModeActionUtils.startGameModeService:99 com.thundercomm.gamemode.ingame.services.GameModeActionUtils.startGameModeEntry:22 com.thundercomm.gamemode.ingame.services.ActivityMonitoringService$1.onActivityLaunch:127
12-10 07:10:57.095 14020 14020 I wm_on_create_called: [237181388,android.service.dreams.DreamActivity,performCreate]
12-10 07:10:57.095 14020 14020 I wm_on_start_called: [237181388,android.service.dreams.DreamActivity,handleStartActivity]
12-10 07:10:57.096 14020 14020 I wm_on_resume_called: [237181388,android.service.dreams.DreamActivity,RESUME_ACTIVITY]
12-10 07:10:57.099 14020 14020 I wm_on_top_resumed_gained_called: [237181388,android.service.dreams.DreamActivity,topStateChangedWhenResumed]
12-10 07:10:57.100 1507 1507 I GameModeConfig: Current uri is uri = content://com.thundercomm.gamemode.api/gamemode_settings/gamemode_isgaming
12-10 07:10:57.107 1507 1507 I GameModeConfig: isGameModeOn = true
12-10 07:10:57.107 1507 1507 I GameModeConfig: isGaming = false
12-10 07:10:57.107 1507 1736 I input_focus: [Focus leaving 2cb1f5d com.android.launcher3/com.android.launcher3.uioverrides.QuickstepLauncher (server),reason=NO_WINDOW]
12-10 07:10:57.108 1507 1507 I GameModeConfig: isGameModeOn = true
12-10 07:10:57.108 1507 1507 I GameModeConfig: isGaming = false
12-10 07:10:57.108 1507 1507 I GameModeConfig: isDisableVoice = true
12-10 07:10:57.125 1507 1569 I input_focus: [Focus request 34e06b8 com.thundercomm.screensaver/android.service.dreams.DreamActivity,reason=UpdateInputWindows]
12-10 07:10:57.126 1507 1909 I GameModeConfig: isGameModeOn = true
12-10 07:10:57.126 1507 1909 I GameModeConfig: isGaming = false
12-10 07:10:57.127 1507 1909 I GameModeConfig: isGameModeOn = true
12-10 07:10:57.127 1507 1909 I GameModeConfig: isGaming = false
12-10 07:10:57.127 2004 2004 I sysui_multi_action: [757,111,758,2]
12-10 07:10:57.127 1507 1909 I GameModeConfig: isGameModeOn = true
12-10 07:10:57.127 1507 1909 I GameModeConfig: isGaming = false
12-10 07:10:57.127 1507 1909 I GameModeConfig: isGameModeOn = true
12-10 07:10:57.127 1507 1909 I GameModeConfig: isGaming = false
12-10 07:10:57.127 2004 2004 I sysui_multi_action: [757,111,758,2]
12-10 07:10:57.127 1507 1909 I GameModeConfig: isGameModeOn = true
12-10 07:10:57.127 1507 1909 I GameModeConfig: isGaming = false
12-10 07:10:57.128 1507 1507 I notification_enqueue: [10082,2004,com.android.systemui,2048,NULL,0,Notification(channel=updateNotification shortcut=null contentView=null vibrate=null sound=null defaults=0x0 flags=0x0 color=0x00000000 vis=PRIVATE),1]
12-10 07:10:57.141 1507 1613 V DisplayPowerController[0]: Brightness [0.37373737] reason changing to: 'manual', previous reason: 'manual [ dim ]'.
12-10 07:10:57.141 1507 1613 I sysui_multi_action: [757,1696,758,6,759,3]
12-10 07:10:57.143 2004 2004 I sysui_multi_action: [757,111,758,1]
12-10 07:10:57.143 2004 2004 I sysui_multi_action: [757,126,758,1,759,126,927,0,928,1,1593,0]
12-10 07:10:57.143 2004 2004 I sysui_multi_action: [757,113,758,1,759,113,927,1,928,1,1593,0]
12-10 07:10:57.143 2004 2004 I sysui_multi_action: [757,0,758,1,759,0,927,2,928,0,1593,0]
12-10 07:10:57.143 2004 2004 I sysui_multi_action: [757,0,758,1,759,0,927,3,928,0,1593,0]
12-10 07:10:57.144 2004 2004 I sysui_multi_action: [757,491,758,1,759,491,927,4,928,1,1311,1,1593,0]
12-10 07:10:57.144 2004 2004 I sysui_multi_action: [757,0,758,1,759,0,927,5,928,0,1593,0]
12-10 07:10:57.144 2004 2004 I sysui_multi_action: [757,111,758,1]
12-10 07:10:57.144 2004 2004 I sysui_multi_action: [757,126,758,1,759,126,927,0,928,1,1593,0]
12-10 07:10:57.144 2004 2004 I sysui_multi_action: [757,113,758,1,759,113,927,1,928,1,1593,0]
12-10 07:10:57.144 2004 2004 I sysui_multi_action: [757,0,758,1,759,0,927,2,928,0,1593,0]
12-10 07:10:57.144 2004 2004 I sysui_multi_action: [757,0,758,1,759,0,927,3,928,0,1593,0]
12-10 07:10:57.145 1507 1564 I sysui_multi_action: [319,88,322,88,325,19906,757,761,758,8,759,2,806,com.thundercomm.screensaver,871,android.service.dreams.DreamActivity,904,com.thundercomm.screensaver,905,0,1320,4,1321,2]
12-10 07:10:57.146 1507 1564 I wm_activity_launch_time: [0,237181388,com.thundercomm.screensaver/android.service.dreams.DreamActivity,88]
12-10 07:10:57.157 1507 1980 E DisplayDeviceConfig: requesting nits when no mapping exists.
12-10 07:10:57.157 1507 1980 E DisplayDeviceConfig: requesting nits when no mapping exists.
12-10 07:10:57.157 1507 1583 I am_wtf : [0,1507,system_server,-1,DisplayDeviceConfig,requesting nits when no mapping exists.]
12-10 07:10:57.155 353 353 I auditd : type=1400 audit(0.0:21376): avc: denied { kill } for comm="irq/382-atmel_m" capability=5 scontext=u:r:kernel:s0 tcontext=u:r:kernel:s0 tclass=capability permissive=0
12-10 07:10:57.158 1507 1736 I input_focus: [Focus entering 34e06b8 com.thundercomm.screensaver/android.service.dreams.DreamActivity (server),reason=Window became focusable. Previous reason: NOT_VISIBLE]
12-10 07:10:57.159 1507 1583 I am_wtf : [0,1507,system_server,-1,DisplayDeviceConfig,requesting nits when no mapping exists.]
12-10 07:10:57.173 1507 1980 E DisplayDeviceConfig: requesting nits when no mapping exists.
12-10 07:10:57.174 1507 1980 E DisplayDeviceConfig: requesting nits when no mapping exists.
12-10 07:10:57.174 1507 1583 I am_wtf : [0,1507,system_server,-1,DisplayDeviceConfig,requesting nits when no mapping exists.]
12-10 07:10:57.175 1507 1583 I am_wtf : [0,1507,system_server,-1,DisplayDeviceConfig,requesting nits when no mapping exists.]
12-10 07:10:57.186 8492 8527 W ContextImpl: Calling a method in the system process without a qualified user: android.app.ContextImpl.startService:1816 android.content.ContextWrapper.startService:774 com.thundercomm.gamemode.ingame.services.GameModeActionUtils.startGameModeService:99 com.thundercomm.gamemode.ingame.services.GameModeActionUtils.startGameModeEntry:22 com.thundercomm.gamemode.ingame.services.ActivityMonitoringService$1.onActivityLaunch:127
12-10 07:10:57.189 1507 1507 I GameModeConfig: Current uri is uri = content://com.thundercomm.gamemode.api/gamemode_settings/gamemode_isgaming
12-10 07:10:57.191 1507 1507 I GameModeConfig: isGameModeOn = true
12-10 07:10:57.191 1507 1507 I GameModeConfig: isGaming = false
12-10 07:10:57.191 1507 1507 I GameModeConfig: isGameModeOn = true
12-10 07:10:57.191 1507 1507 I GameModeConfig: isGaming = false
12-10 07:10:57.191 1507 1507 I GameModeConfig: isDisableVoice = true
12-10 07:10:57.192 1507 1980 E DisplayDeviceConfig: requesting nits when no mapping exists.
12-10 07:10:57.193 1507 1583 I am_wtf : [0,1507,system_server,-1,DisplayDeviceConfig,requesting nits when no mapping exists.]
12-10 07:10:57.193 1507 1980 E DisplayDeviceConfig: requesting nits when no mapping exists.
12-10 07:10:57.193 1507 1583 I am_wtf : [0,1507,system_server,-1,DisplayDeviceConfig,requesting nits when no mapping exists.]
12-10 07:10:57.207 1507 1980 E DisplayDeviceConfig: requesting nits when no mapping exists.
12-10 07:10:57.207 1507 1583 I am_wtf : [0,1507,system_server,-1,DisplayDeviceConfig,requesting nits when no mapping exists.]
12-10 07:10:57.207 1507 1980 E DisplayDeviceConfig: requesting nits when no mapping exists.
12-10 07:10:57.208 1507 1583 I am_wtf : [0,1507,system_server,-1,DisplayDeviceConfig,requesting nits when no mapping exists.]
12-10 07:10:57.224 1507 1980 E DisplayDeviceConfig: requesting nits when no mapping exists.
12-10 07:10:57.224 1507 1583 I am_wtf : [0,1507,system_server,-1,DisplayDeviceConfig,requesting nits when no mapping exists.]
12-10 07:10:57.225 1507 1980 E DisplayDeviceConfig: requesting nits when no mapping exists.
12-10 07:10:57.225 1507 1583 I am_wtf : [0,1507,system_server,-1,DisplayDeviceConfig,requesting nits when no mapping exists.]
12-10 07:10:57.242 1507 1980 E DisplayDeviceConfig: requesting nits when no mapping exists.
12-10 07:10:57.242 1507 1980 E DisplayDeviceConfig: requesting nits when no mapping exists.
12-10 07:10:57.247 1507 1583 I am_wtf : [0,1507,system_server,-1,DisplayDeviceConfig,requesting nits when no mapping exists.]
12-10 07:10:57.248 1507 1583 I am_wtf : [0,1507,system_server,-1,DisplayDeviceConfig,requesting nits when no mapping exists.]
12-10 07:10:57.257 1507 1980 E DisplayDeviceConfig: requesting nits when no mapping exists.
12-10 07:10:57.258 1507 1980 E DisplayDeviceConfig: requesting nits when no mapping exists.
12-10 07:10:57.258 1507 1583 I am_wtf : [0,1507,system_server,-1,DisplayDeviceConfig,requesting nits when no mapping exists.]
12-10 07:10:57.259 1507 1583 I am_wtf : [0,1507,system_server,-1,DisplayDeviceConfig,requesting nits when no mapping exists.]
12-10 07:10:57.276 1507 1980 E DisplayDeviceConfig: requesting nits when no mapping exists.
12-10 07:10:57.277 1507 1583 I am_wtf : [0,1507,system_server,-1,DisplayDeviceConfig,requesting nits when no mapping exists.]
12-10 07:10:57.278 1507 1980 E DisplayDeviceConfig: requesting nits when no mapping exists.
12-10 07:10:57.278 1507 1583 I am_wtf : [0,1507,system_server,-1,DisplayDeviceConfig,requesting nits when no mapping exists.]
12-10 07:10:57.290 1507 1980 E DisplayDeviceConfig: requesting nits when no mapping exists.
12-10 07:10:57.291 1507 1583 I am_wtf : [0,1507,system_server,-1,DisplayDeviceConfig,requesting nits when no mapping exists.]
12-10 07:10:57.291 1507 1980 E DisplayDeviceConfig: requesting nits when no mapping exists.
12-10 07:10:57.292 1507 1583 I am_wtf : [0,1507,system_server,-1,DisplayDeviceConfig,requesting nits when no mapping exists.]
12-10 07:10:57.307 1507 1980 E DisplayDeviceConfig: requesting nits when no mapping exists.
12-10 07:10:57.307 1507 1980 E DisplayDeviceConfig: requesting nits when no mapping exists.
12-10 07:10:57.307 1507 1583 I am_wtf : [0,1507,system_server,-1,DisplayDeviceConfig,requesting nits when no mapping exists.]
12-10 07:10:57.309 1507 1583 I am_wtf : [0,1507,system_server,-1,DisplayDeviceConfig,requesting nits when no mapping exists.]
12-10 07:10:57.327 1507 1980 E DisplayDeviceConfig: requesting nits when no mapping exists.
12-10 07:10:57.328 1507 1583 I am_wtf : [0,1507,system_server,-1,DisplayDeviceConfig,requesting nits when no mapping exists.]
12-10 07:10:57.328 1507 1980 E DisplayDeviceConfig: requesting nits when no mapping exists.
12-10 07:10:57.328 1507 1583 I am_wtf : [0,1507,system_server,-1,DisplayDeviceConfig,requesting nits when no mapping exists.]
12-10 07:10:57.330 1507 1507 I GameModeConfig: isGameModeOn = true
12-10 07:10:57.330 1507 1507 I GameModeConfig: isGaming = false
12-10 07:10:57.341 1507 1980 E DisplayDeviceConfig: requesting nits when no mapping exists.
12-10 07:10:57.342 1507 1980 E DisplayDeviceConfig: requesting nits when no mapping exists.
12-10 07:10:57.343 1507 1583 I am_wtf : [0,1507,system_server,-1,DisplayDeviceConfig,requesting nits when no mapping exists.]
12-10 07:10:57.344 1507 1583 I am_wtf : [0,1507,system_server,-1,DisplayDeviceConfig,requesting nits when no mapping exists.]
12-10 07:10:57.359 1507 1980 E DisplayDeviceConfig: requesting nits when no mapping exists.
12-10 07:10:57.360 1507 1583 I am_wtf : [0,1507,system_server,-1,DisplayDeviceConfig,requesting nits when no mapping exists.]
12-10 07:10:57.361 1507 1980 E DisplayDeviceConfig: requesting nits when no mapping exists.
12-10 07:10:57.361 1507 1583 I am_wtf : [0,1507,system_server,-1,DisplayDeviceConfig,requesting nits when no mapping exists.]
12-10 07:10:57.376 1507 1980 E DisplayDeviceConfig: requesting nits when no mapping exists.
12-10 07:10:57.377 1507 1980 E DisplayDeviceConfig: requesting nits when no mapping exists.
12-10 07:10:57.381 1507 1583 I am_wtf : [0,1507,system_server,-1,DisplayDeviceConfig,requesting nits when no mapping exists.]
12-10 07:10:57.382 1507 1583 I am_wtf : [0,1507,system_server,-1,DisplayDeviceConfig,requesting nits when no mapping exists.]
12-10 07:10:57.391 1507 1980 E DisplayDeviceConfig: requesting nits when no mapping exists.
12-10 07:10:57.392 1507 1583 I am_wtf : [0,1507,system_server,-1,DisplayDeviceConfig,requesting nits when no mapping exists.]
12-10 07:10:57.393 1507 1980 E DisplayDeviceConfig: requesting nits when no mapping exists.
12-10 07:10:57.393 1507 1583 I am_wtf : [0,1507,system_server,-1,DisplayDeviceConfig,requesting nits when no mapping exists.]
12-10 07:10:57.410 1507 1980 E DisplayDeviceConfig: requesting nits when no mapping exists.
12-10 07:10:57.411 1507 1980 E DisplayDeviceConfig: requesting nits when no mapping exists.
12-10 07:10:57.411 1507 1583 I am_wtf : [0,1507,system_server,-1,DisplayDeviceConfig,requesting nits when no mapping exists.]
12-10 07:10:57.412 1507 1583 I am_wtf : [0,1507,system_server,-1,DisplayDeviceConfig,requesting nits when no mapping exists.]
12-10 07:10:57.426 1507 1980 E DisplayDeviceConfig: requesting nits when no mapping exists.
12-10 07:10:57.426 1507 1980 E DisplayDeviceConfig: requesting nits when no mapping exists.
12-10 07:10:57.429 1507 1568 I wm_stop_activity: [0,142082565,com.android.launcher3/.uioverrides.QuickstepLauncher]
12-10 07:10:57.430 1507 1583 I am_wtf : [0,1507,system_server,-1,DisplayDeviceConfig,requesting nits when no mapping exists.]
12-10 07:10:57.431 1507 1583 I am_wtf : [0,1507,system_server,-1,DisplayDeviceConfig,requesting nits when no mapping exists.]
12-10 07:10:57.442 1507 1980 E DisplayDeviceConfig: requesting nits when no mapping exists.
12-10 07:10:57.442 1507 1583 I am_wtf : [0,1507,system_server,-1,DisplayDeviceConfig,requesting nits when no mapping exists.]
12-10 07:10:57.446 1507 1980 E DisplayDeviceConfig: requesting nits when no mapping exists.
12-10 07:10:57.447 1507 1583 I am_wtf : [0,1507,system_server,-1,DisplayDeviceConfig,requesting nits when no mapping exists.]
12-10 07:10:57.458 2526 2526 I wm_on_stop_called: [142082565,com.android.launcher3.uioverrides.QuickstepLauncher,STOP_ACTIVITY_ITEM]
12-10 07:10:57.459 1507 1980 E DisplayDeviceConfig: requesting nits when no mapping exists.
12-10 07:10:57.460 1507 1583 I am_wtf : [0,1507,system_server,-1,DisplayDeviceConfig,requesting nits when no mapping exists.]
12-10 07:10:57.460 1507 1980 E DisplayDeviceConfig: requesting nits when no mapping exists.
12-10 07:10:57.463 1507 1583 I am_wtf : [0,1507,system_server,-1,DisplayDeviceConfig,requesting nits when no mapping exists.]
12-10 07:10:57.475 1507 1980 E DisplayDeviceConfig: requesting nits when no mapping exists.
12-10 07:10:57.476 1507 1980 E DisplayDeviceConfig: requesting nits when no mapping exists.
