12-10 07:31:16.740 2004 2004 W View : requestLayout() improperly called by com.android.systemui.statusbar.AlphaOptimizedImageView{1a3e852 VFED..C.. ......ID 0,0-140,50} during second layout pass: posting in next frame
12-10 07:31:16.740 2004 2004 W View : requestLayout() improperly called by android.widget.FrameLayout{7e10fe2 I.E...... ......ID 0,0-780,179 #2bc} during second layout pass: posting in next frame
12-10 07:31:16.740 2004 2004 W View : requestLayout() improperly called by com.android.systemui.statusbar.AlphaOptimizedImageView{82960ad VFED..C.. ......ID 0,0-140,23} during second layout pass: posting in next frame
12-10 07:31:16.753 2004 2004 W View : requestLayout() improperly called by android.widget.FrameLayout{4ff1723 I.E...... ......ID 0,0-780,179 #2bc} during layout: running second layout pass
12-10 07:31:16.753 2004 2004 W View : requestLayout() improperly called by com.android.systemui.statusbar.AlphaOptimizedImageView{1a3e852 VFED..C.. ......ID 0,0-140,50} during layout: running second layout pass
12-10 07:31:16.753 2004 2004 W View : requestLayout() improperly called by android.widget.FrameLayout{7e10fe2 I.E...... ......ID 0,0-780,179 #2bc} during layout: running second layout pass
12-10 07:31:16.753 2004 2004 W View : requestLayout() improperly called by com.android.systemui.statusbar.AlphaOptimizedImageView{82960ad VFED..C.. ......ID 0,0-140,23} during layout: running second layout pass
12-10 07:31:16.772 2004 2004 W View : requestLayout() improperly called by android.widget.FrameLayout{4ff1723 I.E...... ......ID 0,0-780,179 #2bc} during second layout pass: posting in next frame
12-10 07:31:16.772 2004 2004 W View : requestLayout() improperly called by com.android.systemui.statusbar.AlphaOptimizedImageView{1a3e852 VFED..C.. ......ID 0,0-140,50} during second layout pass: posting in next frame
12-10 07:31:16.772 2004 2004 W View : requestLayout() improperly called by android.widget.FrameLayout{7e10fe2 I.E...... ......ID 0,0-780,179 #2bc} during second layout pass: posting in next frame
12-10 07:31:16.772 2004 2004 W View : requestLayout() improperly called by com.android.systemui.statusbar.AlphaOptimizedImageView{82960ad VFED..C.. ......ID 0,0-140,23} during second layout pass: posting in next frame
12-10 07:31:16.787 2004 2004 W View : requestLayout() improperly called by android.widget.FrameLayout{4ff1723 I.E...... ......ID 0,0-780,179 #2bc} during layout: running second layout pass
12-10 07:31:16.787 2004 2004 W View : requestLayout() improperly called by com.android.systemui.statusbar.AlphaOptimizedImageView{1a3e852 VFED..C.. ......ID 0,0-140,50} during layout: running second layout pass
12-10 07:31:16.787 2004 2004 W View : requestLayout() improperly called by android.widget.FrameLayout{7e10fe2 I.E...... ......ID 0,0-780,179 #2bc} during layout: running second layout pass
12-10 07:31:16.787 2004 2004 W View : requestLayout() improperly called by com.android.systemui.statusbar.AlphaOptimizedImageView{82960ad VFED..C.. ......ID 0,0-140,23} during layout: running second layout pass
12-10 07:31:16.802 2004 2004 W View : requestLayout() improperly called by android.widget.FrameLayout{4ff1723 I.E...... ......ID 0,0-780,179 #2bc} during second layout pass: posting in next frame
12-10 07:31:16.802 2004 2004 W View : requestLayout() improperly called by com.android.systemui.statusbar.AlphaOptimizedImageView{1a3e852 VFED..C.. ......ID 0,0-140,50} during second layout pass: posting in next frame
12-10 07:31:16.803 2004 2004 W View : requestLayout() improperly called by android.widget.FrameLayout{7e10fe2 I.E...... ......ID 0,0-780,179 #2bc} during second layout pass: posting in next frame
12-10 07:31:16.803 2004 2004 W View : requestLayout() improperly called by com.android.systemui.statusbar.AlphaOptimizedImageView{82960ad VFED..C.. ......ID 0,0-140,23} during second layout pass: posting in next frame
12-10 07:31:16.822 2004 2004 W View : requestLayout() improperly called by android.widget.FrameLayout{4ff1723 I.E...... ......ID 0,0-780,179 #2bc} during layout: running second layout pass
12-10 07:31:16.822 2004 2004 W View : requestLayout() improperly called by com.android.systemui.statusbar.AlphaOptimizedImageView{1a3e852 VFED..C.. ......ID 0,0-140,50} during layout: running second layout pass
12-10 07:31:16.822 2004 2004 W View : requestLayout() improperly called by android.widget.FrameLayout{7e10fe2 I.E...... ......ID 0,0-780,179 #2bc} during layout: running second layout pass
12-10 07:31:16.822 2004 2004 W View : requestLayout() improperly called by com.android.systemui.statusbar.AlphaOptimizedImageView{82960ad VFED..C.. ......ID 0,0-140,23} during layout: running second layout pass
12-10 07:31:16.831 2004 2004 W View : requestLayout() improperly called by android.widget.FrameLayout{4ff1723 I.E...... ......ID 0,0-780,179 #2bc} during second layout pass: posting in next frame
12-10 07:31:16.831 2004 2004 W View : requestLayout() improperly called by com.android.systemui.statusbar.AlphaOptimizedImageView{1a3e852 VFED..C.. ......ID 0,0-140,50} during second layout pass: posting in next frame
12-10 07:31:16.831 2004 2004 W View : requestLayout() improperly called by android.widget.FrameLayout{7e10fe2 I.E...... ......ID 0,0-780,179 #2bc} during second layout pass: posting in next frame
12-10 07:31:16.831 2004 2004 W View : requestLayout() improperly called by com.android.systemui.statusbar.AlphaOptimizedImageView{82960ad VFED..C.. ......ID 0,0-140,23} during second layout pass: posting in next frame
12-10 07:31:16.837 2004 2004 W View : requestLayout() improperly called by android.widget.FrameLayout{4ff1723 I.E...... ......ID 0,0-780,179 #2bc} during layout: running second layout pass
12-10 07:31:16.837 2004 2004 W View : requestLayout() improperly called by com.android.systemui.statusbar.AlphaOptimizedImageView{1a3e852 VFED..C.. ......ID 0,0-140,50} during layout: running second layout pass
12-10 07:31:16.837 2004 2004 W View : requestLayout() improperly called by android.widget.FrameLayout{7e10fe2 I.E...... ......ID 0,0-780,179 #2bc} during layout: running second layout pass
12-10 07:31:16.837 2004 2004 W View : requestLayout() improperly called by com.android.systemui.statusbar.AlphaOptimizedImageView{82960ad VFED..C.. ......ID 0,0-140,23} during layout: running second layout pass
12-10 07:31:16.840 2004 2004 W View : requestLayout() improperly called by android.widget.FrameLayout{4ff1723 I.E...... ......ID 0,0-780,179 #2bc} during second layout pass: posting in next frame
12-10 07:31:16.840 2004 2004 W View : requestLayout() improperly called by com.android.systemui.statusbar.AlphaOptimizedImageView{1a3e852 VFED..C.. ......ID 0,0-140,50} during second layout pass: posting in next frame
12-10 07:31:16.840 2004 2004 W View : requestLayout() improperly called by android.widget.FrameLayout{7e10fe2 I.E...... ......ID 0,0-780,179 #2bc} during second layout pass: posting in next frame
12-10 07:31:16.840 2004 2004 W View : requestLayout() improperly called by com.android.systemui.statusbar.AlphaOptimizedImageView{82960ad VFED..C.. ......ID 0,0-140,23} during second layout pass: posting in next frame
12-10 07:31:16.854 2004 2004 W View : requestLayout() improperly called by android.widget.FrameLayout{4ff1723 I.E...... ......ID 0,0-780,179 #2bc} during layout: running second layout pass
12-10 07:31:16.854 2004 2004 W View : requestLayout() improperly called by com.android.systemui.statusbar.AlphaOptimizedImageView{1a3e852 VFED..C.. ......ID 0,0-140,50} during layout: running second layout pass
12-10 07:31:16.854 2004 2004 W View : requestLayout() improperly called by android.widget.FrameLayout{7e10fe2 I.E...... ......ID 0,0-780,179 #2bc} during layout: running second layout pass
12-10 07:31:16.854 2004 2004 W View : requestLayout() improperly called by com.android.systemui.statusbar.AlphaOptimizedImageView{82960ad VFED..C.. ......ID 0,0-140,23} during layout: running second layout pass
12-10 07:31:16.870 2004 2004 W View : requestLayout() improperly called by android.widget.FrameLayout{4ff1723 I.E...... ......ID 0,0-780,179 #2bc} during second layout pass: posting in next frame
12-10 07:31:16.871 2004 2004 W View : requestLayout() improperly called by com.android.systemui.statusbar.AlphaOptimizedImageView{1a3e852 VFED..C.. ......ID 0,0-140,50} during second layout pass: posting in next frame
12-10 07:31:16.872 2004 2004 W View : requestLayout() improperly called by android.widget.FrameLayout{7e10fe2 I.E...... ......ID 0,0-780,179 #2bc} during second layout pass: posting in next frame
12-10 07:31:16.872 2004 2004 W View : requestLayout() improperly called by com.android.systemui.statusbar.AlphaOptimizedImageView{82960ad VFED..C.. ......ID 0,0-140,23} during second layout pass: posting in next frame
12-10 07:31:16.887 2004 2004 W View : requestLayout() improperly called by android.widget.FrameLayout{4ff1723 I.E...... ......ID 0,0-780,179 #2bc} during layout: running second layout pass
12-10 07:31:16.888 2004 2004 W View : requestLayout() improperly called by com.android.systemui.statusbar.AlphaOptimizedImageView{1a3e852 VFED..C.. ......ID 0,0-140,50} during layout: running second layout pass
12-10 07:31:16.888 2004 2004 W View : requestLayout() improperly called by android.widget.FrameLayout{7e10fe2 I.E...... ......ID 0,0-780,179 #2bc} during layout: running second layout pass
12-10 07:31:16.888 2004 2004 W View : requestLayout() improperly called by com.android.systemui.statusbar.AlphaOptimizedImageView{82960ad VFED..C.. ......ID 0,0-140,23} during layout: running second layout pass
12-10 07:31:16.902 2004 2004 W View : requestLayout() improperly called by android.widget.FrameLayout{4ff1723 I.E...... ......ID 0,0-780,179 #2bc} during second layout pass: posting in next frame
12-10 07:31:16.902 2004 2004 W View : requestLayout() improperly called by com.android.systemui.statusbar.AlphaOptimizedImageView{1a3e852 VFED..C.. ......ID 0,0-140,50} during second layout pass: posting in next frame
12-10 07:31:16.903 2004 2004 W View : requestLayout() improperly called by android.widget.FrameLayout{7e10fe2 I.E...... ......ID 0,0-780,179 #2bc} during second layout pass: posting in next frame
12-10 07:31:16.903 2004 2004 W View : requestLayout() improperly called by com.android.systemui.statusbar.AlphaOptimizedImageView{82960ad VFED..C.. ......ID 0,0-140,23} during second layout pass: posting in next frame
12-10 07:31:16.921 2004 2004 W View : requestLayout() improperly called by android.widget.FrameLayout{4ff1723 I.E...... ......ID 0,0-780,179 #2bc} during layout: running second layout pass
12-10 07:31:16.921 2004 2004 W View : requestLayout() improperly called by com.android.systemui.statusbar.AlphaOptimizedImageView{1a3e852 VFED..C.. ......ID 0,0-140,50} during layout: running second layout pass
12-10 07:31:16.921 2004 2004 W View : requestLayout() improperly called by android.widget.FrameLayout{7e10fe2 I.E...... ......ID 0,0-780,179 #2bc} during layout: running second layout pass
12-10 07:31:16.921 2004 2004 W View : requestLayout() improperly called by com.android.systemui.statusbar.AlphaOptimizedImageView{82960ad VFED..C.. ......ID 0,0-140,23} during layout: running second layout pass
12-10 07:31:16.936 2004 2004 W View : requestLayout() improperly called by android.widget.FrameLayout{4ff1723 I.E...... ......ID 0,0-780,179 #2bc} during second layout pass: posting in next frame
12-10 07:31:16.937 2004 2004 W View : requestLayout() improperly called by com.android.systemui.statusbar.AlphaOptimizedImageView{1a3e852 VFED..C.. ......ID 0,0-140,50} during second layout pass: posting in next frame
12-10 07:31:16.937 2004 2004 W View : requestLayout() improperly called by android.widget.FrameLayout{7e10fe2 I.E...... ......ID 0,0-780,179 #2bc} during second layout pass: posting in next frame
12-10 07:31:16.937 2004 2004 W View : requestLayout() improperly called by com.android.systemui.statusbar.AlphaOptimizedImageView{82960ad VFED..C.. ......ID 0,0-140,23} during second layout pass: posting in next frame
12-10 07:31:16.954 2004 2004 W View : requestLayout() improperly called by android.widget.FrameLayout{4ff1723 I.E...... ......ID 0,0-780,179 #2bc} during layout: running second layout pass
12-10 07:31:16.954 2004 2004 W View : requestLayout() improperly called by com.android.systemui.statusbar.AlphaOptimizedImageView{1a3e852 VFED..C.. ......ID 0,0-140,50} during layout: running second layout pass
12-10 07:31:16.954 2004 2004 W View : requestLayout() improperly called by android.widget.FrameLayout{7e10fe2 I.E...... ......ID 0,0-780,179 #2bc} during layout: running second layout pass
12-10 07:31:16.954 2004 2004 W View : requestLayout() improperly called by com.android.systemui.statusbar.AlphaOptimizedImageView{82960ad VFED..C.. ......ID 0,0-140,23} during layout: running second layout pass
12-10 07:31:16.961 2004 2004 W View : requestLayout() improperly called by android.widget.FrameLayout{4ff1723 I.E...... ......ID 0,0-780,179 #2bc} during second layout pass: posting in next frame
12-10 07:31:16.961 2004 2004 W View : requestLayout() improperly called by com.android.systemui.statusbar.AlphaOptimizedImageView{1a3e852 VFED..C.. ......ID 0,0-140,50} during second layout pass: posting in next frame
12-10 07:31:16.961 2004 2004 W View : requestLayout() improperly called by android.widget.FrameLayout{7e10fe2 I.E...... ......ID 0,0-780,179 #2bc} during second layout pass: posting in next frame
12-10 07:31:16.961 2004 2004 W View : requestLayout() improperly called by com.android.systemui.statusbar.AlphaOptimizedImageView{82960ad VFED..C.. ......ID 0,0-140,23} during second layout pass: posting in next frame
12-10 07:31:16.972 2004 2004 W View : requestLayout() improperly called by android.widget.FrameLayout{4ff1723 I.E...... ......ID 0,0-780,179 #2bc} during layout: running second layout pass
12-10 07:31:16.972 2004 2004 W View : requestLayout() improperly called by com.android.systemui.statusbar.AlphaOptimizedImageView{1a3e852 VFED..C.. ......ID 0,0-140,50} during layout: running second layout pass
12-10 07:31:16.972 2004 2004 W View : requestLayout() improperly called by android.widget.FrameLayout{7e10fe2 I.E...... ......ID 0,0-780,179 #2bc} during layout: running second layout pass
12-10 07:31:16.972 2004 2004 W View : requestLayout() improperly called by com.android.systemui.statusbar.AlphaOptimizedImageView{82960ad VFED..C.. ......ID 0,0-140,23} during layout: running second layout pass
12-10 07:31:17.003 2004 2004 W View : requestLayout() improperly called by android.widget.FrameLayout{4ff1723 I.E...... ......ID 0,0-780,179 #2bc} during second layout pass: posting in next frame
12-10 07:31:17.003 2004 2004 W View : requestLayout() improperly called by com.android.systemui.statusbar.AlphaOptimizedImageView{1a3e852 VFED..C.. ......ID 0,0-140,50} during second layout pass: posting in next frame
12-10 07:31:17.003 2004 2004 W View : requestLayout() improperly called by android.widget.FrameLayout{7e10fe2 I.E...... ......ID 0,0-780,179 #2bc} during second layout pass: posting in next frame
12-10 07:31:17.003 2004 2004 W View : requestLayout() improperly called by com.android.systemui.statusbar.AlphaOptimizedImageView{82960ad VFED..C.. ......ID 0,0-140,23} during second layout pass: posting in next frame
12-10 07:31:17.021 642 657 I mpu_uart: [MSG-P:RECV]:No message received in 1000 ms
12-10 07:31:17.023 2004 2004 W View : requestLayout() improperly called by android.widget.FrameLayout{4ff1723 I.E...... ......ID 0,0-780,179 #2bc} during layout: running second layout pass
12-10 07:31:17.023 2004 2004 W View : requestLayout() improperly called by com.android.systemui.statusbar.AlphaOptimizedImageView{1a3e852 VFED..C.. ......ID 0,0-140,50} during layout: running second layout pass
12-10 07:31:17.023 2004 2004 W View : requestLayout() improperly called by android.widget.FrameLayout{7e10fe2 I.E...... ......ID 0,0-780,179 #2bc} during layout: running second layout pass
12-10 07:31:17.023 2004 2004 W View : requestLayout() improperly called by com.android.systemui.statusbar.AlphaOptimizedImageView{82960ad VFED..C.. ......ID 0,0-140,23} during layout: running second layout pass
12-10 07:31:17.069 2004 2004 W View : requestLayout() improperly called by android.widget.FrameLayout{4ff1723 I.E...... ......ID 0,0-780,179 #2bc} during second layout pass: posting in next frame
12-10 07:31:17.069 2004 2004 W View : requestLayout() improperly called by com.android.systemui.statusbar.AlphaOptimizedImageView{1a3e852 VFED..C.. ......ID 0,0-140,50} during second layout pass: posting in next frame
12-10 07:31:17.069 2004 2004 W View : requestLayout() improperly called by android.widget.FrameLayout{7e10fe2 I.E...... ......ID 0,0-780,179 #2bc} during second layout pass: posting in next frame
12-10 07:31:17.069 2004 2004 W View : requestLayout() improperly called by com.android.systemui.statusbar.AlphaOptimizedImageView{82960ad VFED..C.. ......ID 0,0-140,23} during second layout pass: posting in next frame
12-10 07:31:17.088 2004 2004 W View : requestLayout() improperly called by android.widget.FrameLayout{4ff1723 I.E...... ......ID 0,0-780,179 #2bc} during layout: running second layout pass
12-10 07:31:17.088 2004 2004 W View : requestLayout() improperly called by com.android.systemui.statusbar.AlphaOptimizedImageView{1a3e852 VFED..C.. ......ID 0,0-140,50} during layout: running second layout pass
12-10 07:31:17.088 2004 2004 W View : requestLayout() improperly called by android.widget.FrameLayout{7e10fe2 I.E...... ......ID 0,0-780,179 #2bc} during layout: running second layout pass
12-10 07:31:17.088 2004 2004 W View : requestLayout() improperly called by com.android.systemui.statusbar.AlphaOptimizedImageView{82960ad VFED..C.. ......ID 0,0-140,23} during layout: running second layout pass
12-10 07:31:17.092 2004 2004 W View : requestLayout() improperly called by android.widget.FrameLayout{4ff1723 I.E...... ......ID 0,0-780,179 #2bc} during second layout pass: posting in next frame
12-10 07:31:17.092 2004 2004 W View : requestLayout() improperly called by com.android.systemui.statusbar.AlphaOptimizedImageView{1a3e852 VFED..C.. ......ID 0,0-140,50} during second layout pass: posting in next frame
12-10 07:31:17.093 2004 2004 W View : requestLayout() improperly called by android.widget.FrameLayout{7e10fe2 I.E...... ......ID 0,0-780,179 #2bc} during second layout pass: posting in next frame
12-10 07:31:17.093 2004 2004 W View : requestLayout() improperly called by com.android.systemui.statusbar.AlphaOptimizedImageView{82960ad VFED..C.. ......ID 0,0-140,23} during second layout pass: posting in next frame
12-10 07:31:17.104 2004 2004 W View : requestLayout() improperly called by android.widget.FrameLayout{4ff1723 I.E...... ......ID 0,0-780,179 #2bc} during layout: running second layout pass
12-10 07:31:17.104 2004 2004 W View : requestLayout() improperly called by com.android.systemui.statusbar.AlphaOptimizedImageView{1a3e852 VFED..C.. ......ID 0,0-140,50} during layout: running second layout pass
12-10 07:31:17.104 2004 2004 W View : requestLayout() improperly called by android.widget.FrameLayout{7e10fe2 I.E...... ......ID 0,0-780,179 #2bc} during layout: running second layout pass
12-10 07:31:17.104 2004 2004 W View : requestLayout() improperly called by com.android.systemui.statusbar.AlphaOptimizedImageView{82960ad VFED..C.. ......ID 0,0-140,23} during layout: running second layout pass
12-10 07:31:17.111 1213 9256 I OMX-VENC: venc_dev: stats: avg. fps 46.12, bitrate 1542945
12-10 07:31:17.136 2004 2004 W View : requestLayout() improperly called by android.widget.FrameLayout{4ff1723 I.E...... ......ID 0,0-780,179 #2bc} during second layout pass: posting in next frame
12-10 07:31:17.136 2004 2004 W View : requestLayout() improperly called by com.android.systemui.statusbar.AlphaOptimizedImageView{1a3e852 VFED..C.. ......ID 0,0-140,50} during second layout pass: posting in next frame
12-10 07:31:17.136 2004 2004 W View : requestLayout() improperly called by android.widget.FrameLayout{7e10fe2 I.E...... ......ID 0,0-780,179 #2bc} during second layout pass: posting in next frame
12-10 07:31:17.137 2004 2004 W View : requestLayout() improperly called by com.android.systemui.statusbar.AlphaOptimizedImageView{82960ad VFED..C.. ......ID 0,0-140,23} during second layout pass: posting in next frame
12-10 07:31:17.154 2004 2004 W View : requestLayout() improperly called by android.widget.FrameLayout{4ff1723 I.E...... ......ID 0,0-780,179 #2bc} during layout: running second layout pass
12-10 07:31:17.154 2004 2004 W View : requestLayout() improperly called by com.android.systemui.statusbar.AlphaOptimizedImageView{1a3e852 VFED..C.. ......ID 0,0-140,50} during layout: running second layout pass
12-10 07:31:17.154 2004 2004 W View : requestLayout() improperly called by android.widget.FrameLayout{7e10fe2 I.E...... ......ID 0,0-780,179 #2bc} during layout: running second layout pass
12-10 07:31:17.154 2004 2004 W View : requestLayout() improperly called by com.android.systemui.statusbar.AlphaOptimizedImageView{82960ad VFED..C.. ......ID 0,0-140,23} during layout: running second layout pass
12-10 07:31:17.181 1507 1736 I input_interaction: Interaction with: 2cb1f5d com.android.launcher3/com.android.launcher3.uioverrides.QuickstepLauncher (server), 5478378 com.android.systemui.ImageWallpaper (server), edge-swipe (server), swipe-up (server), PointerEventDispatcher0 (server),
12-10 07:31:17.241 2004 2004 W View : requestLayout() improperly called by android.widget.FrameLayout{4ff1723 I.E...... ......ID 0,0-780,179 #2bc} during second layout pass: posting in next frame
12-10 07:31:17.241 2004 2004 W View : requestLayout() improperly called by com.android.systemui.statusbar.AlphaOptimizedImageView{1a3e852 VFED..C.. ......ID 0,0-140,50} during second layout pass: posting in next frame
12-10 07:31:17.241 2004 2004 W View : requestLayout() improperly called by android.widget.FrameLayout{7e10fe2 I.E...... ......ID 0,0-780,179 #2bc} during second layout pass: posting in next frame
12-10 07:31:17.241 2004 2004 W View : requestLayout() improperly called by com.android.systemui.statusbar.AlphaOptimizedImageView{82960ad VFED..C.. ......ID 0,0-140,23} during second layout pass: posting in next frame
12-10 07:31:17.257 2004 2004 W View : requestLayout() improperly called by android.widget.FrameLayout{4ff1723 I.E...... ......ID 0,0-780,179 #2bc} during layout: running second layout pass
12-10 07:31:17.257 2004 2004 W View : requestLayout() improperly called by com.android.systemui.statusbar.AlphaOptimizedImageView{1a3e852 VFED..C.. ......ID 0,0-140,50} during layout: running second layout pass
12-10 07:31:17.257 2004 2004 W View : requestLayout() improperly called by android.widget.FrameLayout{7e10fe2 I.E...... ......ID 0,0-780,179 #2bc} during layout: running second layout pass
12-10 07:31:17.257 2004 2004 W View : requestLayout() improperly called by com.android.systemui.statusbar.AlphaOptimizedImageView{82960ad VFED..C.. ......ID 0,0-140,23} during layout: running second layout pass
12-10 07:31:17.260 2004 2004 W View : requestLayout() improperly called by android.widget.FrameLayout{4ff1723 I.E...... ......ID 0,0-780,179 #2bc} during second layout pass: posting in next frame
12-10 07:31:17.261 2004 2004 W View : requestLayout() improperly called by com.android.systemui.statusbar.AlphaOptimizedImageView{1a3e852 VFED..C.. ......ID 0,0-140,50} during second layout pass: posting in next frame
12-10 07:31:17.261 2004 2004 W View : requestLayout() improperly called by android.widget.FrameLayout{7e10fe2 I.E...... ......ID 0,0-780,179 #2bc} during second layout pass: posting in next frame
12-10 07:31:17.261 2004 2004 W View : requestLayout() improperly called by com.android.systemui.statusbar.AlphaOptimizedImageView{82960ad VFED..C.. ......ID 0,0-140,23} during second layout pass: posting in next frame
12-10 07:31:17.271 2004 2004 W View : requestLayout() improperly called by android.widget.FrameLayout{4ff1723 I.E...... ......ID 0,0-780,179 #2bc} during layout: running second layout pass
12-10 07:31:17.271 2004 2004 W View : requestLayout() improperly called by com.android.systemui.statusbar.AlphaOptimizedImageView{1a3e852 VFED..C.. ......ID 0,0-140,50} during layout: running second layout pass
12-10 07:31:17.271 2004 2004 W View : requestLayout() improperly called by android.widget.FrameLayout{7e10fe2 I.E...... ......ID 0,0-780,179 #2bc} during layout: running second layout pass
12-10 07:31:17.271 2004 2004 W View : requestLayout() improperly called by com.android.systemui.statusbar.AlphaOptimizedImageView{82960ad VFED..C.. ......ID 0,0-140,23} during layout: running second layout pass
12-10 07:31:17.331 2526 2526 D EditModeHelper: setHotseatVisibility: 8
12-10 07:31:17.334 2526 2526 I hpe-folder: mFolder.mInfo.editModefalse
12-10 07:31:17.334 2526 2526 I hpe-folder: mFolder.mInfo.editModefalse
12-10 07:31:17.334 2526 2526 I hpe-folder: mFolder.mInfo.editModefalse
12-10 07:31:17.401 642 656 I mpu_uart: [MSG-P:R]:recv sync frame timeout
12-10 07:31:17.539 1507 1710 I commit_sys_config_file: [settings-1-0,6]
12-10 07:31:17.910 1507 2719 E TaskPersister: File error accessing recents directory (directory doesn't exist?).
12-10 07:31:18.021 642 657 I mpu_uart: [MSG-P:RECV]:No message received in 1000 ms
12-10 07:31:18.115 1213 9256 I OMX-VENC: venc_dev: stats: avg. fps 26.90, bitrate 1232266
12-10 07:31:18.155 0 0 I auditd : type=1400 audit(0.0:22513): avc: denied { kill } for comm="swapper/1" capability=5 scontext=u:r:kernel:s0 tcontext=u:r:kernel:s0 tclass=capability permissive=0
12-10 07:31:18.155 0 0 W swapper/1: type=1400 audit(0.0:22513): avc: denied { kill } for capability=5 scontext=u:r:kernel:s0 tcontext=u:r:kernel:s0 tclass=capability permissive=0
12-10 07:31:18.574 1507 5493 I ActivityTaskManager: START u0 {act=android.intent.action.MAIN cat=[android.intent.category.LAUNCHER] flg=0x10200000 cmp=com.android.documentsui/.LauncherActivity bnds=[980,252][1280,550]} from uid 10079
12-10 07:31:18.577 1507 1568 I EventSequenceValidator: inc AccIntentStartedEvents to 2
12-10 07:31:18.578 1507 5493 E ANDR-PERF-JNI: com_qualcomm_qtiperformance_native_perf_io_prefetch_start
12-10 07:31:18.579 1507 5493 I wm_task_created: [177,-1]
12-10 07:31:18.579 1507 5493 W ActivityTaskManager: Can't find TaskDisplayArea to determine support for multi window. Task id=177 attached=false
12-10 07:31:18.583 1507 5493 I wm_task_moved: [177,1,9]
12-10 07:31:18.583 1507 5493 I wm_task_to_front: [0,177]
12-10 07:31:18.584 1507 5493 I wm_create_task: [0,177]
12-10 07:31:18.584 1507 5493 I wm_create_activity: [0,187182589,177,com.android.documentsui/.LauncherActivity,android.intent.action.MAIN,NULL,NULL,270532608]
12-10 07:31:18.584 1507 5493 I wm_task_moved: [177,1,9]
12-10 07:31:18.584 1507 5493 D CompatibilityInfo: mCompatibilityFlags - 4
12-10 07:31:18.584 1507 5493 D CompatibilityInfo: applicationDensity - 240
12-10 07:31:18.584 1507 5493 D CompatibilityInfo: applicationScale - 1.0
12-10 07:31:18.585 1507 5493 D ActivityTrigger: ActivityTrigger activityPauseTrigger
12-10 07:31:18.585 857 3272 E ANDR-IOP: io prefetch is disabled
12-10 07:31:18.585 1507 5493 I wm_pause_activity: [0,142082565,com.android.launcher3/.uioverrides.QuickstepLauncher,userLeaving=true,pauseBackTasks]
12-10 07:31:18.594 2526 2526 I wm_on_top_resumed_lost_called: [142082565,com.android.launcher3.uioverrides.QuickstepLauncher,topStateChangedWhenResumed]
12-10 07:31:18.601 2526 2526 I wm_on_paused_called: [142082565,com.android.launcher3.uioverrides.QuickstepLauncher,performPause]
12-10 07:31:18.602 1507 5493 I ActivityTaskManager: FOREGROUND_APPLICATION_CHANGED to com.android.documentsui.files.LauncherActivity
12-10 07:31:18.603 1507 5493 I ActivityTaskManager: The Process com.android.documentsui Already Exists in BG. So sending its PID: 16873
12-10 07:31:18.603 1507 5493 W ActivityTaskManager: Tried to set launchTime (0) < mLastActivityLaunchTime (21123058)
12-10 07:31:18.605 1507 5493 I wm_restart_activity: [0,187182589,177,com.android.documentsui/.LauncherActivity]
12-10 07:31:18.605 1507 5493 D CompatibilityInfo: mCompatibilityFlags - 4
12-10 07:31:18.605 1507 5493 D CompatibilityInfo: applicationDensity - 240
12-10 07:31:18.605 1507 5493 D CompatibilityInfo: applicationScale - 1.0
12-10 07:31:18.607 1507 5493 I wm_set_resumed_activity: [0,com.android.documentsui/.LauncherActivity,minimalResumeActivityLocked]
12-10 07:31:18.613 8492 8505 I GameMode_ActivityMonitoringService: onForegroundActivitiesChanged uid 10031 pid 16873 fg true
12-10 07:31:18.619 1507 5493 I ActivityTaskManager: START u0 {dat=//com.android.documentsui.launchControl flg=0x10280000 cmp=com.android.documentsui/.files.FilesActivity (has extras)} from uid 10031
12-10 07:31:18.620 8492 8527 I GameMode_ActivityMonitoringService: Updating top task to: TaskInfoContainer [topActivity=ComponentInfo{com.android.documentsui/com.android.documentsui.LauncherActivity}, taskId=177, stackId=177, userId=0, displayId=0, position=9
12-10 07:31:18.620 8492 8527 I GameMode_ActivityMonitoringService: Notifying about top task: TaskInfoContainer [topActivity=ComponentInfo{com.android.documentsui/com.android.documentsui.LauncherActivity}, taskId=177, stackId=177, userId=0, displayId=0, position=9
12-10 07:31:18.620 8492 8527 E GameMode_ActivityMonitoringService: onActivityLaunch:com.android.documentsui
12-10 07:31:18.620 8492 8527 V GameMode_GameTypeUtils: judge isGame:com.android.documentsui
12-10 07:31:18.620 8492 8527 V GameMode_GpuUtils: fps:60
12-10 07:31:18.620 1507 5493 I wm_task_moved: [176,1,9]
12-10 07:31:18.620 1507 5493 I wm_task_to_front: [0,176]
12-10 07:31:18.621 1507 5493 I wm_focused_root_task: [0,0,176,177,bringingFoundTaskToFront]
12-10 07:31:18.621 1507 5493 I wm_set_resumed_activity: [0,com.android.documentsui/.files.FilesActivity,bringingFoundTaskToFront]
12-10 07:31:18.621 1507 5493 I wm_new_intent: [0,3467339,176,com.android.documentsui/.files.FilesActivity,NULL,NULL,//com.android.documentsui.launchControl,271056896]
12-10 07:31:18.621 1507 5493 D CompatibilityInfo: mCompatibilityFlags - 4
12-10 07:31:18.621 1507 5493 D CompatibilityInfo: applicationDensity - 240
12-10 07:31:18.621 1507 5493 D CompatibilityInfo: applicationScale - 1.0
12-10 07:31:18.622 1507 5493 D ActivityTrigger: ActivityTrigger activityPauseTrigger
12-10 07:31:18.622 1507 5493 I wm_pause_activity: [0,187182589,com.android.documentsui/.LauncherActivity,userLeaving=true,pauseBackTasks]
12-10 07:31:18.625 1507 5493 I wm_finish_activity: [0,187182589,177,com.android.documentsui/.LauncherActivity,app-request]
12-10 07:31:18.626 16873 16873 I wm_on_create_called: [187182589,com.android.documentsui.LauncherActivity,performCreate]
12-10 07:31:18.626 1507 1568 I sysui_multi_action: [757,803,799,window_time_0,802,2]
12-10 07:31:18.626 8492 8527 D GameMode_GameModeActionUtils: Show GameMode entry by service!
12-10 07:31:18.629 1507 2038 I wm_add_to_stopping: [0,187182589,com.android.documentsui/.LauncherActivity,completeFinishing]
12-10 07:31:18.629 1507 2038 I ActivityTaskManager: FOREGROUND_APPLICATION_CHANGED to com.android.documentsui.files.FilesActivity
12-10 07:31:18.631 1507 2038 I wm_set_resumed_activity: [0,com.android.documentsui/.files.FilesActivity,resumeTopActivityInnerLocked]
12-10 07:31:18.631 8492 8527 W ContextImpl: Calling a method in the system process without a qualified user: android.app.ContextImpl.startService:1816 android.content.ContextWrapper.startService:774 com.thundercomm.gamemode.ingame.services.GameModeActionUtils.startGameModeService:99 com.thundercomm.gamemode.ingame.services.GameModeActionUtils.startGameModeEntry:22 com.thundercomm.gamemode.ingame.services.ActivityMonitoringService$1.onActivityLaunch:127
12-10 07:31:18.631 1507 2038 I wm_add_to_stopping: [0,142082565,com.android.launcher3/.uioverrides.QuickstepLauncher,makeInvisible]
12-10 07:31:18.632 1507 2038 I wm_resume_activity: [0,3467339,176,com.android.documentsui/.files.FilesActivity]
12-10 07:31:18.634 8492 8492 D GameMode_GameModeService: type=hide_entry
12-10 07:31:18.634 8492 8527 D GameModeIF_GameModeSettings: getUriFor setting_content_uri_root = content://com.thundercomm.gamemode.api/gamemode_settings , name = gamemode_isgaming
12-10 07:31:18.636 16873 16873 I wm_on_restart_called: [3467339,com.android.documentsui.files.FilesActivity,performRestartActivity]
12-10 07:31:18.636 1507 1568 I wm_destroy_activity: [0,187182589,177,com.android.documentsui/.LauncherActivity,finish-imm:idle]
12-10 07:31:18.639 16873 16873 I wm_on_start_called: [3467339,com.android.documentsui.files.FilesActivity,handleStartActivity]
12-10 07:31:18.639 1507 1568 I sysui_multi_action: [757,803,799,window_time_0,802,0]
12-10 07:31:18.640 16873 16873 D DefaultSelectionTracker: Ignoring onDataSetChange. No active selection.
12-10 07:31:18.641 16873 16873 I wm_on_resume_called: [3467339,com.android.documentsui.files.FilesActivity,RESUME_ACTIVITY]
12-10 07:31:18.642 1507 1507 I GameModeConfig: Current uri is uri = content://com.thundercomm.gamemode.api/gamemode_settings/gamemode_isgaming
12-10 07:31:18.643 1507 1507 D GameModeIF_GameModeSettings: getUriFor setting_content_uri_root = content://com.thundercomm.gamemode.api/gamemode_settings , name = gamemode_isgaming
12-10 07:31:18.644 8492 8527 D GameModeIF_GameModeSettings: gamemode_isgaming set to 0
12-10 07:31:18.645 16873 16873 I wm_on_top_resumed_gained_called: [3467339,com.android.documentsui.files.FilesActivity,topWhenResuming]
12-10 07:31:18.647 1507 1507 I GameModeConfig: isGameModeOn = true
12-10 07:31:18.647 1507 1507 I GameModeConfig: isGaming = false
12-10 07:31:18.648 1507 1507 I GameModeConfig: isGameModeOn = true
12-10 07:31:18.648 1507 1507 I GameModeConfig: isGaming = false
12-10 07:31:18.648 1507 1507 I GameModeConfig: isDisableVoice = true
12-10 07:31:18.648 8492 8492 D GameMode_GameSettingsObserver: Game Data change!!!! uri = content://com.thundercomm.gamemode.api/gamemode_settings/gamemode_isgaming
12-10 07:31:18.648 8492 8492 D GameModeIF_GameModeSettings: getUriFor setting_content_uri_root = content://com.thundercomm.gamemode.api/gamemode_settings , name = gamemode_isgaming
12-10 07:31:18.652 1507 1569 I input_focus: [Focus request b93fb8 com.android.documentsui/com.android.documentsui.files.FilesActivity,reason=UpdateInputWindows]
12-10 07:31:18.653 8492 8492 D GameMode_GameModeService: updateGlobalSettings = gamemode_isgaming
12-10 07:31:18.659 1507 1736 I input_focus: [Focus leaving 2cb1f5d com.android.launcher3/com.android.launcher3.uioverrides.QuickstepLauncher (server),reason=NO_WINDOW]
12-10 07:31:18.677 16873 16873 I wm_on_destroy_called: [187182589,com.android.documentsui.LauncherActivity,performDestroy]
12-10 07:31:18.678 1507 5493 I wm_task_removed: [177,removeChild:removeChild last r=ActivityRecord{b282dfd u0 com.android.documentsui/.LauncherActivity t-1 f}} in t=Task{40d29f #177 type=standard A=10031:com.android.documentsui U=0 visible=false mode=fullscreen translucent=true sz=0}]
12-10 07:31:18.678 1507 5493 I wm_task_removed: [177,removeChild]
12-10 07:31:18.684 1507 1564 I sysui_multi_action: [319,108,322,107,325,21127,757,761,758,8,759,2,806,com.android.documentsui,871,com.android.documentsui.files.FilesActivity,904,com.android.documentsui,905,0,1320,4,1321,1]
12-10 07:31:18.685 1507 1564 I wm_activity_launch_time: [0,3467339,com.android.documentsui/.files.FilesActivity,107]
12-10 07:31:18.685 1507 1568 I EventSequenceValidator: dec AccIntentStartedEvents to 1
12-10 07:31:18.685 1507 1564 I ActivityTaskManager: Displayed com.android.documentsui/.files.FilesActivity: +107ms
12-10 07:31:18.692 1507 1736 I input_focus: [Focus entering b93fb8 com.android.documentsui/com.android.documentsui.files.FilesActivity (server),reason=Window became focusable. Previous reason: NOT_VISIBLE]
12-10 07:31:18.722 16873 16873 D DefaultSelectionTracker: Ignoring onDataSetChange. No active selection.
12-10 07:31:18.735 8492 8504 I GameMode_ActivityMonitoringService: onTaskStackChanged
12-10 07:31:18.739 8492 8527 I GameMode_ActivityMonitoringService: Updating top task to: TaskInfoContainer [topActivity=ComponentInfo{com.android.documentsui/com.android.documentsui.files.FilesActivity}, taskId=176, stackId=176, userId=0, displayId=0, position=8
12-10 07:31:18.739 8492 8527 I GameMode_ActivityMonitoringService: Notifying about top task: TaskInfoContainer [topActivity=ComponentInfo{com.android.documentsui/com.android.documentsui.files.FilesActivity}, taskId=176, stackId=176, userId=0, displayId=0, position=8
12-10 07:31:18.739 8492 8527 E GameMode_ActivityMonitoringService: onActivityLaunch:com.android.documentsui
12-10 07:31:18.739 8492 8527 V GameMode_GameTypeUtils: judge isGame:com.android.documentsui
12-10 07:31:18.739 8492 8527 V GameMode_GpuUtils: fps:60
12-10 07:31:18.743 8492 8527 D GameMode_GameModeActionUtils: Show GameMode entry by service!
12-10 07:31:18.744 8492 8527 W ContextImpl: Calling a method in the system process without a qualified user: android.app.ContextImpl.startService:1816 android.content.ContextWrapper.startService:774 com.thundercomm.gamemode.ingame.services.GameModeActionUtils.startGameModeService:99 com.thundercomm.gamemode.ingame.services.GameModeActionUtils.startGameModeEntry:22 com.thundercomm.gamemode.ingame.services.ActivityMonitoringService$1.onActivityLaunch:127
12-10 07:31:18.746 8492 8527 D GameModeIF_GameModeSettings: getUriFor setting_content_uri_root = content://com.thundercomm.gamemode.api/gamemode_settings , name = gamemode_isgaming
12-10 07:31:18.746 8492 8492 D GameMode_GameModeService: type=hide_entry
12-10 07:31:18.749 8492 8492 D GameMode_GameSettingsObserver: Game Data change!!!! uri = content://com.thundercomm.gamemode.api/gamemode_settings/gamemode_isgaming
12-10 07:31:18.749 1507 1507 I GameModeConfig: Current uri is uri = content://com.thundercomm.gamemode.api/gamemode_settings/gamemode_isgaming
12-10 07:31:18.749 1507 1507 D GameModeIF_GameModeSettings: getUriFor setting_content_uri_root = content://com.thundercomm.gamemode.api/gamemode_settings , name = gamemode_isgaming
12-10 07:31:18.749 8492 8492 D GameModeIF_GameModeSettings: getUriFor setting_content_uri_root = content://com.thundercomm.gamemode.api/gamemode_settings , name = gamemode_isgaming
12-10 07:31:18.749 8492 8527 D GameModeIF_GameModeSettings: gamemode_isgaming set to 0
12-10 07:31:18.750 1507 1507 I GameModeConfig: isGameModeOn = true
12-10 07:31:18.750 1507 1507 I GameModeConfig: isGaming = false
12-10 07:31:18.750 1507 1507 I GameModeConfig: isGameModeOn = true
12-10 07:31:18.750 1507 1507 I GameModeConfig: isGaming = false
12-10 07:31:18.750 1507 1507 I GameModeConfig: isDisableVoice = true
12-10 07:31:18.752 8492 8492 D GameMode_GameModeService: updateGlobalSettings = gamemode_isgaming
12-10 07:31:18.914 1177 1177 I perfetto: ng_service_impl.cc:1821 FlushAndDisableTracing(14) done, success=1
12-10 07:31:18.915 1174 1174 I perfetto: probes_producer.cc:340 Producer stop (id=14)
12-10 07:31:18.915 1174 1174 I perfetto: ftrace_procfs.cc:213 disabled ftrace in /sys/kernel/tracing/
12-10 07:31:18.917 1177 1177 I perfetto: ng_service_impl.cc:2293 Tracing session 14 ended, total sessions:0
12-10 07:31:18.922 1166 16869 I iorapd : Perfetto TraceBuffer saved to file: /data/misc/iorapd/com.android.documentsui/31/com.android.documentsui.LauncherActivity/raw_traces/1670628678921199235.perfetto_trace.pb
12-10 07:31:18.996 2004 2004 W View : requestLayout() improperly called by android.widget.FrameLayout{4ff1723 I.E...... ......ID 0,0-780,179 #2bc} during second layout pass: posting in next frame
12-10 07:31:18.997 2004 2004 W View : requestLayout() improperly called by com.android.systemui.statusbar.AlphaOptimizedImageView{1a3e852 VFED..C.. ......ID 0,0-140,50} during second layout pass: posting in next frame
12-10 07:31:18.997 2004 2004 W View : requestLayout() improperly called by android.widget.FrameLayout{7e10fe2 I.E...... ......ID 0,0-780,179 #2bc} during second layout pass: posting in next frame
12-10 07:31:18.997 2004 2004 W View : requestLayout() improperly called by com.android.systemui.statusbar.AlphaOptimizedImageView{82960ad VFED..C.. ......ID 0,0-140,23} during second layout pass: posting in next frame
12-10 07:31:19.015 2004 2004 W View : requestLayout() improperly called by android.widget.FrameLayout{4ff1723 I.E...... ......ID 0,0-780,179 #2bc} during layout: running second layout pass
12-10 07:31:19.015 2004 2004 W View : requestLayout() improperly called by com.android.systemui.statusbar.AlphaOptimizedImageView{1a3e852 VFED..C.. ......ID 0,0-140,50} during layout: running second layout pass
12-10 07:31:19.015 2004 2004 W View : requestLayout() improperly called by android.widget.FrameLayout{7e10fe2 I.E...... ......ID 0,0-780,179 #2bc} during layout: running second layout pass
12-10 07:31:19.015 2004 2004 W View : requestLayout() improperly called by com.android.systemui.statusbar.AlphaOptimizedImageView{82960ad VFED..C.. ......ID 0,0-140,23} during layout: running second layout pass
12-10 07:31:19.019 2004 2004 W View : requestLayout() improperly called by android.widget.FrameLayout{4ff1723 I.E...... ......ID 0,0-780,179 #2bc} during second layout pass: posting in next frame
12-10 07:31:19.019 2004 2004 W View : requestLayout() improperly called by com.android.systemui.statusbar.AlphaOptimizedImageView{1a3e852 VFED..C.. ......ID 0,0-140,50} during second layout pass: posting in next frame
12-10 07:31:19.019 2004 2004 W View : requestLayout() improperly called by android.widget.FrameLayout{7e10fe2 I.E...... ......ID 0,0-780,179 #2bc} during second layout pass: posting in next frame
12-10 07:31:19.019 2004 2004 W View : requestLayout() improperly called by com.android.systemui.statusbar.AlphaOptimizedImageView{82960ad VFED..C.. ......ID 0,0-140,23} during second layout pass: posting in next frame
12-10 07:31:19.022 642 657 I mpu_uart: [MSG-P:RECV]:No message received in 1000 ms
12-10 07:31:19.029 2004 2004 W View : requestLayout() improperly called by android.widget.FrameLayout{4ff1723 I.E...... ......ID 0,0-780,179 #2bc} during layout: running second layout pass
12-10 07:31:19.029 2004 2004 W View : requestLayout() improperly called by com.android.systemui.statusbar.AlphaOptimizedImageView{1a3e852 VFED..C.. ......ID 0,0-140,50} during layout: running second layout pass
12-10 07:31:19.029 2004 2004 W View : requestLayout() improperly called by android.widget.FrameLayout{7e10fe2 I.E...... ......ID 0,0-780,179 #2bc} during layout: running second layout pass
12-10 07:31:19.030 2004 2004 W View : requestLayout() improperly called by com.android.systemui.statusbar.AlphaOptimizedImageView{82960ad VFED..C.. ......ID 0,0-140,23} during layout: running second layout pass
12-10 07:31:19.033 2004 2004 W View : requestLayout() improperly called by android.widget.FrameLayout{4ff1723 I.E...... ......ID 0,0-780,179 #2bc} during second layout pass: posting in next frame
12-10 07:31:19.033 2004 2004 W View : requestLayout() improperly called by com.android.systemui.statusbar.AlphaOptimizedImageView{1a3e852 VFED..C.. ......ID 0,0-140,50} during second layout pass: posting in next frame
12-10 07:31:19.033 2004 2004 W View : requestLayout() improperly called by android.widget.FrameLayout{7e10fe2 I.E...... ......ID 0,0-780,179 #2bc} during second layout pass: posting in next frame
12-10 07:31:19.033 2004 2004 W View : requestLayout() improperly called by com.android.systemui.statusbar.AlphaOptimizedImageView{82960ad VFED..C.. ......ID 0,0-140,23} during second layout pass: posting in next frame
12-10 07:31:19.044 2004 2004 W View : requestLayout() improperly called by android.widget.FrameLayout{4ff1723 I.E...... ......ID 0,0-780,179 #2bc} during layout: running second layout pass
12-10 07:31:19.044 2004 2004 W View : requestLayout() improperly called by com.android.systemui.statusbar.AlphaOptimizedImageView{1a3e852 VFED..C.. ......ID 0,0-140,50} during layout: running second layout pass
12-10 07:31:19.044 2004 2004 W View : requestLayout() improperly called by android.widget.FrameLayout{7e10fe2 I.E...... ......ID 0,0-780,179 #2bc} during layout: running second layout pass
12-10 07:31:19.044 2004 2004 W View : requestLayout() improperly called by com.android.systemui.statusbar.AlphaOptimizedImageView{82960ad VFED..C.. ......ID 0,0-140,23} during layout: running second layout pass
12-10 07:31:19.047 2004 2004 W View : requestLayout() improperly called by android.widget.FrameLayout{4ff1723 I.E...... ......ID 0,0-780,179 #2bc} during second layout pass: posting in next frame
12-10 07:31:19.048 2004 2004 W View : requestLayout() improperly called by com.android.systemui.statusbar.AlphaOptimizedImageView{1a3e852 VFED..C.. ......ID 0,0-140,50} during second layout pass: posting in next frame
12-10 07:31:19.048 2004 2004 W View : requestLayout() improperly called by android.widget.FrameLayout{7e10fe2 I.E...... ......ID 0,0-780,179 #2bc} during second layout pass: posting in next frame
12-10 07:31:19.048 2004 2004 W View : requestLayout() improperly called by com.android.systemui.statusbar.AlphaOptimizedImageView{82960ad VFED..C.. ......ID 0,0-140,23} during second layout pass: posting in next frame
12-10 07:31:19.060 2004 2004 W View : requestLayout() improperly called by android.widget.FrameLayout{4ff1723 I.E...... ......ID 0,0-780,179 #2bc} during layout: running second layout pass
12-10 07:31:19.061 2004 2004 W View : requestLayout() improperly called by com.android.systemui.statusbar.AlphaOptimizedImageView{1a3e852 VFED..C.. ......ID 0,0-140,50} during layout: running second layout pass
12-10 07:31:19.061 2004 2004 W View : requestLayout() improperly called by android.widget.FrameLayout{7e10fe2 I.E...... ......ID 0,0-780,179 #2bc} during layout: running second layout pass
12-10 07:31:19.061 2004 2004 W View : requestLayout() improperly called by com.android.systemui.statusbar.AlphaOptimizedImageView{82960ad VFED..C.. ......ID 0,0-140,23} during layout: running second layout pass
12-10 07:31:19.065 2004 2004 W View : requestLayout() improperly called by android.widget.FrameLayout{4ff1723 I.E...... ......ID 0,0-780,179 #2bc} during second layout pass: posting in next frame
12-10 07:31:19.065 2004 2004 W View : requestLayout() improperly called by com.android.systemui.statusbar.AlphaOptimizedImageView{1a3e852 VFED..C.. ......ID 0,0-140,50} during second layout pass: posting in next frame
12-10 07:31:19.065 2004 2004 W View : requestLayout() improperly called by android.widget.FrameLayout{7e10fe2 I.E...... ......ID 0,0-780,179 #2bc} during second layout pass: posting in next frame
12-10 07:31:19.065 2004 2004 W View : requestLayout() improperly called by com.android.systemui.statusbar.AlphaOptimizedImageView{82960ad VFED..C.. ......ID 0,0-140,23} during second layout pass: posting in next frame
12-10 07:31:19.080 2004 2004 W View : requestLayout() improperly called by android.widget.FrameLayout{4ff1723 I.E...... ......ID 0,0-780,179 #2bc} during layout: running second layout pass
12-10 07:31:19.080 2004 2004 W View : requestLayout() improperly called by com.android.systemui.statusbar.AlphaOptimizedImageView{1a3e852 VFED..C.. ......ID 0,0-140,50} during layout: running second layout pass
12-10 07:31:19.080 2004 2004 W View : requestLayout() improperly called by android.widget.FrameLayout{7e10fe2 I.E...... ......ID 0,0-780,179 #2bc} during layout: running second layout pass
12-10 07:31:19.081 2004 2004 W View : requestLayout() improperly called by com.android.systemui.statusbar.AlphaOptimizedImageView{82960ad VFED..C.. ......ID 0,0-140,23} during layout: running second layout pass
12-10 07:31:19.083 2004 2004 W View : requestLayout() improperly called by android.widget.FrameLayout{4ff1723 I.E...... ......ID 0,0-780,179 #2bc} during second layout pass: posting in next frame
12-10 07:31:19.083 2004 2004 W View : requestLayout() improperly called by com.android.systemui.statusbar.AlphaOptimizedImageView{1a3e852 VFED..C.. ......ID 0,0-140,50} during second layout pass: posting in next frame
12-10 07:31:19.083 2004 2004 W View : requestLayout() improperly called by android.widget.FrameLayout{7e10fe2 I.E...... ......ID 0,0-780,179 #2bc} during second layout pass: posting in next frame
12-10 07:31:19.083 2004 2004 W View : requestLayout() improperly called by com.android.systemui.statusbar.AlphaOptimizedImageView{82960ad VFED..C.. ......ID 0,0-140,23} during second layout pass: posting in next frame
12-10 07:31:19.098 2004 2004 W View : requestLayout() improperly called by android.widget.FrameLayout{4ff1723 I.E...... ......ID 0,0-780,179 #2bc} during layout: running second layout pass
12-10 07:31:19.098 2004 2004 W View : requestLayout() improperly called by com.android.systemui.statusbar.AlphaOptimizedImageView{1a3e852 VFED..C.. ......ID 0,0-140,50} during layout: running second layout pass
12-10 07:31:19.098 2004 2004 W View : requestLayout() improperly called by android.widget.FrameLayout{7e10fe2 I.E...... ......ID 0,0-780,179 #2bc} during layout: running second layout pass
12-10 07:31:19.098 2004 2004 W View : requestLayout() improperly called by com.android.systemui.statusbar.AlphaOptimizedImageView{82960ad VFED..C.. ......ID 0,0-140,23} during layout: running second layout pass
12-10 07:31:19.100 2004 2004 W View : requestLayout() improperly called by android.widget.FrameLayout{4ff1723 I.E...... ......ID 0,0-780,179 #2bc} during second layout pass: posting in next frame
12-10 07:31:19.100 2004 2004 W View : requestLayout() improperly called by com.android.systemui.statusbar.AlphaOptimizedImageView{1a3e852 VFED..C.. ......ID 0,0-140,50} during second layout pass: posting in next frame
12-10 07:31:19.100 2004 2004 W View : requestLayout() improperly called by android.widget.FrameLayout{7e10fe2 I.E...... ......ID 0,0-780,179 #2bc} during second layout pass: posting in next frame
