12-10 07:03:36.155 0 0 I auditd : type=1400 audit(0.0:20912): avc: denied { kill } for comm="swapper/2" capability=5 scontext=u:r:kernel:s0 tcontext=u:r:kernel:s0 tclass=capability permissive=0
12-10 07:03:37.155 0 0 I auditd : type=1400 audit(0.0:20913): avc: denied { kill } for comm="swapper/2" capability=5 scontext=u:r:kernel:s0 tcontext=u:r:kernel:s0 tclass=capability permissive=0
12-10 07:03:38.155 0 0 I auditd : type=1400 audit(0.0:20914): avc: denied { kill } for comm="swapper/2" capability=5 scontext=u:r:kernel:s0 tcontext=u:r:kernel:s0 tclass=capability permissive=0
12-10 07:03:39.155 0 0 I auditd : type=1400 audit(0.0:20915): avc: denied { kill } for comm="swapper/2" capability=5 scontext=u:r:kernel:s0 tcontext=u:r:kernel:s0 tclass=capability permissive=0
12-10 07:03:40.155 0 0 I auditd : type=1400 audit(0.0:20916): avc: denied { kill } for comm="swapper/2" capability=5 scontext=u:r:kernel:s0 tcontext=u:r:kernel:s0 tclass=capability permissive=0
12-10 07:03:41.155 0 0 I auditd : type=1400 audit(0.0:20917): avc: denied { kill } for comm="swapper/2" capability=5 scontext=u:r:kernel:s0 tcontext=u:r:kernel:s0 tclass=capability permissive=0
12-10 07:03:42.155 0 0 I auditd : type=1400 audit(0.0:20918): avc: denied { kill } for comm="swapper/2" capability=5 scontext=u:r:kernel:s0 tcontext=u:r:kernel:s0 tclass=capability permissive=0
12-10 07:03:43.155 0 0 I auditd : type=1400 audit(0.0:20919): avc: denied { kill } for comm="swapper/2" capability=5 scontext=u:r:kernel:s0 tcontext=u:r:kernel:s0 tclass=capability permissive=0
12-10 07:03:44.155 0 0 I auditd : type=1400 audit(0.0:20920): avc: denied { kill } for comm="swapper/2" capability=5 scontext=u:r:kernel:s0 tcontext=u:r:kernel:s0 tclass=capability permissive=0
12-10 07:03:45.155 0 0 I auditd : type=1400 audit(0.0:20921): avc: denied { kill } for comm="swapper/2" capability=5 scontext=u:r:kernel:s0 tcontext=u:r:kernel:s0 tclass=capability permissive=0
12-10 07:03:46.155 0 0 I auditd : type=1400 audit(0.0:20922): avc: denied { kill } for comm="swapper/2" capability=5 scontext=u:r:kernel:s0 tcontext=u:r:kernel:s0 tclass=capability permissive=0
12-10 07:03:47.155 0 0 I auditd : type=1400 audit(0.0:20923): avc: denied { kill } for comm="swapper/2" capability=5 scontext=u:r:kernel:s0 tcontext=u:r:kernel:s0 tclass=capability permissive=0
12-10 07:03:48.155 0 0 I auditd : type=1400 audit(0.0:20924): avc: denied { kill } for comm="swapper/2" capability=5 scontext=u:r:kernel:s0 tcontext=u:r:kernel:s0 tclass=capability permissive=0
12-10 07:03:49.155 0 0 I auditd : type=1400 audit(0.0:20925): avc: denied { kill } for comm="swapper/2" capability=5 scontext=u:r:kernel:s0 tcontext=u:r:kernel:s0 tclass=capability permissive=0
12-10 07:03:50.155 0 0 I auditd : type=1400 audit(0.0:20926): avc: denied { kill } for comm="swapper/2" capability=5 scontext=u:r:kernel:s0 tcontext=u:r:kernel:s0 tclass=capability permissive=0
12-10 07:03:51.155 0 0 I auditd : type=1400 audit(0.0:20927): avc: denied { kill } for comm="swapper/2" capability=5 scontext=u:r:kernel:s0 tcontext=u:r:kernel:s0 tclass=capability permissive=0
12-10 07:03:52.155 0 0 I auditd : type=1400 audit(0.0:20928): avc: denied { kill } for comm="swapper/2" capability=5 scontext=u:r:kernel:s0 tcontext=u:r:kernel:s0 tclass=capability permissive=0
12-10 07:03:53.155 0 0 I auditd : type=1400 audit(0.0:20929): avc: denied { kill } for comm="swapper/2" capability=5 scontext=u:r:kernel:s0 tcontext=u:r:kernel:s0 tclass=capability permissive=0
12-10 07:03:54.155 0 0 I auditd : type=1400 audit(0.0:20930): avc: denied { kill } for comm="swapper/2" capability=5 scontext=u:r:kernel:s0 tcontext=u:r:kernel:s0 tclass=capability permissive=0
12-10 07:03:55.155 0 0 I auditd : type=1400 audit(0.0:20931): avc: denied { kill } for comm="swapper/2" capability=5 scontext=u:r:kernel:s0 tcontext=u:r:kernel:s0 tclass=capability permissive=0
12-10 07:03:56.155 0 0 I auditd : type=1400 audit(0.0:20932): avc: denied { kill } for comm="swapper/2" capability=5 scontext=u:r:kernel:s0 tcontext=u:r:kernel:s0 tclass=capability permissive=0
12-10 07:03:57.155 0 0 I auditd : type=1400 audit(0.0:20933): avc: denied { kill } for comm="swapper/2" capability=5 scontext=u:r:kernel:s0 tcontext=u:r:kernel:s0 tclass=capability permissive=0
12-10 07:03:58.155 0 0 I auditd : type=1400 audit(0.0:20934): avc: denied { kill } for comm="swapper/2" capability=5 scontext=u:r:kernel:s0 tcontext=u:r:kernel:s0 tclass=capability permissive=0
12-10 07:03:59.155 0 0 I auditd : type=1400 audit(0.0:20935): avc: denied { kill } for comm="swapper/2" capability=5 scontext=u:r:kernel:s0 tcontext=u:r:kernel:s0 tclass=capability permissive=0
12-10 07:04:00.155 0 0 I auditd : type=1400 audit(0.0:20936): avc: denied { kill } for comm="swapper/2" capability=5 scontext=u:r:kernel:s0 tcontext=u:r:kernel:s0 tclass=capability permissive=0
12-10 07:04:02.155 0 0 I auditd : type=1400 audit(0.0:20937): avc: denied { kill } for comm="swapper/2" capability=5 scontext=u:r:kernel:s0 tcontext=u:r:kernel:s0 tclass=capability permissive=0
12-10 07:04:03.155 0 0 I auditd : type=1400 audit(0.0:20938): avc: denied { kill } for comm="swapper/2" capability=5 scontext=u:r:kernel:s0 tcontext=u:r:kernel:s0 tclass=capability permissive=0
12-10 07:04:04.155 0 0 I auditd : type=1400 audit(0.0:20939): avc: denied { kill } for comm="swapper/2" capability=5 scontext=u:r:kernel:s0 tcontext=u:r:kernel:s0 tclass=capability permissive=0
12-10 07:04:05.155 0 0 I auditd : type=1400 audit(0.0:20940): avc: denied { kill } for comm="swapper/2" capability=5 scontext=u:r:kernel:s0 tcontext=u:r:kernel:s0 tclass=capability permissive=0
12-10 07:04:06.155 0 0 I auditd : type=1400 audit(0.0:20941): avc: denied { kill } for comm="swapper/2" capability=5 scontext=u:r:kernel:s0 tcontext=u:r:kernel:s0 tclass=capability permissive=0
12-10 07:04:07.155 0 0 I auditd : type=1400 audit(0.0:20942): avc: denied { kill } for comm="swapper/2" capability=5 scontext=u:r:kernel:s0 tcontext=u:r:kernel:s0 tclass=capability permissive=0
12-10 07:04:08.155 0 0 I auditd : type=1400 audit(0.0:20943): avc: denied { kill } for comm="swapper/2" capability=5 scontext=u:r:kernel:s0 tcontext=u:r:kernel:s0 tclass=capability permissive=0
12-10 07:04:09.155 0 0 I auditd : type=1400 audit(0.0:20944): avc: denied { kill } for comm="swapper/2" capability=5 scontext=u:r:kernel:s0 tcontext=u:r:kernel:s0 tclass=capability permissive=0
12-10 07:04:10.155 0 0 I auditd : type=1400 audit(0.0:20945): avc: denied { kill } for comm="swapper/2" capability=5 scontext=u:r:kernel:s0 tcontext=u:r:kernel:s0 tclass=capability permissive=0
12-10 07:04:11.155 0 0 I auditd : type=1400 audit(0.0:20946): avc: denied { kill } for comm="swapper/2" capability=5 scontext=u:r:kernel:s0 tcontext=u:r:kernel:s0 tclass=capability permissive=0
12-10 07:04:13.155 0 0 I auditd : type=1400 audit(0.0:20947): avc: denied { kill } for comm="swapper/2" capability=5 scontext=u:r:kernel:s0 tcontext=u:r:kernel:s0 tclass=capability permissive=0
12-10 07:04:14.155 0 0 I auditd : type=1400 audit(0.0:20948): avc: denied { kill } for comm="swapper/2" capability=5 scontext=u:r:kernel:s0 tcontext=u:r:kernel:s0 tclass=capability permissive=0
12-10 07:04:15.155 0 0 I auditd : type=1400 audit(0.0:20949): avc: denied { kill } for comm="swapper/2" capability=5 scontext=u:r:kernel:s0 tcontext=u:r:kernel:s0 tclass=capability permissive=0
12-10 07:04:16.155 0 0 I auditd : type=1400 audit(0.0:20950): avc: denied { kill } for comm="swapper/2" capability=5 scontext=u:r:kernel:s0 tcontext=u:r:kernel:s0 tclass=capability permissive=0
12-10 07:04:17.155 0 0 I auditd : type=1400 audit(0.0:20951): avc: denied { kill } for comm="swapper/2" capability=5 scontext=u:r:kernel:s0 tcontext=u:r:kernel:s0 tclass=capability permissive=0
12-10 07:04:18.155 0 0 I auditd : type=1400 audit(0.0:20952): avc: denied { kill } for comm="swapper/2" capability=5 scontext=u:r:kernel:s0 tcontext=u:r:kernel:s0 tclass=capability permissive=0
12-10 07:04:19.155 0 0 I auditd : type=1400 audit(0.0:20953): avc: denied { kill } for comm="swapper/2" capability=5 scontext=u:r:kernel:s0 tcontext=u:r:kernel:s0 tclass=capability permissive=0
12-10 07:04:20.155 0 0 I auditd : type=1400 audit(0.0:20954): avc: denied { kill } for comm="swapper/2" capability=5 scontext=u:r:kernel:s0 tcontext=u:r:kernel:s0 tclass=capability permissive=0
12-10 07:04:21.155 0 0 I auditd : type=1400 audit(0.0:20955): avc: denied { kill } for comm="swapper/2" capability=5 scontext=u:r:kernel:s0 tcontext=u:r:kernel:s0 tclass=capability permissive=0
12-10 07:04:22.155 0 0 I auditd : type=1400 audit(0.0:20956): avc: denied { kill } for comm="swapper/2" capability=5 scontext=u:r:kernel:s0 tcontext=u:r:kernel:s0 tclass=capability permissive=0
12-10 07:04:22.736 1507 1736 I input_interaction: Interaction with: 67984c6 com.thundercomm.screensaver/android.service.dreams.DreamActivity (server), edge-swipe (server), swipe-up (server), PointerEventDispatcher0 (server),
12-10 07:04:22.740 1507 1527 I wm_finish_activity: [0,209932572,167,com.thundercomm.screensaver/android.service.dreams.DreamActivity,finish-activity]
12-10 07:04:22.740 1507 1527 I wm_task_moved: [166,1,8]
12-10 07:04:22.740 1507 1527 I wm_task_to_front: [0,166]
12-10 07:04:22.741 1507 1527 I wm_set_resumed_activity: [0,com.android.gallery3d/.app.GalleryActivity,positionChildAt]
12-10 07:04:22.741 1507 1527 I wm_focused_root_task: [0,0,166,167,finish-top adjustFocusToNextFocusableTask]
12-10 07:04:22.742 1507 1527 I wm_set_resumed_activity: [0,com.android.gallery3d/.app.GalleryActivity,finish-top]
12-10 07:04:22.743 1507 1527 I wm_pause_activity: [0,209932572,com.thundercomm.screensaver/android.service.dreams.DreamActivity,userLeaving=false,finish]
12-10 07:04:22.744 1507 1527 W WindowManager: updateScale0.7996942
12-10 07:04:22.753 1507 1527 I DreamManagerService: Gently waking up from dream.
12-10 07:04:22.754 1507 1564 I DreamManagerService: Performing gentle wake from dream.
12-10 07:04:22.754 14020 14020 I wm_on_top_resumed_lost_called: [209932572,android.service.dreams.DreamActivity,topStateChangedWhenResumed]
12-10 07:04:22.755 1507 1568 I sysui_multi_action: [757,803,799,window_time_0,802,324]
12-10 07:04:22.756 14020 14020 I wm_on_paused_called: [209932572,android.service.dreams.DreamActivity,performPause]
12-10 07:04:22.756 15614 15614 I wm_on_top_resumed_gained_called: [247500436,com.android.gallery3d.app.GalleryActivity,topStateChangedWhenResumed]
12-10 07:04:22.758 1507 1527 I ActivityTaskManager: FOREGROUND_APPLICATION_CHANGED to com.android.launcher3.uioverrides.QuickstepLauncher
12-10 07:04:22.763 1507 1527 I wm_resume_activity: [0,142082565,27,com.android.launcher3/.uioverrides.QuickstepLauncher]
12-10 07:04:22.764 1507 1527 I ActivityTaskManager: FOREGROUND_APPLICATION_CHANGED to com.android.gallery3d.app.GalleryActivity
12-10 07:04:22.765 1507 1527 W WindowManager: updateScale0.7996942
12-10 07:04:22.769 1507 1527 W WindowManager: updateScale0.7996942
12-10 07:04:22.771 1507 6850 W WindowManager: updateScale0.7996942
12-10 07:04:22.778 2526 2526 I wm_on_restart_called: [142082565,com.android.launcher3.uioverrides.QuickstepLauncher,performRestartActivity]
12-10 07:04:22.778 1507 1569 I input_focus: [Focus request f0e167e com.android.gallery3d/com.android.gallery3d.app.GalleryActivity,reason=UpdateInputWindows]
12-10 07:04:22.779 1507 1569 W WindowManager: updateScale0.7996942
12-10 07:04:22.779 2526 2526 I wm_on_start_called: [142082565,com.android.launcher3.uioverrides.QuickstepLauncher,handleStartActivity]
12-10 07:04:22.780 1507 1569 W WindowManager: updateScale0.7996942
12-10 07:04:22.782 2526 2526 I wm_on_resume_called: [142082565,com.android.launcher3.uioverrides.QuickstepLauncher,RESUME_ACTIVITY]
12-10 07:04:22.783 1507 1736 I input_focus: [Focus leaving 67984c6 com.thundercomm.screensaver/android.service.dreams.DreamActivity (server),reason=NO_WINDOW]
12-10 07:04:22.784 1507 1736 I input_focus: [Focus entering f0e167e com.android.gallery3d/com.android.gallery3d.app.GalleryActivity (server),reason=setFocusedWindow]
12-10 07:04:22.784 14020 14020 I view_enqueue_input_event: [Motion - Cancel,com.thundercomm.screensaver/android.service.dreams.DreamActivity]
12-10 07:04:22.788 1507 1568 I sysui_multi_action: [757,803,799,window_time_2,802,0]
12-10 07:04:22.788 1507 1568 W WindowManager: updateScale0.7996942
12-10 07:04:22.790 8492 8527 W ContextImpl: Calling a method in the system process without a qualified user: android.app.ContextImpl.startService:1816 android.content.ContextWrapper.startService:774 com.thundercomm.gamemode.ingame.services.GameModeActionUtils.startGameModeService:99 com.thundercomm.gamemode.ingame.services.GameModeActionUtils.startGameModeEntry:22 com.thundercomm.gamemode.ingame.services.ActivityMonitoringService$1.onActivityLaunch:127
12-10 07:04:22.791 1507 1568 W WindowManager: updateScale0.7996942
12-10 07:04:22.797 1507 1507 I GameModeConfig: Current uri is uri = content://com.thundercomm.gamemode.api/gamemode_settings/gamemode_isgaming
12-10 07:04:22.798 1507 1507 I am_uid_active: 10068
12-10 07:04:22.804 1507 1527 W WindowManager: updateScale0.7996942
12-10 07:04:22.804 1507 1507 I GameModeConfig: isGameModeOn = true
12-10 07:04:22.804 1507 1507 I GameModeConfig: isGaming = false
12-10 07:04:22.804 1507 1507 I GameModeConfig: isGameModeOn = true
12-10 07:04:22.804 1507 1507 I GameModeConfig: isGaming = false
12-10 07:04:22.804 1507 1507 I GameModeConfig: isDisableVoice = true
12-10 07:04:22.806 8492 8527 W ContextImpl: Calling a method in the system process without a qualified user: android.app.ContextImpl.startService:1816 android.content.ContextWrapper.startService:774 com.thundercomm.gamemode.ingame.services.GameModeActionUtils.startGameModeService:99 com.thundercomm.gamemode.ingame.services.GameModeActionUtils.startGameModeEntry:22 com.thundercomm.gamemode.ingame.services.ActivityMonitoringService$1.onActivityLaunch:127
12-10 07:04:22.809 1507 1507 I GameModeConfig: Current uri is uri = content://com.thundercomm.gamemode.api/gamemode_settings/gamemode_isgaming
12-10 07:04:22.812 1507 1507 I GameModeConfig: isGameModeOn = true
12-10 07:04:22.812 1507 1507 I GameModeConfig: isGaming = false
12-10 07:04:22.816 1507 1507 I GameModeConfig: isGameModeOn = true
12-10 07:04:22.816 1507 1507 I GameModeConfig: isGaming = false
12-10 07:04:22.816 1507 1507 I GameModeConfig: isDisableVoice = true
12-10 07:04:22.839 1507 1569 W WindowManager: updateScale0.7996942
12-10 07:04:22.845 1507 1569 W WindowManager: updateScale0.7996942
12-10 07:04:22.847 1507 1569 W WindowManager: updateScale0.7996942
12-10 07:04:22.872 8492 8527 W ContextImpl: Calling a method in the system process without a qualified user: android.app.ContextImpl.startService:1816 android.content.ContextWrapper.startService:774 com.thundercomm.gamemode.ingame.services.GameModeActionUtils.startGameModeService:99 com.thundercomm.gamemode.ingame.services.GameModeActionUtils.startGameModeEntry:22 com.thundercomm.gamemode.ingame.services.ActivityMonitoringService$1.onActivityLaunch:127
12-10 07:04:22.876 1507 1613 I PowerManagerService: Powering on display group fromDreaming (groupId=0, uid=1000, reason=WAKE_REASON_UNKNOWN, details=android.server.power:DREAM_FINISHED)...
12-10 07:04:22.876 1507 1613 I PowerManagerService: Waking up from Dreaming (uid=1000, reason=WAKE_REASON_UNKNOWN, details=android.server.power:DREAM_FINISHED)...
12-10 07:04:22.877 1507 6699 I wm_destroy_activity: [0,209932572,167,com.thundercomm.screensaver/android.service.dreams.DreamActivity,finish-idle]
12-10 07:04:22.885 1507 1507 I GameModeConfig: Current uri is uri = content://com.thundercomm.gamemode.api/gamemode_settings/gamemode_isgaming
12-10 07:04:22.887 14020 14020 I wm_on_stop_called: [209932572,android.service.dreams.DreamActivity,LIFECYCLER_STOP_ACTIVITY]
12-10 07:04:22.888 14020 14020 I wm_on_destroy_called: [209932572,android.service.dreams.DreamActivity,performDestroy]
12-10 07:04:22.889 1507 1507 I GameModeConfig: isGameModeOn = true
12-10 07:04:22.889 1507 1507 I GameModeConfig: isGaming = false
12-10 07:04:22.889 1507 1507 I GameModeConfig: isGameModeOn = true
12-10 07:04:22.889 1507 1507 I GameModeConfig: isGaming = false
12-10 07:04:22.889 1507 1507 I GameModeConfig: isDisableVoice = true
12-10 07:04:22.891 1507 6699 I DreamManagerService: Leaving dreamland.
12-10 07:04:22.892 1507 1564 I DreamManagerService: Performing gentle wake from dream.
12-10 07:04:22.892 1507 1564 I DreamController: Stopping dream: name=ComponentInfo{com.thundercomm.screensaver/com.thundercomm.saverclock.service.ClockScreensaver}, isTest=false, canDoze=false, userId=0, reason='finished self'(from 'finished self')
12-10 07:04:22.892 1507 1564 I sysui_multi_action: [757,222,758,2]
12-10 07:04:22.892 1507 1564 I sysui_multi_action: [757,804,799,dreaming_minutes,801,5,802,1]
12-10 07:04:22.896 1507 6699 W WindowManager: updateScale0.7996942
12-10 07:04:22.901 1507 1581 I am_pss : [15614,10066,com.android.gallery3d,53364736,47325184,0,170827776,0,2,8]
12-10 07:04:22.908 1507 1581 I am_pss : [16198,10090,com.android.music,6895616,4669440,0,90632192,0,19,5]
12-10 07:04:22.916 1507 1581 I am_pss : [16199,10065,com.android.calendar,6522880,4108288,0,91385856,0,19,5]
12-10 07:04:23.098 1507 1569 W WindowManager: updateScale0.7996942
12-10 07:04:23.102 1507 1569 W WindowManager: updateScale0.7996942
12-10 07:04:23.104 1507 1569 W WindowManager: updateScale0.7996942
12-10 07:04:23.106 1507 1569 W WindowManager: updateScale0.7996942
12-10 07:04:23.110 1507 1569 I wm_task_removed: [167,removeChild:removeChild last r=ActivityRecord{c83511c u0 com.thundercomm.screensaver/android.service.dreams.DreamActivity t-1 f}} in t=Task{2752577 #167 type=dream A=10052:android:com.thundercomm.screensaver/dream U=0 visible=false mode=fullscreen translucent=true sz=0}]
12-10 07:04:23.110 1507 1569 I wm_task_removed: [167,removeChild]
12-10 07:04:23.112 1507 1569 W ActivityTaskManager: Can't find TaskDisplayArea to determine support for multi window. Task id=167 attached=false
12-10 07:04:23.155 0 0 I auditd : type=1400 audit(0.0:20957): avc: denied { kill } for comm="swapper/2" capability=5 scontext=u:r:kernel:s0 tcontext=u:r:kernel:s0 tclass=capability permissive=0
12-10 07:04:25.155 0 0 I auditd : type=1400 audit(0.0:20958): avc: denied { kill } for comm="swapper/2" capability=5 scontext=u:r:kernel:s0 tcontext=u:r:kernel:s0 tclass=capability permissive=0
12-10 07:04:26.155 0 0 I auditd : type=1400 audit(0.0:20959): avc: denied { kill } for comm="swapper/2" capability=5 scontext=u:r:kernel:s0 tcontext=u:r:kernel:s0 tclass=capability permissive=0
12-10 07:04:27.155 0 0 I auditd : type=1400 audit(0.0:20960): avc: denied { kill } for comm="swapper/2" capability=5 scontext=u:r:kernel:s0 tcontext=u:r:kernel:s0 tclass=capability permissive=0
12-10 07:04:27.535 1507 1736 I input_interaction: Interaction with: f0e167e com.android.gallery3d/com.android.gallery3d.app.GalleryActivity (server), edge-swipe (server), swipe-up (server), PointerEventDispatcher0 (server),
12-10 07:04:28.050 1507 1568 W WindowManager: updateScale0.4617737
12-10 07:04:28.052 1507 1568 I wm_relaunch_resume_activity: [0,247500436,166,com.android.gallery3d/.app.GalleryActivity]
12-10 07:04:28.054 1507 1568 W WindowManager: updateScale0.4617737
12-10 07:04:28.056 15614 15614 I wm_on_top_resumed_lost_called: [247500436,com.android.gallery3d.app.GalleryActivity,pausing]
12-10 07:04:28.075 15614 15614 I wm_on_paused_called: [247500436,com.android.gallery3d.app.GalleryActivity,performPause]
12-10 07:04:28.075 15614 15614 I wm_on_stop_called: [247500436,com.android.gallery3d.app.GalleryActivity,handleRelaunchActivity]
12-10 07:04:28.078 15614 15614 I wm_on_destroy_called: [247500436,com.android.gallery3d.app.GalleryActivity,performDestroy]
12-10 07:04:28.105 15614 15614 I wm_on_create_called: [247500436,com.android.gallery3d.app.GalleryActivity,performCreate]
12-10 07:04:28.107 15614 15614 I wm_on_start_called: [247500436,com.android.gallery3d.app.GalleryActivity,handleStartActivity]
12-10 07:04:28.118 15614 15614 I wm_on_resume_called: [247500436,com.android.gallery3d.app.GalleryActivity,RESUME_ACTIVITY]
12-10 07:04:28.118 15614 15614 I wm_on_top_resumed_gained_called: [247500436,com.android.gallery3d.app.GalleryActivity,topWhenResuming]
12-10 07:04:28.125 1507 9362 W WindowManager: updateScale0.4617737
12-10 07:04:28.126 1507 9362 W WindowManager: updateScale0.4617737
12-10 07:04:28.141 1507 1527 I WindowManager: finishDrawing of relaunch: Window{f0e167e u0 com.android.gallery3d/com.android.gallery3d.app.GalleryActivity} 88ms
12-10 07:04:29.155 0 0 I auditd : type=1400 audit(0.0:20961): avc: denied { kill } for comm="swapper/1" capability=5 scontext=u:r:kernel:s0 tcontext=u:r:kernel:s0 tclass=capability permissive=0
12-10 07:04:30.155 0 0 I auditd : type=1400 audit(0.0:20962): avc: denied { kill } for comm="swapper/1" capability=5 scontext=u:r:kernel:s0 tcontext=u:r:kernel:s0 tclass=capability permissive=0
12-10 07:04:31.155 0 0 I auditd : type=1400 audit(0.0:20963): avc: denied { kill } for comm="swapper/1" capability=5 scontext=u:r:kernel:s0 tcontext=u:r:kernel:s0 tclass=capability permissive=0
12-10 07:04:32.155 0 0 I auditd : type=1400 audit(0.0:20964): avc: denied { kill } for comm="swapper/1" capability=5 scontext=u:r:kernel:s0 tcontext=u:r:kernel:s0 tclass=capability permissive=0
12-10 07:04:33.155 0 0 I auditd : type=1400 audit(0.0:20965): avc: denied { kill } for comm="swapper/1" capability=5 scontext=u:r:kernel:s0 tcontext=u:r:kernel:s0 tclass=capability permissive=0
12-10 07:04:34.155 0 0 I auditd : type=1400 audit(0.0:20966): avc: denied { kill } for comm="swapper/1" capability=5 scontext=u:r:kernel:s0 tcontext=u:r:kernel:s0 tclass=capability permissive=0
12-10 07:04:35.155 0 0 I auditd : type=1400 audit(0.0:20967): avc: denied { kill } for comm="swapper/1" capability=5 scontext=u:r:kernel:s0 tcontext=u:r:kernel:s0 tclass=capability permissive=0
12-10 07:04:36.155 0 0 I auditd : type=1400 audit(0.0:20968): avc: denied { kill } for comm="swapper/1" capability=5 scontext=u:r:kernel:s0 tcontext=u:r:kernel:s0 tclass=capability permissive=0
12-10 07:04:37.155 0 0 I auditd : type=1400 audit(0.0:20969): avc: denied { kill } for comm="swapper/1" capability=5 scontext=u:r:kernel:s0 tcontext=u:r:kernel:s0 tclass=capability permissive=0
12-10 07:04:38.155 0 0 I auditd : type=1400 audit(0.0:20970): avc: denied { kill } for comm="swapper/1" capability=5 scontext=u:r:kernel:s0 tcontext=u:r:kernel:s0 tclass=capability permissive=0
12-10 07:04:39.155 0 0 I auditd : type=1400 audit(0.0:20971): avc: denied { kill } for comm="swapper/1" capability=5 scontext=u:r:kernel:s0 tcontext=u:r:kernel:s0 tclass=capability permissive=0
12-10 07:04:40.155 0 0 I auditd : type=1400 audit(0.0:20972): avc: denied { kill } for comm="swapper/1" capability=5 scontext=u:r:kernel:s0 tcontext=u:r:kernel:s0 tclass=capability permissive=0
12-10 07:04:41.155 0 0 I auditd : type=1400 audit(0.0:20973): avc: denied { kill } for comm="swapper/1" capability=5 scontext=u:r:kernel:s0 tcontext=u:r:kernel:s0 tclass=capability permissive=0
12-10 07:04:42.155 0 0 I auditd : type=1400 audit(0.0:20974): avc: denied { kill } for comm="swapper/1" capability=5 scontext=u:r:kernel:s0 tcontext=u:r:kernel:s0 tclass=capability permissive=0
12-10 07:04:43.155 0 0 I auditd : type=1400 audit(0.0:20975): avc: denied { kill } for comm="swapper/1" capability=5 scontext=u:r:kernel:s0 tcontext=u:r:kernel:s0 tclass=capability permissive=0
12-10 07:04:44.155 0 0 I auditd : type=1400 audit(0.0:20976): avc: denied { kill } for comm="swapper/1" capability=5 scontext=u:r:kernel:s0 tcontext=u:r:kernel:s0 tclass=capability permissive=0
12-10 07:04:45.155 0 0 I auditd : type=1400 audit(0.0:20977): avc: denied { kill } for comm="swapper/1" capability=5 scontext=u:r:kernel:s0 tcontext=u:r:kernel:s0 tclass=capability permissive=0
12-10 07:04:46.155 0 0 I auditd : type=1400 audit(0.0:20978): avc: denied { kill } for comm="swapper/1" capability=5 scontext=u:r:kernel:s0 tcontext=u:r:kernel:s0 tclass=capability permissive=0
12-10 07:04:47.155 0 0 I auditd : type=1400 audit(0.0:20979): avc: denied { kill } for comm="swapper/1" capability=5 scontext=u:r:kernel:s0 tcontext=u:r:kernel:s0 tclass=capability permissive=0
12-10 07:04:48.155 0 0 I auditd : type=1400 audit(0.0:20980): avc: denied { kill } for comm="swapper/1" capability=5 scontext=u:r:kernel:s0 tcontext=u:r:kernel:s0 tclass=capability permissive=0
12-10 07:04:49.155 0 0 I auditd : type=1400 audit(0.0:20981): avc: denied { kill } for comm="swapper/1" capability=5 scontext=u:r:kernel:s0 tcontext=u:r:kernel:s0 tclass=capability permissive=0
12-10 07:04:50.155 0 0 I auditd : type=1400 audit(0.0:20982): avc: denied { kill } for comm="swapper/1" capability=5 scontext=u:r:kernel:s0 tcontext=u:r:kernel:s0 tclass=capability permissive=0
12-10 07:04:51.155 0 0 I auditd : type=1400 audit(0.0:20983): avc: denied { kill } for comm="swapper/1" capability=5 scontext=u:r:kernel:s0 tcontext=u:r:kernel:s0 tclass=capability permissive=0
12-10 07:04:52.155 0 0 I auditd : type=1400 audit(0.0:20984): avc: denied { kill } for comm="swapper/1" capability=5 scontext=u:r:kernel:s0 tcontext=u:r:kernel:s0 tclass=capability permissive=0
12-10 07:04:53.155 0 0 I auditd : type=1400 audit(0.0:20985): avc: denied { kill } for comm="swapper/1" capability=5 scontext=u:r:kernel:s0 tcontext=u:r:kernel:s0 tclass=capability permissive=0
12-10 07:04:54.155 0 0 I auditd : type=1400 audit(0.0:20986): avc: denied { kill } for comm="swapper/1" capability=5 scontext=u:r:kernel:s0 tcontext=u:r:kernel:s0 tclass=capability permissive=0
12-10 07:04:55.155 0 0 I auditd : type=1400 audit(0.0:20987): avc: denied { kill } for comm="swapper/1" capability=5 scontext=u:r:kernel:s0 tcontext=u:r:kernel:s0 tclass=capability permissive=0
12-10 07:04:56.155 0 0 I auditd : type=1400 audit(0.0:20988): avc: denied { kill } for comm="swapper/1" capability=5 scontext=u:r:kernel:s0 tcontext=u:r:kernel:s0 tclass=capability permissive=0
12-10 07:04:57.155 0 0 I auditd : type=1400 audit(0.0:20989): avc: denied { kill } for comm="swapper/1" capability=5 scontext=u:r:kernel:s0 tcontext=u:r:kernel:s0 tclass=capability permissive=0
12-10 07:04:58.155 0 0 I auditd : type=1400 audit(0.0:20990): avc: denied { kill } for comm="swapper/1" capability=5 scontext=u:r:kernel:s0 tcontext=u:r:kernel:s0 tclass=capability permissive=0
12-10 07:04:59.155 0 0 I auditd : type=1400 audit(0.0:20991): avc: denied { kill } for comm="swapper/1" capability=5 scontext=u:r:kernel:s0 tcontext=u:r:kernel:s0 tclass=capability permissive=0
12-10 07:05:00.155 0 0 I auditd : type=1400 audit(0.0:20992): avc: denied { kill } for comm="swapper/1" capability=5 scontext=u:r:kernel:s0 tcontext=u:r:kernel:s0 tclass=capability permissive=0
12-10 07:05:01.155 0 0 I auditd : type=1400 audit(0.0:20993): avc: denied { kill } for comm="swapper/1" capability=5 scontext=u:r:kernel:s0 tcontext=u:r:kernel:s0 tclass=capability permissive=0
12-10 07:05:02.155 0 0 I auditd : type=1400 audit(0.0:20994): avc: denied { kill } for comm="swapper/1" capability=5 scontext=u:r:kernel:s0 tcontext=u:r:kernel:s0 tclass=capability permissive=0
12-10 07:05:03.155 0 0 I auditd : type=1400 audit(0.0:20995): avc: denied { kill } for comm="swapper/1" capability=5 scontext=u:r:kernel:s0 tcontext=u:r:kernel:s0 tclass=capability permissive=0
12-10 07:05:04.155 0 0 I auditd : type=1400 audit(0.0:20996): avc: denied { kill } for comm="swapper/1" capability=5 scontext=u:r:kernel:s0 tcontext=u:r:kernel:s0 tclass=capability permissive=0
12-10 07:05:05.155 0 0 I auditd : type=1400 audit(0.0:20997): avc: denied { kill } for comm="swapper/1" capability=5 scontext=u:r:kernel:s0 tcontext=u:r:kernel:s0 tclass=capability permissive=0
12-10 07:05:06.155 0 0 I auditd : type=1400 audit(0.0:20998): avc: denied { kill } for comm="swapper/1" capability=5 scontext=u:r:kernel:s0 tcontext=u:r:kernel:s0 tclass=capability permissive=0
12-10 07:05:07.155 0 0 I auditd : type=1400 audit(0.0:20999): avc: denied { kill } for comm="swapper/1" capability=5 scontext=u:r:kernel:s0 tcontext=u:r:kernel:s0 tclass=capability permissive=0
12-10 07:05:08.155 0 0 I auditd : type=1400 audit(0.0:21000): avc: denied { kill } for comm="swapper/1" capability=5 scontext=u:r:kernel:s0 tcontext=u:r:kernel:s0 tclass=capability permissive=0
12-10 07:05:09.155 0 0 I auditd : type=1400 audit(0.0:21001): avc: denied { kill } for comm="swapper/1" capability=5 scontext=u:r:kernel:s0 tcontext=u:r:kernel:s0 tclass=capability permissive=0
12-10 07:05:10.155 0 0 I auditd : type=1400 audit(0.0:21002): avc: denied { kill } for comm="swapper/1" capability=5 scontext=u:r:kernel:s0 tcontext=u:r:kernel:s0 tclass=capability permissive=0
12-10 07:05:11.155 0 0 I auditd : type=1400 audit(0.0:21003): avc: denied { kill } for comm="swapper/1" capability=5 scontext=u:r:kernel:s0 tcontext=u:r:kernel:s0 tclass=capability permissive=0
12-10 07:05:12.155 0 0 I auditd : type=1400 audit(0.0:21004): avc: denied { kill } for comm="swapper/1" capability=5 scontext=u:r:kernel:s0 tcontext=u:r:kernel:s0 tclass=capability permissive=0
12-10 07:05:13.155 0 0 I auditd : type=1400 audit(0.0:21005): avc: denied { kill } for comm="swapper/1" capability=5 scontext=u:r:kernel:s0 tcontext=u:r:kernel:s0 tclass=capability permissive=0
12-10 07:05:14.155 0 0 I auditd : type=1400 audit(0.0:21006): avc: denied { kill } for comm="swapper/1" capability=5 scontext=u:r:kernel:s0 tcontext=u:r:kernel:s0 tclass=capability permissive=0
12-10 07:05:15.155 0 0 I auditd : type=1400 audit(0.0:21007): avc: denied { kill } for comm="swapper/1" capability=5 scontext=u:r:kernel:s0 tcontext=u:r:kernel:s0 tclass=capability permissive=0
12-10 07:05:16.155 0 0 I auditd : type=1400 audit(0.0:21008): avc: denied { kill } for comm="swapper/1" capability=5 scontext=u:r:kernel:s0 tcontext=u:r:kernel:s0 tclass=capability permissive=0
12-10 07:05:17.155 0 0 I auditd : type=1400 audit(0.0:21009): avc: denied { kill } for comm="swapper/1" capability=5 scontext=u:r:kernel:s0 tcontext=u:r:kernel:s0 tclass=capability permissive=0
12-10 07:05:18.155 0 0 I auditd : type=1400 audit(0.0:21010): avc: denied { kill } for comm="swapper/1" capability=5 scontext=u:r:kernel:s0 tcontext=u:r:kernel:s0 tclass=capability permissive=0
12-10 07:05:19.155 0 0 I auditd : type=1400 audit(0.0:21011): avc: denied { kill } for comm="swapper/1" capability=5 scontext=u:r:kernel:s0 tcontext=u:r:kernel:s0 tclass=capability permissive=0
12-10 07:05:20.155 0 0 I auditd : type=1400 audit(0.0:21012): avc: denied { kill } for comm="swapper/1" capability=5 scontext=u:r:kernel:s0 tcontext=u:r:kernel:s0 tclass=capability permissive=0
12-10 07:05:20.665 1507 1613 V DisplayPowerController[0]: Brightness [0.05] reason changing to: 'manual [ dim ]', previous reason: 'manual'.
12-10 07:05:20.665 1507 1613 I sysui_multi_action: [757,1696,758,6,759,2]
12-10 07:05:20.666 1507 1613 W PowerManagerService: Screen on took 57790 ms
12-10 07:05:20.667 1507 1980 E DisplayDeviceConfig: requesting nits when no mapping exists.
12-10 07:05:20.668 1507 1583 I am_wtf : [0,1507,system_server,-1,DisplayDeviceConfig,requesting nits when no mapping exists.]
12-10 07:05:20.668 1507 1980 E DisplayDeviceConfig: requesting nits when no mapping exists.
12-10 07:05:20.669 1507 1583 I DropBoxManagerService: add tag=system_server_wtf isTagEnabled=true flags=0x2
12-10 07:05:20.671 1507 1583 I am_wtf : [0,1507,system_server,-1,DisplayDeviceConfig,requesting nits when no mapping exists.]
12-10 07:05:20.672 1507 1583 I DropBoxManagerService: add tag=system_server_wtf isTagEnabled=true flags=0x2
12-10 07:05:20.682 1507 1980 E DisplayDeviceConfig: requesting nits when no mapping exists.
12-10 07:05:20.683 1507 1980 E DisplayDeviceConfig: requesting nits when no mapping exists.
12-10 07:05:20.683 1507 1583 I am_wtf : [0,1507,system_server,-1,DisplayDeviceConfig,requesting nits when no mapping exists.]
12-10 07:05:20.683 1507 1583 I DropBoxManagerService: add tag=system_server_wtf isTagEnabled=true flags=0x2
12-10 07:05:20.684 1507 1583 I am_wtf : [0,1507,system_server,-1,DisplayDeviceConfig,requesting nits when no mapping exists.]
12-10 07:05:20.685 1507 1583 I DropBoxManagerService: add tag=system_server_wtf isTagEnabled=true flags=0x2
12-10 07:05:20.696 1507 1980 E DisplayDeviceConfig: requesting nits when no mapping exists.
12-10 07:05:20.697 1507 1980 E DisplayDeviceConfig: requesting nits when no mapping exists.
12-10 07:05:20.697 1507 1583 I am_wtf : [0,1507,system_server,-1,DisplayDeviceConfig,requesting nits when no mapping exists.]
12-10 07:05:20.698 1507 1583 I DropBoxManagerService: add tag=system_server_wtf isTagEnabled=true flags=0x2
12-10 07:05:20.699 1507 1583 I am_wtf : [0,1507,system_server,-1,DisplayDeviceConfig,requesting nits when no mapping exists.]
12-10 07:05:20.713 1507 1980 E DisplayDeviceConfig: requesting nits when no mapping exists.
12-10 07:05:20.714 1507 1583 I am_wtf : [0,1507,system_server,-1,DisplayDeviceConfig,requesting nits when no mapping exists.]
12-10 07:05:20.714 1507 1980 E DisplayDeviceConfig: requesting nits when no mapping exists.
12-10 07:05:20.715 1507 1583 I am_wtf : [0,1507,system_server,-1,DisplayDeviceConfig,requesting nits when no mapping exists.]
12-10 07:05:20.730 1507 1980 E DisplayDeviceConfig: requesting nits when no mapping exists.
12-10 07:05:20.730 1507 1980 E DisplayDeviceConfig: requesting nits when no mapping exists.
12-10 07:05:20.731 1507 1583 I am_wtf : [0,1507,system_server,-1,DisplayDeviceConfig,requesting nits when no mapping exists.]
12-10 07:05:20.732 1507 1583 I am_wtf : [0,1507,system_server,-1,DisplayDeviceConfig,requesting nits when no mapping exists.]
12-10 07:05:20.746 1507 1980 E DisplayDeviceConfig: requesting nits when no mapping exists.
12-10 07:05:20.747 1507 1980 E DisplayDeviceConfig: requesting nits when no mapping exists.
12-10 07:05:20.747 1507 1583 I am_wtf : [0,1507,system_server,-1,DisplayDeviceConfig,requesting nits when no mapping exists.]
12-10 07:05:20.747 1507 1583 I am_wtf : [0,1507,system_server,-1,DisplayDeviceConfig,requesting nits when no mapping exists.]
12-10 07:05:20.763 1507 1980 E DisplayDeviceConfig: requesting nits when no mapping exists.
12-10 07:05:20.763 1507 1980 E DisplayDeviceConfig: requesting nits when no mapping exists.
12-10 07:05:20.763 1507 1583 I am_wtf : [0,1507,system_server,-1,DisplayDeviceConfig,requesting nits when no mapping exists.]
12-10 07:05:20.764 1507 1583 I am_wtf : [0,1507,system_server,-1,DisplayDeviceConfig,requesting nits when no mapping exists.]
12-10 07:05:20.780 1507 1980 E DisplayDeviceConfig: requesting nits when no mapping exists.
12-10 07:05:20.781 1507 1980 E DisplayDeviceConfig: requesting nits when no mapping exists.
12-10 07:05:20.781 1507 1583 I am_wtf : [0,1507,system_server,-1,DisplayDeviceConfig,requesting nits when no mapping exists.]
12-10 07:05:20.782 1507 1583 I am_wtf : [0,1507,system_server,-1,DisplayDeviceConfig,requesting nits when no mapping exists.]
12-10 07:05:20.797 1507 1980 E DisplayDeviceConfig: requesting nits when no mapping exists.
12-10 07:05:20.797 1507 1583 I am_wtf : [0,1507,system_server,-1,DisplayDeviceConfig,requesting nits when no mapping exists.]
12-10 07:05:20.797 1507 1980 E DisplayDeviceConfig: requesting nits when no mapping exists.
12-10 07:05:20.798 1507 1583 I am_wtf : [0,1507,system_server,-1,DisplayDeviceConfig,requesting nits when no mapping exists.]
12-10 07:05:20.813 1507 1980 E DisplayDeviceConfig: requesting nits when no mapping exists.
12-10 07:05:20.814 1507 1980 E DisplayDeviceConfig: requesting nits when no mapping exists.
12-10 07:05:20.817 1507 1583 I am_wtf : [0,1507,system_server,-1,DisplayDeviceConfig,requesting nits when no mapping exists.]
12-10 07:05:20.819 1507 1583 I service_manager_stats: [100,69,389724]
12-10 07:05:20.819 1507 1583 I am_wtf : [0,1507,system_server,-1,DisplayDeviceConfig,requesting nits when no mapping exists.]
12-10 07:05:20.831 1507 1980 E DisplayDeviceConfig: requesting nits when no mapping exists.
12-10 07:05:20.832 1507 1980 E DisplayDeviceConfig: requesting nits when no mapping exists.
12-10 07:05:20.832 1507 1583 I am_wtf : [0,1507,system_server,-1,DisplayDeviceConfig,requesting nits when no mapping exists.]
12-10 07:05:20.833 1507 1583 I am_wtf : [0,1507,system_server,-1,DisplayDeviceConfig,requesting nits when no mapping exists.]
12-10 07:05:20.847 1507 1980 E DisplayDeviceConfig: requesting nits when no mapping exists.
12-10 07:05:20.848 1507 1980 E DisplayDeviceConfig: requesting nits when no mapping exists.
12-10 07:05:20.848 1507 1583 I am_wtf : [0,1507,system_server,-1,DisplayDeviceConfig,requesting nits when no mapping exists.]
12-10 07:05:20.848 1507 1583 I am_wtf : [0,1507,system_server,-1,DisplayDeviceConfig,requesting nits when no mapping exists.]
12-10 07:05:20.863 1507 1980 E DisplayDeviceConfig: requesting nits when no mapping exists.
12-10 07:05:20.864 1507 1980 E DisplayDeviceConfig: requesting nits when no mapping exists.
12-10 07:05:20.864 1507 1583 I am_wtf : [0,1507,system_server,-1,DisplayDeviceConfig,requesting nits when no mapping exists.]
12-10 07:05:20.865 1507 1583 I am_wtf : [0,1507,system_server,-1,DisplayDeviceConfig,requesting nits when no mapping exists.]
12-10 07:05:20.880 1507 1980 E DisplayDeviceConfig: requesting nits when no mapping exists.
12-10 07:05:20.881 1507 1583 I am_wtf : [0,1507,system_server,-1,DisplayDeviceConfig,requesting nits when no mapping exists.]
12-10 07:05:20.882 1507 1980 E DisplayDeviceConfig: requesting nits when no mapping exists.
12-10 07:05:20.882 1507 1583 I am_wtf : [0,1507,system_server,-1,DisplayDeviceConfig,requesting nits when no mapping exists.]
12-10 07:05:20.897 1507 1980 E DisplayDeviceConfig: requesting nits when no mapping exists.
12-10 07:05:20.897 1507 1583 I am_wtf : [0,1507,system_server,-1,DisplayDeviceConfig,requesting nits when no mapping exists.]
12-10 07:05:20.897 1507 1980 E DisplayDeviceConfig: requesting nits when no mapping exists.
12-10 07:05:20.898 1507 1583 I am_wtf : [0,1507,system_server,-1,DisplayDeviceConfig,requesting nits when no mapping exists.]
12-10 07:05:20.913 1507 1980 E DisplayDeviceConfig: requesting nits when no mapping exists.
12-10 07:05:20.914 1507 1980 E DisplayDeviceConfig: requesting nits when no mapping exists.
12-10 07:05:20.914 1507 1583 I am_wtf : [0,1507,system_server,-1,DisplayDeviceConfig,requesting nits when no mapping exists.]
12-10 07:05:20.915 1507 1583 I am_wtf : [0,1507,system_server,-1,DisplayDeviceConfig,requesting nits when no mapping exists.]
12-10 07:05:20.931 1507 1980 E DisplayDeviceConfig: requesting nits when no mapping exists.
12-10 07:05:20.931 1507 1980 E DisplayDeviceConfig: requesting nits when no mapping exists.
12-10 07:05:20.931 1507 1583 I am_wtf : [0,1507,system_server,-1,DisplayDeviceConfig,requesting nits when no mapping exists.]
12-10 07:05:20.932 1507 1583 I am_wtf : [0,1507,system_server,-1,DisplayDeviceConfig,requesting nits when no mapping exists.]
12-10 07:05:20.947 1507 1980 E DisplayDeviceConfig: requesting nits when no mapping exists.
12-10 07:05:20.948 1507 1583 I am_wtf : [0,1507,system_server,-1,DisplayDeviceConfig,requesting nits when no mapping exists.]
12-10 07:05:20.948 1507 1980 E DisplayDeviceConfig: requesting nits when no mapping exists.
12-10 07:05:20.948 1507 1583 I am_wtf : [0,1507,system_server,-1,DisplayDeviceConfig,requesting nits when no mapping exists.]
12-10 07:05:20.964 1507 1980 E DisplayDeviceConfig: requesting nits when no mapping exists.
12-10 07:05:20.964 1507 1980 E DisplayDeviceConfig: requesting nits when no mapping exists.
12-10 07:05:20.964 1507 1583 I am_wtf : [0,1507,system_server,-1,DisplayDeviceConfig,requesting nits when no mapping exists.]
12-10 07:05:20.965 1507 1583 I am_wtf : [0,1507,system_server,-1,DisplayDeviceConfig,requesting nits when no mapping exists.]
12-10 07:05:20.980 1507 1980 E DisplayDeviceConfig: requesting nits when no mapping exists.
12-10 07:05:20.981 1507 1980 E DisplayDeviceConfig: requesting nits when no mapping exists.
12-10 07:05:20.981 1507 1583 I am_wtf : [0,1507,system_server,-1,DisplayDeviceConfig,requesting nits when no mapping exists.]
12-10 07:05:20.982 1507 1583 I am_wtf : [0,1507,system_server,-1,DisplayDeviceConfig,requesting nits when no mapping exists.]
12-10 07:05:20.997 1507 1980 E DisplayDeviceConfig: requesting nits when no mapping exists.
12-10 07:05:20.997 1507 1583 I am_wtf : [0,1507,system_server,-1,DisplayDeviceConfig,requesting nits when no mapping exists.]
12-10 07:05:20.997 1507 1980 E DisplayDeviceConfig: requesting nits when no mapping exists.
12-10 07:05:20.998 1507 1583 I am_wtf : [0,1507,system_server,-1,DisplayDeviceConfig,requesting nits when no mapping exists.]
12-10 07:05:21.155 0 0 I auditd : type=1400 audit(0.0:21013): avc: denied { kill } for comm="swapper/1" capability=5 scontext=u:r:kernel:s0 tcontext=u:r:kernel:s0 tclass=capability permissive=0
12-10 07:05:22.155 0 0 I auditd : type=1400 audit(0.0:21014): avc: denied { kill } for comm="swapper/1" capability=5 scontext=u:r:kernel:s0 tcontext=u:r:kernel:s0 tclass=capability permissive=0
12-10 07:05:22.899 1507 1583 I am_uid_idle: 10052
12-10 07:05:23.155 0 0 I auditd : type=1400 audit(0.0:21015): avc: denied { kill } for comm="swapper/1" capability=5 scontext=u:r:kernel:s0 tcontext=u:r:kernel:s0 tclass=capability permissive=0
12-10 07:05:24.155 0 0 I auditd : type=1400 audit(0.0:21016): avc: denied { kill } for comm="swapper/1" capability=5 scontext=u:r:kernel:s0 tcontext=u:r:kernel:s0 tclass=capability permissive=0
12-10 07:05:25.155 0 0 I auditd : type=1400 audit(0.0:21017): avc: denied { kill } for comm="swapper/1" capability=5 scontext=u:r:kernel:s0 tcontext=u:r:kernel:s0 tclass=capability permissive=0
12-10 07:05:26.155 0 0 I auditd : type=1400 audit(0.0:21018): avc: denied { kill } for comm="swapper/1" capability=5 scontext=u:r:kernel:s0 tcontext=u:r:kernel:s0 tclass=capability permissive=0
12-10 07:05:27.155 0 0 I auditd : type=1400 audit(0.0:21019): avc: denied { kill } for comm="swapper/1" capability=5 scontext=u:r:kernel:s0 tcontext=u:r:kernel:s0 tclass=capability permissive=0
12-10 07:05:27.650 1507 1613 I PowerManagerService: Napping display group (groupId=0, uid=1000)...
12-10 07:05:27.650 1507 1613 I PowerManagerService: Nap time (uid 1000)...
12-10 07:05:27.653 1507 1613 I DreamManagerService: Entering dreamland.
12-10 07:05:27.658 1507 1613 I PowerManagerService: Dreaming...
12-10 07:05:27.660 1507 1564 I DreamController: Starting dream: name=ComponentInfo{com.thundercomm.screensaver/com.thundercomm.saverclock.service.ClockScreensaver}, isTest=false, canDoze=false, userId=0
12-10 07:05:27.660 1507 1564 I sysui_multi_action: [757,222,758,1]
12-10 07:05:27.665 1507 1564 I am_uid_active: 10052
12-10 07:05:27.677 1507 1581 I am_pss : [16198,10090,com.android.music,6895616,4669440,0,90632192,0,19,10]
12-10 07:05:27.678 1507 9362 I ActivityTaskManager: START u0 {flg=0x10000000 pkg=com.thundercomm.screensaver cmp=com.thundercomm.screensaver/android.service.dreams.DreamActivity (has extras)} from uid 10052
12-10 07:05:27.681 1507 9362 I wm_task_created: [168,-1]
12-10 07:05:27.681 1507 9362 W ActivityTaskManager: Can't find TaskDisplayArea to determine support for multi window. Task id=168 attached=false
12-10 07:05:27.686 1507 9362 I wm_task_moved: [168,1,9]
12-10 07:05:27.686 1507 9362 I wm_task_to_front: [0,168]
12-10 07:05:27.686 1507 9362 I wm_create_task: [0,168]
12-10 07:05:27.686 1507 9362 I wm_create_activity: [0,227652881,168,com.thundercomm.screensaver/android.service.dreams.DreamActivity,NULL,NULL,NULL,276824064]
12-10 07:05:27.687 1507 9362 I wm_task_moved: [168,1,9]
12-10 07:05:27.687 15614 15614 I wm_on_top_resumed_lost_called: [247500436,com.android.gallery3d.app.GalleryActivity,topStateChangedWhenResumed]
12-10 07:05:27.689 1507 9362 I wm_pause_activity: [0,142082565,com.android.launcher3/.uioverrides.QuickstepLauncher,userLeaving=true,pauseBackTasks]
12-10 07:05:27.690 1507 1581 I am_pss : [16199,10065,com.android.calendar,6522880,4108288,0,91385856,0,19,8]
12-10 07:05:27.691 2526 2526 I wm_on_paused_called: [142082565,com.android.launcher3.uioverrides.QuickstepLauncher,performPause]
12-10 07:05:27.692 1507 9362 W WindowManager: updateScale0.4617737
12-10 07:05:27.700 1507 6699 I ActivityTaskManager: FOREGROUND_APPLICATION_CHANGED to android.service.dreams.DreamActivity
12-10 07:05:27.701 1507 6699 I ActivityTaskManager: The Process com.thundercomm.screensaver Already Exists in BG. So sending its PID: 14020
12-10 07:05:27.701 1507 6699 W ActivityTaskManager: Tried to set launchTime (0) < mLastActivityLaunchTime (19187011)
12-10 07:05:27.702 1507 6699 I wm_add_to_stopping: [0,142082565,com.android.launcher3/.uioverrides.QuickstepLauncher,makeInvisible]
12-10 07:05:27.703 1507 6699 I wm_restart_activity: [0,227652881,168,com.thundercomm.screensaver/android.service.dreams.DreamActivity]
12-10 07:05:27.705 1507 6699 I wm_set_resumed_activity: [0,com.thundercomm.screensaver/android.service.dreams.DreamActivity,minimalResumeActivityLocked]
12-10 07:05:27.719 1507 1568 I sysui_multi_action: [757,803,799,window_time_2,802,65]
12-10 07:05:27.722 14020 14020 I wm_on_create_called: [227652881,android.service.dreams.DreamActivity,performCreate]
12-10 07:05:27.722 14020 14020 I wm_on_start_called: [227652881,android.service.dreams.DreamActivity,handleStartActivity]
12-10 07:05:27.723 14020 14020 I wm_on_resume_called: [227652881,android.service.dreams.DreamActivity,RESUME_ACTIVITY]
12-10 07:05:27.724 8492 8527 W ContextImpl: Calling a method in the system process without a qualified user: android.app.ContextImpl.startService:1816 android.content.ContextWrapper.startService:774 com.thundercomm.gamemode.ingame.services.GameModeActionUtils.startGameModeService:99 com.thundercomm.gamemode.ingame.services.GameModeActionUtils.startGameModeEntry:22 com.thundercomm.gamemode.ingame.services.ActivityMonitoringService$1.onActivityLaunch:127
12-10 07:05:27.727 1507 6699 W WindowManager: Failed looking up window session=Session{ca99f8b 14020:u0a10052} callers=com.android.server.wm.WindowManagerService.windowForClientLocked:5628 com.android.server.wm.Session.insetsModified:629 android.view.IWindowSession$Stub.onTransact:1151
12-10 07:05:27.729 14020 14020 I wm_on_top_resumed_gained_called: [227652881,android.service.dreams.DreamActivity,topStateChangedWhenResumed]
12-10 07:05:27.729 1507 1507 I GameModeConfig: Current uri is uri = content://com.thundercomm.gamemode.api/gamemode_settings/gamemode_isgaming
12-10 07:05:27.733 1507 1507 I GameModeConfig: isGameModeOn = true
12-10 07:05:27.733 1507 1507 I GameModeConfig: isGaming = false
12-10 07:05:27.733 1507 1507 I GameModeConfig: isGameModeOn = true
12-10 07:05:27.733 1507 1507 I GameModeConfig: isGaming = false
12-10 07:05:27.733 1507 1507 I GameModeConfig: isDisableVoice = true
12-10 07:05:27.747 1507 9362 W WindowManager: updateScale0.4617737
12-10 07:05:27.752 1507 1569 I input_focus: [Focus request 6fd0113 com.thundercomm.screensaver/android.service.dreams.DreamActivity,reason=UpdateInputWindows]
12-10 07:05:27.753 1507 1909 I GameModeConfig: isGameModeOn = true
12-10 07:05:27.753 1507 1909 I GameModeConfig: isGaming = false
12-10 07:05:27.753 1507 1909 I GameModeConfig: isGameModeOn = true
12-10 07:05:27.753 1507 1909 I GameModeConfig: isGaming = false
12-10 07:05:27.753 1507 1909 I GameModeConfig: isGameModeOn = true
12-10 07:05:27.753 1507 1909 I GameModeConfig: isGaming = false
12-10 07:05:27.753 1507 1909 I GameModeConfig: isGameModeOn = true
12-10 07:05:27.753 1507 1909 I GameModeConfig: isGaming = false
12-10 07:05:27.753 1507 1909 I GameModeConfig: isGameModeOn = true
12-10 07:05:27.753 1507 1909 I GameModeConfig: isGaming = false
12-10 07:05:27.755 2004 2004 I sysui_multi_action: [757,111,758,2]
12-10 07:05:27.756 2004 2004 I sysui_multi_action: [757,111,758,2]
12-10 07:05:27.759 1507 1507 I notification_enqueue: [10082,2004,com.android.systemui,2048,NULL,0,Notification(channel=updateNotification shortcut=null contentView=null vibrate=null sound=null defaults=0x0 flags=0x0 color=0x00000000 vis=PRIVATE),1]
12-10 07:05:27.760 1507 1569 W WindowManager: updateScale0.4617737
12-10 07:05:27.766 1507 1569 W WindowManager: updateScale0.4617737
12-10 07:05:27.767 1507 1736 I input_focus: [Focus leaving f0e167e com.android.gallery3d/com.android.gallery3d.app.GalleryActivity (server),reason=Waiting for window because NOT_VISIBLE]
12-10 07:05:27.769 1507 1569 W WindowManager: updateScale0.4617737
12-10 07:05:27.770 1507 1613 V DisplayPowerController[0]: Brightness [0.37373737] reason changing to: 'manual', previous reason: 'manual [ dim ]'.
12-10 07:05:27.770 1507 1613 I sysui_multi_action: [757,1696,758,6,759,3]
12-10 07:05:27.771 1507 1564 I sysui_multi_action: [319,88,322,86,325,19576,757,761,758,8,759,2,806,com.thundercomm.screensaver,871,android.service.dreams.DreamActivity,904,com.thundercomm.screensaver,905,0,1320,4,1321,2]
12-10 07:05:27.772 2004 2004 I sysui_multi_action: [757,111,758,1]
12-10 07:05:27.772 2004 2004 I sysui_multi_action: [757,126,758,1,759,126,927,0,928,1,1593,0]
12-10 07:05:27.772 2004 2004 I sysui_multi_action: [757,113,758,1,759,113,927,1,928,1,1593,0]
12-10 07:05:27.772 2004 2004 I sysui_multi_action: [757,0,758,1,759,0,927,2,928,0,1593,0]
12-10 07:05:27.772 2004 2004 I sysui_multi_action: [757,0,758,1,759,0,927,3,928,0,1593,0]
12-10 07:05:27.772 1507 1568 W WindowManager: updateScale0.4617737
12-10 07:05:27.773 1507 1564 I wm_activity_launch_time: [0,227652881,com.thundercomm.screensaver/android.service.dreams.DreamActivity,86]
12-10 07:05:27.773 2004 2004 I sysui_multi_action: [757,491,758,1,759,491,927,4,928,1,1311,1,1593,0]
12-10 07:05:27.773 2004 2004 I sysui_multi_action: [757,0,758,1,759,0,927,5,928,0,1593,0]
12-10 07:05:27.773 2004 2004 I sysui_multi_action: [757,111,758,1]
12-10 07:05:27.773 2004 2004 I sysui_multi_action: [757,126,758,1,759,126,927,0,928,1,1593,0]
