12-10 07:22:05.181 1507 1507 I GameModeConfig: isGaming = false
12-10 07:22:05.182 1507 1507 E NotificationService: Muting recently noisy 0|com.android.systemui|2048|null|10082
12-10 07:22:05.197 1507 1507 I GameModeConfig: isGameModeOn = true
12-10 07:22:05.197 1507 1507 I GameModeConfig: isGaming = false
12-10 07:22:05.198 1507 1507 E NotificationService: Muting recently noisy 0|com.android.systemui|2048|null|10082
12-10 07:22:05.214 1507 1507 I GameModeConfig: isGameModeOn = true
12-10 07:22:05.214 1507 1507 I GameModeConfig: isGaming = false
12-10 07:22:05.214 1507 1507 E NotificationService: Muting recently noisy 0|com.android.systemui|2048|null|10082
12-10 07:22:05.236 1507 1507 I GameModeConfig: isGameModeOn = true
12-10 07:22:05.236 1507 1507 I GameModeConfig: isGaming = false
12-10 07:22:05.237 1507 1507 E NotificationService: Muting recently noisy 0|com.android.systemui|2048|null|10082
12-10 07:22:05.247 1507 1507 I GameModeConfig: isGameModeOn = true
12-10 07:22:05.247 1507 1507 I GameModeConfig: isGaming = false
12-10 07:22:05.247 1507 1507 E NotificationService: Muting recently noisy 0|com.android.systemui|2048|null|10082
12-10 07:22:05.273 1507 1507 I GameModeConfig: isGameModeOn = true
12-10 07:22:05.273 1507 1507 I GameModeConfig: isGaming = false
12-10 07:22:05.273 1507 1507 E NotificationService: Muting recently noisy 0|com.android.systemui|2048|null|10082
12-10 07:22:05.419 1507 1736 I input_interaction: Interaction with: 1180021 com.thundercomm.screensaver/android.service.dreams.DreamActivity (server), edge-swipe (server), swipe-up (server), PointerEventDispatcher0 (server),
12-10 07:22:05.421 1507 2150 I wm_finish_activity: [0,145882478,173,com.thundercomm.screensaver/android.service.dreams.DreamActivity,finish-activity]
12-10 07:22:05.421 1507 2150 I wm_task_moved: [26,1,7]
12-10 07:22:05.422 1507 2150 I wm_task_moved: [27,1,2147483647]
12-10 07:22:05.422 1507 2150 I wm_task_to_front: [0,27]
12-10 07:22:05.422 1507 2150 I wm_focused_root_task: [0,0,26,173,finish-top adjustFocusToNextFocusableTask]
12-10 07:22:05.423 1507 2150 I wm_set_resumed_activity: [0,com.android.launcher3/.uioverrides.QuickstepLauncher,finish-top adjustFocusToNextFocusableTask]
12-10 07:22:05.424 1507 2150 I wm_pause_activity: [0,145882478,com.thundercomm.screensaver/android.service.dreams.DreamActivity,userLeaving=false,finish]
12-10 07:22:05.428 1507 1917 I DreamManagerService: Gently waking up from dream.
12-10 07:22:05.430 1507 1564 I DreamManagerService: Performing gentle wake from dream.
12-10 07:22:05.430 14020 14020 I wm_on_top_resumed_lost_called: [145882478,android.service.dreams.DreamActivity,topStateChangedWhenResumed]
12-10 07:22:05.435 1507 1568 I sysui_multi_action: [757,803,799,window_time_0,802,1]
12-10 07:22:05.438 14020 14020 I wm_on_paused_called: [145882478,android.service.dreams.DreamActivity,performPause]
12-10 07:22:05.438 1507 6699 I wm_add_to_stopping: [0,145882478,com.thundercomm.screensaver/android.service.dreams.DreamActivity,completeFinishing]
12-10 07:22:05.439 1507 6699 I ActivityTaskManager: FOREGROUND_APPLICATION_CHANGED to com.android.launcher3.uioverrides.QuickstepLauncher
12-10 07:22:05.440 1507 6699 I wm_set_resumed_activity: [0,com.android.launcher3/.uioverrides.QuickstepLauncher,resumeTopActivityInnerLocked]
12-10 07:22:05.442 1507 6699 I wm_resume_activity: [0,142082565,27,com.android.launcher3/.uioverrides.QuickstepLauncher]
12-10 07:22:05.446 1507 1736 I input_focus: [Focus leaving 1180021 com.thundercomm.screensaver/android.service.dreams.DreamActivity (server),reason=NO_WINDOW]
12-10 07:22:05.447 14020 14020 I view_enqueue_input_event: [Motion - Cancel,com.thundercomm.screensaver/android.service.dreams.DreamActivity]
12-10 07:22:05.452 2526 2526 I wm_on_restart_called: [142082565,com.android.launcher3.uioverrides.QuickstepLauncher,performRestartActivity]
12-10 07:22:05.452 2526 2526 I wm_on_start_called: [142082565,com.android.launcher3.uioverrides.QuickstepLauncher,handleStartActivity]
12-10 07:22:05.453 2526 2526 I wm_on_resume_called: [142082565,com.android.launcher3.uioverrides.QuickstepLauncher,RESUME_ACTIVITY]
12-10 07:22:05.453 2526 2526 I wm_on_top_resumed_gained_called: [142082565,com.android.launcher3.uioverrides.QuickstepLauncher,topWhenResuming]
12-10 07:22:05.458 1507 1568 I sysui_multi_action: [757,803,799,window_time_0,802,0]
12-10 07:22:05.466 8492 8527 W ContextImpl: Calling a method in the system process without a qualified user: android.app.ContextImpl.startService:1816 android.content.ContextWrapper.startService:774 com.thundercomm.gamemode.ingame.services.GameModeActionUtils.startGameModeService:99 com.thundercomm.gamemode.ingame.services.GameModeActionUtils.startGameModeEntry:22 com.thundercomm.gamemode.ingame.services.ActivityMonitoringService$1.onActivityLaunch:127
12-10 07:22:05.467 1507 1569 I input_focus: [Focus request 2cb1f5d com.android.launcher3/com.android.launcher3.uioverrides.QuickstepLauncher,reason=UpdateInputWindows]
12-10 07:22:05.474 1507 1507 I GameModeConfig: Current uri is uri = content://com.thundercomm.gamemode.api/gamemode_settings/gamemode_isgaming
12-10 07:22:05.475 1507 1507 I GameModeConfig: isGameModeOn = true
12-10 07:22:05.475 1507 1507 I GameModeConfig: isGaming = false
12-10 07:22:05.476 1507 1507 I GameModeConfig: isGameModeOn = true
12-10 07:22:05.476 1507 1507 I GameModeConfig: isGaming = false
12-10 07:22:05.476 1507 1507 I GameModeConfig: isDisableVoice = true
12-10 07:22:05.482 1507 1613 I PowerManagerService: Powering on display group fromDreaming (groupId=0, uid=1000, reason=WAKE_REASON_UNKNOWN, details=android.server.power:DREAM_FINISHED)...
12-10 07:22:05.482 1507 1613 I PowerManagerService: Waking up from Dreaming (uid=1000, reason=WAKE_REASON_UNKNOWN, details=android.server.power:DREAM_FINISHED)...
12-10 07:22:05.497 1507 1736 I input_focus: [Focus entering 2cb1f5d com.android.launcher3/com.android.launcher3.uioverrides.QuickstepLauncher (server),reason=Window became focusable. Previous reason: NOT_VISIBLE]
12-10 07:22:05.557 8492 8527 W ContextImpl: Calling a method in the system process without a qualified user: android.app.ContextImpl.startService:1816 android.content.ContextWrapper.startService:774 com.thundercomm.gamemode.ingame.services.GameModeActionUtils.startGameModeService:99 com.thundercomm.gamemode.ingame.services.GameModeActionUtils.startGameModeEntry:22 com.thundercomm.gamemode.ingame.services.ActivityMonitoringService$1.onActivityLaunch:127
12-10 07:22:05.561 1507 1507 I GameModeConfig: Current uri is uri = content://com.thundercomm.gamemode.api/gamemode_settings/gamemode_isgaming
12-10 07:22:05.564 1507 1507 I GameModeConfig: isGameModeOn = true
12-10 07:22:05.564 1507 1507 I GameModeConfig: isGaming = false
12-10 07:22:05.564 1507 1507 I GameModeConfig: isGameModeOn = true
12-10 07:22:05.564 1507 1507 I GameModeConfig: isGaming = false
12-10 07:22:05.564 1507 1507 I GameModeConfig: isDisableVoice = true
12-10 07:22:05.721 1507 1568 I wm_destroy_activity: [0,145882478,173,com.thundercomm.screensaver/android.service.dreams.DreamActivity,finish-imm:idle]
12-10 07:22:05.728 14020 14020 I wm_on_stop_called: [145882478,android.service.dreams.DreamActivity,LIFECYCLER_STOP_ACTIVITY]
12-10 07:22:05.729 14020 14020 I wm_on_destroy_called: [145882478,android.service.dreams.DreamActivity,performDestroy]
12-10 07:22:05.732 8492 8527 W ContextImpl: Calling a method in the system process without a qualified user: android.app.ContextImpl.startService:1816 android.content.ContextWrapper.startService:774 com.thundercomm.gamemode.ingame.services.GameModeActionUtils.startGameModeService:99 com.thundercomm.gamemode.ingame.services.GameModeActionUtils.startGameModeEntry:22 com.thundercomm.gamemode.ingame.services.ActivityMonitoringService$1.onActivityLaunch:127
12-10 07:22:05.732 1507 1528 I DreamManagerService: Leaving dreamland.
12-10 07:22:05.738 1507 1507 I GameModeConfig: Current uri is uri = content://com.thundercomm.gamemode.api/gamemode_settings/gamemode_isgaming
12-10 07:22:05.740 1507 1507 I GameModeConfig: isGameModeOn = true
12-10 07:22:05.740 1507 1507 I GameModeConfig: isGaming = false
12-10 07:22:05.740 1507 1507 I GameModeConfig: isGameModeOn = true
12-10 07:22:05.740 1507 1507 I GameModeConfig: isGaming = false
12-10 07:22:05.740 1507 1507 I GameModeConfig: isDisableVoice = true
12-10 07:22:05.740 1507 1564 I DreamManagerService: Performing gentle wake from dream.
12-10 07:22:05.740 1507 1564 I DreamController: Stopping dream: name=ComponentInfo{com.thundercomm.screensaver/com.thundercomm.saverclock.service.ClockScreensaver}, isTest=false, canDoze=false, userId=0, reason='finished self'(from 'finished self')
12-10 07:22:05.740 1507 1564 I sysui_multi_action: [757,222,758,2]
12-10 07:22:05.741 1507 1564 I sysui_multi_action: [757,804,799,dreaming_minutes,801,0,802,1]
12-10 07:22:05.759 1507 6699 I wm_task_removed: [173,removeChild:removeChild last r=ActivityRecord{8b1fd6e u0 com.thundercomm.screensaver/android.service.dreams.DreamActivity t-1 f}} in t=Task{a303391 #173 type=dream A=10052:android:com.thundercomm.screensaver/dream U=0 visible=false mode=fullscreen translucent=true sz=0}]
12-10 07:22:05.759 1507 6699 I wm_task_removed: [173,removeChild]
12-10 07:22:05.762 1507 1569 W ActivityTaskManager: Can't find TaskDisplayArea to determine support for multi window. Task id=173 attached=false
12-10 07:22:06.155 0 0 I auditd : type=1400 audit(0.0:22004): avc: denied { kill } for comm="swapper/1" capability=5 scontext=u:r:kernel:s0 tcontext=u:r:kernel:s0 tclass=capability permissive=0
12-10 07:22:07.155 0 0 I auditd : type=1400 audit(0.0:22005): avc: denied { kill } for comm="swapper/1" capability=5 scontext=u:r:kernel:s0 tcontext=u:r:kernel:s0 tclass=capability permissive=0
12-10 07:22:08.155 0 0 I auditd : type=1400 audit(0.0:22006): avc: denied { kill } for comm="swapper/1" capability=5 scontext=u:r:kernel:s0 tcontext=u:r:kernel:s0 tclass=capability permissive=0
12-10 07:22:09.155 0 0 I auditd : type=1400 audit(0.0:22007): avc: denied { kill } for comm="swapper/1" capability=5 scontext=u:r:kernel:s0 tcontext=u:r:kernel:s0 tclass=capability permissive=0
12-10 07:22:10.155 0 0 I auditd : type=1400 audit(0.0:22008): avc: denied { kill } for comm="swapper/1" capability=5 scontext=u:r:kernel:s0 tcontext=u:r:kernel:s0 tclass=capability permissive=0
12-10 07:22:11.155 0 0 I auditd : type=1400 audit(0.0:22009): avc: denied { kill } for comm="swapper/1" capability=5 scontext=u:r:kernel:s0 tcontext=u:r:kernel:s0 tclass=capability permissive=0
12-10 07:22:12.155 0 0 I auditd : type=1400 audit(0.0:22010): avc: denied { kill } for comm="swapper/1" capability=5 scontext=u:r:kernel:s0 tcontext=u:r:kernel:s0 tclass=capability permissive=0
12-10 07:22:13.155 0 0 I auditd : type=1400 audit(0.0:22011): avc: denied { kill } for comm="swapper/1" capability=5 scontext=u:r:kernel:s0 tcontext=u:r:kernel:s0 tclass=capability permissive=0
12-10 07:22:13.243 1507 1909 I GameModeConfig: isGameModeOn = true
12-10 07:22:13.243 1507 1909 I GameModeConfig: isGaming = false
12-10 07:22:13.243 1507 1909 I GameModeConfig: isGameModeOn = true
12-10 07:22:13.244 1507 1909 I GameModeConfig: isGaming = false
12-10 07:22:13.258 1507 1909 I GameModeConfig: isGameModeOn = true
12-10 07:22:13.258 1507 1909 I GameModeConfig: isGaming = false
12-10 07:22:14.155 0 0 I auditd : type=1400 audit(0.0:22012): avc: denied { kill } for comm="swapper/1" capability=5 scontext=u:r:kernel:s0 tcontext=u:r:kernel:s0 tclass=capability permissive=0
12-10 07:22:14.624 1507 1909 I GameModeConfig: isGameModeOn = true
12-10 07:22:14.625 1507 1909 I GameModeConfig: isGaming = false
12-10 07:22:14.796 1507 1909 I GameModeConfig: isGameModeOn = true
12-10 07:22:14.796 1507 1909 I GameModeConfig: isGaming = false
12-10 07:22:14.817 1507 1909 I GameModeConfig: isGameModeOn = true
12-10 07:22:14.817 1507 1909 I GameModeConfig: isGaming = false
12-10 07:22:14.827 1507 1909 I GameModeConfig: isGameModeOn = true
12-10 07:22:14.827 1507 1909 I GameModeConfig: isGaming = false
12-10 07:22:14.835 1507 1909 I GameModeConfig: isGameModeOn = true
12-10 07:22:14.835 1507 1909 I GameModeConfig: isGaming = false
12-10 07:22:14.849 1507 1909 I GameModeConfig: isGameModeOn = true
12-10 07:22:14.849 1507 1909 I GameModeConfig: isGaming = false
12-10 07:22:14.864 1507 1909 I GameModeConfig: isGameModeOn = true
12-10 07:22:14.864 1507 1909 I GameModeConfig: isGaming = false
12-10 07:22:14.879 1507 1909 I GameModeConfig: isGameModeOn = true
12-10 07:22:14.880 1507 1909 I GameModeConfig: isGaming = false
12-10 07:22:14.896 1507 1909 I GameModeConfig: isGameModeOn = true
12-10 07:22:14.896 1507 1909 I GameModeConfig: isGaming = false
12-10 07:22:14.914 1507 1909 I GameModeConfig: isGameModeOn = true
12-10 07:22:14.914 1507 1909 I GameModeConfig: isGaming = false
12-10 07:22:14.932 1507 1909 I GameModeConfig: isGameModeOn = true
12-10 07:22:14.933 1507 1909 I GameModeConfig: isGaming = false
12-10 07:22:14.947 1507 1909 I GameModeConfig: isGameModeOn = true
12-10 07:22:14.947 1507 1909 I GameModeConfig: isGaming = false
12-10 07:22:14.961 1507 1909 I GameModeConfig: isGameModeOn = true
12-10 07:22:14.961 1507 1909 I GameModeConfig: isGaming = false
12-10 07:22:14.975 1507 1909 I GameModeConfig: isGameModeOn = true
12-10 07:22:14.975 1507 1909 I GameModeConfig: isGaming = false
12-10 07:22:14.994 1507 1909 I GameModeConfig: isGameModeOn = true
12-10 07:22:14.994 1507 1909 I GameModeConfig: isGaming = false
12-10 07:22:14.999 1507 1909 I GameModeConfig: isGameModeOn = true
12-10 07:22:14.999 1507 1909 I GameModeConfig: isGaming = false
12-10 07:22:15.011 1507 1909 I GameModeConfig: isGameModeOn = true
12-10 07:22:15.011 1507 1909 I GameModeConfig: isGaming = false
12-10 07:22:15.020 1507 1909 I GameModeConfig: isGameModeOn = true
12-10 07:22:15.020 1507 1909 I GameModeConfig: isGaming = false
12-10 07:22:15.029 1507 1909 I GameModeConfig: isGameModeOn = true
12-10 07:22:15.029 1507 1909 I GameModeConfig: isGaming = false
12-10 07:22:15.039 1507 1909 I GameModeConfig: isGameModeOn = true
12-10 07:22:15.040 1507 1909 I GameModeConfig: isGaming = false
12-10 07:22:15.044 1507 1909 I GameModeConfig: isGameModeOn = true
12-10 07:22:15.044 1507 1909 I GameModeConfig: isGaming = false
12-10 07:22:15.052 1507 1909 I GameModeConfig: isGameModeOn = true
12-10 07:22:15.052 1507 1909 I GameModeConfig: isGaming = false
12-10 07:22:15.065 1507 1909 I GameModeConfig: isGameModeOn = true
12-10 07:22:15.065 1507 1909 I GameModeConfig: isGaming = false
12-10 07:22:15.067 1507 1909 I GameModeConfig: isGameModeOn = true
12-10 07:22:15.067 1507 1909 I GameModeConfig: isGaming = false
12-10 07:22:15.088 1507 1909 I GameModeConfig: isGameModeOn = true
12-10 07:22:15.089 1507 1909 I GameModeConfig: isGaming = false
12-10 07:22:15.100 1507 1909 I GameModeConfig: isGameModeOn = true
12-10 07:22:15.100 1507 1909 I GameModeConfig: isGaming = false
12-10 07:22:15.121 1507 1909 I GameModeConfig: isGameModeOn = true
12-10 07:22:15.121 1507 1909 I GameModeConfig: isGaming = false
12-10 07:22:15.133 1507 1909 I GameModeConfig: isGameModeOn = true
12-10 07:22:15.133 1507 1909 I GameModeConfig: isGaming = false
12-10 07:22:15.147 1507 1909 I GameModeConfig: isGameModeOn = true
12-10 07:22:15.147 1507 1909 I GameModeConfig: isGaming = false
12-10 07:22:15.155 0 0 I auditd : type=1400 audit(0.0:22013): avc: denied { kill } for comm="swapper/1" capability=5 scontext=u:r:kernel:s0 tcontext=u:r:kernel:s0 tclass=capability permissive=0
12-10 07:22:15.168 1507 1909 I GameModeConfig: isGameModeOn = true
12-10 07:22:15.168 1507 1909 I GameModeConfig: isGaming = false
12-10 07:22:15.181 1507 1909 I GameModeConfig: isGameModeOn = true
12-10 07:22:15.181 1507 1909 I GameModeConfig: isGaming = false
12-10 07:22:15.197 1507 1909 I GameModeConfig: isGameModeOn = true
12-10 07:22:15.197 1507 1909 I GameModeConfig: isGaming = false
12-10 07:22:15.214 1507 1909 I GameModeConfig: isGameModeOn = true
12-10 07:22:15.215 1507 1909 I GameModeConfig: isGaming = false
12-10 07:22:15.236 1507 1909 I GameModeConfig: isGameModeOn = true
12-10 07:22:15.236 1507 1909 I GameModeConfig: isGaming = false
12-10 07:22:15.247 1507 1909 I GameModeConfig: isGameModeOn = true
12-10 07:22:15.247 1507 1909 I GameModeConfig: isGaming = false
12-10 07:22:15.274 1507 1909 I GameModeConfig: isGameModeOn = true
12-10 07:22:15.274 1507 1909 I GameModeConfig: isGaming = false
12-10 07:22:16.155 0 0 I auditd : type=1400 audit(0.0:22014): avc: denied { kill } for comm="swapper/1" capability=5 scontext=u:r:kernel:s0 tcontext=u:r:kernel:s0 tclass=capability permissive=0
12-10 07:22:17.155 0 0 I auditd : type=1400 audit(0.0:22015): avc: denied { kill } for comm="swapper/1" capability=5 scontext=u:r:kernel:s0 tcontext=u:r:kernel:s0 tclass=capability permissive=0
12-10 07:22:18.155 0 0 I auditd : type=1400 audit(0.0:22016): avc: denied { kill } for comm="swapper/1" capability=5 scontext=u:r:kernel:s0 tcontext=u:r:kernel:s0 tclass=capability permissive=0
12-10 07:22:19.155 0 0 I auditd : type=1400 audit(0.0:22017): avc: denied { kill } for comm="swapper/1" capability=5 scontext=u:r:kernel:s0 tcontext=u:r:kernel:s0 tclass=capability permissive=0
12-10 07:22:20.155 0 0 I auditd : type=1400 audit(0.0:22018): avc: denied { kill } for comm="swapper/1" capability=5 scontext=u:r:kernel:s0 tcontext=u:r:kernel:s0 tclass=capability permissive=0
12-10 07:22:21.155 0 0 I auditd : type=1400 audit(0.0:22019): avc: denied { kill } for comm="swapper/1" capability=5 scontext=u:r:kernel:s0 tcontext=u:r:kernel:s0 tclass=capability permissive=0
12-10 07:22:21.571 1507 1613 V DisplayPowerController[0]: Brightness [0.05] reason changing to: 'manual [ dim ]', previous reason: 'manual'.
12-10 07:22:21.571 1507 1613 I sysui_multi_action: [757,1696,758,6,759,2]
12-10 07:22:21.572 1507 1613 W PowerManagerService: Screen on took 16090 ms
12-10 07:22:21.580 1507 1980 E DisplayDeviceConfig: requesting nits when no mapping exists.
12-10 07:22:21.581 1507 1980 E DisplayDeviceConfig: requesting nits when no mapping exists.
12-10 07:22:21.581 1507 1583 I am_wtf : [0,1507,system_server,-1,DisplayDeviceConfig,requesting nits when no mapping exists.]
12-10 07:22:21.582 1507 1583 I DropBoxManagerService: add tag=system_server_wtf isTagEnabled=true flags=0x2
12-10 07:22:21.584 1507 1583 I am_wtf : [0,1507,system_server,-1,DisplayDeviceConfig,requesting nits when no mapping exists.]
12-10 07:22:21.585 1507 1583 I DropBoxManagerService: add tag=system_server_wtf isTagEnabled=true flags=0x2
12-10 07:22:21.596 1507 1980 E DisplayDeviceConfig: requesting nits when no mapping exists.
12-10 07:22:21.596 1507 1980 E DisplayDeviceConfig: requesting nits when no mapping exists.
12-10 07:22:21.597 1507 1583 I am_wtf : [0,1507,system_server,-1,DisplayDeviceConfig,requesting nits when no mapping exists.]
12-10 07:22:21.598 1507 1583 I DropBoxManagerService: add tag=system_server_wtf isTagEnabled=true flags=0x2
12-10 07:22:21.599 1507 1583 I am_wtf : [0,1507,system_server,-1,DisplayDeviceConfig,requesting nits when no mapping exists.]
12-10 07:22:21.599 1507 1583 I DropBoxManagerService: add tag=system_server_wtf isTagEnabled=true flags=0x2
12-10 07:22:21.613 1507 1980 E DisplayDeviceConfig: requesting nits when no mapping exists.
12-10 07:22:21.613 1507 1583 I am_wtf : [0,1507,system_server,-1,DisplayDeviceConfig,requesting nits when no mapping exists.]
12-10 07:22:21.613 1507 1980 E DisplayDeviceConfig: requesting nits when no mapping exists.
12-10 07:22:21.614 1507 1583 I DropBoxManagerService: add tag=system_server_wtf isTagEnabled=true flags=0x2
12-10 07:22:21.615 1507 1583 I am_wtf : [0,1507,system_server,-1,DisplayDeviceConfig,requesting nits when no mapping exists.]
12-10 07:22:21.631 1507 1980 E DisplayDeviceConfig: requesting nits when no mapping exists.
12-10 07:22:21.632 1507 1583 I am_wtf : [0,1507,system_server,-1,DisplayDeviceConfig,requesting nits when no mapping exists.]
12-10 07:22:21.632 1507 1980 E DisplayDeviceConfig: requesting nits when no mapping exists.
12-10 07:22:21.633 1507 1583 I am_wtf : [0,1507,system_server,-1,DisplayDeviceConfig,requesting nits when no mapping exists.]
12-10 07:22:21.648 1507 1980 E DisplayDeviceConfig: requesting nits when no mapping exists.
12-10 07:22:21.649 1507 1583 I am_wtf : [0,1507,system_server,-1,DisplayDeviceConfig,requesting nits when no mapping exists.]
12-10 07:22:21.649 1507 1980 E DisplayDeviceConfig: requesting nits when no mapping exists.
12-10 07:22:21.650 1507 1583 I am_wtf : [0,1507,system_server,-1,DisplayDeviceConfig,requesting nits when no mapping exists.]
12-10 07:22:21.665 1507 1980 E DisplayDeviceConfig: requesting nits when no mapping exists.
12-10 07:22:21.666 1507 1980 E DisplayDeviceConfig: requesting nits when no mapping exists.
12-10 07:22:21.666 1507 1583 I am_wtf : [0,1507,system_server,-1,DisplayDeviceConfig,requesting nits when no mapping exists.]
12-10 07:22:21.667 1507 1583 I am_wtf : [0,1507,system_server,-1,DisplayDeviceConfig,requesting nits when no mapping exists.]
12-10 07:22:21.681 1507 1980 E DisplayDeviceConfig: requesting nits when no mapping exists.
12-10 07:22:21.682 1507 1583 I am_wtf : [0,1507,system_server,-1,DisplayDeviceConfig,requesting nits when no mapping exists.]
12-10 07:22:21.682 1507 1980 E DisplayDeviceConfig: requesting nits when no mapping exists.
12-10 07:22:21.683 1507 1583 I am_wtf : [0,1507,system_server,-1,DisplayDeviceConfig,requesting nits when no mapping exists.]
12-10 07:22:21.698 1507 1980 E DisplayDeviceConfig: requesting nits when no mapping exists.
12-10 07:22:21.699 1507 1583 I am_wtf : [0,1507,system_server,-1,DisplayDeviceConfig,requesting nits when no mapping exists.]
12-10 07:22:21.699 1507 1980 E DisplayDeviceConfig: requesting nits when no mapping exists.
12-10 07:22:21.700 1507 1583 I am_wtf : [0,1507,system_server,-1,DisplayDeviceConfig,requesting nits when no mapping exists.]
12-10 07:22:21.715 1507 1980 E DisplayDeviceConfig: requesting nits when no mapping exists.
12-10 07:22:21.716 1507 1583 I am_wtf : [0,1507,system_server,-1,DisplayDeviceConfig,requesting nits when no mapping exists.]
12-10 07:22:21.716 1507 1980 E DisplayDeviceConfig: requesting nits when no mapping exists.
12-10 07:22:21.716 1507 1583 I am_wtf : [0,1507,system_server,-1,DisplayDeviceConfig,requesting nits when no mapping exists.]
12-10 07:22:21.732 1507 1980 E DisplayDeviceConfig: requesting nits when no mapping exists.
12-10 07:22:21.732 1507 1980 E DisplayDeviceConfig: requesting nits when no mapping exists.
12-10 07:22:21.732 1507 1583 I am_wtf : [0,1507,system_server,-1,DisplayDeviceConfig,requesting nits when no mapping exists.]
12-10 07:22:21.733 1507 1583 I am_wtf : [0,1507,system_server,-1,DisplayDeviceConfig,requesting nits when no mapping exists.]
12-10 07:22:21.749 1507 1980 E DisplayDeviceConfig: requesting nits when no mapping exists.
12-10 07:22:21.749 1507 1980 E DisplayDeviceConfig: requesting nits when no mapping exists.
12-10 07:22:21.749 1507 1583 I am_wtf : [0,1507,system_server,-1,DisplayDeviceConfig,requesting nits when no mapping exists.]
12-10 07:22:21.750 1507 1583 I am_wtf : [0,1507,system_server,-1,DisplayDeviceConfig,requesting nits when no mapping exists.]
12-10 07:22:21.765 1507 1980 E DisplayDeviceConfig: requesting nits when no mapping exists.
12-10 07:22:21.766 1507 1583 I am_wtf : [0,1507,system_server,-1,DisplayDeviceConfig,requesting nits when no mapping exists.]
12-10 07:22:21.766 1507 1980 E DisplayDeviceConfig: requesting nits when no mapping exists.
12-10 07:22:21.767 1507 1583 I am_wtf : [0,1507,system_server,-1,DisplayDeviceConfig,requesting nits when no mapping exists.]
12-10 07:22:21.782 1507 1980 E DisplayDeviceConfig: requesting nits when no mapping exists.
12-10 07:22:21.783 1507 1583 I am_wtf : [0,1507,system_server,-1,DisplayDeviceConfig,requesting nits when no mapping exists.]
12-10 07:22:21.783 1507 1980 E DisplayDeviceConfig: requesting nits when no mapping exists.
12-10 07:22:21.783 1507 1583 I am_wtf : [0,1507,system_server,-1,DisplayDeviceConfig,requesting nits when no mapping exists.]
12-10 07:22:21.799 1507 1980 E DisplayDeviceConfig: requesting nits when no mapping exists.
12-10 07:22:21.799 1507 1583 I am_wtf : [0,1507,system_server,-1,DisplayDeviceConfig,requesting nits when no mapping exists.]
12-10 07:22:21.800 1507 1980 E DisplayDeviceConfig: requesting nits when no mapping exists.
12-10 07:22:21.800 1507 1583 I am_wtf : [0,1507,system_server,-1,DisplayDeviceConfig,requesting nits when no mapping exists.]
12-10 07:22:21.815 1507 1980 E DisplayDeviceConfig: requesting nits when no mapping exists.
12-10 07:22:21.816 1507 1583 I am_wtf : [0,1507,system_server,-1,DisplayDeviceConfig,requesting nits when no mapping exists.]
12-10 07:22:21.816 1507 1980 E DisplayDeviceConfig: requesting nits when no mapping exists.
12-10 07:22:21.817 1507 1583 I am_wtf : [0,1507,system_server,-1,DisplayDeviceConfig,requesting nits when no mapping exists.]
12-10 07:22:21.832 1507 1980 E DisplayDeviceConfig: requesting nits when no mapping exists.
12-10 07:22:21.833 1507 1980 E DisplayDeviceConfig: requesting nits when no mapping exists.
12-10 07:22:21.833 1507 1583 I am_wtf : [0,1507,system_server,-1,DisplayDeviceConfig,requesting nits when no mapping exists.]
12-10 07:22:21.834 1507 1583 I am_wtf : [0,1507,system_server,-1,DisplayDeviceConfig,requesting nits when no mapping exists.]
12-10 07:22:21.849 1507 1980 E DisplayDeviceConfig: requesting nits when no mapping exists.
12-10 07:22:21.849 1507 1583 I am_wtf : [0,1507,system_server,-1,DisplayDeviceConfig,requesting nits when no mapping exists.]
12-10 07:22:21.849 1507 1980 E DisplayDeviceConfig: requesting nits when no mapping exists.
12-10 07:22:21.850 1507 1583 I am_wtf : [0,1507,system_server,-1,DisplayDeviceConfig,requesting nits when no mapping exists.]
12-10 07:22:21.865 1507 1980 E DisplayDeviceConfig: requesting nits when no mapping exists.
12-10 07:22:21.866 1507 1583 I am_wtf : [0,1507,system_server,-1,DisplayDeviceConfig,requesting nits when no mapping exists.]
12-10 07:22:21.866 1507 1980 E DisplayDeviceConfig: requesting nits when no mapping exists.
12-10 07:22:21.867 1507 1583 I am_wtf : [0,1507,system_server,-1,DisplayDeviceConfig,requesting nits when no mapping exists.]
12-10 07:22:21.882 1507 1980 E DisplayDeviceConfig: requesting nits when no mapping exists.
12-10 07:22:21.883 1507 1980 E DisplayDeviceConfig: requesting nits when no mapping exists.
12-10 07:22:21.883 1507 1583 I am_wtf : [0,1507,system_server,-1,DisplayDeviceConfig,requesting nits when no mapping exists.]
12-10 07:22:21.884 1507 1583 I am_wtf : [0,1507,system_server,-1,DisplayDeviceConfig,requesting nits when no mapping exists.]
12-10 07:22:21.899 1507 1980 E DisplayDeviceConfig: requesting nits when no mapping exists.
12-10 07:22:21.900 1507 1583 I am_wtf : [0,1507,system_server,-1,DisplayDeviceConfig,requesting nits when no mapping exists.]
12-10 07:22:21.900 1507 1980 E DisplayDeviceConfig: requesting nits when no mapping exists.
12-10 07:22:21.901 1507 1583 I am_wtf : [0,1507,system_server,-1,DisplayDeviceConfig,requesting nits when no mapping exists.]
12-10 07:22:22.155 0 0 I auditd : type=1400 audit(0.0:22020): avc: denied { kill } for comm="swapper/1" capability=5 scontext=u:r:kernel:s0 tcontext=u:r:kernel:s0 tclass=capability permissive=0
12-10 07:22:23.155 0 0 I auditd : type=1400 audit(0.0:22021): avc: denied { kill } for comm="swapper/1" capability=5 scontext=u:r:kernel:s0 tcontext=u:r:kernel:s0 tclass=capability permissive=0
12-10 07:22:24.155 0 0 I auditd : type=1400 audit(0.0:22022): avc: denied { kill } for comm="swapper/1" capability=5 scontext=u:r:kernel:s0 tcontext=u:r:kernel:s0 tclass=capability permissive=0
12-10 07:22:25.155 0 0 I auditd : type=1400 audit(0.0:22023): avc: denied { kill } for comm="swapper/1" capability=5 scontext=u:r:kernel:s0 tcontext=u:r:kernel:s0 tclass=capability permissive=0
12-10 07:22:25.718 1507 1613 I PowerManagerService: Napping display group (groupId=0, uid=1000)...
12-10 07:22:25.718 1507 1613 I PowerManagerService: Nap time (uid 1000)...
12-10 07:22:25.720 1507 1613 I DreamManagerService: Entering dreamland.
12-10 07:22:25.726 1507 1613 I PowerManagerService: Dreaming...
12-10 07:22:25.727 1507 1564 I DreamController: Starting dream: name=ComponentInfo{com.thundercomm.screensaver/com.thundercomm.saverclock.service.ClockScreensaver}, isTest=false, canDoze=false, userId=0
12-10 07:22:25.727 1507 1564 I sysui_multi_action: [757,222,758,1]
12-10 07:22:25.738 1507 6699 I ActivityTaskManager: START u0 {flg=0x10000000 pkg=com.thundercomm.screensaver cmp=com.thundercomm.screensaver/android.service.dreams.DreamActivity (has extras)} from uid 10052
12-10 07:22:25.740 1507 6699 I wm_task_created: [174,-1]
12-10 07:22:25.740 1507 6699 W ActivityTaskManager: Can't find TaskDisplayArea to determine support for multi window. Task id=174 attached=false
12-10 07:22:25.744 1507 6699 I wm_task_moved: [174,1,8]
12-10 07:22:25.744 1507 6699 I wm_task_to_front: [0,174]
12-10 07:22:25.744 1507 6699 I wm_create_task: [0,174]
12-10 07:22:25.744 1507 6699 I wm_create_activity: [0,14603198,174,com.thundercomm.screensaver/android.service.dreams.DreamActivity,NULL,NULL,NULL,276824064]
12-10 07:22:25.745 1507 6699 I wm_task_moved: [174,1,8]
12-10 07:22:25.745 2526 2526 I wm_on_top_resumed_lost_called: [142082565,com.android.launcher3.uioverrides.QuickstepLauncher,topStateChangedWhenResumed]
12-10 07:22:25.746 1507 6699 I wm_pause_activity: [0,142082565,com.android.launcher3/.uioverrides.QuickstepLauncher,userLeaving=true,pauseBackTasks]
12-10 07:22:25.751 2526 2526 I wm_on_paused_called: [142082565,com.android.launcher3.uioverrides.QuickstepLauncher,performPause]
12-10 07:22:25.753 1507 6699 I ActivityTaskManager: FOREGROUND_APPLICATION_CHANGED to android.service.dreams.DreamActivity
12-10 07:22:25.753 1507 6699 I ActivityTaskManager: The Process com.thundercomm.screensaver Already Exists in BG. So sending its PID: 14020
12-10 07:22:25.754 1507 6699 W ActivityTaskManager: Tried to set launchTime (0) < mLastActivityLaunchTime (20573565)
12-10 07:22:25.754 1507 6699 I wm_add_to_stopping: [0,142082565,com.android.launcher3/.uioverrides.QuickstepLauncher,makeInvisible]
12-10 07:22:25.755 1507 6699 I wm_restart_activity: [0,14603198,174,com.thundercomm.screensaver/android.service.dreams.DreamActivity]
12-10 07:22:25.757 1507 6699 I wm_set_resumed_activity: [0,com.thundercomm.screensaver/android.service.dreams.DreamActivity,minimalResumeActivityLocked]
12-10 07:22:25.774 1507 1568 I sysui_multi_action: [757,803,799,window_time_0,802,20]
12-10 07:22:25.774 14020 14020 I wm_on_create_called: [14603198,android.service.dreams.DreamActivity,performCreate]
12-10 07:22:25.775 14020 14020 I wm_on_start_called: [14603198,android.service.dreams.DreamActivity,handleStartActivity]
12-10 07:22:25.775 8492 8527 W ContextImpl: Calling a method in the system process without a qualified user: android.app.ContextImpl.startService:1816 android.content.ContextWrapper.startService:774 com.thundercomm.gamemode.ingame.services.GameModeActionUtils.startGameModeService:99 com.thundercomm.gamemode.ingame.services.GameModeActionUtils.startGameModeEntry:22 com.thundercomm.gamemode.ingame.services.ActivityMonitoringService$1.onActivityLaunch:127
12-10 07:22:25.777 14020 14020 I wm_on_resume_called: [14603198,android.service.dreams.DreamActivity,RESUME_ACTIVITY]
12-10 07:22:25.779 1507 1507 I GameModeConfig: Current uri is uri = content://com.thundercomm.gamemode.api/gamemode_settings/gamemode_isgaming
12-10 07:22:25.782 1507 1507 I GameModeConfig: isGameModeOn = true
12-10 07:22:25.782 1507 1507 I GameModeConfig: isGaming = false
12-10 07:22:25.783 1507 1507 I GameModeConfig: isGameModeOn = true
12-10 07:22:25.783 1507 1507 I GameModeConfig: isGaming = false
12-10 07:22:25.783 1507 1507 I GameModeConfig: isDisableVoice = true
12-10 07:22:25.783 1507 6699 W WindowManager: Failed looking up window session=Session{ca99f8b 14020:u0a10052} callers=com.android.server.wm.WindowManagerService.windowForClientLocked:5628 com.android.server.wm.Session.insetsModified:629 android.view.IWindowSession$Stub.onTransact:1151
12-10 07:22:25.784 1507 1736 I input_focus: [Focus leaving 2cb1f5d com.android.launcher3/com.android.launcher3.uioverrides.QuickstepLauncher (server),reason=NO_WINDOW]
12-10 07:22:25.786 14020 14020 I wm_on_top_resumed_gained_called: [14603198,android.service.dreams.DreamActivity,topStateChangedWhenResumed]
12-10 07:22:25.814 1507 1569 I input_focus: [Focus request ab06dca com.thundercomm.screensaver/android.service.dreams.DreamActivity,reason=UpdateInputWindows]
12-10 07:22:25.815 1507 1909 I GameModeConfig: isGameModeOn = true
12-10 07:22:25.815 1507 1909 I GameModeConfig: isGaming = false
12-10 07:22:25.816 1507 1909 I GameModeConfig: isGameModeOn = true
12-10 07:22:25.816 1507 1909 I GameModeConfig: isGaming = false
12-10 07:22:25.816 1507 1909 I GameModeConfig: isGameModeOn = true
12-10 07:22:25.816 1507 1909 I GameModeConfig: isGaming = false
12-10 07:22:25.816 1507 1909 I GameModeConfig: isGameModeOn = true
12-10 07:22:25.816 1507 1909 I GameModeConfig: isGaming = false
12-10 07:22:25.816 1507 1909 I GameModeConfig: isGameModeOn = true
12-10 07:22:25.816 1507 1909 I GameModeConfig: isGaming = false
12-10 07:22:25.817 1507 1507 I notification_enqueue: [10082,2004,com.android.systemui,2048,NULL,0,Notification(channel=updateNotification shortcut=null contentView=null vibrate=null sound=null defaults=0x0 flags=0x0 color=0x00000000 vis=PRIVATE),1]
12-10 07:22:25.817 2004 2004 I sysui_multi_action: [757,111,758,2]
12-10 07:22:25.817 2004 2004 I sysui_multi_action: [757,111,758,2]
12-10 07:22:25.826 1507 1613 V DisplayPowerController[0]: Brightness [0.37373737] reason changing to: 'manual', previous reason: 'manual [ dim ]'.
12-10 07:22:25.826 1507 1613 I sysui_multi_action: [757,1696,758,6,759,3]
12-10 07:22:25.827 1507 1980 E DisplayDeviceConfig: requesting nits when no mapping exists.
12-10 07:22:25.828 1507 1980 E DisplayDeviceConfig: requesting nits when no mapping exists.
12-10 07:22:25.828 1507 1583 I am_wtf : [0,1507,system_server,-1,DisplayDeviceConfig,requesting nits when no mapping exists.]
12-10 07:22:25.829 1507 1583 I am_wtf : [0,1507,system_server,-1,DisplayDeviceConfig,requesting nits when no mapping exists.]
12-10 07:22:25.829 1507 1564 I sysui_multi_action: [319,84,322,84,325,20594,757,761,758,8,759,2,806,com.thundercomm.screensaver,871,android.service.dreams.DreamActivity,904,com.thundercomm.screensaver,905,0,1320,4,1321,2]
12-10 07:22:25.835 1507 1564 I wm_activity_launch_time: [0,14603198,com.thundercomm.screensaver/android.service.dreams.DreamActivity,84]
12-10 07:22:25.838 2004 2004 I sysui_multi_action: [757,111,758,1]
12-10 07:22:25.838 2004 2004 I sysui_multi_action: [757,126,758,1,759,126,927,0,928,1,1593,0]
12-10 07:22:25.838 2004 2004 I sysui_multi_action: [757,113,758,1,759,113,927,1,928,1,1593,0]
12-10 07:22:25.838 2004 2004 I sysui_multi_action: [757,0,758,1,759,0,927,2,928,0,1593,0]
12-10 07:22:25.838 2004 2004 I sysui_multi_action: [757,0,758,1,759,0,927,3,928,0,1593,0]
12-10 07:22:25.838 2004 2004 I sysui_multi_action: [757,491,758,1,759,491,927,4,928,1,1311,1,1593,0]
12-10 07:22:25.838 2004 2004 I sysui_multi_action: [757,0,758,1,759,0,927,5,928,0,1593,0]
12-10 07:22:25.838 2004 2004 I sysui_multi_action: [757,111,758,1]
12-10 07:22:25.838 2004 2004 I sysui_multi_action: [757,126,758,1,759,126,927,0,928,1,1593,0]
12-10 07:22:25.839 2004 2004 I sysui_multi_action: [757,113,758,1,759,113,927,1,928,1,1593,0]
12-10 07:22:25.839 2004 2004 I sysui_multi_action: [757,0,758,1,759,0,927,2,928,0,1593,0]
12-10 07:22:25.839 2004 2004 I sysui_multi_action: [757,0,758,1,759,0,927,3,928,0,1593,0]
12-10 07:22:25.846 1507 1980 E DisplayDeviceConfig: requesting nits when no mapping exists.
12-10 07:22:25.846 1507 1980 E DisplayDeviceConfig: requesting nits when no mapping exists.
12-10 07:22:25.846 1507 1736 I input_focus: [Focus entering ab06dca com.thundercomm.screensaver/android.service.dreams.DreamActivity (server),reason=Window became focusable. Previous reason: NOT_VISIBLE]
12-10 07:22:25.847 1507 1583 I am_wtf : [0,1507,system_server,-1,DisplayDeviceConfig,requesting nits when no mapping exists.]
12-10 07:22:25.847 1507 1583 I am_wtf : [0,1507,system_server,-1,DisplayDeviceConfig,requesting nits when no mapping exists.]
12-10 07:22:25.866 8492 8527 W ContextImpl: Calling a method in the system process without a qualified user: android.app.ContextImpl.startService:1816 android.content.ContextWrapper.startService:774 com.thundercomm.gamemode.ingame.services.GameModeActionUtils.startGameModeService:99 com.thundercomm.gamemode.ingame.services.GameModeActionUtils.startGameModeEntry:22 com.thundercomm.gamemode.ingame.services.ActivityMonitoringService$1.onActivityLaunch:127
12-10 07:22:25.868 1507 1980 E DisplayDeviceConfig: requesting nits when no mapping exists.
12-10 07:22:25.868 1507 1980 E DisplayDeviceConfig: requesting nits when no mapping exists.
12-10 07:22:25.868 1507 1583 I am_wtf : [0,1507,system_server,-1,DisplayDeviceConfig,requesting nits when no mapping exists.]
12-10 07:22:25.870 1507 1583 I am_wtf : [0,1507,system_server,-1,DisplayDeviceConfig,requesting nits when no mapping exists.]
12-10 07:22:25.873 1507 1507 I GameModeConfig: Current uri is uri = content://com.thundercomm.gamemode.api/gamemode_settings/gamemode_isgaming
12-10 07:22:25.874 1507 1507 I GameModeConfig: isGameModeOn = true
12-10 07:22:25.874 1507 1507 I GameModeConfig: isGaming = false
12-10 07:22:25.874 1507 1507 I GameModeConfig: isGameModeOn = true
12-10 07:22:25.874 1507 1507 I GameModeConfig: isGaming = false
12-10 07:22:25.874 1507 1507 I GameModeConfig: isDisableVoice = true
12-10 07:22:25.879 1507 1980 E DisplayDeviceConfig: requesting nits when no mapping exists.
12-10 07:22:25.880 1507 1980 E DisplayDeviceConfig: requesting nits when no mapping exists.
12-10 07:22:25.880 1507 1583 I am_wtf : [0,1507,system_server,-1,DisplayDeviceConfig,requesting nits when no mapping exists.]
12-10 07:22:25.884 1507 1583 I am_wtf : [0,1507,system_server,-1,DisplayDeviceConfig,requesting nits when no mapping exists.]
12-10 07:22:25.895 1507 1980 E DisplayDeviceConfig: requesting nits when no mapping exists.
12-10 07:22:25.895 1507 1980 E DisplayDeviceConfig: requesting nits when no mapping exists.
12-10 07:22:25.896 1507 1583 I am_wtf : [0,1507,system_server,-1,DisplayDeviceConfig,requesting nits when no mapping exists.]
12-10 07:22:25.901 1507 1583 I am_wtf : [0,1507,system_server,-1,DisplayDeviceConfig,requesting nits when no mapping exists.]
12-10 07:22:25.911 1507 1980 E DisplayDeviceConfig: requesting nits when no mapping exists.
12-10 07:22:25.912 1507 1583 I am_wtf : [0,1507,system_server,-1,DisplayDeviceConfig,requesting nits when no mapping exists.]
12-10 07:22:25.912 1507 1980 E DisplayDeviceConfig: requesting nits when no mapping exists.
12-10 07:22:25.913 1507 1583 I am_wtf : [0,1507,system_server,-1,DisplayDeviceConfig,requesting nits when no mapping exists.]
12-10 07:22:25.928 1507 1980 E DisplayDeviceConfig: requesting nits when no mapping exists.
12-10 07:22:25.929 1507 1583 I am_wtf : [0,1507,system_server,-1,DisplayDeviceConfig,requesting nits when no mapping exists.]
12-10 07:22:25.929 1507 1980 E DisplayDeviceConfig: requesting nits when no mapping exists.
12-10 07:22:25.930 1507 1583 I am_wtf : [0,1507,system_server,-1,DisplayDeviceConfig,requesting nits when no mapping exists.]
12-10 07:22:25.951 1507 1980 E DisplayDeviceConfig: requesting nits when no mapping exists.
12-10 07:22:25.951 1507 1980 E DisplayDeviceConfig: requesting nits when no mapping exists.
12-10 07:22:25.952 1507 1583 I am_wtf : [0,1507,system_server,-1,DisplayDeviceConfig,requesting nits when no mapping exists.]
12-10 07:22:25.953 1507 1583 I am_wtf : [0,1507,system_server,-1,DisplayDeviceConfig,requesting nits when no mapping exists.]
12-10 07:22:25.961 1507 1980 E DisplayDeviceConfig: requesting nits when no mapping exists.
12-10 07:22:25.961 1507 1583 I am_wtf : [0,1507,system_server,-1,DisplayDeviceConfig,requesting nits when no mapping exists.]
12-10 07:22:25.961 1507 1980 E DisplayDeviceConfig: requesting nits when no mapping exists.
12-10 07:22:25.962 1507 1583 I am_wtf : [0,1507,system_server,-1,DisplayDeviceConfig,requesting nits when no mapping exists.]
12-10 07:22:25.980 1507 1980 E DisplayDeviceConfig: requesting nits when no mapping exists.
12-10 07:22:25.983 1507 1583 I am_wtf : [0,1507,system_server,-1,DisplayDeviceConfig,requesting nits when no mapping exists.]
12-10 07:22:25.983 1507 1980 E DisplayDeviceConfig: requesting nits when no mapping exists.
12-10 07:22:25.984 1507 1583 I am_wtf : [0,1507,system_server,-1,DisplayDeviceConfig,requesting nits when no mapping exists.]
12-10 07:22:26.001 1507 1980 E DisplayDeviceConfig: requesting nits when no mapping exists.
12-10 07:22:26.002 1507 1980 E DisplayDeviceConfig: requesting nits when no mapping exists.
12-10 07:22:26.002 1507 1583 I am_wtf : [0,1507,system_server,-1,DisplayDeviceConfig,requesting nits when no mapping exists.]
12-10 07:22:26.003 1507 1583 I am_wtf : [0,1507,system_server,-1,DisplayDeviceConfig,requesting nits when no mapping exists.]
12-10 07:22:26.011 1507 1980 E DisplayDeviceConfig: requesting nits when no mapping exists.
12-10 07:22:26.012 1507 1980 E DisplayDeviceConfig: requesting nits when no mapping exists.
12-10 07:22:26.012 1507 1583 I am_wtf : [0,1507,system_server,-1,DisplayDeviceConfig,requesting nits when no mapping exists.]
12-10 07:22:26.012 1507 1583 I am_wtf : [0,1507,system_server,-1,DisplayDeviceConfig,requesting nits when no mapping exists.]
12-10 07:22:26.020 1507 1507 I GameModeConfig: isGameModeOn = true
12-10 07:22:26.020 1507 1507 I GameModeConfig: isGaming = false
12-10 07:22:26.028 1507 1980 E DisplayDeviceConfig: requesting nits when no mapping exists.
12-10 07:22:26.029 1507 1583 I am_wtf : [0,1507,system_server,-1,DisplayDeviceConfig,requesting nits when no mapping exists.]
12-10 07:22:26.030 1507 1980 E DisplayDeviceConfig: requesting nits when no mapping exists.
12-10 07:22:26.031 1507 1583 I am_wtf : [0,1507,system_server,-1,DisplayDeviceConfig,requesting nits when no mapping exists.]
12-10 07:22:26.045 1507 1980 E DisplayDeviceConfig: requesting nits when no mapping exists.
12-10 07:22:26.046 1507 1583 I am_wtf : [0,1507,system_server,-1,DisplayDeviceConfig,requesting nits when no mapping exists.]
12-10 07:22:26.047 1507 1980 E DisplayDeviceConfig: requesting nits when no mapping exists.
12-10 07:22:26.047 1507 1583 I am_wtf : [0,1507,system_server,-1,DisplayDeviceConfig,requesting nits when no mapping exists.]
12-10 07:22:26.062 1507 1980 E DisplayDeviceConfig: requesting nits when no mapping exists.
12-10 07:22:26.063 1507 1583 I am_wtf : [0,1507,system_server,-1,DisplayDeviceConfig,requesting nits when no mapping exists.]
12-10 07:22:26.065 1507 1980 E DisplayDeviceConfig: requesting nits when no mapping exists.
12-10 07:22:26.065 1507 1583 I am_wtf : [0,1507,system_server,-1,DisplayDeviceConfig,requesting nits when no mapping exists.]
12-10 07:22:26.081 1507 1980 E DisplayDeviceConfig: requesting nits when no mapping exists.
12-10 07:22:26.081 1507 1980 E DisplayDeviceConfig: requesting nits when no mapping exists.
12-10 07:22:26.081 1507 1583 I am_wtf : [0,1507,system_server,-1,DisplayDeviceConfig,requesting nits when no mapping exists.]
12-10 07:22:26.083 1507 1583 I am_wtf : [0,1507,system_server,-1,DisplayDeviceConfig,requesting nits when no mapping exists.]
12-10 07:22:26.102 1507 1980 E DisplayDeviceConfig: requesting nits when no mapping exists.
12-10 07:22:26.102 1507 1980 E DisplayDeviceConfig: requesting nits when no mapping exists.
12-10 07:22:26.105 1507 1583 I am_wtf : [0,1507,system_server,-1,DisplayDeviceConfig,requesting nits when no mapping exists.]
12-10 07:22:26.106 1507 1583 I am_wtf : [0,1507,system_server,-1,DisplayDeviceConfig,requesting nits when no mapping exists.]
12-10 07:22:26.113 1507 1980 E DisplayDeviceConfig: requesting nits when no mapping exists.
12-10 07:22:26.115 1507 1980 E DisplayDeviceConfig: requesting nits when no mapping exists.
12-10 07:22:26.116 1507 1568 I wm_stop_activity: [0,142082565,com.android.launcher3/.uioverrides.QuickstepLauncher]
12-10 07:22:26.119 1507 1583 I am_wtf : [0,1507,system_server,-1,DisplayDeviceConfig,requesting nits when no mapping exists.]
12-10 07:22:26.124 1507 1583 I am_wtf : [0,1507,system_server,-1,DisplayDeviceConfig,requesting nits when no mapping exists.]
12-10 07:22:26.129 1507 1980 E DisplayDeviceConfig: requesting nits when no mapping exists.
12-10 07:22:26.129 1507 1980 E DisplayDeviceConfig: requesting nits when no mapping exists.
12-10 07:22:26.129 1507 1583 I am_wtf : [0,1507,system_server,-1,DisplayDeviceConfig,requesting nits when no mapping exists.]
12-10 07:22:26.130 1507 1583 I am_wtf : [0,1507,system_server,-1,DisplayDeviceConfig,requesting nits when no mapping exists.]
12-10 07:22:26.145 2526 2526 I wm_on_stop_called: [142082565,com.android.launcher3.uioverrides.QuickstepLauncher,STOP_ACTIVITY_ITEM]
12-10 07:22:26.145 1507 1980 E DisplayDeviceConfig: requesting nits when no mapping exists.
12-10 07:22:26.146 1507 1583 I am_wtf : [0,1507,system_server,-1,DisplayDeviceConfig,requesting nits when no mapping exists.]
12-10 07:22:26.146 1507 1980 E DisplayDeviceConfig: requesting nits when no mapping exists.
12-10 07:22:26.146 1507 1583 I am_wtf : [0,1507,system_server,-1,DisplayDeviceConfig,requesting nits when no mapping exists.]
12-10 07:22:26.155 473 473 I auditd : type=1400 audit(0.0:22024): avc: denied { kill } for comm="ueventd" capability=5 scontext=u:r:ueventd:s0 tcontext=u:r:ueventd:s0 tclass=capability permissive=0
12-10 07:22:26.161 1507 1980 E DisplayDeviceConfig: requesting nits when no mapping exists.
12-10 07:22:26.162 1507 1980 E DisplayDeviceConfig: requesting nits when no mapping exists.
12-10 07:22:26.162 1507 1583 I am_wtf : [0,1507,system_server,-1,DisplayDeviceConfig,requesting nits when no mapping exists.]
12-10 07:22:26.163 1507 1583 I am_wtf : [0,1507,system_server,-1,DisplayDeviceConfig,requesting nits when no mapping exists.]
12-10 07:22:26.171 8492 8527 W ContextImpl: Calling a method in the system process without a qualified user: android.app.ContextImpl.startService:1816 android.content.ContextWrapper.startService:774 com.thundercomm.gamemode.ingame.services.GameModeActionUtils.startGameModeService:99 com.thundercomm.gamemode.ingame.services.GameModeActionUtils.startGameModeEntry:22 com.thundercomm.gamemode.ingame.services.ActivityMonitoringService$1.onActivityLaunch:127
12-10 07:22:26.175 1507 1507 I GameModeConfig: Current uri is uri = content://com.thundercomm.gamemode.api/gamemode_settings/gamemode_isgaming
12-10 07:22:26.178 1507 1507 I GameModeConfig: isGameModeOn = true
12-10 07:22:26.178 1507 1507 I GameModeConfig: isGaming = false
12-10 07:22:26.178 1507 1507 I GameModeConfig: isGameModeOn = true
12-10 07:22:26.178 1507 1507 I GameModeConfig: isGaming = false
12-10 07:22:26.178 1507 1507 I GameModeConfig: isDisableVoice = true
12-10 07:22:27.155 0 0 I auditd : type=1400 audit(0.0:22025): avc: denied { kill } for comm="swapper/1" capability=5 scontext=u:r:kernel:s0 tcontext=u:r:kernel:s0 tclass=capability permissive=0
12-10 07:22:29.155 0 0 I auditd : type=1400 audit(0.0:22026): avc: denied { kill } for comm="swapper/1" capability=5 scontext=u:r:kernel:s0 tcontext=u:r:kernel:s0 tclass=capability permissive=0
12-10 07:22:30.155 0 0 I auditd : type=1400 audit(0.0:22027): avc: denied { kill } for comm="swapper/1" capability=5 scontext=u:r:kernel:s0 tcontext=u:r:kernel:s0 tclass=capability permissive=0
12-10 07:22:31.155 0 0 I auditd : type=1400 audit(0.0:22028): avc: denied { kill } for comm="swapper/1" capability=5 scontext=u:r:kernel:s0 tcontext=u:r:kernel:s0 tclass=capability permissive=0
12-10 07:22:32.155 0 0 I auditd : type=1400 audit(0.0:22029): avc: denied { kill } for comm="swapper/1" capability=5 scontext=u:r:kernel:s0 tcontext=u:r:kernel:s0 tclass=capability permissive=0
12-10 07:22:33.155 0 0 I auditd : type=1400 audit(0.0:22030): avc: denied { kill } for comm="swapper/1" capability=5 scontext=u:r:kernel:s0 tcontext=u:r:kernel:s0 tclass=capability permissive=0
12-10 07:22:34.155 0 0 I auditd : type=1400 audit(0.0:22031): avc: denied { kill } for comm="swapper/1" capability=5 scontext=u:r:kernel:s0 tcontext=u:r:kernel:s0 tclass=capability permissive=0
12-10 07:22:35.155 0 0 I auditd : type=1400 audit(0.0:22032): avc: denied { kill } for comm="swapper/1" capability=5 scontext=u:r:kernel:s0 tcontext=u:r:kernel:s0 tclass=capability permissive=0
12-10 07:22:36.025 1507 1909 I GameModeConfig: isGameModeOn = true
12-10 07:22:36.025 1507 1909 I GameModeConfig: isGaming = false
12-10 07:22:36.155 0 0 I auditd : type=1400 audit(0.0:22033): avc: denied { kill } for comm="swapper/1" capability=5 scontext=u:r:kernel:s0 tcontext=u:r:kernel:s0 tclass=capability permissive=0
12-10 07:22:37.155 0 0 I auditd : type=1400 audit(0.0:22034): avc: denied { kill } for comm="swapper/1" capability=5 scontext=u:r:kernel:s0 tcontext=u:r:kernel:s0 tclass=capability permissive=0
12-10 07:22:38.155 0 0 I auditd : type=1400 audit(0.0:22035): avc: denied { kill } for comm="swapper/1" capability=5 scontext=u:r:kernel:s0 tcontext=u:r:kernel:s0 tclass=capability permissive=0
12-10 07:22:39.155 0 0 I auditd : type=1400 audit(0.0:22036): avc: denied { kill } for comm="swapper/1" capability=5 scontext=u:r:kernel:s0 tcontext=u:r:kernel:s0 tclass=capability permissive=0
12-10 07:22:40.155 0 0 I auditd : type=1400 audit(0.0:22037): avc: denied { kill } for comm="swapper/1" capability=5 scontext=u:r:kernel:s0 tcontext=u:r:kernel:s0 tclass=capability permissive=0
12-10 07:22:41.155 0 0 I auditd : type=1400 audit(0.0:22038): avc: denied { kill } for comm="swapper/1" capability=5 scontext=u:r:kernel:s0 tcontext=u:r:kernel:s0 tclass=capability permissive=0
