12-10 07:09:08.754 1507 1507 I GameModeConfig: isDisableVoice = true
12-10 07:09:08.754 1507 6719 I DreamManagerService: Leaving dreamland.
12-10 07:09:08.761 1507 1564 I DreamManagerService: Performing gentle wake from dream.
12-10 07:09:08.761 1507 1564 I DreamController: Stopping dream: name=ComponentInfo{com.thundercomm.screensaver/com.thundercomm.saverclock.service.ClockScreensaver}, isTest=false, canDoze=false, userId=0, reason='finished self'(from 'finished self')
12-10 07:09:08.761 1507 1564 I sysui_multi_action: [757,222,758,2]
12-10 07:09:08.761 1507 1564 I sysui_multi_action: [757,804,799,dreaming_minutes,801,0,802,1]
12-10 07:09:08.766 1507 6719 W WindowManager: updateScale0.4617737
12-10 07:09:08.950 1507 1569 W WindowManager: updateScale0.4617737
12-10 07:09:08.953 1507 1569 W WindowManager: updateScale0.4617737
12-10 07:09:08.957 1507 1569 W WindowManager: updateScale0.4617737
12-10 07:09:08.959 1507 1569 W WindowManager: updateScale0.4617737
12-10 07:09:08.963 1507 1569 I wm_task_removed: [169,removeChild:removeChild last r=ActivityRecord{4fd81de u0 com.thundercomm.screensaver/android.service.dreams.DreamActivity t-1 f}} in t=Task{9e805c1 #169 type=dream A=10052:android:com.thundercomm.screensaver/dream U=0 visible=false mode=fullscreen translucent=true sz=0}]
12-10 07:09:08.963 1507 1569 I wm_task_removed: [169,removeChild]
12-10 07:09:08.965 1507 1569 W ActivityTaskManager: Can't find TaskDisplayArea to determine support for multi window. Task id=169 attached=false
12-10 07:09:09.155 0 0 I auditd : type=1400 audit(0.0:21222): avc: denied { kill } for comm="swapper/1" capability=5 scontext=u:r:kernel:s0 tcontext=u:r:kernel:s0 tclass=capability permissive=0
12-10 07:09:10.155 0 0 I auditd : type=1400 audit(0.0:21223): avc: denied { kill } for comm="swapper/1" capability=5 scontext=u:r:kernel:s0 tcontext=u:r:kernel:s0 tclass=capability permissive=0
12-10 07:09:11.155 0 0 I auditd : type=1400 audit(0.0:21224): avc: denied { kill } for comm="swapper/1" capability=5 scontext=u:r:kernel:s0 tcontext=u:r:kernel:s0 tclass=capability permissive=0
12-10 07:09:11.481 1507 1593 W BatteryExternalStatsWorker: error reading modem stats:ERROR_PHONE_NOT_AVAILABLE
12-10 07:09:11.515 1507 1593 E KernelCpuSpeedReader: Failed to read cpu-freq: /sys/devices/system/cpu/cpu4/cpufreq/stats/time_in_state: open failed: ENOENT (No such file or directory)
12-10 07:09:11.516 1507 1593 E KernelCpuSpeedReader: Failed to read cpu-freq: /sys/devices/system/cpu/cpu0/cpufreq/stats/time_in_state: open failed: ENOENT (No such file or directory)
12-10 07:09:11.515 567 567 I auditd : type=1400 audit(0.0:21225): avc: denied { read } for comm="Binder:567_2" name="wakeup58" dev="sysfs" ino=71584 scontext=u:r:system_suspend:s0 tcontext=u:object_r:sysfs:s0 tclass=dir permissive=0
12-10 07:09:11.515 567 567 I auditd : type=1400 audit(0.0:21226): avc: denied { read } for comm="Binder:567_2" name="wakeup48" dev="sysfs" ino=67173 scontext=u:r:system_suspend:s0 tcontext=u:object_r:sysfs:s0 tclass=dir permissive=0
12-10 07:09:11.515 567 567 I auditd : type=1400 audit(0.0:21227): avc: denied { read } for comm="Binder:567_2" name="wakeup4" dev="sysfs" ino=47032 scontext=u:r:system_suspend:s0 tcontext=u:object_r:sysfs:s0 tclass=dir permissive=0
12-10 07:09:11.515 567 567 I auditd : type=1400 audit(0.0:21228): avc: denied { read } for comm="Binder:567_2" name="wakeup76" dev="sysfs" ino=76639 scontext=u:r:system_suspend:s0 tcontext=u:object_r:sysfs:s0 tclass=dir permissive=0
12-10 07:09:11.515 567 567 I auditd : type=1400 audit(0.0:21229): avc: denied { read } for comm="Binder:567_2" name="wakeup28" dev="sysfs" ino=53097 scontext=u:r:system_suspend:s0 tcontext=u:object_r:sysfs:s0 tclass=dir permissive=0
12-10 07:09:11.519 567 567 I auditd : type=1400 audit(0.0:21230): avc: denied { read } for comm="Binder:567_2" name="wakeup56" dev="sysfs" ino=71512 scontext=u:r:system_suspend:s0 tcontext=u:object_r:sysfs:s0 tclass=dir permissive=0
12-10 07:09:11.557 1507 1581 I commit_sys_config_file: [batterystats,3]
12-10 07:09:11.558 1507 1581 I commit_sys_config_file: [batterystats,0]
12-10 07:09:13.124 1507 1736 I input_interaction: Interaction with: f0e167e com.android.gallery3d/com.android.gallery3d.app.GalleryActivity (server), edge-swipe (server), swipe-up (server), PointerEventDispatcher0 (server),
12-10 07:09:13.155 0 0 I auditd : type=1400 audit(0.0:21275): avc: denied { kill } for comm="swapper/1" capability=5 scontext=u:r:kernel:s0 tcontext=u:r:kernel:s0 tclass=capability permissive=0
12-10 07:09:13.451 1507 6719 I wm_relaunch_resume_activity: [0,247500436,166,com.android.gallery3d/.app.GalleryActivity]
12-10 07:09:13.452 1507 6719 W WindowManager: updateScale0.7996942
12-10 07:09:13.478 15614 15614 I wm_on_top_resumed_lost_called: [247500436,com.android.gallery3d.app.GalleryActivity,pausing]
12-10 07:09:13.491 15614 15614 I wm_on_paused_called: [247500436,com.android.gallery3d.app.GalleryActivity,performPause]
12-10 07:09:13.491 15614 15614 I wm_on_stop_called: [247500436,com.android.gallery3d.app.GalleryActivity,handleRelaunchActivity]
12-10 07:09:13.495 15614 15614 I wm_on_destroy_called: [247500436,com.android.gallery3d.app.GalleryActivity,performDestroy]
12-10 07:09:13.498 1507 6719 I WindowManager: finishDrawing of relaunch: Window{f0e167e u0 com.android.gallery3d/com.android.gallery3d.app.GalleryActivity} 47ms
12-10 07:09:13.523 15614 15614 I wm_on_create_called: [247500436,com.android.gallery3d.app.GalleryActivity,performCreate]
12-10 07:09:13.524 15614 15614 I wm_on_start_called: [247500436,com.android.gallery3d.app.GalleryActivity,handleStartActivity]
12-10 07:09:13.532 15614 15614 I wm_on_resume_called: [247500436,com.android.gallery3d.app.GalleryActivity,RESUME_ACTIVITY]
12-10 07:09:13.532 15614 15614 I wm_on_top_resumed_gained_called: [247500436,com.android.gallery3d.app.GalleryActivity,topWhenResuming]
12-10 07:09:13.537 1507 6719 W WindowManager: updateScale0.7996942
12-10 07:09:13.539 1507 6719 W WindowManager: updateScale0.7996942
12-10 07:09:14.155 0 0 I auditd : type=1400 audit(0.0:21276): avc: denied { kill } for comm="swapper/1" capability=5 scontext=u:r:kernel:s0 tcontext=u:r:kernel:s0 tclass=capability permissive=0
12-10 07:09:14.369 1507 6850 I wm_finish_activity: [0,247500436,166,com.android.gallery3d/.app.GalleryActivity,finish-activity]
12-10 07:09:14.369 1507 6850 I wm_task_moved: [26,1,8]
12-10 07:09:14.373 1507 6850 I wm_set_resumed_activity: [0,com.android.launcher3/.uioverrides.QuickstepLauncher,positionChildAt]
12-10 07:09:14.373 1507 6850 I wm_task_moved: [27,1,2147483647]
12-10 07:09:14.373 1507 6850 I wm_task_to_front: [0,27]
12-10 07:09:14.373 1507 6850 I wm_focused_root_task: [0,0,26,-1,finish-top adjustFocusToNextFocusableTask]
12-10 07:09:14.374 1507 6850 I wm_set_resumed_activity: [0,com.android.launcher3/.uioverrides.QuickstepLauncher,finish-top]
12-10 07:09:14.386 1507 6850 I wm_pause_activity: [0,247500436,com.android.gallery3d/.app.GalleryActivity,userLeaving=false,finish]
12-10 07:09:14.395 15614 15614 I wm_on_top_resumed_lost_called: [247500436,com.android.gallery3d.app.GalleryActivity,topStateChangedWhenResumed]
12-10 07:09:14.395 1507 1569 I input_focus: [Focus request 2cb1f5d com.android.launcher3/com.android.launcher3.uioverrides.QuickstepLauncher,reason=UpdateInputWindows]
12-10 07:09:14.398 2526 2526 I wm_on_top_resumed_gained_called: [142082565,com.android.launcher3.uioverrides.QuickstepLauncher,topStateChangedWhenResumed]
12-10 07:09:14.403 1507 1568 I sysui_multi_action: [757,803,799,window_time_2,802,6]
12-10 07:09:14.413 15614 15614 I wm_on_paused_called: [247500436,com.android.gallery3d.app.GalleryActivity,performPause]
12-10 07:09:14.413 1507 2719 E TaskPersister: File error accessing recents directory (directory doesn't exist?).
12-10 07:09:14.415 1507 6850 I ActivityTaskManager: FOREGROUND_APPLICATION_CHANGED to com.android.launcher3.uioverrides.QuickstepLauncher
12-10 07:09:14.416 1507 6850 I wm_destroy_activity: [0,247500436,166,com.android.gallery3d/.app.GalleryActivity,finish-imm:completePausedLocked]
12-10 07:09:14.430 1507 1736 I input_focus: [Focus leaving f0e167e com.android.gallery3d/com.android.gallery3d.app.GalleryActivity (server),reason=NO_WINDOW]
12-10 07:09:14.430 1507 1736 I input_focus: [Focus entering 2cb1f5d com.android.launcher3/com.android.launcher3.uioverrides.QuickstepLauncher (server),reason=setFocusedWindow]
12-10 07:09:14.437 1507 1568 I sysui_multi_action: [757,803,799,window_time_0,802,0]
12-10 07:09:14.446 8492 8527 W ContextImpl: Calling a method in the system process without a qualified user: android.app.ContextImpl.startService:1816 android.content.ContextWrapper.startService:774 com.thundercomm.gamemode.ingame.services.GameModeActionUtils.startGameModeService:99 com.thundercomm.gamemode.ingame.services.GameModeActionUtils.startGameModeEntry:22 com.thundercomm.gamemode.ingame.services.ActivityMonitoringService$1.onActivityLaunch:127
12-10 07:09:14.452 15614 15614 I wm_on_stop_called: [247500436,com.android.gallery3d.app.GalleryActivity,LIFECYCLER_STOP_ACTIVITY]
12-10 07:09:14.457 15614 15614 I wm_on_destroy_called: [247500436,com.android.gallery3d.app.GalleryActivity,performDestroy]
12-10 07:09:14.458 1507 1507 I GameModeConfig: Current uri is uri = content://com.thundercomm.gamemode.api/gamemode_settings/gamemode_isgaming
12-10 07:09:14.460 1507 1507 I GameModeConfig: isGameModeOn = true
12-10 07:09:14.460 1507 1507 I GameModeConfig: isGaming = false
12-10 07:09:14.461 1507 1507 I GameModeConfig: isGameModeOn = true
12-10 07:09:14.461 1507 1507 I GameModeConfig: isGaming = false
12-10 07:09:14.461 1507 1507 I GameModeConfig: isDisableVoice = true
12-10 07:09:14.532 8492 8527 W ContextImpl: Calling a method in the system process without a qualified user: android.app.ContextImpl.startService:1816 android.content.ContextWrapper.startService:774 com.thundercomm.gamemode.ingame.services.GameModeActionUtils.startGameModeService:99 com.thundercomm.gamemode.ingame.services.GameModeActionUtils.startGameModeEntry:22 com.thundercomm.gamemode.ingame.services.ActivityMonitoringService$1.onActivityLaunch:127
12-10 07:09:14.537 1507 1507 I GameModeConfig: Current uri is uri = content://com.thundercomm.gamemode.api/gamemode_settings/gamemode_isgaming
12-10 07:09:14.540 1507 1507 I GameModeConfig: isGameModeOn = true
12-10 07:09:14.540 1507 1507 I GameModeConfig: isGaming = false
12-10 07:09:14.540 1507 1507 I GameModeConfig: isGameModeOn = true
12-10 07:09:14.540 1507 1507 I GameModeConfig: isGaming = false
12-10 07:09:14.540 1507 1507 I GameModeConfig: isDisableVoice = true
12-10 07:09:14.727 1507 1569 I wm_task_removed: [166,removeChild:removeChild last r=ActivityRecord{ec08e94 u0 com.android.gallery3d/.app.GalleryActivity t-1 f}} in t=Task{245c2e7 #166 type=standard A=10066:com.android.gallery3d U=0 visible=false mode=freeform translucent=true sz=0}]
12-10 07:09:14.727 1507 1569 I wm_task_removed: [166,removeChild]
12-10 07:09:14.728 1507 1569 D FreeFormWindowHelper: Remove freefrom task=Task{245c2e7 #166 type=standard A=10066:com.android.gallery3d U=0 visible=false mode=freeform translucent=true sz=0}
12-10 07:09:15.000 1507 1736 I input_interaction: Interaction with: 2cb1f5d com.android.launcher3/com.android.launcher3.uioverrides.QuickstepLauncher (server), 5478378 com.android.systemui.ImageWallpaper (server), edge-swipe (server), swipe-up (server), PointerEventDispatcher0 (server),
12-10 07:09:15.726 1507 6719 I ActivityTaskManager: START u0 {act=android.intent.action.MAIN cat=[android.intent.category.LAUNCHER] flg=0x10200000 cmp=com.android.settings/.Settings bnds=[2308,640][2494,840]} from uid 10079
12-10 07:09:15.736 1507 6719 I wm_task_moved: [158,1,7]
12-10 07:09:15.736 1507 6719 I wm_task_to_front: [0,158]
12-10 07:09:15.737 1507 6719 I wm_focused_root_task: [0,0,158,26,bringingFoundTaskToFront]
12-10 07:09:15.738 1507 6719 I wm_set_resumed_activity: [0,com.android.settings/.homepage.SettingsHomepageActivity,bringingFoundTaskToFront]
12-10 07:09:15.738 1507 6719 I wm_new_intent: [0,219734682,158,com.android.settings/.homepage.SettingsHomepageActivity,android.settings.BLUETOOTH_SETTINGS,NULL,NULL,335544320]
12-10 07:09:15.742 1507 6719 I wm_pause_activity: [0,142082565,com.android.launcher3/.uioverrides.QuickstepLauncher,userLeaving=true,pauseBackTasks]
12-10 07:09:15.750 2526 2526 I wm_on_top_resumed_lost_called: [142082565,com.android.launcher3.uioverrides.QuickstepLauncher,topStateChangedWhenResumed]
12-10 07:09:15.755 2526 2526 I wm_on_paused_called: [142082565,com.android.launcher3.uioverrides.QuickstepLauncher,performPause]
12-10 07:09:15.761 1507 6850 I ActivityTaskManager: FOREGROUND_APPLICATION_CHANGED to com.android.settings.homepage.SettingsHomepageActivity
12-10 07:09:15.762 1507 6850 I wm_set_resumed_activity: [0,com.android.settings/.homepage.SettingsHomepageActivity,resumeTopActivityInnerLocked]
12-10 07:09:15.763 1507 6850 I wm_add_to_stopping: [0,142082565,com.android.launcher3/.uioverrides.QuickstepLauncher,makeInvisible]
12-10 07:09:15.767 1507 6850 I wm_resume_activity: [0,219734682,158,com.android.settings/.homepage.SettingsHomepageActivity]
12-10 07:09:15.783 1507 1736 I input_focus: [Focus leaving 2cb1f5d com.android.launcher3/com.android.launcher3.uioverrides.QuickstepLauncher (server),reason=NO_WINDOW]
12-10 07:09:15.784 1507 1568 I sysui_multi_action: [757,803,799,window_time_0,802,1]
12-10 07:09:15.784 15287 15287 I wm_on_restart_called: [219734682,com.android.settings.homepage.SettingsHomepageActivity,performRestartActivity]
12-10 07:09:15.787 15287 15287 E ActivityThread: Failed to find provider info for com.google.android.gms.nearby.fastpair
12-10 07:09:15.788 15287 16380 E ActivityThread: Failed to find provider info for com.google.android.gms.nearby.fastpair
12-10 07:09:15.789 8492 8527 W ContextImpl: Calling a method in the system process without a qualified user: android.app.ContextImpl.startService:1816 android.content.ContextWrapper.startService:774 com.thundercomm.gamemode.ingame.services.GameModeActionUtils.startGameModeService:99 com.thundercomm.gamemode.ingame.services.GameModeActionUtils.startGameModeEntry:22 com.thundercomm.gamemode.ingame.services.ActivityMonitoringService$1.onActivityLaunch:127
12-10 07:09:15.798 1507 1507 I GameModeConfig: Current uri is uri = content://com.thundercomm.gamemode.api/gamemode_settings/gamemode_isgaming
12-10 07:09:15.798 15287 15287 I wm_on_start_called: [219734682,com.android.settings.homepage.SettingsHomepageActivity,handleStartActivity]
12-10 07:09:15.800 15287 15287 I snet_event_log: [120484087,-1,]
12-10 07:09:15.800 15287 15287 I wm_on_resume_called: [219734682,com.android.settings.homepage.SettingsHomepageActivity,RESUME_ACTIVITY]
12-10 07:09:15.801 15287 15287 I sysui_multi_action: [757,35,758,1,833,0,1089,0]
12-10 07:09:15.802 15287 15287 I sysui_multi_action: [757,747,758,1,833,0,1089,0]
12-10 07:09:15.803 1507 1507 I GameModeConfig: isGameModeOn = true
12-10 07:09:15.803 1507 1507 I GameModeConfig: isGaming = false
12-10 07:09:15.804 1507 1507 I GameModeConfig: isGameModeOn = true
12-10 07:09:15.804 1507 1507 I GameModeConfig: isGaming = false
12-10 07:09:15.804 1507 1507 I GameModeConfig: isDisableVoice = true
12-10 07:09:15.806 15287 15287 I wm_on_top_resumed_gained_called: [219734682,com.android.settings.homepage.SettingsHomepageActivity,topWhenResuming]
12-10 07:09:15.814 1507 1569 I input_focus: [Focus request 55c044c com.android.settings/com.android.settings.homepage.SettingsHomepageActivity,reason=UpdateInputWindows]
12-10 07:09:15.840 1507 1564 I sysui_multi_action: [319,66,321,63,322,104,325,19804,757,761,758,9,759,4,806,com.android.settings,871,com.android.settings.homepage.SettingsHomepageActivity,904,com.android.settings,905,0,1320,8,1321,5]
12-10 07:09:15.848 1507 1736 I input_focus: [Focus entering 55c044c com.android.settings/com.android.settings.homepage.SettingsHomepageActivity (server),reason=Window became focusable. Previous reason: NOT_VISIBLE]
12-10 07:09:15.875 8492 8527 W ContextImpl: Calling a method in the system process without a qualified user: android.app.ContextImpl.startService:1816 android.content.ContextWrapper.startService:774 com.thundercomm.gamemode.ingame.services.GameModeActionUtils.startGameModeService:99 com.thundercomm.gamemode.ingame.services.GameModeActionUtils.startGameModeEntry:22 com.thundercomm.gamemode.ingame.services.ActivityMonitoringService$1.onActivityLaunch:127
12-10 07:09:15.880 1507 1507 I GameModeConfig: Current uri is uri = content://com.thundercomm.gamemode.api/gamemode_settings/gamemode_isgaming
12-10 07:09:15.883 1507 1507 I GameModeConfig: isGameModeOn = true
12-10 07:09:15.883 1507 1507 I GameModeConfig: isGaming = false
12-10 07:09:15.883 1507 1507 I GameModeConfig: isGameModeOn = true
12-10 07:09:15.883 1507 1507 I GameModeConfig: isGaming = false
12-10 07:09:15.883 1507 1507 I GameModeConfig: isDisableVoice = true
12-10 07:09:16.155 0 0 I auditd : type=1400 audit(0.0:21277): avc: denied { kill } for comm="swapper/2" capability=5 scontext=u:r:kernel:s0 tcontext=u:r:kernel:s0 tclass=capability permissive=0
12-10 07:09:16.362 1507 1568 I wm_stop_activity: [0,142082565,com.android.launcher3/.uioverrides.QuickstepLauncher]
12-10 07:09:16.396 2526 2526 I wm_on_stop_called: [142082565,com.android.launcher3.uioverrides.QuickstepLauncher,STOP_ACTIVITY_ITEM]
12-10 07:09:16.421 8492 8527 W ContextImpl: Calling a method in the system process without a qualified user: android.app.ContextImpl.startService:1816 android.content.ContextWrapper.startService:774 com.thundercomm.gamemode.ingame.services.GameModeActionUtils.startGameModeService:99 com.thundercomm.gamemode.ingame.services.GameModeActionUtils.startGameModeEntry:22 com.thundercomm.gamemode.ingame.services.ActivityMonitoringService$1.onActivityLaunch:127
12-10 07:09:16.426 1507 1507 I GameModeConfig: Current uri is uri = content://com.thundercomm.gamemode.api/gamemode_settings/gamemode_isgaming
12-10 07:09:16.428 1507 1507 I GameModeConfig: isGameModeOn = true
12-10 07:09:16.428 1507 1507 I GameModeConfig: isGaming = false
12-10 07:09:16.429 1507 1507 I GameModeConfig: isGameModeOn = true
12-10 07:09:16.429 1507 1507 I GameModeConfig: isGaming = false
12-10 07:09:16.429 1507 1507 I GameModeConfig: isDisableVoice = true
12-10 07:09:17.155 0 0 I auditd : type=1400 audit(0.0:21278): avc: denied { kill } for comm="swapper/2" capability=5 scontext=u:r:kernel:s0 tcontext=u:r:kernel:s0 tclass=capability permissive=0
12-10 07:09:17.344 1507 1736 I input_interaction: Interaction with: 55c044c com.android.settings/com.android.settings.homepage.SettingsHomepageActivity (server), PointerEventDispatcher0 (server),
12-10 07:09:17.976 1507 1736 I input_interaction: Interaction with: 55c044c com.android.settings/com.android.settings.homepage.SettingsHomepageActivity (server), edge-swipe (server), swipe-up (server), PointerEventDispatcher0 (server),
12-10 07:09:18.094 15287 15287 I sysui_multi_action: [757,830,758,4,833,0,854,top_level_about_device,1089,0]
12-10 07:09:18.199 15287 15287 I sysui_multi_action: [757,747,758,2,1089,2397]
12-10 07:09:18.246 1507 2719 E TaskPersister: File error accessing recents directory (directory doesn't exist?).
12-10 07:09:18.248 1507 1583 W BroadcastQueue: Permission Denial: broadcasting Intent { act=android.net.conn.CONNECTIVITY_CHANGE flg=0x4200010 (has extras) } from null (pid=-1, uid=-1) requires android.permission.CHANGE_NETWORK_STATE due to registered receiver BroadcastFilter{4b8e7c9 1000/u0 ReceiverList{4719bd0 15287 com.android.settings/1000/u0 remote:a20f93}}
12-10 07:09:18.248 1507 1583 W BroadcastQueue: Permission Denial: broadcasting Intent { act=android.net.wifi.STATE_CHANGE flg=0x4000010 (has extras) } from null (pid=-1, uid=-1) requires android.permission.CHANGE_NETWORK_STATE due to registered receiver BroadcastFilter{4b8e7c9 1000/u0 ReceiverList{4719bd0 15287 com.android.settings/1000/u0 remote:a20f93}}
12-10 07:09:18.249 1507 1583 W BroadcastQueue: Permission Denial: broadcasting Intent { act=android.net.conn.CONNECTIVITY_CHANGE flg=0x4200010 (has extras) } from null (pid=-1, uid=-1) requires android.permission.CHANGE_NETWORK_STATE due to registered receiver BroadcastFilter{51ca4fc 1000/u0 ReceiverList{e5411ef 15287 com.android.settings/1000/u0 remote:7d01ece}}
12-10 07:09:18.249 1507 1583 W BroadcastQueue: Permission Denial: broadcasting Intent { act=android.net.wifi.STATE_CHANGE flg=0x4000010 (has extras) } from null (pid=-1, uid=-1) requires android.permission.CHANGE_NETWORK_STATE due to registered receiver BroadcastFilter{51ca4fc 1000/u0 ReceiverList{e5411ef 15287 com.android.settings/1000/u0 remote:7d01ece}}
12-10 07:09:18.252 15287 15287 I sysui_multi_action: [757,40,758,1,833,0,1089,42]
12-10 07:09:18.253 15287 15287 W FeatureConnector: [ImsConnector, 0] connect: not supported.
12-10 07:09:18.255 15287 15287 I sysui_multi_action: [757,1729,758,4,854,isParalleledControllers:false,1089,45]
12-10 07:09:18.993 15287 15287 I sysui_multi_action: [757,830,758,4,833,0,854,top_level_game,1089,0]
12-10 07:09:19.098 15287 15287 I sysui_multi_action: [757,40,758,2,1089,845]
12-10 07:09:19.128 15287 15287 I sysui_multi_action: [757,3000,758,1,833,0,1089,24]
12-10 07:09:19.129 15287 15287 I sysui_multi_action: [757,1729,758,4,854,isParalleledControllers:false,1089,25]
12-10 07:09:19.866 15287 15287 I sysui_multi_action: [757,830,758,4,833,0,854,top_level_game,1089,0]
12-10 07:09:19.969 15287 15287 I sysui_multi_action: [757,3000,758,2,1089,840]
12-10 07:09:19.998 15287 15287 I sysui_multi_action: [757,3000,758,1,833,0,1089,22]
12-10 07:09:19.999 15287 15287 I sysui_multi_action: [757,1729,758,4,854,isParalleledControllers:false,1089,23]
12-10 07:09:21.105 15287 15287 I sysui_multi_action: [757,830,758,4,833,0,854,top_level_system,1089,0]
12-10 07:09:21.155 0 0 I auditd : type=1400 audit(0.0:21279): avc: denied { kill } for comm="swapper/2" capability=5 scontext=u:r:kernel:s0 tcontext=u:r:kernel:s0 tclass=capability permissive=0
12-10 07:09:21.208 15287 15287 I sysui_multi_action: [757,3000,758,2,1089,1209]
12-10 07:09:21.260 15287 15287 I sysui_multi_action: [757,744,758,1,833,0,1089,43]
12-10 07:09:21.267 15287 15287 I sysui_multi_action: [757,1729,758,4,854,isParalleledControllers:false,1089,51]
12-10 07:09:22.155 0 0 I auditd : type=1400 audit(0.0:21280): avc: denied { kill } for comm="swapper/2" capability=5 scontext=u:r:kernel:s0 tcontext=u:r:kernel:s0 tclass=capability permissive=0
12-10 07:09:22.592 1507 1736 I input_interaction: Interaction with: 16cb512 StatusBar (server), edge-swipe (server), swipe-up (server), PointerEventDispatcher0 (server),
12-10 07:09:22.601 2004 2004 I sysui_multi_action: [757,803,799,panel_open,802,1]
12-10 07:09:22.602 2004 2004 I sysui_multi_action: [757,1328,758,4,1326,29,1327,3,1329,0]
12-10 07:09:22.723 1507 1527 I sysui_multi_action: [757,127,758,1]
12-10 07:09:22.723 1507 1527 I sysui_multi_action: [757,804,799,note_load,801,3,802,1]
12-10 07:09:22.724 1507 1527 I notification_panel_revealed: 3
12-10 07:09:22.727 1507 1909 I GameModeConfig: isGameModeOn = true
12-10 07:09:22.727 1507 1909 I GameModeConfig: isGaming = false
12-10 07:09:22.728 1507 1909 I GameModeConfig: isGameModeOn = true
12-10 07:09:22.728 1507 1909 I GameModeConfig: isGaming = false
12-10 07:09:22.728 1507 1909 I GameModeConfig: isGameModeOn = true
12-10 07:09:22.729 1507 1909 I GameModeConfig: isGaming = false
12-10 07:09:22.729 1507 1909 I GameModeConfig: isGameModeOn = true
12-10 07:09:22.729 1507 1909 I GameModeConfig: isGaming = false
12-10 07:09:22.729 1507 1909 I GameModeConfig: isGameModeOn = true
12-10 07:09:22.730 1507 1909 I GameModeConfig: isGaming = false
12-10 07:09:22.731 2004 2004 I sysui_multi_action: [757,111,758,2]
12-10 07:09:22.731 1507 1507 I notification_enqueue: [10082,2004,com.android.systemui,2048,NULL,0,Notification(channel=updateNotification shortcut=null contentView=null vibrate=null sound=null defaults=0x0 flags=0x0 color=0x00000000 vis=PRIVATE),1]
12-10 07:09:22.731 2004 2004 I sysui_multi_action: [757,111,758,2]
12-10 07:09:22.745 1507 1569 I input_focus: [Focus request 349ab61 NotificationShade,reason=UpdateInputWindows]
12-10 07:09:22.753 2004 2004 I sysui_multi_action: [757,111,758,1]
12-10 07:09:22.753 2004 2004 I sysui_multi_action: [757,126,758,1,759,126,927,0,928,1,1593,0]
12-10 07:09:22.753 2004 2004 I sysui_multi_action: [757,113,758,1,759,113,927,1,928,1,1593,0]
12-10 07:09:22.753 2004 2004 I sysui_multi_action: [757,0,758,1,759,0,927,2,928,0,1593,0]
12-10 07:09:22.753 2004 2004 I sysui_multi_action: [757,0,758,1,759,0,927,3,928,0,1593,0]
12-10 07:09:22.754 2004 2004 I sysui_multi_action: [757,491,758,1,759,491,927,4,928,1,1311,1,1593,0]
12-10 07:09:22.754 2004 2004 I sysui_multi_action: [757,0,758,1,759,0,927,5,928,0,1593,0]
12-10 07:09:22.754 2004 2004 I sysui_multi_action: [757,111,758,1]
12-10 07:09:22.754 2004 2004 I sysui_multi_action: [757,126,758,1,759,126,927,0,928,1,1593,0]
12-10 07:09:22.754 2004 2004 I sysui_multi_action: [757,113,758,1,759,113,927,1,928,1,1593,0]
12-10 07:09:22.754 2004 2004 I sysui_multi_action: [757,0,758,1,759,0,927,2,928,0,1593,0]
12-10 07:09:22.754 2004 2004 I sysui_multi_action: [757,0,758,1,759,0,927,3,928,0,1593,0]
12-10 07:09:22.767 1507 1909 I GameModeConfig: isGameModeOn = true
12-10 07:09:22.767 1507 1909 I GameModeConfig: isGaming = false
12-10 07:09:22.767 1507 1909 I GameModeConfig: isGameModeOn = true
12-10 07:09:22.768 1507 1909 I GameModeConfig: isGaming = false
12-10 07:09:22.768 1507 1909 I GameModeConfig: isGameModeOn = true
12-10 07:09:22.768 1507 1909 I GameModeConfig: isGaming = false
12-10 07:09:22.768 1507 1909 I GameModeConfig: isGameModeOn = true
12-10 07:09:22.768 1507 1909 I GameModeConfig: isGaming = false
12-10 07:09:22.768 1507 1909 I GameModeConfig: isGameModeOn = true
12-10 07:09:22.768 1507 1909 I GameModeConfig: isGaming = false
12-10 07:09:22.769 1507 1736 I input_focus: [Focus leaving 55c044c com.android.settings/com.android.settings.homepage.SettingsHomepageActivity (server),reason=Waiting for window because NOT_VISIBLE]
12-10 07:09:22.770 2004 2004 I sysui_multi_action: [757,111,758,2]
12-10 07:09:22.770 1507 1507 I notification_enqueue: [10082,2004,com.android.systemui,2048,NULL,0,Notification(channel=updateNotification shortcut=null contentView=null vibrate=null sound=null defaults=0x0 flags=0x0 color=0x00000000 vis=PRIVATE),1]
12-10 07:09:22.770 2004 2004 I sysui_multi_action: [757,111,758,2]
12-10 07:09:22.774 2004 2004 I sysui_multi_action: [757,111,758,1]
12-10 07:09:22.774 2004 2004 I sysui_multi_action: [757,126,758,1,759,126,927,0,928,1,1593,0]
12-10 07:09:22.774 2004 2004 I sysui_multi_action: [757,113,758,1,759,113,927,1,928,1,1593,0]
12-10 07:09:22.774 2004 2004 I sysui_multi_action: [757,0,758,1,759,0,927,2,928,0,1593,0]
12-10 07:09:22.774 2004 2004 I sysui_multi_action: [757,0,758,1,759,0,927,3,928,0,1593,0]
12-10 07:09:22.774 2004 2004 I sysui_multi_action: [757,491,758,1,759,491,927,4,928,1,1311,1,1593,0]
12-10 07:09:22.775 2004 2004 I sysui_multi_action: [757,0,758,1,759,0,927,5,928,0,1593,0]
12-10 07:09:22.775 2004 2004 I sysui_multi_action: [757,111,758,1]
12-10 07:09:22.775 2004 2004 I sysui_multi_action: [757,126,758,1,759,126,927,0,928,1,1593,0]
12-10 07:09:22.775 2004 2004 I sysui_multi_action: [757,113,758,1,759,113,927,1,928,1,1593,0]
12-10 07:09:22.775 2004 2004 I sysui_multi_action: [757,0,758,1,759,0,927,2,928,0,1593,0]
12-10 07:09:22.775 2004 2004 I sysui_multi_action: [757,0,758,1,759,0,927,3,928,0,1593,0]
12-10 07:09:22.787 1507 1736 I input_focus: [Focus entering 349ab61 NotificationShade (server),reason=Window became focusable. Previous reason: NOT_VISIBLE]
12-10 07:09:22.789 1507 1909 I GameModeConfig: isGameModeOn = true
12-10 07:09:22.789 1507 1909 I GameModeConfig: isGaming = false
12-10 07:09:22.790 1507 1909 I GameModeConfig: isGameModeOn = true
12-10 07:09:22.790 1507 1909 I GameModeConfig: isGaming = false
12-10 07:09:22.790 1507 1909 I GameModeConfig: isGameModeOn = true
12-10 07:09:22.790 1507 1909 I GameModeConfig: isGaming = false
12-10 07:09:22.790 1507 1909 I GameModeConfig: isGameModeOn = true
12-10 07:09:22.790 1507 1909 I GameModeConfig: isGaming = false
12-10 07:09:22.790 1507 1909 I GameModeConfig: isGameModeOn = true
12-10 07:09:22.790 1507 1909 I GameModeConfig: isGaming = false
12-10 07:09:22.791 2004 2004 I sysui_multi_action: [757,111,758,2]
12-10 07:09:22.791 2004 2004 I sysui_multi_action: [757,111,758,2]
12-10 07:09:22.792 1507 1507 I notification_enqueue: [10082,2004,com.android.systemui,2048,NULL,0,Notification(channel=updateNotification shortcut=null contentView=null vibrate=null sound=null defaults=0x0 flags=0x0 color=0x00000000 vis=PRIVATE),1]
12-10 07:09:22.796 2004 2004 I sysui_multi_action: [757,111,758,1]
12-10 07:09:22.796 2004 2004 I sysui_multi_action: [757,126,758,1,759,126,927,0,928,1,1593,0]
12-10 07:09:22.797 2004 2004 I sysui_multi_action: [757,113,758,1,759,113,927,1,928,1,1593,0]
12-10 07:09:22.797 2004 2004 I sysui_multi_action: [757,0,758,1,759,0,927,2,928,0,1593,0]
12-10 07:09:22.797 2004 2004 I sysui_multi_action: [757,0,758,1,759,0,927,3,928,0,1593,0]
12-10 07:09:22.797 2004 2004 I sysui_multi_action: [757,491,758,1,759,491,927,4,928,1,1311,1,1593,0]
12-10 07:09:22.797 2004 2004 I sysui_multi_action: [757,0,758,1,759,0,927,5,928,0,1593,0]
12-10 07:09:22.797 2004 2004 I sysui_multi_action: [757,111,758,1]
12-10 07:09:22.797 2004 2004 I sysui_multi_action: [757,126,758,1,759,126,927,0,928,1,1593,0]
12-10 07:09:22.797 2004 2004 I sysui_multi_action: [757,113,758,1,759,113,927,1,928,1,1593,0]
12-10 07:09:22.797 2004 2004 I sysui_multi_action: [757,0,758,1,759,0,927,2,928,0,1593,0]
12-10 07:09:22.797 2004 2004 I sysui_multi_action: [757,0,758,1,759,0,927,3,928,0,1593,0]
12-10 07:09:22.809 1507 1909 I GameModeConfig: isGameModeOn = true
12-10 07:09:22.809 1507 1909 I GameModeConfig: isGaming = false
12-10 07:09:22.810 1507 1909 I GameModeConfig: isGameModeOn = true
12-10 07:09:22.810 1507 1909 I GameModeConfig: isGaming = false
12-10 07:09:22.810 1507 1909 I GameModeConfig: isGameModeOn = true
12-10 07:09:22.810 1507 1909 I GameModeConfig: isGaming = false
12-10 07:09:22.810 1507 1909 I GameModeConfig: isGameModeOn = true
12-10 07:09:22.810 1507 1909 I GameModeConfig: isGaming = false
12-10 07:09:22.810 1507 1909 I GameModeConfig: isGameModeOn = true
12-10 07:09:22.810 1507 1909 I GameModeConfig: isGaming = false
12-10 07:09:22.811 2004 2004 I sysui_multi_action: [757,111,758,2]
12-10 07:09:22.811 2004 2004 I sysui_multi_action: [757,111,758,2]
12-10 07:09:22.812 1507 1507 I notification_enqueue: [10082,2004,com.android.systemui,2048,NULL,0,Notification(channel=updateNotification shortcut=null contentView=null vibrate=null sound=null defaults=0x0 flags=0x0 color=0x00000000 vis=PRIVATE),1]
12-10 07:09:22.814 2004 2004 I sysui_multi_action: [757,111,758,1]
12-10 07:09:22.815 2004 2004 I sysui_multi_action: [757,126,758,1,759,126,927,0,928,1,1593,0]
12-10 07:09:22.815 2004 2004 I sysui_multi_action: [757,113,758,1,759,113,927,1,928,1,1593,0]
12-10 07:09:22.815 2004 2004 I sysui_multi_action: [757,0,758,1,759,0,927,2,928,0,1593,0]
12-10 07:09:22.815 2004 2004 I sysui_multi_action: [757,0,758,1,759,0,927,3,928,0,1593,0]
12-10 07:09:22.815 2004 2004 I sysui_multi_action: [757,491,758,1,759,491,927,4,928,1,1311,1,1593,0]
12-10 07:09:22.815 2004 2004 I sysui_multi_action: [757,0,758,1,759,0,927,5,928,0,1593,0]
12-10 07:09:22.815 2004 2004 I sysui_multi_action: [757,111,758,1]
12-10 07:09:22.815 2004 2004 I sysui_multi_action: [757,126,758,1,759,126,927,0,928,1,1593,0]
12-10 07:09:22.815 2004 2004 I sysui_multi_action: [757,113,758,1,759,113,927,1,928,1,1593,0]
12-10 07:09:22.815 2004 2004 I sysui_multi_action: [757,0,758,1,759,0,927,2,928,0,1593,0]
12-10 07:09:22.815 2004 2004 I sysui_multi_action: [757,0,758,1,759,0,927,3,928,0,1593,0]
12-10 07:09:22.827 1507 1909 I GameModeConfig: isGameModeOn = true
12-10 07:09:22.827 1507 1909 I GameModeConfig: isGaming = false
12-10 07:09:22.827 1507 1909 I GameModeConfig: isGameModeOn = true
12-10 07:09:22.827 1507 1909 I GameModeConfig: isGaming = false
12-10 07:09:22.827 1507 1909 I GameModeConfig: isGameModeOn = true
12-10 07:09:22.827 1507 1909 I GameModeConfig: isGaming = false
12-10 07:09:22.828 1507 1909 I GameModeConfig: isGameModeOn = true
12-10 07:09:22.828 1507 1909 I GameModeConfig: isGaming = false
12-10 07:09:22.828 1507 1909 I GameModeConfig: isGameModeOn = true
12-10 07:09:22.828 1507 1909 I GameModeConfig: isGaming = false
12-10 07:09:22.829 1507 1507 I notification_enqueue: [10082,2004,com.android.systemui,2048,NULL,0,Notification(channel=updateNotification shortcut=null contentView=null vibrate=null sound=null defaults=0x0 flags=0x0 color=0x00000000 vis=PRIVATE),1]
12-10 07:09:22.831 2004 2004 I sysui_multi_action: [757,111,758,2]
12-10 07:09:22.831 2004 2004 I sysui_multi_action: [757,111,758,2]
12-10 07:09:22.837 2004 2004 I sysui_multi_action: [757,111,758,1]
12-10 07:09:22.837 2004 2004 I sysui_multi_action: [757,126,758,1,759,126,927,0,928,1,1593,0]
12-10 07:09:22.837 2004 2004 I sysui_multi_action: [757,113,758,1,759,113,927,1,928,1,1593,0]
12-10 07:09:22.837 2004 2004 I sysui_multi_action: [757,0,758,1,759,0,927,2,928,0,1593,0]
12-10 07:09:22.837 2004 2004 I sysui_multi_action: [757,0,758,1,759,0,927,3,928,0,1593,0]
12-10 07:09:22.837 2004 2004 I sysui_multi_action: [757,491,758,1,759,491,927,4,928,1,1311,1,1593,0]
12-10 07:09:22.837 2004 2004 I sysui_multi_action: [757,0,758,1,759,0,927,5,928,0,1593,0]
12-10 07:09:22.837 2004 2004 I sysui_multi_action: [757,111,758,1]
12-10 07:09:22.837 2004 2004 I sysui_multi_action: [757,126,758,1,759,126,927,0,928,1,1593,0]
12-10 07:09:22.837 2004 2004 I sysui_multi_action: [757,113,758,1,759,113,927,1,928,1,1593,0]
12-10 07:09:22.837 2004 2004 I sysui_multi_action: [757,0,758,1,759,0,927,2,928,0,1593,0]
12-10 07:09:22.837 2004 2004 I sysui_multi_action: [757,0,758,1,759,0,927,3,928,0,1593,0]
12-10 07:09:22.936 1507 1507 I GameModeConfig: isGameModeOn = true
12-10 07:09:22.936 1507 1507 I GameModeConfig: isGaming = false
12-10 07:09:22.973 1507 1507 I GameModeConfig: isGameModeOn = true
12-10 07:09:22.973 1507 1507 I GameModeConfig: isGaming = false
12-10 07:09:22.974 1507 1507 E NotificationService: Muting recently noisy 0|com.android.systemui|2048|null|10082
12-10 07:09:22.994 1507 1507 I GameModeConfig: isGameModeOn = true
12-10 07:09:22.994 1507 1507 I GameModeConfig: isGaming = false
12-10 07:09:22.994 1507 1507 E NotificationService: Muting recently noisy 0|com.android.systemui|2048|null|10082
12-10 07:09:23.016 1507 1507 I GameModeConfig: isGameModeOn = true
12-10 07:09:23.016 1507 1507 I GameModeConfig: isGaming = false
12-10 07:09:23.016 1507 1507 E NotificationService: Muting recently noisy 0|com.android.systemui|2048|null|10082
12-10 07:09:23.033 1507 1507 I GameModeConfig: isGameModeOn = true
12-10 07:09:23.033 1507 1507 I GameModeConfig: isGaming = false
12-10 07:09:23.033 1507 1507 E NotificationService: Muting recently noisy 0|com.android.systemui|2048|null|10082
12-10 07:09:23.268 1507 1528 I sysui_multi_action: [757,128,758,1,793,19799737,794,0,795,19799737,796,26,798,0,806,android,857,DEVELOPER_IMPORTANT,858,4,947,0,1395,3,1500,19799271,1688,1]
12-10 07:09:23.269 1507 1528 I sysui_multi_action: [757,804,799,note_freshness,801,19799737,802,1]
12-10 07:09:23.269 1507 1528 I notification_visibility: [-1|android|26|null|1000,1,19799737,19799737,0,0]
12-10 07:09:23.270 1507 1528 I sysui_multi_action: [757,128,758,1,793,2128353,794,0,795,2128353,796,2147483646,798,1,806,com.android.deskclock,857,StopwatchNotification,858,3,946,3,947,0,1395,3,1500,2128148,1688,1,1745,-868672399]
12-10 07:09:23.271 1507 1528 I sysui_multi_action: [757,804,799,note_freshness,801,2128353,802,1]
12-10 07:09:23.271 1507 1528 I notification_visibility: [0|com.android.deskclock|2147483646|null|10069,1,2128353,2128353,0,1]
12-10 07:09:23.272 1507 1528 I sysui_multi_action: [757,128,758,1,793,19800639,794,0,795,19800639,796,32,798,2,806,android,857,USB,858,1,947,0,1395,3,1500,19800292,1688,1]
12-10 07:09:23.272 1507 1528 I sysui_multi_action: [757,804,799,note_freshness,801,19800639,802,1]
12-10 07:09:23.273 1507 1528 I notification_visibility: [-1|android|32|null|1000,1,19800639,19800639,0,2]
12-10 07:09:24.242 1507 1736 I input_interaction: Interaction with: 349ab61 NotificationShade (server), edge-swipe (server), swipe-up (server), PointerEventDispatcher0 (server),
12-10 07:09:24.600 1507 1909 I GameModeConfig: isGameModeOn = true
12-10 07:09:24.600 1507 1909 I GameModeConfig: isGaming = false
12-10 07:09:24.601 1507 1909 I GameModeConfig: isGameModeOn = true
12-10 07:09:24.601 1507 1909 I GameModeConfig: isGaming = false
12-10 07:09:24.602 1507 1909 I GameModeConfig: isGameModeOn = true
12-10 07:09:24.602 1507 1909 I GameModeConfig: isGaming = false
12-10 07:09:24.602 1507 1909 I GameModeConfig: isGameModeOn = true
12-10 07:09:24.602 1507 1909 I GameModeConfig: isGaming = false
12-10 07:09:24.603 1507 1909 I GameModeConfig: isGameModeOn = true
12-10 07:09:24.603 1507 1909 I GameModeConfig: isGaming = false
12-10 07:09:24.607 2004 2004 I sysui_multi_action: [757,111,758,2]
12-10 07:09:24.607 1507 1507 I notification_enqueue: [10082,2004,com.android.systemui,2048,NULL,0,Notification(channel=updateNotification shortcut=null contentView=null vibrate=null sound=null defaults=0x0 flags=0x0 color=0x00000000 vis=PRIVATE),1]
12-10 07:09:24.607 2004 2004 I sysui_multi_action: [757,111,758,2]
12-10 07:09:24.611 2004 2004 I sysui_multi_action: [757,111,758,1]
12-10 07:09:24.611 2004 2004 I sysui_multi_action: [757,126,758,1,759,126,927,0,928,1,1593,0]
12-10 07:09:24.612 2004 2004 I sysui_multi_action: [757,113,758,1,759,113,927,1,928,1,1593,0]
12-10 07:09:24.612 2004 2004 I sysui_multi_action: [757,0,758,1,759,0,927,2,928,0,1593,1]
12-10 07:09:24.612 2004 2004 I sysui_multi_action: [757,0,758,1,759,0,927,3,928,0,1593,1]
12-10 07:09:24.612 2004 2004 I sysui_multi_action: [757,491,758,1,759,491,927,4,928,1,1311,1,1593,0]
12-10 07:09:24.612 2004 2004 I sysui_multi_action: [757,0,758,1,759,0,927,5,928,0,1593,0]
12-10 07:09:24.613 2004 2004 I sysui_multi_action: [757,111,758,1]
12-10 07:09:24.613 2004 2004 I sysui_multi_action: [757,126,758,1,759,126,927,0,928,1,1593,1]
12-10 07:09:24.613 2004 2004 I sysui_multi_action: [757,113,758,1,759,113,927,1,928,1,1593,1]
12-10 07:09:24.613 2004 2004 I sysui_multi_action: [757,0,758,1,759,0,927,2,928,0,1593,1]
12-10 07:09:24.613 2004 2004 I sysui_multi_action: [757,0,758,1,759,0,927,3,928,0,1593,1]
12-10 07:09:24.622 1507 1909 I GameModeConfig: isGameModeOn = true
12-10 07:09:24.624 1507 1909 I GameModeConfig: isGaming = false
12-10 07:09:24.624 1507 1909 I GameModeConfig: isGameModeOn = true
12-10 07:09:24.625 1507 1909 I GameModeConfig: isGaming = false
12-10 07:09:24.625 1507 1909 I GameModeConfig: isGameModeOn = true
12-10 07:09:24.625 1507 1909 I GameModeConfig: isGaming = false
12-10 07:09:24.625 1507 1909 I GameModeConfig: isGameModeOn = true
12-10 07:09:24.625 1507 1909 I GameModeConfig: isGaming = false
12-10 07:09:24.625 1507 1909 I GameModeConfig: isGameModeOn = true
12-10 07:09:24.625 1507 1909 I GameModeConfig: isGaming = false
12-10 07:09:24.626 2004 2004 I sysui_multi_action: [757,111,758,2]
12-10 07:09:24.626 1507 1507 I notification_enqueue: [10082,2004,com.android.systemui,2048,NULL,0,Notification(channel=updateNotification shortcut=null contentView=null vibrate=null sound=null defaults=0x0 flags=0x0 color=0x00000000 vis=PRIVATE),1]
12-10 07:09:24.626 2004 2004 I sysui_multi_action: [757,111,758,2]
12-10 07:09:24.631 2004 2004 I sysui_multi_action: [757,111,758,1]
12-10 07:09:24.631 2004 2004 I sysui_multi_action: [757,126,758,1,759,126,927,0,928,1,1593,1]
12-10 07:09:24.631 2004 2004 I sysui_multi_action: [757,113,758,1,759,113,927,1,928,1,1593,1]
12-10 07:09:24.631 2004 2004 I sysui_multi_action: [757,0,758,1,759,0,927,2,928,0,1593,1]
12-10 07:09:24.631 2004 2004 I sysui_multi_action: [757,0,758,1,759,0,927,3,928,0,1593,1]
12-10 07:09:24.632 2004 2004 I sysui_multi_action: [757,491,758,1,759,491,927,4,928,1,1311,1,1593,1]
12-10 07:09:24.632 2004 2004 I sysui_multi_action: [757,0,758,1,759,0,927,5,928,0,1593,1]
12-10 07:09:24.632 2004 2004 I sysui_multi_action: [757,111,758,1]
12-10 07:09:24.632 2004 2004 I sysui_multi_action: [757,126,758,1,759,126,927,0,928,1,1593,1]
12-10 07:09:24.632 2004 2004 I sysui_multi_action: [757,113,758,1,759,113,927,1,928,1,1593,1]
12-10 07:09:24.633 2004 2004 I sysui_multi_action: [757,0,758,1,759,0,927,2,928,0,1593,1]
12-10 07:09:24.633 2004 2004 I sysui_multi_action: [757,0,758,1,759,0,927,3,928,0,1593,1]
12-10 07:09:24.640 1507 1909 I GameModeConfig: isGameModeOn = true
12-10 07:09:24.640 1507 1909 I GameModeConfig: isGaming = false
12-10 07:09:24.641 1507 1909 I GameModeConfig: isGameModeOn = true
12-10 07:09:24.641 1507 1909 I GameModeConfig: isGaming = false
12-10 07:09:24.641 1507 1909 I GameModeConfig: isGameModeOn = true
12-10 07:09:24.641 1507 1909 I GameModeConfig: isGaming = false
12-10 07:09:24.641 1507 1909 I GameModeConfig: isGameModeOn = true
12-10 07:09:24.641 1507 1909 I GameModeConfig: isGaming = false
12-10 07:09:24.641 1507 1909 I GameModeConfig: isGameModeOn = true
12-10 07:09:24.641 1507 1909 I GameModeConfig: isGaming = false
12-10 07:09:24.642 2004 2004 I sysui_multi_action: [757,111,758,2]
12-10 07:09:24.642 2004 2004 I sysui_multi_action: [757,111,758,2]
12-10 07:09:24.643 1507 1507 I notification_enqueue: [10082,2004,com.android.systemui,2048,NULL,0,Notification(channel=updateNotification shortcut=null contentView=null vibrate=null sound=null defaults=0x0 flags=0x0 color=0x00000000 vis=PRIVATE),1]
12-10 07:09:24.646 2004 2004 I sysui_multi_action: [757,111,758,1]
12-10 07:09:24.646 2004 2004 I sysui_multi_action: [757,126,758,1,759,126,927,0,928,1,1593,1]
12-10 07:09:24.646 2004 2004 I sysui_multi_action: [757,113,758,1,759,113,927,1,928,1,1593,1]
12-10 07:09:24.646 2004 2004 I sysui_multi_action: [757,0,758,1,759,0,927,2,928,0,1593,1]
12-10 07:09:24.646 2004 2004 I sysui_multi_action: [757,0,758,1,759,0,927,3,928,0,1593,1]
12-10 07:09:24.646 2004 2004 I sysui_multi_action: [757,491,758,1,759,491,927,4,928,1,1311,1,1593,1]
12-10 07:09:24.646 2004 2004 I sysui_multi_action: [757,0,758,1,759,0,927,5,928,0,1593,1]
12-10 07:09:24.646 2004 2004 I sysui_multi_action: [757,111,758,1]
12-10 07:09:24.647 2004 2004 I sysui_multi_action: [757,126,758,1,759,126,927,0,928,1,1593,1]
12-10 07:09:24.647 2004 2004 I sysui_multi_action: [757,113,758,1,759,113,927,1,928,1,1593,1]
12-10 07:09:24.647 2004 2004 I sysui_multi_action: [757,0,758,1,759,0,927,2,928,0,1593,1]
12-10 07:09:24.647 2004 2004 I sysui_multi_action: [757,0,758,1,759,0,927,3,928,0,1593,1]
12-10 07:09:24.654 1507 1909 I GameModeConfig: isGameModeOn = true
12-10 07:09:24.655 1507 1909 I GameModeConfig: isGaming = false
12-10 07:09:24.655 1507 1909 I GameModeConfig: isGameModeOn = true
12-10 07:09:24.655 1507 1909 I GameModeConfig: isGaming = false
12-10 07:09:24.655 1507 1909 I GameModeConfig: isGameModeOn = true
12-10 07:09:24.655 1507 1909 I GameModeConfig: isGaming = false
12-10 07:09:24.655 1507 1909 I GameModeConfig: isGameModeOn = true
12-10 07:09:24.656 1507 1909 I GameModeConfig: isGaming = false
12-10 07:09:24.656 1507 1909 I GameModeConfig: isGameModeOn = true
12-10 07:09:24.656 1507 1909 I GameModeConfig: isGaming = false
12-10 07:09:24.657 2004 2004 I sysui_multi_action: [757,111,758,2]
12-10 07:09:24.657 1507 1507 I notification_enqueue: [10082,2004,com.android.systemui,2048,NULL,0,Notification(channel=updateNotification shortcut=null contentView=null vibrate=null sound=null defaults=0x0 flags=0x0 color=0x00000000 vis=PRIVATE),1]
12-10 07:09:24.657 2004 2004 I sysui_multi_action: [757,111,758,2]
12-10 07:09:24.660 2004 2004 I sysui_multi_action: [757,111,758,1]
12-10 07:09:24.660 2004 2004 I sysui_multi_action: [757,126,758,1,759,126,927,0,928,1,1593,1]
12-10 07:09:24.660 2004 2004 I sysui_multi_action: [757,113,758,1,759,113,927,1,928,1,1593,1]
12-10 07:09:24.660 2004 2004 I sysui_multi_action: [757,0,758,1,759,0,927,2,928,0,1593,1]
12-10 07:09:24.660 2004 2004 I sysui_multi_action: [757,0,758,1,759,0,927,3,928,0,1593,1]
12-10 07:09:24.660 2004 2004 I sysui_multi_action: [757,491,758,1,759,491,927,4,928,1,1311,1,1593,1]
12-10 07:09:24.660 2004 2004 I sysui_multi_action: [757,0,758,1,759,0,927,5,928,0,1593,1]
12-10 07:09:24.661 2004 2004 I sysui_multi_action: [757,111,758,1]
12-10 07:09:24.661 2004 2004 I sysui_multi_action: [757,126,758,1,759,126,927,0,928,1,1593,1]
12-10 07:09:24.661 2004 2004 I sysui_multi_action: [757,113,758,1,759,113,927,1,928,1,1593,1]
12-10 07:09:24.661 2004 2004 I sysui_multi_action: [757,0,758,1,759,0,927,2,928,0,1593,1]
12-10 07:09:24.661 2004 2004 I sysui_multi_action: [757,0,758,1,759,0,927,3,928,0,1593,1]
12-10 07:09:24.666 1507 1909 I GameModeConfig: isGameModeOn = true
12-10 07:09:24.667 1507 1909 I GameModeConfig: isGaming = false
12-10 07:09:24.668 1507 1909 I GameModeConfig: isGameModeOn = true
12-10 07:09:24.668 1507 1909 I GameModeConfig: isGaming = false
12-10 07:09:24.668 1507 1909 I GameModeConfig: isGameModeOn = true
12-10 07:09:24.668 1507 1909 I GameModeConfig: isGaming = false
12-10 07:09:24.669 1507 1909 I GameModeConfig: isGameModeOn = true
12-10 07:09:24.669 1507 1909 I GameModeConfig: isGaming = false
12-10 07:09:24.669 1507 1909 I GameModeConfig: isGameModeOn = true
12-10 07:09:24.669 1507 1909 I GameModeConfig: isGaming = false
12-10 07:09:24.670 2004 2004 I sysui_multi_action: [757,111,758,2]
12-10 07:09:24.670 2004 2004 I sysui_multi_action: [757,111,758,2]
12-10 07:09:24.670 1507 1507 I notification_enqueue: [10082,2004,com.android.systemui,2048,NULL,0,Notification(channel=updateNotification shortcut=null contentView=null vibrate=null sound=null defaults=0x0 flags=0x0 color=0x00000000 vis=PRIVATE),1]
12-10 07:09:24.673 2004 2004 I sysui_multi_action: [757,111,758,1]
12-10 07:09:24.673 2004 2004 I sysui_multi_action: [757,126,758,1,759,126,927,0,928,1,1593,1]
12-10 07:09:24.673 2004 2004 I sysui_multi_action: [757,113,758,1,759,113,927,1,928,1,1593,1]
12-10 07:09:24.673 2004 2004 I sysui_multi_action: [757,0,758,1,759,0,927,2,928,0,1593,1]
12-10 07:09:24.673 2004 2004 I sysui_multi_action: [757,0,758,1,759,0,927,3,928,0,1593,1]
12-10 07:09:24.673 2004 2004 I sysui_multi_action: [757,491,758,1,759,491,927,4,928,1,1311,1,1593,1]
12-10 07:09:24.673 2004 2004 I sysui_multi_action: [757,0,758,1,759,0,927,5,928,0,1593,1]
12-10 07:09:24.673 2004 2004 I sysui_multi_action: [757,111,758,1]
12-10 07:09:24.674 2004 2004 I sysui_multi_action: [757,126,758,1,759,126,927,0,928,1,1593,1]
12-10 07:09:24.674 2004 2004 I sysui_multi_action: [757,113,758,1,759,113,927,1,928,1,1593,1]
12-10 07:09:24.674 2004 2004 I sysui_multi_action: [757,0,758,1,759,0,927,2,928,0,1593,1]
12-10 07:09:24.674 2004 2004 I sysui_multi_action: [757,0,758,1,759,0,927,3,928,0,1593,1]
12-10 07:09:24.683 1507 1909 I GameModeConfig: isGameModeOn = true
12-10 07:09:24.683 1507 1909 I GameModeConfig: isGaming = false
12-10 07:09:24.684 1507 1909 I GameModeConfig: isGameModeOn = true
12-10 07:09:24.684 1507 1909 I GameModeConfig: isGaming = false
12-10 07:09:24.684 1507 1909 I GameModeConfig: isGameModeOn = true
12-10 07:09:24.684 1507 1909 I GameModeConfig: isGaming = false
12-10 07:09:24.684 1507 1909 I GameModeConfig: isGameModeOn = true
12-10 07:09:24.684 1507 1909 I GameModeConfig: isGaming = false
12-10 07:09:24.684 1507 1909 I GameModeConfig: isGameModeOn = true
12-10 07:09:24.684 1507 1909 I GameModeConfig: isGaming = false
12-10 07:09:24.686 2004 2004 I sysui_multi_action: [757,111,758,2]
12-10 07:09:24.686 2004 2004 I sysui_multi_action: [757,111,758,2]
12-10 07:09:24.686 1507 1507 I notification_enqueue: [10082,2004,com.android.systemui,2048,NULL,0,Notification(channel=updateNotification shortcut=null contentView=null vibrate=null sound=null defaults=0x0 flags=0x0 color=0x00000000 vis=PRIVATE),1]
12-10 07:09:24.689 2004 2004 I sysui_multi_action: [757,111,758,1]
12-10 07:09:24.689 2004 2004 I sysui_multi_action: [757,126,758,1,759,126,927,0,928,1,1593,1]
12-10 07:09:24.689 2004 2004 I sysui_multi_action: [757,113,758,1,759,113,927,1,928,1,1593,1]
12-10 07:09:24.689 2004 2004 I sysui_multi_action: [757,0,758,1,759,0,927,2,928,0,1593,1]
12-10 07:09:24.690 2004 2004 I sysui_multi_action: [757,0,758,1,759,0,927,3,928,0,1593,1]
12-10 07:09:24.690 2004 2004 I sysui_multi_action: [757,491,758,1,759,491,927,4,928,1,1311,1,1593,0]
12-10 07:09:24.690 2004 2004 I sysui_multi_action: [757,0,758,1,759,0,927,5,928,0,1593,0]
12-10 07:09:24.690 2004 2004 I sysui_multi_action: [757,111,758,1]
12-10 07:09:24.690 2004 2004 I sysui_multi_action: [757,126,758,1,759,126,927,0,928,1,1593,1]
12-10 07:09:24.690 2004 2004 I sysui_multi_action: [757,113,758,1,759,113,927,1,928,1,1593,1]
12-10 07:09:24.690 2004 2004 I sysui_multi_action: [757,0,758,1,759,0,927,2,928,0,1593,1]
12-10 07:09:24.690 2004 2004 I sysui_multi_action: [757,0,758,1,759,0,927,3,928,0,1593,1]
12-10 07:09:24.699 1507 1909 I GameModeConfig: isGameModeOn = true
12-10 07:09:24.699 1507 1909 I GameModeConfig: isGaming = false
12-10 07:09:24.700 1507 1909 I GameModeConfig: isGameModeOn = true
12-10 07:09:24.700 1507 1909 I GameModeConfig: isGaming = false
12-10 07:09:24.700 1507 1909 I GameModeConfig: isGameModeOn = true
12-10 07:09:24.700 1507 1909 I GameModeConfig: isGaming = false
12-10 07:09:24.701 1507 1909 I GameModeConfig: isGameModeOn = true
12-10 07:09:24.701 1507 1909 I GameModeConfig: isGaming = false
12-10 07:09:24.701 1507 1909 I GameModeConfig: isGameModeOn = true
12-10 07:09:24.701 1507 1909 I GameModeConfig: isGaming = false
12-10 07:09:24.702 2004 2004 I sysui_multi_action: [757,111,758,2]
12-10 07:09:24.702 2004 2004 I sysui_multi_action: [757,111,758,2]
