12-10 06:29:08.155 0 0 I auditd : type=1400 audit(0.0:18846): avc: denied { kill } for comm="swapper/1" capability=5 scontext=u:r:kernel:s0 tcontext=u:r:kernel:s0 tclass=capability permissive=0
12-10 06:29:09.155 0 0 I auditd : type=1400 audit(0.0:18847): avc: denied { kill } for comm="swapper/1" capability=5 scontext=u:r:kernel:s0 tcontext=u:r:kernel:s0 tclass=capability permissive=0
12-10 06:29:10.155 0 0 I auditd : type=1400 audit(0.0:18848): avc: denied { kill } for comm="swapper/1" capability=5 scontext=u:r:kernel:s0 tcontext=u:r:kernel:s0 tclass=capability permissive=0
12-10 06:29:11.155 0 0 I auditd : type=1400 audit(0.0:18849): avc: denied { kill } for comm="swapper/1" capability=5 scontext=u:r:kernel:s0 tcontext=u:r:kernel:s0 tclass=capability permissive=0
12-10 06:29:12.155 0 0 I auditd : type=1400 audit(0.0:18850): avc: denied { kill } for comm="swapper/1" capability=5 scontext=u:r:kernel:s0 tcontext=u:r:kernel:s0 tclass=capability permissive=0
12-10 06:29:13.155 0 0 I auditd : type=1400 audit(0.0:18851): avc: denied { kill } for comm="swapper/1" capability=5 scontext=u:r:kernel:s0 tcontext=u:r:kernel:s0 tclass=capability permissive=0
12-10 06:29:14.155 0 0 I auditd : type=1400 audit(0.0:18852): avc: denied { kill } for comm="swapper/1" capability=5 scontext=u:r:kernel:s0 tcontext=u:r:kernel:s0 tclass=capability permissive=0
12-10 06:29:15.155 0 0 I auditd : type=1400 audit(0.0:18853): avc: denied { kill } for comm="swapper/1" capability=5 scontext=u:r:kernel:s0 tcontext=u:r:kernel:s0 tclass=capability permissive=0
12-10 06:29:16.155 0 0 I auditd : type=1400 audit(0.0:18854): avc: denied { kill } for comm="swapper/1" capability=5 scontext=u:r:kernel:s0 tcontext=u:r:kernel:s0 tclass=capability permissive=0
12-10 06:29:17.155 0 0 I auditd : type=1400 audit(0.0:18855): avc: denied { kill } for comm="swapper/1" capability=5 scontext=u:r:kernel:s0 tcontext=u:r:kernel:s0 tclass=capability permissive=0
12-10 06:29:18.155 0 0 I auditd : type=1400 audit(0.0:18856): avc: denied { kill } for comm="swapper/1" capability=5 scontext=u:r:kernel:s0 tcontext=u:r:kernel:s0 tclass=capability permissive=0
12-10 06:29:19.155 0 0 I auditd : type=1400 audit(0.0:18857): avc: denied { kill } for comm="swapper/1" capability=5 scontext=u:r:kernel:s0 tcontext=u:r:kernel:s0 tclass=capability permissive=0
12-10 06:29:20.155 0 0 I auditd : type=1400 audit(0.0:18858): avc: denied { kill } for comm="swapper/1" capability=5 scontext=u:r:kernel:s0 tcontext=u:r:kernel:s0 tclass=capability permissive=0
12-10 06:29:21.155 0 0 I auditd : type=1400 audit(0.0:18859): avc: denied { kill } for comm="swapper/1" capability=5 scontext=u:r:kernel:s0 tcontext=u:r:kernel:s0 tclass=capability permissive=0
12-10 06:29:22.155 0 0 I auditd : type=1400 audit(0.0:18860): avc: denied { kill } for comm="swapper/1" capability=5 scontext=u:r:kernel:s0 tcontext=u:r:kernel:s0 tclass=capability permissive=0
12-10 06:29:23.155 0 0 I auditd : type=1400 audit(0.0:18861): avc: denied { kill } for comm="swapper/1" capability=5 scontext=u:r:kernel:s0 tcontext=u:r:kernel:s0 tclass=capability permissive=0
12-10 06:29:24.155 0 0 I auditd : type=1400 audit(0.0:18862): avc: denied { kill } for comm="swapper/1" capability=5 scontext=u:r:kernel:s0 tcontext=u:r:kernel:s0 tclass=capability permissive=0
12-10 06:29:25.155 0 0 I auditd : type=1400 audit(0.0:18863): avc: denied { kill } for comm="swapper/1" capability=5 scontext=u:r:kernel:s0 tcontext=u:r:kernel:s0 tclass=capability permissive=0
12-10 06:29:26.155 0 0 I auditd : type=1400 audit(0.0:18864): avc: denied { kill } for comm="swapper/1" capability=5 scontext=u:r:kernel:s0 tcontext=u:r:kernel:s0 tclass=capability permissive=0
12-10 06:29:27.155 0 0 I auditd : type=1400 audit(0.0:18865): avc: denied { kill } for comm="swapper/1" capability=5 scontext=u:r:kernel:s0 tcontext=u:r:kernel:s0 tclass=capability permissive=0
12-10 06:29:28.155 0 0 I auditd : type=1400 audit(0.0:18866): avc: denied { kill } for comm="swapper/1" capability=5 scontext=u:r:kernel:s0 tcontext=u:r:kernel:s0 tclass=capability permissive=0
12-10 06:29:29.155 0 0 I auditd : type=1400 audit(0.0:18867): avc: denied { kill } for comm="swapper/1" capability=5 scontext=u:r:kernel:s0 tcontext=u:r:kernel:s0 tclass=capability permissive=0
12-10 06:29:30.155 0 0 I auditd : type=1400 audit(0.0:18868): avc: denied { kill } for comm="swapper/1" capability=5 scontext=u:r:kernel:s0 tcontext=u:r:kernel:s0 tclass=capability permissive=0
12-10 06:29:31.155 0 0 I auditd : type=1400 audit(0.0:18869): avc: denied { kill } for comm="swapper/1" capability=5 scontext=u:r:kernel:s0 tcontext=u:r:kernel:s0 tclass=capability permissive=0
12-10 06:29:32.155 0 0 I auditd : type=1400 audit(0.0:18870): avc: denied { kill } for comm="swapper/1" capability=5 scontext=u:r:kernel:s0 tcontext=u:r:kernel:s0 tclass=capability permissive=0
12-10 06:29:33.155 0 0 I auditd : type=1400 audit(0.0:18871): avc: denied { kill } for comm="swapper/1" capability=5 scontext=u:r:kernel:s0 tcontext=u:r:kernel:s0 tclass=capability permissive=0
12-10 06:29:34.155 0 0 I auditd : type=1400 audit(0.0:18872): avc: denied { kill } for comm="swapper/1" capability=5 scontext=u:r:kernel:s0 tcontext=u:r:kernel:s0 tclass=capability permissive=0
12-10 06:29:35.155 0 0 I auditd : type=1400 audit(0.0:18873): avc: denied { kill } for comm="swapper/1" capability=5 scontext=u:r:kernel:s0 tcontext=u:r:kernel:s0 tclass=capability permissive=0
12-10 06:29:36.155 0 0 I auditd : type=1400 audit(0.0:18874): avc: denied { kill } for comm="swapper/1" capability=5 scontext=u:r:kernel:s0 tcontext=u:r:kernel:s0 tclass=capability permissive=0
12-10 06:29:37.155 0 0 I auditd : type=1400 audit(0.0:18875): avc: denied { kill } for comm="swapper/1" capability=5 scontext=u:r:kernel:s0 tcontext=u:r:kernel:s0 tclass=capability permissive=0
12-10 06:29:38.155 0 0 I auditd : type=1400 audit(0.0:18876): avc: denied { kill } for comm="swapper/1" capability=5 scontext=u:r:kernel:s0 tcontext=u:r:kernel:s0 tclass=capability permissive=0
12-10 06:29:39.155 0 0 I auditd : type=1400 audit(0.0:18877): avc: denied { kill } for comm="swapper/1" capability=5 scontext=u:r:kernel:s0 tcontext=u:r:kernel:s0 tclass=capability permissive=0
12-10 06:29:40.155 0 0 I auditd : type=1400 audit(0.0:18878): avc: denied { kill } for comm="swapper/1" capability=5 scontext=u:r:kernel:s0 tcontext=u:r:kernel:s0 tclass=capability permissive=0
12-10 06:29:41.155 0 0 I auditd : type=1400 audit(0.0:18879): avc: denied { kill } for comm="swapper/1" capability=5 scontext=u:r:kernel:s0 tcontext=u:r:kernel:s0 tclass=capability permissive=0
12-10 06:29:42.155 0 0 I auditd : type=1400 audit(0.0:18880): avc: denied { kill } for comm="swapper/1" capability=5 scontext=u:r:kernel:s0 tcontext=u:r:kernel:s0 tclass=capability permissive=0
12-10 06:29:43.155 0 0 I auditd : type=1400 audit(0.0:18881): avc: denied { kill } for comm="swapper/1" capability=5 scontext=u:r:kernel:s0 tcontext=u:r:kernel:s0 tclass=capability permissive=0
12-10 06:29:44.155 0 0 I auditd : type=1400 audit(0.0:18882): avc: denied { kill } for comm="swapper/1" capability=5 scontext=u:r:kernel:s0 tcontext=u:r:kernel:s0 tclass=capability permissive=0
12-10 06:29:45.155 0 0 I auditd : type=1400 audit(0.0:18883): avc: denied { kill } for comm="swapper/1" capability=5 scontext=u:r:kernel:s0 tcontext=u:r:kernel:s0 tclass=capability permissive=0
12-10 06:29:46.155 0 0 I auditd : type=1400 audit(0.0:18884): avc: denied { kill } for comm="swapper/1" capability=5 scontext=u:r:kernel:s0 tcontext=u:r:kernel:s0 tclass=capability permissive=0
12-10 06:29:46.924 1507 1583 I am_uid_idle: 10069
12-10 06:29:47.155 0 0 I auditd : type=1400 audit(0.0:18885): avc: denied { kill } for comm="swapper/1" capability=5 scontext=u:r:kernel:s0 tcontext=u:r:kernel:s0 tclass=capability permissive=0
12-10 06:29:48.155 0 0 I auditd : type=1400 audit(0.0:18886): avc: denied { kill } for comm="swapper/1" capability=5 scontext=u:r:kernel:s0 tcontext=u:r:kernel:s0 tclass=capability permissive=0
12-10 06:29:49.155 0 0 I auditd : type=1400 audit(0.0:18887): avc: denied { kill } for comm="swapper/1" capability=5 scontext=u:r:kernel:s0 tcontext=u:r:kernel:s0 tclass=capability permissive=0
12-10 06:29:50.155 0 0 I auditd : type=1400 audit(0.0:18888): avc: denied { kill } for comm="swapper/1" capability=5 scontext=u:r:kernel:s0 tcontext=u:r:kernel:s0 tclass=capability permissive=0
12-10 06:29:51.155 0 0 I auditd : type=1400 audit(0.0:18889): avc: denied { kill } for comm="swapper/1" capability=5 scontext=u:r:kernel:s0 tcontext=u:r:kernel:s0 tclass=capability permissive=0
12-10 06:29:52.155 0 0 I auditd : type=1400 audit(0.0:18890): avc: denied { kill } for comm="swapper/1" capability=5 scontext=u:r:kernel:s0 tcontext=u:r:kernel:s0 tclass=capability permissive=0
12-10 06:29:53.017 1507 1583 I am_uid_idle: 10068
12-10 06:29:53.155 0 0 I auditd : type=1400 audit(0.0:18891): avc: denied { kill } for comm="swapper/1" capability=5 scontext=u:r:kernel:s0 tcontext=u:r:kernel:s0 tclass=capability permissive=0
12-10 06:29:54.155 0 0 I auditd : type=1400 audit(0.0:18892): avc: denied { kill } for comm="swapper/1" capability=5 scontext=u:r:kernel:s0 tcontext=u:r:kernel:s0 tclass=capability permissive=0
12-10 06:29:55.155 0 0 I auditd : type=1400 audit(0.0:18893): avc: denied { kill } for comm="swapper/1" capability=5 scontext=u:r:kernel:s0 tcontext=u:r:kernel:s0 tclass=capability permissive=0
12-10 06:29:56.155 0 0 I auditd : type=1400 audit(0.0:18894): avc: denied { kill } for comm="swapper/1" capability=5 scontext=u:r:kernel:s0 tcontext=u:r:kernel:s0 tclass=capability permissive=0
12-10 06:29:57.155 12606 12606 I auditd : type=1400 audit(0.0:18895): avc: denied { kill } for comm="kworker/u17:5" capability=5 scontext=u:r:kernel:s0 tcontext=u:r:kernel:s0 tclass=capability permissive=0
12-10 06:29:58.155 0 0 I auditd : type=1400 audit(0.0:18896): avc: denied { kill } for comm="swapper/1" capability=5 scontext=u:r:kernel:s0 tcontext=u:r:kernel:s0 tclass=capability permissive=0
12-10 06:29:59.155 0 0 I auditd : type=1400 audit(0.0:18897): avc: denied { kill } for comm="swapper/1" capability=5 scontext=u:r:kernel:s0 tcontext=u:r:kernel:s0 tclass=capability permissive=0
12-10 06:30:01.155 0 0 I auditd : type=1400 audit(0.0:18898): avc: denied { kill } for comm="swapper/2" capability=5 scontext=u:r:kernel:s0 tcontext=u:r:kernel:s0 tclass=capability permissive=0
12-10 06:30:02.155 14 14 I auditd : type=1400 audit(0.0:18899): avc: denied { kill } for comm="rcuos/0" capability=5 scontext=u:r:kernel:s0 tcontext=u:r:kernel:s0 tclass=capability permissive=0
12-10 06:30:03.155 0 0 I auditd : type=1400 audit(0.0:18900): avc: denied { kill } for comm="swapper/2" capability=5 scontext=u:r:kernel:s0 tcontext=u:r:kernel:s0 tclass=capability permissive=0
12-10 06:30:04.155 0 0 I auditd : type=1400 audit(0.0:18901): avc: denied { kill } for comm="swapper/2" capability=5 scontext=u:r:kernel:s0 tcontext=u:r:kernel:s0 tclass=capability permissive=0
12-10 06:30:05.155 0 0 I auditd : type=1400 audit(0.0:18902): avc: denied { kill } for comm="swapper/2" capability=5 scontext=u:r:kernel:s0 tcontext=u:r:kernel:s0 tclass=capability permissive=0
12-10 06:30:07.155 0 0 I auditd : type=1400 audit(0.0:18903): avc: denied { kill } for comm="swapper/2" capability=5 scontext=u:r:kernel:s0 tcontext=u:r:kernel:s0 tclass=capability permissive=0
12-10 06:30:08.155 0 0 I auditd : type=1400 audit(0.0:18904): avc: denied { kill } for comm="swapper/2" capability=5 scontext=u:r:kernel:s0 tcontext=u:r:kernel:s0 tclass=capability permissive=0
12-10 06:30:09.155 0 0 I auditd : type=1400 audit(0.0:18905): avc: denied { kill } for comm="swapper/2" capability=5 scontext=u:r:kernel:s0 tcontext=u:r:kernel:s0 tclass=capability permissive=0
12-10 06:30:10.155 0 0 I auditd : type=1400 audit(0.0:18906): avc: denied { kill } for comm="swapper/2" capability=5 scontext=u:r:kernel:s0 tcontext=u:r:kernel:s0 tclass=capability permissive=0
12-10 06:30:11.155 0 0 I auditd : type=1400 audit(0.0:18907): avc: denied { kill } for comm="swapper/2" capability=5 scontext=u:r:kernel:s0 tcontext=u:r:kernel:s0 tclass=capability permissive=0
12-10 06:30:12.155 0 0 I auditd : type=1400 audit(0.0:18908): avc: denied { kill } for comm="swapper/2" capability=5 scontext=u:r:kernel:s0 tcontext=u:r:kernel:s0 tclass=capability permissive=0
12-10 06:30:14.155 0 0 I auditd : type=1400 audit(0.0:18909): avc: denied { kill } for comm="swapper/2" capability=5 scontext=u:r:kernel:s0 tcontext=u:r:kernel:s0 tclass=capability permissive=0
12-10 06:30:15.155 0 0 I auditd : type=1400 audit(0.0:18910): avc: denied { kill } for comm="swapper/2" capability=5 scontext=u:r:kernel:s0 tcontext=u:r:kernel:s0 tclass=capability permissive=0
12-10 06:30:16.155 0 0 I auditd : type=1400 audit(0.0:18911): avc: denied { kill } for comm="swapper/2" capability=5 scontext=u:r:kernel:s0 tcontext=u:r:kernel:s0 tclass=capability permissive=0
12-10 06:30:17.155 0 0 I auditd : type=1400 audit(0.0:18912): avc: denied { kill } for comm="swapper/2" capability=5 scontext=u:r:kernel:s0 tcontext=u:r:kernel:s0 tclass=capability permissive=0
12-10 06:30:18.155 0 0 I auditd : type=1400 audit(0.0:18913): avc: denied { kill } for comm="swapper/2" capability=5 scontext=u:r:kernel:s0 tcontext=u:r:kernel:s0 tclass=capability permissive=0
12-10 06:30:19.155 0 0 I auditd : type=1400 audit(0.0:18914): avc: denied { kill } for comm="swapper/2" capability=5 scontext=u:r:kernel:s0 tcontext=u:r:kernel:s0 tclass=capability permissive=0
12-10 06:30:20.155 0 0 I auditd : type=1400 audit(0.0:18915): avc: denied { kill } for comm="swapper/2" capability=5 scontext=u:r:kernel:s0 tcontext=u:r:kernel:s0 tclass=capability permissive=0
12-10 06:30:21.155 0 0 I auditd : type=1400 audit(0.0:18916): avc: denied { kill } for comm="swapper/2" capability=5 scontext=u:r:kernel:s0 tcontext=u:r:kernel:s0 tclass=capability permissive=0
12-10 06:30:22.155 0 0 I auditd : type=1400 audit(0.0:18917): avc: denied { kill } for comm="swapper/2" capability=5 scontext=u:r:kernel:s0 tcontext=u:r:kernel:s0 tclass=capability permissive=0
12-10 06:30:22.491 1507 1711 I am_freeze: [14930,com.android.calendar]
12-10 06:30:22.492 1507 1711 I am_kill : [0,14930,com.android.calendar,955,Unable to freeze binder interface]
12-10 06:30:22.520 1507 2042 I am_proc_died: [0,14930,com.android.calendar,955,19]
12-10 06:30:22.521 1507 2042 I am_uid_stopped: 10065
12-10 06:30:22.529 1507 1581 I am_pss : [15203,1000,com.qti.diagservices,6131712,3817472,0,93851648,0,10,5]
12-10 06:30:23.155 0 0 I auditd : type=1400 audit(0.0:18918): avc: denied { kill } for comm="swapper/2" capability=5 scontext=u:r:kernel:s0 tcontext=u:r:kernel:s0 tclass=capability permissive=0
12-10 06:30:24.155 0 0 I auditd : type=1400 audit(0.0:18919): avc: denied { kill } for comm="swapper/2" capability=5 scontext=u:r:kernel:s0 tcontext=u:r:kernel:s0 tclass=capability permissive=0
12-10 06:30:25.155 0 0 I auditd : type=1400 audit(0.0:18920): avc: denied { kill } for comm="swapper/2" capability=5 scontext=u:r:kernel:s0 tcontext=u:r:kernel:s0 tclass=capability permissive=0
12-10 06:30:26.155 0 0 I auditd : type=1400 audit(0.0:18921): avc: denied { kill } for comm="swapper/2" capability=5 scontext=u:r:kernel:s0 tcontext=u:r:kernel:s0 tclass=capability permissive=0
12-10 06:30:27.155 0 0 I auditd : type=1400 audit(0.0:18922): avc: denied { kill } for comm="swapper/2" capability=5 scontext=u:r:kernel:s0 tcontext=u:r:kernel:s0 tclass=capability permissive=0
12-10 06:30:28.072 1507 1711 I am_freeze: [12461,com.android.permissioncontroller]
12-10 06:30:28.073 1507 1711 I am_kill : [0,12461,com.android.permissioncontroller,955,Unable to freeze binder interface]
12-10 06:30:28.129 1507 5859 I am_proc_died: [0,12461,com.android.permissioncontroller,955,19]
12-10 06:30:28.130 1507 5859 I am_uid_stopped: 10094
12-10 06:30:28.155 0 0 I auditd : type=1400 audit(0.0:18923): avc: denied { kill } for comm="swapper/2" capability=5 scontext=u:r:kernel:s0 tcontext=u:r:kernel:s0 tclass=capability permissive=0
12-10 06:30:29.155 0 0 I auditd : type=1400 audit(0.0:18924): avc: denied { kill } for comm="swapper/2" capability=5 scontext=u:r:kernel:s0 tcontext=u:r:kernel:s0 tclass=capability permissive=0
12-10 06:30:30.155 0 0 I auditd : type=1400 audit(0.0:18925): avc: denied { kill } for comm="swapper/2" capability=5 scontext=u:r:kernel:s0 tcontext=u:r:kernel:s0 tclass=capability permissive=0
12-10 06:30:31.155 0 0 I auditd : type=1400 audit(0.0:18926): avc: denied { kill } for comm="swapper/2" capability=5 scontext=u:r:kernel:s0 tcontext=u:r:kernel:s0 tclass=capability permissive=0
12-10 06:30:31.899 1507 1711 I am_freeze: [15006,com.android.music]
12-10 06:30:31.900 1507 1711 I am_kill : [0,15006,com.android.music,945,Unable to freeze binder interface]
12-10 06:30:31.926 1507 5859 I am_proc_died: [0,15006,com.android.music,945,19]
12-10 06:30:31.927 1507 5859 I am_uid_stopped: 10090
12-10 06:30:31.932 1507 1568 I am_uid_running: 10090
12-10 06:30:31.933 1507 1568 I am_uid_running: 10065
12-10 06:30:31.951 1507 1584 I am_proc_start: [0,15231,10090,com.android.music,NULL,]
12-10 06:30:31.967 1507 1584 I am_proc_start: [0,15232,10065,com.android.calendar,NULL,]
12-10 06:30:31.985 1507 2038 I am_proc_bound: [0,15231,com.android.music]
12-10 06:30:32.004 1507 2038 I am_proc_bound: [0,15232,com.android.calendar]
12-10 06:30:32.155 0 0 I auditd : type=1400 audit(0.0:18927): avc: denied { kill } for comm="swapper/2" capability=5 scontext=u:r:kernel:s0 tcontext=u:r:kernel:s0 tclass=capability permissive=0
12-10 06:30:33.155 0 0 I auditd : type=1400 audit(0.0:18928): avc: denied { kill } for comm="swapper/2" capability=5 scontext=u:r:kernel:s0 tcontext=u:r:kernel:s0 tclass=capability permissive=0
12-10 06:30:34.155 0 0 I auditd : type=1400 audit(0.0:18929): avc: denied { kill } for comm="swapper/2" capability=5 scontext=u:r:kernel:s0 tcontext=u:r:kernel:s0 tclass=capability permissive=0
12-10 06:30:35.155 0 0 I auditd : type=1400 audit(0.0:18930): avc: denied { kill } for comm="swapper/2" capability=5 scontext=u:r:kernel:s0 tcontext=u:r:kernel:s0 tclass=capability permissive=0
12-10 06:30:36.155 0 0 I auditd : type=1400 audit(0.0:18931): avc: denied { kill } for comm="swapper/2" capability=5 scontext=u:r:kernel:s0 tcontext=u:r:kernel:s0 tclass=capability permissive=0
12-10 06:30:37.155 0 0 I auditd : type=1400 audit(0.0:18932): avc: denied { kill } for comm="swapper/2" capability=5 scontext=u:r:kernel:s0 tcontext=u:r:kernel:s0 tclass=capability permissive=0
12-10 06:30:38.155 0 0 I auditd : type=1400 audit(0.0:18933): avc: denied { kill } for comm="swapper/2" capability=5 scontext=u:r:kernel:s0 tcontext=u:r:kernel:s0 tclass=capability permissive=0
12-10 06:30:39.155 0 0 I auditd : type=1400 audit(0.0:18934): avc: denied { kill } for comm="swapper/2" capability=5 scontext=u:r:kernel:s0 tcontext=u:r:kernel:s0 tclass=capability permissive=0
12-10 06:30:40.155 0 0 I auditd : type=1400 audit(0.0:18935): avc: denied { kill } for comm="swapper/2" capability=5 scontext=u:r:kernel:s0 tcontext=u:r:kernel:s0 tclass=capability permissive=0
12-10 06:30:41.155 0 0 I auditd : type=1400 audit(0.0:18936): avc: denied { kill } for comm="swapper/2" capability=5 scontext=u:r:kernel:s0 tcontext=u:r:kernel:s0 tclass=capability permissive=0
12-10 06:30:42.155 0 0 I auditd : type=1400 audit(0.0:18937): avc: denied { kill } for comm="swapper/2" capability=5 scontext=u:r:kernel:s0 tcontext=u:r:kernel:s0 tclass=capability permissive=0
12-10 06:30:43.155 0 0 I auditd : type=1400 audit(0.0:18938): avc: denied { kill } for comm="swapper/2" capability=5 scontext=u:r:kernel:s0 tcontext=u:r:kernel:s0 tclass=capability permissive=0
12-10 06:30:43.792 1507 1736 I input_interaction: Interaction with: ea033a0 com.thundercomm.screensaver/android.service.dreams.DreamActivity (server), edge-swipe (server), swipe-up (server), PointerEventDispatcher0 (server),
12-10 06:30:43.797 1507 5859 I wm_finish_activity: [0,157599796,153,com.thundercomm.screensaver/android.service.dreams.DreamActivity,finish-activity]
12-10 06:30:43.797 1507 5859 I wm_task_moved: [151,1,7]
12-10 06:30:43.797 1507 5859 I wm_task_to_front: [0,151]
12-10 06:30:43.799 1507 5859 I wm_focused_root_task: [0,0,151,153,finish-top adjustFocusToNextFocusableTask]
12-10 06:30:43.800 1507 5859 I wm_pause_activity: [0,157599796,com.thundercomm.screensaver/android.service.dreams.DreamActivity,userLeaving=false,finish]
12-10 06:30:43.809 1507 1568 I sysui_multi_action: [757,803,799,window_time_0,802,117]
12-10 06:30:43.810 14020 14020 I wm_on_top_resumed_lost_called: [157599796,android.service.dreams.DreamActivity,topStateChangedWhenResumed]
12-10 06:30:43.811 14020 14020 I wm_on_paused_called: [157599796,android.service.dreams.DreamActivity,performPause]
12-10 06:30:43.811 1507 2038 I wm_add_to_stopping: [0,157599796,com.thundercomm.screensaver/android.service.dreams.DreamActivity,completeFinishing]
12-10 06:30:43.816 1507 2038 I wm_set_resumed_activity: [0,com.android.deskclock/.DeskClock,resumeTopActivityInnerLocked]
12-10 06:30:43.818 1507 2038 I wm_resume_activity: [0,170130999,151,com.android.deskclock/.DeskClock]
12-10 06:30:43.819 14963 14963 I wm_on_restart_called: [170130999,com.android.deskclock.DeskClock,performRestartActivity]
12-10 06:30:43.823 1507 1568 I am_uid_active: 10069
12-10 06:30:43.824 14963 14963 I wm_on_start_called: [170130999,com.android.deskclock.DeskClock,handleStartActivity]
12-10 06:30:43.825 14963 14963 I wm_on_resume_called: [170130999,com.android.deskclock.DeskClock,RESUME_ACTIVITY]
12-10 06:30:43.825 1507 1507 I sysui_multi_action: [757,128,758,5,759,8,793,116867,794,0,795,116867,796,2147483646,806,com.android.deskclock,857,StopwatchNotification,858,3,946,3,947,0,1500,116656,1688,1,1745,-868672399]
12-10 06:30:43.825 1507 1507 I notification_canceled: [0|com.android.deskclock|2147483646|null|10069,8,116867,116867,0,-1,-1,NULL]
12-10 06:30:43.829 1507 1568 I sysui_multi_action: [757,803,799,window_time_0,802,0]
12-10 06:30:43.832 14963 14963 I wm_on_top_resumed_gained_called: [170130999,com.android.deskclock.DeskClock,topWhenResuming]
12-10 06:30:43.845 1507 1736 I input_focus: [Focus leaving ea033a0 com.thundercomm.screensaver/android.service.dreams.DreamActivity (server),reason=NO_WINDOW]
12-10 06:30:43.846 14020 14020 I view_enqueue_input_event: [Motion - Cancel,com.thundercomm.screensaver/android.service.dreams.DreamActivity]
12-10 06:30:43.850 1507 1581 I am_pss : [15203,1000,com.qti.diagservices,6129664,3817472,0,93851648,0,10,6]
12-10 06:30:43.851 1507 1569 I input_focus: [Focus request a1c4e79 com.android.deskclock/com.android.deskclock.DeskClock,reason=UpdateInputWindows]
12-10 06:30:43.860 1507 1507 I am_uid_active: 10068
12-10 06:30:43.880 1507 1736 I input_focus: [Focus entering a1c4e79 com.android.deskclock/com.android.deskclock.DeskClock (server),reason=setFocusedWindow]
12-10 06:30:44.155 0 0 I auditd : type=1400 audit(0.0:18939): avc: denied { kill } for comm="swapper/2" capability=5 scontext=u:r:kernel:s0 tcontext=u:r:kernel:s0 tclass=capability permissive=0
12-10 06:30:44.384 1507 1568 I wm_destroy_activity: [0,157599796,153,com.thundercomm.screensaver/android.service.dreams.DreamActivity,finish-imm:idle]
12-10 06:30:44.413 14020 14020 I wm_on_stop_called: [157599796,android.service.dreams.DreamActivity,LIFECYCLER_STOP_ACTIVITY]
12-10 06:30:44.414 14020 14020 I wm_on_destroy_called: [157599796,android.service.dreams.DreamActivity,performDestroy]
12-10 06:30:44.418 1507 1564 I sysui_multi_action: [757,222,758,2]
12-10 06:30:44.418 1507 1564 I sysui_multi_action: [757,804,799,dreaming_minutes,801,1,802,1]
12-10 06:30:44.430 1507 2038 I wm_task_removed: [153,removeChild:removeChild last r=ActivityRecord{964c834 u0 com.thundercomm.screensaver/android.service.dreams.DreamActivity t-1 f}} in t=Task{bd65cc9 #153 type=dream A=10052:android:com.thundercomm.screensaver/dream U=0 visible=false mode=fullscreen translucent=true sz=0}]
12-10 06:30:44.430 1507 2038 I wm_task_removed: [153,removeChild]
12-10 06:30:45.101 1507 1736 I input_interaction: Interaction with: a1c4e79 com.android.deskclock/com.android.deskclock.DeskClock (server), edge-swipe (server), swipe-up (server), PointerEventDispatcher0 (server),
12-10 06:30:45.126 1507 5859 I wm_task_moved: [26,0,0]
12-10 06:30:45.127 1507 5859 I wm_task_moved: [26,0,6]
12-10 06:30:45.159 2526 2526 I wm_on_restart_called: [142082565,com.android.launcher3.uioverrides.QuickstepLauncher,performRestartActivity]
12-10 06:30:45.192 2526 2526 I wm_on_start_called: [142082565,com.android.launcher3.uioverrides.QuickstepLauncher,handleStartActivity]
12-10 06:30:45.193 14963 14963 I view_enqueue_input_event: [Motion - Cancel,com.android.deskclock/com.android.deskclock.DeskClock]
12-10 06:30:45.203 2526 2526 I sysui_latency: [1,104]
12-10 06:30:45.204 1507 1736 I input_interaction: Interaction with: edge-swipe (server), swipe-up (server), PointerEventDispatcher0 (server),
12-10 06:30:45.215 1507 1569 I input_focus: [Focus request recents_animation_input_consumer,reason=UpdateInputWindows]
12-10 06:30:45.224 1507 1564 I sysui_multi_action: [319,19,322,83,325,17494,757,761,758,9,759,5,806,com.android.launcher3,871,com.android.launcher3.uioverrides.QuickstepLauncher,904,com.android.launcher3,905,0,1320,8,1321,5]
12-10 06:30:45.231 1507 1736 I input_focus: [Focus leaving a1c4e79 com.android.deskclock/com.android.deskclock.DeskClock (server),reason=NOT_FOCUSABLE]
12-10 06:30:45.232 1507 1736 I input_focus: [Focus entering recents_animation_input_consumer (server),reason=setFocusedWindow]
12-10 06:30:45.399 1507 1710 I commit_sys_config_file: [settings-1-0,8]
12-10 06:30:45.511 1507 1581 I sysui_latency: [8,101]
12-10 06:30:45.903 1507 2792 I wm_task_moved: [26,1,7]
12-10 06:30:45.905 1507 2792 I wm_focused_root_task: [0,0,26,151,RecentsAnimation.onAnimationFinished()]
12-10 06:30:45.905 14963 14963 I wm_on_top_resumed_lost_called: [170130999,com.android.deskclock.DeskClock,topStateChangedWhenResumed]
12-10 06:30:45.907 1507 2792 I wm_pause_activity: [0,170130999,com.android.deskclock/.DeskClock,userLeaving=false,pauseBackTasks]
12-10 06:30:45.908 1507 2792 I wm_set_resumed_activity: [0,com.android.launcher3/.uioverrides.QuickstepLauncher,resumeTopActivityInnerLocked]
12-10 06:30:45.918 1507 2792 I wm_resume_activity: [0,142082565,27,com.android.launcher3/.uioverrides.QuickstepLauncher]
12-10 06:30:45.918 1507 2792 I wm_add_to_stopping: [0,170130999,com.android.deskclock/.DeskClock,makeInvisible]
12-10 06:30:45.920 2526 2526 I wm_on_resume_called: [142082565,com.android.launcher3.uioverrides.QuickstepLauncher,RESUME_ACTIVITY]
12-10 06:30:45.924 1507 1569 I input_focus: [Focus request 2cb1f5d com.android.launcher3/com.android.launcher3.uioverrides.QuickstepLauncher,reason=UpdateInputWindows]
12-10 06:30:45.925 14963 14963 I wm_on_paused_called: [170130999,com.android.deskclock.DeskClock,performPause]
12-10 06:30:45.926 1507 1568 I sysui_multi_action: [757,803,799,window_time_0,802,2]
12-10 06:30:45.928 1507 5826 I wm_stop_activity: [0,170130999,com.android.deskclock/.DeskClock]
12-10 06:30:45.931 1507 1568 I sysui_multi_action: [757,803,799,window_time_0,802,0]
12-10 06:30:45.937 1507 1736 I input_focus: [Focus leaving recents_animation_input_consumer (server),reason=NOT_VISIBLE]
12-10 06:30:45.937 1507 1736 I input_focus: [Focus entering 2cb1f5d com.android.launcher3/com.android.launcher3.uioverrides.QuickstepLauncher (server),reason=setFocusedWindow]
12-10 06:30:45.959 1507 1507 I notification_enqueue: [10069,14963,com.android.deskclock,2147483646,NULL,0,Notification(channel=StopwatchNotification shortcut=null contentView=com.android.deskclock/0x7f0d0024 vibrate=null sound=null defaults=0x0 flags=0x110 color=0xff1a237e groupKey=3 actions=2 vis=PRIVATE),0]
12-10 06:30:45.960 14963 14963 I wm_on_stop_called: [170130999,com.android.deskclock.DeskClock,STOP_ACTIVITY_ITEM]
12-10 06:30:45.972 2526 2526 I wm_on_top_resumed_gained_called: [142082565,com.android.launcher3.uioverrides.QuickstepLauncher,topStateChangedWhenResumed]
12-10 06:30:46.149 1507 1710 I commit_sys_config_file: [settings-1-0,6]
12-10 06:30:46.155 0 0 I auditd : type=1400 audit(0.0:18940): avc: denied { kill } for comm="swapper/2" capability=5 scontext=u:r:kernel:s0 tcontext=u:r:kernel:s0 tclass=capability permissive=0
12-10 06:30:46.161 1507 1507 I sysui_multi_action: [757,1501,758,1,793,203,794,0,795,203,796,2147483646,806,com.android.deskclock,857,StopwatchNotification,858,3,946,3,947,0,1500,0,1688,1,1745,-868672399]
12-10 06:30:46.161 1507 1507 I sysui_multi_action: [757,804,799,note_interruptive,801,0,802,1]
12-10 06:30:46.163 1507 1507 I sysui_multi_action: [757,1501,758,1,793,205,794,0,795,205,796,2147483646,806,com.android.deskclock,857,StopwatchNotification,858,3,946,3,947,0,1500,0,1688,1,1745,-868672399]
12-10 06:30:46.163 1507 1507 I sysui_multi_action: [757,804,799,note_interruptive,801,0,802,1]
12-10 06:30:46.163 1507 1507 I sysui_multi_action: [757,199,758,1,759,2,793,205,794,0,795,205,796,2147483646,806,com.android.deskclock,857,StopwatchNotification,858,3,946,3,947,0,1500,0,1688,1,1745,-868672399]
12-10 06:30:46.163 1507 1507 I notification_alert: [0|com.android.deskclock|2147483646|null|10069,0,1,0]
12-10 06:30:46.425 1507 1736 I input_interaction: Interaction with: 2cb1f5d com.android.launcher3/com.android.launcher3.uioverrides.QuickstepLauncher (server), 5478378 com.android.systemui.ImageWallpaper (server), edge-swipe (server), swipe-up (server), PointerEventDispatcher0 (server),
12-10 06:30:46.917 1507 5826 I wm_finish_activity: [0,111661475,136,com.android.settings/.homepage.SettingsHomepageActivity,recent-task-trimmed]
12-10 06:30:46.919 1507 5826 I wm_destroy_activity: [0,111661475,136,com.android.settings/.homepage.SettingsHomepageActivity,finish-imm:finishIfPossible]
12-10 06:30:46.921 1507 5826 I wm_task_removed: [136,removeChild:removeChild last r=ActivityRecord{6a7d1a3 u0 com.android.settings/.homepage.SettingsHomepageActivity t-1 f}} in t=Task{24e7bfb #136 type=standard A=1000:com.android.settings.root U=0 visible=false mode=fullscreen translucent=true sz=0}]
12-10 06:30:46.921 1507 5826 I wm_task_removed: [136,removeChild]
12-10 06:30:46.932 1507 5826 I wm_finish_activity: [0,170130999,151,com.android.deskclock/.DeskClock,recent-task-trimmed]
12-10 06:30:46.933 1507 5826 I wm_destroy_activity: [0,170130999,151,com.android.deskclock/.DeskClock,finish-imm:finishIfPossible]
12-10 06:30:46.939 1507 1568 I am_kill : [0,15099,com.android.settings,945,remove task]
12-10 06:30:46.944 1507 1568 I sysui_multi_action: [757,803,799,window_time_0,802,1]
12-10 06:30:46.947 1507 1568 I sysui_multi_action: [757,803,799,window_time_0,802,0]
12-10 06:30:46.960 14963 14963 I wm_on_destroy_called: [170130999,com.android.deskclock.DeskClock,performDestroy]
12-10 06:30:46.967 1507 5859 I am_kill : [0,14963,com.android.deskclock,1001,remove task]
12-10 06:30:46.967 1507 2038 I wm_task_removed: [151,removeChild:removeChild last r=ActivityRecord{a23fe37 u0 com.android.deskclock/.DeskClock t-1 f}} in t=Task{72fbd4b #151 type=standard A=10069:com.android.deskclock U=0 visible=false mode=fullscreen translucent=true sz=0}]
12-10 06:30:46.967 1507 2038 I wm_task_removed: [151,removeChild]
12-10 06:30:47.005 1507 2038 I am_proc_died: [0,15099,com.android.settings,945,19]
12-10 06:30:47.023 1507 2042 I am_proc_died: [0,14963,com.android.deskclock,1001,10]
12-10 06:30:47.025 1507 2042 I am_uid_stopped: 10069
12-10 06:30:47.036 1507 1584 I am_proc_start: [0,15287,1000,com.android.settings,NULL,]
12-10 06:30:47.060 1507 2038 I am_proc_bound: [0,15287,com.android.settings]
12-10 06:30:48.155 0 0 I auditd : type=1400 audit(0.0:18941): avc: denied { kill } for comm="swapper/2" capability=5 scontext=u:r:kernel:s0 tcontext=u:r:kernel:s0 tclass=capability permissive=0
12-10 06:30:49.155 0 0 I auditd : type=1400 audit(0.0:18942): avc: denied { kill } for comm="swapper/2" capability=5 scontext=u:r:kernel:s0 tcontext=u:r:kernel:s0 tclass=capability permissive=0
12-10 06:30:50.155 0 0 I auditd : type=1400 audit(0.0:18943): avc: denied { kill } for comm="swapper/2" capability=5 scontext=u:r:kernel:s0 tcontext=u:r:kernel:s0 tclass=capability permissive=0
12-10 06:30:51.155 0 0 I auditd : type=1400 audit(0.0:18944): avc: denied { kill } for comm="swapper/2" capability=5 scontext=u:r:kernel:s0 tcontext=u:r:kernel:s0 tclass=capability permissive=0
12-10 06:30:52.155 0 0 I auditd : type=1400 audit(0.0:18945): avc: denied { kill } for comm="swapper/2" capability=5 scontext=u:r:kernel:s0 tcontext=u:r:kernel:s0 tclass=capability permissive=0
12-10 06:30:53.155 0 0 I auditd : type=1400 audit(0.0:18946): avc: denied { kill } for comm="swapper/2" capability=5 scontext=u:r:kernel:s0 tcontext=u:r:kernel:s0 tclass=capability permissive=0
12-10 06:30:54.155 0 0 I auditd : type=1400 audit(0.0:18947): avc: denied { kill } for comm="swapper/2" capability=5 scontext=u:r:kernel:s0 tcontext=u:r:kernel:s0 tclass=capability permissive=0
12-10 06:30:55.155 0 0 I auditd : type=1400 audit(0.0:18948): avc: denied { kill } for comm="swapper/2" capability=5 scontext=u:r:kernel:s0 tcontext=u:r:kernel:s0 tclass=capability permissive=0
12-10 06:30:56.155 0 0 I auditd : type=1400 audit(0.0:18949): avc: denied { kill } for comm="swapper/2" capability=5 scontext=u:r:kernel:s0 tcontext=u:r:kernel:s0 tclass=capability permissive=0
12-10 06:30:57.155 0 0 I auditd : type=1400 audit(0.0:18950): avc: denied { kill } for comm="swapper/2" capability=5 scontext=u:r:kernel:s0 tcontext=u:r:kernel:s0 tclass=capability permissive=0
12-10 06:30:58.155 0 0 I auditd : type=1400 audit(0.0:18951): avc: denied { kill } for comm="swapper/2" capability=5 scontext=u:r:kernel:s0 tcontext=u:r:kernel:s0 tclass=capability permissive=0
12-10 06:30:59.155 0 0 I auditd : type=1400 audit(0.0:18952): avc: denied { kill } for comm="swapper/2" capability=5 scontext=u:r:kernel:s0 tcontext=u:r:kernel:s0 tclass=capability permissive=0
12-10 06:31:00.155 0 0 I auditd : type=1400 audit(0.0:18953): avc: denied { kill } for comm="swapper/2" capability=5 scontext=u:r:kernel:s0 tcontext=u:r:kernel:s0 tclass=capability permissive=0
12-10 06:31:01.155 0 0 I auditd : type=1400 audit(0.0:18954): avc: denied { kill } for comm="swapper/2" capability=5 scontext=u:r:kernel:s0 tcontext=u:r:kernel:s0 tclass=capability permissive=0
12-10 06:31:03.155 0 0 I auditd : type=1400 audit(0.0:18955): avc: denied { kill } for comm="swapper/2" capability=5 scontext=u:r:kernel:s0 tcontext=u:r:kernel:s0 tclass=capability permissive=0
12-10 06:31:04.155 0 0 I auditd : type=1400 audit(0.0:18956): avc: denied { kill } for comm="swapper/2" capability=5 scontext=u:r:kernel:s0 tcontext=u:r:kernel:s0 tclass=capability permissive=0
12-10 06:31:05.155 0 0 I auditd : type=1400 audit(0.0:18957): avc: denied { kill } for comm="swapper/2" capability=5 scontext=u:r:kernel:s0 tcontext=u:r:kernel:s0 tclass=capability permissive=0
12-10 06:31:06.155 0 0 I auditd : type=1400 audit(0.0:18958): avc: denied { kill } for comm="swapper/2" capability=5 scontext=u:r:kernel:s0 tcontext=u:r:kernel:s0 tclass=capability permissive=0
12-10 06:31:07.155 0 0 I auditd : type=1400 audit(0.0:18959): avc: denied { kill } for comm="swapper/2" capability=5 scontext=u:r:kernel:s0 tcontext=u:r:kernel:s0 tclass=capability permissive=0
12-10 06:31:08.155 0 0 I auditd : type=1400 audit(0.0:18960): avc: denied { kill } for comm="swapper/2" capability=5 scontext=u:r:kernel:s0 tcontext=u:r:kernel:s0 tclass=capability permissive=0
12-10 06:31:09.155 0 0 I auditd : type=1400 audit(0.0:18961): avc: denied { kill } for comm="swapper/2" capability=5 scontext=u:r:kernel:s0 tcontext=u:r:kernel:s0 tclass=capability permissive=0
12-10 06:31:09.612 1507 1819 I netstats_mobile_sample: [0,0,0,0,0,0,0,0,0,0,0,0,1670625069612]
12-10 06:31:09.613 1507 1819 I netstats_wifi_sample: [8158555,18764,16427949,39527,8158555,18764,16427949,39527,10583595,35315,8271145,20668,1670625069612]
12-10 06:31:10.155 0 0 I auditd : type=1400 audit(0.0:18962): avc: denied { kill } for comm="swapper/2" capability=5 scontext=u:r:kernel:s0 tcontext=u:r:kernel:s0 tclass=capability permissive=0
12-10 06:31:11.155 0 0 I auditd : type=1400 audit(0.0:18963): avc: denied { kill } for comm="swapper/2" capability=5 scontext=u:r:kernel:s0 tcontext=u:r:kernel:s0 tclass=capability permissive=0
12-10 06:31:12.155 0 0 I auditd : type=1400 audit(0.0:18964): avc: denied { kill } for comm="swapper/2" capability=5 scontext=u:r:kernel:s0 tcontext=u:r:kernel:s0 tclass=capability permissive=0
12-10 06:31:13.155 0 0 I auditd : type=1400 audit(0.0:18965): avc: denied { kill } for comm="swapper/2" capability=5 scontext=u:r:kernel:s0 tcontext=u:r:kernel:s0 tclass=capability permissive=0
12-10 06:31:14.155 0 0 I auditd : type=1400 audit(0.0:18966): avc: denied { kill } for comm="swapper/2" capability=5 scontext=u:r:kernel:s0 tcontext=u:r:kernel:s0 tclass=capability permissive=0
12-10 06:31:15.155 0 0 I auditd : type=1400 audit(0.0:18967): avc: denied { kill } for comm="swapper/2" capability=5 scontext=u:r:kernel:s0 tcontext=u:r:kernel:s0 tclass=capability permissive=0
12-10 06:31:16.155 0 0 I auditd : type=1400 audit(0.0:18968): avc: denied { kill } for comm="swapper/2" capability=5 scontext=u:r:kernel:s0 tcontext=u:r:kernel:s0 tclass=capability permissive=0
12-10 06:31:17.155 0 0 I auditd : type=1400 audit(0.0:18969): avc: denied { kill } for comm="swapper/2" capability=5 scontext=u:r:kernel:s0 tcontext=u:r:kernel:s0 tclass=capability permissive=0
12-10 06:31:18.155 0 0 I auditd : type=1400 audit(0.0:18970): avc: denied { kill } for comm="swapper/2" capability=5 scontext=u:r:kernel:s0 tcontext=u:r:kernel:s0 tclass=capability permissive=0
12-10 06:31:19.155 0 0 I auditd : type=1400 audit(0.0:18971): avc: denied { kill } for comm="swapper/2" capability=5 scontext=u:r:kernel:s0 tcontext=u:r:kernel:s0 tclass=capability permissive=0
12-10 06:31:20.155 0 0 I auditd : type=1400 audit(0.0:18972): avc: denied { kill } for comm="swapper/2" capability=5 scontext=u:r:kernel:s0 tcontext=u:r:kernel:s0 tclass=capability permissive=0
12-10 06:31:21.155 0 0 I auditd : type=1400 audit(0.0:18973): avc: denied { kill } for comm="swapper/2" capability=5 scontext=u:r:kernel:s0 tcontext=u:r:kernel:s0 tclass=capability permissive=0
12-10 06:31:22.155 0 0 I auditd : type=1400 audit(0.0:18974): avc: denied { kill } for comm="swapper/2" capability=5 scontext=u:r:kernel:s0 tcontext=u:r:kernel:s0 tclass=capability permissive=0
12-10 06:31:23.155 0 0 I auditd : type=1400 audit(0.0:18975): avc: denied { kill } for comm="swapper/2" capability=5 scontext=u:r:kernel:s0 tcontext=u:r:kernel:s0 tclass=capability permissive=0
12-10 06:31:24.155 0 0 I auditd : type=1400 audit(0.0:18976): avc: denied { kill } for comm="swapper/2" capability=5 scontext=u:r:kernel:s0 tcontext=u:r:kernel:s0 tclass=capability permissive=0
12-10 06:31:25.155 0 0 I auditd : type=1400 audit(0.0:18977): avc: denied { kill } for comm="swapper/2" capability=5 scontext=u:r:kernel:s0 tcontext=u:r:kernel:s0 tclass=capability permissive=0
12-10 06:31:26.155 0 0 I auditd : type=1400 audit(0.0:18978): avc: denied { kill } for comm="swapper/2" capability=5 scontext=u:r:kernel:s0 tcontext=u:r:kernel:s0 tclass=capability permissive=0
12-10 06:31:27.155 0 0 I auditd : type=1400 audit(0.0:18979): avc: denied { kill } for comm="swapper/2" capability=5 scontext=u:r:kernel:s0 tcontext=u:r:kernel:s0 tclass=capability permissive=0
12-10 06:31:28.155 0 0 I auditd : type=1400 audit(0.0:18980): avc: denied { kill } for comm="swapper/2" capability=5 scontext=u:r:kernel:s0 tcontext=u:r:kernel:s0 tclass=capability permissive=0
12-10 06:31:29.155 0 0 I auditd : type=1400 audit(0.0:18981): avc: denied { kill } for comm="swapper/2" capability=5 scontext=u:r:kernel:s0 tcontext=u:r:kernel:s0 tclass=capability permissive=0
12-10 06:31:30.155 0 0 I auditd : type=1400 audit(0.0:18982): avc: denied { kill } for comm="swapper/2" capability=5 scontext=u:r:kernel:s0 tcontext=u:r:kernel:s0 tclass=capability permissive=0
12-10 06:31:31.155 0 0 I auditd : type=1400 audit(0.0:18983): avc: denied { kill } for comm="swapper/2" capability=5 scontext=u:r:kernel:s0 tcontext=u:r:kernel:s0 tclass=capability permissive=0
12-10 06:31:32.155 0 0 I auditd : type=1400 audit(0.0:18984): avc: denied { kill } for comm="swapper/2" capability=5 scontext=u:r:kernel:s0 tcontext=u:r:kernel:s0 tclass=capability permissive=0
12-10 06:31:33.155 0 0 I auditd : type=1400 audit(0.0:18985): avc: denied { kill } for comm="swapper/2" capability=5 scontext=u:r:kernel:s0 tcontext=u:r:kernel:s0 tclass=capability permissive=0
12-10 06:31:34.155 0 0 I auditd : type=1400 audit(0.0:18986): avc: denied { kill } for comm="swapper/2" capability=5 scontext=u:r:kernel:s0 tcontext=u:r:kernel:s0 tclass=capability permissive=0
12-10 06:31:34.893 1507 1710 I commit_sys_config_file: [settings-1-0,9]
12-10 06:31:35.155 0 0 I auditd : type=1400 audit(0.0:18987): avc: denied { kill } for comm="swapper/2" capability=5 scontext=u:r:kernel:s0 tcontext=u:r:kernel:s0 tclass=capability permissive=0
12-10 06:31:37.155 0 0 I auditd : type=1400 audit(0.0:18988): avc: denied { kill } for comm="swapper/2" capability=5 scontext=u:r:kernel:s0 tcontext=u:r:kernel:s0 tclass=capability permissive=0
12-10 06:31:38.155 0 0 I auditd : type=1400 audit(0.0:18989): avc: denied { kill } for comm="swapper/2" capability=5 scontext=u:r:kernel:s0 tcontext=u:r:kernel:s0 tclass=capability permissive=0
12-10 06:31:39.155 0 0 I auditd : type=1400 audit(0.0:18990): avc: denied { kill } for comm="swapper/2" capability=5 scontext=u:r:kernel:s0 tcontext=u:r:kernel:s0 tclass=capability permissive=0
12-10 06:31:40.155 0 0 I auditd : type=1400 audit(0.0:18991): avc: denied { kill } for comm="swapper/2" capability=5 scontext=u:r:kernel:s0 tcontext=u:r:kernel:s0 tclass=capability permissive=0
12-10 06:31:41.155 0 0 I auditd : type=1400 audit(0.0:18992): avc: denied { kill } for comm="swapper/2" capability=5 scontext=u:r:kernel:s0 tcontext=u:r:kernel:s0 tclass=capability permissive=0
12-10 06:31:42.155 0 0 I auditd : type=1400 audit(0.0:18993): avc: denied { kill } for comm="swapper/2" capability=5 scontext=u:r:kernel:s0 tcontext=u:r:kernel:s0 tclass=capability permissive=0
12-10 06:31:43.155 0 0 I auditd : type=1400 audit(0.0:18994): avc: denied { kill } for comm="swapper/2" capability=5 scontext=u:r:kernel:s0 tcontext=u:r:kernel:s0 tclass=capability permissive=0
12-10 06:31:44.155 0 0 I auditd : type=1400 audit(0.0:18995): avc: denied { kill } for comm="swapper/2" capability=5 scontext=u:r:kernel:s0 tcontext=u:r:kernel:s0 tclass=capability permissive=0
12-10 06:31:44.449 1507 1583 I am_uid_idle: 10052
12-10 06:31:46.155 0 0 I auditd : type=1400 audit(0.0:18996): avc: denied { kill } for comm="swapper/2" capability=5 scontext=u:r:kernel:s0 tcontext=u:r:kernel:s0 tclass=capability permissive=0
12-10 06:31:47.155 0 0 I auditd : type=1400 audit(0.0:18997): avc: denied { kill } for comm="swapper/2" capability=5 scontext=u:r:kernel:s0 tcontext=u:r:kernel:s0 tclass=capability permissive=0
12-10 06:31:48.155 0 0 I auditd : type=1400 audit(0.0:18998): avc: denied { kill } for comm="swapper/2" capability=5 scontext=u:r:kernel:s0 tcontext=u:r:kernel:s0 tclass=capability permissive=0
12-10 06:31:49.155 0 0 I auditd : type=1400 audit(0.0:18999): avc: denied { kill } for comm="swapper/2" capability=5 scontext=u:r:kernel:s0 tcontext=u:r:kernel:s0 tclass=capability permissive=0
12-10 06:31:50.155 0 0 I auditd : type=1400 audit(0.0:19000): avc: denied { kill } for comm="swapper/2" capability=5 scontext=u:r:kernel:s0 tcontext=u:r:kernel:s0 tclass=capability permissive=0
12-10 06:31:51.155 0 0 I auditd : type=1400 audit(0.0:19001): avc: denied { kill } for comm="swapper/2" capability=5 scontext=u:r:kernel:s0 tcontext=u:r:kernel:s0 tclass=capability permissive=0
12-10 06:31:52.065 1507 1583 I am_uid_idle: 10068
12-10 06:31:52.155 0 0 I auditd : type=1400 audit(0.0:19002): avc: denied { kill } for comm="swapper/2" capability=5 scontext=u:r:kernel:s0 tcontext=u:r:kernel:s0 tclass=capability permissive=0
12-10 06:31:53.155 0 0 I auditd : type=1400 audit(0.0:19003): avc: denied { kill } for comm="swapper/2" capability=5 scontext=u:r:kernel:s0 tcontext=u:r:kernel:s0 tclass=capability permissive=0
12-10 06:31:54.155 0 0 I auditd : type=1400 audit(0.0:19004): avc: denied { kill } for comm="swapper/2" capability=5 scontext=u:r:kernel:s0 tcontext=u:r:kernel:s0 tclass=capability permissive=0
12-10 06:31:55.155 0 0 I auditd : type=1400 audit(0.0:19005): avc: denied { kill } for comm="swapper/2" capability=5 scontext=u:r:kernel:s0 tcontext=u:r:kernel:s0 tclass=capability permissive=0
12-10 06:31:56.155 0 0 I auditd : type=1400 audit(0.0:19006): avc: denied { kill } for comm="swapper/2" capability=5 scontext=u:r:kernel:s0 tcontext=u:r:kernel:s0 tclass=capability permissive=0
12-10 06:31:57.155 0 0 I auditd : type=1400 audit(0.0:19007): avc: denied { kill } for comm="swapper/2" capability=5 scontext=u:r:kernel:s0 tcontext=u:r:kernel:s0 tclass=capability permissive=0
12-10 06:31:58.155 0 0 I auditd : type=1400 audit(0.0:19008): avc: denied { kill } for comm="swapper/2" capability=5 scontext=u:r:kernel:s0 tcontext=u:r:kernel:s0 tclass=capability permissive=0
12-10 06:31:59.155 0 0 I auditd : type=1400 audit(0.0:19009): avc: denied { kill } for comm="swapper/2" capability=5 scontext=u:r:kernel:s0 tcontext=u:r:kernel:s0 tclass=capability permissive=0
12-10 06:32:00.155 0 0 I auditd : type=1400 audit(0.0:19010): avc: denied { kill } for comm="swapper/2" capability=5 scontext=u:r:kernel:s0 tcontext=u:r:kernel:s0 tclass=capability permissive=0
12-10 06:32:01.155 0 0 I auditd : type=1400 audit(0.0:19011): avc: denied { kill } for comm="swapper/2" capability=5 scontext=u:r:kernel:s0 tcontext=u:r:kernel:s0 tclass=capability permissive=0
12-10 06:32:02.155 0 0 I auditd : type=1400 audit(0.0:19012): avc: denied { kill } for comm="swapper/2" capability=5 scontext=u:r:kernel:s0 tcontext=u:r:kernel:s0 tclass=capability permissive=0
12-10 06:32:03.155 0 0 I auditd : type=1400 audit(0.0:19013): avc: denied { kill } for comm="swapper/2" capability=5 scontext=u:r:kernel:s0 tcontext=u:r:kernel:s0 tclass=capability permissive=0
12-10 06:32:04.155 0 0 I auditd : type=1400 audit(0.0:19014): avc: denied { kill } for comm="swapper/2" capability=5 scontext=u:r:kernel:s0 tcontext=u:r:kernel:s0 tclass=capability permissive=0
12-10 06:32:05.155 0 0 I auditd : type=1400 audit(0.0:19015): avc: denied { kill } for comm="swapper/2" capability=5 scontext=u:r:kernel:s0 tcontext=u:r:kernel:s0 tclass=capability permissive=0
12-10 06:32:06.155 0 0 I auditd : type=1400 audit(0.0:19016): avc: denied { kill } for comm="swapper/2" capability=5 scontext=u:r:kernel:s0 tcontext=u:r:kernel:s0 tclass=capability permissive=0
12-10 06:32:07.155 0 0 I auditd : type=1400 audit(0.0:19017): avc: denied { kill } for comm="swapper/2" capability=5 scontext=u:r:kernel:s0 tcontext=u:r:kernel:s0 tclass=capability permissive=0
12-10 06:32:08.155 0 0 I auditd : type=1400 audit(0.0:19018): avc: denied { kill } for comm="swapper/2" capability=5 scontext=u:r:kernel:s0 tcontext=u:r:kernel:s0 tclass=capability permissive=0
12-10 06:32:09.155 0 0 I auditd : type=1400 audit(0.0:19019): avc: denied { kill } for comm="swapper/2" capability=5 scontext=u:r:kernel:s0 tcontext=u:r:kernel:s0 tclass=capability permissive=0
12-10 06:32:10.155 0 0 I auditd : type=1400 audit(0.0:19020): avc: denied { kill } for comm="swapper/2" capability=5 scontext=u:r:kernel:s0 tcontext=u:r:kernel:s0 tclass=capability permissive=0
12-10 06:32:11.155 0 0 I auditd : type=1400 audit(0.0:19021): avc: denied { kill } for comm="swapper/2" capability=5 scontext=u:r:kernel:s0 tcontext=u:r:kernel:s0 tclass=capability permissive=0
12-10 06:32:12.155 0 0 I auditd : type=1400 audit(0.0:19022): avc: denied { kill } for comm="swapper/2" capability=5 scontext=u:r:kernel:s0 tcontext=u:r:kernel:s0 tclass=capability permissive=0
12-10 06:32:13.155 0 0 I auditd : type=1400 audit(0.0:19023): avc: denied { kill } for comm="swapper/2" capability=5 scontext=u:r:kernel:s0 tcontext=u:r:kernel:s0 tclass=capability permissive=0
12-10 06:32:14.155 0 0 I auditd : type=1400 audit(0.0:19024): avc: denied { kill } for comm="swapper/2" capability=5 scontext=u:r:kernel:s0 tcontext=u:r:kernel:s0 tclass=capability permissive=0
12-10 06:32:15.155 0 0 I auditd : type=1400 audit(0.0:19025): avc: denied { kill } for comm="swapper/2" capability=5 scontext=u:r:kernel:s0 tcontext=u:r:kernel:s0 tclass=capability permissive=0
12-10 06:32:16.155 0 0 I auditd : type=1400 audit(0.0:19026): avc: denied { kill } for comm="swapper/2" capability=5 scontext=u:r:kernel:s0 tcontext=u:r:kernel:s0 tclass=capability permissive=0
12-10 06:32:17.155 0 0 I auditd : type=1400 audit(0.0:19027): avc: denied { kill } for comm="swapper/2" capability=5 scontext=u:r:kernel:s0 tcontext=u:r:kernel:s0 tclass=capability permissive=0
12-10 06:32:18.155 0 0 I auditd : type=1400 audit(0.0:19028): avc: denied { kill } for comm="swapper/2" capability=5 scontext=u:r:kernel:s0 tcontext=u:r:kernel:s0 tclass=capability permissive=0
12-10 06:32:19.155 0 0 I auditd : type=1400 audit(0.0:19029): avc: denied { kill } for comm="swapper/2" capability=5 scontext=u:r:kernel:s0 tcontext=u:r:kernel:s0 tclass=capability permissive=0
12-10 06:32:20.155 0 0 I auditd : type=1400 audit(0.0:19030): avc: denied { kill } for comm="swapper/2" capability=5 scontext=u:r:kernel:s0 tcontext=u:r:kernel:s0 tclass=capability permissive=0
12-10 06:32:21.155 0 0 I auditd : type=1400 audit(0.0:19031): avc: denied { kill } for comm="swapper/2" capability=5 scontext=u:r:kernel:s0 tcontext=u:r:kernel:s0 tclass=capability permissive=0
12-10 06:32:22.155 0 0 I auditd : type=1400 audit(0.0:19032): avc: denied { kill } for comm="swapper/2" capability=5 scontext=u:r:kernel:s0 tcontext=u:r:kernel:s0 tclass=capability permissive=0
