12-10 07:09:24.702 1507 1507 I notification_enqueue: [10082,2004,com.android.systemui,2048,NULL,0,Notification(channel=updateNotification shortcut=null contentView=null vibrate=null sound=null defaults=0x0 flags=0x0 color=0x00000000 vis=PRIVATE),1]
12-10 07:09:24.704 2004 2004 I sysui_multi_action: [757,111,758,1]
12-10 07:09:24.704 2004 2004 I sysui_multi_action: [757,126,758,1,759,126,927,0,928,1,1593,1]
12-10 07:09:24.704 2004 2004 I sysui_multi_action: [757,113,758,1,759,113,927,1,928,1,1593,1]
12-10 07:09:24.704 2004 2004 I sysui_multi_action: [757,0,758,1,759,0,927,2,928,0,1593,1]
12-10 07:09:24.705 2004 2004 I sysui_multi_action: [757,0,758,1,759,0,927,3,928,0,1593,1]
12-10 07:09:24.705 2004 2004 I sysui_multi_action: [757,491,758,1,759,491,927,4,928,1,1311,1,1593,0]
12-10 07:09:24.705 2004 2004 I sysui_multi_action: [757,0,758,1,759,0,927,5,928,0,1593,0]
12-10 07:09:24.705 2004 2004 I sysui_multi_action: [757,111,758,1]
12-10 07:09:24.705 2004 2004 I sysui_multi_action: [757,126,758,1,759,126,927,0,928,1,1593,1]
12-10 07:09:24.705 2004 2004 I sysui_multi_action: [757,113,758,1,759,113,927,1,928,1,1593,1]
12-10 07:09:24.705 2004 2004 I sysui_multi_action: [757,0,758,1,759,0,927,2,928,0,1593,1]
12-10 07:09:24.705 2004 2004 I sysui_multi_action: [757,0,758,1,759,0,927,3,928,0,1593,1]
12-10 07:09:24.716 1507 1909 I GameModeConfig: isGameModeOn = true
12-10 07:09:24.716 1507 1909 I GameModeConfig: isGaming = false
12-10 07:09:24.716 1507 1909 I GameModeConfig: isGameModeOn = true
12-10 07:09:24.716 1507 1909 I GameModeConfig: isGaming = false
12-10 07:09:24.716 1507 1909 I GameModeConfig: isGameModeOn = true
12-10 07:09:24.716 1507 1909 I GameModeConfig: isGaming = false
12-10 07:09:24.716 1507 1909 I GameModeConfig: isGameModeOn = true
12-10 07:09:24.716 1507 1909 I GameModeConfig: isGaming = false
12-10 07:09:24.717 1507 1909 I GameModeConfig: isGameModeOn = true
12-10 07:09:24.717 1507 1909 I GameModeConfig: isGaming = false
12-10 07:09:24.717 2004 2004 I sysui_multi_action: [757,111,758,2]
12-10 07:09:24.717 2004 2004 I sysui_multi_action: [757,111,758,2]
12-10 07:09:24.717 1507 1507 I notification_enqueue: [10082,2004,com.android.systemui,2048,NULL,0,Notification(channel=updateNotification shortcut=null contentView=null vibrate=null sound=null defaults=0x0 flags=0x0 color=0x00000000 vis=PRIVATE),1]
12-10 07:09:24.720 2004 2004 I sysui_multi_action: [757,111,758,1]
12-10 07:09:24.721 2004 2004 I sysui_multi_action: [757,126,758,1,759,126,927,0,928,1,1593,1]
12-10 07:09:24.721 2004 2004 I sysui_multi_action: [757,113,758,1,759,113,927,1,928,1,1593,1]
12-10 07:09:24.721 2004 2004 I sysui_multi_action: [757,0,758,1,759,0,927,2,928,0,1593,1]
12-10 07:09:24.721 2004 2004 I sysui_multi_action: [757,0,758,1,759,0,927,3,928,0,1593,1]
12-10 07:09:24.721 2004 2004 I sysui_multi_action: [757,491,758,1,759,491,927,4,928,1,1311,1,1593,0]
12-10 07:09:24.721 2004 2004 I sysui_multi_action: [757,0,758,1,759,0,927,5,928,0,1593,0]
12-10 07:09:24.721 2004 2004 I sysui_multi_action: [757,111,758,1]
12-10 07:09:24.721 2004 2004 I sysui_multi_action: [757,126,758,1,759,126,927,0,928,1,1593,1]
12-10 07:09:24.721 2004 2004 I sysui_multi_action: [757,113,758,1,759,113,927,1,928,1,1593,1]
12-10 07:09:24.721 2004 2004 I sysui_multi_action: [757,0,758,1,759,0,927,2,928,0,1593,1]
12-10 07:09:24.721 2004 2004 I sysui_multi_action: [757,0,758,1,759,0,927,3,928,0,1593,1]
12-10 07:09:24.733 1507 1909 I GameModeConfig: isGameModeOn = true
12-10 07:09:24.733 1507 1909 I GameModeConfig: isGaming = false
12-10 07:09:24.733 1507 1909 I GameModeConfig: isGameModeOn = true
12-10 07:09:24.733 1507 1909 I GameModeConfig: isGaming = false
12-10 07:09:24.733 1507 1909 I GameModeConfig: isGameModeOn = true
12-10 07:09:24.733 1507 1909 I GameModeConfig: isGaming = false
12-10 07:09:24.733 1507 1909 I GameModeConfig: isGameModeOn = true
12-10 07:09:24.733 1507 1909 I GameModeConfig: isGaming = false
12-10 07:09:24.733 1507 1909 I GameModeConfig: isGameModeOn = true
12-10 07:09:24.733 1507 1909 I GameModeConfig: isGaming = false
12-10 07:09:24.734 2004 2004 I sysui_multi_action: [757,111,758,2]
12-10 07:09:24.734 1507 1507 I notification_enqueue: [10082,2004,com.android.systemui,2048,NULL,0,Notification(channel=updateNotification shortcut=null contentView=null vibrate=null sound=null defaults=0x0 flags=0x0 color=0x00000000 vis=PRIVATE),1]
12-10 07:09:24.734 2004 2004 I sysui_multi_action: [757,111,758,2]
12-10 07:09:24.738 2004 2004 I sysui_multi_action: [757,111,758,1]
12-10 07:09:24.738 2004 2004 I sysui_multi_action: [757,126,758,1,759,126,927,0,928,1,1593,1]
12-10 07:09:24.738 2004 2004 I sysui_multi_action: [757,113,758,1,759,113,927,1,928,1,1593,1]
12-10 07:09:24.738 2004 2004 I sysui_multi_action: [757,0,758,1,759,0,927,2,928,0,1593,1]
12-10 07:09:24.738 2004 2004 I sysui_multi_action: [757,0,758,1,759,0,927,3,928,0,1593,1]
12-10 07:09:24.738 2004 2004 I sysui_multi_action: [757,491,758,1,759,491,927,4,928,1,1311,1,1593,0]
12-10 07:09:24.738 2004 2004 I sysui_multi_action: [757,0,758,1,759,0,927,5,928,0,1593,0]
12-10 07:09:24.738 2004 2004 I sysui_multi_action: [757,111,758,1]
12-10 07:09:24.738 2004 2004 I sysui_multi_action: [757,126,758,1,759,126,927,0,928,1,1593,1]
12-10 07:09:24.738 2004 2004 I sysui_multi_action: [757,113,758,1,759,113,927,1,928,1,1593,1]
12-10 07:09:24.738 2004 2004 I sysui_multi_action: [757,0,758,1,759,0,927,2,928,0,1593,1]
12-10 07:09:24.739 2004 2004 I sysui_multi_action: [757,0,758,1,759,0,927,3,928,0,1593,1]
12-10 07:09:24.749 1507 1909 I GameModeConfig: isGameModeOn = true
12-10 07:09:24.750 1507 1909 I GameModeConfig: isGaming = false
12-10 07:09:24.750 1507 1909 I GameModeConfig: isGameModeOn = true
12-10 07:09:24.750 1507 1909 I GameModeConfig: isGaming = false
12-10 07:09:24.750 1507 1909 I GameModeConfig: isGameModeOn = true
12-10 07:09:24.750 1507 1909 I GameModeConfig: isGaming = false
12-10 07:09:24.750 1507 1909 I GameModeConfig: isGameModeOn = true
12-10 07:09:24.750 1507 1909 I GameModeConfig: isGaming = false
12-10 07:09:24.750 1507 1909 I GameModeConfig: isGameModeOn = true
12-10 07:09:24.750 1507 1909 I GameModeConfig: isGaming = false
12-10 07:09:24.752 2004 2004 I sysui_multi_action: [757,111,758,2]
12-10 07:09:24.752 1507 1507 I notification_enqueue: [10082,2004,com.android.systemui,2048,NULL,0,Notification(channel=updateNotification shortcut=null contentView=null vibrate=null sound=null defaults=0x0 flags=0x0 color=0x00000000 vis=PRIVATE),1]
12-10 07:09:24.752 2004 2004 I sysui_multi_action: [757,111,758,2]
12-10 07:09:24.754 2004 2004 I sysui_multi_action: [757,111,758,1]
12-10 07:09:24.755 2004 2004 I sysui_multi_action: [757,126,758,1,759,126,927,0,928,1,1593,1]
12-10 07:09:24.755 2004 2004 I sysui_multi_action: [757,113,758,1,759,113,927,1,928,1,1593,1]
12-10 07:09:24.755 2004 2004 I sysui_multi_action: [757,0,758,1,759,0,927,2,928,0,1593,1]
12-10 07:09:24.755 2004 2004 I sysui_multi_action: [757,0,758,1,759,0,927,3,928,0,1593,1]
12-10 07:09:24.755 2004 2004 I sysui_multi_action: [757,491,758,1,759,491,927,4,928,1,1311,1,1593,0]
12-10 07:09:24.755 2004 2004 I sysui_multi_action: [757,0,758,1,759,0,927,5,928,0,1593,0]
12-10 07:09:24.755 2004 2004 I sysui_multi_action: [757,111,758,1]
12-10 07:09:24.755 2004 2004 I sysui_multi_action: [757,126,758,1,759,126,927,0,928,1,1593,1]
12-10 07:09:24.755 2004 2004 I sysui_multi_action: [757,113,758,1,759,113,927,1,928,1,1593,1]
12-10 07:09:24.755 2004 2004 I sysui_multi_action: [757,0,758,1,759,0,927,2,928,0,1593,1]
12-10 07:09:24.755 2004 2004 I sysui_multi_action: [757,0,758,1,759,0,927,3,928,0,1593,1]
12-10 07:09:24.766 1507 1909 I GameModeConfig: isGameModeOn = true
12-10 07:09:24.766 1507 1909 I GameModeConfig: isGaming = false
12-10 07:09:24.766 1507 1909 I GameModeConfig: isGameModeOn = true
12-10 07:09:24.766 1507 1909 I GameModeConfig: isGaming = false
12-10 07:09:24.767 1507 1909 I GameModeConfig: isGameModeOn = true
12-10 07:09:24.767 1507 1909 I GameModeConfig: isGaming = false
12-10 07:09:24.767 1507 1909 I GameModeConfig: isGameModeOn = true
12-10 07:09:24.767 1507 1909 I GameModeConfig: isGaming = false
12-10 07:09:24.767 1507 1909 I GameModeConfig: isGameModeOn = true
12-10 07:09:24.767 1507 1909 I GameModeConfig: isGaming = false
12-10 07:09:24.767 2004 2004 I sysui_multi_action: [757,111,758,2]
12-10 07:09:24.768 2004 2004 I sysui_multi_action: [757,111,758,2]
12-10 07:09:24.768 1507 1507 I notification_enqueue: [10082,2004,com.android.systemui,2048,NULL,0,Notification(channel=updateNotification shortcut=null contentView=null vibrate=null sound=null defaults=0x0 flags=0x0 color=0x00000000 vis=PRIVATE),1]
12-10 07:09:24.770 2004 2004 I sysui_multi_action: [757,111,758,1]
12-10 07:09:24.770 2004 2004 I sysui_multi_action: [757,126,758,1,759,126,927,0,928,1,1593,1]
12-10 07:09:24.770 2004 2004 I sysui_multi_action: [757,113,758,1,759,113,927,1,928,1,1593,1]
12-10 07:09:24.770 2004 2004 I sysui_multi_action: [757,0,758,1,759,0,927,2,928,0,1593,1]
12-10 07:09:24.770 2004 2004 I sysui_multi_action: [757,0,758,1,759,0,927,3,928,0,1593,1]
12-10 07:09:24.770 2004 2004 I sysui_multi_action: [757,491,758,1,759,491,927,4,928,1,1311,1,1593,0]
12-10 07:09:24.770 2004 2004 I sysui_multi_action: [757,0,758,1,759,0,927,5,928,0,1593,0]
12-10 07:09:24.770 2004 2004 I sysui_multi_action: [757,111,758,1]
12-10 07:09:24.770 2004 2004 I sysui_multi_action: [757,126,758,1,759,126,927,0,928,1,1593,1]
12-10 07:09:24.771 2004 2004 I sysui_multi_action: [757,113,758,1,759,113,927,1,928,1,1593,1]
12-10 07:09:24.771 2004 2004 I sysui_multi_action: [757,0,758,1,759,0,927,2,928,0,1593,1]
12-10 07:09:24.771 2004 2004 I sysui_multi_action: [757,0,758,1,759,0,927,3,928,0,1593,1]
12-10 07:09:24.783 1507 1909 I GameModeConfig: isGameModeOn = true
12-10 07:09:24.783 1507 1909 I GameModeConfig: isGaming = false
12-10 07:09:24.783 1507 1909 I GameModeConfig: isGameModeOn = true
12-10 07:09:24.783 1507 1909 I GameModeConfig: isGaming = false
12-10 07:09:24.783 1507 1909 I GameModeConfig: isGameModeOn = true
12-10 07:09:24.783 1507 1909 I GameModeConfig: isGaming = false
12-10 07:09:24.783 1507 1909 I GameModeConfig: isGameModeOn = true
12-10 07:09:24.783 1507 1909 I GameModeConfig: isGaming = false
12-10 07:09:24.784 1507 1909 I GameModeConfig: isGameModeOn = true
12-10 07:09:24.784 1507 1909 I GameModeConfig: isGaming = false
12-10 07:09:24.785 2004 2004 I sysui_multi_action: [757,111,758,2]
12-10 07:09:24.785 2004 2004 I sysui_multi_action: [757,111,758,2]
12-10 07:09:24.785 1507 1507 I notification_enqueue: [10082,2004,com.android.systemui,2048,NULL,0,Notification(channel=updateNotification shortcut=null contentView=null vibrate=null sound=null defaults=0x0 flags=0x0 color=0x00000000 vis=PRIVATE),1]
12-10 07:09:24.788 2004 2004 I sysui_multi_action: [757,111,758,1]
12-10 07:09:24.788 2004 2004 I sysui_multi_action: [757,126,758,1,759,126,927,0,928,1,1593,1]
12-10 07:09:24.788 2004 2004 I sysui_multi_action: [757,113,758,1,759,113,927,1,928,1,1593,1]
12-10 07:09:24.788 2004 2004 I sysui_multi_action: [757,0,758,1,759,0,927,2,928,0,1593,1]
12-10 07:09:24.788 2004 2004 I sysui_multi_action: [757,0,758,1,759,0,927,3,928,0,1593,1]
12-10 07:09:24.788 2004 2004 I sysui_multi_action: [757,491,758,1,759,491,927,4,928,1,1311,1,1593,0]
12-10 07:09:24.788 2004 2004 I sysui_multi_action: [757,0,758,1,759,0,927,5,928,0,1593,0]
12-10 07:09:24.788 2004 2004 I sysui_multi_action: [757,111,758,1]
12-10 07:09:24.788 2004 2004 I sysui_multi_action: [757,126,758,1,759,126,927,0,928,1,1593,1]
12-10 07:09:24.788 2004 2004 I sysui_multi_action: [757,113,758,1,759,113,927,1,928,1,1593,1]
12-10 07:09:24.788 2004 2004 I sysui_multi_action: [757,0,758,1,759,0,927,2,928,0,1593,1]
12-10 07:09:24.788 2004 2004 I sysui_multi_action: [757,0,758,1,759,0,927,3,928,0,1593,1]
12-10 07:09:24.799 1507 1909 I GameModeConfig: isGameModeOn = true
12-10 07:09:24.799 1507 1909 I GameModeConfig: isGaming = false
12-10 07:09:24.800 1507 1909 I GameModeConfig: isGameModeOn = true
12-10 07:09:24.800 1507 1909 I GameModeConfig: isGaming = false
12-10 07:09:24.800 1507 1909 I GameModeConfig: isGameModeOn = true
12-10 07:09:24.800 1507 1909 I GameModeConfig: isGaming = false
12-10 07:09:24.800 1507 1909 I GameModeConfig: isGameModeOn = true
12-10 07:09:24.800 1507 1909 I GameModeConfig: isGaming = false
12-10 07:09:24.800 1507 1909 I GameModeConfig: isGameModeOn = true
12-10 07:09:24.800 1507 1909 I GameModeConfig: isGaming = false
12-10 07:09:24.801 2004 2004 I sysui_multi_action: [757,111,758,2]
12-10 07:09:24.801 1507 1507 I notification_enqueue: [10082,2004,com.android.systemui,2048,NULL,0,Notification(channel=updateNotification shortcut=null contentView=null vibrate=null sound=null defaults=0x0 flags=0x0 color=0x00000000 vis=PRIVATE),1]
12-10 07:09:24.801 2004 2004 I sysui_multi_action: [757,111,758,2]
12-10 07:09:24.804 2004 2004 I sysui_multi_action: [757,111,758,1]
12-10 07:09:24.804 2004 2004 I sysui_multi_action: [757,126,758,1,759,126,927,0,928,1,1593,1]
12-10 07:09:24.804 2004 2004 I sysui_multi_action: [757,113,758,1,759,113,927,1,928,1,1593,1]
12-10 07:09:24.804 2004 2004 I sysui_multi_action: [757,0,758,1,759,0,927,2,928,0,1593,1]
12-10 07:09:24.804 2004 2004 I sysui_multi_action: [757,0,758,1,759,0,927,3,928,0,1593,1]
12-10 07:09:24.805 2004 2004 I sysui_multi_action: [757,491,758,1,759,491,927,4,928,1,1311,1,1593,0]
12-10 07:09:24.805 2004 2004 I sysui_multi_action: [757,0,758,1,759,0,927,5,928,0,1593,0]
12-10 07:09:24.805 2004 2004 I sysui_multi_action: [757,111,758,1]
12-10 07:09:24.805 2004 2004 I sysui_multi_action: [757,126,758,1,759,126,927,0,928,1,1593,1]
12-10 07:09:24.805 2004 2004 I sysui_multi_action: [757,113,758,1,759,113,927,1,928,1,1593,1]
12-10 07:09:24.805 2004 2004 I sysui_multi_action: [757,0,758,1,759,0,927,2,928,0,1593,1]
12-10 07:09:24.805 2004 2004 I sysui_multi_action: [757,0,758,1,759,0,927,3,928,0,1593,1]
12-10 07:09:24.809 1507 1507 I GameModeConfig: isGameModeOn = true
12-10 07:09:24.810 1507 1507 I GameModeConfig: isGaming = false
12-10 07:09:24.811 1507 1527 I sysui_multi_action: [757,128,758,2,793,19801279,794,1542,795,19801279,796,26,798,0,806,android,857,DEVELOPER_IMPORTANT,858,4,947,0,1395,3,1500,19800813,1688,1]
12-10 07:09:24.811 1507 1527 I notification_visibility: [-1|android|26|null|1000,0,19801279,19801279,0,0]
12-10 07:09:24.811 1507 1527 I sysui_multi_action: [757,128,758,2,793,2129894,794,1541,795,2129894,796,2147483646,798,1,806,com.android.deskclock,857,StopwatchNotification,858,3,946,3,947,0,1395,3,1500,2129689,1688,1,1745,-868672399]
12-10 07:09:24.811 1507 1527 I notification_visibility: [0|com.android.deskclock|2147483646|null|10069,0,2129894,2129894,0,1]
12-10 07:09:24.811 1507 1527 I sysui_multi_action: [757,128,758,2,793,19802178,794,1539,795,19802178,796,32,798,2,806,android,857,USB,858,1,947,0,1395,3,1500,19801831,1688,1]
12-10 07:09:24.812 1507 1527 I notification_visibility: [-1|android|32|null|1000,0,19802178,19802178,0,2]
12-10 07:09:24.816 1507 1909 I GameModeConfig: isGameModeOn = true
12-10 07:09:24.816 1507 1909 I GameModeConfig: isGaming = false
12-10 07:09:24.817 1507 1909 I GameModeConfig: isGameModeOn = true
12-10 07:09:24.817 1507 1909 I GameModeConfig: isGaming = false
12-10 07:09:24.817 1507 1909 I GameModeConfig: isGameModeOn = true
12-10 07:09:24.817 1507 1909 I GameModeConfig: isGaming = false
12-10 07:09:24.817 1507 1909 I GameModeConfig: isGameModeOn = true
12-10 07:09:24.817 1507 1909 I GameModeConfig: isGaming = false
12-10 07:09:24.817 1507 1909 I GameModeConfig: isGameModeOn = true
12-10 07:09:24.817 1507 1909 I GameModeConfig: isGaming = false
12-10 07:09:24.818 2004 2004 I sysui_multi_action: [757,111,758,2]
12-10 07:09:24.818 2004 2004 I sysui_multi_action: [757,111,758,2]
12-10 07:09:24.819 1507 1507 I notification_enqueue: [10082,2004,com.android.systemui,2048,NULL,0,Notification(channel=updateNotification shortcut=null contentView=null vibrate=null sound=null defaults=0x0 flags=0x0 color=0x00000000 vis=PRIVATE),1]
12-10 07:09:24.821 2004 2004 I sysui_multi_action: [757,111,758,1]
12-10 07:09:24.822 2004 2004 I sysui_multi_action: [757,126,758,1,759,126,927,0,928,1,1593,1]
12-10 07:09:24.822 2004 2004 I sysui_multi_action: [757,113,758,1,759,113,927,1,928,1,1593,1]
12-10 07:09:24.822 2004 2004 I sysui_multi_action: [757,0,758,1,759,0,927,2,928,0,1593,1]
12-10 07:09:24.822 2004 2004 I sysui_multi_action: [757,0,758,1,759,0,927,3,928,0,1593,1]
12-10 07:09:24.822 2004 2004 I sysui_multi_action: [757,491,758,1,759,491,927,4,928,1,1311,1,1593,0]
12-10 07:09:24.822 2004 2004 I sysui_multi_action: [757,0,758,1,759,0,927,5,928,0,1593,0]
12-10 07:09:24.822 2004 2004 I sysui_multi_action: [757,111,758,1]
12-10 07:09:24.822 2004 2004 I sysui_multi_action: [757,126,758,1,759,126,927,0,928,1,1593,1]
12-10 07:09:24.822 2004 2004 I sysui_multi_action: [757,113,758,1,759,113,927,1,928,1,1593,1]
12-10 07:09:24.823 2004 2004 I sysui_multi_action: [757,0,758,1,759,0,927,2,928,0,1593,1]
12-10 07:09:24.823 2004 2004 I sysui_multi_action: [757,0,758,1,759,0,927,3,928,0,1593,1]
12-10 07:09:24.829 1507 1507 I GameModeConfig: isGameModeOn = true
12-10 07:09:24.829 1507 1507 I GameModeConfig: isGaming = false
12-10 07:09:24.829 1507 1507 E NotificationService: Muting recently noisy 0|com.android.systemui|2048|null|10082
12-10 07:09:24.833 1507 1909 I GameModeConfig: isGameModeOn = true
12-10 07:09:24.833 1507 1909 I GameModeConfig: isGaming = false
12-10 07:09:24.833 1507 1909 I GameModeConfig: isGameModeOn = true
12-10 07:09:24.833 1507 1909 I GameModeConfig: isGaming = false
12-10 07:09:24.833 1507 1909 I GameModeConfig: isGameModeOn = true
12-10 07:09:24.833 1507 1909 I GameModeConfig: isGaming = false
12-10 07:09:24.834 1507 1909 I GameModeConfig: isGameModeOn = true
12-10 07:09:24.834 1507 1909 I GameModeConfig: isGaming = false
12-10 07:09:24.834 1507 1909 I GameModeConfig: isGameModeOn = true
12-10 07:09:24.834 1507 1909 I GameModeConfig: isGaming = false
12-10 07:09:24.835 2004 2004 I sysui_multi_action: [757,111,758,2]
12-10 07:09:24.835 1507 1507 I notification_enqueue: [10082,2004,com.android.systemui,2048,NULL,0,Notification(channel=updateNotification shortcut=null contentView=null vibrate=null sound=null defaults=0x0 flags=0x0 color=0x00000000 vis=PRIVATE),1]
12-10 07:09:24.835 2004 2004 I sysui_multi_action: [757,111,758,2]
12-10 07:09:24.838 2004 2004 I sysui_multi_action: [757,111,758,1]
12-10 07:09:24.838 2004 2004 I sysui_multi_action: [757,126,758,1,759,126,927,0,928,1,1593,1]
12-10 07:09:24.838 2004 2004 I sysui_multi_action: [757,113,758,1,759,113,927,1,928,1,1593,1]
12-10 07:09:24.838 2004 2004 I sysui_multi_action: [757,0,758,1,759,0,927,2,928,0,1593,1]
12-10 07:09:24.838 2004 2004 I sysui_multi_action: [757,0,758,1,759,0,927,3,928,0,1593,1]
12-10 07:09:24.838 2004 2004 I sysui_multi_action: [757,491,758,1,759,491,927,4,928,1,1311,1,1593,0]
12-10 07:09:24.838 2004 2004 I sysui_multi_action: [757,0,758,1,759,0,927,5,928,0,1593,0]
12-10 07:09:24.838 2004 2004 I sysui_multi_action: [757,111,758,1]
12-10 07:09:24.838 2004 2004 I sysui_multi_action: [757,126,758,1,759,126,927,0,928,1,1593,1]
12-10 07:09:24.838 2004 2004 I sysui_multi_action: [757,113,758,1,759,113,927,1,928,1,1593,1]
12-10 07:09:24.838 2004 2004 I sysui_multi_action: [757,0,758,1,759,0,927,2,928,0,1593,1]
12-10 07:09:24.838 2004 2004 I sysui_multi_action: [757,0,758,1,759,0,927,3,928,0,1593,1]
12-10 07:09:24.845 1507 1507 I GameModeConfig: isGameModeOn = true
12-10 07:09:24.845 1507 1507 I GameModeConfig: isGaming = false
12-10 07:09:24.845 1507 1507 E NotificationService: Muting recently noisy 0|com.android.systemui|2048|null|10082
12-10 07:09:24.849 1507 1909 I GameModeConfig: isGameModeOn = true
12-10 07:09:24.849 1507 1909 I GameModeConfig: isGaming = false
12-10 07:09:24.850 1507 1909 I GameModeConfig: isGameModeOn = true
12-10 07:09:24.850 1507 1909 I GameModeConfig: isGaming = false
12-10 07:09:24.850 1507 1909 I GameModeConfig: isGameModeOn = true
12-10 07:09:24.850 1507 1909 I GameModeConfig: isGaming = false
12-10 07:09:24.850 1507 1909 I GameModeConfig: isGameModeOn = true
12-10 07:09:24.850 1507 1909 I GameModeConfig: isGaming = false
12-10 07:09:24.850 1507 1909 I GameModeConfig: isGameModeOn = true
12-10 07:09:24.850 1507 1909 I GameModeConfig: isGaming = false
12-10 07:09:24.851 2004 2004 I sysui_multi_action: [757,111,758,2]
12-10 07:09:24.851 2004 2004 I sysui_multi_action: [757,111,758,2]
12-10 07:09:24.851 1507 1507 I notification_enqueue: [10082,2004,com.android.systemui,2048,NULL,0,Notification(channel=updateNotification shortcut=null contentView=null vibrate=null sound=null defaults=0x0 flags=0x0 color=0x00000000 vis=PRIVATE),1]
12-10 07:09:24.859 1507 1507 I GameModeConfig: isGameModeOn = true
12-10 07:09:24.859 1507 1507 I GameModeConfig: isGaming = false
12-10 07:09:24.860 1507 1507 E NotificationService: Muting recently noisy 0|com.android.systemui|2048|null|10082
12-10 07:09:24.860 1507 1569 I input_focus: [Focus request 55c044c com.android.settings/com.android.settings.homepage.SettingsHomepageActivity,reason=UpdateInputWindows]
12-10 07:09:24.861 2004 2004 I sysui_multi_action: [757,111,758,1]
12-10 07:09:24.861 2004 2004 I sysui_multi_action: [757,126,758,1,759,126,927,0,928,1,1593,1]
12-10 07:09:24.861 2004 2004 I sysui_multi_action: [757,113,758,1,759,113,927,1,928,1,1593,1]
12-10 07:09:24.861 2004 2004 I sysui_multi_action: [757,0,758,1,759,0,927,2,928,0,1593,1]
12-10 07:09:24.861 2004 2004 I sysui_multi_action: [757,0,758,1,759,0,927,3,928,0,1593,1]
12-10 07:09:24.861 2004 2004 I sysui_multi_action: [757,491,758,1,759,491,927,4,928,1,1311,1,1593,0]
12-10 07:09:24.861 2004 2004 I sysui_multi_action: [757,0,758,1,759,0,927,5,928,0,1593,0]
12-10 07:09:24.861 2004 2004 I sysui_multi_action: [757,111,758,1]
12-10 07:09:24.861 2004 2004 I sysui_multi_action: [757,126,758,1,759,126,927,0,928,1,1593,1]
12-10 07:09:24.861 2004 2004 I sysui_multi_action: [757,113,758,1,759,113,927,1,928,1,1593,1]
12-10 07:09:24.861 2004 2004 I sysui_multi_action: [757,0,758,1,759,0,927,2,928,0,1593,1]
12-10 07:09:24.861 2004 2004 I sysui_multi_action: [757,0,758,1,759,0,927,3,928,0,1593,1]
12-10 07:09:24.869 1507 1909 I GameModeConfig: isGameModeOn = true
12-10 07:09:24.869 1507 1909 I GameModeConfig: isGaming = false
12-10 07:09:24.870 1507 1909 I GameModeConfig: isGameModeOn = true
12-10 07:09:24.870 1507 1909 I GameModeConfig: isGaming = false
12-10 07:09:24.870 1507 1909 I GameModeConfig: isGameModeOn = true
12-10 07:09:24.870 1507 1909 I GameModeConfig: isGaming = false
12-10 07:09:24.870 1507 1909 I GameModeConfig: isGameModeOn = true
12-10 07:09:24.870 1507 1909 I GameModeConfig: isGaming = false
12-10 07:09:24.870 1507 1909 I GameModeConfig: isGameModeOn = true
12-10 07:09:24.870 1507 1909 I GameModeConfig: isGaming = false
12-10 07:09:24.871 2004 2004 I sysui_multi_action: [757,111,758,2]
12-10 07:09:24.871 2004 2004 I sysui_multi_action: [757,111,758,2]
12-10 07:09:24.871 1507 1507 I GameModeConfig: isGameModeOn = true
12-10 07:09:24.871 1507 1507 I GameModeConfig: isGaming = false
12-10 07:09:24.872 1507 1507 E NotificationService: Muting recently noisy 0|com.android.systemui|2048|null|10082
12-10 07:09:24.872 1507 6719 I sysui_multi_action: [757,127,758,2]
12-10 07:09:24.872 1507 6719 I notification_panel_hidden:
12-10 07:09:24.872 1507 1507 I notification_enqueue: [10082,2004,com.android.systemui,2048,NULL,0,Notification(channel=updateNotification shortcut=null contentView=null vibrate=null sound=null defaults=0x0 flags=0x0 color=0x00000000 vis=PRIVATE),1]
12-10 07:09:24.881 2004 2004 I sysui_multi_action: [757,111,758,1]
12-10 07:09:24.881 2004 2004 I sysui_multi_action: [757,126,758,1,759,126,927,0,928,1,1593,1]
12-10 07:09:24.881 2004 2004 I sysui_multi_action: [757,113,758,1,759,113,927,1,928,1,1593,1]
12-10 07:09:24.881 2004 2004 I sysui_multi_action: [757,0,758,1,759,0,927,2,928,0,1593,1]
12-10 07:09:24.881 2004 2004 I sysui_multi_action: [757,0,758,1,759,0,927,3,928,0,1593,1]
12-10 07:09:24.881 2004 2004 I sysui_multi_action: [757,491,758,1,759,491,927,4,928,1,1311,1,1593,0]
12-10 07:09:24.881 2004 2004 I sysui_multi_action: [757,0,758,1,759,0,927,5,928,0,1593,0]
12-10 07:09:24.881 2004 2004 I sysui_multi_action: [757,111,758,1]
12-10 07:09:24.881 2004 2004 I sysui_multi_action: [757,126,758,1,759,126,927,0,928,1,1593,1]
12-10 07:09:24.881 2004 2004 I sysui_multi_action: [757,113,758,1,759,113,927,1,928,1,1593,1]
12-10 07:09:24.881 2004 2004 I sysui_multi_action: [757,0,758,1,759,0,927,2,928,0,1593,1]
12-10 07:09:24.882 2004 2004 I sysui_multi_action: [757,0,758,1,759,0,927,3,928,0,1593,1]
12-10 07:09:24.889 1507 1736 I input_focus: [Focus leaving 349ab61 NotificationShade (server),reason=NO_WINDOW]
12-10 07:09:24.889 1507 1736 I input_focus: [Focus entering 55c044c com.android.settings/com.android.settings.homepage.SettingsHomepageActivity (server),reason=setFocusedWindow]
12-10 07:09:24.892 1507 1507 I GameModeConfig: isGameModeOn = true
12-10 07:09:24.892 1507 1507 I GameModeConfig: isGaming = false
12-10 07:09:24.893 1507 1507 E NotificationService: Muting recently noisy 0|com.android.systemui|2048|null|10082
12-10 07:09:24.904 1507 1507 I GameModeConfig: isGameModeOn = true
12-10 07:09:24.904 1507 1507 I GameModeConfig: isGaming = false
12-10 07:09:24.904 1507 1507 E NotificationService: Muting recently noisy 0|com.android.systemui|2048|null|10082
12-10 07:09:24.920 1507 1507 I GameModeConfig: isGameModeOn = true
12-10 07:09:24.920 1507 1507 I GameModeConfig: isGaming = false
12-10 07:09:24.920 1507 1507 E NotificationService: Muting recently noisy 0|com.android.systemui|2048|null|10082
12-10 07:09:24.938 1507 1507 I GameModeConfig: isGameModeOn = true
12-10 07:09:24.938 1507 1507 I GameModeConfig: isGaming = false
12-10 07:09:24.939 1507 1507 E NotificationService: Muting recently noisy 0|com.android.systemui|2048|null|10082
12-10 07:09:24.957 1507 1507 I GameModeConfig: isGameModeOn = true
12-10 07:09:24.957 1507 1507 I GameModeConfig: isGaming = false
12-10 07:09:24.957 1507 1507 E NotificationService: Muting recently noisy 0|com.android.systemui|2048|null|10082
12-10 07:09:24.972 1507 1507 I GameModeConfig: isGameModeOn = true
12-10 07:09:24.972 1507 1507 I GameModeConfig: isGaming = false
12-10 07:09:24.972 1507 1507 E NotificationService: Muting recently noisy 0|com.android.systemui|2048|null|10082
12-10 07:09:24.991 1507 1507 I GameModeConfig: isGameModeOn = true
12-10 07:09:24.991 1507 1507 I GameModeConfig: isGaming = false
12-10 07:09:24.991 1507 1507 E NotificationService: Muting recently noisy 0|com.android.systemui|2048|null|10082
12-10 07:09:25.003 1507 1507 I GameModeConfig: isGameModeOn = true
12-10 07:09:25.003 1507 1507 I GameModeConfig: isGaming = false
12-10 07:09:25.003 1507 1507 E NotificationService: Muting recently noisy 0|com.android.systemui|2048|null|10082
12-10 07:09:25.021 1507 1507 I GameModeConfig: isGameModeOn = true
12-10 07:09:25.022 1507 1507 I GameModeConfig: isGaming = false
12-10 07:09:25.022 1507 1507 E NotificationService: Muting recently noisy 0|com.android.systemui|2048|null|10082
12-10 07:09:25.038 1507 1507 I GameModeConfig: isGameModeOn = true
12-10 07:09:25.038 1507 1507 I GameModeConfig: isGaming = false
12-10 07:09:25.039 1507 1507 E NotificationService: Muting recently noisy 0|com.android.systemui|2048|null|10082
12-10 07:09:25.053 1507 1507 I GameModeConfig: isGameModeOn = true
12-10 07:09:25.053 1507 1507 I GameModeConfig: isGaming = false
12-10 07:09:25.053 1507 1507 E NotificationService: Muting recently noisy 0|com.android.systemui|2048|null|10082
12-10 07:09:25.076 1507 1507 I GameModeConfig: isGameModeOn = true
12-10 07:09:25.076 1507 1507 I GameModeConfig: isGaming = false
12-10 07:09:25.077 1507 1507 E NotificationService: Muting recently noisy 0|com.android.systemui|2048|null|10082
12-10 07:09:25.323 1507 1736 I input_interaction: Interaction with: 55c044c com.android.settings/com.android.settings.homepage.SettingsHomepageActivity (server), edge-swipe (server), swipe-up (server), PointerEventDispatcher0 (server),
12-10 07:09:25.426 15287 15287 I sysui_multi_action: [757,830,758,4,833,0,854,top_level_system,1089,0]
12-10 07:09:25.528 15287 15287 I sysui_multi_action: [757,744,758,2,1089,4269]
12-10 07:09:25.559 15287 15287 I sysui_multi_action: [757,744,758,1,833,0,1089,25]
12-10 07:09:25.563 15287 15287 I sysui_multi_action: [757,1729,758,4,854,isParalleledControllers:false,1089,30]
12-10 07:09:25.923 15287 15287 I sysui_multi_action: [757,830,758,4,833,0,854,top_level_privacy,1089,0]
12-10 07:09:26.006 1507 1581 I am_pss : [15287,1000,com.android.settings,169843712,156110848,0,307560448,0,2,14]
12-10 07:09:26.026 15287 15287 I sysui_multi_action: [757,744,758,2,1089,468]
12-10 07:09:26.045 1507 11870 E UserRestrictionsUtils: Unknown restriction queried by uid 1000 (com.android.localtransport et al): null
12-10 07:09:26.046 1507 11870 E UserRestrictionsUtils: Unknown restriction queried by uid 1000 (com.android.localtransport et al): null
12-10 07:09:26.046 1507 11870 E UserRestrictionsUtils: Unknown restriction queried by uid 1000 (com.android.localtransport et al): null
12-10 07:09:26.060 15287 15287 I sysui_multi_action: [757,1587,758,1,833,0,1089,28]
12-10 07:09:26.065 15287 15287 I sysui_multi_action: [757,1729,758,4,854,isParalleledControllers:false,1089,33]
12-10 07:09:26.155 353 353 I auditd : type=1400 audit(0.0:21281): avc: denied { kill } for comm="irq/382-atmel_m" capability=5 scontext=u:r:kernel:s0 tcontext=u:r:kernel:s0 tclass=capability permissive=0
12-10 07:09:26.834 1507 1736 I input_interaction: Interaction with: 55c044c com.android.settings/com.android.settings.homepage.SettingsHomepageActivity (server), PointerEventDispatcher0 (server),
12-10 07:09:27.155 0 0 I auditd : type=1400 audit(0.0:21282): avc: denied { kill } for comm="swapper/0" capability=5 scontext=u:r:kernel:s0 tcontext=u:r:kernel:s0 tclass=capability permissive=0
12-10 07:09:28.155 0 0 I auditd : type=1400 audit(0.0:21283): avc: denied { kill } for comm="swapper/0" capability=5 scontext=u:r:kernel:s0 tcontext=u:r:kernel:s0 tclass=capability permissive=0
12-10 07:09:28.411 1507 1736 I input_interaction: Interaction with: 55c044c com.android.settings/com.android.settings.homepage.SettingsHomepageActivity (server), edge-swipe (server), swipe-up (server), PointerEventDispatcher0 (server),
12-10 07:09:28.534 15287 15287 I sysui_multi_action: [757,830,758,4,833,0,854,top_level_security,1089,0]
12-10 07:09:28.638 15287 15287 I sysui_multi_action: [757,1587,758,2,1089,2577]
12-10 07:09:28.664 1507 11870 E UserRestrictionsUtils: Unknown restriction queried by uid 1000 (com.android.localtransport et al): null
12-10 07:09:28.664 1507 11870 E UserRestrictionsUtils: Unknown restriction queried by uid 1000 (com.android.localtransport et al): null
12-10 07:09:28.665 1507 11870 E UserRestrictionsUtils: Unknown restriction queried by uid 1000 (com.android.localtransport et al): null
12-10 07:09:28.666 1507 11870 E UserRestrictionsUtils: Unknown restriction queried by uid 1000 (com.android.localtransport et al): null
12-10 07:09:28.666 1507 11870 E UserRestrictionsUtils: Unknown restriction queried by uid 1000 (com.android.localtransport et al): null
12-10 07:09:28.667 1507 11870 E UserRestrictionsUtils: Unknown restriction queried by uid 1000 (com.android.localtransport et al): null
12-10 07:09:28.667 1507 11870 E UserRestrictionsUtils: Unknown restriction queried by uid 1000 (com.android.localtransport et al): null
12-10 07:09:28.696 15287 15287 I sysui_multi_action: [757,87,758,1,833,0,1089,52]
12-10 07:09:28.704 15287 15287 I sysui_multi_action: [757,1729,758,4,854,isParalleledControllers:false,1089,61]
12-10 07:09:29.155 0 0 I auditd : type=1400 audit(0.0:21284): avc: denied { kill } for comm="swapper/0" capability=5 scontext=u:r:kernel:s0 tcontext=u:r:kernel:s0 tclass=capability permissive=0
12-10 07:09:30.155 0 0 I auditd : type=1400 audit(0.0:21285): avc: denied { kill } for comm="swapper/0" capability=5 scontext=u:r:kernel:s0 tcontext=u:r:kernel:s0 tclass=capability permissive=0
12-10 07:09:30.361 15287 15287 I sysui_multi_action: [757,830,758,4,833,0,854,top_level_display,1089,0]
12-10 07:09:30.465 15287 15287 I sysui_multi_action: [757,87,758,2,1089,1770]
12-10 07:09:30.495 1507 11870 E UserRestrictionsUtils: Unknown restriction queried by uid 1000 (com.android.localtransport et al): null
12-10 07:09:30.496 1507 11870 E UserRestrictionsUtils: Unknown restriction queried by uid 1000 (com.android.localtransport et al): null
12-10 07:09:30.523 15287 15287 I sysui_multi_action: [757,46,758,1,833,0,1089,52]
12-10 07:09:30.537 15287 15287 I sysui_multi_action: [757,1729,758,4,854,isParalleledControllers:false,1089,66]
12-10 07:09:30.969 1507 1736 I input_interaction: Interaction with: 55c044c com.android.settings/com.android.settings.homepage.SettingsHomepageActivity (server), PointerEventDispatcher0 (server),
12-10 07:09:31.155 0 0 I auditd : type=1400 audit(0.0:21286): avc: denied { kill } for comm="swapper/0" capability=5 scontext=u:r:kernel:s0 tcontext=u:r:kernel:s0 tclass=capability permissive=0
12-10 07:09:32.155 0 0 I auditd : type=1400 audit(0.0:21287): avc: denied { kill } for comm="swapper/0" capability=5 scontext=u:r:kernel:s0 tcontext=u:r:kernel:s0 tclass=capability permissive=0
12-10 07:09:32.203 1507 1736 I input_interaction: Interaction with: 55c044c com.android.settings/com.android.settings.homepage.SettingsHomepageActivity (server), edge-swipe (server), swipe-up (server), PointerEventDispatcher0 (server),
12-10 07:09:32.294 15287 15287 I sysui_multi_action: [757,830,758,4,833,0,854,screensaver,1089,0]
12-10 07:09:32.303 15287 15287 I sysui_multi_action: [757,46,758,2,1089,1780]
12-10 07:09:32.314 1507 11870 E UserRestrictionsUtils: Unknown restriction queried by uid 1000 (com.android.localtransport et al): null
12-10 07:09:32.315 1507 11870 E UserRestrictionsUtils: Unknown restriction queried by uid 1000 (com.android.localtransport et al): null
12-10 07:09:32.343 15287 15287 I sysui_multi_action: [757,47,758,1,833,0,1089,33]
12-10 07:09:32.350 15287 15287 I sysui_multi_action: [757,1729,758,4,854,isParalleledControllers:false,1089,40]
12-10 07:09:32.923 500 512 I auditd : type=1401 audit(0.0:21288): op=security_compute_sid invalid_context=u:r:np_thundercomm_tlog_pstore:s0 scontext=u:r:init:s0 tcontext=u:object_r:np_thundercomm_tlog_pstore_exec:s0 tclass=process
12-10 07:09:32.978 1507 1909 I GameModeConfig: isGameModeOn = true
12-10 07:09:32.978 1507 1909 I GameModeConfig: isGaming = false
12-10 07:09:32.979 1507 1909 I GameModeConfig: isGameModeOn = true
12-10 07:09:32.979 1507 1909 I GameModeConfig: isGaming = false
12-10 07:09:32.996 1507 1909 I GameModeConfig: isGameModeOn = true
12-10 07:09:32.996 1507 1909 I GameModeConfig: isGaming = false
12-10 07:09:33.016 1507 1909 I GameModeConfig: isGameModeOn = true
12-10 07:09:33.017 1507 1909 I GameModeConfig: isGaming = false
12-10 07:09:33.033 1507 1909 I GameModeConfig: isGameModeOn = true
12-10 07:09:33.033 1507 1909 I GameModeConfig: isGaming = false
12-10 07:09:33.110 15287 15287 I sysui_multi_action: [757,830,758,4,833,0,854,screen_timeout_dream,1089,0]
12-10 07:09:33.122 15287 15287 I sysui_multi_action: [757,47,758,2,1089,778]
12-10 07:09:33.155 0 0 I auditd : type=1400 audit(0.0:21289): avc: denied { kill } for comm="swapper/0" capability=5 scontext=u:r:kernel:s0 tcontext=u:r:kernel:s0 tclass=capability permissive=0
12-10 07:09:33.160 15287 15287 I sysui_multi_action: [757,1852,758,1,833,0,1089,34]
12-10 07:09:34.155 0 0 I auditd : type=1400 audit(0.0:21290): avc: denied { kill } for comm="swapper/0" capability=5 scontext=u:r:kernel:s0 tcontext=u:r:kernel:s0 tclass=capability permissive=0
12-10 07:09:34.546 15287 15287 I sysui_multi_action: [757,1754,758,4,759,20000]
12-10 07:09:34.551 15287 15287 I sysui_multi_action: [757,830,758,4,833,0,854,20000,1089,0]
12-10 07:09:34.605 1507 1909 I GameModeConfig: isGameModeOn = true
12-10 07:09:34.605 1507 1909 I GameModeConfig: isGaming = false
12-10 07:09:34.626 1507 1909 I GameModeConfig: isGameModeOn = true
12-10 07:09:34.626 1507 1909 I GameModeConfig: isGaming = false
12-10 07:09:34.640 1507 1909 I GameModeConfig: isGameModeOn = true
12-10 07:09:34.640 1507 1909 I GameModeConfig: isGaming = false
12-10 07:09:34.655 1507 1909 I GameModeConfig: isGameModeOn = true
12-10 07:09:34.655 1507 1909 I GameModeConfig: isGaming = false
12-10 07:09:34.667 1507 1909 I GameModeConfig: isGameModeOn = true
12-10 07:09:34.667 1507 1909 I GameModeConfig: isGaming = false
12-10 07:09:34.687 1507 1909 I GameModeConfig: isGameModeOn = true
12-10 07:09:34.687 1507 1909 I GameModeConfig: isGaming = false
12-10 07:09:34.701 1507 1909 I GameModeConfig: isGameModeOn = true
12-10 07:09:34.701 1507 1909 I GameModeConfig: isGaming = false
12-10 07:09:34.716 1507 1909 I GameModeConfig: isGameModeOn = true
12-10 07:09:34.717 1507 1909 I GameModeConfig: isGaming = false
12-10 07:09:34.734 1507 1909 I GameModeConfig: isGameModeOn = true
12-10 07:09:34.734 1507 1909 I GameModeConfig: isGaming = false
12-10 07:09:34.753 1507 1909 I GameModeConfig: isGameModeOn = true
12-10 07:09:34.753 1507 1909 I GameModeConfig: isGaming = false
12-10 07:09:34.757 1507 1710 I commit_sys_config_file: [settings-1-0,8]
12-10 07:09:34.766 1507 1909 I GameModeConfig: isGameModeOn = true
12-10 07:09:34.766 1507 1909 I GameModeConfig: isGaming = false
12-10 07:09:34.784 1507 1909 I GameModeConfig: isGameModeOn = true
12-10 07:09:34.784 1507 1909 I GameModeConfig: isGaming = false
12-10 07:09:34.800 1507 1909 I GameModeConfig: isGameModeOn = true
12-10 07:09:34.800 1507 1909 I GameModeConfig: isGaming = false
12-10 07:09:34.811 1507 1909 I GameModeConfig: isGameModeOn = true
12-10 07:09:34.811 1507 1909 I GameModeConfig: isGaming = false
12-10 07:09:34.816 1507 1909 I GameModeConfig: isGameModeOn = true
12-10 07:09:34.816 1507 1909 I GameModeConfig: isGaming = false
12-10 07:09:34.830 1507 1909 I GameModeConfig: isGameModeOn = true
12-10 07:09:34.830 1507 1909 I GameModeConfig: isGaming = false
12-10 07:09:34.833 1507 1909 I GameModeConfig: isGameModeOn = true
12-10 07:09:34.833 1507 1909 I GameModeConfig: isGaming = false
12-10 07:09:34.845 1507 1909 I GameModeConfig: isGameModeOn = true
12-10 07:09:34.845 1507 1909 I GameModeConfig: isGaming = false
12-10 07:09:34.850 1507 1909 I GameModeConfig: isGameModeOn = true
12-10 07:09:34.850 1507 1909 I GameModeConfig: isGaming = false
12-10 07:09:34.859 1507 1909 I GameModeConfig: isGameModeOn = true
12-10 07:09:34.859 1507 1909 I GameModeConfig: isGaming = false
12-10 07:09:34.870 1507 1909 I GameModeConfig: isGameModeOn = true
12-10 07:09:34.870 1507 1909 I GameModeConfig: isGaming = false
12-10 07:09:34.872 1507 1909 I GameModeConfig: isGameModeOn = true
12-10 07:09:34.872 1507 1909 I GameModeConfig: isGaming = false
12-10 07:09:34.893 1507 1909 I GameModeConfig: isGameModeOn = true
12-10 07:09:34.893 1507 1909 I GameModeConfig: isGaming = false
12-10 07:09:34.904 1507 1909 I GameModeConfig: isGameModeOn = true
12-10 07:09:34.904 1507 1909 I GameModeConfig: isGaming = false
12-10 07:09:34.921 1507 1909 I GameModeConfig: isGameModeOn = true
12-10 07:09:34.921 1507 1909 I GameModeConfig: isGaming = false
12-10 07:09:34.939 1507 1909 I GameModeConfig: isGameModeOn = true
12-10 07:09:34.939 1507 1909 I GameModeConfig: isGaming = false
12-10 07:09:34.959 1507 1909 I GameModeConfig: isGameModeOn = true
12-10 07:09:34.959 1507 1909 I GameModeConfig: isGaming = false
12-10 07:09:34.972 1507 1909 I GameModeConfig: isGameModeOn = true
12-10 07:09:34.972 1507 1909 I GameModeConfig: isGaming = false
12-10 07:09:34.995 1507 1909 I GameModeConfig: isGameModeOn = true
12-10 07:09:34.995 1507 1909 I GameModeConfig: isGaming = false
12-10 07:09:35.003 1507 1909 I GameModeConfig: isGameModeOn = true
12-10 07:09:35.003 1507 1909 I GameModeConfig: isGaming = false
12-10 07:09:35.022 1507 1909 I GameModeConfig: isGameModeOn = true
12-10 07:09:35.022 1507 1909 I GameModeConfig: isGaming = false
12-10 07:09:35.038 1507 1909 I GameModeConfig: isGameModeOn = true
12-10 07:09:35.038 1507 1909 I GameModeConfig: isGaming = false
12-10 07:09:35.053 1507 1909 I GameModeConfig: isGameModeOn = true
12-10 07:09:35.054 1507 1909 I GameModeConfig: isGaming = false
12-10 07:09:35.076 1507 1909 I GameModeConfig: isGameModeOn = true
12-10 07:09:35.076 1507 1909 I GameModeConfig: isGaming = false
12-10 07:09:35.155 0 0 I auditd : type=1400 audit(0.0:21291): avc: denied { kill } for comm="swapper/0" capability=5 scontext=u:r:kernel:s0 tcontext=u:r:kernel:s0 tclass=capability permissive=0
12-10 07:09:35.209 15287 15287 I sysui_multi_action: [757,1852,758,2,1089,2049]
12-10 07:09:35.220 15287 15287 I sysui_multi_action: [757,47,758,1,833,0,1089,0]
12-10 07:09:35.343 16425 16425 I auditd : type=1400 audit(0.0:21292): avc: denied { read } for comm="ls" name="/" dev="dm-5" ino=2 scontext=u:r:system_app:s0 tcontext=u:object_r:rootfs:s0 tclass=dir permissive=0
12-10 07:09:35.387 16429 16429 I auditd : type=1400 audit(0.0:21293): avc: denied { read } for comm="ls" name="/" dev="dm-5" ino=2 scontext=u:r:system_app:s0 tcontext=u:object_r:rootfs:s0 tclass=dir permissive=0
12-10 07:09:35.674 1507 1819 I netstats_mobile_sample: [0,0,0,0,0,0,0,0,0,0,0,0,1670627375674]
12-10 07:09:35.674 1507 1819 I netstats_wifi_sample: [12487525,28568,25143747,60098,12487525,28568,25143747,60098,16065717,52607,12657973,31435,1670627375674]
12-10 07:09:35.678 1507 1824 I service_manager_stats: [100,89,65273]
12-10 07:09:36.113 1507 11870 I wm_task_moved: [26,0,0]
12-10 07:09:36.113 1507 11870 I wm_task_moved: [26,0,6]
12-10 07:09:36.126 15287 15287 I view_enqueue_input_event: [Motion - Cancel,com.android.settings/com.android.settings.homepage.SettingsHomepageActivity]
12-10 07:09:36.132 2526 2526 I wm_on_restart_called: [142082565,com.android.launcher3.uioverrides.QuickstepLauncher,performRestartActivity]
12-10 07:09:36.142 1507 1736 I input_interaction: Interaction with: edge-swipe (server), swipe-up (server), PointerEventDispatcher0 (server),
12-10 07:09:36.146 1507 1581 I am_pss : [15287,1000,com.android.settings,173895680,158457856,0,316747776,0,2,15]
12-10 07:09:36.149 8492 8527 W ContextImpl: Calling a method in the system process without a qualified user: android.app.ContextImpl.startService:1816 android.content.ContextWrapper.startService:774 com.thundercomm.gamemode.ingame.services.GameModeActionUtils.startGameModeService:99 com.thundercomm.gamemode.ingame.services.GameModeActionUtils.startGameModeEntry:22 com.thundercomm.gamemode.ingame.services.ActivityMonitoringService$1.onActivityLaunch:127
12-10 07:09:36.154 1507 1507 I GameModeConfig: Current uri is uri = content://com.thundercomm.gamemode.api/gamemode_settings/gamemode_isgaming
12-10 07:09:36.157 1507 1507 I GameModeConfig: isGameModeOn = true
12-10 07:09:36.157 1507 1507 I GameModeConfig: isGaming = false
12-10 07:09:36.158 1507 1507 I GameModeConfig: isGameModeOn = true
12-10 07:09:36.158 1507 1507 I GameModeConfig: isGaming = false
12-10 07:09:36.158 1507 1507 I GameModeConfig: isDisableVoice = true
12-10 07:09:36.155 0 0 I auditd : type=1400 audit(0.0:21294): avc: denied { kill } for comm="swapper/0" capability=5 scontext=u:r:kernel:s0 tcontext=u:r:kernel:s0 tclass=capability permissive=0
12-10 07:09:36.174 2526 2526 I wm_on_start_called: [142082565,com.android.launcher3.uioverrides.QuickstepLauncher,handleStartActivity]
12-10 07:09:36.176 1507 1569 I input_focus: [Focus request recents_animation_input_consumer,reason=UpdateInputWindows]
12-10 07:09:36.183 1507 1527 W ActivityTaskManager: getTaskSnapshot: taskId=3155 not found
12-10 07:09:36.184 1507 1527 W ActivityTaskManager: getTaskSnapshot: taskId=2155 not found
12-10 07:09:36.184 1507 1527 W ActivityTaskManager: getTaskSnapshot: taskId=1155 not found
12-10 07:09:36.184 2526 2526 I sysui_latency: [1,97]
12-10 07:09:36.199 1507 1736 I input_focus: [Focus leaving 55c044c com.android.settings/com.android.settings.homepage.SettingsHomepageActivity (server),reason=NOT_FOCUSABLE]
12-10 07:09:36.199 1507 1736 I input_focus: [Focus entering recents_animation_input_consumer (server),reason=setFocusedWindow]
12-10 07:09:36.212 1507 1564 I sysui_multi_action: [319,12,322,81,325,19825,757,761,758,9,759,5,806,com.android.launcher3,871,com.android.launcher3.uioverrides.QuickstepLauncher,904,com.android.launcher3,905,0,1320,8,1321,5]
12-10 07:09:36.237 1507 9362 W ActivityTaskManager: getTaskSnapshot: taskId=1155 not found
12-10 07:09:36.237 1507 9362 W ActivityTaskManager: getTaskSnapshot: taskId=2155 not found
12-10 07:09:36.238 1507 9362 W ActivityTaskManager: getTaskSnapshot: taskId=3155 not found
12-10 07:09:36.376 1507 1710 I commit_sys_config_file: [settings-1-0,4]
12-10 07:09:36.495 1507 1581 I sysui_latency: [8,100]
12-10 07:09:36.908 1507 11870 I wm_task_moved: [26,1,7]
12-10 07:09:36.908 1507 11870 I wm_task_moved: [27,1,2147483647]
12-10 07:09:36.908 1507 11870 I wm_task_to_front: [0,27]
12-10 07:09:36.908 1507 11870 I wm_focused_root_task: [0,0,26,158,RecentsAnimation.onAnimationFinished()]
12-10 07:09:36.909 1507 11870 I wm_set_resumed_activity: [0,com.android.launcher3/.uioverrides.QuickstepLauncher,RecentsAnimation.onAnimationFinished()]
12-10 07:09:36.910 1507 11870 I wm_pause_activity: [0,219734682,com.android.settings/.homepage.SettingsHomepageActivity,userLeaving=true,pauseBackTasks]
12-10 07:09:36.911 1507 11870 I wm_add_to_stopping: [0,219734682,com.android.settings/.homepage.SettingsHomepageActivity,makeInvisible]
12-10 07:09:36.911 1507 11870 I ActivityTaskManager: FOREGROUND_APPLICATION_CHANGED to com.android.launcher3.uioverrides.QuickstepLauncher
12-10 07:09:36.912 1507 11870 I wm_set_resumed_activity: [0,com.android.launcher3/.uioverrides.QuickstepLauncher,resumeTopActivityInnerLocked]
12-10 07:09:36.913 1507 11870 I wm_resume_activity: [0,142082565,27,com.android.launcher3/.uioverrides.QuickstepLauncher]
12-10 07:09:36.915 15287 15287 I wm_on_top_resumed_lost_called: [219734682,com.android.settings.homepage.SettingsHomepageActivity,topStateChangedWhenResumed]
12-10 07:09:36.915 2526 2526 I wm_on_resume_called: [142082565,com.android.launcher3.uioverrides.QuickstepLauncher,RESUME_ACTIVITY]
12-10 07:09:36.919 1507 1569 I input_focus: [Focus request 2cb1f5d com.android.launcher3/com.android.launcher3.uioverrides.QuickstepLauncher,reason=UpdateInputWindows]
12-10 07:09:36.922 1507 1568 I wm_stop_activity: [0,219734682,com.android.settings/.homepage.SettingsHomepageActivity]
12-10 07:09:36.922 1507 1568 I sysui_multi_action: [757,803,799,window_time_0,802,21]
12-10 07:09:36.923 2526 2526 I wm_on_top_resumed_gained_called: [142082565,com.android.launcher3.uioverrides.QuickstepLauncher,topStateChangedWhenResumed]
12-10 07:09:36.925 1507 1568 I sysui_multi_action: [757,803,799,window_time_0,802,0]
12-10 07:09:36.925 15287 15287 I sysui_multi_action: [757,35,758,2,1089,21124]
12-10 07:09:36.926 15287 15287 I sysui_multi_action: [757,47,758,2,1089,1706]
12-10 07:09:36.926 15287 15287 I wm_on_paused_called: [219734682,com.android.settings.homepage.SettingsHomepageActivity,performPause]
12-10 07:09:36.932 1507 1736 I input_focus: [Focus leaving recents_animation_input_consumer (server),reason=NOT_VISIBLE]
12-10 07:09:36.933 1507 1736 I input_focus: [Focus entering 2cb1f5d com.android.launcher3/com.android.launcher3.uioverrides.QuickstepLauncher (server),reason=setFocusedWindow]
12-10 07:09:36.952 15287 15287 I wm_on_stop_called: [219734682,com.android.settings.homepage.SettingsHomepageActivity,STOP_ACTIVITY_ITEM]
12-10 07:09:36.980 8492 8527 W ContextImpl: Calling a method in the system process without a qualified user: android.app.ContextImpl.startService:1816 android.content.ContextWrapper.startService:774 com.thundercomm.gamemode.ingame.services.GameModeActionUtils.startGameModeService:99 com.thundercomm.gamemode.ingame.services.GameModeActionUtils.startGameModeEntry:22 com.thundercomm.gamemode.ingame.services.ActivityMonitoringService$1.onActivityLaunch:127
12-10 07:09:36.984 1507 1507 I GameModeConfig: Current uri is uri = content://com.thundercomm.gamemode.api/gamemode_settings/gamemode_isgaming
12-10 07:09:36.987 1507 1507 I GameModeConfig: isGameModeOn = true
12-10 07:09:36.987 1507 1507 I GameModeConfig: isGaming = false
12-10 07:09:36.987 1507 1507 I GameModeConfig: isGameModeOn = true
12-10 07:09:36.987 1507 1507 I GameModeConfig: isGaming = false
12-10 07:09:36.987 1507 1507 I GameModeConfig: isDisableVoice = true
12-10 07:09:37.031 8492 8527 W ContextImpl: Calling a method in the system process without a qualified user: android.app.ContextImpl.startService:1816 android.content.ContextWrapper.startService:774 com.thundercomm.gamemode.ingame.services.GameModeActionUtils.startGameModeService:99 com.thundercomm.gamemode.ingame.services.GameModeActionUtils.startGameModeEntry:22 com.thundercomm.gamemode.ingame.services.ActivityMonitoringService$1.onActivityLaunch:127
12-10 07:09:37.035 1507 1507 I GameModeConfig: Current uri is uri = content://com.thundercomm.gamemode.api/gamemode_settings/gamemode_isgaming
12-10 07:09:37.037 1507 1507 I GameModeConfig: isGameModeOn = true
12-10 07:09:37.037 1507 1507 I GameModeConfig: isGaming = false
12-10 07:09:37.037 1507 1507 I GameModeConfig: isGameModeOn = true
12-10 07:09:37.037 1507 1507 I GameModeConfig: isGaming = false
12-10 07:09:37.037 1507 1507 I GameModeConfig: isDisableVoice = true
12-10 07:09:37.155 353 353 I auditd : type=1400 audit(0.0:21295): avc: denied { kill } for comm="irq/382-atmel_m" capability=5 scontext=u:r:kernel:s0 tcontext=u:r:kernel:s0 tclass=capability permissive=0
12-10 07:09:37.410 1507 1736 I input_interaction: Interaction with: 16cb512 StatusBar (server), edge-swipe (server), swipe-up (server), PointerEventDispatcher0 (server),
12-10 07:09:37.415 2004 2004 I sysui_multi_action: [757,803,799,panel_open,802,1]
