12-10 06:19:16.957 1507 1736 I input_interaction: Interaction with: 51227b0 com.android.deskclock/com.android.deskclock.DeskClock (server), edge-swipe (server), swipe-up (server), PointerEventDispatcher0 (server),
12-10 06:19:16.980 1507 9513 I wm_task_moved: [26,0,0]
12-10 06:19:16.980 1507 9513 I wm_task_moved: [26,0,6]
12-10 06:19:17.009 2526 2526 I wm_on_restart_called: [142082565,com.android.launcher3.uioverrides.QuickstepLauncher,performRestartActivity]
12-10 06:19:17.044 2526 2526 I wm_on_start_called: [142082565,com.android.launcher3.uioverrides.QuickstepLauncher,handleStartActivity]
12-10 06:19:17.059 13893 13893 I view_enqueue_input_event: [Motion - Cancel,com.android.deskclock/com.android.deskclock.DeskClock]
12-10 06:19:17.061 2526 2526 I sysui_latency: [1,96]
12-10 06:19:17.064 1507 1736 I input_interaction: Interaction with: edge-swipe (server), swipe-up (server), PointerEventDispatcher0 (server),
12-10 06:19:17.065 1507 1564 I sysui_multi_action: [319,17,322,77,325,16805,757,761,758,9,759,5,806,com.android.launcher3,871,com.android.launcher3.uioverrides.QuickstepLauncher,904,com.android.launcher3,905,0,1320,8,1321,5]
12-10 06:19:17.070 1507 1569 I input_focus: [Focus request recents_animation_input_consumer,reason=UpdateInputWindows]
12-10 06:19:17.095 1507 1736 I input_focus: [Focus leaving 51227b0 com.android.deskclock/com.android.deskclock.DeskClock (server),reason=NOT_FOCUSABLE]
12-10 06:19:17.095 1507 1736 I input_focus: [Focus entering recents_animation_input_consumer (server),reason=setFocusedWindow]
12-10 06:19:17.155 0 0 I auditd : type=1400 audit(0.0:18318): avc: denied { kill } for comm="swapper/1" capability=5 scontext=u:r:kernel:s0 tcontext=u:r:kernel:s0 tclass=capability permissive=0
12-10 06:19:17.216 1507 1710 I commit_sys_config_file: [settings-1-0,3]
12-10 06:19:17.359 1507 1581 I sysui_latency: [8,94]
12-10 06:19:17.857 1507 9513 I wm_task_moved: [26,1,7]
12-10 06:19:17.861 13893 13893 I wm_on_top_resumed_lost_called: [28595287,com.android.deskclock.DeskClock,topStateChangedWhenResumed]
12-10 06:19:17.861 1507 9513 I wm_focused_root_task: [0,0,26,137,RecentsAnimation.onAnimationFinished()]
12-10 06:19:17.867 1507 9513 I wm_pause_activity: [0,28595287,com.android.deskclock/.DeskClock,userLeaving=false,pauseBackTasks]
12-10 06:19:17.869 1507 9513 I wm_set_resumed_activity: [0,com.android.launcher3/.uioverrides.QuickstepLauncher,resumeTopActivityInnerLocked]
12-10 06:19:17.870 1507 9513 I wm_resume_activity: [0,142082565,27,com.android.launcher3/.uioverrides.QuickstepLauncher]
12-10 06:19:17.870 1507 9513 I wm_add_to_stopping: [0,28595287,com.android.deskclock/.DeskClock,makeInvisible]
12-10 06:19:17.871 2526 2526 I wm_on_resume_called: [142082565,com.android.launcher3.uioverrides.QuickstepLauncher,RESUME_ACTIVITY]
12-10 06:19:17.882 1507 1736 I input_focus: [Focus leaving recents_animation_input_consumer (server),reason=NOT_VISIBLE]
12-10 06:19:17.882 1507 1569 I input_focus: [Focus request 2cb1f5d com.android.launcher3/com.android.launcher3.uioverrides.QuickstepLauncher,reason=UpdateInputWindows]
12-10 06:19:17.883 1507 1568 I sysui_multi_action: [757,803,799,window_time_0,802,3]
12-10 06:19:17.887 1507 2038 I wm_stop_activity: [0,28595287,com.android.deskclock/.DeskClock]
12-10 06:19:17.897 1507 1736 I input_focus: [Focus entering 2cb1f5d com.android.launcher3/com.android.launcher3.uioverrides.QuickstepLauncher (server),reason=setFocusedWindow]
12-10 06:19:17.898 1507 1568 I sysui_multi_action: [757,803,799,window_time_0,802,0]
12-10 06:19:17.900 13893 13893 I wm_on_paused_called: [28595287,com.android.deskclock.DeskClock,performPause]
12-10 06:19:17.910 13893 13893 I wm_on_stop_called: [28595287,com.android.deskclock.DeskClock,STOP_ACTIVITY_ITEM]
12-10 06:19:17.937 2526 2526 I wm_on_top_resumed_gained_called: [142082565,com.android.launcher3.uioverrides.QuickstepLauncher,topStateChangedWhenResumed]
12-10 06:19:18.101 1507 1710 I commit_sys_config_file: [settings-1-0,3]
12-10 06:19:18.155 0 0 I auditd : type=1400 audit(0.0:18319): avc: denied { kill } for comm="swapper/1" capability=5 scontext=u:r:kernel:s0 tcontext=u:r:kernel:s0 tclass=capability permissive=0
12-10 06:19:19.209 1507 1736 I input_interaction: Interaction with: 2cb1f5d com.android.launcher3/com.android.launcher3.uioverrides.QuickstepLauncher (server), 5478378 com.android.systemui.ImageWallpaper (server), edge-swipe (server), swipe-up (server), PointerEventDispatcher0 (server),
12-10 06:19:19.329 1507 9513 I wm_relaunch_activity: [0,28595287,137,com.android.deskclock/.DeskClock]
12-10 06:19:19.332 1507 9513 I wm_task_moved: [26,1,7]
12-10 06:19:19.333 1507 9513 I wm_set_resumed_activity: [0,com.android.launcher3/.uioverrides.QuickstepLauncher,positionChildAt]
12-10 06:19:19.333 1507 9513 I wm_task_moved: [137,1,7]
12-10 06:19:19.334 1507 9513 I wm_focused_root_task: [0,0,137,26,moveTaskToFront findTaskToMoveToFront]
12-10 06:19:19.335 1507 9513 I wm_set_resumed_activity: [0,com.android.deskclock/.DeskClock,moveTaskToFront findTaskToMoveToFront]
12-10 06:19:19.336 1507 9513 I wm_set_resumed_activity: [0,com.android.deskclock/.DeskClock,resumeTopActivityInnerLocked]
12-10 06:19:19.338 1507 9513 I wm_resume_activity: [0,28595287,137,com.android.deskclock/.DeskClock]
12-10 06:19:19.344 13893 13893 I wm_on_destroy_called: [28595287,com.android.deskclock.DeskClock,performDestroy]
12-10 06:19:19.348 2526 2526 I wm_on_top_resumed_lost_called: [142082565,com.android.launcher3.uioverrides.QuickstepLauncher,topStateChangedWhenResumed]
12-10 06:19:19.397 1507 6104 I wm_task_moved: [137,1,7]
12-10 06:19:19.398 1507 6104 I wm_set_resumed_activity: [0,com.android.deskclock/.DeskClock,positionChildAt]
12-10 06:19:19.399 1507 6104 I wm_create_activity: [0,192658132,137,com.android.permissioncontroller/.permission.ui.GrantPermissionsActivity,android.content.pm.action.REQUEST_PERMISSIONS,NULL,NULL,8388608]
12-10 06:19:19.404 1507 6104 I wm_pause_activity: [0,28595287,com.android.deskclock/.DeskClock,userLeaving=true,resumeTopActivityInnerLocked]
12-10 06:19:19.414 13893 13893 I wm_on_create_called: [28595287,com.android.deskclock.DeskClock,performCreate]
12-10 06:19:19.432 1507 2038 I sysui_multi_action: [757,856,758,1,806,com.android.deskclock,857,StopwatchNotification,858,3]
12-10 06:19:19.433 1507 1507 I notification_enqueue: [10069,13893,com.android.deskclock,2147483646,NULL,0,Notification(channel=StopwatchNotification shortcut=null contentView=com.android.deskclock/0x7f0d0024 vibrate=null sound=null defaults=0x0 flags=0x102 color=0xff1a237e groupKey=3 actions=2 vis=PRIVATE),0]
12-10 06:19:19.442 13893 13893 I wm_on_start_called: [28595287,com.android.deskclock.DeskClock,handleStartActivity]
12-10 06:19:19.443 13893 13893 I wm_on_resume_called: [28595287,com.android.deskclock.DeskClock,LIFECYCLER_RESUME_ACTIVITY]
12-10 06:19:19.444 13893 13893 I wm_on_paused_called: [28595287,com.android.deskclock.DeskClock,performPause]
12-10 06:19:19.444 1507 1507 I sysui_multi_action: [757,128,758,5,759,8,793,12,794,0,795,12,796,2147483646,806,com.android.deskclock,857,StopwatchNotification,858,3,946,3,947,0,1500,12,1745,-868672399]
12-10 06:19:19.445 1507 1507 I notification_canceled: [0|com.android.deskclock|2147483646|null|10069,8,12,12,0,-1,-1,NULL]
12-10 06:19:19.457 1507 1569 I input_focus: [Focus request 51227b0 com.android.deskclock/com.android.deskclock.DeskClock,reason=UpdateInputWindows]
12-10 06:19:19.468 1507 1736 I input_focus: [Focus leaving 2cb1f5d com.android.launcher3/com.android.launcher3.uioverrides.QuickstepLauncher (server),reason=Waiting for window because NOT_VISIBLE]
12-10 06:19:19.481 13893 13893 I wm_on_resume_called: [28595287,com.android.deskclock.DeskClock,RESUME_ACTIVITY]
12-10 06:19:19.482 13893 13893 I wm_on_top_resumed_gained_called: [28595287,com.android.deskclock.DeskClock,topStateChangedWhenResumed]
12-10 06:19:19.482 13893 13893 I wm_on_top_resumed_lost_called: [28595287,com.android.deskclock.DeskClock,topStateChangedWhenResumed]
12-10 06:19:19.485 13893 13893 I wm_on_paused_called: [28595287,com.android.deskclock.DeskClock,performPause]
12-10 06:19:19.486 1507 2157 I wm_restart_activity: [0,192658132,137,com.android.permissioncontroller/.permission.ui.GrantPermissionsActivity]
12-10 06:19:19.487 1507 2157 I wm_set_resumed_activity: [0,com.android.permissioncontroller/.permission.ui.GrantPermissionsActivity,minimalResumeActivityLocked]
12-10 06:19:19.487 1507 1568 I am_uid_active: 10094
12-10 06:19:19.489 1507 1568 I sysui_multi_action: [757,803,799,window_time_0,802,2]
12-10 06:19:19.508 12461 12461 I wm_on_create_called: [192658132,com.android.permissioncontroller.permission.ui.GrantPermissionsActivity,performCreate]
12-10 06:19:19.509 12461 12461 I wm_on_start_called: [192658132,com.android.permissioncontroller.permission.ui.GrantPermissionsActivity,handleStartActivity]
12-10 06:19:19.509 12461 12461 I wm_on_resume_called: [192658132,com.android.permissioncontroller.permission.ui.GrantPermissionsActivity,RESUME_ACTIVITY]
12-10 06:19:19.510 1507 1736 I input_focus: [Focus entering 51227b0 com.android.deskclock/com.android.deskclock.DeskClock (server),reason=Window became focusable. Previous reason: NOT_VISIBLE]
12-10 06:19:19.511 12461 12461 I wm_on_top_resumed_gained_called: [192658132,com.android.permissioncontroller.permission.ui.GrantPermissionsActivity,topStateChangedWhenResumed]
12-10 06:19:19.522 1507 1569 I input_focus: [Focus request 597d821 com.android.permissioncontroller/com.android.permissioncontroller.permission.ui.GrantPermissionsActivity,reason=UpdateInputWindows]
12-10 06:19:19.527 1507 1528 I wm_finish_activity: [0,192658132,137,com.android.permissioncontroller/.permission.ui.GrantPermissionsActivity,app-request]
12-10 06:19:19.528 1507 1528 I wm_pause_activity: [0,192658132,com.android.permissioncontroller/.permission.ui.GrantPermissionsActivity,userLeaving=false,finish]
12-10 06:19:19.528 1507 1564 I sysui_multi_action: [319,192,322,192,325,16808,757,761,758,9,759,2,806,com.android.permissioncontroller,871,com.android.permissioncontroller.permission.ui.GrantPermissionsActivity,904,com.android.deskclock,905,0,1320,8,1321,5]
12-10 06:19:19.533 12461 12461 I wm_on_top_resumed_lost_called: [192658132,com.android.permissioncontroller.permission.ui.GrantPermissionsActivity,topStateChangedWhenResumed]
12-10 06:19:19.534 12461 12461 I wm_on_paused_called: [192658132,com.android.permissioncontroller.permission.ui.GrantPermissionsActivity,performPause]
12-10 06:19:19.535 1507 1528 I wm_add_to_stopping: [0,192658132,com.android.permissioncontroller/.permission.ui.GrantPermissionsActivity,completeFinishing]
12-10 06:19:19.535 1507 1528 I wm_set_resumed_activity: [0,com.android.deskclock/.DeskClock,resumeTopActivityInnerLocked]
12-10 06:19:19.535 1507 1736 I input_focus: [Focus leaving 51227b0 com.android.deskclock/com.android.deskclock.DeskClock (server),reason=setFocusedWindow]
12-10 06:19:19.536 1507 1736 I input_focus: [Focus entering 597d821 com.android.permissioncontroller/com.android.permissioncontroller.permission.ui.GrantPermissionsActivity (server),reason=setFocusedWindow]
12-10 06:19:19.536 1507 1528 I wm_resume_activity: [0,28595287,137,com.android.deskclock/.DeskClock]
12-10 06:19:19.540 1507 1569 I input_focus: [Focus request 51227b0 com.android.deskclock/com.android.deskclock.DeskClock,reason=UpdateInputWindows]
12-10 06:19:19.542 1507 1568 I sysui_multi_action: [757,803,799,window_time_2,802,0]
12-10 06:19:19.551 13893 13893 I wm_on_activity_result_called: [28595287,com.android.deskclock.DeskClock,ACTIVITY_RESULT]
12-10 06:19:19.551 13893 13893 I wm_on_resume_called: [28595287,com.android.deskclock.DeskClock,RESUME_ACTIVITY]
12-10 06:19:19.552 13893 13893 I wm_on_top_resumed_gained_called: [28595287,com.android.deskclock.DeskClock,topWhenResuming]
12-10 06:19:19.552 1507 1736 I input_focus: [Focus leaving 597d821 com.android.permissioncontroller/com.android.permissioncontroller.permission.ui.GrantPermissionsActivity (server),reason=NO_WINDOW]
12-10 06:19:19.568 1507 1736 I input_focus: [Focus entering 51227b0 com.android.deskclock/com.android.deskclock.DeskClock (server),reason=setFocusedWindow]
12-10 06:19:19.688 1507 1567 I commit_sys_config_file: [notification-policy,16798008]
12-10 06:19:19.789 1507 1568 I wm_destroy_activity: [0,192658132,137,com.android.permissioncontroller/.permission.ui.GrantPermissionsActivity,finish-imm:idle]
12-10 06:19:19.809 12461 12461 I wm_on_stop_called: [192658132,com.android.permissioncontroller.permission.ui.GrantPermissionsActivity,LIFECYCLER_STOP_ACTIVITY]
12-10 06:19:19.810 12461 12461 I wm_on_destroy_called: [192658132,com.android.permissioncontroller.permission.ui.GrantPermissionsActivity,performDestroy]
12-10 06:19:20.155 0 0 I auditd : type=1400 audit(0.0:18320): avc: denied { kill } for comm="swapper/1" capability=5 scontext=u:r:kernel:s0 tcontext=u:r:kernel:s0 tclass=capability permissive=0
12-10 06:19:22.462 1507 1581 I sysui_multi_action: [757,1717,758,1,759,0]
12-10 06:19:22.463 1507 1581 I sysui_multi_action: [757,1717,758,2,759,0]
12-10 06:19:22.463 1507 1581 I sysui_multi_action: [757,1717,758,3,759,0]
12-10 06:19:23.155 0 0 I auditd : type=1400 audit(0.0:18321): avc: denied { kill } for comm="swapper/2" capability=5 scontext=u:r:kernel:s0 tcontext=u:r:kernel:s0 tclass=capability permissive=0
12-10 06:19:24.155 0 0 I auditd : type=1400 audit(0.0:18322): avc: denied { kill } for comm="swapper/2" capability=5 scontext=u:r:kernel:s0 tcontext=u:r:kernel:s0 tclass=capability permissive=0
12-10 06:19:24.345 1507 1736 I input_interaction: Interaction with: 51227b0 com.android.deskclock/com.android.deskclock.DeskClock (server), edge-swipe (server), swipe-up (server), PointerEventDispatcher0 (server),
12-10 06:19:25.817 1507 11870 I wm_finish_activity: [0,28595287,137,com.android.deskclock/.DeskClock,finish-activity]
12-10 06:19:25.817 1507 11870 I wm_task_moved: [26,1,7]
12-10 06:19:25.822 1507 11870 I wm_set_resumed_activity: [0,com.android.launcher3/.uioverrides.QuickstepLauncher,positionChildAt]
12-10 06:19:25.822 1507 11870 I wm_task_moved: [27,1,2147483647]
12-10 06:19:25.822 1507 11870 I wm_task_to_front: [0,27]
12-10 06:19:25.822 1507 11870 I wm_focused_root_task: [0,0,26,-1,finish-top adjustFocusToNextFocusableTask]
12-10 06:19:25.822 1507 11870 I wm_set_resumed_activity: [0,com.android.launcher3/.uioverrides.QuickstepLauncher,finish-top]
12-10 06:19:25.844 1507 11870 I wm_pause_activity: [0,28595287,com.android.deskclock/.DeskClock,userLeaving=false,finish]
12-10 06:19:25.852 1507 1569 I input_focus: [Focus request 2cb1f5d com.android.launcher3/com.android.launcher3.uioverrides.QuickstepLauncher,reason=UpdateInputWindows]
12-10 06:19:25.859 1507 1568 I sysui_multi_action: [757,803,799,window_time_2,802,6]
12-10 06:19:25.859 13893 13893 I wm_on_top_resumed_lost_called: [28595287,com.android.deskclock.DeskClock,topStateChangedWhenResumed]
12-10 06:19:25.860 2526 2526 I wm_on_top_resumed_gained_called: [142082565,com.android.launcher3.uioverrides.QuickstepLauncher,topStateChangedWhenResumed]
12-10 06:19:25.861 13893 13893 I wm_on_paused_called: [28595287,com.android.deskclock.DeskClock,performPause]
12-10 06:19:25.863 1507 2157 I wm_destroy_activity: [0,28595287,137,com.android.deskclock/.DeskClock,finish-imm:completePausedLocked]
12-10 06:19:25.874 1507 1736 I input_focus: [Focus leaving 51227b0 com.android.deskclock/com.android.deskclock.DeskClock (server),reason=NO_WINDOW]
12-10 06:19:25.874 1507 1736 I input_focus: [Focus entering 2cb1f5d com.android.launcher3/com.android.launcher3.uioverrides.QuickstepLauncher (server),reason=setFocusedWindow]
12-10 06:19:25.883 1507 1568 I sysui_multi_action: [757,803,799,window_time_0,802,0]
12-10 06:19:25.912 1507 1507 I notification_enqueue: [10069,13893,com.android.deskclock,2147483646,NULL,0,Notification(channel=StopwatchNotification shortcut=null contentView=com.android.deskclock/0x7f0d0024 vibrate=null sound=null defaults=0x0 flags=0x110 color=0xff1a237e groupKey=3 actions=2 vis=PRIVATE),0]
12-10 06:19:25.914 13893 13893 I wm_on_stop_called: [28595287,com.android.deskclock.DeskClock,LIFECYCLER_STOP_ACTIVITY]
12-10 06:19:25.921 13893 13893 I wm_on_destroy_called: [28595287,com.android.deskclock.DeskClock,performDestroy]
12-10 06:19:26.114 1507 1507 I sysui_multi_action: [757,1501,758,1,793,202,794,0,795,202,796,2147483646,806,com.android.deskclock,857,StopwatchNotification,858,3,946,3,947,0,1500,0,1688,1,1745,-868672399]
12-10 06:19:26.114 1507 1507 I sysui_multi_action: [757,804,799,note_interruptive,801,0,802,1]
12-10 06:19:26.116 1507 1507 I sysui_multi_action: [757,1501,758,1,793,205,794,0,795,205,796,2147483646,806,com.android.deskclock,857,StopwatchNotification,858,3,946,3,947,0,1500,0,1688,1,1745,-868672399]
12-10 06:19:26.116 1507 1507 I sysui_multi_action: [757,804,799,note_interruptive,801,0,802,1]
12-10 06:19:26.116 1507 1507 I sysui_multi_action: [757,199,758,1,759,2,793,205,794,0,795,205,796,2147483646,806,com.android.deskclock,857,StopwatchNotification,858,3,946,3,947,0,1500,0,1688,1,1745,-868672399]
12-10 06:19:26.117 1507 1507 I notification_alert: [0|com.android.deskclock|2147483646|null|10069,0,1,0]
12-10 06:19:26.166 1507 1569 I wm_task_removed: [137,removeChild:removeChild last r=ActivityRecord{1b45457 u0 com.android.deskclock/.DeskClock t-1 f}} in t=Task{6e7c9d6 #137 type=standard A=10069:com.android.deskclock U=0 visible=false mode=freeform translucent=true sz=0}]
12-10 06:19:26.166 1507 1569 I wm_task_removed: [137,removeChild]
12-10 06:19:27.155 0 0 I auditd : type=1400 audit(0.0:18323): avc: denied { kill } for comm="swapper/2" capability=5 scontext=u:r:kernel:s0 tcontext=u:r:kernel:s0 tclass=capability permissive=0
12-10 06:19:27.304 1507 1736 I input_interaction: Interaction with: 2cb1f5d com.android.launcher3/com.android.launcher3.uioverrides.QuickstepLauncher (server), 5478378 com.android.systemui.ImageWallpaper (server), edge-swipe (server), swipe-up (server), PointerEventDispatcher0 (server),
12-10 06:19:27.466 1507 1581 I sysui_multi_action: [757,1717,758,1,759,0]
12-10 06:19:27.466 1507 1581 I sysui_multi_action: [757,1717,758,2,759,0]
12-10 06:19:27.467 1507 1581 I sysui_multi_action: [757,1717,758,3,759,0]
12-10 06:19:27.618 1507 1710 I commit_sys_config_file: [settings-1-0,6]
12-10 06:19:28.155 0 0 I auditd : type=1400 audit(0.0:18324): avc: denied { kill } for comm="swapper/2" capability=5 scontext=u:r:kernel:s0 tcontext=u:r:kernel:s0 tclass=capability permissive=0
12-10 06:19:29.155 0 0 I auditd : type=1400 audit(0.0:18325): avc: denied { kill } for comm="swapper/2" capability=5 scontext=u:r:kernel:s0 tcontext=u:r:kernel:s0 tclass=capability permissive=0
12-10 06:19:30.171 1507 11870 I wm_task_created: [143,-1]
12-10 06:19:30.176 1507 11870 I wm_task_moved: [143,1,7]
12-10 06:19:30.176 1507 11870 I wm_task_to_front: [0,143]
12-10 06:19:30.177 1507 11870 I wm_create_task: [0,143]
12-10 06:19:30.177 1507 11870 I wm_create_activity: [0,37073001,143,com.android.deskclock/.HandleShortcuts,com.android.deskclock.action.START_STOPWATCH,NULL,NULL,276824064]
12-10 06:19:30.177 1507 11870 I wm_task_moved: [143,1,7]
12-10 06:19:30.178 1507 11870 I wm_pause_activity: [0,142082565,com.android.launcher3/.uioverrides.QuickstepLauncher,userLeaving=true,pauseBackTasks]
12-10 06:19:30.185 2526 2526 I wm_on_top_resumed_lost_called: [142082565,com.android.launcher3.uioverrides.QuickstepLauncher,topStateChangedWhenResumed]
12-10 06:19:30.186 2526 2526 I wm_on_paused_called: [142082565,com.android.launcher3.uioverrides.QuickstepLauncher,performPause]
12-10 06:19:30.189 1507 1528 I wm_restart_activity: [0,37073001,143,com.android.deskclock/.HandleShortcuts]
12-10 06:19:30.190 1507 1528 I wm_set_resumed_activity: [0,com.android.deskclock/.HandleShortcuts,minimalResumeActivityLocked]
12-10 06:19:30.200 1507 1568 I sysui_multi_action: [757,803,799,window_time_0,802,5]
12-10 06:19:30.207 1507 11870 I wm_task_created: [144,-1]
12-10 06:19:30.211 1507 11870 I wm_task_moved: [144,1,8]
12-10 06:19:30.211 1507 11870 I wm_task_to_front: [0,144]
12-10 06:19:30.212 1507 11870 I wm_create_task: [0,144]
12-10 06:19:30.212 1507 11870 I wm_create_activity: [0,210198955,144,com.android.deskclock/.DeskClock,com.android.deskclock.action.START_STOPWATCH,NULL,NULL,268435456]
12-10 06:19:30.212 1507 11870 I wm_task_moved: [144,1,8]
12-10 06:19:30.213 1507 11870 I wm_pause_activity: [0,37073001,com.android.deskclock/.HandleShortcuts,userLeaving=true,pauseBackTasks]
12-10 06:19:30.223 1507 11870 I wm_finish_activity: [0,37073001,143,com.android.deskclock/.HandleShortcuts,app-request]
12-10 06:19:30.223 13893 13893 I wm_on_create_called: [37073001,com.android.deskclock.HandleShortcuts,performCreate]
12-10 06:19:30.228 1507 6104 I wm_add_to_stopping: [0,37073001,com.android.deskclock/.HandleShortcuts,completeFinishing]
12-10 06:19:30.230 1507 6104 I wm_add_to_stopping: [0,142082565,com.android.launcher3/.uioverrides.QuickstepLauncher,makeInvisible]
12-10 06:19:30.231 1507 6104 I wm_restart_activity: [0,210198955,144,com.android.deskclock/.DeskClock]
12-10 06:19:30.231 1507 6104 I wm_set_resumed_activity: [0,com.android.deskclock/.DeskClock,minimalResumeActivityLocked]
12-10 06:19:30.236 1507 1568 I wm_destroy_activity: [0,37073001,143,com.android.deskclock/.HandleShortcuts,finish-imm:idle]
12-10 06:19:30.239 1507 1568 I sysui_multi_action: [757,803,799,window_time_0,802,0]
12-10 06:19:30.253 1507 6104 I wm_task_moved: [144,1,8]
12-10 06:19:30.253 1507 6104 I wm_set_resumed_activity: [0,com.android.deskclock/.DeskClock,positionChildAt]
12-10 06:19:30.253 1507 6104 I wm_create_activity: [0,56867922,144,com.android.permissioncontroller/.permission.ui.GrantPermissionsActivity,android.content.pm.action.REQUEST_PERMISSIONS,NULL,NULL,8388608]
12-10 06:19:30.254 1507 6104 I wm_pause_activity: [0,210198955,com.android.deskclock/.DeskClock,userLeaving=true,resumeTopActivityInnerLocked]
12-10 06:19:30.261 1507 1736 I input_focus: [Focus leaving 2cb1f5d com.android.launcher3/com.android.launcher3.uioverrides.QuickstepLauncher (server),reason=NO_WINDOW]
12-10 06:19:30.263 13893 13893 I wm_on_create_called: [210198955,com.android.deskclock.DeskClock,performCreate]
12-10 06:19:30.264 13893 13893 I wm_on_start_called: [210198955,com.android.deskclock.DeskClock,handleStartActivity]
12-10 06:19:30.264 13893 13893 I wm_on_resume_called: [210198955,com.android.deskclock.DeskClock,RESUME_ACTIVITY]
12-10 06:19:30.265 1507 1507 I sysui_multi_action: [757,128,758,5,759,8,793,4354,794,0,795,4354,796,2147483646,806,com.android.deskclock,857,StopwatchNotification,858,3,946,3,947,0,1500,4149,1688,1,1745,-868672399]
12-10 06:19:30.265 1507 1507 I notification_canceled: [0|com.android.deskclock|2147483646|null|10069,8,4354,4354,0,-1,-1,NULL]
12-10 06:19:30.270 13893 13893 I wm_on_top_resumed_gained_called: [210198955,com.android.deskclock.DeskClock,topStateChangedWhenResumed]
12-10 06:19:30.270 13893 13893 I wm_on_destroy_called: [37073001,com.android.deskclock.HandleShortcuts,performDestroy]
12-10 06:19:30.270 13893 13893 I wm_on_top_resumed_lost_called: [210198955,com.android.deskclock.DeskClock,topStateChangedWhenResumed]
12-10 06:19:30.270 1507 6104 I wm_task_removed: [143,removeChild:removeChild last r=ActivityRecord{235b069 u0 com.android.deskclock/.HandleShortcuts t-1 f}} in t=Task{8d86d87 #143 type=standard I=com.android.deskclock/.HandleShortcuts U=0 visible=false mode=fullscreen translucent=true sz=0}]
12-10 06:19:30.270 1507 6104 I wm_task_removed: [143,removeChild]
12-10 06:19:30.271 13893 13893 I wm_on_paused_called: [210198955,com.android.deskclock.DeskClock,performPause]
12-10 06:19:30.275 1507 2157 I wm_restart_activity: [0,56867922,144,com.android.permissioncontroller/.permission.ui.GrantPermissionsActivity]
12-10 06:19:30.276 1507 2157 I wm_set_resumed_activity: [0,com.android.permissioncontroller/.permission.ui.GrantPermissionsActivity,minimalResumeActivityLocked]
12-10 06:19:30.293 1507 1568 I sysui_multi_action: [757,803,799,window_time_0,802,0]
12-10 06:19:30.303 12461 12461 I wm_on_create_called: [56867922,com.android.permissioncontroller.permission.ui.GrantPermissionsActivity,performCreate]
12-10 06:19:30.303 12461 12461 I wm_on_start_called: [56867922,com.android.permissioncontroller.permission.ui.GrantPermissionsActivity,handleStartActivity]
12-10 06:19:30.303 12461 12461 I wm_on_resume_called: [56867922,com.android.permissioncontroller.permission.ui.GrantPermissionsActivity,RESUME_ACTIVITY]
12-10 06:19:30.305 12461 12461 I wm_on_top_resumed_gained_called: [56867922,com.android.permissioncontroller.permission.ui.GrantPermissionsActivity,topStateChangedWhenResumed]
12-10 06:19:30.309 1507 1528 I wm_finish_activity: [0,56867922,144,com.android.permissioncontroller/.permission.ui.GrantPermissionsActivity,app-request]
12-10 06:19:30.310 1507 1528 I wm_pause_activity: [0,56867922,com.android.permissioncontroller/.permission.ui.GrantPermissionsActivity,userLeaving=false,finish]
12-10 06:19:30.317 12461 12461 I wm_on_top_resumed_lost_called: [56867922,com.android.permissioncontroller.permission.ui.GrantPermissionsActivity,topStateChangedWhenResumed]
12-10 06:19:30.317 12461 12461 I wm_on_paused_called: [56867922,com.android.permissioncontroller.permission.ui.GrantPermissionsActivity,performPause]
12-10 06:19:30.318 1507 2157 I wm_add_to_stopping: [0,56867922,com.android.permissioncontroller/.permission.ui.GrantPermissionsActivity,completeFinishing]
12-10 06:19:30.318 1507 2157 I wm_set_resumed_activity: [0,com.android.deskclock/.DeskClock,resumeTopActivityInnerLocked]
12-10 06:19:30.319 1507 2157 I wm_resume_activity: [0,210198955,144,com.android.deskclock/.DeskClock]
12-10 06:19:30.345 1507 1569 I input_focus: [Focus request ede85d9 com.android.deskclock/com.android.deskclock.DeskClock,reason=UpdateInputWindows]
12-10 06:19:30.345 1507 1568 I sysui_multi_action: [757,803,799,window_time_0,802,0]
12-10 06:19:30.360 13893 13893 I wm_on_activity_result_called: [210198955,com.android.deskclock.DeskClock,ACTIVITY_RESULT]
12-10 06:19:30.360 13893 13893 I wm_on_resume_called: [210198955,com.android.deskclock.DeskClock,RESUME_ACTIVITY]
12-10 06:19:30.362 13893 13893 I wm_on_top_resumed_gained_called: [210198955,com.android.deskclock.DeskClock,topWhenResuming]
12-10 06:19:30.363 1507 1564 I sysui_multi_action: [319,154,321,129,322,191,325,16819,757,761,758,8,759,1,806,com.android.permissioncontroller,871,com.android.permissioncontroller.permission.ui.GrantPermissionsActivity,904,com.android.deskclock,905,0,1320,8,1321,5]
12-10 06:19:30.363 1507 1564 I wm_activity_launch_time: [0,56867922,com.android.permissioncontroller/.permission.ui.GrantPermissionsActivity,191]
12-10 06:19:30.378 1507 1736 I input_focus: [Focus entering ede85d9 com.android.deskclock/com.android.deskclock.DeskClock (server),reason=setFocusedWindow]
12-10 06:19:30.883 1507 1568 I wm_destroy_activity: [0,56867922,144,com.android.permissioncontroller/.permission.ui.GrantPermissionsActivity,finish-imm:idle]
12-10 06:19:30.884 1507 1568 I wm_stop_activity: [0,142082565,com.android.launcher3/.uioverrides.QuickstepLauncher]
12-10 06:19:30.886 12461 12461 I wm_on_stop_called: [56867922,com.android.permissioncontroller.permission.ui.GrantPermissionsActivity,LIFECYCLER_STOP_ACTIVITY]
12-10 06:19:30.887 12461 12461 I wm_on_destroy_called: [56867922,com.android.permissioncontroller.permission.ui.GrantPermissionsActivity,performDestroy]
12-10 06:19:30.910 2526 2526 I wm_on_stop_called: [142082565,com.android.launcher3.uioverrides.QuickstepLauncher,STOP_ACTIVITY_ITEM]
12-10 06:19:31.155 0 0 I auditd : type=1400 audit(0.0:18326): avc: denied { kill } for comm="swapper/2" capability=5 scontext=u:r:kernel:s0 tcontext=u:r:kernel:s0 tclass=capability permissive=0
12-10 06:19:32.041 1507 1736 I input_interaction: Interaction with: ede85d9 com.android.deskclock/com.android.deskclock.DeskClock (server), edge-swipe (server), swipe-up (server), PointerEventDispatcher0 (server),
12-10 06:19:32.155 0 0 I auditd : type=1400 audit(0.0:18327): avc: denied { kill } for comm="swapper/2" capability=5 scontext=u:r:kernel:s0 tcontext=u:r:kernel:s0 tclass=capability permissive=0
12-10 06:19:32.868 1507 9513 I wm_task_moved: [26,0,0]
12-10 06:19:32.868 1507 9513 I wm_task_moved: [26,0,6]
12-10 06:19:32.880 2526 2526 I wm_on_restart_called: [142082565,com.android.launcher3.uioverrides.QuickstepLauncher,performRestartActivity]
12-10 06:19:32.898 2526 2526 I wm_on_start_called: [142082565,com.android.launcher3.uioverrides.QuickstepLauncher,handleStartActivity]
12-10 06:19:32.914 13893 13893 I view_enqueue_input_event: [Motion - Cancel,com.android.deskclock/com.android.deskclock.DeskClock]
12-10 06:19:32.915 2526 2526 I sysui_latency: [1,72]
12-10 06:19:32.921 1507 1569 I input_focus: [Focus request recents_animation_input_consumer,reason=UpdateInputWindows]
12-10 06:19:32.924 1507 1564 I sysui_multi_action: [319,10,322,50,325,16821,757,761,758,9,759,5,806,com.android.launcher3,871,com.android.launcher3.uioverrides.QuickstepLauncher,904,com.android.launcher3,905,0,1320,8,1321,5]
12-10 06:19:32.926 1507 1736 I input_interaction: Interaction with: edge-swipe (server), swipe-up (server), PointerEventDispatcher0 (server),
12-10 06:19:32.950 1507 1736 I input_focus: [Focus leaving ede85d9 com.android.deskclock/com.android.deskclock.DeskClock (server),reason=NOT_FOCUSABLE]
12-10 06:19:32.951 1507 1736 I input_focus: [Focus entering recents_animation_input_consumer (server),reason=setFocusedWindow]
12-10 06:19:33.089 1507 1710 I commit_sys_config_file: [settings-1-0,6]
12-10 06:19:33.155 13024 13024 I auditd : type=1400 audit(0.0:18328): avc: denied { kill } for comm="kworker/u17:6" capability=5 scontext=u:r:kernel:s0 tcontext=u:r:kernel:s0 tclass=capability permissive=0
12-10 06:19:33.218 1507 1581 I sysui_latency: [8,70]
12-10 06:19:33.679 1507 2157 I wm_task_moved: [26,1,7]
12-10 06:19:33.688 1507 2157 I wm_focused_root_task: [0,0,26,144,RecentsAnimation.onAnimationFinished()]
12-10 06:19:33.689 13893 13893 I wm_on_top_resumed_lost_called: [210198955,com.android.deskclock.DeskClock,topStateChangedWhenResumed]
12-10 06:19:33.691 1507 2157 I wm_pause_activity: [0,210198955,com.android.deskclock/.DeskClock,userLeaving=false,pauseBackTasks]
12-10 06:19:33.695 1507 2157 I wm_set_resumed_activity: [0,com.android.launcher3/.uioverrides.QuickstepLauncher,resumeTopActivityInnerLocked]
12-10 06:19:33.697 1507 2157 I wm_resume_activity: [0,142082565,27,com.android.launcher3/.uioverrides.QuickstepLauncher]
12-10 06:19:33.697 1507 2157 I wm_add_to_stopping: [0,210198955,com.android.deskclock/.DeskClock,makeInvisible]
12-10 06:19:33.702 2526 2526 I wm_on_resume_called: [142082565,com.android.launcher3.uioverrides.QuickstepLauncher,RESUME_ACTIVITY]
12-10 06:19:33.705 1507 1569 I input_focus: [Focus request 2cb1f5d com.android.launcher3/com.android.launcher3.uioverrides.QuickstepLauncher,reason=UpdateInputWindows]
12-10 06:19:33.706 13893 13893 I wm_on_paused_called: [210198955,com.android.deskclock.DeskClock,performPause]
12-10 06:19:33.713 1507 1568 I sysui_multi_action: [757,803,799,window_time_0,802,3]
12-10 06:19:33.719 1507 1736 I input_focus: [Focus leaving recents_animation_input_consumer (server),reason=NOT_VISIBLE]
12-10 06:19:33.720 1507 1736 I input_focus: [Focus entering 2cb1f5d com.android.launcher3/com.android.launcher3.uioverrides.QuickstepLauncher (server),reason=setFocusedWindow]
12-10 06:19:33.724 1507 11870 I wm_stop_activity: [0,210198955,com.android.deskclock/.DeskClock]
12-10 06:19:33.730 1507 1568 I sysui_multi_action: [757,803,799,window_time_0,802,0]
12-10 06:19:33.738 1507 1507 I notification_enqueue: [10069,13893,com.android.deskclock,2147483646,NULL,0,Notification(channel=StopwatchNotification shortcut=null contentView=com.android.deskclock/0x7f0d0024 vibrate=null sound=null defaults=0x0 flags=0x110 color=0xff1a237e groupKey=3 actions=2 vis=PRIVATE),0]
12-10 06:19:33.740 13893 13893 I wm_on_stop_called: [210198955,com.android.deskclock.DeskClock,STOP_ACTIVITY_ITEM]
12-10 06:19:33.757 2526 2526 I wm_on_top_resumed_gained_called: [142082565,com.android.launcher3.uioverrides.QuickstepLauncher,topStateChangedWhenResumed]
12-10 06:19:33.928 1507 1710 I commit_sys_config_file: [settings-1-0,4]
12-10 06:19:33.940 1507 1507 I sysui_multi_action: [757,1501,758,1,793,204,794,0,795,204,796,2147483646,806,com.android.deskclock,857,StopwatchNotification,858,3,946,3,947,0,1500,0,1688,1,1745,-868672399]
12-10 06:19:33.940 1507 1507 I sysui_multi_action: [757,804,799,note_interruptive,801,0,802,1]
12-10 06:19:33.942 1507 1507 I sysui_multi_action: [757,1501,758,1,793,206,794,0,795,206,796,2147483646,806,com.android.deskclock,857,StopwatchNotification,858,3,946,3,947,0,1500,0,1688,1,1745,-868672399]
12-10 06:19:33.942 1507 1507 I sysui_multi_action: [757,804,799,note_interruptive,801,0,802,1]
12-10 06:19:33.942 1507 1507 I sysui_multi_action: [757,199,758,1,759,2,793,206,794,0,795,206,796,2147483646,806,com.android.deskclock,857,StopwatchNotification,858,3,946,3,947,0,1500,0,1688,1,1745,-868672399]
12-10 06:19:33.942 1507 1507 I notification_alert: [0|com.android.deskclock|2147483646|null|10069,0,1,0]
12-10 06:19:34.315 1507 1736 I input_interaction: Interaction with: 2cb1f5d com.android.launcher3/com.android.launcher3.uioverrides.QuickstepLauncher (server), 5478378 com.android.systemui.ImageWallpaper (server), edge-swipe (server), swipe-up (server), PointerEventDispatcher0 (server),
12-10 06:19:34.394 1507 2038 I wm_task_moved: [26,1,7]
12-10 06:19:34.395 1507 2038 I wm_set_resumed_activity: [0,com.android.launcher3/.uioverrides.QuickstepLauncher,positionChildAt]
12-10 06:19:34.395 1507 2038 I wm_task_moved: [144,1,7]
12-10 06:19:34.396 1507 2038 I wm_focused_root_task: [0,0,144,26,moveTaskToFront findTaskToMoveToFront]
12-10 06:19:34.397 1507 2038 I wm_set_resumed_activity: [0,com.android.deskclock/.DeskClock,moveTaskToFront findTaskToMoveToFront]
12-10 06:19:34.399 1507 2038 I wm_pause_activity: [0,142082565,com.android.launcher3/.uioverrides.QuickstepLauncher,userLeaving=true,pauseBackTasks]
12-10 06:19:34.407 2526 2526 I wm_on_top_resumed_lost_called: [142082565,com.android.launcher3.uioverrides.QuickstepLauncher,topStateChangedWhenResumed]
12-10 06:19:34.410 2526 2526 I wm_on_paused_called: [142082565,com.android.launcher3.uioverrides.QuickstepLauncher,performPause]
12-10 06:19:34.415 1507 11870 I wm_set_resumed_activity: [0,com.android.deskclock/.DeskClock,resumeTopActivityInnerLocked]
12-10 06:19:34.416 1507 11870 I wm_add_to_stopping: [0,142082565,com.android.launcher3/.uioverrides.QuickstepLauncher,makeInvisible]
12-10 06:19:34.417 1507 11870 I wm_resume_activity: [0,210198955,144,com.android.deskclock/.DeskClock]
12-10 06:19:34.446 13893 13893 I wm_on_restart_called: [210198955,com.android.deskclock.DeskClock,performRestartActivity]
12-10 06:19:34.450 1507 1568 I sysui_multi_action: [757,803,799,window_time_0,802,1]
12-10 06:19:34.450 13893 13893 I wm_on_start_called: [210198955,com.android.deskclock.DeskClock,handleStartActivity]
12-10 06:19:34.451 13893 13893 I wm_on_resume_called: [210198955,com.android.deskclock.DeskClock,RESUME_ACTIVITY]
12-10 06:19:34.452 1507 1507 I sysui_multi_action: [757,128,758,5,759,8,793,716,794,0,795,716,796,2147483646,806,com.android.deskclock,857,StopwatchNotification,858,3,946,3,947,0,1500,510,1688,1,1745,-868672399]
12-10 06:19:34.454 1507 1507 I notification_canceled: [0|com.android.deskclock|2147483646|null|10069,8,716,716,0,-1,-1,NULL]
12-10 06:19:34.454 1507 1736 I input_focus: [Focus leaving 2cb1f5d com.android.launcher3/com.android.launcher3.uioverrides.QuickstepLauncher (server),reason=NO_WINDOW]
12-10 06:19:34.457 13893 13893 I wm_on_top_resumed_gained_called: [210198955,com.android.deskclock.DeskClock,topWhenResuming]
12-10 06:19:34.473 1507 1569 I input_focus: [Focus request ede85d9 com.android.deskclock/com.android.deskclock.DeskClock,reason=UpdateInputWindows]
12-10 06:19:34.502 1507 1564 I sysui_multi_action: [319,45,321,32,322,94,325,16823,757,761,758,9,759,4,806,com.android.deskclock,871,com.android.deskclock.DeskClock,904,com.android.deskclock,905,0,1320,8,1321,5]
12-10 06:19:34.508 1507 1736 I input_focus: [Focus entering ede85d9 com.android.deskclock/com.android.deskclock.DeskClock (server),reason=setFocusedWindow]
12-10 06:19:34.800 1507 1568 I wm_stop_activity: [0,142082565,com.android.launcher3/.uioverrides.QuickstepLauncher]
12-10 06:19:34.888 2526 2526 I wm_on_stop_called: [142082565,com.android.launcher3.uioverrides.QuickstepLauncher,STOP_ACTIVITY_ITEM]
12-10 06:19:35.155 0 0 I auditd : type=1400 audit(0.0:18329): avc: denied { kill } for comm="swapper/0" capability=5 scontext=u:r:kernel:s0 tcontext=u:r:kernel:s0 tclass=capability permissive=0
12-10 06:19:35.199 1507 1581 I sysui_multi_action: [757,1717,758,1,759,0]
12-10 06:19:35.200 1507 1581 I sysui_multi_action: [757,1717,758,2,759,0]
12-10 06:19:35.200 1507 1581 I sysui_multi_action: [757,1717,758,3,759,0]
12-10 06:19:35.440 1507 1736 I input_interaction: Interaction with: ede85d9 com.android.deskclock/com.android.deskclock.DeskClock (server), edge-swipe (server), swipe-up (server), PointerEventDispatcher0 (server),
12-10 06:19:36.179 1507 6104 I wm_task_moved: [26,0,0]
12-10 06:19:36.182 1507 6104 I wm_task_moved: [26,0,6]
12-10 06:19:36.211 2526 2526 I wm_on_restart_called: [142082565,com.android.launcher3.uioverrides.QuickstepLauncher,performRestartActivity]
12-10 06:19:36.227 2526 2526 I wm_on_start_called: [142082565,com.android.launcher3.uioverrides.QuickstepLauncher,handleStartActivity]
12-10 06:19:36.228 13893 13893 I view_enqueue_input_event: [Motion - Cancel,com.android.deskclock/com.android.deskclock.DeskClock]
12-10 06:19:36.229 1507 1569 I input_focus: [Focus request recents_animation_input_consumer,reason=UpdateInputWindows]
12-10 06:19:36.231 1507 1736 I input_interaction: Interaction with: edge-swipe (server), swipe-up (server), PointerEventDispatcher0 (server),
12-10 06:19:36.237 2526 2526 I sysui_latency: [1,77]
12-10 06:19:36.242 1507 1736 I input_focus: [Focus leaving ede85d9 com.android.deskclock/com.android.deskclock.DeskClock (server),reason=NOT_FOCUSABLE]
12-10 06:19:36.242 1507 1736 I input_focus: [Focus entering recents_animation_input_consumer (server),reason=setFocusedWindow]
12-10 06:19:36.252 1507 1564 I sysui_multi_action: [319,15,322,65,325,16825,757,761,758,9,759,5,806,com.android.launcher3,871,com.android.launcher3.uioverrides.QuickstepLauncher,904,com.android.launcher3,905,0,1320,8,1321,5]
12-10 06:19:36.437 1507 1710 I commit_sys_config_file: [settings-1-0,11]
12-10 06:19:36.548 1507 1581 I sysui_latency: [8,78]
12-10 06:19:36.997 1507 2157 I wm_task_moved: [26,1,7]
12-10 06:19:36.997 1507 2157 I wm_task_moved: [27,1,2147483647]
12-10 06:19:36.997 1507 2157 I wm_task_to_front: [0,27]
12-10 06:19:36.997 1507 2157 I wm_focused_root_task: [0,0,26,144,RecentsAnimation.onAnimationFinished()]
12-10 06:19:36.998 13893 13893 I wm_on_top_resumed_lost_called: [210198955,com.android.deskclock.DeskClock,topStateChangedWhenResumed]
12-10 06:19:36.998 1507 2157 I wm_set_resumed_activity: [0,com.android.launcher3/.uioverrides.QuickstepLauncher,RecentsAnimation.onAnimationFinished()]
12-10 06:19:36.999 1507 2157 I wm_pause_activity: [0,210198955,com.android.deskclock/.DeskClock,userLeaving=true,pauseBackTasks]
12-10 06:19:37.001 1507 2157 I wm_add_to_stopping: [0,210198955,com.android.deskclock/.DeskClock,makeInvisible]
12-10 06:19:37.001 1507 2157 I wm_set_resumed_activity: [0,com.android.launcher3/.uioverrides.QuickstepLauncher,resumeTopActivityInnerLocked]
12-10 06:19:37.002 1507 2157 I wm_resume_activity: [0,142082565,27,com.android.launcher3/.uioverrides.QuickstepLauncher]
12-10 06:19:37.009 2526 2526 I wm_on_resume_called: [142082565,com.android.launcher3.uioverrides.QuickstepLauncher,RESUME_ACTIVITY]
12-10 06:19:37.010 1507 1569 I input_focus: [Focus request 2cb1f5d com.android.launcher3/com.android.launcher3.uioverrides.QuickstepLauncher,reason=UpdateInputWindows]
12-10 06:19:37.012 1507 1568 I wm_stop_activity: [0,210198955,com.android.deskclock/.DeskClock]
12-10 06:19:37.012 1507 1568 I sysui_multi_action: [757,803,799,window_time_0,802,3]
12-10 06:19:37.016 1507 1568 I sysui_multi_action: [757,803,799,window_time_0,802,0]
12-10 06:19:37.019 13893 13893 I wm_on_paused_called: [210198955,com.android.deskclock.DeskClock,performPause]
12-10 06:19:37.019 2526 2526 I wm_on_top_resumed_gained_called: [142082565,com.android.launcher3.uioverrides.QuickstepLauncher,topStateChangedWhenResumed]
12-10 06:19:37.021 13893 13893 I wm_on_stop_called: [210198955,com.android.deskclock.DeskClock,STOP_ACTIVITY_ITEM]
12-10 06:19:37.029 1507 1736 I input_focus: [Focus leaving recents_animation_input_consumer (server),reason=NOT_VISIBLE]
12-10 06:19:37.030 1507 1736 I input_focus: [Focus entering 2cb1f5d com.android.launcher3/com.android.launcher3.uioverrides.QuickstepLauncher (server),reason=setFocusedWindow]
12-10 06:19:37.155 0 0 I auditd : type=1400 audit(0.0:18330): avc: denied { kill } for comm="swapper/0" capability=5 scontext=u:r:kernel:s0 tcontext=u:r:kernel:s0 tclass=capability permissive=0
12-10 06:19:38.155 0 0 I auditd : type=1400 audit(0.0:18331): avc: denied { kill } for comm="swapper/0" capability=5 scontext=u:r:kernel:s0 tcontext=u:r:kernel:s0 tclass=capability permissive=0
12-10 06:19:38.475 1507 1736 I input_interaction: Interaction with: 2cb1f5d com.android.launcher3/com.android.launcher3.uioverrides.QuickstepLauncher (server), 5478378 com.android.systemui.ImageWallpaper (server), edge-swipe (server), swipe-up (server), PointerEventDispatcher0 (server),
12-10 06:19:38.576 1507 1581 I sysui_multi_action: [757,1717,758,1,759,0]
12-10 06:19:38.577 1507 1581 I sysui_multi_action: [757,1717,758,2,759,0]
12-10 06:19:38.577 1507 1581 I sysui_multi_action: [757,1717,758,3,759,0]
12-10 06:19:39.079 1507 1710 I commit_sys_config_file: [settings-1-0,5]
12-10 06:19:39.155 0 0 I auditd : type=1400 audit(0.0:18332): avc: denied { kill } for comm="swapper/0" capability=5 scontext=u:r:kernel:s0 tcontext=u:r:kernel:s0 tclass=capability permissive=0
12-10 06:19:40.155 0 0 I auditd : type=1400 audit(0.0:18333): avc: denied { kill } for comm="swapper/0" capability=5 scontext=u:r:kernel:s0 tcontext=u:r:kernel:s0 tclass=capability permissive=0
12-10 06:19:41.155 0 0 I auditd : type=1400 audit(0.0:18334): avc: denied { kill } for comm="swapper/0" capability=5 scontext=u:r:kernel:s0 tcontext=u:r:kernel:s0 tclass=capability permissive=0
12-10 06:19:41.825 1507 11870 I wm_task_created: [145,-1]
12-10 06:19:41.831 1507 11870 I wm_task_moved: [145,1,8]
12-10 06:19:41.831 1507 11870 I wm_task_to_front: [0,145]
12-10 06:19:41.832 1507 11870 I wm_create_task: [0,145]
12-10 06:19:41.832 1507 11870 I wm_create_activity: [0,6329840,145,com.android.deskclock/.HandleApiCalls,android.intent.action.SET_ALARM,NULL,NULL,276824064]
12-10 06:19:41.832 1507 11870 I wm_task_moved: [145,1,8]
12-10 06:19:41.835 1507 11870 I wm_pause_activity: [0,142082565,com.android.launcher3/.uioverrides.QuickstepLauncher,userLeaving=true,pauseBackTasks]
12-10 06:19:41.845 2526 2526 I wm_on_top_resumed_lost_called: [142082565,com.android.launcher3.uioverrides.QuickstepLauncher,topStateChangedWhenResumed]
12-10 06:19:41.848 2526 2526 I wm_on_paused_called: [142082565,com.android.launcher3.uioverrides.QuickstepLauncher,performPause]
12-10 06:19:41.856 1507 11870 I wm_restart_activity: [0,6329840,145,com.android.deskclock/.HandleApiCalls]
12-10 06:19:41.857 1507 11870 I wm_set_resumed_activity: [0,com.android.deskclock/.HandleApiCalls,minimalResumeActivityLocked]
12-10 06:19:41.871 1507 9513 I wm_task_moved: [144,1,8]
12-10 06:19:41.871 1507 9513 I wm_task_to_front: [0,144]
12-10 06:19:41.871 1507 9513 I wm_focused_root_task: [0,0,144,145,bringingFoundTaskToFront]
12-10 06:19:41.872 1507 9513 I wm_set_resumed_activity: [0,com.android.deskclock/.DeskClock,bringingFoundTaskToFront]
12-10 06:19:41.872 1507 9513 I wm_new_intent: [0,210198955,144,com.android.deskclock/.DeskClock,com.android.deskclock.action.START_STOPWATCH,NULL,NULL,268435456]
12-10 06:19:41.875 1507 9513 I wm_pause_activity: [0,6329840,com.android.deskclock/.HandleApiCalls,userLeaving=true,pauseBackTasks]
12-10 06:19:41.878 1507 1568 I sysui_multi_action: [757,803,799,window_time_0,802,4]
12-10 06:19:41.882 1507 9513 I wm_finish_activity: [0,6329840,145,com.android.deskclock/.HandleApiCalls,app-request]
12-10 06:19:41.882 13893 13893 I wm_on_create_called: [6329840,com.android.deskclock.HandleApiCalls,performCreate]
12-10 06:19:41.886 1507 2157 I wm_add_to_stopping: [0,6329840,com.android.deskclock/.HandleApiCalls,completeFinishing]
12-10 06:19:41.888 1507 2157 I wm_set_resumed_activity: [0,com.android.deskclock/.DeskClock,resumeTopActivityInnerLocked]
12-10 06:19:41.888 1507 2157 I wm_add_to_stopping: [0,142082565,com.android.launcher3/.uioverrides.QuickstepLauncher,makeInvisible]
12-10 06:19:41.890 1507 2157 I wm_resume_activity: [0,210198955,144,com.android.deskclock/.DeskClock]
12-10 06:19:41.895 1507 1568 I wm_destroy_activity: [0,6329840,145,com.android.deskclock/.HandleApiCalls,finish-imm:idle]
12-10 06:19:41.895 13893 13893 I wm_on_restart_called: [210198955,com.android.deskclock.DeskClock,performRestartActivity]
12-10 06:19:41.898 1507 1568 I sysui_multi_action: [757,803,799,window_time_0,802,0]
12-10 06:19:41.898 13893 13893 I wm_on_start_called: [210198955,com.android.deskclock.DeskClock,handleStartActivity]
12-10 06:19:41.899 13893 13893 I wm_on_resume_called: [210198955,com.android.deskclock.DeskClock,RESUME_ACTIVITY]
12-10 06:19:41.921 1507 1736 I input_focus: [Focus leaving 2cb1f5d com.android.launcher3/com.android.launcher3.uioverrides.QuickstepLauncher (server),reason=NO_WINDOW]
12-10 06:19:41.941 13893 13893 I wm_on_top_resumed_gained_called: [210198955,com.android.deskclock.DeskClock,topWhenResuming]
12-10 06:19:41.963 1507 1569 I input_focus: [Focus request 14b1c87 com.android.deskclock/com.android.deskclock.DeskClock,reason=UpdateInputWindows]
12-10 06:19:41.979 13893 13893 I wm_on_destroy_called: [6329840,com.android.deskclock.HandleApiCalls,performDestroy]
12-10 06:19:41.987 1507 9513 I wm_task_removed: [145,removeChild:removeChild last r=ActivityRecord{6095f0 u0 com.android.deskclock/.HandleApiCalls t-1 f}} in t=Task{ad1211c #145 type=standard I=com.android.deskclock/.HandleApiCalls U=0 visible=false mode=fullscreen translucent=true sz=0}]
12-10 06:19:41.990 1507 9513 I wm_task_removed: [145,removeChild]
12-10 06:19:41.994 1507 1736 I input_focus: [Focus entering 14b1c87 com.android.deskclock/com.android.deskclock.DeskClock (server),reason=setFocusedWindow]
12-10 06:19:41.998 1507 1564 I sysui_multi_action: [319,161,322,159,325,16830,757,761,758,8,759,2,806,com.android.deskclock,871,com.android.deskclock.DeskClock,904,com.android.deskclock,905,0,1320,8,1321,5]
12-10 06:19:41.999 1507 1564 I wm_activity_launch_time: [0,210198955,com.android.deskclock/.DeskClock,159]
12-10 06:19:42.155 0 0 I auditd : type=1400 audit(0.0:18335): avc: denied { kill } for comm="swapper/0" capability=5 scontext=u:r:kernel:s0 tcontext=u:r:kernel:s0 tclass=capability permissive=0
12-10 06:19:42.537 1507 1568 I wm_stop_activity: [0,142082565,com.android.launcher3/.uioverrides.QuickstepLauncher]
12-10 06:19:42.584 2526 2526 I wm_on_stop_called: [142082565,com.android.launcher3.uioverrides.QuickstepLauncher,STOP_ACTIVITY_ITEM]
12-10 06:19:43.155 0 0 I auditd : type=1400 audit(0.0:18336): avc: denied { kill } for comm="swapper/0" capability=5 scontext=u:r:kernel:s0 tcontext=u:r:kernel:s0 tclass=capability permissive=0
12-10 06:19:43.956 1507 1736 I input_interaction: Interaction with: 14b1c87 com.android.deskclock/com.android.deskclock.DeskClock (server), edge-swipe (server), swipe-up (server), PointerEventDispatcher0 (server),
12-10 06:19:43.978 1507 2157 I wm_task_moved: [26,0,0]
12-10 06:19:43.980 1507 2157 I wm_task_moved: [26,0,6]
12-10 06:19:43.990 2526 2526 I wm_on_restart_called: [142082565,com.android.launcher3.uioverrides.QuickstepLauncher,performRestartActivity]
12-10 06:19:44.040 2526 2526 I wm_on_start_called: [142082565,com.android.launcher3.uioverrides.QuickstepLauncher,handleStartActivity]
12-10 06:19:44.062 1507 1564 I sysui_multi_action: [319,15,322,77,325,16832,757,761,758,9,759,5,806,com.android.launcher3,871,com.android.launcher3.uioverrides.QuickstepLauncher,904,com.android.launcher3,905,0,1320,8,1321,5]
12-10 06:19:44.079 13893 13893 I view_enqueue_input_event: [Motion - Cancel,com.android.deskclock/com.android.deskclock.DeskClock]
12-10 06:19:44.090 1507 1736 I input_interaction: Interaction with: edge-swipe (server), swipe-up (server), PointerEventDispatcher0 (server),
12-10 06:19:44.092 2526 2526 I sysui_latency: [1,95]
12-10 06:19:44.102 1507 1569 I input_focus: [Focus request recents_animation_input_consumer,reason=UpdateInputWindows]
12-10 06:19:44.128 1507 1736 I input_focus: [Focus leaving 14b1c87 com.android.deskclock/com.android.deskclock.DeskClock (server),reason=NOT_FOCUSABLE]
12-10 06:19:44.128 1507 1736 I input_focus: [Focus entering recents_animation_input_consumer (server),reason=setFocusedWindow]
12-10 06:19:44.197 1507 1710 I commit_sys_config_file: [settings-1-0,4]
12-10 06:19:44.357 1507 1581 I sysui_latency: [8,94]
12-10 06:19:44.863 1507 9513 I wm_task_moved: [26,1,7]
12-10 06:19:44.865 1507 9513 I wm_focused_root_task: [0,0,26,144,RecentsAnimation.onAnimationFinished()]
12-10 06:19:44.866 13893 13893 I wm_on_top_resumed_lost_called: [210198955,com.android.deskclock.DeskClock,topStateChangedWhenResumed]
12-10 06:19:44.867 1507 9513 I wm_pause_activity: [0,210198955,com.android.deskclock/.DeskClock,userLeaving=false,pauseBackTasks]
12-10 06:19:44.868 1507 9513 I wm_set_resumed_activity: [0,com.android.launcher3/.uioverrides.QuickstepLauncher,resumeTopActivityInnerLocked]
12-10 06:19:44.869 1507 9513 I wm_resume_activity: [0,142082565,27,com.android.launcher3/.uioverrides.QuickstepLauncher]
