12-10 06:56:34.155 0 0 I auditd : type=1400 audit(0.0:20533): avc: denied { kill } for comm="swapper/2" capability=5 scontext=u:r:kernel:s0 tcontext=u:r:kernel:s0 tclass=capability permissive=0
12-10 06:56:35.155 0 0 I auditd : type=1400 audit(0.0:20534): avc: denied { kill } for comm="swapper/2" capability=5 scontext=u:r:kernel:s0 tcontext=u:r:kernel:s0 tclass=capability permissive=0
12-10 06:56:36.155 0 0 I auditd : type=1400 audit(0.0:20535): avc: denied { kill } for comm="swapper/2" capability=5 scontext=u:r:kernel:s0 tcontext=u:r:kernel:s0 tclass=capability permissive=0
12-10 06:56:37.155 0 0 I auditd : type=1400 audit(0.0:20536): avc: denied { kill } for comm="swapper/2" capability=5 scontext=u:r:kernel:s0 tcontext=u:r:kernel:s0 tclass=capability permissive=0
12-10 06:56:38.155 0 0 I auditd : type=1400 audit(0.0:20537): avc: denied { kill } for comm="swapper/2" capability=5 scontext=u:r:kernel:s0 tcontext=u:r:kernel:s0 tclass=capability permissive=0
12-10 06:56:39.155 0 0 I auditd : type=1400 audit(0.0:20538): avc: denied { kill } for comm="swapper/2" capability=5 scontext=u:r:kernel:s0 tcontext=u:r:kernel:s0 tclass=capability permissive=0
12-10 06:56:40.155 0 0 I auditd : type=1400 audit(0.0:20539): avc: denied { kill } for comm="swapper/2" capability=5 scontext=u:r:kernel:s0 tcontext=u:r:kernel:s0 tclass=capability permissive=0
12-10 06:56:41.155 0 0 I auditd : type=1400 audit(0.0:20540): avc: denied { kill } for comm="swapper/2" capability=5 scontext=u:r:kernel:s0 tcontext=u:r:kernel:s0 tclass=capability permissive=0
12-10 06:56:42.155 0 0 I auditd : type=1400 audit(0.0:20541): avc: denied { kill } for comm="swapper/2" capability=5 scontext=u:r:kernel:s0 tcontext=u:r:kernel:s0 tclass=capability permissive=0
12-10 06:56:43.155 0 0 I auditd : type=1400 audit(0.0:20542): avc: denied { kill } for comm="swapper/2" capability=5 scontext=u:r:kernel:s0 tcontext=u:r:kernel:s0 tclass=capability permissive=0
12-10 06:56:44.155 0 0 I auditd : type=1400 audit(0.0:20543): avc: denied { kill } for comm="swapper/2" capability=5 scontext=u:r:kernel:s0 tcontext=u:r:kernel:s0 tclass=capability permissive=0
12-10 06:56:46.155 0 0 I auditd : type=1400 audit(0.0:20544): avc: denied { kill } for comm="swapper/2" capability=5 scontext=u:r:kernel:s0 tcontext=u:r:kernel:s0 tclass=capability permissive=0
12-10 06:56:47.155 0 0 I auditd : type=1400 audit(0.0:20545): avc: denied { kill } for comm="swapper/2" capability=5 scontext=u:r:kernel:s0 tcontext=u:r:kernel:s0 tclass=capability permissive=0
12-10 06:56:48.155 0 0 I auditd : type=1400 audit(0.0:20546): avc: denied { kill } for comm="swapper/2" capability=5 scontext=u:r:kernel:s0 tcontext=u:r:kernel:s0 tclass=capability permissive=0
12-10 06:56:49.155 0 0 I auditd : type=1400 audit(0.0:20547): avc: denied { kill } for comm="swapper/2" capability=5 scontext=u:r:kernel:s0 tcontext=u:r:kernel:s0 tclass=capability permissive=0
12-10 06:56:50.155 0 0 I auditd : type=1400 audit(0.0:20548): avc: denied { kill } for comm="swapper/2" capability=5 scontext=u:r:kernel:s0 tcontext=u:r:kernel:s0 tclass=capability permissive=0
12-10 06:56:51.155 0 0 I auditd : type=1400 audit(0.0:20549): avc: denied { kill } for comm="swapper/2" capability=5 scontext=u:r:kernel:s0 tcontext=u:r:kernel:s0 tclass=capability permissive=0
12-10 06:56:52.155 0 0 I auditd : type=1400 audit(0.0:20550): avc: denied { kill } for comm="swapper/2" capability=5 scontext=u:r:kernel:s0 tcontext=u:r:kernel:s0 tclass=capability permissive=0
12-10 06:56:53.155 0 0 I auditd : type=1400 audit(0.0:20551): avc: denied { kill } for comm="swapper/2" capability=5 scontext=u:r:kernel:s0 tcontext=u:r:kernel:s0 tclass=capability permissive=0
12-10 06:56:54.155 0 0 I auditd : type=1400 audit(0.0:20552): avc: denied { kill } for comm="swapper/2" capability=5 scontext=u:r:kernel:s0 tcontext=u:r:kernel:s0 tclass=capability permissive=0
12-10 06:56:55.155 0 0 I auditd : type=1400 audit(0.0:20553): avc: denied { kill } for comm="swapper/2" capability=5 scontext=u:r:kernel:s0 tcontext=u:r:kernel:s0 tclass=capability permissive=0
12-10 06:56:56.155 0 0 I auditd : type=1400 audit(0.0:20554): avc: denied { kill } for comm="swapper/2" capability=5 scontext=u:r:kernel:s0 tcontext=u:r:kernel:s0 tclass=capability permissive=0
12-10 06:56:58.155 0 0 I auditd : type=1400 audit(0.0:20555): avc: denied { kill } for comm="swapper/1" capability=5 scontext=u:r:kernel:s0 tcontext=u:r:kernel:s0 tclass=capability permissive=0
12-10 06:56:59.155 0 0 I auditd : type=1400 audit(0.0:20556): avc: denied { kill } for comm="swapper/1" capability=5 scontext=u:r:kernel:s0 tcontext=u:r:kernel:s0 tclass=capability permissive=0
12-10 06:57:03.155 0 0 I auditd : type=1400 audit(0.0:20557): avc: denied { kill } for comm="swapper/1" capability=5 scontext=u:r:kernel:s0 tcontext=u:r:kernel:s0 tclass=capability permissive=0
12-10 06:57:04.155 0 0 I auditd : type=1400 audit(0.0:20558): avc: denied { kill } for comm="swapper/1" capability=5 scontext=u:r:kernel:s0 tcontext=u:r:kernel:s0 tclass=capability permissive=0
12-10 06:57:05.155 0 0 I auditd : type=1400 audit(0.0:20559): avc: denied { kill } for comm="swapper/1" capability=5 scontext=u:r:kernel:s0 tcontext=u:r:kernel:s0 tclass=capability permissive=0
12-10 06:57:06.155 0 0 I auditd : type=1400 audit(0.0:20560): avc: denied { kill } for comm="swapper/1" capability=5 scontext=u:r:kernel:s0 tcontext=u:r:kernel:s0 tclass=capability permissive=0
12-10 06:57:08.155 0 0 I auditd : type=1400 audit(0.0:20561): avc: denied { kill } for comm="swapper/1" capability=5 scontext=u:r:kernel:s0 tcontext=u:r:kernel:s0 tclass=capability permissive=0
12-10 06:57:09.155 0 0 I auditd : type=1400 audit(0.0:20562): avc: denied { kill } for comm="swapper/1" capability=5 scontext=u:r:kernel:s0 tcontext=u:r:kernel:s0 tclass=capability permissive=0
12-10 06:57:10.155 0 0 I auditd : type=1400 audit(0.0:20563): avc: denied { kill } for comm="swapper/1" capability=5 scontext=u:r:kernel:s0 tcontext=u:r:kernel:s0 tclass=capability permissive=0
12-10 06:57:11.155 0 0 I auditd : type=1400 audit(0.0:20564): avc: denied { kill } for comm="swapper/1" capability=5 scontext=u:r:kernel:s0 tcontext=u:r:kernel:s0 tclass=capability permissive=0
12-10 06:57:12.155 0 0 I auditd : type=1400 audit(0.0:20565): avc: denied { kill } for comm="swapper/1" capability=5 scontext=u:r:kernel:s0 tcontext=u:r:kernel:s0 tclass=capability permissive=0
12-10 06:57:13.155 0 0 I auditd : type=1400 audit(0.0:20566): avc: denied { kill } for comm="swapper/1" capability=5 scontext=u:r:kernel:s0 tcontext=u:r:kernel:s0 tclass=capability permissive=0
12-10 06:57:14.155 0 0 I auditd : type=1400 audit(0.0:20567): avc: denied { kill } for comm="swapper/1" capability=5 scontext=u:r:kernel:s0 tcontext=u:r:kernel:s0 tclass=capability permissive=0
12-10 06:57:15.155 0 0 I auditd : type=1400 audit(0.0:20568): avc: denied { kill } for comm="swapper/1" capability=5 scontext=u:r:kernel:s0 tcontext=u:r:kernel:s0 tclass=capability permissive=0
12-10 06:57:16.155 0 0 I auditd : type=1400 audit(0.0:20569): avc: denied { kill } for comm="swapper/1" capability=5 scontext=u:r:kernel:s0 tcontext=u:r:kernel:s0 tclass=capability permissive=0
12-10 06:57:17.155 0 0 I auditd : type=1400 audit(0.0:20570): avc: denied { kill } for comm="swapper/1" capability=5 scontext=u:r:kernel:s0 tcontext=u:r:kernel:s0 tclass=capability permissive=0
12-10 06:57:18.155 0 0 I auditd : type=1400 audit(0.0:20571): avc: denied { kill } for comm="swapper/1" capability=5 scontext=u:r:kernel:s0 tcontext=u:r:kernel:s0 tclass=capability permissive=0
12-10 06:57:19.155 0 0 I auditd : type=1400 audit(0.0:20572): avc: denied { kill } for comm="swapper/1" capability=5 scontext=u:r:kernel:s0 tcontext=u:r:kernel:s0 tclass=capability permissive=0
12-10 06:57:20.155 0 0 I auditd : type=1400 audit(0.0:20573): avc: denied { kill } for comm="swapper/1" capability=5 scontext=u:r:kernel:s0 tcontext=u:r:kernel:s0 tclass=capability permissive=0
12-10 06:57:21.155 0 0 I auditd : type=1400 audit(0.0:20574): avc: denied { kill } for comm="swapper/1" capability=5 scontext=u:r:kernel:s0 tcontext=u:r:kernel:s0 tclass=capability permissive=0
12-10 06:57:22.155 0 0 I auditd : type=1400 audit(0.0:20575): avc: denied { kill } for comm="swapper/1" capability=5 scontext=u:r:kernel:s0 tcontext=u:r:kernel:s0 tclass=capability permissive=0
12-10 06:57:23.155 0 0 I auditd : type=1400 audit(0.0:20576): avc: denied { kill } for comm="swapper/1" capability=5 scontext=u:r:kernel:s0 tcontext=u:r:kernel:s0 tclass=capability permissive=0
12-10 06:57:24.155 0 0 I auditd : type=1400 audit(0.0:20577): avc: denied { kill } for comm="swapper/1" capability=5 scontext=u:r:kernel:s0 tcontext=u:r:kernel:s0 tclass=capability permissive=0
12-10 06:57:25.155 0 0 I auditd : type=1400 audit(0.0:20578): avc: denied { kill } for comm="swapper/1" capability=5 scontext=u:r:kernel:s0 tcontext=u:r:kernel:s0 tclass=capability permissive=0
12-10 06:57:26.155 0 0 I auditd : type=1400 audit(0.0:20579): avc: denied { kill } for comm="swapper/1" capability=5 scontext=u:r:kernel:s0 tcontext=u:r:kernel:s0 tclass=capability permissive=0
12-10 06:57:27.155 0 0 I auditd : type=1400 audit(0.0:20580): avc: denied { kill } for comm="swapper/1" capability=5 scontext=u:r:kernel:s0 tcontext=u:r:kernel:s0 tclass=capability permissive=0
12-10 06:57:28.155 0 0 I auditd : type=1400 audit(0.0:20581): avc: denied { kill } for comm="swapper/1" capability=5 scontext=u:r:kernel:s0 tcontext=u:r:kernel:s0 tclass=capability permissive=0
12-10 06:57:29.155 0 0 I auditd : type=1400 audit(0.0:20582): avc: denied { kill } for comm="swapper/1" capability=5 scontext=u:r:kernel:s0 tcontext=u:r:kernel:s0 tclass=capability permissive=0
12-10 06:57:29.880 1507 1736 I input_interaction: Interaction with: 91f4fee com.thundercomm.screensaver/android.service.dreams.DreamActivity (server), edge-swipe (server), swipe-up (server), PointerEventDispatcher0 (server),
12-10 06:57:29.886 1507 6850 I wm_finish_activity: [0,231152546,164,com.thundercomm.screensaver/android.service.dreams.DreamActivity,finish-activity]
12-10 06:57:29.888 1507 6850 I wm_pause_activity: [0,231152546,com.thundercomm.screensaver/android.service.dreams.DreamActivity,userLeaving=false,finish]
12-10 06:57:29.896 1507 1568 I sysui_multi_action: [757,803,799,window_time_2,802,226]
12-10 06:57:29.897 1507 6850 I DreamManagerService: Gently waking up from dream.
12-10 06:57:29.900 1507 1564 I DreamManagerService: Performing gentle wake from dream.
12-10 06:57:29.900 14020 14020 I wm_on_paused_called: [231152546,android.service.dreams.DreamActivity,performPause]
12-10 06:57:29.905 1507 6850 I wm_add_to_stopping: [0,231152546,com.thundercomm.screensaver/android.service.dreams.DreamActivity,completeFinishing]
12-10 06:57:29.907 1507 6850 I ActivityTaskManager: FOREGROUND_APPLICATION_CHANGED to com.android.launcher3.uioverrides.QuickstepLauncher
12-10 06:57:29.910 1507 6850 I wm_resume_activity: [0,142082565,27,com.android.launcher3/.uioverrides.QuickstepLauncher]
12-10 06:57:29.912 1507 6850 W WindowManager: updateScale0.7996942
12-10 06:57:29.914 1507 1736 I input_focus: [Focus leaving 91f4fee com.thundercomm.screensaver/android.service.dreams.DreamActivity (server),reason=NO_WINDOW]
12-10 06:57:29.916 1507 6850 W WindowManager: updateScale0.7996942
12-10 06:57:29.920 1507 1613 I PowerManagerService: Powering on display group fromDreaming (groupId=0, uid=1000, reason=WAKE_REASON_UNKNOWN, details=android.server.power:DREAM_FINISHED)...
12-10 06:57:29.920 1507 1613 I PowerManagerService: Waking up from Dreaming (uid=1000, reason=WAKE_REASON_UNKNOWN, details=android.server.power:DREAM_FINISHED)...
12-10 06:57:29.920 14020 14020 I view_enqueue_input_event: [Motion - Cancel,com.thundercomm.screensaver/android.service.dreams.DreamActivity]
12-10 06:57:29.923 1507 11870 W WindowManager: updateScale0.7996942
12-10 06:57:29.929 1507 1569 I input_focus: [Focus request b9dc337 com.android.gallery3d/com.android.gallery3d.app.GalleryActivity,reason=UpdateInputWindows]
12-10 06:57:29.929 1507 1568 I sysui_multi_action: [757,803,799,window_time_2,802,0]
12-10 06:57:29.932 1507 1569 W WindowManager: updateScale0.7996942
12-10 06:57:29.933 1507 1569 W WindowManager: updateScale0.7996942
12-10 06:57:29.937 1507 1736 I input_focus: [Focus entering b9dc337 com.android.gallery3d/com.android.gallery3d.app.GalleryActivity (server),reason=setFocusedWindow]
12-10 06:57:29.943 2526 2526 I wm_on_restart_called: [142082565,com.android.launcher3.uioverrides.QuickstepLauncher,performRestartActivity]
12-10 06:57:29.943 1507 1568 W WindowManager: updateScale0.7996942
12-10 06:57:29.944 2526 2526 I wm_on_start_called: [142082565,com.android.launcher3.uioverrides.QuickstepLauncher,handleStartActivity]
12-10 06:57:29.944 2526 2526 I wm_on_resume_called: [142082565,com.android.launcher3.uioverrides.QuickstepLauncher,RESUME_ACTIVITY]
12-10 06:57:29.948 1507 1568 W WindowManager: updateScale0.7996942
12-10 06:57:29.949 8492 8527 W ContextImpl: Calling a method in the system process without a qualified user: android.app.ContextImpl.startService:1816 android.content.ContextWrapper.startService:774 com.thundercomm.gamemode.ingame.services.GameModeActionUtils.startGameModeService:99 com.thundercomm.gamemode.ingame.services.GameModeActionUtils.startGameModeEntry:22 com.thundercomm.gamemode.ingame.services.ActivityMonitoringService$1.onActivityLaunch:127
12-10 06:57:29.954 1507 1507 I GameModeConfig: Current uri is uri = content://com.thundercomm.gamemode.api/gamemode_settings/gamemode_isgaming
12-10 06:57:29.955 1507 1507 I am_uid_active: 10068
12-10 06:57:29.958 1507 1507 I GameModeConfig: isGameModeOn = true
12-10 06:57:29.958 1507 1507 I GameModeConfig: isGaming = false
12-10 06:57:29.958 1507 2150 W WindowManager: updateScale0.7996942
12-10 06:57:29.958 1507 1507 I GameModeConfig: isGameModeOn = true
12-10 06:57:29.958 1507 1507 I GameModeConfig: isGaming = false
12-10 06:57:29.958 1507 1507 I GameModeConfig: isDisableVoice = true
12-10 06:57:29.962 1507 1581 I am_pss : [15614,10066,com.android.gallery3d,54219776,48160768,0,171683840,0,2,8]
12-10 06:57:29.969 1507 1581 I am_pss : [16089,10061,com.android.soundrecorder,5936128,3993600,0,88961024,0,19,5]
12-10 06:57:29.975 1507 1581 I am_pss : [15203,1000,com.qti.diagservices,6181888,3817472,0,93851648,0,10,6]
12-10 06:57:29.990 1507 1569 W WindowManager: updateScale0.7996942
12-10 06:57:29.994 1507 1569 W WindowManager: updateScale0.7996942
12-10 06:57:29.997 1507 1569 W WindowManager: updateScale0.7996942
12-10 06:57:30.026 8492 8527 W ContextImpl: Calling a method in the system process without a qualified user: android.app.ContextImpl.startService:1816 android.content.ContextWrapper.startService:774 com.thundercomm.gamemode.ingame.services.GameModeActionUtils.startGameModeService:99 com.thundercomm.gamemode.ingame.services.GameModeActionUtils.startGameModeEntry:22 com.thundercomm.gamemode.ingame.services.ActivityMonitoringService$1.onActivityLaunch:127
12-10 06:57:30.030 1507 1507 I GameModeConfig: Current uri is uri = content://com.thundercomm.gamemode.api/gamemode_settings/gamemode_isgaming
12-10 06:57:30.031 1507 1507 I GameModeConfig: isGameModeOn = true
12-10 06:57:30.031 1507 1507 I GameModeConfig: isGaming = false
12-10 06:57:30.032 1507 1507 I GameModeConfig: isGameModeOn = true
12-10 06:57:30.032 1507 1507 I GameModeConfig: isGaming = false
12-10 06:57:30.032 1507 1507 I GameModeConfig: isDisableVoice = true
12-10 06:57:30.240 1507 1569 W WindowManager: updateScale0.7996942
12-10 06:57:30.243 1507 1568 I wm_destroy_activity: [0,231152546,164,com.thundercomm.screensaver/android.service.dreams.DreamActivity,finish-imm:idle]
12-10 06:57:30.253 8492 8527 W ContextImpl: Calling a method in the system process without a qualified user: android.app.ContextImpl.startService:1816 android.content.ContextWrapper.startService:774 com.thundercomm.gamemode.ingame.services.GameModeActionUtils.startGameModeService:99 com.thundercomm.gamemode.ingame.services.GameModeActionUtils.startGameModeEntry:22 com.thundercomm.gamemode.ingame.services.ActivityMonitoringService$1.onActivityLaunch:127
12-10 06:57:30.257 1507 1507 I GameModeConfig: Current uri is uri = content://com.thundercomm.gamemode.api/gamemode_settings/gamemode_isgaming
12-10 06:57:30.260 1507 2150 W WindowManager: updateScale0.7996942
12-10 06:57:30.262 1507 1507 I GameModeConfig: isGameModeOn = true
12-10 06:57:30.262 1507 1507 I GameModeConfig: isGaming = false
12-10 06:57:30.263 1507 1507 I GameModeConfig: isGameModeOn = true
12-10 06:57:30.263 1507 1507 I GameModeConfig: isGaming = false
12-10 06:57:30.263 1507 1507 I GameModeConfig: isDisableVoice = true
12-10 06:57:30.266 14020 14020 I wm_on_stop_called: [231152546,android.service.dreams.DreamActivity,LIFECYCLER_STOP_ACTIVITY]
12-10 06:57:30.267 14020 14020 I wm_on_destroy_called: [231152546,android.service.dreams.DreamActivity,performDestroy]
12-10 06:57:30.271 1507 2150 I DreamManagerService: Leaving dreamland.
12-10 06:57:30.272 1507 1564 I DreamManagerService: Performing gentle wake from dream.
12-10 06:57:30.272 1507 1564 I DreamController: Stopping dream: name=ComponentInfo{com.thundercomm.screensaver/com.thundercomm.saverclock.service.ClockScreensaver}, isTest=false, canDoze=false, userId=0, reason='finished self'(from 'finished self')
12-10 06:57:30.272 1507 1564 I sysui_multi_action: [757,222,758,2]
12-10 06:57:30.272 1507 1564 I sysui_multi_action: [757,804,799,dreaming_minutes,801,3,802,1]
12-10 06:57:30.275 1507 2150 W WindowManager: updateScale0.7996942
12-10 06:57:30.279 1507 2150 W WindowManager: updateScale0.7996942
12-10 06:57:30.285 1507 6699 I wm_task_removed: [164,removeChild:removeChild last r=ActivityRecord{dc71ba2 u0 com.thundercomm.screensaver/android.service.dreams.DreamActivity t-1 f}} in t=Task{a52e77f #164 type=dream A=10052:android:com.thundercomm.screensaver/dream U=0 visible=false mode=fullscreen translucent=true sz=0}]
12-10 06:57:30.285 1507 6699 I wm_task_removed: [164,removeChild]
12-10 06:57:30.286 1507 6699 I ActivityTaskManager: FOREGROUND_APPLICATION_CHANGED to com.android.gallery3d.app.GalleryActivity
12-10 06:57:30.287 1507 1569 W ActivityTaskManager: Can't find TaskDisplayArea to determine support for multi window. Task id=164 attached=false
12-10 06:57:30.666 1507 1583 W BroadcastQueue: Permission Denial: broadcasting Intent { act=android.net.conn.CONNECTIVITY_CHANGE flg=0x4200010 (has extras) } from null (pid=-1, uid=-1) requires com.baidu.input.permission.sofire.RECEIVE due to registered receiver BroadcastFilter{ac441eb 10036/u0 ReceiverList{13b613a 4215 com.baidu.input/10036/u0 remote:a0f4065}}
12-10 06:57:31.155 0 0 I auditd : type=1400 audit(0.0:20583): avc: denied { kill } for comm="swapper/1" capability=5 scontext=u:r:kernel:s0 tcontext=u:r:kernel:s0 tclass=capability permissive=0
12-10 06:57:31.495 1507 1736 I input_interaction: Interaction with: b9dc337 com.android.gallery3d/com.android.gallery3d.app.GalleryActivity (server), edge-swipe (server), swipe-up (server), PointerEventDispatcher0 (server),
12-10 06:57:32.006 1507 1568 W WindowManager: updateScale0.4617737
12-10 06:57:32.008 1507 1568 I wm_relaunch_resume_activity: [0,201067358,165,com.android.gallery3d/.app.GalleryActivity]
12-10 06:57:32.010 1507 1568 W WindowManager: updateScale0.4617737
12-10 06:57:32.013 15614 15614 I wm_on_top_resumed_lost_called: [201067358,com.android.gallery3d.app.GalleryActivity,pausing]
12-10 06:57:32.026 15614 15614 I wm_on_paused_called: [201067358,com.android.gallery3d.app.GalleryActivity,performPause]
12-10 06:57:32.028 15614 15614 I wm_on_stop_called: [201067358,com.android.gallery3d.app.GalleryActivity,handleRelaunchActivity]
12-10 06:57:32.033 15614 15614 I wm_on_destroy_called: [201067358,com.android.gallery3d.app.GalleryActivity,performDestroy]
12-10 06:57:32.068 15614 15614 I wm_on_create_called: [201067358,com.android.gallery3d.app.GalleryActivity,performCreate]
12-10 06:57:32.070 15614 15614 I wm_on_start_called: [201067358,com.android.gallery3d.app.GalleryActivity,handleStartActivity]
12-10 06:57:32.080 15614 15614 I wm_on_resume_called: [201067358,com.android.gallery3d.app.GalleryActivity,RESUME_ACTIVITY]
12-10 06:57:32.080 15614 15614 I wm_on_top_resumed_gained_called: [201067358,com.android.gallery3d.app.GalleryActivity,topWhenResuming]
12-10 06:57:32.087 1507 1528 W WindowManager: updateScale0.4617737
12-10 06:57:32.089 1507 1528 W WindowManager: updateScale0.4617737
12-10 06:57:32.104 1507 6699 I WindowManager: finishDrawing of relaunch: Window{b9dc337 u0 com.android.gallery3d/com.android.gallery3d.app.GalleryActivity} 97ms
12-10 06:57:32.155 0 0 I auditd : type=1400 audit(0.0:20584): avc: denied { kill } for comm="swapper/1" capability=5 scontext=u:r:kernel:s0 tcontext=u:r:kernel:s0 tclass=capability permissive=0
12-10 06:57:33.155 0 0 I auditd : type=1400 audit(0.0:20585): avc: denied { kill } for comm="swapper/1" capability=5 scontext=u:r:kernel:s0 tcontext=u:r:kernel:s0 tclass=capability permissive=0
12-10 06:57:33.369 1507 6699 I wm_relaunch_resume_activity: [0,201067358,165,com.android.gallery3d/.app.GalleryActivity]
12-10 06:57:33.371 1507 6699 W WindowManager: updateScale0.7996942
12-10 06:57:33.397 15614 15614 I wm_on_top_resumed_lost_called: [201067358,com.android.gallery3d.app.GalleryActivity,pausing]
12-10 06:57:33.407 15614 15614 I wm_on_paused_called: [201067358,com.android.gallery3d.app.GalleryActivity,performPause]
12-10 06:57:33.408 15614 15614 I wm_on_stop_called: [201067358,com.android.gallery3d.app.GalleryActivity,handleRelaunchActivity]
12-10 06:57:33.411 15614 15614 I wm_on_destroy_called: [201067358,com.android.gallery3d.app.GalleryActivity,performDestroy]
12-10 06:57:33.413 1507 6699 I WindowManager: finishDrawing of relaunch: Window{b9dc337 u0 com.android.gallery3d/com.android.gallery3d.app.GalleryActivity} 44ms
12-10 06:57:33.441 15614 15614 I wm_on_create_called: [201067358,com.android.gallery3d.app.GalleryActivity,performCreate]
12-10 06:57:33.443 15614 15614 I wm_on_start_called: [201067358,com.android.gallery3d.app.GalleryActivity,handleStartActivity]
12-10 06:57:33.453 15614 15614 I wm_on_resume_called: [201067358,com.android.gallery3d.app.GalleryActivity,RESUME_ACTIVITY]
12-10 06:57:33.454 15614 15614 I wm_on_top_resumed_gained_called: [201067358,com.android.gallery3d.app.GalleryActivity,topWhenResuming]
12-10 06:57:33.460 1507 6699 W WindowManager: updateScale0.7996942
12-10 06:57:33.462 1507 6699 W WindowManager: updateScale0.7996942
12-10 06:57:34.155 0 0 I auditd : type=1400 audit(0.0:20586): avc: denied { kill } for comm="swapper/1" capability=5 scontext=u:r:kernel:s0 tcontext=u:r:kernel:s0 tclass=capability permissive=0
12-10 06:57:35.155 0 0 I auditd : type=1400 audit(0.0:20587): avc: denied { kill } for comm="swapper/1" capability=5 scontext=u:r:kernel:s0 tcontext=u:r:kernel:s0 tclass=capability permissive=0
12-10 06:57:35.618 1507 11870 I wm_finish_activity: [0,201067358,165,com.android.gallery3d/.app.GalleryActivity,finish-activity]
12-10 06:57:35.618 1507 11870 I wm_task_moved: [26,1,8]
12-10 06:57:35.623 1507 11870 I wm_set_resumed_activity: [0,com.android.launcher3/.uioverrides.QuickstepLauncher,positionChildAt]
12-10 06:57:35.623 1507 11870 I wm_task_moved: [27,1,2147483647]
12-10 06:57:35.623 1507 11870 I wm_task_to_front: [0,27]
12-10 06:57:35.623 1507 11870 I wm_focused_root_task: [0,0,26,-1,finish-top adjustFocusToNextFocusableTask]
12-10 06:57:35.623 1507 11870 I wm_set_resumed_activity: [0,com.android.launcher3/.uioverrides.QuickstepLauncher,finish-top]
12-10 06:57:35.640 1507 11870 I wm_pause_activity: [0,201067358,com.android.gallery3d/.app.GalleryActivity,userLeaving=false,finish]
12-10 06:57:35.657 1507 1569 I input_focus: [Focus request 2cb1f5d com.android.launcher3/com.android.launcher3.uioverrides.QuickstepLauncher,reason=UpdateInputWindows]
12-10 06:57:35.657 15614 15614 I wm_on_top_resumed_lost_called: [201067358,com.android.gallery3d.app.GalleryActivity,topStateChangedWhenResumed]
12-10 06:57:35.659 2526 2526 I wm_on_top_resumed_gained_called: [142082565,com.android.launcher3.uioverrides.QuickstepLauncher,topStateChangedWhenResumed]
12-10 06:57:35.670 15614 15614 I wm_on_paused_called: [201067358,com.android.gallery3d.app.GalleryActivity,performPause]
12-10 06:57:35.672 1507 2719 E TaskPersister: File error accessing recents directory (directory doesn't exist?).
12-10 06:57:35.672 1507 1568 I sysui_multi_action: [757,803,799,window_time_2,802,6]
12-10 06:57:35.674 1507 2150 I ActivityTaskManager: FOREGROUND_APPLICATION_CHANGED to com.android.launcher3.uioverrides.QuickstepLauncher
12-10 06:57:35.674 1507 2150 I wm_destroy_activity: [0,201067358,165,com.android.gallery3d/.app.GalleryActivity,finish-imm:completePausedLocked]
12-10 06:57:35.685 1507 1736 I input_focus: [Focus leaving b9dc337 com.android.gallery3d/com.android.gallery3d.app.GalleryActivity (server),reason=NO_WINDOW]
12-10 06:57:35.685 1507 1736 I input_focus: [Focus entering 2cb1f5d com.android.launcher3/com.android.launcher3.uioverrides.QuickstepLauncher (server),reason=setFocusedWindow]
12-10 06:57:35.690 1507 1568 I sysui_multi_action: [757,803,799,window_time_0,802,0]
12-10 06:57:35.701 8492 8527 W ContextImpl: Calling a method in the system process without a qualified user: android.app.ContextImpl.startService:1816 android.content.ContextWrapper.startService:774 com.thundercomm.gamemode.ingame.services.GameModeActionUtils.startGameModeService:99 com.thundercomm.gamemode.ingame.services.GameModeActionUtils.startGameModeEntry:22 com.thundercomm.gamemode.ingame.services.ActivityMonitoringService$1.onActivityLaunch:127
12-10 06:57:35.708 1507 1507 I GameModeConfig: Current uri is uri = content://com.thundercomm.gamemode.api/gamemode_settings/gamemode_isgaming
12-10 06:57:35.712 15614 15614 I wm_on_stop_called: [201067358,com.android.gallery3d.app.GalleryActivity,LIFECYCLER_STOP_ACTIVITY]
12-10 06:57:35.712 1507 1507 I GameModeConfig: isGameModeOn = true
12-10 06:57:35.712 1507 1507 I GameModeConfig: isGaming = false
12-10 06:57:35.713 1507 1507 I GameModeConfig: isGameModeOn = true
12-10 06:57:35.713 1507 1507 I GameModeConfig: isGaming = false
12-10 06:57:35.713 1507 1507 I GameModeConfig: isDisableVoice = true
12-10 06:57:35.716 15614 15614 I wm_on_destroy_called: [201067358,com.android.gallery3d.app.GalleryActivity,performDestroy]
12-10 06:57:35.784 8492 8527 W ContextImpl: Calling a method in the system process without a qualified user: android.app.ContextImpl.startService:1816 android.content.ContextWrapper.startService:774 com.thundercomm.gamemode.ingame.services.GameModeActionUtils.startGameModeService:99 com.thundercomm.gamemode.ingame.services.GameModeActionUtils.startGameModeEntry:22 com.thundercomm.gamemode.ingame.services.ActivityMonitoringService$1.onActivityLaunch:127
12-10 06:57:35.788 1507 1507 I GameModeConfig: Current uri is uri = content://com.thundercomm.gamemode.api/gamemode_settings/gamemode_isgaming
12-10 06:57:35.790 1507 1507 I GameModeConfig: isGameModeOn = true
12-10 06:57:35.790 1507 1507 I GameModeConfig: isGaming = false
12-10 06:57:35.795 1507 1507 I GameModeConfig: isGameModeOn = true
12-10 06:57:35.795 1507 1507 I GameModeConfig: isGaming = false
12-10 06:57:35.795 1507 1507 I GameModeConfig: isDisableVoice = true
12-10 06:57:35.983 1507 1569 I wm_task_removed: [165,removeChild:removeChild last r=ActivityRecord{bfc0b5e u0 com.android.gallery3d/.app.GalleryActivity t-1 f}} in t=Task{456c99 #165 type=standard A=10066:com.android.gallery3d U=0 visible=false mode=freeform translucent=true sz=0}]
12-10 06:57:35.983 1507 1569 I wm_task_removed: [165,removeChild]
12-10 06:57:35.983 1507 1569 D FreeFormWindowHelper: Remove freefrom task=Task{456c99 #165 type=standard A=10066:com.android.gallery3d U=0 visible=false mode=freeform translucent=true sz=0}
12-10 06:57:36.155 0 0 I auditd : type=1400 audit(0.0:20588): avc: denied { kill } for comm="swapper/1" capability=5 scontext=u:r:kernel:s0 tcontext=u:r:kernel:s0 tclass=capability permissive=0
12-10 06:57:37.155 0 0 I auditd : type=1400 audit(0.0:20589): avc: denied { kill } for comm="swapper/1" capability=5 scontext=u:r:kernel:s0 tcontext=u:r:kernel:s0 tclass=capability permissive=0
12-10 06:57:37.183 1507 1736 I input_interaction: Interaction with: 2cb1f5d com.android.launcher3/com.android.launcher3.uioverrides.QuickstepLauncher (server), 5478378 com.android.systemui.ImageWallpaper (server), edge-swipe (server), swipe-up (server), PointerEventDispatcher0 (server),
12-10 06:57:37.494 1507 1710 I commit_sys_config_file: [settings-1-0,5]
12-10 06:57:38.155 0 0 I auditd : type=1400 audit(0.0:20590): avc: denied { kill } for comm="swapper/1" capability=5 scontext=u:r:kernel:s0 tcontext=u:r:kernel:s0 tclass=capability permissive=0
12-10 06:57:38.990 1507 2719 E TaskPersister: File error accessing recents directory (directory doesn't exist?).
12-10 06:57:39.155 0 0 I auditd : type=1400 audit(0.0:20591): avc: denied { kill } for comm="swapper/1" capability=5 scontext=u:r:kernel:s0 tcontext=u:r:kernel:s0 tclass=capability permissive=0
12-10 06:57:40.018 1507 1710 I commit_sys_config_file: [settings-1-0,6]
12-10 06:57:40.155 0 0 I auditd : type=1400 audit(0.0:20592): avc: denied { kill } for comm="swapper/1" capability=5 scontext=u:r:kernel:s0 tcontext=u:r:kernel:s0 tclass=capability permissive=0
12-10 06:57:42.155 0 0 I auditd : type=1400 audit(0.0:20593): avc: denied { kill } for comm="swapper/3" capability=5 scontext=u:r:kernel:s0 tcontext=u:r:kernel:s0 tclass=capability permissive=0
12-10 06:57:42.852 1507 1736 I input_interaction: Interaction with: 16cb512 StatusBar (server), edge-swipe (server), swipe-up (server), PointerEventDispatcher0 (server),
12-10 06:57:42.861 2004 2004 I sysui_multi_action: [757,803,799,panel_open,802,1]
12-10 06:57:42.863 2004 2004 I sysui_multi_action: [757,1328,758,4,1326,77,1327,0,1329,0]
12-10 06:57:42.970 1507 1528 I sysui_multi_action: [757,127,758,1]
12-10 06:57:42.971 1507 1528 I sysui_multi_action: [757,804,799,note_load,801,3,802,1]
12-10 06:57:42.971 1507 1528 I notification_panel_revealed: 3
12-10 06:57:42.972 1507 1909 I GameModeConfig: isGameModeOn = true
12-10 06:57:42.973 1507 1909 I GameModeConfig: isGaming = false
12-10 06:57:42.973 1507 1909 I GameModeConfig: isGameModeOn = true
12-10 06:57:42.973 1507 1909 I GameModeConfig: isGaming = false
12-10 06:57:42.973 1507 1909 I GameModeConfig: isGameModeOn = true
12-10 06:57:42.973 1507 1909 I GameModeConfig: isGaming = false
12-10 06:57:42.974 1507 1909 I GameModeConfig: isGameModeOn = true
12-10 06:57:42.974 1507 1909 I GameModeConfig: isGaming = false
12-10 06:57:42.975 1507 1909 I GameModeConfig: isGameModeOn = true
12-10 06:57:42.975 1507 1909 I GameModeConfig: isGaming = false
12-10 06:57:42.976 2004 2004 I sysui_multi_action: [757,111,758,2]
12-10 06:57:42.976 2004 2004 I sysui_multi_action: [757,111,758,2]
12-10 06:57:42.976 1507 1507 I notification_enqueue: [10082,2004,com.android.systemui,2048,NULL,0,Notification(channel=updateNotification shortcut=null contentView=null vibrate=null sound=null defaults=0x0 flags=0x0 color=0x00000000 vis=PRIVATE),1]
12-10 06:57:42.991 1507 1569 I input_focus: [Focus request 349ab61 NotificationShade,reason=UpdateInputWindows]
12-10 06:57:42.994 2004 2004 I sysui_multi_action: [757,111,758,1]
12-10 06:57:42.994 2004 2004 I sysui_multi_action: [757,126,758,1,759,126,927,0,928,1,1593,0]
12-10 06:57:42.994 2004 2004 I sysui_multi_action: [757,113,758,1,759,113,927,1,928,1,1593,0]
12-10 06:57:42.994 2004 2004 I sysui_multi_action: [757,0,758,1,759,0,927,2,928,0,1593,0]
12-10 06:57:42.994 2004 2004 I sysui_multi_action: [757,0,758,1,759,0,927,3,928,0,1593,0]
12-10 06:57:42.995 2004 2004 I sysui_multi_action: [757,491,758,1,759,491,927,4,928,1,1311,1,1593,0]
12-10 06:57:42.995 2004 2004 I sysui_multi_action: [757,0,758,1,759,0,927,5,928,0,1593,0]
12-10 06:57:42.995 2004 2004 I sysui_multi_action: [757,111,758,1]
12-10 06:57:42.995 2004 2004 I sysui_multi_action: [757,126,758,1,759,126,927,0,928,1,1593,1]
12-10 06:57:42.995 2004 2004 I sysui_multi_action: [757,113,758,1,759,113,927,1,928,1,1593,1]
12-10 06:57:42.996 2004 2004 I sysui_multi_action: [757,0,758,1,759,0,927,2,928,0,1593,1]
12-10 06:57:42.996 2004 2004 I sysui_multi_action: [757,0,758,1,759,0,927,3,928,0,1593,1]
12-10 06:57:43.008 1507 1909 I GameModeConfig: isGameModeOn = true
12-10 06:57:43.008 1507 1909 I GameModeConfig: isGaming = false
12-10 06:57:43.008 1507 1909 I GameModeConfig: isGameModeOn = true
12-10 06:57:43.008 1507 1909 I GameModeConfig: isGaming = false
12-10 06:57:43.008 1507 1909 I GameModeConfig: isGameModeOn = true
12-10 06:57:43.008 1507 1909 I GameModeConfig: isGaming = false
12-10 06:57:43.009 1507 1909 I GameModeConfig: isGameModeOn = true
12-10 06:57:43.009 1507 1909 I GameModeConfig: isGaming = false
12-10 06:57:43.009 1507 1909 I GameModeConfig: isGameModeOn = true
12-10 06:57:43.009 1507 1909 I GameModeConfig: isGaming = false
12-10 06:57:43.010 2004 2004 I sysui_multi_action: [757,111,758,2]
12-10 06:57:43.010 1507 1507 I notification_enqueue: [10082,2004,com.android.systemui,2048,NULL,0,Notification(channel=updateNotification shortcut=null contentView=null vibrate=null sound=null defaults=0x0 flags=0x0 color=0x00000000 vis=PRIVATE),1]
12-10 06:57:43.010 2004 2004 I sysui_multi_action: [757,111,758,2]
12-10 06:57:43.011 1507 1736 I input_focus: [Focus leaving 2cb1f5d com.android.launcher3/com.android.launcher3.uioverrides.QuickstepLauncher (server),reason=Waiting for window because NOT_VISIBLE]
12-10 06:57:43.014 2004 2004 I sysui_multi_action: [757,111,758,1]
12-10 06:57:43.015 2004 2004 I sysui_multi_action: [757,126,758,1,759,126,927,0,928,1,1593,1]
12-10 06:57:43.015 2004 2004 I sysui_multi_action: [757,113,758,1,759,113,927,1,928,1,1593,1]
12-10 06:57:43.015 2004 2004 I sysui_multi_action: [757,0,758,1,759,0,927,2,928,0,1593,1]
12-10 06:57:43.015 2004 2004 I sysui_multi_action: [757,0,758,1,759,0,927,3,928,0,1593,1]
12-10 06:57:43.015 2004 2004 I sysui_multi_action: [757,491,758,1,759,491,927,4,928,1,1311,1,1593,1]
12-10 06:57:43.015 2004 2004 I sysui_multi_action: [757,0,758,1,759,0,927,5,928,0,1593,1]
12-10 06:57:43.016 2004 2004 I sysui_multi_action: [757,111,758,1]
12-10 06:57:43.016 2004 2004 I sysui_multi_action: [757,126,758,1,759,126,927,0,928,1,1593,1]
12-10 06:57:43.016 2004 2004 I sysui_multi_action: [757,113,758,1,759,113,927,1,928,1,1593,1]
12-10 06:57:43.016 2004 2004 I sysui_multi_action: [757,0,758,1,759,0,927,2,928,0,1593,1]
12-10 06:57:43.016 2004 2004 I sysui_multi_action: [757,0,758,1,759,0,927,3,928,0,1593,1]
12-10 06:57:43.022 1507 1736 I input_focus: [Focus entering 349ab61 NotificationShade (server),reason=Window became focusable. Previous reason: NOT_VISIBLE]
12-10 06:57:43.029 1507 1909 I GameModeConfig: isGameModeOn = true
12-10 06:57:43.029 1507 1909 I GameModeConfig: isGaming = false
12-10 06:57:43.030 1507 1909 I GameModeConfig: isGameModeOn = true
12-10 06:57:43.030 1507 1909 I GameModeConfig: isGaming = false
12-10 06:57:43.030 1507 1909 I GameModeConfig: isGameModeOn = true
12-10 06:57:43.030 1507 1909 I GameModeConfig: isGaming = false
12-10 06:57:43.030 1507 1909 I GameModeConfig: isGameModeOn = true
12-10 06:57:43.030 1507 1909 I GameModeConfig: isGaming = false
12-10 06:57:43.030 1507 1909 I GameModeConfig: isGameModeOn = true
12-10 06:57:43.030 1507 1909 I GameModeConfig: isGaming = false
12-10 06:57:43.031 2004 2004 I sysui_multi_action: [757,111,758,2]
12-10 06:57:43.031 2004 2004 I sysui_multi_action: [757,111,758,2]
12-10 06:57:43.031 1507 1507 I notification_enqueue: [10082,2004,com.android.systemui,2048,NULL,0,Notification(channel=updateNotification shortcut=null contentView=null vibrate=null sound=null defaults=0x0 flags=0x0 color=0x00000000 vis=PRIVATE),1]
12-10 06:57:43.037 2004 2004 I sysui_multi_action: [757,111,758,1]
12-10 06:57:43.037 2004 2004 I sysui_multi_action: [757,126,758,1,759,126,927,0,928,1,1593,0]
12-10 06:57:43.037 2004 2004 I sysui_multi_action: [757,113,758,1,759,113,927,1,928,1,1593,0]
12-10 06:57:43.037 2004 2004 I sysui_multi_action: [757,0,758,1,759,0,927,2,928,0,1593,0]
12-10 06:57:43.037 2004 2004 I sysui_multi_action: [757,0,758,1,759,0,927,3,928,0,1593,0]
12-10 06:57:43.037 2004 2004 I sysui_multi_action: [757,491,758,1,759,491,927,4,928,1,1311,1,1593,0]
12-10 06:57:43.037 2004 2004 I sysui_multi_action: [757,0,758,1,759,0,927,5,928,0,1593,0]
12-10 06:57:43.037 2004 2004 I sysui_multi_action: [757,111,758,1]
12-10 06:57:43.037 2004 2004 I sysui_multi_action: [757,126,758,1,759,126,927,0,928,1,1593,0]
12-10 06:57:43.037 2004 2004 I sysui_multi_action: [757,113,758,1,759,113,927,1,928,1,1593,0]
12-10 06:57:43.038 2004 2004 I sysui_multi_action: [757,0,758,1,759,0,927,2,928,0,1593,0]
12-10 06:57:43.038 2004 2004 I sysui_multi_action: [757,0,758,1,759,0,927,3,928,0,1593,0]
12-10 06:57:43.181 1507 1507 I GameModeConfig: isGameModeOn = true
12-10 06:57:43.181 1507 1507 I GameModeConfig: isGaming = false
12-10 06:57:43.212 1507 1507 I GameModeConfig: isGameModeOn = true
12-10 06:57:43.213 1507 1507 I GameModeConfig: isGaming = false
12-10 06:57:43.213 1507 1507 E NotificationService: Muting recently noisy 0|com.android.systemui|2048|null|10082
12-10 06:57:43.234 1507 1507 I GameModeConfig: isGameModeOn = true
12-10 06:57:43.234 1507 1507 I GameModeConfig: isGaming = false
12-10 06:57:43.235 1507 1507 E NotificationService: Muting recently noisy 0|com.android.systemui|2048|null|10082
12-10 06:57:43.520 1507 6850 I sysui_multi_action: [757,128,758,1,793,19099988,794,0,795,19099988,796,26,798,0,806,android,857,DEVELOPER_IMPORTANT,858,4,947,0,1395,3,1500,19099522,1688,1]
12-10 06:57:43.520 1507 6850 I sysui_multi_action: [757,804,799,note_freshness,801,19099988,802,1]
12-10 06:57:43.520 1507 6850 I notification_visibility: [-1|android|26|null|1000,1,19099988,19099988,0,0]
12-10 06:57:43.520 1507 6850 I sysui_multi_action: [757,128,758,1,793,1428603,794,0,795,1428603,796,2147483646,798,1,806,com.android.deskclock,857,StopwatchNotification,858,3,946,3,947,0,1395,3,1500,1428398,1688,1,1745,-868672399]
12-10 06:57:43.520 1507 6850 I sysui_multi_action: [757,804,799,note_freshness,801,1428603,802,1]
12-10 06:57:43.520 1507 6850 I notification_visibility: [0|com.android.deskclock|2147483646|null|10069,1,1428603,1428603,0,1]
12-10 06:57:43.521 1507 6850 I sysui_multi_action: [757,128,758,1,793,19100888,794,0,795,19100888,796,32,798,2,806,android,857,USB,858,1,947,0,1395,3,1500,19100541,1688,1]
12-10 06:57:43.521 1507 6850 I sysui_multi_action: [757,804,799,note_freshness,801,19100888,802,1]
12-10 06:57:43.521 1507 6850 I notification_visibility: [-1|android|32|null|1000,1,19100888,19100888,0,2]
12-10 06:57:44.744 1507 1736 I input_interaction: Interaction with: 349ab61 NotificationShade (server), edge-swipe (server), swipe-up (server), PointerEventDispatcher0 (server),
12-10 06:57:45.220 1507 1909 I GameModeConfig: isGameModeOn = true
12-10 06:57:45.220 1507 1909 I GameModeConfig: isGaming = false
12-10 06:57:45.220 1507 1909 I GameModeConfig: isGameModeOn = true
12-10 06:57:45.220 1507 1909 I GameModeConfig: isGaming = false
12-10 06:57:45.220 1507 1909 I GameModeConfig: isGameModeOn = true
12-10 06:57:45.220 1507 1909 I GameModeConfig: isGaming = false
12-10 06:57:45.220 1507 1909 I GameModeConfig: isGameModeOn = true
12-10 06:57:45.220 1507 1909 I GameModeConfig: isGaming = false
12-10 06:57:45.221 1507 1909 I GameModeConfig: isGameModeOn = true
12-10 06:57:45.221 1507 1909 I GameModeConfig: isGaming = false
12-10 06:57:45.222 2004 2004 I sysui_multi_action: [757,111,758,2]
12-10 06:57:45.222 2004 2004 I sysui_multi_action: [757,111,758,2]
12-10 06:57:45.222 1507 1507 I notification_enqueue: [10082,2004,com.android.systemui,2048,NULL,0,Notification(channel=updateNotification shortcut=null contentView=null vibrate=null sound=null defaults=0x0 flags=0x0 color=0x00000000 vis=PRIVATE),1]
12-10 06:57:45.228 2004 2004 I sysui_multi_action: [757,111,758,1]
12-10 06:57:45.228 2004 2004 I sysui_multi_action: [757,126,758,1,759,126,927,0,928,1,1593,1]
12-10 06:57:45.228 2004 2004 I sysui_multi_action: [757,113,758,1,759,113,927,1,928,1,1593,1]
12-10 06:57:45.228 2004 2004 I sysui_multi_action: [757,0,758,1,759,0,927,2,928,0,1593,1]
12-10 06:57:45.228 2004 2004 I sysui_multi_action: [757,0,758,1,759,0,927,3,928,0,1593,1]
12-10 06:57:45.229 2004 2004 I sysui_multi_action: [757,491,758,1,759,491,927,4,928,1,1311,1,1593,0]
12-10 06:57:45.229 2004 2004 I sysui_multi_action: [757,0,758,1,759,0,927,5,928,0,1593,0]
12-10 06:57:45.229 2004 2004 I sysui_multi_action: [757,111,758,1]
12-10 06:57:45.229 2004 2004 I sysui_multi_action: [757,126,758,1,759,126,927,0,928,1,1593,1]
12-10 06:57:45.229 2004 2004 I sysui_multi_action: [757,113,758,1,759,113,927,1,928,1,1593,1]
12-10 06:57:45.229 2004 2004 I sysui_multi_action: [757,0,758,1,759,0,927,2,928,0,1593,1]
12-10 06:57:45.229 2004 2004 I sysui_multi_action: [757,0,758,1,759,0,927,3,928,0,1593,1]
12-10 06:57:45.251 2004 2004 I sysui_multi_action: [757,111,758,2]
12-10 06:57:45.251 2004 2004 I sysui_multi_action: [757,111,758,2]
12-10 06:57:45.251 1507 1507 I notification_enqueue: [10082,2004,com.android.systemui,2048,NULL,0,Notification(channel=updateNotification shortcut=null contentView=null vibrate=null sound=null defaults=0x0 flags=0x0 color=0x00000000 vis=PRIVATE),1]
12-10 06:57:45.253 1507 1909 I GameModeConfig: isGameModeOn = true
12-10 06:57:45.253 1507 1909 I GameModeConfig: isGaming = false
12-10 06:57:45.254 1507 1909 I GameModeConfig: isGameModeOn = true
12-10 06:57:45.254 1507 1909 I GameModeConfig: isGaming = false
12-10 06:57:45.254 1507 1909 I GameModeConfig: isGameModeOn = true
12-10 06:57:45.254 1507 1909 I GameModeConfig: isGaming = false
12-10 06:57:45.254 1507 1909 I GameModeConfig: isGameModeOn = true
12-10 06:57:45.254 1507 1909 I GameModeConfig: isGaming = false
12-10 06:57:45.254 1507 1909 I GameModeConfig: isGameModeOn = true
12-10 06:57:45.254 1507 1909 I GameModeConfig: isGaming = false
12-10 06:57:45.255 2004 2004 I sysui_multi_action: [757,111,758,1]
12-10 06:57:45.255 2004 2004 I sysui_multi_action: [757,126,758,1,759,126,927,0,928,1,1593,0]
12-10 06:57:45.255 2004 2004 I sysui_multi_action: [757,113,758,1,759,113,927,1,928,1,1593,0]
12-10 06:57:45.255 2004 2004 I sysui_multi_action: [757,0,758,1,759,0,927,2,928,0,1593,0]
12-10 06:57:45.256 2004 2004 I sysui_multi_action: [757,0,758,1,759,0,927,3,928,0,1593,0]
12-10 06:57:45.256 2004 2004 I sysui_multi_action: [757,491,758,1,759,491,927,4,928,1,1311,1,1593,0]
12-10 06:57:45.256 2004 2004 I sysui_multi_action: [757,0,758,1,759,0,927,5,928,0,1593,0]
12-10 06:57:45.256 2004 2004 I sysui_multi_action: [757,111,758,1]
12-10 06:57:45.256 2004 2004 I sysui_multi_action: [757,126,758,1,759,126,927,0,928,1,1593,0]
12-10 06:57:45.256 2004 2004 I sysui_multi_action: [757,113,758,1,759,113,927,1,928,1,1593,0]
12-10 06:57:45.256 2004 2004 I sysui_multi_action: [757,0,758,1,759,0,927,2,928,0,1593,0]
12-10 06:57:45.256 2004 2004 I sysui_multi_action: [757,0,758,1,759,0,927,3,928,0,1593,0]
12-10 06:57:45.264 1507 1909 I GameModeConfig: isGameModeOn = true
12-10 06:57:45.264 1507 1909 I GameModeConfig: isGaming = false
12-10 06:57:45.265 1507 1909 I GameModeConfig: isGameModeOn = true
12-10 06:57:45.265 1507 1909 I GameModeConfig: isGaming = false
12-10 06:57:45.265 1507 1909 I GameModeConfig: isGameModeOn = true
12-10 06:57:45.265 1507 1909 I GameModeConfig: isGaming = false
12-10 06:57:45.265 1507 1909 I GameModeConfig: isGameModeOn = true
12-10 06:57:45.265 1507 1909 I GameModeConfig: isGaming = false
12-10 06:57:45.265 1507 1909 I GameModeConfig: isGameModeOn = true
12-10 06:57:45.265 1507 1909 I GameModeConfig: isGaming = false
12-10 06:57:45.266 2004 2004 I sysui_multi_action: [757,111,758,2]
12-10 06:57:45.266 2004 2004 I sysui_multi_action: [757,111,758,2]
12-10 06:57:45.267 1507 1507 I notification_enqueue: [10082,2004,com.android.systemui,2048,NULL,0,Notification(channel=updateNotification shortcut=null contentView=null vibrate=null sound=null defaults=0x0 flags=0x0 color=0x00000000 vis=PRIVATE),1]
12-10 06:57:45.271 2004 2004 I sysui_multi_action: [757,111,758,1]
12-10 06:57:45.271 2004 2004 I sysui_multi_action: [757,126,758,1,759,126,927,0,928,1,1593,1]
12-10 06:57:45.271 2004 2004 I sysui_multi_action: [757,113,758,1,759,113,927,1,928,1,1593,1]
12-10 06:57:45.271 2004 2004 I sysui_multi_action: [757,0,758,1,759,0,927,2,928,0,1593,1]
12-10 06:57:45.271 2004 2004 I sysui_multi_action: [757,0,758,1,759,0,927,3,928,0,1593,1]
12-10 06:57:45.271 2004 2004 I sysui_multi_action: [757,491,758,1,759,491,927,4,928,1,1311,1,1593,1]
12-10 06:57:45.272 2004 2004 I sysui_multi_action: [757,0,758,1,759,0,927,5,928,0,1593,1]
12-10 06:57:45.272 2004 2004 I sysui_multi_action: [757,111,758,1]
12-10 06:57:45.272 2004 2004 I sysui_multi_action: [757,126,758,1,759,126,927,0,928,1,1593,1]
12-10 06:57:45.272 2004 2004 I sysui_multi_action: [757,113,758,1,759,113,927,1,928,1,1593,1]
12-10 06:57:45.272 2004 2004 I sysui_multi_action: [757,0,758,1,759,0,927,2,928,0,1593,1]
12-10 06:57:45.272 2004 2004 I sysui_multi_action: [757,0,758,1,759,0,927,3,928,0,1593,1]
12-10 06:57:45.282 1507 1909 I GameModeConfig: isGameModeOn = true
12-10 06:57:45.282 1507 1909 I GameModeConfig: isGaming = false
12-10 06:57:45.283 1507 1909 I GameModeConfig: isGameModeOn = true
12-10 06:57:45.283 1507 1909 I GameModeConfig: isGaming = false
12-10 06:57:45.283 1507 1909 I GameModeConfig: isGameModeOn = true
12-10 06:57:45.283 1507 1909 I GameModeConfig: isGaming = false
12-10 06:57:45.283 1507 1909 I GameModeConfig: isGameModeOn = true
12-10 06:57:45.283 1507 1909 I GameModeConfig: isGaming = false
12-10 06:57:45.283 1507 1909 I GameModeConfig: isGameModeOn = true
12-10 06:57:45.283 1507 1909 I GameModeConfig: isGaming = false
12-10 06:57:45.284 2004 2004 I sysui_multi_action: [757,111,758,2]
12-10 06:57:45.284 1507 1507 I notification_enqueue: [10082,2004,com.android.systemui,2048,NULL,0,Notification(channel=updateNotification shortcut=null contentView=null vibrate=null sound=null defaults=0x0 flags=0x0 color=0x00000000 vis=PRIVATE),1]
12-10 06:57:45.284 2004 2004 I sysui_multi_action: [757,111,758,2]
12-10 06:57:45.287 2004 2004 I sysui_multi_action: [757,111,758,1]
12-10 06:57:45.287 2004 2004 I sysui_multi_action: [757,126,758,1,759,126,927,0,928,1,1593,0]
12-10 06:57:45.287 2004 2004 I sysui_multi_action: [757,113,758,1,759,113,927,1,928,1,1593,0]
12-10 06:57:45.287 2004 2004 I sysui_multi_action: [757,0,758,1,759,0,927,2,928,0,1593,0]
12-10 06:57:45.287 2004 2004 I sysui_multi_action: [757,0,758,1,759,0,927,3,928,0,1593,0]
12-10 06:57:45.288 2004 2004 I sysui_multi_action: [757,491,758,1,759,491,927,4,928,1,1311,1,1593,0]
12-10 06:57:45.288 2004 2004 I sysui_multi_action: [757,0,758,1,759,0,927,5,928,0,1593,0]
12-10 06:57:45.288 2004 2004 I sysui_multi_action: [757,111,758,1]
12-10 06:57:45.288 2004 2004 I sysui_multi_action: [757,126,758,1,759,126,927,0,928,1,1593,0]
12-10 06:57:45.288 2004 2004 I sysui_multi_action: [757,113,758,1,759,113,927,1,928,1,1593,1]
12-10 06:57:45.288 2004 2004 I sysui_multi_action: [757,0,758,1,759,0,927,2,928,0,1593,1]
12-10 06:57:45.288 2004 2004 I sysui_multi_action: [757,0,758,1,759,0,927,3,928,0,1593,1]
12-10 06:57:45.296 1507 1909 I GameModeConfig: isGameModeOn = true
12-10 06:57:45.296 1507 1909 I GameModeConfig: isGaming = false
12-10 06:57:45.297 1507 1909 I GameModeConfig: isGameModeOn = true
12-10 06:57:45.297 1507 1909 I GameModeConfig: isGaming = false
12-10 06:57:45.298 1507 1909 I GameModeConfig: isGameModeOn = true
12-10 06:57:45.298 1507 1909 I GameModeConfig: isGaming = false
12-10 06:57:45.298 1507 1909 I GameModeConfig: isGameModeOn = true
12-10 06:57:45.298 1507 1909 I GameModeConfig: isGaming = false
12-10 06:57:45.298 1507 1909 I GameModeConfig: isGameModeOn = true
12-10 06:57:45.298 1507 1909 I GameModeConfig: isGaming = false
12-10 06:57:45.299 2004 2004 I sysui_multi_action: [757,111,758,2]
12-10 06:57:45.299 2004 2004 I sysui_multi_action: [757,111,758,2]
12-10 06:57:45.299 1507 1507 I notification_enqueue: [10082,2004,com.android.systemui,2048,NULL,0,Notification(channel=updateNotification shortcut=null contentView=null vibrate=null sound=null defaults=0x0 flags=0x0 color=0x00000000 vis=PRIVATE),1]
12-10 06:57:45.301 2004 2004 I sysui_multi_action: [757,111,758,1]
12-10 06:57:45.301 2004 2004 I sysui_multi_action: [757,126,758,1,759,126,927,0,928,1,1593,1]
12-10 06:57:45.301 2004 2004 I sysui_multi_action: [757,113,758,1,759,113,927,1,928,1,1593,1]
12-10 06:57:45.302 2004 2004 I sysui_multi_action: [757,0,758,1,759,0,927,2,928,0,1593,1]
12-10 06:57:45.302 2004 2004 I sysui_multi_action: [757,0,758,1,759,0,927,3,928,0,1593,1]
12-10 06:57:45.302 2004 2004 I sysui_multi_action: [757,491,758,1,759,491,927,4,928,1,1311,1,1593,0]
12-10 06:57:45.302 2004 2004 I sysui_multi_action: [757,0,758,1,759,0,927,5,928,0,1593,0]
12-10 06:57:45.302 2004 2004 I sysui_multi_action: [757,111,758,1]
12-10 06:57:45.302 2004 2004 I sysui_multi_action: [757,126,758,1,759,126,927,0,928,1,1593,1]
12-10 06:57:45.302 2004 2004 I sysui_multi_action: [757,113,758,1,759,113,927,1,928,1,1593,1]
12-10 06:57:45.302 2004 2004 I sysui_multi_action: [757,0,758,1,759,0,927,2,928,0,1593,1]
12-10 06:57:45.302 2004 2004 I sysui_multi_action: [757,0,758,1,759,0,927,3,928,0,1593,1]
12-10 06:57:45.307 1507 1909 I GameModeConfig: isGameModeOn = true
12-10 06:57:45.307 1507 1909 I GameModeConfig: isGaming = false
12-10 06:57:45.307 1507 1909 I GameModeConfig: isGameModeOn = true
12-10 06:57:45.308 1507 1909 I GameModeConfig: isGaming = false
12-10 06:57:45.309 1507 1909 I GameModeConfig: isGameModeOn = true
12-10 06:57:45.309 1507 1909 I GameModeConfig: isGaming = false
12-10 06:57:45.309 1507 1909 I GameModeConfig: isGameModeOn = true
12-10 06:57:45.309 1507 1909 I GameModeConfig: isGaming = false
12-10 06:57:45.309 1507 1909 I GameModeConfig: isGameModeOn = true
