12-10 06:53:42.658 1507 1736 I input_focus: [Focus entering 91f4fee com.thundercomm.screensaver/android.service.dreams.DreamActivity (server),reason=Window became focusable. Previous reason: NOT_VISIBLE]
12-10 06:53:42.671 8492 8527 W ContextImpl: Calling a method in the system process without a qualified user: android.app.ContextImpl.startService:1816 android.content.ContextWrapper.startService:774 com.thundercomm.gamemode.ingame.services.GameModeActionUtils.startGameModeService:99 com.thundercomm.gamemode.ingame.services.GameModeActionUtils.startGameModeEntry:22 com.thundercomm.gamemode.ingame.services.ActivityMonitoringService$1.onActivityLaunch:127
12-10 06:53:42.675 1507 1980 E DisplayDeviceConfig: requesting nits when no mapping exists.
12-10 06:53:42.675 1507 1980 E DisplayDeviceConfig: requesting nits when no mapping exists.
12-10 06:53:42.675 1507 1583 I am_wtf : [0,1507,system_server,-1,DisplayDeviceConfig,requesting nits when no mapping exists.]
12-10 06:53:42.676 1507 1583 I am_wtf : [0,1507,system_server,-1,DisplayDeviceConfig,requesting nits when no mapping exists.]
12-10 06:53:42.679 1507 1507 I GameModeConfig: Current uri is uri = content://com.thundercomm.gamemode.api/gamemode_settings/gamemode_isgaming
12-10 06:53:42.681 1507 1507 I GameModeConfig: isGameModeOn = true
12-10 06:53:42.681 1507 1507 I GameModeConfig: isGaming = false
12-10 06:53:42.682 1507 1507 I GameModeConfig: isGameModeOn = true
12-10 06:53:42.682 1507 1507 I GameModeConfig: isGaming = false
12-10 06:53:42.682 1507 1507 I GameModeConfig: isDisableVoice = true
12-10 06:53:42.689 1507 1980 E DisplayDeviceConfig: requesting nits when no mapping exists.
12-10 06:53:42.689 1507 1583 I am_wtf : [0,1507,system_server,-1,DisplayDeviceConfig,requesting nits when no mapping exists.]
12-10 06:53:42.689 1507 1980 E DisplayDeviceConfig: requesting nits when no mapping exists.
12-10 06:53:42.695 1507 1583 I am_wtf : [0,1507,system_server,-1,DisplayDeviceConfig,requesting nits when no mapping exists.]
12-10 06:53:42.706 1507 1980 E DisplayDeviceConfig: requesting nits when no mapping exists.
12-10 06:53:42.706 1507 1583 I am_wtf : [0,1507,system_server,-1,DisplayDeviceConfig,requesting nits when no mapping exists.]
12-10 06:53:42.707 1507 1980 E DisplayDeviceConfig: requesting nits when no mapping exists.
12-10 06:53:42.707 1507 1583 I am_wtf : [0,1507,system_server,-1,DisplayDeviceConfig,requesting nits when no mapping exists.]
12-10 06:53:42.726 1507 1980 E DisplayDeviceConfig: requesting nits when no mapping exists.
12-10 06:53:42.726 1507 1583 I am_wtf : [0,1507,system_server,-1,DisplayDeviceConfig,requesting nits when no mapping exists.]
12-10 06:53:42.726 1507 1980 E DisplayDeviceConfig: requesting nits when no mapping exists.
12-10 06:53:42.727 1507 1583 I am_wtf : [0,1507,system_server,-1,DisplayDeviceConfig,requesting nits when no mapping exists.]
12-10 06:53:42.739 1507 1980 E DisplayDeviceConfig: requesting nits when no mapping exists.
12-10 06:53:42.740 1507 1583 I am_wtf : [0,1507,system_server,-1,DisplayDeviceConfig,requesting nits when no mapping exists.]
12-10 06:53:42.741 1507 1980 E DisplayDeviceConfig: requesting nits when no mapping exists.
12-10 06:53:42.741 1507 1583 I am_wtf : [0,1507,system_server,-1,DisplayDeviceConfig,requesting nits when no mapping exists.]
12-10 06:53:42.756 1507 1980 E DisplayDeviceConfig: requesting nits when no mapping exists.
12-10 06:53:42.757 1507 1583 I am_wtf : [0,1507,system_server,-1,DisplayDeviceConfig,requesting nits when no mapping exists.]
12-10 06:53:42.763 1507 1980 E DisplayDeviceConfig: requesting nits when no mapping exists.
12-10 06:53:42.764 1507 1583 I am_wtf : [0,1507,system_server,-1,DisplayDeviceConfig,requesting nits when no mapping exists.]
12-10 06:53:42.776 1507 1980 E DisplayDeviceConfig: requesting nits when no mapping exists.
12-10 06:53:42.776 1507 1980 E DisplayDeviceConfig: requesting nits when no mapping exists.
12-10 06:53:42.777 1507 1583 I am_wtf : [0,1507,system_server,-1,DisplayDeviceConfig,requesting nits when no mapping exists.]
12-10 06:53:42.779 1507 1583 I am_wtf : [0,1507,system_server,-1,DisplayDeviceConfig,requesting nits when no mapping exists.]
12-10 06:53:42.789 1507 1980 E DisplayDeviceConfig: requesting nits when no mapping exists.
12-10 06:53:42.790 1507 1583 I am_wtf : [0,1507,system_server,-1,DisplayDeviceConfig,requesting nits when no mapping exists.]
12-10 06:53:42.790 1507 1980 E DisplayDeviceConfig: requesting nits when no mapping exists.
12-10 06:53:42.791 1507 1583 I am_wtf : [0,1507,system_server,-1,DisplayDeviceConfig,requesting nits when no mapping exists.]
12-10 06:53:42.806 1507 1980 E DisplayDeviceConfig: requesting nits when no mapping exists.
12-10 06:53:42.806 1507 1980 E DisplayDeviceConfig: requesting nits when no mapping exists.
12-10 06:53:42.806 1507 1583 I am_wtf : [0,1507,system_server,-1,DisplayDeviceConfig,requesting nits when no mapping exists.]
12-10 06:53:42.807 1507 1583 I am_wtf : [0,1507,system_server,-1,DisplayDeviceConfig,requesting nits when no mapping exists.]
12-10 06:53:42.819 1507 1507 I GameModeConfig: isGameModeOn = true
12-10 06:53:42.819 1507 1507 I GameModeConfig: isGaming = false
12-10 06:53:42.825 1507 1980 E DisplayDeviceConfig: requesting nits when no mapping exists.
12-10 06:53:42.826 1507 1980 E DisplayDeviceConfig: requesting nits when no mapping exists.
12-10 06:53:42.830 1507 1583 I am_wtf : [0,1507,system_server,-1,DisplayDeviceConfig,requesting nits when no mapping exists.]
12-10 06:53:42.832 1507 1583 I am_wtf : [0,1507,system_server,-1,DisplayDeviceConfig,requesting nits when no mapping exists.]
12-10 06:53:42.839 1507 1980 E DisplayDeviceConfig: requesting nits when no mapping exists.
12-10 06:53:42.839 1507 1980 E DisplayDeviceConfig: requesting nits when no mapping exists.
12-10 06:53:42.840 1507 1583 I am_wtf : [0,1507,system_server,-1,DisplayDeviceConfig,requesting nits when no mapping exists.]
12-10 06:53:42.842 1507 1583 I am_wtf : [0,1507,system_server,-1,DisplayDeviceConfig,requesting nits when no mapping exists.]
12-10 06:53:42.856 1507 1980 E DisplayDeviceConfig: requesting nits when no mapping exists.
12-10 06:53:42.857 1507 1583 I am_wtf : [0,1507,system_server,-1,DisplayDeviceConfig,requesting nits when no mapping exists.]
12-10 06:53:42.857 1507 1980 E DisplayDeviceConfig: requesting nits when no mapping exists.
12-10 06:53:42.858 1507 1583 I am_wtf : [0,1507,system_server,-1,DisplayDeviceConfig,requesting nits when no mapping exists.]
12-10 06:53:42.873 1507 1583 I am_uid_idle: 10066
12-10 06:53:42.879 1507 1980 E DisplayDeviceConfig: requesting nits when no mapping exists.
12-10 06:53:42.879 1507 1980 E DisplayDeviceConfig: requesting nits when no mapping exists.
12-10 06:53:42.880 1507 1583 I am_wtf : [0,1507,system_server,-1,DisplayDeviceConfig,requesting nits when no mapping exists.]
12-10 06:53:42.881 1507 1583 I am_wtf : [0,1507,system_server,-1,DisplayDeviceConfig,requesting nits when no mapping exists.]
12-10 06:53:42.889 1507 1980 E DisplayDeviceConfig: requesting nits when no mapping exists.
12-10 06:53:42.891 1507 1583 I am_wtf : [0,1507,system_server,-1,DisplayDeviceConfig,requesting nits when no mapping exists.]
12-10 06:53:42.891 1507 1980 E DisplayDeviceConfig: requesting nits when no mapping exists.
12-10 06:53:42.892 1507 1583 I am_wtf : [0,1507,system_server,-1,DisplayDeviceConfig,requesting nits when no mapping exists.]
12-10 06:53:42.906 1507 1980 E DisplayDeviceConfig: requesting nits when no mapping exists.
12-10 06:53:42.909 1507 1583 I am_wtf : [0,1507,system_server,-1,DisplayDeviceConfig,requesting nits when no mapping exists.]
12-10 06:53:42.909 1507 1980 E DisplayDeviceConfig: requesting nits when no mapping exists.
12-10 06:53:42.910 1507 1583 I am_wtf : [0,1507,system_server,-1,DisplayDeviceConfig,requesting nits when no mapping exists.]
12-10 06:53:42.911 1507 1568 I wm_stop_activity: [0,142082565,com.android.launcher3/.uioverrides.QuickstepLauncher]
12-10 06:53:42.931 1507 1980 E DisplayDeviceConfig: requesting nits when no mapping exists.
12-10 06:53:42.932 1507 1980 E DisplayDeviceConfig: requesting nits when no mapping exists.
12-10 06:53:42.932 1507 1583 I am_wtf : [0,1507,system_server,-1,DisplayDeviceConfig,requesting nits when no mapping exists.]
12-10 06:53:42.933 1507 1583 I am_wtf : [0,1507,system_server,-1,DisplayDeviceConfig,requesting nits when no mapping exists.]
12-10 06:53:42.941 1507 1980 E DisplayDeviceConfig: requesting nits when no mapping exists.
12-10 06:53:42.941 1507 1583 I am_wtf : [0,1507,system_server,-1,DisplayDeviceConfig,requesting nits when no mapping exists.]
12-10 06:53:42.941 1507 1980 E DisplayDeviceConfig: requesting nits when no mapping exists.
12-10 06:53:42.942 1507 1583 I am_wtf : [0,1507,system_server,-1,DisplayDeviceConfig,requesting nits when no mapping exists.]
12-10 06:53:42.945 1507 2150 W FreeFormWindowHelper: exitRecentTasks type=0
12-10 06:53:42.947 1507 2150 W ContextImpl: Calling a method in the system process without a qualified user: android.app.ContextImpl.startActivity:1067 com.android.server.wm.FreeFormWindowHelper.exitRecentTasks:495 com.android.server.wm.ActivityTaskManagerService.exitRecentTasks:3795 android.app.IActivityTaskManager$Stub.onTransact:2307 com.android.server.wm.ActivityTaskManagerService.onTransact:5046
12-10 06:53:42.948 1507 2150 I ActivityTaskManager: START u0 {flg=0x10108000 cmp=com.android.gallery3d/.app.GalleryActivity} from uid 1000
12-10 06:53:42.950 1507 2150 I wm_task_created: [165,-1]
12-10 06:53:42.951 1507 2150 W ActivityTaskManager: Can't find TaskDisplayArea to determine support for multi window. Task id=165 attached=false
12-10 06:53:42.951 1507 2150 D FreeFormWindowHelper: Add freeform task=Task{456c99 #165 type=standard ?? U=0 visible=false mode=freeform translucent=true sz=0}
12-10 06:53:42.953 1507 2150 I wm_task_moved: [165,1,8]
12-10 06:53:42.953 1507 2150 I wm_task_to_front: [0,165]
12-10 06:53:42.953 1507 2150 I wm_create_task: [0,165]
12-10 06:53:42.953 1507 2150 I wm_create_activity: [0,201067358,165,com.android.gallery3d/.app.GalleryActivity,NULL,NULL,NULL,269516800]
12-10 06:53:42.954 1507 2150 I ActivityTaskManager: The Process com.android.gallery3d Already Exists in BG. So sending its PID: 15614
12-10 06:53:42.954 1507 2150 W ActivityTaskManager: Tried to set launchTime (0) < mLastActivityLaunchTime (18808950)
12-10 06:53:42.955 1507 2150 I wm_restart_activity: [0,201067358,165,com.android.gallery3d/.app.GalleryActivity]
12-10 06:53:42.956 1507 2150 I wm_task_moved: [165,1,8]
12-10 06:53:42.956 1507 2150 I wm_focused_root_task: [0,0,165,164,startActivityInner]
12-10 06:53:42.956 14020 14020 I wm_on_top_resumed_lost_called: [231152546,android.service.dreams.DreamActivity,topStateChangedWhenResumed]
12-10 06:53:42.956 1507 2150 I ActivityTaskManager: FOREGROUND_APPLICATION_CHANGED to com.android.gallery3d.app.GalleryActivity
12-10 06:53:42.957 1507 2150 I wm_set_resumed_activity: [0,com.android.gallery3d/.app.GalleryActivity,resumeTopActivityInnerLocked]
12-10 06:53:42.958 1507 1980 E DisplayDeviceConfig: requesting nits when no mapping exists.
12-10 06:53:42.958 1507 1980 E DisplayDeviceConfig: requesting nits when no mapping exists.
12-10 06:53:42.958 1507 1583 I am_wtf : [0,1507,system_server,-1,DisplayDeviceConfig,requesting nits when no mapping exists.]
12-10 06:53:42.959 1507 2150 I wm_resume_activity: [0,201067358,165,com.android.gallery3d/.app.GalleryActivity]
12-10 06:53:42.959 1507 1583 I am_wtf : [0,1507,system_server,-1,DisplayDeviceConfig,requesting nits when no mapping exists.]
12-10 06:53:42.962 1507 1568 I am_uid_active: 10066
12-10 06:53:42.982 8492 8527 W ContextImpl: Calling a method in the system process without a qualified user: android.app.ContextImpl.startService:1816 android.content.ContextWrapper.startService:774 com.thundercomm.gamemode.ingame.services.GameModeActionUtils.startGameModeService:99 com.thundercomm.gamemode.ingame.services.GameModeActionUtils.startGameModeEntry:22 com.thundercomm.gamemode.ingame.services.ActivityMonitoringService$1.onActivityLaunch:127
12-10 06:53:42.986 1507 1507 I GameModeConfig: Current uri is uri = content://com.thundercomm.gamemode.api/gamemode_settings/gamemode_isgaming
12-10 06:53:42.988 1507 1507 I GameModeConfig: isGameModeOn = true
12-10 06:53:42.988 1507 1507 I GameModeConfig: isGaming = false
12-10 06:53:42.988 1507 1507 I GameModeConfig: isGameModeOn = true
12-10 06:53:42.988 1507 1507 I GameModeConfig: isGaming = false
12-10 06:53:42.988 1507 1507 I GameModeConfig: isDisableVoice = true
12-10 06:53:42.998 15614 15614 I wm_on_create_called: [201067358,com.android.gallery3d.app.GalleryActivity,performCreate]
12-10 06:53:42.999 15614 15614 I wm_on_start_called: [201067358,com.android.gallery3d.app.GalleryActivity,handleStartActivity]
12-10 06:53:42.999 2526 2526 I wm_on_stop_called: [142082565,com.android.launcher3.uioverrides.QuickstepLauncher,STOP_ACTIVITY_ITEM]
12-10 06:53:43.001 15614 15614 I wm_on_resume_called: [201067358,com.android.gallery3d.app.GalleryActivity,LIFECYCLER_RESUME_ACTIVITY]
12-10 06:53:43.004 15614 15614 I wm_on_paused_called: [201067358,com.android.gallery3d.app.GalleryActivity,performPause]
12-10 06:53:43.005 15614 15614 I wm_on_resume_called: [201067358,com.android.gallery3d.app.GalleryActivity,RESUME_ACTIVITY]
12-10 06:53:43.005 15614 15614 I wm_on_top_resumed_gained_called: [201067358,com.android.gallery3d.app.GalleryActivity,topStateChangedWhenResumed]
12-10 06:53:43.009 1507 6699 W WindowManager: updateScale0.7996942
12-10 06:53:43.011 8492 8527 W ContextImpl: Calling a method in the system process without a qualified user: android.app.ContextImpl.startService:1816 android.content.ContextWrapper.startService:774 com.thundercomm.gamemode.ingame.services.GameModeActionUtils.startGameModeService:99 com.thundercomm.gamemode.ingame.services.GameModeActionUtils.startGameModeEntry:22 com.thundercomm.gamemode.ingame.services.ActivityMonitoringService$1.onActivityLaunch:127
12-10 06:53:43.018 1507 1507 I GameModeConfig: Current uri is uri = content://com.thundercomm.gamemode.api/gamemode_settings/gamemode_isgaming
12-10 06:53:43.024 1507 1507 I GameModeConfig: isGameModeOn = true
12-10 06:53:43.024 1507 1507 I GameModeConfig: isGaming = false
12-10 06:53:43.025 1507 1507 I GameModeConfig: isGameModeOn = true
12-10 06:53:43.025 1507 1507 I GameModeConfig: isGaming = false
12-10 06:53:43.025 1507 1507 I GameModeConfig: isDisableVoice = true
12-10 06:53:43.040 1507 1569 W WindowManager: updateScale0.7996942
12-10 06:53:43.044 1507 1569 W WindowManager: updateScale0.7996942
12-10 06:53:43.044 1507 1569 W WindowManager: updateScale0.7996942
12-10 06:53:43.051 1507 1564 I sysui_multi_action: [319,96,322,95,325,18871,757,761,758,8,759,2,806,com.android.gallery3d,871,com.android.gallery3d.app.GalleryActivity,904,android,905,0,1320,4,1321,1]
12-10 06:53:43.052 1507 1564 I wm_activity_launch_time: [0,201067358,com.android.gallery3d/.app.GalleryActivity,95]
12-10 06:53:43.059 1507 1528 W WindowManager: updateScale0.7996942
12-10 06:53:43.066 1507 1569 W WindowManager: updateScale0.7996942
12-10 06:53:43.104 1507 6850 W WindowManager: updateScale0.7996942
12-10 06:53:43.109 1507 6850 W WindowManager: updateScale0.7996942
12-10 06:53:43.111 1507 6850 I NotificationService: cancelToast pkg=com.android.gallery3d token=android.os.BinderProxy@5f13fb3
12-10 06:53:43.111 1507 6850 W WindowManager: removeWindowToken: Attempted to remove non-existing token: android.os.Binder@5015bd3
12-10 06:53:43.612 1507 1569 W WindowManager: updateScale0.7996942
12-10 06:53:43.868 1507 1569 W WindowManager: updateScale0.7996942
12-10 06:53:43.878 1507 11870 W WindowManager: updateScale0.7996942
12-10 06:53:43.881 1507 1568 I sysui_multi_action: [757,803,799,window_time_0,802,1]
12-10 06:53:43.995 8492 8527 W ContextImpl: Calling a method in the system process without a qualified user: android.app.ContextImpl.startService:1816 android.content.ContextWrapper.startService:774 com.thundercomm.gamemode.ingame.services.GameModeActionUtils.startGameModeService:99 com.thundercomm.gamemode.ingame.services.GameModeActionUtils.startGameModeEntry:22 com.thundercomm.gamemode.ingame.services.ActivityMonitoringService$1.onActivityLaunch:127
12-10 06:53:44.002 1507 1507 I GameModeConfig: Current uri is uri = content://com.thundercomm.gamemode.api/gamemode_settings/gamemode_isgaming
12-10 06:53:44.004 1507 1507 I GameModeConfig: isGameModeOn = true
12-10 06:53:44.004 1507 1507 I GameModeConfig: isGaming = false
12-10 06:53:44.004 1507 1507 I GameModeConfig: isGameModeOn = true
12-10 06:53:44.004 1507 1507 I GameModeConfig: isGaming = false
12-10 06:53:44.004 1507 1507 I GameModeConfig: isDisableVoice = true
12-10 06:53:46.155 0 0 I auditd : type=1400 audit(0.0:20377): avc: denied { kill } for comm="swapper/3" capability=5 scontext=u:r:kernel:s0 tcontext=u:r:kernel:s0 tclass=capability permissive=0
12-10 06:53:46.971 1507 2719 E TaskPersister: File error accessing recents directory (directory doesn't exist?).
12-10 06:53:47.047 1507 1568 W WindowManager: Unable to start animation, surface is null or no children.
12-10 06:53:47.048 1507 1568 W WindowManager: updateScale0.7996942
12-10 06:53:47.155 0 0 I auditd : type=1400 audit(0.0:20378): avc: denied { kill } for comm="swapper/3" capability=5 scontext=u:r:kernel:s0 tcontext=u:r:kernel:s0 tclass=capability permissive=0
12-10 06:53:48.155 0 0 I auditd : type=1400 audit(0.0:20379): avc: denied { kill } for comm="swapper/3" capability=5 scontext=u:r:kernel:s0 tcontext=u:r:kernel:s0 tclass=capability permissive=0
12-10 06:53:49.155 0 0 I auditd : type=1400 audit(0.0:20380): avc: denied { kill } for comm="swapper/3" capability=5 scontext=u:r:kernel:s0 tcontext=u:r:kernel:s0 tclass=capability permissive=0
12-10 06:53:50.155 0 0 I auditd : type=1400 audit(0.0:20381): avc: denied { kill } for comm="swapper/3" capability=5 scontext=u:r:kernel:s0 tcontext=u:r:kernel:s0 tclass=capability permissive=0
12-10 06:53:51.155 0 0 I auditd : type=1400 audit(0.0:20382): avc: denied { kill } for comm="swapper/3" capability=5 scontext=u:r:kernel:s0 tcontext=u:r:kernel:s0 tclass=capability permissive=0
12-10 06:53:52.155 0 0 I auditd : type=1400 audit(0.0:20383): avc: denied { kill } for comm="swapper/3" capability=5 scontext=u:r:kernel:s0 tcontext=u:r:kernel:s0 tclass=capability permissive=0
12-10 06:53:52.821 1507 1909 I GameModeConfig: isGameModeOn = true
12-10 06:53:52.822 1507 1909 I GameModeConfig: isGaming = false
12-10 06:53:53.155 0 0 I auditd : type=1400 audit(0.0:20384): avc: denied { kill } for comm="swapper/3" capability=5 scontext=u:r:kernel:s0 tcontext=u:r:kernel:s0 tclass=capability permissive=0
12-10 06:53:54.113 1507 1507 W WindowManager: removeWindowToken: Attempted to remove non-existing token: android.os.Binder@5015bd3
12-10 06:53:54.155 0 0 I auditd : type=1400 audit(0.0:20385): avc: denied { kill } for comm="swapper/3" capability=5 scontext=u:r:kernel:s0 tcontext=u:r:kernel:s0 tclass=capability permissive=0
12-10 06:53:55.155 0 0 I auditd : type=1400 audit(0.0:20386): avc: denied { kill } for comm="swapper/3" capability=5 scontext=u:r:kernel:s0 tcontext=u:r:kernel:s0 tclass=capability permissive=0
12-10 06:53:56.155 0 0 I auditd : type=1400 audit(0.0:20387): avc: denied { kill } for comm="swapper/3" capability=5 scontext=u:r:kernel:s0 tcontext=u:r:kernel:s0 tclass=capability permissive=0
12-10 06:53:57.155 0 0 I auditd : type=1400 audit(0.0:20388): avc: denied { kill } for comm="swapper/3" capability=5 scontext=u:r:kernel:s0 tcontext=u:r:kernel:s0 tclass=capability permissive=0
12-10 06:53:59.155 0 0 I auditd : type=1400 audit(0.0:20389): avc: denied { kill } for comm="swapper/3" capability=5 scontext=u:r:kernel:s0 tcontext=u:r:kernel:s0 tclass=capability permissive=0
12-10 06:54:01.155 0 0 I auditd : type=1400 audit(0.0:20390): avc: denied { kill } for comm="swapper/2" capability=5 scontext=u:r:kernel:s0 tcontext=u:r:kernel:s0 tclass=capability permissive=0
12-10 06:54:03.155 0 0 I auditd : type=1400 audit(0.0:20391): avc: denied { kill } for comm="swapper/2" capability=5 scontext=u:r:kernel:s0 tcontext=u:r:kernel:s0 tclass=capability permissive=0
12-10 06:54:04.155 0 0 I auditd : type=1400 audit(0.0:20392): avc: denied { kill } for comm="swapper/2" capability=5 scontext=u:r:kernel:s0 tcontext=u:r:kernel:s0 tclass=capability permissive=0
12-10 06:54:05.155 0 0 I auditd : type=1400 audit(0.0:20393): avc: denied { kill } for comm="swapper/2" capability=5 scontext=u:r:kernel:s0 tcontext=u:r:kernel:s0 tclass=capability permissive=0
12-10 06:54:06.155 0 0 I auditd : type=1400 audit(0.0:20394): avc: denied { kill } for comm="swapper/2" capability=5 scontext=u:r:kernel:s0 tcontext=u:r:kernel:s0 tclass=capability permissive=0
12-10 06:54:07.155 0 0 I auditd : type=1400 audit(0.0:20395): avc: denied { kill } for comm="swapper/2" capability=5 scontext=u:r:kernel:s0 tcontext=u:r:kernel:s0 tclass=capability permissive=0
12-10 06:54:08.155 0 0 I auditd : type=1400 audit(0.0:20396): avc: denied { kill } for comm="swapper/2" capability=5 scontext=u:r:kernel:s0 tcontext=u:r:kernel:s0 tclass=capability permissive=0
12-10 06:54:09.155 0 0 I auditd : type=1400 audit(0.0:20397): avc: denied { kill } for comm="swapper/2" capability=5 scontext=u:r:kernel:s0 tcontext=u:r:kernel:s0 tclass=capability permissive=0
12-10 06:54:10.155 0 0 I auditd : type=1400 audit(0.0:20398): avc: denied { kill } for comm="swapper/2" capability=5 scontext=u:r:kernel:s0 tcontext=u:r:kernel:s0 tclass=capability permissive=0
12-10 06:54:11.155 0 0 I auditd : type=1400 audit(0.0:20399): avc: denied { kill } for comm="swapper/2" capability=5 scontext=u:r:kernel:s0 tcontext=u:r:kernel:s0 tclass=capability permissive=0
12-10 06:54:12.155 0 0 I auditd : type=1400 audit(0.0:20400): avc: denied { kill } for comm="swapper/2" capability=5 scontext=u:r:kernel:s0 tcontext=u:r:kernel:s0 tclass=capability permissive=0
12-10 06:54:13.155 0 0 I auditd : type=1400 audit(0.0:20401): avc: denied { kill } for comm="swapper/2" capability=5 scontext=u:r:kernel:s0 tcontext=u:r:kernel:s0 tclass=capability permissive=0
12-10 06:54:14.155 0 0 I auditd : type=1400 audit(0.0:20402): avc: denied { kill } for comm="swapper/2" capability=5 scontext=u:r:kernel:s0 tcontext=u:r:kernel:s0 tclass=capability permissive=0
12-10 06:54:15.155 0 0 I auditd : type=1400 audit(0.0:20403): avc: denied { kill } for comm="swapper/2" capability=5 scontext=u:r:kernel:s0 tcontext=u:r:kernel:s0 tclass=capability permissive=0
12-10 06:54:16.155 0 0 I auditd : type=1400 audit(0.0:20404): avc: denied { kill } for comm="swapper/2" capability=5 scontext=u:r:kernel:s0 tcontext=u:r:kernel:s0 tclass=capability permissive=0
12-10 06:54:17.155 0 0 I auditd : type=1400 audit(0.0:20405): avc: denied { kill } for comm="swapper/2" capability=5 scontext=u:r:kernel:s0 tcontext=u:r:kernel:s0 tclass=capability permissive=0
12-10 06:54:18.155 0 0 I auditd : type=1400 audit(0.0:20406): avc: denied { kill } for comm="swapper/2" capability=5 scontext=u:r:kernel:s0 tcontext=u:r:kernel:s0 tclass=capability permissive=0
12-10 06:54:19.155 0 0 I auditd : type=1400 audit(0.0:20407): avc: denied { kill } for comm="swapper/2" capability=5 scontext=u:r:kernel:s0 tcontext=u:r:kernel:s0 tclass=capability permissive=0
12-10 06:54:20.034 1507 1819 I netstats_mobile_sample: [0,0,0,0,0,0,0,0,0,0,0,0,1670626460034]
12-10 06:54:20.035 1507 1819 I netstats_wifi_sample: [10770489,24679,21686841,51940,10770489,24679,21686841,51940,13890223,45741,10918103,27166,1670626460034]
12-10 06:54:20.155 0 0 I auditd : type=1400 audit(0.0:20408): avc: denied { kill } for comm="swapper/2" capability=5 scontext=u:r:kernel:s0 tcontext=u:r:kernel:s0 tclass=capability permissive=0
12-10 06:54:21.155 0 0 I auditd : type=1400 audit(0.0:20409): avc: denied { kill } for comm="swapper/2" capability=5 scontext=u:r:kernel:s0 tcontext=u:r:kernel:s0 tclass=capability permissive=0
12-10 06:54:22.155 0 0 I auditd : type=1400 audit(0.0:20410): avc: denied { kill } for comm="swapper/2" capability=5 scontext=u:r:kernel:s0 tcontext=u:r:kernel:s0 tclass=capability permissive=0
12-10 06:54:23.155 0 0 I auditd : type=1400 audit(0.0:20411): avc: denied { kill } for comm="swapper/2" capability=5 scontext=u:r:kernel:s0 tcontext=u:r:kernel:s0 tclass=capability permissive=0
12-10 06:54:24.155 0 0 I auditd : type=1400 audit(0.0:20412): avc: denied { kill } for comm="swapper/2" capability=5 scontext=u:r:kernel:s0 tcontext=u:r:kernel:s0 tclass=capability permissive=0
12-10 06:54:25.155 0 0 I auditd : type=1400 audit(0.0:20413): avc: denied { kill } for comm="swapper/2" capability=5 scontext=u:r:kernel:s0 tcontext=u:r:kernel:s0 tclass=capability permissive=0
12-10 06:54:26.155 0 0 I auditd : type=1400 audit(0.0:20414): avc: denied { kill } for comm="swapper/2" capability=5 scontext=u:r:kernel:s0 tcontext=u:r:kernel:s0 tclass=capability permissive=0
12-10 06:54:27.155 0 0 I auditd : type=1400 audit(0.0:20415): avc: denied { kill } for comm="swapper/2" capability=5 scontext=u:r:kernel:s0 tcontext=u:r:kernel:s0 tclass=capability permissive=0
12-10 06:54:28.155 0 0 I auditd : type=1400 audit(0.0:20416): avc: denied { kill } for comm="swapper/2" capability=5 scontext=u:r:kernel:s0 tcontext=u:r:kernel:s0 tclass=capability permissive=0
12-10 06:54:29.155 0 0 I auditd : type=1400 audit(0.0:20417): avc: denied { kill } for comm="swapper/2" capability=5 scontext=u:r:kernel:s0 tcontext=u:r:kernel:s0 tclass=capability permissive=0
12-10 06:54:30.155 0 0 I auditd : type=1400 audit(0.0:20418): avc: denied { kill } for comm="swapper/2" capability=5 scontext=u:r:kernel:s0 tcontext=u:r:kernel:s0 tclass=capability permissive=0
12-10 06:54:31.155 0 0 I auditd : type=1400 audit(0.0:20419): avc: denied { kill } for comm="swapper/2" capability=5 scontext=u:r:kernel:s0 tcontext=u:r:kernel:s0 tclass=capability permissive=0
12-10 06:54:32.155 0 0 I auditd : type=1400 audit(0.0:20420): avc: denied { kill } for comm="swapper/2" capability=5 scontext=u:r:kernel:s0 tcontext=u:r:kernel:s0 tclass=capability permissive=0
12-10 06:54:34.155 0 0 I auditd : type=1400 audit(0.0:20421): avc: denied { kill } for comm="swapper/2" capability=5 scontext=u:r:kernel:s0 tcontext=u:r:kernel:s0 tclass=capability permissive=0
12-10 06:54:35.155 0 0 I auditd : type=1400 audit(0.0:20422): avc: denied { kill } for comm="swapper/2" capability=5 scontext=u:r:kernel:s0 tcontext=u:r:kernel:s0 tclass=capability permissive=0
12-10 06:54:36.155 0 0 I auditd : type=1400 audit(0.0:20423): avc: denied { kill } for comm="swapper/2" capability=5 scontext=u:r:kernel:s0 tcontext=u:r:kernel:s0 tclass=capability permissive=0
12-10 06:54:37.155 0 0 I auditd : type=1400 audit(0.0:20424): avc: denied { kill } for comm="swapper/2" capability=5 scontext=u:r:kernel:s0 tcontext=u:r:kernel:s0 tclass=capability permissive=0
12-10 06:54:38.155 0 0 I auditd : type=1400 audit(0.0:20425): avc: denied { kill } for comm="swapper/2" capability=5 scontext=u:r:kernel:s0 tcontext=u:r:kernel:s0 tclass=capability permissive=0
12-10 06:54:39.155 0 0 I auditd : type=1400 audit(0.0:20426): avc: denied { kill } for comm="swapper/2" capability=5 scontext=u:r:kernel:s0 tcontext=u:r:kernel:s0 tclass=capability permissive=0
12-10 06:54:40.155 0 0 I auditd : type=1400 audit(0.0:20427): avc: denied { kill } for comm="swapper/2" capability=5 scontext=u:r:kernel:s0 tcontext=u:r:kernel:s0 tclass=capability permissive=0
12-10 06:54:41.155 0 0 I auditd : type=1400 audit(0.0:20428): avc: denied { kill } for comm="swapper/2" capability=5 scontext=u:r:kernel:s0 tcontext=u:r:kernel:s0 tclass=capability permissive=0
12-10 06:54:42.155 0 0 I auditd : type=1400 audit(0.0:20429): avc: denied { kill } for comm="swapper/2" capability=5 scontext=u:r:kernel:s0 tcontext=u:r:kernel:s0 tclass=capability permissive=0
12-10 06:54:43.155 0 0 I auditd : type=1400 audit(0.0:20430): avc: denied { kill } for comm="swapper/2" capability=5 scontext=u:r:kernel:s0 tcontext=u:r:kernel:s0 tclass=capability permissive=0
12-10 06:54:44.155 0 0 I auditd : type=1400 audit(0.0:20431): avc: denied { kill } for comm="swapper/2" capability=5 scontext=u:r:kernel:s0 tcontext=u:r:kernel:s0 tclass=capability permissive=0
12-10 06:54:45.155 0 0 I auditd : type=1400 audit(0.0:20432): avc: denied { kill } for comm="swapper/2" capability=5 scontext=u:r:kernel:s0 tcontext=u:r:kernel:s0 tclass=capability permissive=0
12-10 06:54:46.155 0 0 I auditd : type=1400 audit(0.0:20433): avc: denied { kill } for comm="swapper/2" capability=5 scontext=u:r:kernel:s0 tcontext=u:r:kernel:s0 tclass=capability permissive=0
12-10 06:54:47.155 0 0 I auditd : type=1400 audit(0.0:20434): avc: denied { kill } for comm="swapper/2" capability=5 scontext=u:r:kernel:s0 tcontext=u:r:kernel:s0 tclass=capability permissive=0
12-10 06:54:48.155 0 0 I auditd : type=1400 audit(0.0:20435): avc: denied { kill } for comm="swapper/2" capability=5 scontext=u:r:kernel:s0 tcontext=u:r:kernel:s0 tclass=capability permissive=0
12-10 06:54:50.035 1507 1583 I am_uid_idle: 10068
12-10 06:54:50.155 0 0 I auditd : type=1400 audit(0.0:20436): avc: denied { kill } for comm="swapper/2" capability=5 scontext=u:r:kernel:s0 tcontext=u:r:kernel:s0 tclass=capability permissive=0
12-10 06:54:51.155 0 0 I auditd : type=1400 audit(0.0:20437): avc: denied { kill } for comm="swapper/2" capability=5 scontext=u:r:kernel:s0 tcontext=u:r:kernel:s0 tclass=capability permissive=0
12-10 06:54:52.155 0 0 I auditd : type=1400 audit(0.0:20438): avc: denied { kill } for comm="swapper/2" capability=5 scontext=u:r:kernel:s0 tcontext=u:r:kernel:s0 tclass=capability permissive=0
12-10 06:54:53.155 0 0 I auditd : type=1400 audit(0.0:20439): avc: denied { kill } for comm="swapper/2" capability=5 scontext=u:r:kernel:s0 tcontext=u:r:kernel:s0 tclass=capability permissive=0
12-10 06:54:54.155 0 0 I auditd : type=1400 audit(0.0:20440): avc: denied { kill } for comm="swapper/2" capability=5 scontext=u:r:kernel:s0 tcontext=u:r:kernel:s0 tclass=capability permissive=0
12-10 06:54:55.155 0 0 I auditd : type=1400 audit(0.0:20441): avc: denied { kill } for comm="swapper/2" capability=5 scontext=u:r:kernel:s0 tcontext=u:r:kernel:s0 tclass=capability permissive=0
12-10 06:54:56.155 0 0 I auditd : type=1400 audit(0.0:20442): avc: denied { kill } for comm="swapper/2" capability=5 scontext=u:r:kernel:s0 tcontext=u:r:kernel:s0 tclass=capability permissive=0
12-10 06:54:58.155 0 0 I auditd : type=1400 audit(0.0:20443): avc: denied { kill } for comm="swapper/2" capability=5 scontext=u:r:kernel:s0 tcontext=u:r:kernel:s0 tclass=capability permissive=0
12-10 06:54:59.155 0 0 I auditd : type=1400 audit(0.0:20444): avc: denied { kill } for comm="swapper/2" capability=5 scontext=u:r:kernel:s0 tcontext=u:r:kernel:s0 tclass=capability permissive=0
12-10 06:55:00.155 287 287 I auditd : type=1400 audit(0.0:20445): avc: denied { kill } for comm="kgsl_worker_thr" capability=5 scontext=u:r:kernel:s0 tcontext=u:r:kernel:s0 tclass=capability permissive=0
12-10 06:55:01.155 0 0 I auditd : type=1400 audit(0.0:20446): avc: denied { kill } for comm="swapper/2" capability=5 scontext=u:r:kernel:s0 tcontext=u:r:kernel:s0 tclass=capability permissive=0
12-10 06:55:04.155 0 0 I auditd : type=1400 audit(0.0:20447): avc: denied { kill } for comm="swapper/2" capability=5 scontext=u:r:kernel:s0 tcontext=u:r:kernel:s0 tclass=capability permissive=0
12-10 06:55:05.155 0 0 I auditd : type=1400 audit(0.0:20448): avc: denied { kill } for comm="swapper/2" capability=5 scontext=u:r:kernel:s0 tcontext=u:r:kernel:s0 tclass=capability permissive=0
12-10 06:55:06.155 0 0 I auditd : type=1400 audit(0.0:20449): avc: denied { kill } for comm="swapper/2" capability=5 scontext=u:r:kernel:s0 tcontext=u:r:kernel:s0 tclass=capability permissive=0
12-10 06:55:07.155 0 0 I auditd : type=1400 audit(0.0:20450): avc: denied { kill } for comm="swapper/2" capability=5 scontext=u:r:kernel:s0 tcontext=u:r:kernel:s0 tclass=capability permissive=0
12-10 06:55:08.155 0 0 I auditd : type=1400 audit(0.0:20451): avc: denied { kill } for comm="swapper/2" capability=5 scontext=u:r:kernel:s0 tcontext=u:r:kernel:s0 tclass=capability permissive=0
12-10 06:55:09.155 0 0 I auditd : type=1400 audit(0.0:20452): avc: denied { kill } for comm="swapper/2" capability=5 scontext=u:r:kernel:s0 tcontext=u:r:kernel:s0 tclass=capability permissive=0
12-10 06:55:10.155 0 0 I auditd : type=1400 audit(0.0:20453): avc: denied { kill } for comm="swapper/2" capability=5 scontext=u:r:kernel:s0 tcontext=u:r:kernel:s0 tclass=capability permissive=0
12-10 06:55:11.155 0 0 I auditd : type=1400 audit(0.0:20454): avc: denied { kill } for comm="swapper/2" capability=5 scontext=u:r:kernel:s0 tcontext=u:r:kernel:s0 tclass=capability permissive=0
12-10 06:55:12.155 0 0 I auditd : type=1400 audit(0.0:20455): avc: denied { kill } for comm="swapper/2" capability=5 scontext=u:r:kernel:s0 tcontext=u:r:kernel:s0 tclass=capability permissive=0
12-10 06:55:13.155 0 0 I auditd : type=1400 audit(0.0:20456): avc: denied { kill } for comm="swapper/2" capability=5 scontext=u:r:kernel:s0 tcontext=u:r:kernel:s0 tclass=capability permissive=0
12-10 06:55:14.155 0 0 I auditd : type=1400 audit(0.0:20457): avc: denied { kill } for comm="swapper/2" capability=5 scontext=u:r:kernel:s0 tcontext=u:r:kernel:s0 tclass=capability permissive=0
12-10 06:55:15.155 0 0 I auditd : type=1400 audit(0.0:20458): avc: denied { kill } for comm="swapper/2" capability=5 scontext=u:r:kernel:s0 tcontext=u:r:kernel:s0 tclass=capability permissive=0
12-10 06:55:16.155 0 0 I auditd : type=1400 audit(0.0:20459): avc: denied { kill } for comm="swapper/2" capability=5 scontext=u:r:kernel:s0 tcontext=u:r:kernel:s0 tclass=capability permissive=0
12-10 06:55:17.155 0 0 I auditd : type=1400 audit(0.0:20460): avc: denied { kill } for comm="swapper/2" capability=5 scontext=u:r:kernel:s0 tcontext=u:r:kernel:s0 tclass=capability permissive=0
12-10 06:55:18.155 0 0 I auditd : type=1400 audit(0.0:20461): avc: denied { kill } for comm="swapper/2" capability=5 scontext=u:r:kernel:s0 tcontext=u:r:kernel:s0 tclass=capability permissive=0
12-10 06:55:19.155 0 0 I auditd : type=1400 audit(0.0:20462): avc: denied { kill } for comm="swapper/2" capability=5 scontext=u:r:kernel:s0 tcontext=u:r:kernel:s0 tclass=capability permissive=0
12-10 06:55:20.155 0 0 I auditd : type=1400 audit(0.0:20463): avc: denied { kill } for comm="swapper/2" capability=5 scontext=u:r:kernel:s0 tcontext=u:r:kernel:s0 tclass=capability permissive=0
12-10 06:55:21.155 0 0 I auditd : type=1400 audit(0.0:20464): avc: denied { kill } for comm="swapper/2" capability=5 scontext=u:r:kernel:s0 tcontext=u:r:kernel:s0 tclass=capability permissive=0
12-10 06:55:22.155 0 0 I auditd : type=1400 audit(0.0:20465): avc: denied { kill } for comm="swapper/2" capability=5 scontext=u:r:kernel:s0 tcontext=u:r:kernel:s0 tclass=capability permissive=0
12-10 06:55:23.155 0 0 I auditd : type=1400 audit(0.0:20466): avc: denied { kill } for comm="swapper/2" capability=5 scontext=u:r:kernel:s0 tcontext=u:r:kernel:s0 tclass=capability permissive=0
12-10 06:55:24.155 0 0 I auditd : type=1400 audit(0.0:20467): avc: denied { kill } for comm="swapper/2" capability=5 scontext=u:r:kernel:s0 tcontext=u:r:kernel:s0 tclass=capability permissive=0
12-10 06:55:25.155 0 0 I auditd : type=1400 audit(0.0:20468): avc: denied { kill } for comm="swapper/2" capability=5 scontext=u:r:kernel:s0 tcontext=u:r:kernel:s0 tclass=capability permissive=0
12-10 06:55:26.155 0 0 I auditd : type=1400 audit(0.0:20469): avc: denied { kill } for comm="swapper/2" capability=5 scontext=u:r:kernel:s0 tcontext=u:r:kernel:s0 tclass=capability permissive=0
12-10 06:55:27.155 0 0 I auditd : type=1400 audit(0.0:20470): avc: denied { kill } for comm="swapper/2" capability=5 scontext=u:r:kernel:s0 tcontext=u:r:kernel:s0 tclass=capability permissive=0
12-10 06:55:28.155 0 0 I auditd : type=1400 audit(0.0:20471): avc: denied { kill } for comm="swapper/2" capability=5 scontext=u:r:kernel:s0 tcontext=u:r:kernel:s0 tclass=capability permissive=0
12-10 06:55:29.155 0 0 I auditd : type=1400 audit(0.0:20472): avc: denied { kill } for comm="swapper/2" capability=5 scontext=u:r:kernel:s0 tcontext=u:r:kernel:s0 tclass=capability permissive=0
12-10 06:55:30.155 0 0 I auditd : type=1400 audit(0.0:20473): avc: denied { kill } for comm="swapper/2" capability=5 scontext=u:r:kernel:s0 tcontext=u:r:kernel:s0 tclass=capability permissive=0
12-10 06:55:31.155 0 0 I auditd : type=1400 audit(0.0:20474): avc: denied { kill } for comm="swapper/2" capability=5 scontext=u:r:kernel:s0 tcontext=u:r:kernel:s0 tclass=capability permissive=0
12-10 06:55:31.630 1507 1711 D ActivityManager: freezing 15879 com.android.soundrecorder
12-10 06:55:31.630 1507 1711 E ActivityManager: Unable to freeze binder for 15879 com.android.soundrecorder
12-10 06:55:31.631 1507 1711 D ActivityManager: froze 15879 com.android.soundrecorder
12-10 06:55:31.631 1507 1711 I am_freeze: [15879,com.android.soundrecorder]
12-10 06:55:31.631 1507 1711 E ActivityManager: Unable to freeze binder for 15879 com.android.soundrecorder
12-10 06:55:31.632 1507 1711 I ActivityManager: Killing 15879:com.android.soundrecorder/u0a61 (adj 925): Unable to freeze binder interface
12-10 06:55:31.632 1507 1711 I am_kill : [0,15879,com.android.soundrecorder,925,Unable to freeze binder interface]
12-10 06:55:31.667 1507 6850 I am_proc_died: [0,15879,com.android.soundrecorder,925,19]
12-10 06:55:31.668 1507 6850 I am_uid_stopped: 10061
12-10 06:55:31.679 1507 1568 I am_uid_running: 10061
12-10 06:55:31.680 1507 1568 D CompatibilityChangeReporter: Compat change id reported: 135634846; UID 10061; state: DISABLED
12-10 06:55:31.680 1507 1568 D CompatibilityChangeReporter: Compat change id reported: 177438394; UID 10061; state: DISABLED
12-10 06:55:31.681 1507 1568 D CompatibilityChangeReporter: Compat change id reported: 135772972; UID 10061; state: DISABLED
12-10 06:55:31.681 1507 1568 D CompatibilityChangeReporter: Compat change id reported: 135754954; UID 10061; state: ENABLED
12-10 06:55:31.681 1507 1584 D CompatibilityChangeReporter: Compat change id reported: 143937733; UID 10061; state: ENABLED
12-10 06:55:31.694 1507 1581 I commit_sys_config_file: [procstats,12]
12-10 06:55:31.704 1507 1584 I am_proc_start: [0,16089,10061,com.android.soundrecorder,NULL,]
12-10 06:55:31.704 1507 1584 I ActivityManager: Start proc 16089:com.android.soundrecorder/u0a61 for null
12-10 06:55:31.739 1507 6850 I am_proc_bound: [0,16089,com.android.soundrecorder]
12-10 06:55:31.740 1507 6850 D CompatibilityChangeReporter: Compat change id reported: 168419799; UID 10061; state: DISABLED
12-10 06:55:32.155 0 0 I auditd : type=1400 audit(0.0:20475): avc: denied { kill } for comm="swapper/2" capability=5 scontext=u:r:kernel:s0 tcontext=u:r:kernel:s0 tclass=capability permissive=0
12-10 06:55:33.155 0 0 I auditd : type=1400 audit(0.0:20476): avc: denied { kill } for comm="swapper/2" capability=5 scontext=u:r:kernel:s0 tcontext=u:r:kernel:s0 tclass=capability permissive=0
12-10 06:55:34.155 0 0 I auditd : type=1400 audit(0.0:20477): avc: denied { kill } for comm="swapper/2" capability=5 scontext=u:r:kernel:s0 tcontext=u:r:kernel:s0 tclass=capability permissive=0
12-10 06:55:35.155 0 0 I auditd : type=1400 audit(0.0:20478): avc: denied { kill } for comm="swapper/2" capability=5 scontext=u:r:kernel:s0 tcontext=u:r:kernel:s0 tclass=capability permissive=0
12-10 06:55:36.155 0 0 I auditd : type=1400 audit(0.0:20479): avc: denied { kill } for comm="swapper/2" capability=5 scontext=u:r:kernel:s0 tcontext=u:r:kernel:s0 tclass=capability permissive=0
12-10 06:55:37.155 0 0 I auditd : type=1400 audit(0.0:20480): avc: denied { kill } for comm="swapper/2" capability=5 scontext=u:r:kernel:s0 tcontext=u:r:kernel:s0 tclass=capability permissive=0
12-10 06:55:38.155 0 0 I auditd : type=1400 audit(0.0:20481): avc: denied { kill } for comm="swapper/2" capability=5 scontext=u:r:kernel:s0 tcontext=u:r:kernel:s0 tclass=capability permissive=0
12-10 06:55:39.155 0 0 I auditd : type=1400 audit(0.0:20482): avc: denied { kill } for comm="swapper/2" capability=5 scontext=u:r:kernel:s0 tcontext=u:r:kernel:s0 tclass=capability permissive=0
12-10 06:55:40.155 0 0 I auditd : type=1400 audit(0.0:20483): avc: denied { kill } for comm="swapper/2" capability=5 scontext=u:r:kernel:s0 tcontext=u:r:kernel:s0 tclass=capability permissive=0
12-10 06:55:41.155 0 0 I auditd : type=1400 audit(0.0:20484): avc: denied { kill } for comm="swapper/2" capability=5 scontext=u:r:kernel:s0 tcontext=u:r:kernel:s0 tclass=capability permissive=0
12-10 06:55:42.155 0 0 I auditd : type=1400 audit(0.0:20485): avc: denied { kill } for comm="swapper/2" capability=5 scontext=u:r:kernel:s0 tcontext=u:r:kernel:s0 tclass=capability permissive=0
12-10 06:55:43.155 0 0 I auditd : type=1400 audit(0.0:20486): avc: denied { kill } for comm="swapper/2" capability=5 scontext=u:r:kernel:s0 tcontext=u:r:kernel:s0 tclass=capability permissive=0
12-10 06:55:44.155 0 0 I auditd : type=1400 audit(0.0:20487): avc: denied { kill } for comm="swapper/2" capability=5 scontext=u:r:kernel:s0 tcontext=u:r:kernel:s0 tclass=capability permissive=0
12-10 06:55:45.155 0 0 I auditd : type=1400 audit(0.0:20488): avc: denied { kill } for comm="swapper/2" capability=5 scontext=u:r:kernel:s0 tcontext=u:r:kernel:s0 tclass=capability permissive=0
12-10 06:55:46.155 0 0 I auditd : type=1400 audit(0.0:20489): avc: denied { kill } for comm="swapper/2" capability=5 scontext=u:r:kernel:s0 tcontext=u:r:kernel:s0 tclass=capability permissive=0
12-10 06:55:47.155 0 0 I auditd : type=1400 audit(0.0:20490): avc: denied { kill } for comm="swapper/2" capability=5 scontext=u:r:kernel:s0 tcontext=u:r:kernel:s0 tclass=capability permissive=0
12-10 06:55:48.155 0 0 I auditd : type=1400 audit(0.0:20491): avc: denied { kill } for comm="swapper/2" capability=5 scontext=u:r:kernel:s0 tcontext=u:r:kernel:s0 tclass=capability permissive=0
12-10 06:55:49.155 0 0 I auditd : type=1400 audit(0.0:20492): avc: denied { kill } for comm="swapper/2" capability=5 scontext=u:r:kernel:s0 tcontext=u:r:kernel:s0 tclass=capability permissive=0
12-10 06:55:50.155 0 0 I auditd : type=1400 audit(0.0:20493): avc: denied { kill } for comm="swapper/2" capability=5 scontext=u:r:kernel:s0 tcontext=u:r:kernel:s0 tclass=capability permissive=0
12-10 06:55:51.155 0 0 I auditd : type=1400 audit(0.0:20494): avc: denied { kill } for comm="swapper/2" capability=5 scontext=u:r:kernel:s0 tcontext=u:r:kernel:s0 tclass=capability permissive=0
12-10 06:55:52.155 0 0 I auditd : type=1400 audit(0.0:20495): avc: denied { kill } for comm="swapper/2" capability=5 scontext=u:r:kernel:s0 tcontext=u:r:kernel:s0 tclass=capability permissive=0
12-10 06:55:53.155 0 0 I auditd : type=1400 audit(0.0:20496): avc: denied { kill } for comm="swapper/2" capability=5 scontext=u:r:kernel:s0 tcontext=u:r:kernel:s0 tclass=capability permissive=0
12-10 06:55:55.155 0 0 I auditd : type=1400 audit(0.0:20497): avc: denied { kill } for comm="swapper/2" capability=5 scontext=u:r:kernel:s0 tcontext=u:r:kernel:s0 tclass=capability permissive=0
12-10 06:55:56.155 16004 16004 I auditd : type=1400 audit(0.0:20498): avc: denied { kill } for comm="kworker/u16:9" capability=5 scontext=u:r:kernel:s0 tcontext=u:r:kernel:s0 tclass=capability permissive=0
12-10 06:55:59.155 0 0 I auditd : type=1400 audit(0.0:20499): avc: denied { kill } for comm="swapper/2" capability=5 scontext=u:r:kernel:s0 tcontext=u:r:kernel:s0 tclass=capability permissive=0
12-10 06:56:00.155 15899 15899 I auditd : type=1400 audit(0.0:20500): avc: denied { kill } for comm="kworker/u16:7" capability=5 scontext=u:r:kernel:s0 tcontext=u:r:kernel:s0 tclass=capability permissive=0
12-10 06:56:01.155 0 0 I auditd : type=1400 audit(0.0:20501): avc: denied { kill } for comm="swapper/2" capability=5 scontext=u:r:kernel:s0 tcontext=u:r:kernel:s0 tclass=capability permissive=0
12-10 06:56:02.155 0 0 I auditd : type=1400 audit(0.0:20502): avc: denied { kill } for comm="swapper/2" capability=5 scontext=u:r:kernel:s0 tcontext=u:r:kernel:s0 tclass=capability permissive=0
12-10 06:56:03.155 0 0 I auditd : type=1400 audit(0.0:20503): avc: denied { kill } for comm="swapper/2" capability=5 scontext=u:r:kernel:s0 tcontext=u:r:kernel:s0 tclass=capability permissive=0
12-10 06:56:04.155 0 0 I auditd : type=1400 audit(0.0:20504): avc: denied { kill } for comm="swapper/2" capability=5 scontext=u:r:kernel:s0 tcontext=u:r:kernel:s0 tclass=capability permissive=0
12-10 06:56:05.155 0 0 I auditd : type=1400 audit(0.0:20505): avc: denied { kill } for comm="swapper/2" capability=5 scontext=u:r:kernel:s0 tcontext=u:r:kernel:s0 tclass=capability permissive=0
12-10 06:56:06.155 0 0 I auditd : type=1400 audit(0.0:20506): avc: denied { kill } for comm="swapper/2" capability=5 scontext=u:r:kernel:s0 tcontext=u:r:kernel:s0 tclass=capability permissive=0
12-10 06:56:07.155 0 0 I auditd : type=1400 audit(0.0:20507): avc: denied { kill } for comm="swapper/2" capability=5 scontext=u:r:kernel:s0 tcontext=u:r:kernel:s0 tclass=capability permissive=0
12-10 06:56:08.155 0 0 I auditd : type=1400 audit(0.0:20508): avc: denied { kill } for comm="swapper/2" capability=5 scontext=u:r:kernel:s0 tcontext=u:r:kernel:s0 tclass=capability permissive=0
12-10 06:56:09.155 0 0 I auditd : type=1400 audit(0.0:20509): avc: denied { kill } for comm="swapper/2" capability=5 scontext=u:r:kernel:s0 tcontext=u:r:kernel:s0 tclass=capability permissive=0
12-10 06:56:10.155 0 0 I auditd : type=1400 audit(0.0:20510): avc: denied { kill } for comm="swapper/2" capability=5 scontext=u:r:kernel:s0 tcontext=u:r:kernel:s0 tclass=capability permissive=0
12-10 06:56:11.155 0 0 I auditd : type=1400 audit(0.0:20511): avc: denied { kill } for comm="swapper/2" capability=5 scontext=u:r:kernel:s0 tcontext=u:r:kernel:s0 tclass=capability permissive=0
12-10 06:56:12.155 0 0 I auditd : type=1400 audit(0.0:20512): avc: denied { kill } for comm="swapper/2" capability=5 scontext=u:r:kernel:s0 tcontext=u:r:kernel:s0 tclass=capability permissive=0
12-10 06:56:13.155 0 0 I auditd : type=1400 audit(0.0:20513): avc: denied { kill } for comm="swapper/2" capability=5 scontext=u:r:kernel:s0 tcontext=u:r:kernel:s0 tclass=capability permissive=0
12-10 06:56:14.155 0 0 I auditd : type=1400 audit(0.0:20514): avc: denied { kill } for comm="swapper/2" capability=5 scontext=u:r:kernel:s0 tcontext=u:r:kernel:s0 tclass=capability permissive=0
12-10 06:56:16.155 0 0 I auditd : type=1400 audit(0.0:20515): avc: denied { kill } for comm="swapper/2" capability=5 scontext=u:r:kernel:s0 tcontext=u:r:kernel:s0 tclass=capability permissive=0
12-10 06:56:17.155 0 0 I auditd : type=1400 audit(0.0:20516): avc: denied { kill } for comm="swapper/2" capability=5 scontext=u:r:kernel:s0 tcontext=u:r:kernel:s0 tclass=capability permissive=0
12-10 06:56:18.155 0 0 I auditd : type=1400 audit(0.0:20517): avc: denied { kill } for comm="swapper/2" capability=5 scontext=u:r:kernel:s0 tcontext=u:r:kernel:s0 tclass=capability permissive=0
12-10 06:56:19.155 0 0 I auditd : type=1400 audit(0.0:20518): avc: denied { kill } for comm="swapper/2" capability=5 scontext=u:r:kernel:s0 tcontext=u:r:kernel:s0 tclass=capability permissive=0
12-10 06:56:20.155 0 0 I auditd : type=1400 audit(0.0:20519): avc: denied { kill } for comm="swapper/2" capability=5 scontext=u:r:kernel:s0 tcontext=u:r:kernel:s0 tclass=capability permissive=0
12-10 06:56:21.155 0 0 I auditd : type=1400 audit(0.0:20520): avc: denied { kill } for comm="swapper/2" capability=5 scontext=u:r:kernel:s0 tcontext=u:r:kernel:s0 tclass=capability permissive=0
12-10 06:56:22.155 0 0 I auditd : type=1400 audit(0.0:20521): avc: denied { kill } for comm="swapper/2" capability=5 scontext=u:r:kernel:s0 tcontext=u:r:kernel:s0 tclass=capability permissive=0
12-10 06:56:23.155 0 0 I auditd : type=1400 audit(0.0:20522): avc: denied { kill } for comm="swapper/2" capability=5 scontext=u:r:kernel:s0 tcontext=u:r:kernel:s0 tclass=capability permissive=0
12-10 06:56:24.155 0 0 I auditd : type=1400 audit(0.0:20523): avc: denied { kill } for comm="swapper/2" capability=5 scontext=u:r:kernel:s0 tcontext=u:r:kernel:s0 tclass=capability permissive=0
12-10 06:56:25.155 0 0 I auditd : type=1400 audit(0.0:20524): avc: denied { kill } for comm="swapper/2" capability=5 scontext=u:r:kernel:s0 tcontext=u:r:kernel:s0 tclass=capability permissive=0
12-10 06:56:26.155 0 0 I auditd : type=1400 audit(0.0:20525): avc: denied { kill } for comm="swapper/2" capability=5 scontext=u:r:kernel:s0 tcontext=u:r:kernel:s0 tclass=capability permissive=0
12-10 06:56:27.155 0 0 I auditd : type=1400 audit(0.0:20526): avc: denied { kill } for comm="swapper/2" capability=5 scontext=u:r:kernel:s0 tcontext=u:r:kernel:s0 tclass=capability permissive=0
12-10 06:56:28.155 0 0 I auditd : type=1400 audit(0.0:20527): avc: denied { kill } for comm="swapper/2" capability=5 scontext=u:r:kernel:s0 tcontext=u:r:kernel:s0 tclass=capability permissive=0
12-10 06:56:29.155 0 0 I auditd : type=1400 audit(0.0:20528): avc: denied { kill } for comm="swapper/2" capability=5 scontext=u:r:kernel:s0 tcontext=u:r:kernel:s0 tclass=capability permissive=0
12-10 06:56:30.155 0 0 I auditd : type=1400 audit(0.0:20529): avc: denied { kill } for comm="swapper/2" capability=5 scontext=u:r:kernel:s0 tcontext=u:r:kernel:s0 tclass=capability permissive=0
12-10 06:56:31.155 0 0 I auditd : type=1400 audit(0.0:20530): avc: denied { kill } for comm="swapper/2" capability=5 scontext=u:r:kernel:s0 tcontext=u:r:kernel:s0 tclass=capability permissive=0
12-10 06:56:32.155 0 0 I auditd : type=1400 audit(0.0:20531): avc: denied { kill } for comm="swapper/2" capability=5 scontext=u:r:kernel:s0 tcontext=u:r:kernel:s0 tclass=capability permissive=0
12-10 06:56:33.155 0 0 I auditd : type=1400 audit(0.0:20532): avc: denied { kill } for comm="swapper/2" capability=5 scontext=u:r:kernel:s0 tcontext=u:r:kernel:s0 tclass=capability permissive=0
