12-10 06:34:06.155 0 0 I auditd : type=1400 audit(0.0:19117): avc: denied { kill } for comm="swapper/1" capability=5 scontext=u:r:kernel:s0 tcontext=u:r:kernel:s0 tclass=capability permissive=0
12-10 06:34:07.155 13237 13237 I auditd : type=1400 audit(0.0:19118): avc: denied { kill } for comm="kworker/u16:0" capability=5 scontext=u:r:kernel:s0 tcontext=u:r:kernel:s0 tclass=capability permissive=0
12-10 06:34:08.155 0 0 I auditd : type=1400 audit(0.0:19119): avc: denied { kill } for comm="swapper/1" capability=5 scontext=u:r:kernel:s0 tcontext=u:r:kernel:s0 tclass=capability permissive=0
12-10 06:34:09.155 0 0 I auditd : type=1400 audit(0.0:19120): avc: denied { kill } for comm="swapper/1" capability=5 scontext=u:r:kernel:s0 tcontext=u:r:kernel:s0 tclass=capability permissive=0
12-10 06:34:10.155 0 0 I auditd : type=1400 audit(0.0:19121): avc: denied { kill } for comm="swapper/1" capability=5 scontext=u:r:kernel:s0 tcontext=u:r:kernel:s0 tclass=capability permissive=0
12-10 06:34:11.155 0 0 I auditd : type=1400 audit(0.0:19122): avc: denied { kill } for comm="swapper/1" capability=5 scontext=u:r:kernel:s0 tcontext=u:r:kernel:s0 tclass=capability permissive=0
12-10 06:34:12.155 0 0 I auditd : type=1400 audit(0.0:19123): avc: denied { kill } for comm="swapper/1" capability=5 scontext=u:r:kernel:s0 tcontext=u:r:kernel:s0 tclass=capability permissive=0
12-10 06:34:13.155 0 0 I auditd : type=1400 audit(0.0:19124): avc: denied { kill } for comm="swapper/1" capability=5 scontext=u:r:kernel:s0 tcontext=u:r:kernel:s0 tclass=capability permissive=0
12-10 06:34:14.155 0 0 I auditd : type=1400 audit(0.0:19125): avc: denied { kill } for comm="swapper/1" capability=5 scontext=u:r:kernel:s0 tcontext=u:r:kernel:s0 tclass=capability permissive=0
12-10 06:34:15.155 0 0 I auditd : type=1400 audit(0.0:19126): avc: denied { kill } for comm="swapper/1" capability=5 scontext=u:r:kernel:s0 tcontext=u:r:kernel:s0 tclass=capability permissive=0
12-10 06:34:16.155 0 0 I auditd : type=1400 audit(0.0:19127): avc: denied { kill } for comm="swapper/1" capability=5 scontext=u:r:kernel:s0 tcontext=u:r:kernel:s0 tclass=capability permissive=0
12-10 06:34:17.155 0 0 I auditd : type=1400 audit(0.0:19128): avc: denied { kill } for comm="swapper/1" capability=5 scontext=u:r:kernel:s0 tcontext=u:r:kernel:s0 tclass=capability permissive=0
12-10 06:34:19.155 0 0 I auditd : type=1400 audit(0.0:19129): avc: denied { kill } for comm="swapper/3" capability=5 scontext=u:r:kernel:s0 tcontext=u:r:kernel:s0 tclass=capability permissive=0
12-10 06:34:20.155 0 0 I auditd : type=1400 audit(0.0:19130): avc: denied { kill } for comm="swapper/3" capability=5 scontext=u:r:kernel:s0 tcontext=u:r:kernel:s0 tclass=capability permissive=0
12-10 06:34:21.155 0 0 I auditd : type=1400 audit(0.0:19131): avc: denied { kill } for comm="swapper/3" capability=5 scontext=u:r:kernel:s0 tcontext=u:r:kernel:s0 tclass=capability permissive=0
12-10 06:34:22.155 0 0 I auditd : type=1400 audit(0.0:19132): avc: denied { kill } for comm="swapper/3" capability=5 scontext=u:r:kernel:s0 tcontext=u:r:kernel:s0 tclass=capability permissive=0
12-10 06:34:23.155 0 0 I auditd : type=1400 audit(0.0:19133): avc: denied { kill } for comm="swapper/3" capability=5 scontext=u:r:kernel:s0 tcontext=u:r:kernel:s0 tclass=capability permissive=0
12-10 06:34:24.155 0 0 I auditd : type=1400 audit(0.0:19134): avc: denied { kill } for comm="swapper/3" capability=5 scontext=u:r:kernel:s0 tcontext=u:r:kernel:s0 tclass=capability permissive=0
12-10 06:34:25.155 0 0 I auditd : type=1400 audit(0.0:19135): avc: denied { kill } for comm="swapper/3" capability=5 scontext=u:r:kernel:s0 tcontext=u:r:kernel:s0 tclass=capability permissive=0
12-10 06:34:26.155 0 0 I auditd : type=1400 audit(0.0:19136): avc: denied { kill } for comm="swapper/3" capability=5 scontext=u:r:kernel:s0 tcontext=u:r:kernel:s0 tclass=capability permissive=0
12-10 06:34:27.155 0 0 I auditd : type=1400 audit(0.0:19137): avc: denied { kill } for comm="swapper/3" capability=5 scontext=u:r:kernel:s0 tcontext=u:r:kernel:s0 tclass=capability permissive=0
12-10 06:34:28.155 0 0 I auditd : type=1400 audit(0.0:19138): avc: denied { kill } for comm="swapper/3" capability=5 scontext=u:r:kernel:s0 tcontext=u:r:kernel:s0 tclass=capability permissive=0
12-10 06:34:29.155 0 0 I auditd : type=1400 audit(0.0:19139): avc: denied { kill } for comm="swapper/3" capability=5 scontext=u:r:kernel:s0 tcontext=u:r:kernel:s0 tclass=capability permissive=0
12-10 06:34:30.155 15336 15336 I auditd : type=1400 audit(0.0:19140): avc: denied { kill } for comm="kworker/u17:2" capability=5 scontext=u:r:kernel:s0 tcontext=u:r:kernel:s0 tclass=capability permissive=0
12-10 06:34:31.155 0 0 I auditd : type=1400 audit(0.0:19141): avc: denied { kill } for comm="swapper/3" capability=5 scontext=u:r:kernel:s0 tcontext=u:r:kernel:s0 tclass=capability permissive=0
12-10 06:34:32.003 1507 1581 I am_pss : [15348,10069,com.android.deskclock,29365248,22966272,0,149229568,0,15,10]
12-10 06:34:32.012 1507 1581 I am_pss : [15369,10094,com.android.permissioncontroller,16801792,12550144,0,115150848,0,19,8]
12-10 06:34:32.155 0 0 I auditd : type=1400 audit(0.0:19142): avc: denied { kill } for comm="swapper/3" capability=5 scontext=u:r:kernel:s0 tcontext=u:r:kernel:s0 tclass=capability permissive=0
12-10 06:34:32.555 1507 1917 I stream_devices_changed: [3,2,128]
12-10 06:34:32.616 1507 1913 I stream_devices_changed: [6,1,128]
12-10 06:34:33.155 0 0 I auditd : type=1400 audit(0.0:19143): avc: denied { kill } for comm="swapper/3" capability=5 scontext=u:r:kernel:s0 tcontext=u:r:kernel:s0 tclass=capability permissive=0
12-10 06:34:33.264 1507 1710 I commit_sys_config_file: [settings-1-0,7]
12-10 06:34:34.155 0 0 I auditd : type=1400 audit(0.0:19144): avc: denied { kill } for comm="swapper/3" capability=5 scontext=u:r:kernel:s0 tcontext=u:r:kernel:s0 tclass=capability permissive=0
12-10 06:34:35.155 0 0 I auditd : type=1400 audit(0.0:19145): avc: denied { kill } for comm="swapper/3" capability=5 scontext=u:r:kernel:s0 tcontext=u:r:kernel:s0 tclass=capability permissive=0
12-10 06:34:36.155 0 0 I auditd : type=1400 audit(0.0:19146): avc: denied { kill } for comm="swapper/3" capability=5 scontext=u:r:kernel:s0 tcontext=u:r:kernel:s0 tclass=capability permissive=0
12-10 06:34:37.155 0 0 I auditd : type=1400 audit(0.0:19147): avc: denied { kill } for comm="swapper/3" capability=5 scontext=u:r:kernel:s0 tcontext=u:r:kernel:s0 tclass=capability permissive=0
12-10 06:34:38.155 0 0 I auditd : type=1400 audit(0.0:19148): avc: denied { kill } for comm="swapper/3" capability=5 scontext=u:r:kernel:s0 tcontext=u:r:kernel:s0 tclass=capability permissive=0
12-10 06:34:39.155 0 0 I auditd : type=1400 audit(0.0:19149): avc: denied { kill } for comm="swapper/3" capability=5 scontext=u:r:kernel:s0 tcontext=u:r:kernel:s0 tclass=capability permissive=0
12-10 06:34:40.155 0 0 I auditd : type=1400 audit(0.0:19150): avc: denied { kill } for comm="swapper/3" capability=5 scontext=u:r:kernel:s0 tcontext=u:r:kernel:s0 tclass=capability permissive=0
12-10 06:34:41.155 0 0 I auditd : type=1400 audit(0.0:19151): avc: denied { kill } for comm="swapper/3" capability=5 scontext=u:r:kernel:s0 tcontext=u:r:kernel:s0 tclass=capability permissive=0
12-10 06:34:42.155 0 0 I auditd : type=1400 audit(0.0:19152): avc: denied { kill } for comm="swapper/3" capability=5 scontext=u:r:kernel:s0 tcontext=u:r:kernel:s0 tclass=capability permissive=0
12-10 06:34:43.155 0 0 I auditd : type=1400 audit(0.0:19153): avc: denied { kill } for comm="swapper/3" capability=5 scontext=u:r:kernel:s0 tcontext=u:r:kernel:s0 tclass=capability permissive=0
12-10 06:34:44.155 0 0 I auditd : type=1400 audit(0.0:19154): avc: denied { kill } for comm="swapper/3" capability=5 scontext=u:r:kernel:s0 tcontext=u:r:kernel:s0 tclass=capability permissive=0
12-10 06:34:45.034 1507 1583 I am_uid_idle: 10052
12-10 06:34:45.155 0 0 I auditd : type=1400 audit(0.0:19155): avc: denied { kill } for comm="swapper/3" capability=5 scontext=u:r:kernel:s0 tcontext=u:r:kernel:s0 tclass=capability permissive=0
12-10 06:34:46.155 0 0 I auditd : type=1400 audit(0.0:19156): avc: denied { kill } for comm="swapper/3" capability=5 scontext=u:r:kernel:s0 tcontext=u:r:kernel:s0 tclass=capability permissive=0
12-10 06:34:47.155 0 0 I auditd : type=1400 audit(0.0:19157): avc: denied { kill } for comm="swapper/3" capability=5 scontext=u:r:kernel:s0 tcontext=u:r:kernel:s0 tclass=capability permissive=0
12-10 06:34:48.155 0 0 I auditd : type=1400 audit(0.0:19158): avc: denied { kill } for comm="swapper/3" capability=5 scontext=u:r:kernel:s0 tcontext=u:r:kernel:s0 tclass=capability permissive=0
12-10 06:34:49.155 0 0 I auditd : type=1400 audit(0.0:19159): avc: denied { kill } for comm="swapper/3" capability=5 scontext=u:r:kernel:s0 tcontext=u:r:kernel:s0 tclass=capability permissive=0
12-10 06:34:50.155 0 0 I auditd : type=1400 audit(0.0:19160): avc: denied { kill } for comm="swapper/3" capability=5 scontext=u:r:kernel:s0 tcontext=u:r:kernel:s0 tclass=capability permissive=0
12-10 06:34:50.245 1507 1613 I sysui_multi_action: [757,1696,758,6,759,2]
12-10 06:34:50.261 1507 1583 I am_wtf : [0,1507,system_server,-1,DisplayDeviceConfig,requesting nits when no mapping exists.]
12-10 06:34:50.264 1507 1583 I am_wtf : [0,1507,system_server,-1,DisplayDeviceConfig,requesting nits when no mapping exists.]
12-10 06:34:50.277 1507 1583 I am_wtf : [0,1507,system_server,-1,DisplayDeviceConfig,requesting nits when no mapping exists.]
12-10 06:34:50.279 1507 1583 I am_wtf : [0,1507,system_server,-1,DisplayDeviceConfig,requesting nits when no mapping exists.]
12-10 06:34:50.283 1507 1583 I am_wtf : [0,1507,system_server,-1,DisplayDeviceConfig,requesting nits when no mapping exists.]
12-10 06:34:50.285 1507 1583 I am_wtf : [0,1507,system_server,-1,DisplayDeviceConfig,requesting nits when no mapping exists.]
12-10 06:34:50.300 1507 1583 I am_wtf : [0,1507,system_server,-1,DisplayDeviceConfig,requesting nits when no mapping exists.]
12-10 06:34:50.301 1507 1583 I am_wtf : [0,1507,system_server,-1,DisplayDeviceConfig,requesting nits when no mapping exists.]
12-10 06:34:50.317 1507 1583 I am_wtf : [0,1507,system_server,-1,DisplayDeviceConfig,requesting nits when no mapping exists.]
12-10 06:34:50.318 1507 1583 I am_wtf : [0,1507,system_server,-1,DisplayDeviceConfig,requesting nits when no mapping exists.]
12-10 06:34:50.334 1507 1583 I am_wtf : [0,1507,system_server,-1,DisplayDeviceConfig,requesting nits when no mapping exists.]
12-10 06:34:50.335 1507 1583 I am_wtf : [0,1507,system_server,-1,DisplayDeviceConfig,requesting nits when no mapping exists.]
12-10 06:34:50.350 1507 1583 I am_wtf : [0,1507,system_server,-1,DisplayDeviceConfig,requesting nits when no mapping exists.]
12-10 06:34:50.351 1507 1583 I am_wtf : [0,1507,system_server,-1,DisplayDeviceConfig,requesting nits when no mapping exists.]
12-10 06:34:50.368 1507 1583 I am_wtf : [0,1507,system_server,-1,DisplayDeviceConfig,requesting nits when no mapping exists.]
12-10 06:34:50.369 1507 1583 I am_wtf : [0,1507,system_server,-1,DisplayDeviceConfig,requesting nits when no mapping exists.]
12-10 06:34:50.385 1507 1583 I am_wtf : [0,1507,system_server,-1,DisplayDeviceConfig,requesting nits when no mapping exists.]
12-10 06:34:50.387 1507 1583 I am_wtf : [0,1507,system_server,-1,DisplayDeviceConfig,requesting nits when no mapping exists.]
12-10 06:34:50.401 1507 1583 I am_wtf : [0,1507,system_server,-1,DisplayDeviceConfig,requesting nits when no mapping exists.]
12-10 06:34:50.403 1507 1583 I am_wtf : [0,1507,system_server,-1,DisplayDeviceConfig,requesting nits when no mapping exists.]
12-10 06:34:50.418 1507 1583 I am_wtf : [0,1507,system_server,-1,DisplayDeviceConfig,requesting nits when no mapping exists.]
12-10 06:34:50.419 1507 1583 I am_wtf : [0,1507,system_server,-1,DisplayDeviceConfig,requesting nits when no mapping exists.]
12-10 06:34:50.434 1507 1583 I am_wtf : [0,1507,system_server,-1,DisplayDeviceConfig,requesting nits when no mapping exists.]
12-10 06:34:50.435 1507 1583 I am_wtf : [0,1507,system_server,-1,DisplayDeviceConfig,requesting nits when no mapping exists.]
12-10 06:34:50.451 1507 1583 I am_wtf : [0,1507,system_server,-1,DisplayDeviceConfig,requesting nits when no mapping exists.]
12-10 06:34:50.452 1507 1583 I am_wtf : [0,1507,system_server,-1,DisplayDeviceConfig,requesting nits when no mapping exists.]
12-10 06:34:50.468 1507 1583 I am_wtf : [0,1507,system_server,-1,DisplayDeviceConfig,requesting nits when no mapping exists.]
12-10 06:34:50.470 1507 1583 I am_wtf : [0,1507,system_server,-1,DisplayDeviceConfig,requesting nits when no mapping exists.]
12-10 06:34:50.484 1507 1583 I am_wtf : [0,1507,system_server,-1,DisplayDeviceConfig,requesting nits when no mapping exists.]
12-10 06:34:50.486 1507 1583 I am_wtf : [0,1507,system_server,-1,DisplayDeviceConfig,requesting nits when no mapping exists.]
12-10 06:34:50.501 1507 1583 I am_wtf : [0,1507,system_server,-1,DisplayDeviceConfig,requesting nits when no mapping exists.]
12-10 06:34:50.503 1507 1583 I am_wtf : [0,1507,system_server,-1,DisplayDeviceConfig,requesting nits when no mapping exists.]
12-10 06:34:50.518 1507 1583 I am_wtf : [0,1507,system_server,-1,DisplayDeviceConfig,requesting nits when no mapping exists.]
12-10 06:34:50.519 1507 1583 I am_wtf : [0,1507,system_server,-1,DisplayDeviceConfig,requesting nits when no mapping exists.]
12-10 06:34:50.535 1507 1583 I am_wtf : [0,1507,system_server,-1,DisplayDeviceConfig,requesting nits when no mapping exists.]
12-10 06:34:50.536 1507 1583 I am_wtf : [0,1507,system_server,-1,DisplayDeviceConfig,requesting nits when no mapping exists.]
12-10 06:34:50.552 1507 1583 I am_wtf : [0,1507,system_server,-1,DisplayDeviceConfig,requesting nits when no mapping exists.]
12-10 06:34:50.553 1507 1583 I am_wtf : [0,1507,system_server,-1,DisplayDeviceConfig,requesting nits when no mapping exists.]
12-10 06:34:50.568 1507 1583 I am_wtf : [0,1507,system_server,-1,DisplayDeviceConfig,requesting nits when no mapping exists.]
12-10 06:34:50.569 1507 1583 I am_wtf : [0,1507,system_server,-1,DisplayDeviceConfig,requesting nits when no mapping exists.]
12-10 06:34:51.155 0 0 I auditd : type=1400 audit(0.0:19161): avc: denied { kill } for comm="swapper/3" capability=5 scontext=u:r:kernel:s0 tcontext=u:r:kernel:s0 tclass=capability permissive=0
12-10 06:34:52.040 1507 1581 I am_pss : [15348,10069,com.android.deskclock,29379584,22982656,0,149245952,0,15,14]
12-10 06:34:52.052 1507 1581 I am_pss : [15369,10094,com.android.permissioncontroller,16800768,12550144,0,115150848,0,19,11]
12-10 06:34:52.155 0 0 I auditd : type=1400 audit(0.0:19162): avc: denied { kill } for comm="swapper/3" capability=5 scontext=u:r:kernel:s0 tcontext=u:r:kernel:s0 tclass=capability permissive=0
12-10 06:34:53.088 1507 1583 I am_uid_idle: 10094
12-10 06:34:53.155 0 0 I auditd : type=1400 audit(0.0:19163): avc: denied { kill } for comm="swapper/3" capability=5 scontext=u:r:kernel:s0 tcontext=u:r:kernel:s0 tclass=capability permissive=0
12-10 06:34:54.155 0 0 I auditd : type=1400 audit(0.0:19164): avc: denied { kill } for comm="swapper/3" capability=5 scontext=u:r:kernel:s0 tcontext=u:r:kernel:s0 tclass=capability permissive=0
12-10 06:34:54.889 1507 1583 I am_uid_idle: 10069
12-10 06:34:55.155 0 0 I auditd : type=1400 audit(0.0:19165): avc: denied { kill } for comm="swapper/3" capability=5 scontext=u:r:kernel:s0 tcontext=u:r:kernel:s0 tclass=capability permissive=0
12-10 06:34:56.155 0 0 I auditd : type=1400 audit(0.0:19166): avc: denied { kill } for comm="swapper/3" capability=5 scontext=u:r:kernel:s0 tcontext=u:r:kernel:s0 tclass=capability permissive=0
12-10 06:34:57.155 0 0 I auditd : type=1400 audit(0.0:19167): avc: denied { kill } for comm="swapper/3" capability=5 scontext=u:r:kernel:s0 tcontext=u:r:kernel:s0 tclass=capability permissive=0
12-10 06:34:57.249 1507 1564 I sysui_multi_action: [757,222,758,1]
12-10 06:34:57.253 1507 1564 I am_uid_active: 10052
12-10 06:34:57.277 1507 1917 I wm_task_created: [156,-1]
12-10 06:34:57.281 1507 1917 I wm_task_moved: [156,1,7]
12-10 06:34:57.281 1507 1917 I wm_task_to_front: [0,156]
12-10 06:34:57.282 1507 1917 I wm_create_task: [0,156]
12-10 06:34:57.282 1507 1917 I wm_create_activity: [0,155175009,156,com.thundercomm.screensaver/android.service.dreams.DreamActivity,NULL,NULL,NULL,276824064]
12-10 06:34:57.282 1507 1917 I wm_task_moved: [156,1,7]
12-10 06:34:57.283 2526 2526 I wm_on_top_resumed_lost_called: [142082565,com.android.launcher3.uioverrides.QuickstepLauncher,topStateChangedWhenResumed]
12-10 06:34:57.284 1507 1917 I wm_pause_activity: [0,142082565,com.android.launcher3/.uioverrides.QuickstepLauncher,userLeaving=true,pauseBackTasks]
12-10 06:34:57.289 2526 2526 I wm_on_paused_called: [142082565,com.android.launcher3.uioverrides.QuickstepLauncher,performPause]
12-10 06:34:57.292 1507 5826 I wm_add_to_stopping: [0,142082565,com.android.launcher3/.uioverrides.QuickstepLauncher,makeInvisible]
12-10 06:34:57.293 1507 5826 I wm_restart_activity: [0,155175009,156,com.thundercomm.screensaver/android.service.dreams.DreamActivity]
12-10 06:34:57.294 1507 5826 I wm_set_resumed_activity: [0,com.thundercomm.screensaver/android.service.dreams.DreamActivity,minimalResumeActivityLocked]
12-10 06:34:57.310 1507 1568 I sysui_multi_action: [757,803,799,window_time_0,802,63]
12-10 06:34:57.312 14020 14020 I wm_on_create_called: [155175009,android.service.dreams.DreamActivity,performCreate]
12-10 06:34:57.313 14020 14020 I wm_on_start_called: [155175009,android.service.dreams.DreamActivity,handleStartActivity]
12-10 06:34:57.314 14020 14020 I wm_on_resume_called: [155175009,android.service.dreams.DreamActivity,RESUME_ACTIVITY]
12-10 06:34:57.316 1507 1736 I input_focus: [Focus leaving 2cb1f5d com.android.launcher3/com.android.launcher3.uioverrides.QuickstepLauncher (server),reason=NO_WINDOW]
12-10 06:34:57.318 14020 14020 I wm_on_top_resumed_gained_called: [155175009,android.service.dreams.DreamActivity,topStateChangedWhenResumed]
12-10 06:34:57.344 1507 1569 I input_focus: [Focus request 84f899d com.thundercomm.screensaver/android.service.dreams.DreamActivity,reason=UpdateInputWindows]
12-10 06:34:57.347 2004 2004 I sysui_multi_action: [757,111,758,2]
12-10 06:34:57.347 1507 1507 I notification_enqueue: [10082,2004,com.android.systemui,2048,NULL,0,Notification(channel=updateNotification shortcut=null contentView=null vibrate=null sound=null defaults=0x0 flags=0x0 color=0x00000000 vis=PRIVATE),1]
12-10 06:34:57.347 2004 2004 I sysui_multi_action: [757,111,758,2]
12-10 06:34:57.359 1507 1564 I sysui_multi_action: [319,85,322,84,325,17746,757,761,758,8,759,2,806,com.thundercomm.screensaver,871,android.service.dreams.DreamActivity,904,com.thundercomm.screensaver,905,0,1320,4,1321,2]
12-10 06:34:57.360 1507 1564 I wm_activity_launch_time: [0,155175009,com.thundercomm.screensaver/android.service.dreams.DreamActivity,84]
12-10 06:34:57.362 1507 1613 I sysui_multi_action: [757,1696,758,6,759,3]
12-10 06:34:57.372 1507 1583 I am_wtf : [0,1507,system_server,-1,DisplayDeviceConfig,requesting nits when no mapping exists.]
12-10 06:34:57.373 1507 1583 I am_wtf : [0,1507,system_server,-1,DisplayDeviceConfig,requesting nits when no mapping exists.]
12-10 06:34:57.373 2004 2004 I sysui_multi_action: [757,111,758,1]
12-10 06:34:57.374 2004 2004 I sysui_multi_action: [757,126,758,1,759,126,927,0,928,1,1593,0]
12-10 06:34:57.374 2004 2004 I sysui_multi_action: [757,113,758,1,759,113,927,1,928,1,1593,0]
12-10 06:34:57.374 2004 2004 I sysui_multi_action: [757,0,758,1,759,0,927,2,928,0,1593,0]
12-10 06:34:57.374 2004 2004 I sysui_multi_action: [757,0,758,1,759,0,927,3,928,0,1593,0]
12-10 06:34:57.374 2004 2004 I sysui_multi_action: [757,491,758,1,759,491,927,4,928,1,1311,1,1593,0]
12-10 06:34:57.374 2004 2004 I sysui_multi_action: [757,0,758,1,759,0,927,5,928,0,1593,0]
12-10 06:34:57.374 2004 2004 I sysui_multi_action: [757,111,758,1]
12-10 06:34:57.374 2004 2004 I sysui_multi_action: [757,126,758,1,759,126,927,0,928,1,1593,0]
12-10 06:34:57.374 2004 2004 I sysui_multi_action: [757,113,758,1,759,113,927,1,928,1,1593,0]
12-10 06:34:57.374 2004 2004 I sysui_multi_action: [757,0,758,1,759,0,927,2,928,0,1593,0]
12-10 06:34:57.375 2004 2004 I sysui_multi_action: [757,0,758,1,759,0,927,3,928,0,1593,0]
12-10 06:34:57.387 1507 1583 I am_wtf : [0,1507,system_server,-1,DisplayDeviceConfig,requesting nits when no mapping exists.]
12-10 06:34:57.388 1507 1583 I am_wtf : [0,1507,system_server,-1,DisplayDeviceConfig,requesting nits when no mapping exists.]
12-10 06:34:57.389 1507 1736 I input_focus: [Focus entering 84f899d com.thundercomm.screensaver/android.service.dreams.DreamActivity (server),reason=Window became focusable. Previous reason: NOT_VISIBLE]
12-10 06:34:57.405 1507 1583 I am_wtf : [0,1507,system_server,-1,DisplayDeviceConfig,requesting nits when no mapping exists.]
12-10 06:34:57.407 1507 1583 I am_wtf : [0,1507,system_server,-1,DisplayDeviceConfig,requesting nits when no mapping exists.]
12-10 06:34:57.422 1507 1583 I am_wtf : [0,1507,system_server,-1,DisplayDeviceConfig,requesting nits when no mapping exists.]
12-10 06:34:57.427 1507 1583 I am_wtf : [0,1507,system_server,-1,DisplayDeviceConfig,requesting nits when no mapping exists.]
12-10 06:34:57.439 1507 1583 I am_wtf : [0,1507,system_server,-1,DisplayDeviceConfig,requesting nits when no mapping exists.]
12-10 06:34:57.446 1507 1583 I service_manager_stats: [100,84,140395]
12-10 06:34:57.446 1507 1583 I am_wtf : [0,1507,system_server,-1,DisplayDeviceConfig,requesting nits when no mapping exists.]
12-10 06:34:57.454 1507 1583 I am_wtf : [0,1507,system_server,-1,DisplayDeviceConfig,requesting nits when no mapping exists.]
12-10 06:34:57.454 1507 1583 I am_wtf : [0,1507,system_server,-1,DisplayDeviceConfig,requesting nits when no mapping exists.]
12-10 06:34:57.473 1507 1583 I am_wtf : [0,1507,system_server,-1,DisplayDeviceConfig,requesting nits when no mapping exists.]
12-10 06:34:57.474 1507 1583 I am_wtf : [0,1507,system_server,-1,DisplayDeviceConfig,requesting nits when no mapping exists.]
12-10 06:34:57.494 1507 1583 I am_wtf : [0,1507,system_server,-1,DisplayDeviceConfig,requesting nits when no mapping exists.]
12-10 06:34:57.497 1507 1583 I am_wtf : [0,1507,system_server,-1,DisplayDeviceConfig,requesting nits when no mapping exists.]
12-10 06:34:57.512 1507 1583 I am_wtf : [0,1507,system_server,-1,DisplayDeviceConfig,requesting nits when no mapping exists.]
12-10 06:34:57.513 1507 1583 I am_wtf : [0,1507,system_server,-1,DisplayDeviceConfig,requesting nits when no mapping exists.]
12-10 06:34:57.520 1507 1583 I am_wtf : [0,1507,system_server,-1,DisplayDeviceConfig,requesting nits when no mapping exists.]
12-10 06:34:57.521 1507 1583 I am_wtf : [0,1507,system_server,-1,DisplayDeviceConfig,requesting nits when no mapping exists.]
12-10 06:34:57.540 1507 1583 I am_wtf : [0,1507,system_server,-1,DisplayDeviceConfig,requesting nits when no mapping exists.]
12-10 06:34:57.541 1507 1583 I am_wtf : [0,1507,system_server,-1,DisplayDeviceConfig,requesting nits when no mapping exists.]
12-10 06:34:57.556 1507 1583 I am_wtf : [0,1507,system_server,-1,DisplayDeviceConfig,requesting nits when no mapping exists.]
12-10 06:34:57.557 1507 1583 I am_wtf : [0,1507,system_server,-1,DisplayDeviceConfig,requesting nits when no mapping exists.]
12-10 06:34:57.573 1507 1583 I am_wtf : [0,1507,system_server,-1,DisplayDeviceConfig,requesting nits when no mapping exists.]
12-10 06:34:57.574 1507 1583 I am_wtf : [0,1507,system_server,-1,DisplayDeviceConfig,requesting nits when no mapping exists.]
12-10 06:34:57.588 1507 1583 I am_wtf : [0,1507,system_server,-1,DisplayDeviceConfig,requesting nits when no mapping exists.]
12-10 06:34:57.589 1507 1583 I am_wtf : [0,1507,system_server,-1,DisplayDeviceConfig,requesting nits when no mapping exists.]
12-10 06:34:57.606 1507 1583 I am_wtf : [0,1507,system_server,-1,DisplayDeviceConfig,requesting nits when no mapping exists.]
12-10 06:34:57.607 1507 1583 I am_wtf : [0,1507,system_server,-1,DisplayDeviceConfig,requesting nits when no mapping exists.]
12-10 06:34:57.623 1507 1583 I am_wtf : [0,1507,system_server,-1,DisplayDeviceConfig,requesting nits when no mapping exists.]
12-10 06:34:57.624 1507 1583 I am_wtf : [0,1507,system_server,-1,DisplayDeviceConfig,requesting nits when no mapping exists.]
12-10 06:34:57.644 1507 1583 I am_wtf : [0,1507,system_server,-1,DisplayDeviceConfig,requesting nits when no mapping exists.]
12-10 06:34:57.645 1507 1583 I am_wtf : [0,1507,system_server,-1,DisplayDeviceConfig,requesting nits when no mapping exists.]
12-10 06:34:57.659 1507 1568 I wm_stop_activity: [0,142082565,com.android.launcher3/.uioverrides.QuickstepLauncher]
12-10 06:34:57.663 1507 1583 I am_wtf : [0,1507,system_server,-1,DisplayDeviceConfig,requesting nits when no mapping exists.]
12-10 06:34:57.665 1507 1583 I am_wtf : [0,1507,system_server,-1,DisplayDeviceConfig,requesting nits when no mapping exists.]
12-10 06:34:57.675 1507 1583 I am_wtf : [0,1507,system_server,-1,DisplayDeviceConfig,requesting nits when no mapping exists.]
12-10 06:34:57.676 1507 1583 I am_wtf : [0,1507,system_server,-1,DisplayDeviceConfig,requesting nits when no mapping exists.]
12-10 06:34:57.688 1507 1583 I am_wtf : [0,1507,system_server,-1,DisplayDeviceConfig,requesting nits when no mapping exists.]
12-10 06:34:57.689 1507 1583 I am_wtf : [0,1507,system_server,-1,DisplayDeviceConfig,requesting nits when no mapping exists.]
12-10 06:34:57.695 2526 2526 I wm_on_stop_called: [142082565,com.android.launcher3.uioverrides.QuickstepLauncher,STOP_ACTIVITY_ITEM]
12-10 06:34:58.155 0 0 I auditd : type=1400 audit(0.0:19168): avc: denied { kill } for comm="swapper/3" capability=5 scontext=u:r:kernel:s0 tcontext=u:r:kernel:s0 tclass=capability permissive=0
12-10 06:34:59.155 0 0 I auditd : type=1400 audit(0.0:19169): avc: denied { kill } for comm="swapper/3" capability=5 scontext=u:r:kernel:s0 tcontext=u:r:kernel:s0 tclass=capability permissive=0
12-10 06:35:00.158 1507 1736 I input_interaction: Interaction with: 84f899d com.thundercomm.screensaver/android.service.dreams.DreamActivity (server), edge-swipe (server), swipe-up (server), PointerEventDispatcher0 (server),
12-10 06:35:00.161 1507 5826 I wm_finish_activity: [0,155175009,156,com.thundercomm.screensaver/android.service.dreams.DreamActivity,finish-activity]
12-10 06:35:00.162 1507 5826 I wm_task_moved: [26,1,6]
12-10 06:35:00.162 1507 5826 I wm_task_moved: [27,1,2147483647]
12-10 06:35:00.162 1507 5826 I wm_task_to_front: [0,27]
12-10 06:35:00.162 1507 5826 I wm_focused_root_task: [0,0,26,156,finish-top adjustFocusToNextFocusableTask]
12-10 06:35:00.163 1507 5826 I wm_set_resumed_activity: [0,com.android.launcher3/.uioverrides.QuickstepLauncher,finish-top adjustFocusToNextFocusableTask]
12-10 06:35:00.164 1507 5826 I wm_pause_activity: [0,155175009,com.thundercomm.screensaver/android.service.dreams.DreamActivity,userLeaving=false,finish]
12-10 06:35:00.173 1507 1568 I sysui_multi_action: [757,803,799,window_time_0,802,3]
12-10 06:35:00.175 14020 14020 I wm_on_top_resumed_lost_called: [155175009,android.service.dreams.DreamActivity,topStateChangedWhenResumed]
12-10 06:35:00.176 14020 14020 I wm_on_paused_called: [155175009,android.service.dreams.DreamActivity,performPause]
12-10 06:35:00.176 1507 6251 I wm_add_to_stopping: [0,155175009,com.thundercomm.screensaver/android.service.dreams.DreamActivity,completeFinishing]
12-10 06:35:00.178 1507 6251 I wm_set_resumed_activity: [0,com.android.launcher3/.uioverrides.QuickstepLauncher,resumeTopActivityInnerLocked]
12-10 06:35:00.180 1507 6251 I wm_resume_activity: [0,142082565,27,com.android.launcher3/.uioverrides.QuickstepLauncher]
12-10 06:35:00.191 1507 1568 I sysui_multi_action: [757,803,799,window_time_0,802,0]
12-10 06:35:00.195 14020 14020 I view_enqueue_input_event: [Motion - Cancel,com.thundercomm.screensaver/android.service.dreams.DreamActivity]
12-10 06:35:00.195 1507 1736 I input_focus: [Focus leaving 84f899d com.thundercomm.screensaver/android.service.dreams.DreamActivity (server),reason=NO_WINDOW]
12-10 06:35:00.200 2526 2526 I wm_on_restart_called: [142082565,com.android.launcher3.uioverrides.QuickstepLauncher,performRestartActivity]
12-10 06:35:00.200 2526 2526 I wm_on_start_called: [142082565,com.android.launcher3.uioverrides.QuickstepLauncher,handleStartActivity]
12-10 06:35:00.201 2526 2526 I wm_on_resume_called: [142082565,com.android.launcher3.uioverrides.QuickstepLauncher,RESUME_ACTIVITY]
12-10 06:35:00.201 2526 2526 I wm_on_top_resumed_gained_called: [142082565,com.android.launcher3.uioverrides.QuickstepLauncher,topWhenResuming]
12-10 06:35:00.216 1507 1569 I input_focus: [Focus request 2cb1f5d com.android.launcher3/com.android.launcher3.uioverrides.QuickstepLauncher,reason=UpdateInputWindows]
12-10 06:35:00.217 1507 1736 I input_interaction: Interaction with: edge-swipe (server), swipe-up (server), PointerEventDispatcher0 (server),
12-10 06:35:00.246 1507 1736 I input_focus: [Focus entering 2cb1f5d com.android.launcher3/com.android.launcher3.uioverrides.QuickstepLauncher (server),reason=Window became focusable. Previous reason: NOT_VISIBLE]
12-10 06:35:00.479 1507 1568 I wm_destroy_activity: [0,155175009,156,com.thundercomm.screensaver/android.service.dreams.DreamActivity,finish-imm:idle]
12-10 06:35:00.503 14020 14020 I wm_on_stop_called: [155175009,android.service.dreams.DreamActivity,LIFECYCLER_STOP_ACTIVITY]
12-10 06:35:00.503 14020 14020 I wm_on_destroy_called: [155175009,android.service.dreams.DreamActivity,performDestroy]
12-10 06:35:00.507 1507 1564 I sysui_multi_action: [757,222,758,2]
12-10 06:35:00.507 1507 1564 I sysui_multi_action: [757,804,799,dreaming_minutes,801,0,802,1]
12-10 06:35:00.527 1507 2042 I wm_task_removed: [156,removeChild:removeChild last r=ActivityRecord{93fc861 u0 com.thundercomm.screensaver/android.service.dreams.DreamActivity t-1 f}} in t=Task{621afc2 #156 type=dream A=10052:android:com.thundercomm.screensaver/dream U=0 visible=false mode=fullscreen translucent=true sz=0}]
12-10 06:35:00.527 1507 2042 I wm_task_removed: [156,removeChild]
12-10 06:35:01.155 0 0 I auditd : type=1400 audit(0.0:19170): avc: denied { kill } for comm="swapper/3" capability=5 scontext=u:r:kernel:s0 tcontext=u:r:kernel:s0 tclass=capability permissive=0
12-10 06:35:02.155 0 0 I auditd : type=1400 audit(0.0:19171): avc: denied { kill } for comm="swapper/3" capability=5 scontext=u:r:kernel:s0 tcontext=u:r:kernel:s0 tclass=capability permissive=0
12-10 06:35:03.155 0 0 I auditd : type=1400 audit(0.0:19172): avc: denied { kill } for comm="swapper/3" capability=5 scontext=u:r:kernel:s0 tcontext=u:r:kernel:s0 tclass=capability permissive=0
12-10 06:35:04.155 0 0 I auditd : type=1400 audit(0.0:19173): avc: denied { kill } for comm="swapper/3" capability=5 scontext=u:r:kernel:s0 tcontext=u:r:kernel:s0 tclass=capability permissive=0
12-10 06:35:05.155 0 0 I auditd : type=1400 audit(0.0:19174): avc: denied { kill } for comm="swapper/3" capability=5 scontext=u:r:kernel:s0 tcontext=u:r:kernel:s0 tclass=capability permissive=0
12-10 06:35:05.474 1507 1736 I input_interaction: Interaction with: 2cb1f5d com.android.launcher3/com.android.launcher3.uioverrides.QuickstepLauncher (server), 5478378 com.android.systemui.ImageWallpaper (server), edge-swipe (server), swipe-up (server), PointerEventDispatcher0 (server),
12-10 06:35:05.788 1507 1710 I commit_sys_config_file: [settings-1-0,13]
12-10 06:35:06.155 0 0 I auditd : type=1400 audit(0.0:19175): avc: denied { kill } for comm="swapper/3" capability=5 scontext=u:r:kernel:s0 tcontext=u:r:kernel:s0 tclass=capability permissive=0
12-10 06:35:07.155 0 0 I auditd : type=1400 audit(0.0:19176): avc: denied { kill } for comm="swapper/3" capability=5 scontext=u:r:kernel:s0 tcontext=u:r:kernel:s0 tclass=capability permissive=0
12-10 06:35:07.962 1507 5826 I sysui_multi_action: [757,127,758,1]
12-10 06:35:07.962 1507 5826 I sysui_multi_action: [757,804,799,note_load,801,3,802,1]
12-10 06:35:07.962 1507 5826 I notification_panel_revealed: 3
12-10 06:35:07.979 1507 1569 I input_focus: [Focus request 349ab61 NotificationShade,reason=UpdateInputWindows]
12-10 06:35:08.000 1507 1736 I input_focus: [Focus leaving 2cb1f5d com.android.launcher3/com.android.launcher3.uioverrides.QuickstepLauncher (server),reason=setFocusedWindow]
12-10 06:35:08.000 1507 1736 I input_focus: [Focus entering 349ab61 NotificationShade (server),reason=setFocusedWindow]
12-10 06:35:08.007 2004 2004 I sysui_multi_action: [757,111,758,2]
12-10 06:35:08.007 1507 1507 I notification_enqueue: [10082,2004,com.android.systemui,2048,NULL,0,Notification(channel=updateNotification shortcut=null contentView=null vibrate=null sound=null defaults=0x0 flags=0x0 color=0x00000000 vis=PRIVATE),1]
12-10 06:35:08.007 2004 2004 I sysui_multi_action: [757,111,758,2]
12-10 06:35:08.018 1507 1569 I input_focus: [Focus request 2cb1f5d com.android.launcher3/com.android.launcher3.uioverrides.QuickstepLauncher,reason=UpdateInputWindows]
12-10 06:35:08.021 2004 2004 I sysui_multi_action: [757,111,758,1]
12-10 06:35:08.021 2004 2004 I sysui_multi_action: [757,126,758,1,759,126,927,0,928,1,1593,0]
12-10 06:35:08.021 2004 2004 I sysui_multi_action: [757,113,758,1,759,113,927,1,928,1,1593,0]
12-10 06:35:08.021 2004 2004 I sysui_multi_action: [757,0,758,1,759,0,927,2,928,0,1593,0]
12-10 06:35:08.021 2004 2004 I sysui_multi_action: [757,0,758,1,759,0,927,3,928,0,1593,0]
12-10 06:35:08.022 2004 2004 I sysui_multi_action: [757,491,758,1,759,491,927,4,928,1,1311,1,1593,0]
12-10 06:35:08.022 2004 2004 I sysui_multi_action: [757,0,758,1,759,0,927,5,928,0,1593,0]
12-10 06:35:08.022 2004 2004 I sysui_multi_action: [757,111,758,1]
12-10 06:35:08.022 2004 2004 I sysui_multi_action: [757,126,758,1,759,126,927,0,928,1,1593,0]
12-10 06:35:08.022 2004 2004 I sysui_multi_action: [757,113,758,1,759,113,927,1,928,1,1593,0]
12-10 06:35:08.022 2004 2004 I sysui_multi_action: [757,0,758,1,759,0,927,2,928,0,1593,0]
12-10 06:35:08.022 2004 2004 I sysui_multi_action: [757,0,758,1,759,0,927,3,928,0,1593,0]
12-10 06:35:08.030 2004 2004 I sysui_multi_action: [757,111,758,2]
12-10 06:35:08.030 2004 2004 I sysui_multi_action: [757,111,758,2]
12-10 06:35:08.031 1507 1507 I notification_enqueue: [10082,2004,com.android.systemui,2048,NULL,0,Notification(channel=updateNotification shortcut=null contentView=null vibrate=null sound=null defaults=0x0 flags=0x0 color=0x00000000 vis=PRIVATE),1]
12-10 06:35:08.038 1507 1569 I input_focus: [Focus request 349ab61 NotificationShade,reason=UpdateInputWindows]
12-10 06:35:08.041 2004 2004 I sysui_multi_action: [757,111,758,1]
12-10 06:35:08.041 2004 2004 I sysui_multi_action: [757,126,758,1,759,126,927,0,928,1,1593,0]
12-10 06:35:08.041 2004 2004 I sysui_multi_action: [757,113,758,1,759,113,927,1,928,1,1593,0]
12-10 06:35:08.041 2004 2004 I sysui_multi_action: [757,0,758,1,759,0,927,2,928,0,1593,0]
12-10 06:35:08.041 2004 2004 I sysui_multi_action: [757,0,758,1,759,0,927,3,928,0,1593,0]
12-10 06:35:08.041 2004 2004 I sysui_multi_action: [757,491,758,1,759,491,927,4,928,1,1311,1,1593,0]
12-10 06:35:08.041 2004 2004 I sysui_multi_action: [757,0,758,1,759,0,927,5,928,0,1593,0]
12-10 06:35:08.041 2004 2004 I sysui_multi_action: [757,111,758,1]
12-10 06:35:08.041 2004 2004 I sysui_multi_action: [757,126,758,1,759,126,927,0,928,1,1593,0]
12-10 06:35:08.041 2004 2004 I sysui_multi_action: [757,113,758,1,759,113,927,1,928,1,1593,0]
12-10 06:35:08.041 2004 2004 I sysui_multi_action: [757,0,758,1,759,0,927,2,928,0,1593,0]
12-10 06:35:08.041 2004 2004 I sysui_multi_action: [757,0,758,1,759,0,927,3,928,0,1593,0]
12-10 06:35:08.050 2004 2004 I sysui_multi_action: [757,111,758,2]
12-10 06:35:08.050 2004 2004 I sysui_multi_action: [757,111,758,2]
12-10 06:35:08.050 1507 1736 I input_focus: [Focus leaving 349ab61 NotificationShade (server),reason=NOT_FOCUSABLE]
12-10 06:35:08.050 1507 1736 I input_focus: [Focus entering 2cb1f5d com.android.launcher3/com.android.launcher3.uioverrides.QuickstepLauncher (server),reason=setFocusedWindow]
12-10 06:35:08.051 1507 1507 I notification_enqueue: [10082,2004,com.android.systemui,2048,NULL,0,Notification(channel=updateNotification shortcut=null contentView=null vibrate=null sound=null defaults=0x0 flags=0x0 color=0x00000000 vis=PRIVATE),1]
12-10 06:35:08.053 2004 2004 I sysui_multi_action: [757,111,758,1]
12-10 06:35:08.054 2004 2004 I sysui_multi_action: [757,126,758,1,759,126,927,0,928,1,1593,0]
12-10 06:35:08.054 2004 2004 I sysui_multi_action: [757,113,758,1,759,113,927,1,928,1,1593,0]
12-10 06:35:08.054 2004 2004 I sysui_multi_action: [757,0,758,1,759,0,927,2,928,0,1593,0]
12-10 06:35:08.054 2004 2004 I sysui_multi_action: [757,0,758,1,759,0,927,3,928,0,1593,0]
12-10 06:35:08.054 2004 2004 I sysui_multi_action: [757,491,758,1,759,491,927,4,928,1,1311,1,1593,0]
12-10 06:35:08.054 2004 2004 I sysui_multi_action: [757,0,758,1,759,0,927,5,928,0,1593,0]
12-10 06:35:08.054 2004 2004 I sysui_multi_action: [757,111,758,1]
12-10 06:35:08.054 2004 2004 I sysui_multi_action: [757,126,758,1,759,126,927,0,928,1,1593,0]
12-10 06:35:08.054 2004 2004 I sysui_multi_action: [757,113,758,1,759,113,927,1,928,1,1593,0]
12-10 06:35:08.054 2004 2004 I sysui_multi_action: [757,0,758,1,759,0,927,2,928,0,1593,0]
12-10 06:35:08.054 2004 2004 I sysui_multi_action: [757,0,758,1,759,0,927,3,928,0,1593,0]
12-10 06:35:08.066 1507 1736 I input_focus: [Focus leaving 2cb1f5d com.android.launcher3/com.android.launcher3.uioverrides.QuickstepLauncher (server),reason=setFocusedWindow]
12-10 06:35:08.066 1507 1736 I input_focus: [Focus entering 349ab61 NotificationShade (server),reason=setFocusedWindow]
12-10 06:35:08.074 2004 2004 I sysui_multi_action: [757,111,758,2]
12-10 06:35:08.074 2004 2004 I sysui_multi_action: [757,111,758,2]
12-10 06:35:08.074 1507 1507 I notification_enqueue: [10082,2004,com.android.systemui,2048,NULL,0,Notification(channel=updateNotification shortcut=null contentView=null vibrate=null sound=null defaults=0x0 flags=0x0 color=0x00000000 vis=PRIVATE),1]
12-10 06:35:08.077 2004 2004 I sysui_multi_action: [757,111,758,1]
12-10 06:35:08.077 2004 2004 I sysui_multi_action: [757,126,758,1,759,126,927,0,928,1,1593,0]
12-10 06:35:08.077 2004 2004 I sysui_multi_action: [757,113,758,1,759,113,927,1,928,1,1593,0]
12-10 06:35:08.077 2004 2004 I sysui_multi_action: [757,0,758,1,759,0,927,2,928,0,1593,0]
12-10 06:35:08.077 2004 2004 I sysui_multi_action: [757,0,758,1,759,0,927,3,928,0,1593,0]
12-10 06:35:08.078 2004 2004 I sysui_multi_action: [757,491,758,1,759,491,927,4,928,1,1311,1,1593,0]
12-10 06:35:08.078 2004 2004 I sysui_multi_action: [757,0,758,1,759,0,927,5,928,0,1593,0]
12-10 06:35:08.078 2004 2004 I sysui_multi_action: [757,111,758,1]
12-10 06:35:08.078 2004 2004 I sysui_multi_action: [757,126,758,1,759,126,927,0,928,1,1593,0]
12-10 06:35:08.078 2004 2004 I sysui_multi_action: [757,113,758,1,759,113,927,1,928,1,1593,0]
12-10 06:35:08.078 2004 2004 I sysui_multi_action: [757,0,758,1,759,0,927,2,928,0,1593,0]
12-10 06:35:08.078 2004 2004 I sysui_multi_action: [757,0,758,1,759,0,927,3,928,0,1593,0]
12-10 06:35:08.088 2004 2004 I sysui_multi_action: [757,111,758,2]
12-10 06:35:08.088 2004 2004 I sysui_multi_action: [757,111,758,2]
12-10 06:35:08.088 1507 1507 I notification_enqueue: [10082,2004,com.android.systemui,2048,NULL,0,Notification(channel=updateNotification shortcut=null contentView=null vibrate=null sound=null defaults=0x0 flags=0x0 color=0x00000000 vis=PRIVATE),1]
12-10 06:35:08.090 2004 2004 I sysui_multi_action: [757,111,758,1]
12-10 06:35:08.091 2004 2004 I sysui_multi_action: [757,126,758,1,759,126,927,0,928,1,1593,0]
12-10 06:35:08.091 2004 2004 I sysui_multi_action: [757,113,758,1,759,113,927,1,928,1,1593,0]
12-10 06:35:08.091 2004 2004 I sysui_multi_action: [757,0,758,1,759,0,927,2,928,0,1593,0]
12-10 06:35:08.091 2004 2004 I sysui_multi_action: [757,0,758,1,759,0,927,3,928,0,1593,0]
12-10 06:35:08.091 2004 2004 I sysui_multi_action: [757,491,758,1,759,491,927,4,928,1,1311,1,1593,0]
12-10 06:35:08.091 2004 2004 I sysui_multi_action: [757,0,758,1,759,0,927,5,928,0,1593,0]
12-10 06:35:08.091 2004 2004 I sysui_multi_action: [757,111,758,1]
12-10 06:35:08.091 2004 2004 I sysui_multi_action: [757,126,758,1,759,126,927,0,928,1,1593,0]
12-10 06:35:08.091 2004 2004 I sysui_multi_action: [757,113,758,1,759,113,927,1,928,1,1593,0]
12-10 06:35:08.091 2004 2004 I sysui_multi_action: [757,0,758,1,759,0,927,2,928,0,1593,0]
12-10 06:35:08.091 2004 2004 I sysui_multi_action: [757,0,758,1,759,0,927,3,928,0,1593,0]
12-10 06:35:08.500 1507 2038 I sysui_multi_action: [757,128,758,1,793,17744969,794,0,795,17744969,796,26,798,0,806,android,857,DEVELOPER_IMPORTANT,858,4,947,0,1395,3,1500,17744503,1688,1]
12-10 06:35:08.500 1507 2038 I sysui_multi_action: [757,804,799,note_freshness,801,17744969,802,1]
12-10 06:35:08.500 1507 2038 I notification_visibility: [-1|android|26|null|1000,1,17744969,17744969,0,0]
12-10 06:35:08.500 1507 2038 I sysui_multi_action: [757,128,758,1,793,73583,794,0,795,73583,796,2147483646,798,1,806,com.android.deskclock,857,StopwatchNotification,858,3,946,3,947,0,1395,3,1500,73378,1688,1,1745,-868672399]
12-10 06:35:08.500 1507 2038 I sysui_multi_action: [757,804,799,note_freshness,801,73583,802,1]
12-10 06:35:08.500 1507 2038 I notification_visibility: [0|com.android.deskclock|2147483646|null|10069,1,73583,73583,0,1]
12-10 06:35:08.501 1507 2038 I sysui_multi_action: [757,128,758,1,793,17745868,794,0,795,17745868,796,32,798,2,806,android,857,USB,858,1,947,0,1395,3,1500,17745521,1688,1]
12-10 06:35:08.501 1507 2038 I sysui_multi_action: [757,804,799,note_freshness,801,17745868,802,1]
12-10 06:35:08.501 1507 2038 I notification_visibility: [-1|android|32|null|1000,1,17745868,17745868,0,2]
12-10 06:35:09.155 0 0 I auditd : type=1400 audit(0.0:19177): avc: denied { kill } for comm="swapper/3" capability=5 scontext=u:r:kernel:s0 tcontext=u:r:kernel:s0 tclass=capability permissive=0
12-10 06:35:09.199 1507 1736 I input_interaction: Interaction with: 349ab61 NotificationShade (server), edge-swipe (server), swipe-up (server), PointerEventDispatcher0 (server),
12-10 06:35:09.617 2004 2004 I sysui_multi_action: [757,366,758,4,759,113,927,1,928,1,1592,0,1593,1]
12-10 06:35:09.637 1507 2038 I wm_task_created: [157,-1]
12-10 06:35:09.642 1507 2038 I wm_task_moved: [157,1,7]
12-10 06:35:09.642 1507 2038 I wm_task_to_front: [0,157]
12-10 06:35:09.643 1507 2038 I wm_create_task: [0,157]
12-10 06:35:09.643 1507 2038 I wm_create_activity: [0,179319928,157,com.android.settings/.Settings$ConnectedDeviceDashboardActivity,android.settings.BLUETOOTH_SETTINGS,NULL,NULL,335544320]
12-10 06:35:09.643 1507 2038 I wm_task_moved: [157,1,7]
12-10 06:35:09.644 2526 2526 I wm_on_top_resumed_lost_called: [142082565,com.android.launcher3.uioverrides.QuickstepLauncher,topStateChangedWhenResumed]
12-10 06:35:09.647 1507 2038 I wm_pause_activity: [0,142082565,com.android.launcher3/.uioverrides.QuickstepLauncher,userLeaving=true,pauseBackTasks]
12-10 06:35:09.653 2526 2526 I wm_on_paused_called: [142082565,com.android.launcher3.uioverrides.QuickstepLauncher,performPause]
12-10 06:35:09.663 1507 2042 I wm_add_to_stopping: [0,142082565,com.android.launcher3/.uioverrides.QuickstepLauncher,makeInvisible]
12-10 06:35:09.671 1507 2042 I wm_restart_activity: [0,179319928,157,com.android.settings/.Settings$ConnectedDeviceDashboardActivity]
12-10 06:35:09.674 1507 2042 I wm_set_resumed_activity: [0,com.android.settings/.Settings$ConnectedDeviceDashboardActivity,minimalResumeActivityLocked]
12-10 06:35:09.678 1507 1568 I sysui_multi_action: [757,803,799,window_time_0,802,9]
12-10 06:35:09.712 1507 2042 I am_uid_running: 10088
12-10 06:35:09.721 1507 1584 I am_proc_start: [0,15506,10088,com.qualcomm.qti.qccauthmgr,content provider,{com.qualcomm.qti.qccauthmgr/com.qualcomm.qti.qccauthmgr.providers.SMQContentProvider}]
12-10 06:35:09.723 1507 2042 I wm_task_created: [158,-1]
12-10 06:35:09.725 1507 2042 I wm_task_moved: [158,1,8]
12-10 06:35:09.725 1507 2042 I wm_task_to_front: [0,158]
12-10 06:35:09.725 1507 2042 I wm_create_task: [0,158]
12-10 06:35:09.725 1507 2042 I wm_create_activity: [0,219734682,158,com.android.settings/.homepage.SettingsHomepageActivity,android.settings.BLUETOOTH_SETTINGS,NULL,NULL,335544320]
12-10 06:35:09.725 1507 2042 I wm_task_moved: [158,1,8]
12-10 06:35:09.726 1507 2042 I wm_pause_activity: [0,179319928,com.android.settings/.Settings$ConnectedDeviceDashboardActivity,userLeaving=true,pauseBackTasks]
12-10 06:35:09.728 1507 2038 I wm_finish_activity: [0,179319928,157,com.android.settings/.Settings$ConnectedDeviceDashboardActivity,app-request]
12-10 06:35:09.728 15287 15287 I wm_on_create_called: [179319928,com.android.settings.Settings$ConnectedDeviceDashboardActivity,performCreate]
12-10 06:35:09.730 1507 2042 I wm_add_to_stopping: [0,179319928,com.android.settings/.Settings$ConnectedDeviceDashboardActivity,completeFinishing]
12-10 06:35:09.733 1507 2042 I wm_restart_activity: [0,219734682,158,com.android.settings/.homepage.SettingsHomepageActivity]
12-10 06:35:09.734 1507 2042 I wm_set_resumed_activity: [0,com.android.settings/.homepage.SettingsHomepageActivity,minimalResumeActivityLocked]
12-10 06:35:09.741 1507 6251 I am_proc_bound: [0,15506,com.qualcomm.qti.qccauthmgr]
12-10 06:35:09.746 1507 6251 I am_uid_active: 10088
12-10 06:35:09.747 1507 1568 I sysui_multi_action: [757,803,799,window_time_0,802,0]
12-10 06:35:09.856 15287 15287 I wm_on_create_called: [219734682,com.android.settings.homepage.SettingsHomepageActivity,performCreate]
12-10 06:35:09.887 15287 15287 I wm_on_start_called: [219734682,com.android.settings.homepage.SettingsHomepageActivity,handleStartActivity]
12-10 06:35:09.887 15287 15287 I snet_event_log: [120484087,-1,]
12-10 06:35:09.888 15287 15287 I wm_on_resume_called: [219734682,com.android.settings.homepage.SettingsHomepageActivity,RESUME_ACTIVITY]
12-10 06:35:09.889 15287 15287 I sysui_multi_action: [757,35,758,1,833,0,1089,32]
12-10 06:35:09.896 15287 15287 I sysui_multi_action: [757,1729,758,4,854,isParalleledControllers:false,1089,39]
12-10 06:35:09.906 15287 15287 I wm_on_top_resumed_gained_called: [219734682,com.android.settings.homepage.SettingsHomepageActivity,topStateChangedWhenResumed]
12-10 06:35:09.943 567 567 I auditd : type=1400 audit(0.0:19178): avc: denied { read } for comm="Binder:567_2" name="wakeup58" dev="sysfs" ino=71584 scontext=u:r:system_suspend:s0 tcontext=u:object_r:sysfs:s0 tclass=dir permissive=0
12-10 06:35:09.943 567 567 I auditd : type=1400 audit(0.0:19179): avc: denied { read } for comm="Binder:567_2" name="wakeup48" dev="sysfs" ino=67173 scontext=u:r:system_suspend:s0 tcontext=u:object_r:sysfs:s0 tclass=dir permissive=0
12-10 06:35:09.943 567 567 I auditd : type=1400 audit(0.0:19180): avc: denied { read } for comm="Binder:567_2" name="wakeup4" dev="sysfs" ino=47032 scontext=u:r:system_suspend:s0 tcontext=u:object_r:sysfs:s0 tclass=dir permissive=0
12-10 06:35:09.943 567 567 I auditd : type=1400 audit(0.0:19181): avc: denied { read } for comm="Binder:567_2" name="wakeup76" dev="sysfs" ino=76639 scontext=u:r:system_suspend:s0 tcontext=u:object_r:sysfs:s0 tclass=dir permissive=0
12-10 06:35:09.943 567 567 I auditd : type=1400 audit(0.0:19182): avc: denied { read } for comm="Binder:567_2" name="wakeup28" dev="sysfs" ino=53097 scontext=u:r:system_suspend:s0 tcontext=u:object_r:sysfs:s0 tclass=dir permissive=0
12-10 06:35:09.943 567 567 I auditd : type=1400 audit(0.0:19183): avc: denied { read } for comm="Binder:567_2" name="wakeup56" dev="sysfs" ino=71512 scontext=u:r:system_suspend:s0 tcontext=u:object_r:sysfs:s0 tclass=dir permissive=0
12-10 06:35:09.943 567 567 I auditd : type=1400 audit(0.0:19184): avc: denied { read } for comm="Binder:567_2" name="wakeup2" dev="sysfs" ino=46556 scontext=u:r:system_suspend:s0 tcontext=u:object_r:sysfs:s0 tclass=dir permissive=0
12-10 06:35:09.989 1507 1569 I sysui_multi_action: [324,1,757,1090,758,12,806,com.android.settings,871,com.android.settings.homepage.SettingsHomepageActivity,1091,360]
12-10 06:35:09.998 1507 1564 I sysui_multi_action: [319,73,321,71,322,360,325,17758,757,761,758,8,759,1,806,com.android.settings,871,com.android.settings.homepage.SettingsHomepageActivity,904,com.android.settings,905,0,1320,8,1321,5]
12-10 06:35:10.000 1507 1564 I wm_activity_launch_time: [0,219734682,com.android.settings/.homepage.SettingsHomepageActivity,360]
12-10 06:35:10.163 15287 15287 I sysui_multi_action: [757,747,758,1,833,0,1089,71]
12-10 06:35:10.164 15287 15287 I sysui_multi_action: [757,1729,758,4,854,isParalleledControllers:false,1089,72]
12-10 06:35:10.242 1507 1568 I wm_stop_activity: [0,142082565,com.android.launcher3/.uioverrides.QuickstepLauncher]
12-10 06:35:10.248 2004 2004 I sysui_multi_action: [757,111,758,2]
12-10 06:35:10.249 1507 1507 I notification_enqueue: [10082,2004,com.android.systemui,2048,NULL,0,Notification(channel=updateNotification shortcut=null contentView=null vibrate=null sound=null defaults=0x0 flags=0x0 color=0x00000000 vis=PRIVATE),1]
12-10 06:35:10.249 2004 2004 I sysui_multi_action: [757,111,758,2]
12-10 06:35:10.259 2526 2526 I wm_on_stop_called: [142082565,com.android.launcher3.uioverrides.QuickstepLauncher,STOP_ACTIVITY_ITEM]
12-10 06:35:10.268 1507 1568 I wm_destroy_activity: [0,179319928,157,com.android.settings/.Settings$ConnectedDeviceDashboardActivity,finish-imm:idle]
12-10 06:35:10.268 15287 15287 I wm_on_destroy_called: [179319928,com.android.settings.Settings$ConnectedDeviceDashboardActivity,performDestroy]
12-10 06:35:10.271 1507 1917 I wm_task_removed: [157,removeChild:removeChild last r=ActivityRecord{ab03478 u0 com.android.settings/.Settings$ConnectedDeviceDashboardActivity t-1 f}} in t=Task{f211a90 #157 type=standard A=1000:com.android.settings U=0 visible=false mode=fullscreen translucent=true sz=0}]
12-10 06:35:10.271 1507 1917 I wm_task_removed: [157,removeChild]
