01-01 09:22:49.269 0 0 E kona-asoc-snd soc: qcom,msm-audio-apr:qcom,q6core-audio:sound: ASoC: Failed to add route MIC BIAS1 -> direct -> AMIC1
01-01 09:22:49.269 0 0 E kona-asoc-snd soc: qcom,msm-audio-apr:qcom,q6core-audio:sound: ASoC: no sink widget found for MIC BIAS1
01-01 09:22:49.269 0 0 E kona-asoc-snd soc: qcom,msm-audio-apr:qcom,q6core-audio:sound: ASoC: Failed to add route Analog Mic1 -> direct -> MIC BIAS1
01-01 09:22:49.269 0 0 E kona-asoc-snd soc: qcom,msm-audio-apr:qcom,q6core-audio:sound: ASoC: no source widget found for MIC BIAS2
01-01 09:22:49.269 0 0 E kona-asoc-snd soc: qcom,msm-audio-apr:qcom,q6core-audio:sound: ASoC: Failed to add route MIC BIAS2 -> direct -> AMIC2
01-01 09:22:49.269 0 0 E kona-asoc-snd soc: qcom,msm-audio-apr:qcom,q6core-audio:sound: ASoC: no sink widget found for MIC BIAS2
01-01 09:22:49.269 0 0 E kona-asoc-snd soc: qcom,msm-audio-apr:qcom,q6core-audio:sound: ASoC: Failed to add route Analog Mic2 -> direct -> MIC BIAS2
01-01 09:22:49.269 0 0 E kona-asoc-snd soc: qcom,msm-audio-apr:qcom,q6core-audio:sound: ASoC: no source widget found for MIC BIAS3
01-01 09:22:49.269 0 0 E kona-asoc-snd soc: qcom,msm-audio-apr:qcom,q6core-audio:sound: ASoC: Failed to add route MIC BIAS3 -> direct -> AMIC3
01-01 09:22:49.269 0 0 E kona-asoc-snd soc: qcom,msm-audio-apr:qcom,q6core-audio:sound: ASoC: no sink widget found for MIC BIAS3
01-01 09:22:49.269 0 0 E kona-asoc-snd soc: qcom,msm-audio-apr:qcom,q6core-audio:sound: ASoC: Failed to add route Analog Mic3 -> direct -> MIC BIAS3
01-01 09:22:49.269 0 0 E kona-asoc-snd soc: qcom,msm-audio-apr:qcom,q6core-audio:sound: ASoC: no source widget found for MIC BIAS3
01-01 09:22:49.269 0 0 E kona-asoc-snd soc: qcom,msm-audio-apr:qcom,q6core-audio:sound: ASoC: Failed to add route MIC BIAS3 -> direct -> AMIC4
01-01 09:22:49.269 0 0 E kona-asoc-snd soc: qcom,msm-audio-apr:qcom,q6core-audio:sound: ASoC: no sink widget found for MIC BIAS3
01-01 09:22:49.269 0 0 E kona-asoc-snd soc: qcom,msm-audio-apr:qcom,q6core-audio:sound: ASoC: Failed to add route Analog Mic4 -> direct -> MIC BIAS3
01-01 09:22:49.269 0 0 E kona-asoc-snd soc: qcom,msm-audio-apr:qcom,q6core-audio:sound: ASoC: no source widget found for MIC BIAS4
01-01 09:22:49.269 0 0 E kona-asoc-snd soc: qcom,msm-audio-apr:qcom,q6core-audio:sound: ASoC: Failed to add route MIC BIAS4 -> direct -> AMIC5
01-01 09:22:49.269 0 0 E kona-asoc-snd soc: qcom,msm-audio-apr:qcom,q6core-audio:sound: ASoC: no sink widget found for MIC BIAS4
01-01 09:22:49.269 0 0 E kona-asoc-snd soc: qcom,msm-audio-apr:qcom,q6core-audio:sound: ASoC: Failed to add route Analog Mic5 -> direct -> MIC BIAS4
01-01 09:22:49.270 0 0 E kona-asoc-snd soc: qcom,msm-audio-apr:qcom,q6core-audio:sound: ASoC: no source widget found for MIC BIAS3
01-01 09:22:49.270 0 0 E kona-asoc-snd soc: qcom,msm-audio-apr:qcom,q6core-audio:sound: ASoC: Failed to add route MIC BIAS3 -> direct -> TX DMIC0
01-01 09:22:49.270 0 0 E kona-asoc-snd soc: qcom,msm-audio-apr:qcom,q6core-audio:sound: ASoC: no sink widget found for MIC BIAS3
01-01 09:22:49.270 0 0 E kona-asoc-snd soc: qcom,msm-audio-apr:qcom,q6core-audio:sound: ASoC: Failed to add route Digital Mic0 -> direct -> MIC BIAS3
01-01 09:22:49.270 0 0 E kona-asoc-snd soc: qcom,msm-audio-apr:qcom,q6core-audio:sound: ASoC: no source widget found for MIC BIAS3
01-01 09:22:49.270 0 0 E kona-asoc-snd soc: qcom,msm-audio-apr:qcom,q6core-audio:sound: ASoC: Failed to add route MIC BIAS3 -> direct -> TX DMIC1
01-01 09:22:49.270 0 0 E kona-asoc-snd soc: qcom,msm-audio-apr:qcom,q6core-audio:sound: ASoC: no sink widget found for MIC BIAS3
01-01 09:22:49.270 0 0 E kona-asoc-snd soc: qcom,msm-audio-apr:qcom,q6core-audio:sound: ASoC: Failed to add route Digital Mic1 -> direct -> MIC BIAS3
01-01 09:22:49.270 0 0 E kona-asoc-snd soc: qcom,msm-audio-apr:qcom,q6core-audio:sound: ASoC: no source widget found for MIC BIAS1
01-01 09:22:49.270 0 0 E kona-asoc-snd soc: qcom,msm-audio-apr:qcom,q6core-audio:sound: ASoC: Failed to add route MIC BIAS1 -> direct -> TX DMIC2
01-01 09:22:49.270 0 0 E kona-asoc-snd soc: qcom,msm-audio-apr:qcom,q6core-audio:sound: ASoC: no sink widget found for MIC BIAS1
01-01 09:22:49.270 0 0 E kona-asoc-snd soc: qcom,msm-audio-apr:qcom,q6core-audio:sound: ASoC: Failed to add route Digital Mic2 -> direct -> MIC BIAS1
01-01 09:22:49.270 0 0 E kona-asoc-snd soc: qcom,msm-audio-apr:qcom,q6core-audio:sound: ASoC: no source widget found for MIC BIAS1
01-01 09:22:49.270 0 0 E kona-asoc-snd soc: qcom,msm-audio-apr:qcom,q6core-audio:sound: ASoC: Failed to add route MIC BIAS1 -> direct -> TX DMIC3
01-01 09:22:49.270 0 0 E kona-asoc-snd soc: qcom,msm-audio-apr:qcom,q6core-audio:sound: ASoC: no sink widget found for MIC BIAS1
01-01 09:22:49.270 0 0 E kona-asoc-snd soc: qcom,msm-audio-apr:qcom,q6core-audio:sound: ASoC: Failed to add route Digital Mic3 -> direct -> MIC BIAS1
01-01 09:22:49.270 0 0 E kona-asoc-snd soc: qcom,msm-audio-apr:qcom,q6core-audio:sound: ASoC: no source widget found for MIC BIAS4
01-01 09:22:49.270 0 0 E kona-asoc-snd soc: qcom,msm-audio-apr:qcom,q6core-audio:sound: ASoC: Failed to add route MIC BIAS4 -> direct -> TX DMIC4
01-01 09:22:49.270 0 0 E kona-asoc-snd soc: qcom,msm-audio-apr:qcom,q6core-audio:sound: ASoC: no sink widget found for MIC BIAS4
01-01 09:22:49.270 0 0 E kona-asoc-snd soc: qcom,msm-audio-apr:qcom,q6core-audio:sound: ASoC: Failed to add route Digital Mic4 -> direct -> MIC BIAS4
01-01 09:22:49.270 0 0 E kona-asoc-snd soc: qcom,msm-audio-apr:qcom,q6core-audio:sound: ASoC: no source widget found for MIC BIAS4
01-01 09:22:49.270 0 0 E kona-asoc-snd soc: qcom,msm-audio-apr:qcom,q6core-audio:sound: ASoC: Failed to add route MIC BIAS4 -> direct -> TX DMIC5
01-01 09:22:49.270 0 0 E kona-asoc-snd soc: qcom,msm-audio-apr:qcom,q6core-audio:sound: ASoC: no sink widget found for MIC BIAS4
01-01 09:22:49.270 0 0 E kona-asoc-snd soc: qcom,msm-audio-apr:qcom,q6core-audio:sound: ASoC: Failed to add route Digital Mic5 -> direct -> MIC BIAS4
01-01 09:22:49.270 0 0 E kona-asoc-snd soc: qcom,msm-audio-apr:qcom,q6core-audio:sound: ASoC: no sink widget found for IN1_HPHL
01-01 09:22:49.270 0 0 E kona-asoc-snd soc: qcom,msm-audio-apr:qcom,q6core-audio:sound: ASoC: Failed to add route HPHL_OUT -> direct -> IN1_HPHL
01-01 09:22:49.270 0 0 E kona-asoc-snd soc: qcom,msm-audio-apr:qcom,q6core-audio:sound: ASoC: no sink widget found for IN2_HPHR
01-01 09:22:49.270 0 0 E kona-asoc-snd soc: qcom,msm-audio-apr:qcom,q6core-audio:sound: ASoC: Failed to add route HPHR_OUT -> direct -> IN2_HPHR
01-01 09:22:49.270 0 0 E kona-asoc-snd soc: qcom,msm-audio-apr:qcom,q6core-audio:sound: ASoC: no sink widget found for IN3_AUX
01-01 09:22:49.270 0 0 E kona-asoc-snd soc: qcom,msm-audio-apr:qcom,q6core-audio:sound: ASoC: Failed to add route AUX_OUT -> direct -> IN3_AUX
01-01 09:22:49.271 0 0 E kona-asoc-snd soc: qcom,msm-audio-apr:qcom,q6core-audio:sound: ASoC: no source widget found for ADC1_OUTPUT
01-01 09:22:49.271 0 0 E kona-asoc-snd soc: qcom,msm-audio-apr:qcom,q6core-audio:sound: ASoC: Failed to add route ADC1_OUTPUT -> direct -> TX SWR_ADC0
01-01 09:22:49.271 0 0 E kona-asoc-snd soc: qcom,msm-audio-apr:qcom,q6core-audio:sound: ASoC: no source widget found for ADC2_OUTPUT
01-01 09:22:49.271 0 0 E kona-asoc-snd soc: qcom,msm-audio-apr:qcom,q6core-audio:sound: ASoC: Failed to add route ADC2_OUTPUT -> direct -> TX SWR_ADC1
01-01 09:22:49.271 0 0 E kona-asoc-snd soc: qcom,msm-audio-apr:qcom,q6core-audio:sound: ASoC: no source widget found for ADC3_OUTPUT
01-01 09:22:49.271 0 0 E kona-asoc-snd soc: qcom,msm-audio-apr:qcom,q6core-audio:sound: ASoC: Failed to add route ADC3_OUTPUT -> direct -> TX SWR_ADC2
01-01 09:22:49.271 0 0 E kona-asoc-snd soc: qcom,msm-audio-apr:qcom,q6core-audio:sound: ASoC: no source widget found for ADC4_OUTPUT
01-01 09:22:49.271 0 0 E kona-asoc-snd soc: qcom,msm-audio-apr:qcom,q6core-audio:sound: ASoC: Failed to add route ADC4_OUTPUT -> direct -> TX SWR_ADC3
01-01 09:22:49.271 0 0 E kona-asoc-snd soc: qcom,msm-audio-apr:qcom,q6core-audio:sound: ASoC: no source widget found for DMIC1_OUTPUT
01-01 09:22:49.271 0 0 E kona-asoc-snd soc: qcom,msm-audio-apr:qcom,q6core-audio:sound: ASoC: Failed to add route DMIC1_OUTPUT -> direct -> TX SWR_DMIC0
01-01 09:22:49.271 0 0 E kona-asoc-snd soc: qcom,msm-audio-apr:qcom,q6core-audio:sound: ASoC: no source widget found for DMIC2_OUTPUT
01-01 09:22:49.271 0 0 E kona-asoc-snd soc: qcom,msm-audio-apr:qcom,q6core-audio:sound: ASoC: Failed to add route DMIC2_OUTPUT -> direct -> TX SWR_DMIC1
01-01 09:22:49.271 0 0 E kona-asoc-snd soc: qcom,msm-audio-apr:qcom,q6core-audio:sound: ASoC: no source widget found for DMIC3_OUTPUT
01-01 09:22:49.271 0 0 E kona-asoc-snd soc: qcom,msm-audio-apr:qcom,q6core-audio:sound: ASoC: Failed to add route DMIC3_OUTPUT -> direct -> TX SWR_DMIC2
01-01 09:22:49.271 0 0 E kona-asoc-snd soc: qcom,msm-audio-apr:qcom,q6core-audio:sound: ASoC: no source widget found for DMIC4_OUTPUT
01-01 09:22:49.271 0 0 E kona-asoc-snd soc: qcom,msm-audio-apr:qcom,q6core-audio:sound: ASoC: Failed to add route DMIC4_OUTPUT -> direct -> TX SWR_DMIC3
01-01 09:22:49.271 0 0 E kona-asoc-snd soc: qcom,msm-audio-apr:qcom,q6core-audio:sound: ASoC: no source widget found for DMIC5_OUTPUT
01-01 09:22:49.271 0 0 E kona-asoc-snd soc: qcom,msm-audio-apr:qcom,q6core-audio:sound: ASoC: Failed to add route DMIC5_OUTPUT -> direct -> TX SWR_DMIC4
01-01 09:22:49.271 0 0 E kona-asoc-snd soc: qcom,msm-audio-apr:qcom,q6core-audio:sound: ASoC: no source widget found for DMIC6_OUTPUT
01-01 09:22:49.271 0 0 E kona-asoc-snd soc: qcom,msm-audio-apr:qcom,q6core-audio:sound: ASoC: Failed to add route DMIC6_OUTPUT -> direct -> TX SWR_DMIC5
01-01 09:22:49.271 0 0 E kona-asoc-snd soc: qcom,msm-audio-apr:qcom,q6core-audio:sound: ASoC: no source widget found for DMIC7_OUTPUT
01-01 09:22:49.271 0 0 E kona-asoc-snd soc: qcom,msm-audio-apr:qcom,q6core-audio:sound: ASoC: Failed to add route DMIC7_OUTPUT -> direct -> TX SWR_DMIC6
01-01 09:22:49.271 0 0 E kona-asoc-snd soc: qcom,msm-audio-apr:qcom,q6core-audio:sound: ASoC: no source widget found for DMIC8_OUTPUT
01-01 09:22:49.271 0 0 E kona-asoc-snd soc: qcom,msm-audio-apr:qcom,q6core-audio:sound: ASoC: Failed to add route DMIC8_OUTPUT -> direct -> TX SWR_DMIC7
01-01 09:22:49.271 0 0 E kona-asoc-snd soc: qcom,msm-audio-apr:qcom,q6core-audio:sound: ASoC: no sink widget found for SpkrLeft IN
01-01 09:22:49.271 0 0 E kona-asoc-snd soc: qcom,msm-audio-apr:qcom,q6core-audio:sound: ASoC: Failed to add route WSA_SPK1 OUT -> direct -> SpkrLeft IN
01-01 09:22:49.272 0 0 E kona-asoc-snd soc: qcom,msm-audio-apr:qcom,q6core-audio:sound: ASoC: no sink widget found for SpkrRight IN
01-01 09:22:49.272 0 0 E kona-asoc-snd soc: qcom,msm-audio-apr:qcom,q6core-audio:sound: ASoC: Failed to add route WSA_SPK2 OUT -> direct -> SpkrRight IN
01-01 09:22:49.272 0 0 E kona-asoc-snd soc: qcom,msm-audio-apr:qcom,q6core-audio:sound: ASoC: no sink widget found for VA MIC BIAS3
01-01 09:22:49.272 0 0 E kona-asoc-snd soc: qcom,msm-audio-apr:qcom,q6core-audio:sound: ASoC: Failed to add route Digital Mic0 -> direct -> VA MIC BIAS3
01-01 09:22:49.272 0 0 E kona-asoc-snd soc: qcom,msm-audio-apr:qcom,q6core-audio:sound: ASoC: no sink widget found for VA MIC BIAS3
01-01 09:22:49.272 0 0 E kona-asoc-snd soc: qcom,msm-audio-apr:qcom,q6core-audio:sound: ASoC: Failed to add route Digital Mic1 -> direct -> VA MIC BIAS3
01-01 09:22:49.272 0 0 E kona-asoc-snd soc: qcom,msm-audio-apr:qcom,q6core-audio:sound: ASoC: no sink widget found for VA MIC BIAS4
01-01 09:22:49.272 0 0 E kona-asoc-snd soc: qcom,msm-audio-apr:qcom,q6core-audio:sound: ASoC: Failed to add route Digital Mic4 -> direct -> VA MIC BIAS4
01-01 09:22:49.272 0 0 E kona-asoc-snd soc: qcom,msm-audio-apr:qcom,q6core-audio:sound: ASoC: no sink widget found for VA MIC BIAS4
01-01 09:22:49.272 0 0 E kona-asoc-snd soc: qcom,msm-audio-apr:qcom,q6core-audio:sound: ASoC: Failed to add route Digital Mic5 -> direct -> VA MIC BIAS4
01-01 09:22:49.272 0 0 E kona-asoc-snd soc: qcom,msm-audio-apr:qcom,q6core-audio:sound: ASoC: no source widget found for VA MIC BIAS3
01-01 09:22:49.272 0 0 E kona-asoc-snd soc: qcom,msm-audio-apr:qcom,q6core-audio:sound: ASoC: Failed to add route VA MIC BIAS3 -> direct -> VA DMIC0
01-01 09:22:49.272 0 0 E kona-asoc-snd soc: qcom,msm-audio-apr:qcom,q6core-audio:sound: ASoC: no source widget found for VA MIC BIAS3
01-01 09:22:49.272 0 0 E kona-asoc-snd soc: qcom,msm-audio-apr:qcom,q6core-audio:sound: ASoC: Failed to add route VA MIC BIAS3 -> direct -> VA DMIC1
01-01 09:22:49.272 0 0 E kona-asoc-snd soc: qcom,msm-audio-apr:qcom,q6core-audio:sound: ASoC: no source widget found for VA MIC BIAS4
01-01 09:22:49.272 0 0 E kona-asoc-snd soc: qcom,msm-audio-apr:qcom,q6core-audio:sound: ASoC: Failed to add route VA MIC BIAS4 -> direct -> VA DMIC4
01-01 09:22:49.272 0 0 E kona-asoc-snd soc: qcom,msm-audio-apr:qcom,q6core-audio:sound: ASoC: no source widget found for VA MIC BIAS4
01-01 09:22:49.272 0 0 E kona-asoc-snd soc: qcom,msm-audio-apr:qcom,q6core-audio:sound: ASoC: Failed to add route VA MIC BIAS4 -> direct -> VA DMIC5
01-01 09:22:49.272 0 0 E kona-asoc-snd soc: qcom,msm-audio-apr:qcom,q6core-audio:sound: ASoC: no source widget found for ADC1_OUTPUT
01-01 09:22:49.272 0 0 E kona-asoc-snd soc: qcom,msm-audio-apr:qcom,q6core-audio:sound: ASoC: Failed to add route ADC1_OUTPUT -> direct -> VA SWR_ADC0
01-01 09:22:49.272 0 0 E kona-asoc-snd soc: qcom,msm-audio-apr:qcom,q6core-audio:sound: ASoC: no source widget found for ADC2_OUTPUT
01-01 09:22:49.272 0 0 E kona-asoc-snd soc: qcom,msm-audio-apr:qcom,q6core-audio:sound: ASoC: Failed to add route ADC2_OUTPUT -> direct -> VA SWR_ADC1
01-01 09:22:49.272 0 0 E kona-asoc-snd soc: qcom,msm-audio-apr:qcom,q6core-audio:sound: ASoC: no source widget found for ADC3_OUTPUT
01-01 09:22:49.272 0 0 E kona-asoc-snd soc: qcom,msm-audio-apr:qcom,q6core-audio:sound: ASoC: Failed to add route ADC3_OUTPUT -> direct -> VA SWR_ADC2
01-01 09:22:49.273 0 0 E kona-asoc-snd soc: qcom,msm-audio-apr:qcom,q6core-audio:sound: ASoC: no source widget found for ADC4_OUTPUT
01-01 09:22:49.273 0 0 E kona-asoc-snd soc: qcom,msm-audio-apr:qcom,q6core-audio:sound: ASoC: Failed to add route ADC4_OUTPUT -> direct -> VA SWR_ADC3
01-01 09:22:49.273 0 0 E kona-asoc-snd soc: qcom,msm-audio-apr:qcom,q6core-audio:sound: ASoC: no source widget found for DMIC1_OUTPUT
01-01 09:22:49.273 0 0 E kona-asoc-snd soc: qcom,msm-audio-apr:qcom,q6core-audio:sound: ASoC: Failed to add route DMIC1_OUTPUT -> direct -> VA SWR_MIC0
01-01 09:22:49.273 0 0 E kona-asoc-snd soc: qcom,msm-audio-apr:qcom,q6core-audio:sound: ASoC: no source widget found for DMIC2_OUTPUT
01-01 09:22:49.273 0 0 E kona-asoc-snd soc: qcom,msm-audio-apr:qcom,q6core-audio:sound: ASoC: Failed to add route DMIC2_OUTPUT -> direct -> VA SWR_MIC1
01-01 09:22:49.273 0 0 E kona-asoc-snd soc: qcom,msm-audio-apr:qcom,q6core-audio:sound: ASoC: no source widget found for DMIC3_OUTPUT
01-01 09:22:49.273 0 0 E kona-asoc-snd soc: qcom,msm-audio-apr:qcom,q6core-audio:sound: ASoC: Failed to add route DMIC3_OUTPUT -> direct -> VA SWR_MIC2
01-01 09:22:49.273 0 0 E kona-asoc-snd soc: qcom,msm-audio-apr:qcom,q6core-audio:sound: ASoC: no source widget found for DMIC4_OUTPUT
01-01 09:22:49.273 0 0 E kona-asoc-snd soc: qcom,msm-audio-apr:qcom,q6core-audio:sound: ASoC: Failed to add route DMIC4_OUTPUT -> direct -> VA SWR_MIC3
01-01 09:22:49.273 0 0 E kona-asoc-snd soc: qcom,msm-audio-apr:qcom,q6core-audio:sound: ASoC: no source widget found for DMIC5_OUTPUT
01-01 09:22:49.273 0 0 E kona-asoc-snd soc: qcom,msm-audio-apr:qcom,q6core-audio:sound: ASoC: Failed to add route DMIC5_OUTPUT -> direct -> VA SWR_MIC4
01-01 09:22:49.273 0 0 E kona-asoc-snd soc: qcom,msm-audio-apr:qcom,q6core-audio:sound: ASoC: no source widget found for DMIC6_OUTPUT
01-01 09:22:49.273 0 0 E kona-asoc-snd soc: qcom,msm-audio-apr:qcom,q6core-audio:sound: ASoC: Failed to add route DMIC6_OUTPUT -> direct -> VA SWR_MIC5
01-01 09:22:49.273 0 0 E kona-asoc-snd soc: qcom,msm-audio-apr:qcom,q6core-audio:sound: ASoC: no source widget found for DMIC7_OUTPUT
01-01 09:22:49.273 0 0 E kona-asoc-snd soc: qcom,msm-audio-apr:qcom,q6core-audio:sound: ASoC: Failed to add route DMIC7_OUTPUT -> direct -> VA SWR_MIC6
01-01 09:22:49.273 0 0 E kona-asoc-snd soc: qcom,msm-audio-apr:qcom,q6core-audio:sound: ASoC: no source widget found for DMIC8_OUTPUT
01-01 09:22:49.273 0 0 E kona-asoc-snd soc: qcom,msm-audio-apr:qcom,q6core-audio:sound: ASoC: Failed to add route DMIC8_OUTPUT -> direct -> VA SWR_MIC7
01-01 09:22:49.287 0 0 I kona-asoc-snd soc: qcom,msm-audio-apr:qcom,q6core-audio:sound: msm_asoc_machine_probe: Sound card kona-mtp-snd-card registered
01-01 09:22:49.288 0 0 E register_client_adhoc: find path.src 1 dest 589
01-01 09:22:49.288 0 0 E register_client_adhoc: Failed to find path.src 1 dest 589
01-01 09:22:49.289 0 0 E swr-wcd wsa_swr_ctrl: swrm_runtime_suspend: clk stop mode not supported or SSR entry
01-01 09:22:49.289 0 0 E : [drm:dp_display_init_aux_switch][msm-dp-err][82 ]failed to register notifier (-22)
01-01 09:22:49.290 0 0 D cnss : Sending respond memory message, state: 0x9
01-01 09:22:49.290 0 0 D cnss : Memory for FW, va: 0x0000000000000000, pa: 0x00000000a1000000, size: 0x5e0000, type: 1
01-01 09:22:49.290 0 0 D cnss : Memory for FW, va: 0x0000000000000000, pa: 0x00000000a1600000, size: 0xd8000, type: 4
01-01 09:22:49.292 0 0 W QSEECOM : qseecom_load_app: App (featenabler) does'nt exist, loading apps for first time
01-01 09:22:49.297 0 0 D cnss : PM relax, state: 0x9, count: 0
01-01 09:22:49.298 0 0 D cnss : Received QMI WLFW FW memory ready indication
01-01 09:22:49.298 0 0 D cnss : Posting event: FW_MEM_READY(3), state: 0x9 flags: 0x0
01-01 09:22:49.298 0 0 D cnss : PM stay awake, state: 0x9, count: 1
01-01 09:22:49.298 0 0 D cnss : PM relax, state: 0x9, count: 0
01-01 09:22:49.298 0 0 D cnss : PM stay awake, state: 0x9, count: 1
01-01 09:22:49.298 0 0 D cnss : Processing driver event: FW_MEM_READY(3), state: 0x9
01-01 09:22:49.298 0 0 D cnss : Sending target capability message, state: 0xb
01-01 09:22:49.307 0 0 W subsys-pil-tz soc: qcom,kgsl-hyp: Falling back to syfs fallback for: a650_zap.mdt
01-01 09:22:49.309 0 0 D cnss : Voltage for CPR: 948mV
01-01 09:22:49.309 0 0 D cnss : Got voltage 800mV from i: 0, j: 0
01-01 09:22:49.309 0 0 D cnss : Got voltage 1012mV from i: 4, j: 1
01-01 09:22:49.309 0 0 D cnss : Update TCS CMD data address 0x000000000b2e5844 with voltage 950mV
01-01 09:22:49.309 0 0 D cnss : Device frequency is 24000000 HZ
01-01 09:22:49.309 0 0 D cnss : Target capability: chip_id: 0x0, chip_family: 0xb, board_id: 0xff, soc_id: 0xffffffff, fw_version: 0x101a0521, fw_build_timestamp: 2021-12-20 07:54, fw_build_id: QC_IMAGE_VERSION_STRING=WLAN.HST.1.0.1.r1-01313-QCAHSTSWPL_SILICONZ-1, otp_version: 0x0
01-01 09:22:49.309 0 0 D cnss : Sending BDF download message, state: 0xb, type: 4
01-01 09:22:49.309 0 0 D cnss : FW name added with prefix: qca6390/regdb.bin
01-01 09:22:49.309 0 0 W cnss2 b0000000.qcom,cnss-qca6390: Falling back to syfs fallback for: qca6390/regdb.bin
01-01 09:22:49.311 0 0 W QSEECOM : qseecom_load_app: App with id 5 (featenabler) now loaded
01-01 09:22:49.311 0 0 W QSEECOM : qseecom_load_app: App (fingerpr) does'nt exist, loading apps for first time
01-01 09:22:49.347 0 0 I subsys-pil-tz soc: qcom,kgsl-hyp: a650_zap: loading from 0x00000000fcd00000 to 0x00000000fcd01000
01-01 09:22:49.348 0 0 E cnss : Failed to load BDF: qca6390/regdb.bin
01-01 09:22:49.348 0 0 D cnss : Sending BDF download message, state: 0xb, type: 1
01-01 09:22:49.348 0 0 D cnss : FW name added with prefix: qca6390/bdwlan.elf
01-01 09:22:49.348 0 0 W cnss2 b0000000.qcom,cnss-qca6390: Falling back to syfs fallback for: qca6390/bdwlan.elf
01-01 09:22:49.350 0 0 D cnss : Downloading BDF: qca6390/bdwlan.elf, size: 57908
01-01 09:22:49.355 1503 1503 I SystemServerTiming: StartServices
01-01 09:22:49.355 1503 1503 I SystemServerTiming: startBootstrapServices
01-01 09:22:49.355 1503 1503 I SystemServerTiming: StartWatchdog
01-01 09:22:49.359 1503 1503 I SystemServer: Reading configuration...
01-01 09:22:49.359 1503 1503 I SystemServerTiming: ReadingSystemConfig
01-01 09:22:49.359 1503 1503 I SystemServerTiming: PlatformCompat
01-01 09:22:49.360 1503 1608 I SystemServerTimingAsync: InitThreadPoolExec:ReadingSystemConfig
01-01 09:22:49.361 1503 1608 I SystemConfig: Reading permissions from /system/etc/sysconfig/framework-sysconfig.xml
01-01 09:22:49.362 1503 1503 D CompatConfig: Found a config file: /system/etc/compatconfig/framework-platform-compat-config.xml
01-01 09:22:49.362 1503 1608 I SystemConfig: Reading permissions from /system/etc/sysconfig/preinstalled-packages-platform.xml
01-01 09:22:49.363 1503 1503 D CompatConfig: Adding: com.android.server.compat.config.Change@4767cfd
01-01 09:22:49.363 1503 1503 D CompatConfig: Adding: com.android.server.compat.config.Change@9367df2
01-01 09:22:49.363 1503 1608 I SystemConfig: Reading permissions from /system/etc/sysconfig/preinstalled-packages-com.android.providers.media.module.xml
01-01 09:22:49.363 1503 1503 D CompatConfig: Adding: com.android.server.compat.config.Change@a1d52c0
01-01 09:22:49.363 1503 1503 D CompatConfig: Adding: com.android.server.compat.config.Change@e32ebf9
01-01 09:22:49.363 1503 1503 D CompatConfig: Adding: com.android.server.compat.config.Change@b2a873e
01-01 09:22:49.363 1503 1608 I SystemConfig: Reading permissions from /system/etc/sysconfig/hiddenapi-package-whitelist.xml
01-01 09:22:49.364 1503 1503 D CompatConfig: Adding: com.android.server.compat.config.Change@ee4daec
01-01 09:22:49.364 1503 1608 I SystemConfig: Reading permissions from /system/etc/sysconfig/qti_whitelist.xml
01-01 09:22:49.364 1503 1503 D CompatConfig: Adding: com.android.server.compat.config.Change@cc3d94a
01-01 09:22:49.364 1503 1503 D CompatConfig: Adding: com.android.server.compat.config.Change@4d440bb
01-01 09:22:49.364 1503 1503 D CompatConfig: Adding: com.android.server.compat.config.Change@5bab9d8
01-01 09:22:49.364 1503 1503 D CompatConfig: Adding: com.android.server.compat.config.Change@a312131
01-01 09:22:49.364 1503 1608 I SystemConfig: Reading permissions from /system/etc/sysconfig/preinstalled-packages-platform-full-base.xml
01-01 09:22:49.364 1503 1503 D CompatConfig: Adding: com.android.server.compat.config.Change@2fc2d97
01-01 09:22:49.365 1503 1503 D CompatConfig: Adding: com.android.server.compat.config.Change@50d9b84
01-01 09:22:49.365 1503 1503 D CompatConfig: Adding: com.android.server.compat.config.Change@8459f6d
01-01 09:22:49.365 1503 1503 D CompatConfig: Adding: com.android.server.compat.config.Change@78647a2
01-01 09:22:49.365 1503 1503 D CompatConfig: Adding: com.android.server.compat.config.Change@98aebf0
01-01 09:22:49.365 1503 1608 I SystemConfig: Reading permissions from /system/etc/permissions/com.android.networkstack.xml
01-01 09:22:49.365 1503 1503 D CompatConfig: Adding: com.android.server.compat.config.Change@fa9c569
01-01 09:22:49.365 1503 1503 D CompatConfig: Adding: com.android.server.compat.config.Change@da53bee
01-01 09:22:49.365 1503 1503 D CompatConfig: Adding: com.android.server.compat.config.Change@fb1388f
01-01 09:22:49.365 1503 1503 D CompatConfig: Adding: com.android.server.compat.config.Change@b4ad71c
01-01 09:22:49.366 1503 1503 D CompatConfig: Adding: com.android.server.compat.config.Change@8104f25
01-01 09:22:49.366 1503 1608 I SystemConfig: Reading permissions from /system/etc/permissions/com.baidu.input.xml
01-01 09:22:49.366 1503 1503 D CompatConfig: Adding: com.android.server.compat.config.Change@192ceab
01-01 09:22:49.366 1503 1503 D CompatConfig: Adding: com.android.server.compat.config.Change@9bc4908
01-01 09:22:49.366 1503 1503 D CompatConfig: Adding: com.android.server.compat.config.Change@79bb8a1
01-01 09:22:49.366 1503 1503 D CompatConfig: Adding: com.android.server.compat.config.Change@d14dac6
01-01 09:22:49.366 1503 1608 I SystemConfig: Reading permissions from /system/etc/permissions/com.android.media.remotedisplay.xml
01-01 09:22:49.366 1503 1503 D CompatConfig: Adding: com.android.server.compat.config.Change@a50edb4
01-01 09:22:49.366 1503 1503 D CompatConfig: Adding: com.android.server.compat.config.Change@a1a3ddd
01-01 09:22:49.366 1503 1503 D CompatConfig: Adding: com.android.server.compat.config.Change@1f3dd52
01-01 09:22:49.366 1503 1608 I SystemConfig: Reading permissions from /system/etc/permissions/javax.obex.xml
01-01 09:22:49.366 1503 1503 D CompatConfig: Adding: com.android.server.compat.config.Change@5e93120
01-01 09:22:49.367 1503 1503 D CompatConfig: Adding: com.android.server.compat.config.Change@1dad9
01-01 09:22:49.367 1503 1608 I SystemConfig: Reading permissions from /system/etc/permissions/org.apache.http.legacy.xml
01-01 09:22:49.367 1503 1503 D CompatConfig: Adding: com.android.server.compat.config.Change@197637f
01-01 09:22:49.367 1503 1503 D CompatConfig: Adding: com.android.server.compat.config.Change@1003f4c
01-01 09:22:49.367 1503 1503 D CompatConfig: Adding: com.android.server.compat.config.Change@12c4b95
01-01 09:22:49.367 1503 1608 I SystemConfig: Reading permissions from /system/etc/permissions/android.test.runner.xml
01-01 09:22:49.367 1503 1503 D CompatConfig: Adding: com.android.server.compat.config.Change@2c8b89b
01-01 09:22:49.367 1503 1503 D CompatConfig: Adding: com.android.server.compat.config.Change@a980438
01-01 09:22:49.367 1503 1503 D CompatConfig: Adding: com.android.server.compat.config.Change@f530c11
01-01 09:22:49.367 1503 1503 D CompatConfig: Adding: com.android.server.compat.config.Change@a2f8176
01-01 09:22:49.368 1503 1503 D CompatConfig: Adding: com.android.server.compat.config.Change@6f04377
01-01 09:22:49.368 1503 1608 I SystemConfig: Reading permissions from /system/etc/permissions/com.android.nfc_extras.xml
01-01 09:22:49.368 1503 1503 D CompatConfig: Adding: com.android.server.compat.config.Change@44b584d
01-01 09:22:49.368 1503 1503 D CompatConfig: Adding: com.android.server.compat.config.Change@18a3f02
01-01 09:22:49.368 1503 1503 D CompatConfig: Adding: com.android.server.compat.config.Change@49ba013
01-01 09:22:49.368 1503 1608 I SystemConfig: Reading permissions from /system/etc/permissions/android.test.mock.xml
01-01 09:22:49.368 1503 1503 D CompatConfig: Adding: com.android.server.compat.config.Change@8022c49
01-01 09:22:49.368 1503 1503 D CompatConfig: Adding: com.android.server.compat.config.Change@be1494e
01-01 09:22:49.368 1503 1608 I SystemConfig: Reading permissions from /system/etc/permissions/com.android.future.usb.accessory.xml
01-01 09:22:49.368 1503 1503 D CompatConfig: Adding: com.android.server.compat.config.Change@8b8137c
01-01 09:22:49.368 1503 1503 D CompatConfig: Adding: com.android.server.compat.config.Change@a384405
01-01 09:22:49.368 1503 1503 D CompatConfig: Adding: com.android.server.compat.config.Change@f8cac5a
01-01 09:22:49.368 1503 1608 I SystemConfig: Reading permissions from /system/etc/permissions/android.software.live_wallpaper.xml
01-01 09:22:49.369 1503 1503 D CompatConfig: Adding: com.android.server.compat.config.Change@930eb68
01-01 09:22:49.369 1503 1503 D CompatConfig: Adding: com.android.server.compat.config.Change@bfe1b81
01-01 09:22:49.369 1503 1608 I SystemConfig: Reading permissions from /system/etc/permissions/com.android.location.provider.xml
01-01 09:22:49.369 1503 1503 D CompatConfig: Adding: com.android.server.compat.config.Change@542f867
01-01 09:22:49.369 1503 1503 D CompatConfig: Adding: com.android.server.compat.config.Change@bdd5614
01-01 09:22:49.369 1503 1503 D CompatConfig: Adding: com.android.server.compat.config.Change@4efeebd
01-01 09:22:49.369 1503 1608 I SystemConfig: Reading permissions from /system/etc/permissions/com.thundercomm.tcservice.xml
01-01 09:22:49.369 1503 1503 D CompatConfig: Adding: com.android.server.compat.config.Change@d7cb403
01-01 09:22:49.369 1503 1503 D CompatConfig: Adding: com.android.server.compat.config.Change@a43bf80
01-01 09:22:49.369 1503 1503 D CompatConfig: Adding: com.android.server.compat.config.Change@31b9b9
01-01 09:22:49.369 1503 1608 I SystemConfig: Reading permissions from /system/etc/permissions/android.software.webview.xml
01-01 09:22:49.370 1503 1503 D CompatConfig: Adding: com.android.server.compat.config.Change@b0c8d5f
01-01 09:22:49.370 1503 1503 D CompatConfig: Adding: com.android.server.compat.config.Change@de553ac
01-01 09:22:49.370 1503 1503 D CompatConfig: Adding: com.android.server.compat.config.Change@d2b3875
01-01 09:22:49.370 1503 1608 I SystemConfig: Reading permissions from /system/etc/permissions/com.android.networkstack.tethering.xml
01-01 09:22:49.370 1503 1503 D CompatConfig: Adding: com.android.server.compat.config.Change@e96a07b
01-01 09:22:49.370 1503 1503 D CompatConfig: Adding: com.android.server.compat.config.Change@529fe98
01-01 09:22:49.370 1503 1503 D CompatConfig: Found a config file: /system/etc/compatconfig/icu4j-platform-compat-config.xml
01-01 09:22:49.370 1503 1608 I SystemConfig: Reading permissions from /system/etc/permissions/privapp-permissions-platform.xml
01-01 09:22:49.370 1503 1503 D CompatConfig: Adding: com.android.server.compat.config.Change@4e4c957
01-01 09:22:49.371 1503 1503 D CompatConfig: Found a config file: /system/etc/compatconfig/services-platform-compat-config.xml
01-01 09:22:49.371 1503 1503 D CompatConfig: Adding: com.android.server.compat.config.Change@ddf012d
01-01 09:22:49.371 1503 1503 D CompatConfig: Adding: com.android.server.compat.config.Change@1d6662
01-01 09:22:49.371 1503 1503 D CompatConfig: Adding: com.android.server.compat.config.Change@382a3f3
01-01 09:22:49.372 1503 1503 D CompatConfig: Adding: com.android.server.compat.config.Change@d8608b0
01-01 09:22:49.372 1503 1503 D CompatConfig: Adding: com.android.server.compat.config.Change@d78329
01-01 09:22:49.372 1503 1503 D CompatConfig: Adding: com.android.server.compat.config.Change@6f86ae
01-01 09:22:49.372 1503 1503 D CompatConfig: Adding: com.android.server.compat.config.Change@ebaffdc
01-01 09:22:49.372 1503 1608 I SystemConfig: Reading permissions from /system/etc/permissions/privapp-permissions-qti.xml
01-01 09:22:49.372 1503 1503 D CompatConfig: Adding: com.android.server.compat.config.Change@fbc28e5
01-01 09:22:49.372 1503 1503 D CompatConfig: Adding: com.android.server.compat.config.Change@db15fba
01-01 09:22:49.372 1503 1503 D CompatConfig: Adding: com.android.server.compat.config.Change@38c9e6b
01-01 09:22:49.372 1503 1503 D CompatConfig: Adding: com.android.server.compat.config.Change@ce63dc8
01-01 09:22:49.373 1503 1503 D CompatConfig: Adding: com.android.server.compat.config.Change@58b6e61
01-01 09:22:49.373 1503 1503 D CompatConfig: Adding: com.android.server.compat.config.Change@805bd86
01-01 09:22:49.373 1503 1608 I SystemConfig: Reading permissions from /system/etc/permissions/android.software.freeform_window_management.xml
01-01 09:22:49.373 1503 1503 D CompatConfig: Adding: com.android.server.compat.config.Change@d056e74
01-01 09:22:49.373 1503 1503 D CompatConfig: Adding: com.android.server.compat.config.Change@4af8f9d
01-01 09:22:49.373 1503 1503 D CompatConfig: Adding: com.android.server.compat.config.Change@cf02c12
01-01 09:22:49.373 1503 1608 I SystemConfig: Reading permissions from /system/etc/permissions/com.android.documentsui.xml
01-01 09:22:49.373 1503 1503 D CompatConfig: Adding: com.android.server.compat.config.Change@444fde0
01-01 09:22:49.373 1503 1503 D CompatConfig: Adding: com.android.server.compat.config.Change@1fa8899
01-01 09:22:49.373 1503 1503 D CompatConfig: Adding: com.android.server.compat.config.Change@ca0f75e
01-01 09:22:49.374 1503 1608 I SystemConfig: Reading permissions from /system/etc/permissions/com.thundercomm.mcuupgrade.xml
01-01 09:22:49.374 1503 1503 D CompatConfig: Adding: com.android.server.compat.config.Change@c2c180c
01-01 09:22:49.374 1503 1503 D CompatConfig: Adding: com.android.server.compat.config.Change@3621555
01-01 09:22:49.374 1503 1503 D CompatConfig: Adding: com.android.server.compat.config.Change@8012b6a
01-01 09:22:49.374 1503 1608 I SystemConfig: Reading permissions from /system/etc/permissions/com.android.mediadrm.signer.xml
01-01 09:22:49.374 1503 1503 D CompatConfig: Adding: com.android.server.compat.config.Change@d88a8f8
01-01 09:22:49.374 1503 1503 D CompatConfig: Adding: com.android.server.compat.config.Change@e7bb1d1
01-01 09:22:49.374 1503 1503 D CompatConfig: Adding: com.android.server.compat.config.Change@37e9436
01-01 09:22:49.374 1503 1503 D CompatConfig: Adding: com.android.server.compat.config.Change@5d1bf37
01-01 09:22:49.374 1503 1608 I SystemConfig: Reading permissions from /system/etc/permissions/android.test.base.xml
01-01 09:22:49.374 1503 1503 D CompatConfig: Adding: com.android.server.compat.config.Change@2b89a0d
01-01 09:22:49.375 1503 1503 D CompatConfig: Adding: com.android.server.compat.config.Change@a97bdc2
01-01 09:22:49.375 1503 1503 D CompatConfig: Adding: com.android.server.compat.config.Change@47917d3
01-01 09:22:49.375 1503 1503 D CompatConfig: Adding: com.android.server.compat.config.Change@d039f10
01-01 09:22:49.375 1503 1608 I SystemConfig: Reading permissions from /system/etc/permissions/platform.xml
01-01 09:22:49.375 1503 1503 D CompatConfig: Adding: com.android.server.compat.config.Change@27f40e
01-01 09:22:49.375 1503 1503 D CompatConfig: Adding: com.android.server.compat.config.Change@e335e2f
01-01 09:22:49.375 1503 1503 D CompatConfig: Adding: com.android.server.compat.config.Change@9eb9c3c
01-01 09:22:49.375 1503 1503 D CompatConfig: Adding: com.android.server.compat.config.Change@553fdc5
01-01 09:22:49.375 1503 1503 D CompatConfig: Adding: com.android.server.compat.config.Change@773431a
01-01 09:22:49.375 1503 1503 D CompatConfig: Adding: com.android.server.compat.config.Change@aa1ae4b
01-01 09:22:49.376 1503 1503 D CompatConfig: Adding: com.android.server.compat.config.Change@2f44028
01-01 09:22:49.376 1503 1503 D CompatConfig: Adding: com.android.server.compat.config.Change@47bb141
01-01 09:22:49.376 1503 1503 D CompatConfig: Adding: com.android.server.compat.config.Change@1f276e6
01-01 09:22:49.376 1503 1503 D CompatConfig: Adding: com.android.server.compat.config.Change@5ae427
01-01 09:22:49.376 1503 1503 D CompatConfig: Adding: com.android.server.compat.config.Change@56136d4
01-01 09:22:49.376 1503 1503 D CompatConfig: Adding: com.android.server.compat.config.Change@511207d
01-01 09:22:49.376 0 0 D cnss : FW name added with prefix: qca6390/m3.bin
01-01 09:22:49.376 1503 1503 D CompatConfig: Adding: com.android.server.compat.config.Change@ddf1b72
01-01 09:22:49.376 1503 1503 D CompatConfig: Adding: com.android.server.compat.config.Change@d04ec40
01-01 09:22:49.376 1503 1608 I SystemConfig: Reading permissions from /vendor/etc/permissions/android.hardware.sensor.accelerometer.xml
01-01 09:22:49.376 1503 1503 D CompatConfig: Adding: com.android.server.compat.config.Change@4944779
01-01 09:22:49.377 1503 1503 D CompatConfig: Adding: com.android.server.compat.config.Change@17f7cbe
01-01 09:22:49.377 0 0 W cnss_pci 0000: 01:00.0: Falling back to syfs fallback for: qca6390/m3.bin
01-01 09:22:49.377 1503 1503 D CompatConfig: Adding: com.android.server.compat.config.Change@43e311f
01-01 09:22:49.377 1503 1503 D CompatConfig: Adding: com.android.server.compat.config.Change@e6c8c6c
01-01 09:22:49.377 1503 1503 D CompatConfig: Adding: com.android.server.compat.config.Change@e88e235
01-01 09:22:49.377 1503 1503 D CompatConfig: Adding: com.android.server.compat.config.Change@f32a6ca
01-01 09:22:49.377 1503 1503 D CompatConfig: Adding: com.android.server.compat.config.Change@19ec03b
01-01 09:22:49.377 1503 1503 D CompatConfig: Adding: com.android.server.compat.config.Change@7cc0358
01-01 09:22:49.377 1503 1503 D CompatConfig: Found a config file: /system/etc/compatconfig/documents-ui-compat-config.xml
01-01 09:22:49.377 1503 1608 I SystemConfig: Reading permissions from /vendor/etc/permissions/android.hardware.wifi.direct.xml
01-01 09:22:49.378 1503 1608 I SystemConfig: Reading permissions from /vendor/etc/permissions/android.hardware.sensor.ambient_temperature.xml
01-01 09:22:49.378 1503 1503 D CompatConfig: Adding: com.android.server.compat.config.Change@4a9fd04
01-01 09:22:49.378 1503 1503 D CompatConfig: Found a config file: /system/etc/compatconfig/calendar-provider-compat-config.xml
01-01 09:22:49.378 1503 1608 I SystemConfig: Reading permissions from /vendor/etc/permissions/android.software.ipsec_tunnels.xml
01-01 09:22:49.378 1503 1503 D CompatConfig: Adding: com.android.server.compat.config.Change@3f6fbb3
01-01 09:22:49.379 1503 1608 I SystemConfig: Reading permissions from /vendor/etc/permissions/android.software.device_id_attestation.xml
01-01 09:22:49.379 1503 1503 D CompatConfig: Found a config file: /system/system_ext/etc/compatconfig/settings-platform-compat-config.xml
01-01 09:22:49.379 1503 1608 I SystemConfig: Reading permissions from /vendor/etc/permissions/android.hardware.vulkan.compute-0.xml
01-01 09:22:49.379 1503 1503 D CompatConfig: Adding: com.android.server.compat.config.Change@dba00f
01-01 09:22:49.379 1503 1608 I SystemConfig: Reading permissions from /vendor/etc/permissions/android.hardware.sensor.barometer.xml
01-01 09:22:49.380 1503 1608 I SystemConfig: Reading permissions from /vendor/etc/permissions/qti_fingerprint_interface.xml
01-01 09:22:49.380 1503 1503 D CompatConfig: No directory /apex/com.android.vndk.v30/etc/compatconfig, skipping
01-01 09:22:49.380 1503 1503 D CompatConfig: No directory /apex/com.android.wifi/etc/compatconfig, skipping
01-01 09:22:49.380 1503 1503 D CompatConfig: No directory /apex/com.android.vndk.v31/etc/compatconfig, skipping
01-01 09:22:49.380 1503 1503 D CompatConfig: No directory /apex/com.android.tzdata/etc/compatconfig, skipping
01-01 09:22:49.380 1503 1503 D CompatConfig: No directory /apex/com.android.tethering/etc/compatconfig, skipping
01-01 09:22:49.380 1503 1503 D CompatConfig: No directory /apex/com.android.sdkext/etc/compatconfig, skipping
01-01 09:22:49.380 1503 1503 D CompatConfig: No directory /apex/com.android.scheduling/etc/compatconfig, skipping
01-01 09:22:49.380 1503 1503 D CompatConfig: No directory /apex/com.android.runtime/etc/compatconfig, skipping
01-01 09:22:49.380 1503 1503 D CompatConfig: No directory /apex/com.android.resolv/etc/compatconfig, skipping
01-01 09:22:49.380 1503 1503 D CompatConfig: No directory /apex/com.android.permission/etc/compatconfig, skipping
01-01 09:22:49.380 1503 1503 D CompatConfig: No directory /apex/com.android.os.statsd/etc/compatconfig, skipping
01-01 09:22:49.380 1503 1503 D CompatConfig: No directory /apex/com.android.neuralnetworks/etc/compatconfig, skipping
01-01 09:22:49.380 1503 1608 I SystemConfig: Reading permissions from /vendor/etc/permissions/android.hardware.usb.host.xml
01-01 09:22:49.380 1503 1503 D CompatConfig: Found a config file: /apex/com.android.mediaprovider/etc/compatconfig/media-provider-platform-compat-config.xml
01-01 09:22:49.379 0 0 D cnss : Sending M3 information message, state: 0xb
01-01 09:22:49.380 0 0 D cnss : M3 memory, va: 0x0000000000000000, pa: 0x00000000a1800000, size: 0x411bc
01-01 09:22:49.381 1503 1608 I SystemConfig: Reading permissions from /vendor/etc/permissions/android.software.vulkan.deqp.level.xml
01-01 09:22:49.381 1503 1503 D CompatConfig: Adding: com.android.server.compat.config.Change@506e421
01-01 09:22:49.381 1503 1503 D CompatConfig: Adding: com.android.server.compat.config.Change@ff76046
01-01 09:22:49.381 1503 1503 D CompatConfig: Adding: com.android.server.compat.config.Change@7cd8207
01-01 09:22:49.381 1503 1608 I SystemConfig: Reading permissions from /vendor/etc/permissions/vendor-qti-hardware-sensorscalibrate.xml
01-01 09:22:49.381 1503 1503 D CompatConfig: Adding: com.android.server.compat.config.Change@dcca15d
01-01 09:22:49.381 1503 1503 D CompatConfig: Adding: com.android.server.compat.config.Change@4393ad2
01-01 09:22:49.381 1503 1608 I SystemConfig: Reading permissions from /vendor/etc/permissions/android.hardware.sensor.compass.xml
01-01 09:22:49.381 1503 1503 D CompatConfig: Adding: com.android.server.compat.config.Change@99b8aa0
01-01 09:22:49.381 1503 1503 D CompatConfig: Adding: com.android.server.compat.config.Change@336f659
01-01 09:22:49.382 1503 1503 D CompatConfig: No directory /apex/com.android.media.swcodec/etc/compatconfig, skipping
01-01 09:22:49.382 1503 1503 D CompatConfig: No directory /apex/com.android.media/etc/compatconfig, skipping
01-01 09:22:49.382 1503 1503 D CompatConfig: No directory /apex/com.android.ipsec/etc/compatconfig, skipping
01-01 09:22:49.382 1503 1503 D CompatConfig: No directory /apex/com.android.i18n/etc/compatconfig, skipping
01-01 09:22:49.382 1503 1608 I SystemConfig: Reading permissions from /vendor/etc/permissions/android.hardware.bluetooth.xml
01-01 09:22:49.382 1503 1503 D CompatConfig: No directory /apex/com.android.extservices/etc/compatconfig, skipping
01-01 09:22:49.382 1503 1503 D CompatConfig: No directory /apex/com.android.conscrypt/etc/compatconfig, skipping
01-01 09:22:49.382 1503 1608 I SystemConfig: Reading permissions from /vendor/etc/permissions/handheld_core_hardware.xml
01-01 09:22:49.382 1503 1503 D CompatConfig: Found a config file: /apex/com.android.art/etc/compatconfig/libcore-platform-compat-config.xml
01-01 09:22:49.382 1503 1503 D CompatConfig: Adding: com.android.server.compat.config.Change@5579f15
01-01 09:22:49.382 1503 1608 I SystemConfig: Reading permissions from /vendor/etc/permissions/android.hardware.sensor.hifi_sensors.xml
01-01 09:22:49.383 1503 1503 D CompatConfig: Adding: com.android.server.compat.config.Change@fc8f81b
01-01 09:22:49.383 1503 1503 D CompatConfig: Adding: com.android.server.compat.config.Change@40c0db8
01-01 09:22:49.383 1503 1503 D CompatConfig: Adding: com.android.server.compat.config.Change@9a01791
01-01 09:22:49.383 1503 1608 I SystemConfig: Reading permissions from /vendor/etc/permissions/android.hardware.light.xml
01-01 09:22:49.383 1503 1503 D CompatConfig: Adding: com.android.server.compat.config.Change@74faf7
01-01 09:22:49.383 1503 1503 D CompatConfig: No directory /apex/com.android.appsearch/etc/compatconfig, skipping
01-01 09:22:49.383 1503 1503 D CompatConfig: No directory /apex/com.android.adbd/etc/compatconfig, skipping
01-01 09:22:49.383 1503 1608 I SystemConfig: Reading permissions from /vendor/etc/permissions/android.hardware.vulkan.level-1.xml
01-01 09:22:49.383 1503 1608 I SystemConfig: Reading permissions from /vendor/etc/permissions/android.hardware.audio.pro.xml
01-01 09:22:49.384 1503 1608 I SystemConfig: Reading permissions from /vendor/etc/permissions/android.hardware.bluetooth_le.xml
01-01 09:22:49.384 1503 1503 I SystemServerTiming: StartFileIntegrityService
01-01 09:22:49.384 1503 1503 I SystemServiceManager: Starting com.android.server.security.FileIntegrityService
01-01 09:22:49.384 1503 1608 I SystemConfig: Reading permissions from /vendor/etc/permissions/android.hardware.opengles.aep.xml
01-01 09:22:49.385 1503 1608 I SystemConfig: Reading permissions from /vendor/etc/permissions/android.hardware.se.omapi.uicc.xml
01-01 09:22:49.385 1503 1608 I SystemConfig: Reading permissions from /vendor/etc/permissions/android.hardware.sensor.gyroscope.xml
01-01 09:22:49.385 1503 1608 I SystemConfig: Reading permissions from /vendor/etc/permissions/android.hardware.fingerprint.xml
01-01 09:22:49.386 1503 1608 I SystemConfig: Reading permissions from /vendor/etc/permissions/android.hardware.wifi.aware.xml
01-01 09:22:49.386 1503 1608 I SystemConfig: Reading permissions from /vendor/etc/permissions/android.hardware.touchscreen.multitouch.jazzhand.xml
01-01 09:22:49.386 1503 1608 I SystemConfig: Reading permissions from /vendor/etc/permissions/android.software.midi.xml
01-01 09:22:49.387 1503 1608 I SystemConfig: Reading permissions from /vendor/etc/permissions/android.hardware.se.omapi.ese.xml
01-01 09:22:49.386 0 0 D cnss : PM relax, state: 0xb, count: 0
01-01 09:22:49.386 0 0 D cnss : Received QMI WLFW FW initialization done indication
01-01 09:22:49.386 0 0 D cnss : Posting event: FW_READY(4), state: 0xb flags: 0x0
01-01 09:22:49.386 0 0 D cnss : PM stay awake, state: 0xb, count: 1
01-01 09:22:49.386 0 0 D cnss : PM relax, state: 0xb, count: 0
01-01 09:22:49.386 0 0 D cnss : PM stay awake, state: 0xb, count: 1
01-01 09:22:49.386 0 0 D cnss : Processing driver event: FW_READY(4), state: 0xb
01-01 09:22:49.386 0 0 D cnss : PCIE Gen speed not setup
01-01 09:22:49.386 0 0 D cnss : Sending antenna switch sync request, state: 0xf
01-01 09:22:49.387 1503 1608 I SystemConfig: Reading permissions from /vendor/etc/permissions/android.software.verified_boot.xml
01-01 09:22:49.387 1503 1608 I SystemConfig: Reading permissions from /vendor/etc/permissions/android.hardware.wifi.passpoint.xml
01-01 09:22:49.388 1503 1608 I SystemConfig: Reading permissions from /vendor/etc/permissions/android.hardware.wifi.rtt.xml
01-01 09:22:49.388 1503 1503 I SystemServerTiming: StartInstaller
01-01 09:22:49.388 1503 1503 I SystemServiceManager: Starting com.android.server.pm.Installer
01-01 09:22:49.388 1503 1608 I SystemConfig: Reading permissions from /vendor/etc/permissions/android.hardware.wifi.xml
01-01 09:22:49.388 1503 1608 I SystemConfig: Reading permissions from /vendor/etc/permissions/android.hardware.usb.accessory.xml
01-01 09:22:49.389 1503 1503 I SystemServerTiming: DeviceIdentifiersPolicyService
01-01 09:22:49.389 1503 1503 I SystemServiceManager: Starting com.android.server.os.DeviceIdentifiersPolicyService
01-01 09:22:49.389 1503 1608 I SystemConfig: Reading permissions from /vendor/etc/permissions/vendor.qti.hardware.factory.xml
01-01 09:22:49.389 0 0 E cnss : Antenna switch request failed, result: 1, err: 94
01-01 09:22:49.389 0 0 D cnss : Sending mode message, mode: CALIBRATION(7), state: 0xf
01-01 09:22:49.389 1503 1503 I SystemServerTiming: UriGrantsManagerService
01-01 09:22:49.389 1503 1503 I SystemServiceManager: Starting com.android.server.uri.UriGrantsManagerService$Lifecycle
01-01 09:22:49.390 1503 1608 I SystemConfig: Reading permissions from /vendor/etc/permissions/android.hardware.audio.low_latency.xml
01-01 09:22:49.390 1503 1503 I SystemServerTiming: StartPowerStatsService
01-01 09:22:49.390 1503 1503 I SystemServiceManager: Starting com.android.server.powerstats.PowerStatsService
01-01 09:22:49.390 1503 1608 I SystemConfig: Reading permissions from /vendor/etc/permissions/android.hardware.sensor.relative_humidity.xml
01-01 09:22:49.390 1503 1608 I SystemConfig: Reading permissions from /vendor/etc/permissions/android.hardware.vulkan.version-1_1.xml
01-01 09:22:49.391 1503 1608 I SystemConfig: Reading permissions from /vendor/etc/permissions/android.hardware.location.gps.xml
01-01 09:22:49.391 0 0 I binder : 1503:1503 ioctl 40046210 7fe38df5a4 returned -22
01-01 09:22:49.391 1503 1503 I SystemServerTiming: StartIStatsService
01-01 09:22:49.391 1503 1608 I SystemConfig: Reading permissions from /product/etc/sysconfig/preinstalled-packages-platform-overlays.xml
01-01 09:22:49.392 1503 1608 I SystemConfig: Reading permissions from /product/etc/sysconfig/preinstalled-packages-platform-handheld-product.xml
01-01 09:22:49.392 1503 1503 I SystemServerTiming: MemtrackProxyService
01-01 09:22:49.393 1503 1608 I SystemConfig: Reading permissions from /product/etc/permissions/com.android.settings.intelligence.xml
01-01 09:22:49.393 1503 1608 I SystemConfig: Reading permissions from /product/etc/permissions/vendor.qti.hardware.data.connection-V1.0-java.xml
01-01 09:22:49.393 1503 1503 I SystemServerTiming: StartActivityManager
01-01 09:22:49.393 1503 1503 I SystemServiceManager: Starting com.android.server.wm.ActivityTaskManagerService$Lifecycle
01-01 09:22:49.393 1503 1608 I SystemConfig: Reading permissions from /product/etc/permissions/UimService.xml
01-01 09:22:49.394 1503 1608 I SystemConfig: Reading permissions from /product/etc/permissions/privapp-permissions-soundrecorder.xml
01-01 09:22:49.394 1503 1608 I SystemConfig: Reading permissions from /product/etc/permissions/telephony_product_privapp-permissions-qti.xml
01-01 09:22:49.394 1503 1608 I SystemConfig: Reading permissions from /product/etc/permissions/com.qti.snapdragon.sdk.display.xml
01-01 09:22:49.395 1503 1608 I SystemConfig: Reading permissions from /product/etc/permissions/ims_ext_common.xml
01-01 09:22:49.395 1503 1608 I SystemConfig: Reading permissions from /product/etc/permissions/vendor.qti.hardware.data.connection-V1.1-java.xml
01-01 09:22:49.395 1503 1608 I SystemConfig: Reading permissions from /system_ext/etc/sysconfig/qti_whitelist_system_ext.xml
01-01 09:22:49.396 1503 1608 I SystemConfig: Reading permissions from /system_ext/etc/sysconfig/qti_telephony_system_packages_config.xml
01-01 09:22:49.396 1503 1608 I SystemConfig: Reading permissions from /system_ext/etc/permissions/wfd-system-ext-privapp-permissions-qti.xml
01-01 09:22:49.397 1503 1608 I SystemConfig: Reading permissions from /system_ext/etc/permissions/telephony_system-ext_privapp-permissions-qti.xml
01-01 09:22:49.397 1503 1503 I SystemServiceManager: Starting com.android.server.am.ActivityManagerService$Lifecycle
01-01 09:22:49.397 1503 1608 I SystemConfig: Reading permissions from /system_ext/etc/permissions/com.hht.lebocast.xml
01-01 09:22:49.398 1503 1608 I SystemConfig: Reading permissions from /system_ext/etc/permissions/qti_permissions.xml
01-01 09:22:49.398 1503 1608 I SystemConfig: Reading permissions from /system_ext/etc/permissions/com.qualcomm.qti.imscmservice-V2.2-java.xml
01-01 09:22:49.399 1503 1608 I SystemConfig: Reading permissions from /system_ext/etc/permissions/com.qualcomm.qti.imscmservice-V2.1-java.xml
01-01 09:22:49.399 1503 1608 I SystemConfig: Reading permissions from /system_ext/etc/permissions/com.qti.media.secureprocessor.xml
01-01 09:22:49.399 1503 1608 I SystemConfig: Reading permissions from /system_ext/etc/permissions/com.qualcomm.qti.imscmservice.xml
01-01 09:22:49.399 1503 1608 I SystemConfig: Reading permissions from /system_ext/etc/permissions/com.android.systemui.xml
