12-14 03:22:33.076 1503 1591 I DropBoxManagerService: add tag=storage_trim isTagEnabled=true flags=0x2
12-14 03:22:33.077 517 2293 I vold : Trimmed 25980928 bytes on /mnt/vendor/persist in 0ms
12-14 03:22:33.077 517 2293 D vold : Starting trim of /mnt/vendor/spunvm
12-14 03:22:33.077 517 2293 W vold : Failed to open /mnt/vendor/spunvm: Permission denied
12-14 03:22:33.077 1503 1591 I DropBoxManagerService: add tag=storage_trim isTagEnabled=true flags=0x2
12-14 03:22:33.077 1503 1591 I DropBoxManagerService: add tag=storage_trim isTagEnabled=true flags=0x2
12-14 03:22:33.079 1503 1503 I SystemServerTiming: StartPersistentDataBlock
12-14 03:22:33.079 1503 1503 I SystemServiceManager: Starting com.android.server.PersistentDataBlockService
12-14 03:22:33.079 1503 1503 I SystemServerTiming: StartTestHarnessMode
12-14 03:22:33.079 1503 1503 I SystemServiceManager: Starting com.android.server.testharness.TestHarnessModeService
12-14 03:22:33.079 1503 2295 I SystemServerTimingAsync: InitThreadPoolExec:PersistentDataBlockService.onStart
12-14 03:22:33.080 1503 1503 I SystemServerTiming: StartOemLockService
12-14 03:22:33.080 1503 1503 I SystemServiceManager: Starting com.android.server.oemlock.OemLockService
12-14 03:22:33.080 1503 1503 I OemLock : OemLock HAL not present on device
12-14 03:22:33.080 1503 1503 I OemLock : Using persistent data block based lock
12-14 03:22:33.080 1503 1503 I SystemServerTiming: StartDeviceIdleController
12-14 03:22:33.080 1503 1503 I SystemServiceManager: Starting com.android.server.DeviceIdleController
12-14 03:22:33.081 1503 2295 E PersistentDataBlockService: not able to find package com.google.android.gms
12-14 03:22:33.081 1503 2295 E PersistentDataBlockService: android.content.pm.PackageManager$NameNotFoundException: com.google.android.gms
12-14 03:22:33.081 1503 2295 E PersistentDataBlockService: at android.app.ApplicationPackageManager.getPackageUidAsUser(ApplicationPackageManager.java:364)
12-14 03:22:33.081 1503 2295 E PersistentDataBlockService: at com.android.server.PersistentDataBlockService.getAllowedUid(PersistentDataBlockService.java:162)
12-14 03:22:33.081 1503 2295 E PersistentDataBlockService: at com.android.server.PersistentDataBlockService.lambda$onStart$0$PersistentDataBlockService(PersistentDataBlockService.java:176)
12-14 03:22:33.081 1503 2295 E PersistentDataBlockService: at com.android.server.PersistentDataBlockService$$ExternalSyntheticLambda0.run(Unknown Source:2)
12-14 03:22:33.081 1503 2295 E PersistentDataBlockService: at com.android.server.SystemServerInitThreadPool.lambda$submitTask$0$SystemServerInitThreadPool(SystemServerInitThreadPool.java:105)
12-14 03:22:33.081 1503 2295 E PersistentDataBlockService: at com.android.server.SystemServerInitThreadPool$$ExternalSyntheticLambda0.run(Unknown Source:6)
12-14 03:22:33.081 1503 2295 E PersistentDataBlockService: at java.util.concurrent.Executors$RunnableAdapter.call(Executors.java:462)
12-14 03:22:33.081 1503 2295 E PersistentDataBlockService: at java.util.concurrent.FutureTask.run(FutureTask.java:266)
12-14 03:22:33.081 1503 2295 E PersistentDataBlockService: at java.util.concurrent.ThreadPoolExecutor.runWorker(ThreadPoolExecutor.java:1167)
12-14 03:22:33.081 1503 2295 E PersistentDataBlockService: at java.util.concurrent.ThreadPoolExecutor$Worker.run(ThreadPoolExecutor.java:641)
12-14 03:22:33.081 1503 2295 E PersistentDataBlockService: at com.android.internal.util.ConcurrentUtils$1$1.run(ConcurrentUtils.java:65)
12-14 03:22:33.082 1503 1503 I SystemServerTiming: StartDevicePolicyManager
12-14 03:22:33.082 1503 1503 I SystemServiceManager: Starting com.android.server.devicepolicy.DevicePolicyManagerService$Lifecycle
12-14 03:22:33.085 1503 1503 I SystemServerTiming: StartStatusBarManagerService
12-14 03:22:33.085 1503 1503 D SystemServer: MusicRecognitionManagerService not defined by OEM or disabled by flag
12-14 03:22:33.085 1503 1503 D SystemServer: ContentCaptureService disabled because resource is not overlaid
12-14 03:22:33.085 1503 1503 D SystemServer: AttentionService is not configured on this device
12-14 03:22:33.085 1503 1503 D SystemServer: RotationResolverService is not configured on this device
12-14 03:22:33.085 1503 1503 D SystemServer: SystemCaptionsManagerService disabled because resource is not overlaid
12-14 03:22:33.085 1503 1503 I SystemServerTiming: StartTextToSpeechManagerService
12-14 03:22:33.085 1503 1503 I SystemServiceManager: Starting com.android.server.texttospeech.TextToSpeechManagerService
12-14 03:22:33.086 1503 1503 I SystemServerTiming: StartSpeechRecognitionManagerService
12-14 03:22:33.086 1503 1503 I SystemServiceManager: Starting com.android.server.speech.SpeechRecognitionManagerService
12-14 03:22:33.086 1503 1503 D SystemServer: AppPredictionService not defined by OEM
12-14 03:22:33.086 1503 1503 D SystemServer: ContentSuggestionsService not defined by OEM
12-14 03:22:33.086 1503 1503 I SystemServerTiming: StartSearchUiService
12-14 03:22:33.086 1503 1503 I SystemServiceManager: Starting com.android.server.searchui.SearchUiManagerService
12-14 03:22:33.087 1503 1503 I SystemServerTiming: StartSmartspaceService
12-14 03:22:33.087 1503 1503 I SystemServiceManager: Starting com.android.server.smartspace.SmartspaceManagerService
12-14 03:22:33.087 1503 1503 I SystemServerTiming: InitConnectivityModuleConnector
12-14 03:22:33.087 1503 1503 D ConnectivityModuleConnector: Network stack init
12-14 03:22:33.087 1503 1503 I SystemServerTiming: InitNetworkStackClient
12-14 03:22:33.088 1503 1503 I SystemServerTiming: StartNetworkManagementService
12-14 03:22:33.090 1503 1503 I SystemServerTiming: StartIpSecService
12-14 03:22:33.090 1503 1503 I SystemServerTiming: StartFontManagerService
12-14 03:22:33.138 1503 1503 I SystemServerTiming: StartTextServicesManager
12-14 03:22:33.138 1503 1503 I SystemServiceManager: Starting com.android.server.textservices.TextServicesManagerService$Lifecycle
12-14 03:22:33.138 1503 1503 I SystemServerTiming: StartTextClassificationManagerService
12-14 03:22:33.138 1503 1503 I SystemServiceManager: Starting com.android.server.textclassifier.TextClassificationManagerService$Lifecycle
12-14 03:22:33.139 1503 1503 I SystemServerTiming: StartNetworkScoreService
12-14 03:22:33.139 1503 1503 I SystemServiceManager: Starting com.android.server.NetworkScoreService$Lifecycle
12-14 03:22:33.139 1503 1503 I SystemServerTiming: StartNetworkStatsService
12-14 03:22:33.140 1503 1503 I SystemServerTiming: StartNetworkPolicyManagerService
12-14 03:22:33.141 1503 1503 I SystemServerTiming: StartWifi
12-14 03:22:33.159 1503 1503 I SystemServiceManager: Starting com.android.server.wifi.WifiService
12-14 03:22:33.224 1185 1185 I wificond: New wificond event callback registered
12-14 03:22:33.228 1503 1503 V HistoricalRegistry: Interaction before persistence initialized
12-14 03:22:33.233 1503 1503 I SystemServerTiming: StartWifiScanning
12-14 03:22:33.233 1503 1503 I SystemServiceManager: Starting com.android.server.wifi.scanner.WifiScanningService
12-14 03:22:33.236 1503 1503 I SystemServerTiming: StartRttService
12-14 03:22:33.236 1503 1503 I SystemServiceManager: Starting com.android.server.wifi.rtt.RttService
12-14 03:22:33.238 1503 1503 I SystemServerTiming: StartWifiAware
12-14 03:22:33.238 1503 1503 I SystemServiceManager: Starting com.android.server.wifi.aware.WifiAwareService
12-14 03:22:33.238 1503 1503 I SystemServerTiming: StartWifiP2P
12-14 03:22:33.238 1503 1503 I SystemServiceManager: Starting com.android.server.wifi.p2p.WifiP2pService
12-14 03:22:33.247 1503 1503 I SystemServerTiming: StartEthernet
12-14 03:22:33.247 1503 1503 I SystemServiceManager: Starting com.android.server.ethernet.EthernetService
12-14 03:22:33.248 1503 1503 I SystemServerTiming: StartPacProxyService
12-14 03:22:33.248 1503 1503 I SystemServerTiming: StartConnectivityService
12-14 03:22:33.258 1503 1503 I SystemServiceManager: Starting com.android.server.ConnectivityServiceInitializer
12-14 03:22:33.281 1503 1503 D CompatibilityChangeReporter: Compat change id reported: 182478738; UID 1000; state: ENABLED
12-14 03:22:33.283 1503 1503 I SystemServerTiming: StartVpnManagerService
12-14 03:22:33.284 1503 1503 I SystemServerTiming: StartVcnManagementService
12-14 03:22:33.286 1503 1503 I SystemServerTiming: StartNsdService
12-14 03:22:33.286 1503 1503 D NsdService: Network service discovery is enabled
12-14 03:22:33.287 1503 1503 I SystemServerTiming: StartSystemUpdateManagerService
12-14 03:22:33.287 1503 1503 I SystemUpdateManagerService: No existing info file /data/system/system-update-info.xml
12-14 03:22:33.287 1503 1503 I SystemServerTiming: StartUpdateLockService
12-14 03:22:33.288 1503 1503 I SystemServerTiming: StartNotificationManager
12-14 03:22:33.288 1503 1503 I SystemServiceManager: Starting com.android.server.notification.NotificationManagerService
12-14 03:22:33.291 1503 1503 D ConditionProviders.SCP: new ScheduleConditionProvider()
12-14 03:22:33.293 1503 1503 I ConditionProviders: Allowing condition provider com.android.camera2 (userSet: true)
12-14 03:22:33.293 1503 1503 I ConditionProviders: Allowing condition provider android.ext.services/android.ext.services.notification.Assistant (userSet: true)
12-14 03:22:33.293 1503 1503 I NotificationAssistants: Allowing notification assistant android.ext.services/android.ext.services.notification.Assistant (userSet: false)
12-14 03:22:33.293 1503 1503 V NotificationAssistants: enabling notification assistant for 0: ComponentInfo{android.ext.services/android.ext.services.notification.Assistant}
12-14 03:22:33.294 1503 1503 V NotificationAssistants: binding: Intent { act=android.service.notification.NotificationAssistantService cmp=android.ext.services/.notification.Assistant (has extras) }
12-14 03:22:33.295 1503 1503 I GameModeConfig: isGameModeOn cache is null
12-14 03:22:33.295 1503 1503 I GameModeConfig: isGameModeOn = false
12-14 03:22:33.296 1503 1503 D CompatibilityChangeReporter: Compat change id reported: 157233955; UID 1000; state: ENABLED
12-14 03:22:33.305 1503 1503 I SystemServerTiming: StartDeviceMonitor
12-14 03:22:33.305 1503 1503 I SystemServiceManager: Starting com.android.server.storage.DeviceStorageMonitorService
12-14 03:22:33.305 1503 1503 I SystemServerTiming: StartLocationManagerService
12-14 03:22:33.305 1503 1503 I SystemServiceManager: Starting com.android.server.location.LocationManagerService$Lifecycle
12-14 03:22:33.307 1503 1503 I SystemServerTiming: StartCountryDetectorService
12-14 03:22:33.307 1503 1503 I SystemServerTiming: StartTimeDetectorService
12-14 03:22:33.307 1503 1503 I SystemServiceManager: Starting com.android.server.timedetector.TimeDetectorService$Lifecycle
12-14 03:22:33.308 1503 1503 I SystemServerTiming: StartTimeZoneDetectorService
12-14 03:22:33.308 1503 1503 I SystemServiceManager: Starting com.android.server.timezonedetector.TimeZoneDetectorService$Lifecycle
12-14 03:22:33.309 1503 1503 I SystemServerTiming: StartLocationTimeZoneManagerService
12-14 03:22:33.309 1503 1503 I SystemServiceManager: Starting com.android.server.timezonedetector.location.LocationTimeZoneManagerService$Lifecycle
12-14 03:22:33.309 1503 1503 I SystemServerTiming: StartSearchManagerService
12-14 03:22:33.309 1503 1503 I SystemServiceManager: Starting com.android.server.search.SearchManagerService$Lifecycle
12-14 03:22:33.309 1503 1503 I SystemServerTiming: StartWallpaperManagerService
12-14 03:22:33.309 1503 1503 I SystemServiceManager: Starting com.android.server.wallpaper.WallpaperManagerService$Lifecycle
12-14 03:22:33.310 1503 1503 I SystemServerTiming: StartAudioService
12-14 03:22:33.310 1503 1503 I SystemServiceManager: Starting com.android.server.audio.AudioService$Lifecycle
12-14 03:22:33.371 1503 1503 I SystemServerTiming: StartSoundTriggerMiddlewareService
12-14 03:22:33.371 1503 1503 I SystemServiceManager: Starting com.android.server.soundtrigger_middleware.SoundTriggerMiddlewareService$Lifecycle
12-14 03:22:33.373 1503 1503 I SystemServerTiming: StartDockObserver
12-14 03:22:33.373 1503 1503 I SystemServiceManager: Starting com.android.server.DockObserver
12-14 03:22:33.374 1503 1503 W DockObserver: This kernel does not have dock station support
12-14 03:22:33.374 1503 1503 I SystemServerTiming: StartWiredAccessoryManager
12-14 03:22:33.374 1503 1503 W WiredAccessoryManager: This kernel does not have usb audio support
12-14 03:22:33.374 1503 1503 W WiredAccessoryManager: This kernel does not have HDMI audio support
12-14 03:22:33.374 1503 1503 E WiredAccessoryManager: file /sys/devices/platform/soc/soc:qcom,msm-ext-disp/extcon/extcon3/name not found
12-14 03:22:33.374 1503 1503 W WiredAccessoryManager: Conn soc:qcom,msm-ext-disp/3/0 does not have DP audio support
12-14 03:22:33.374 1503 1503 E WiredAccessoryManager: file /sys/devices/platform/soc/soc:qcom,msm-ext-disp/extcon/extcon2/name not found
12-14 03:22:33.374 1503 1503 W WiredAccessoryManager: Conn soc:qcom,msm-ext-disp/2/0 does not have DP audio support
12-14 03:22:33.375 1503 1503 E WiredAccessoryManager: set dev_index 1
12-14 03:22:33.375 1503 1503 W WiredAccessoryManager: checkCableIndex set cable 0
12-14 03:22:33.375 1503 1503 E WiredAccessoryManager: set dev_index 0
12-14 03:22:33.375 1503 1503 W WiredAccessoryManager: checkCableIndex set cable 0
12-14 03:22:33.375 1503 1503 I SystemServerTiming: StartMidiManager
12-14 03:22:33.375 1503 1503 I SystemServiceManager: Starting com.android.server.midi.MidiService$Lifecycle
12-14 03:22:33.375 1503 1503 I SystemServerTiming: StartAdbService
12-14 03:22:33.375 1503 1503 I SystemServiceManager: Starting com.android.server.adb.AdbService$Lifecycle
12-14 03:22:33.376 1503 1503 I SystemServerTiming: StartUsbService
12-14 03:22:33.376 1503 1503 I SystemServiceManager: Starting com.android.server.usb.UsbService$Lifecycle
12-14 03:22:33.376 1503 1503 I SystemServerTiming: StartSerialService
12-14 03:22:33.376 1503 1608 I SystemServerTimingAsync: InitThreadPoolExec:UsbService$Lifecycle#onStart
12-14 03:22:33.376 1503 1503 I SystemServerTiming: StartHardwarePropertiesManagerService
12-14 03:22:33.377 1503 1608 E UsbDeviceManager: failed to write to /sys/class/android_usb/android0/f_rndis/ethaddr
12-14 03:22:33.377 1503 1503 I SystemServerTiming: StartTwilightService
12-14 03:22:33.377 1503 1503 I SystemServiceManager: Starting com.android.server.twilight.TwilightService
12-14 03:22:33.377 1503 1503 I SystemServerTiming: StartColorDisplay
12-14 03:22:33.377 1503 1503 I SystemServiceManager: Starting com.android.server.display.color.ColorDisplayService
12-14 03:22:33.377 1503 1608 I UsbDeviceManager: USB GADGET HAL not present in the device
12-14 03:22:33.377 1503 1608 I UsbDeviceManager: java.util.NoSuchElementException
12-14 03:22:33.377 1503 1608 I UsbDeviceManager: at android.os.HwBinder.getService(Native Method)
12-14 03:22:33.377 1503 1608 I UsbDeviceManager: at android.hardware.usb.gadget.V1_0.IUsbGadget.getService(IUsbGadget.java:57)
12-14 03:22:33.377 1503 1608 I UsbDeviceManager: at android.hardware.usb.gadget.V1_0.IUsbGadget.getService(IUsbGadget.java:64)
12-14 03:22:33.377 1503 1608 I UsbDeviceManager: at com.android.server.usb.UsbDeviceManager.(UsbDeviceManager.java:293)
12-14 03:22:33.377 1503 1608 I UsbDeviceManager: at com.android.server.usb.UsbService.(UsbService.java:178)
12-14 03:22:33.377 1503 1608 I UsbDeviceManager: at com.android.server.usb.UsbService$Lifecycle.lambda$onStart$0$UsbService$Lifecycle(UsbService.java:92)
12-14 03:22:33.377 1503 1608 I UsbDeviceManager: at com.android.server.usb.UsbService$Lifecycle$$ExternalSyntheticLambda1.run(Unknown Source:2)
12-14 03:22:33.377 1503 1608 I UsbDeviceManager: at com.android.server.SystemServerInitThreadPool.lambda$submitTask$0$SystemServerInitThreadPool(SystemServerInitThreadPool.java:105)
12-14 03:22:33.377 1503 1608 I UsbDeviceManager: at com.android.server.SystemServerInitThreadPool$$ExternalSyntheticLambda0.run(Unknown Source:6)
12-14 03:22:33.377 1503 1608 I UsbDeviceManager: at java.util.concurrent.Executors$RunnableAdapter.call(Executors.java:462)
12-14 03:22:33.377 1503 1608 I UsbDeviceManager: at java.util.concurrent.FutureTask.run(FutureTask.java:266)
12-14 03:22:33.377 1503 1608 I UsbDeviceManager: at java.util.concurrent.ThreadPoolExecutor.runWorker(ThreadPoolExecutor.java:1167)
12-14 03:22:33.377 1503 1608 I UsbDeviceManager: at java.util.concurrent.ThreadPoolExecutor$Worker.run(ThreadPoolExecutor.java:641)
12-14 03:22:33.377 1503 1608 I UsbDeviceManager: at com.android.internal.util.ConcurrentUtils$1$1.run(ConcurrentUtils.java:65)
12-14 03:22:33.377 1503 1608 E UsbDeviceManager: Failed to open control for mtp
12-14 03:22:33.377 1503 1608 E UsbDeviceManager: Failed to open control for ptp
12-14 03:22:33.377 1503 1503 I SystemServerTiming: StartJobScheduler
12-14 03:22:33.377 1503 1503 I SystemServiceManager: Starting com.android.server.job.JobSchedulerService
12-14 03:22:33.378 1503 1503 I JobStore: Read 0 jobs
12-14 03:22:33.379 1503 1608 W StorageManagerService: No primary storage defined yet; hacking together a stub
12-14 03:22:33.380 1503 1503 V HistoricalRegistry: Interaction before persistence initialized
12-14 03:22:33.380 1503 1503 V HistoricalRegistry: Interaction before persistence initialized
01-01 09:23:02.291 0 0 I : acc_open
01-01 09:23:02.291 0 0 I : acc_release
12-14 03:22:33.381 1503 1503 I SystemServerTiming: StartSoundTrigger
12-14 03:22:33.381 1503 1503 I SystemServiceManager: Starting com.android.server.soundtrigger.SoundTriggerService
12-14 03:22:33.381 1503 2005 I UsbPortManager: Usb hal service started android.hardware.usb@1.0::IUsb default
12-14 03:22:33.381 1503 1503 I SystemServerTiming: StartTrustManager
12-14 03:22:33.381 1503 1503 I SystemServiceManager: Starting com.android.server.trust.TrustManagerService
12-14 03:22:33.381 1503 1503 I SystemServerTiming: StartBackupManager
12-14 03:22:33.381 1503 1503 I SystemServiceManager: Starting com.android.server.backup.BackupManagerService$Lifecycle
12-14 03:22:33.382 1503 1503 I SystemServerTiming: StartAppWidgetService
12-14 03:22:33.382 1503 1503 I SystemServiceManager: Starting com.android.server.appwidget.AppWidgetService
12-14 03:22:33.383 1503 1503 I SystemServerTiming: StartVoiceRecognitionManager
12-14 03:22:33.383 1503 1503 I SystemServiceManager: Starting com.android.server.voiceinteraction.VoiceInteractionManagerService
12-14 03:22:33.383 1503 1608 I UsbPortManager: USB HAL version: 12
12-14 03:22:33.384 1503 1503 I RoleServicePlatformHelperImpl: Legacy roles.xml not found
12-14 03:22:33.386 1503 1503 I SystemServerTiming: StartAppHibernationService
12-14 03:22:33.386 1503 1503 I SystemServiceManager: Starting com.android.server.apphibernation.AppHibernationService
12-14 03:22:33.386 1503 1503 I SystemServerTiming: StartGestureLauncher
12-14 03:22:33.386 1503 1503 I SystemServiceManager: Starting com.android.server.GestureLauncherService
12-14 03:22:33.386 1503 1503 I SystemServerTiming: StartSensorNotification
12-14 03:22:33.386 1503 1503 I SystemServiceManager: Starting com.android.server.SensorNotificationService
12-14 03:22:33.386 1503 1503 I SystemServerTiming: StartDiskStatsService
12-14 03:22:33.387 1503 1503 I SystemServerTiming: RuntimeService
12-14 03:22:33.388 1503 1503 I SystemServerTiming: StartNetworkTimeUpdateService
12-14 03:22:33.388 1503 1503 I SystemServerTiming: CertBlacklister
12-14 03:22:33.388 1503 1503 I SystemServerTiming: StartEmergencyAffordanceService
12-14 03:22:33.388 1503 1503 I SystemServiceManager: Starting com.android.server.emergency.EmergencyAffordanceService
12-14 03:22:33.388 1503 1503 I SystemServerTiming: startBlobStoreManagerService
12-14 03:22:33.389 1503 1503 I SystemServiceManager: Starting com.android.server.blob.BlobStoreManagerService
12-14 03:22:33.389 1503 1503 I SystemServerTiming: StartDreamManager
12-14 03:22:33.389 1503 1503 I SystemServiceManager: Starting com.android.server.dreams.DreamManagerService
12-14 03:22:33.389 1503 1503 I SystemServerTiming: AddGraphicsStatsService
12-14 03:22:33.392 1503 1503 I SystemServerTiming: StartCompanionDeviceManager
12-14 03:22:33.392 1503 1503 I SystemServiceManager: Starting com.android.server.companion.CompanionDeviceManagerService
12-14 03:22:33.393 1503 1503 I SystemServerTiming: StartRestrictionManager
12-14 03:22:33.393 1503 1503 I SystemServiceManager: Starting com.android.server.restrictions.RestrictionsManagerService
12-14 03:22:33.394 1503 1503 I SystemServerTiming: StartMediaSessionService
12-14 03:22:33.394 1503 1503 I SystemServiceManager: Starting com.android.server.media.MediaSessionService
12-14 03:22:33.395 1503 1503 I SystemServerTiming: StartMediaResourceMonitor
12-14 03:22:33.395 1503 1503 I SystemServiceManager: Starting com.android.server.media.MediaResourceMonitorService
12-14 03:22:33.395 1503 1503 I SystemServerTiming: StartMediaRouterService
12-14 03:22:33.395 1503 1503 V HistoricalRegistry: Interaction before persistence initialized
12-14 03:22:33.396 1503 1503 I SystemServerTiming: StartFingerprintSensor
12-14 03:22:33.396 1503 1503 I SystemServiceManager: Starting com.android.server.biometrics.sensors.fingerprint.FingerprintService
12-14 03:22:33.396 1503 1503 I SystemServerTiming: StartBiometricService
12-14 03:22:33.396 1503 1503 I SystemServiceManager: Starting com.android.server.biometrics.BiometricService
12-14 03:22:33.397 1503 1503 I SystemServerTiming: StartAuthService
12-14 03:22:33.397 1503 1503 I SystemServiceManager: Starting com.android.server.biometrics.AuthService
12-14 03:22:33.397 1503 1503 D AuthService: Registering HIDL ID: 0 Modality: 2 Strength: 15
12-14 03:22:33.397 1503 1503 D AuthService: Registering HIDL ID: 1 Modality: 8 Strength: 15
12-14 03:22:33.397 1503 1503 E AuthService: HIDL face configuration exists, but FaceService is null.
12-14 03:22:33.398 1503 1503 I SystemServerTiming: StartBackgroundDexOptService
12-14 03:22:33.399 1503 1503 I SystemServerTiming: StartDynamicCodeLoggingService
12-14 03:22:33.399 1503 2333 D BiometricService: Registering ID: 0 Modality: 2 Strength: 15
12-14 03:22:33.399 1503 1503 I SystemServerTiming: StartPruneInstantAppsJobService
12-14 03:22:33.399 1503 2333 D BiometricStrengthController: updateStrengths: revert sensorId=0 to oemStrength=15
12-14 03:22:33.399 1503 1503 I SystemServerTiming: StartShortcutServiceLifecycle
12-14 03:22:33.399 1503 1503 I SystemServiceManager: Starting com.android.server.pm.ShortcutService$Lifecycle
12-14 03:22:33.399 1503 2333 D BiometricService/Sensor: updateStrength: Before(ID(0), oemStrength: 15, updatedStrength: 15, modality 2, state: 0, cookie: 0, props: ID: 0, Strength: 2, Type: 1) After(ID(0), oemStrength: 15, updatedStrength: 15, modality 2, state: 0, cookie: 0, props: ID: 0, Strength: 2, Type: 1)
12-14 03:22:33.400 1503 1503 V HistoricalRegistry: Interaction before persistence initialized
12-14 03:22:33.400 1503 1503 I SystemServerTiming: StartLauncherAppsService
12-14 03:22:33.400 1503 1503 I SystemServiceManager: Starting com.android.server.pm.LauncherAppsService
12-14 03:22:33.400 1503 1503 I SystemServerTiming: StartCrossProfileAppsService
12-14 03:22:33.400 1503 1503 I SystemServiceManager: Starting com.android.server.pm.CrossProfileAppsService
12-14 03:22:33.401 1503 1503 I SystemServerTiming: StartPeopleService
12-14 03:22:33.401 1503 1503 I SystemServiceManager: Starting com.android.server.people.PeopleService
12-14 03:22:33.401 1503 1503 I SystemServerTiming: StartMediaMetricsManager
12-14 03:22:33.401 1503 1503 I SystemServiceManager: Starting com.android.server.media.metrics.MediaMetricsManagerService
12-14 03:22:33.401 1503 1503 I SystemServerTiming: StartMediaProjectionManager
12-14 03:22:33.401 1503 1503 I SystemServiceManager: Starting com.android.server.media.projection.MediaProjectionManagerService
12-14 03:22:33.402 1503 1503 I SystemServerTiming: StartSliceManagerService
12-14 03:22:33.402 1503 1503 I SystemServiceManager: Starting com.android.server.slice.SliceManagerService$Lifecycle
12-14 03:22:33.403 1503 1503 I SystemServerTiming: StartStatsCompanion
12-14 03:22:33.405 1503 1503 I SystemServiceManager: Starting com.android.server.stats.StatsCompanion$Lifecycle
12-14 03:22:33.407 1503 1503 I SystemServerTiming: StartRebootReadinessManagerService
12-14 03:22:33.410 1503 1503 I SystemServiceManager: Starting com.android.server.scheduling.RebootReadinessManagerService$Lifecycle
12-14 03:22:33.412 1503 1503 I SystemServerTiming: StartStatsPullAtomService
12-14 03:22:33.413 1503 1503 I SystemServiceManager: Starting com.android.server.stats.pull.StatsPullAtomService
12-14 03:22:33.413 1503 1503 I SystemServerTiming: StartIncidentCompanionService
12-14 03:22:33.413 1503 1503 I SystemServiceManager: Starting com.android.server.incident.IncidentCompanionService
12-14 03:22:33.413 1503 1503 I SystemServerTiming: StartMmsService
12-14 03:22:33.413 1503 1503 I SystemServiceManager: Starting com.android.server.MmsServiceBroker
12-14 03:22:33.413 1503 1503 I SystemServerTiming: StartAutoFillService
12-14 03:22:33.413 1503 1503 I SystemServiceManager: Starting com.android.server.autofill.AutofillManagerService
12-14 03:22:33.415 1503 1503 D SystemServer: TranslationService not defined by OEM
12-14 03:22:33.415 1503 1503 I SystemServerTiming: StartClipboardService
12-14 03:22:33.415 1503 1503 I SystemServiceManager: Starting com.android.server.clipboard.ClipboardService
12-14 03:22:33.415 1503 1503 I SystemServerTiming: AppServiceManager
12-14 03:22:33.415 1503 1503 I SystemServiceManager: Starting com.android.server.appbinding.AppBindingService$Lifecycle
12-14 03:22:33.416 1503 1503 I SystemServerTiming: startTracingServiceProxy
12-14 03:22:33.416 1503 1503 I SystemServiceManager: Starting com.android.server.tracing.TracingServiceProxy
12-14 03:22:33.416 1503 1503 I SystemServerTiming: MakeLockSettingsServiceReady
01-01 09:23:02.329 0 0 W F2FS-fs (dm-10): Unexpected flush for atomic writes: ino=1556, npages=3
12-14 03:22:33.419 1503 1503 I LockSettingsService: Migrated lock settings to new location
12-14 03:22:33.420 1503 1503 I LockSettingsService: Migrated per-user lock settings to new location
12-14 03:22:33.421 1503 1503 I LockSettingsService: Migrated biometric weak to use the fallback instead
12-14 03:22:33.421 1503 1503 I LockSettingsService: Migrated lockscreen disabled flag
12-14 03:22:33.422 1503 1503 I LockSettingsService: Migrated keys to LSS namespace
12-14 03:22:33.423 1503 1503 I SyntheticPasswordManager: Device does not support weaver
12-14 03:22:33.423 1503 1503 I LockSettingsService: Device doesn't implement AuthSecret HAL
12-14 03:22:33.423 1503 1503 I SystemServerTiming: StartBootPhaseLockSettingsReady
12-14 03:22:33.423 1503 1503 I SystemServiceManager: Starting phase 480
12-14 03:22:33.423 1503 1503 I SystemServerTiming: OnBootPhase_480
12-14 03:22:33.424 1503 1503 I SystemServerTiming: OnBootPhase_480_com.android.server.security.FileIntegrityService
12-14 03:22:33.424 1503 1503 I SystemServerTiming: OnBootPhase_480_com.android.server.pm.Installer
12-14 03:22:33.424 1503 1503 I SystemServerTiming: OnBootPhase_480_com.android.server.os.DeviceIdentifiersPolicyService
12-14 03:22:33.424 1503 1503 I SystemServerTiming: OnBootPhase_480_com.android.server.uri.UriGrantsManagerService$Lifecycle
12-14 03:22:33.424 1503 1503 I SystemServerTiming: OnBootPhase_480_com.android.server.powerstats.PowerStatsService
12-14 03:22:33.424 1503 1503 I SystemServerTiming: OnBootPhase_480_com.android.server.wm.ActivityTaskManagerService$Lifecycle
12-14 03:22:33.424 1503 1503 I SystemServerTiming: OnBootPhase_480_com.android.server.am.ActivityManagerService$Lifecycle
12-14 03:22:33.424 1503 1503 I SystemServerTiming: OnBootPhase_480_com.android.server.pm.DataLoaderManagerService
12-14 03:22:33.424 1503 1503 I SystemServerTiming: OnBootPhase_480_com.android.server.power.PowerManagerService
12-14 03:22:33.424 1503 1503 I SystemServerTiming: OnBootPhase_480_com.android.server.power.ThermalManagerService
12-14 03:22:33.424 1503 1503 I SystemServerTiming: OnBootPhase_480_com.android.server.power.hint.HintManagerService
12-14 03:22:33.424 1503 1503 I SystemServerTiming: OnBootPhase_480_com.android.server.recoverysystem.RecoverySystemService$Lifecycle
12-14 03:22:33.424 1503 1503 I SystemServerTiming: OnBootPhase_480_com.android.server.lights.LightsService
12-14 03:22:33.424 1503 1503 I SystemServerTiming: OnBootPhase_480_com.android.server.display.DisplayManagerService
12-14 03:22:33.424 1503 1503 I SystemServerTiming: OnBootPhase_480_com.android.server.pm.verify.domain.DomainVerificationService
12-14 03:22:33.424 1503 1503 I SystemServerTiming: OnBootPhase_480_com.android.server.pm.PackageInstallerService$Lifecycle
12-14 03:22:33.424 1503 1503 I SystemServerTiming: OnBootPhase_480_com.android.server.pm.UserManagerService$LifeCycle
12-14 03:22:33.424 1503 1503 I SystemServerTiming: OnBootPhase_480_com.android.server.om.OverlayManagerService
12-14 03:22:33.424 1503 1503 I SystemServerTiming: OnBootPhase_480_com.android.server.SensorPrivacyService
12-14 03:22:33.424 1503 1503 I SystemServerTiming: OnBootPhase_480_com.android.server.sensors.SensorService
12-14 03:22:33.424 1503 1503 I SystemServerTiming: OnBootPhase_480_com.android.server.SystemConfigService
12-14 03:22:33.424 1503 1503 I SystemServerTiming: OnBootPhase_480_com.android.server.BatteryService
12-14 03:22:33.424 1503 1503 I SystemServerTiming: OnBootPhase_480_com.android.server.usage.UsageStatsService
12-14 03:22:33.424 1503 1503 I SystemServerTiming: OnBootPhase_480_com.android.server.webkit.WebViewUpdateService
12-14 03:22:33.424 1503 1503 I SystemServerTiming: OnBootPhase_480_com.android.server.CachedDeviceStateService
12-14 03:22:33.424 1503 1503 I SystemServerTiming: OnBootPhase_480_com.android.server.BinderCallsStatsService$LifeCycle
12-14 03:22:33.424 1503 1503 I SystemServerTiming: OnBootPhase_480_com.android.server.LooperStatsService$Lifecycle
12-14 03:22:33.424 1503 1503 I SystemServerTiming: OnBootPhase_480_com.android.server.rollback.RollbackManagerService
12-14 03:22:33.424 1503 1503 I SystemServerTiming: OnBootPhase_480_com.android.server.os.NativeTombstoneManagerService
12-14 03:22:33.424 1503 1503 I SystemServerTiming: OnBootPhase_480_com.android.server.os.BugreportManagerService
12-14 03:22:33.424 1503 1503 I SystemServerTiming: OnBootPhase_480_com.android.server.gpu.GpuService
12-14 03:22:33.424 1503 1503 I SystemServerTiming: OnBootPhase_480_com.android.server.security.KeyChainSystemService
12-14 03:22:33.424 1503 1503 I SystemServerTiming: OnBootPhase_480_com.android.server.telecom.TelecomLoaderService
12-14 03:22:33.424 1503 1503 I SystemServerTiming: OnBootPhase_480_com.android.server.accounts.AccountManagerService$Lifecycle
12-14 03:22:33.424 1503 1503 I SystemServerTiming: OnBootPhase_480_com.android.server.content.ContentService$Lifecycle
12-14 03:22:33.424 1503 1503 I SystemServerTiming: OnBootPhase_480_com.android.server.DropBoxManagerService
12-14 03:22:33.424 1503 1503 I SystemServerTiming: OnBootPhase_480_com.android.role.RoleService
12-14 03:22:33.424 1503 1503 I SystemServerTiming: OnBootPhase_480_com.android.server.vibrator.VibratorManagerService$Lifecycle
12-14 03:22:33.424 1503 1503 I SystemServerTiming: OnBootPhase_480_com.android.server.alarm.AlarmManagerService
12-14 03:22:33.424 1503 1503 I SystemServerTiming: OnBootPhase_480_com.android.server.devicestate.DeviceStateManagerService
12-14 03:22:33.424 1503 1503 I SystemServerTiming: OnBootPhase_480_com.android.server.camera.CameraServiceProxy
12-14 03:22:33.424 1503 1503 I SystemServerTiming: OnBootPhase_480_com.android.server.BluetoothService
12-14 03:22:33.424 1503 1503 I SystemServerTiming: OnBootPhase_480_com.android.server.connectivity.IpConnectivityMetrics
12-14 03:22:33.424 1503 1503 I SystemServerTiming: OnBootPhase_480_com.android.server.net.watchlist.NetworkWatchlistService$Lifecycle
12-14 03:22:33.424 1503 1503 I SystemServerTiming: OnBootPhase_480_com.android.server.PinnerService
12-14 03:22:33.424 1503 1503 I SystemServerTiming: OnBootPhase_480_com.google.android.startop.iorap.IorapForwardingService
12-14 03:22:33.424 1503 1503 I SystemServerTiming: OnBootPhase_480_com.android.server.ActivityTriggerService
12-14 03:22:33.424 1503 1503 I SystemServerTiming: OnBootPhase_480_com.android.server.integrity.AppIntegrityManagerService
12-14 03:22:33.424 1503 1503 I SystemServerTiming: OnBootPhase_480_com.android.server.inputmethod.InputMethodManagerService$Lifecycle
12-14 03:22:33.424 1503 1503 I SystemServerTiming: OnBootPhase_480_com.android.server.accessibility.AccessibilityManagerService$Lifecycle
12-14 03:22:33.424 1503 1503 I SystemServerTiming: OnBootPhase_480_com.android.server.StorageManagerService$Lifecycle
12-14 03:22:33.424 1503 1503 I SystemServerTiming: OnBootPhase_480_com.android.server.usage.StorageStatsService$Lifecycle
12-14 03:22:33.424 1503 1503 I SystemServerTiming: OnBootPhase_480_com.android.server.UiModeManagerService
12-14 03:22:33.424 1503 1503 I SystemServerTiming: OnBootPhase_480_com.android.server.locksettings.LockSettingsService$Lifecycle
12-14 03:22:33.424 1503 1503 I SystemServerTiming: OnBootPhase_480_com.android.server.PersistentDataBlockService
12-14 03:22:33.424 1503 1503 I SystemServerTiming: OnBootPhase_480_com.android.server.testharness.TestHarnessModeService
12-14 03:22:33.424 1503 1503 I SystemServerTiming: OnBootPhase_480_com.android.server.oemlock.OemLockService
12-14 03:22:33.424 1503 1503 I SystemServerTiming: OnBootPhase_480_com.android.server.DeviceIdleController
12-14 03:22:33.424 1503 1503 I SystemServerTiming: OnBootPhase_480_com.android.server.devicepolicy.DevicePolicyManagerService$Lifecycle
12-14 03:22:33.425 1503 1503 E DevicePolicyManager: Error reading version
12-14 03:22:33.425 1503 1503 E DevicePolicyManager: java.nio.file.NoSuchFileException: /data/system/device_policies_version
12-14 03:22:33.425 1503 1503 E DevicePolicyManager: at sun.nio.fs.UnixFileSystemProvider.newByteChannel(UnixFileSystemProvider.java:214)
12-14 03:22:33.425 1503 1503 E DevicePolicyManager: at java.nio.file.Files.newByteChannel(Files.java:361)
12-14 03:22:33.425 1503 1503 E DevicePolicyManager: at java.nio.file.Files.newByteChannel(Files.java:407)
12-14 03:22:33.425 1503 1503 E DevicePolicyManager: at java.nio.file.spi.FileSystemProvider.newInputStream(FileSystemProvider.java:384)
12-14 03:22:33.425 1503 1503 E DevicePolicyManager: at java.nio.file.Files.newInputStream(Files.java:152)
12-14 03:22:33.425 1503 1503 E DevicePolicyManager: at java.nio.file.Files.newBufferedReader(Files.java:2784)
12-14 03:22:33.425 1503 1503 E DevicePolicyManager: at java.nio.file.Files.readAllLines(Files.java:3202)
12-14 03:22:33.425 1503 1503 E DevicePolicyManager: at com.android.server.devicepolicy.PolicyVersionUpgrader.readVersion(PolicyVersionUpgrader.java:165)
12-14 03:22:33.425 1503 1503 E DevicePolicyManager: at com.android.server.devicepolicy.PolicyVersionUpgrader.upgradePolicy(PolicyVersionUpgrader.java:66)
12-14 03:22:33.425 1503 1503 E DevicePolicyManager: at com.android.server.devicepolicy.DevicePolicyManagerService.performPolicyVersionUpgrade(DevicePolicyManagerService.java:3208)
12-14 03:22:33.425 1503 1503 E DevicePolicyManager: at com.android.server.devicepolicy.DevicePolicyManagerService.onLockSettingsReady(DevicePolicyManagerService.java:3123)
12-14 03:22:33.425 1503 1503 E DevicePolicyManager: at com.android.server.devicepolicy.DevicePolicyManagerService.systemReady(DevicePolicyManagerService.java:3088)
12-14 03:22:33.425 1503 1503 E DevicePolicyManager: at com.android.server.devicepolicy.DevicePolicyManagerService$Lifecycle.onBootPhase(DevicePolicyManagerService.java:802)
12-14 03:22:33.425 1503 1503 E DevicePolicyManager: at com.android.server.SystemServiceManager.startBootPhase(SystemServiceManager.java:235)
12-14 03:22:33.425 1503 1503 E DevicePolicyManager: at com.android.server.SystemServer.startOtherServices(SystemServer.java:2580)
12-14 03:22:33.425 1503 1503 E DevicePolicyManager: at com.android.server.SystemServer.run(SystemServer.java:884)
12-14 03:22:33.425 1503 1503 E DevicePolicyManager: at com.android.server.SystemServer.main(SystemServer.java:615)
12-14 03:22:33.425 1503 1503 E DevicePolicyManager: at java.lang.reflect.Method.invoke(Native Method)
12-14 03:22:33.425 1503 1503 E DevicePolicyManager: at com.android.internal.os.RuntimeInit$MethodAndArgsCaller.run(RuntimeInit.java:548)
12-14 03:22:33.425 1503 1503 E DevicePolicyManager: at com.android.internal.os.ZygoteInit.main(ZygoteInit.java:987)
12-14 03:22:33.425 1503 1503 I DevicePolicyManager: Upgrading from version 0
12-14 03:22:33.425 1503 1503 I DevicePolicyManager: Upgrading from version 1
12-14 03:22:33.428 1503 1503 I SystemServerTiming: OnBootPhase_480_com.android.server.texttospeech.TextToSpeechManagerService
12-14 03:22:33.428 1503 1503 I SystemServerTiming: OnBootPhase_480_com.android.server.speech.SpeechRecognitionManagerService
12-14 03:22:33.428 1503 1738 I SystemServerTimingAsync: InitThreadPoolExec:DevicePolicyManager
12-14 03:22:33.428 1503 1503 I SystemServerTiming: OnBootPhase_480_com.android.server.searchui.SearchUiManagerService
12-14 03:22:33.428 1503 1503 I SystemServerTiming: OnBootPhase_480_com.android.server.smartspace.SmartspaceManagerService
12-14 03:22:33.428 1503 1503 I SystemServerTiming: OnBootPhase_480_com.android.server.graphics.fonts.FontManagerService$Lifecycle
12-14 03:22:33.429 1503 1503 I SystemServerTiming: OnBootPhase_480_com.android.server.textservices.TextServicesManagerService$Lifecycle
12-14 03:22:33.429 1503 1503 I SystemServerTiming: OnBootPhase_480_com.android.server.textclassifier.TextClassificationManagerService$Lifecycle
12-14 03:22:33.429 1503 1503 I SystemServerTiming: OnBootPhase_480_com.android.server.NetworkScoreService$Lifecycle
12-14 03:22:33.429 1503 1503 I SystemServerTiming: OnBootPhase_480_com.android.server.wifi.WifiService
12-14 03:22:33.429 1503 1503 I SystemServerTiming: OnBootPhase_480_com.android.server.wifi.scanner.WifiScanningService
12-14 03:22:33.429 1503 1503 I SystemServerTiming: OnBootPhase_480_com.android.server.wifi.rtt.RttService
12-14 03:22:33.429 1503 1503 I SystemServerTiming: OnBootPhase_480_com.android.server.wifi.aware.WifiAwareService
12-14 03:22:33.429 1503 1503 I SystemServerTiming: OnBootPhase_480_com.android.server.wifi.p2p.WifiP2pService
12-14 03:22:33.429 1503 1503 I SystemServerTiming: OnBootPhase_480_com.android.server.ethernet.EthernetService
12-14 03:22:33.429 1503 1503 I SystemServerTiming: OnBootPhase_480_com.android.server.ConnectivityServiceInitializer
12-14 03:22:33.429 1503 1503 I SystemServerTiming: OnBootPhase_480_com.android.server.notification.NotificationManagerService
12-14 03:22:33.429 1503 1503 I SystemServerTiming: OnBootPhase_480_com.android.server.storage.DeviceStorageMonitorService
12-14 03:22:33.429 1503 1503 I SystemServerTiming: OnBootPhase_480_com.android.server.location.LocationManagerService$Lifecycle
12-14 03:22:33.429 1503 1503 I SystemServerTiming: OnBootPhase_480_com.android.server.timedetector.TimeDetectorService$Lifecycle
12-14 03:22:33.429 1503 1503 I SystemServerTiming: OnBootPhase_480_com.android.server.timezonedetector.TimeZoneDetectorService$Lifecycle
12-14 03:22:33.429 1503 1503 I SystemServerTiming: OnBootPhase_480_com.android.server.timezonedetector.location.LocationTimeZoneManagerService$Lifecycle
12-14 03:22:33.429 1503 1503 I SystemServerTiming: OnBootPhase_480_com.android.server.search.SearchManagerService$Lifecycle
12-14 03:22:33.429 1503 1503 I SystemServerTiming: OnBootPhase_480_com.android.server.wallpaper.WallpaperManagerService$Lifecycle
12-14 03:22:33.429 1503 1503 I SystemServerTiming: OnBootPhase_480_com.android.server.audio.AudioService$Lifecycle
12-14 03:22:33.429 1503 1503 I SystemServerTiming: OnBootPhase_480_com.android.server.soundtrigger_middleware.SoundTriggerMiddlewareService$Lifecycle
12-14 03:22:33.429 1503 1503 I SystemServerTiming: OnBootPhase_480_com.android.server.DockObserver
12-14 03:22:33.429 1503 1503 I SystemServerTiming: OnBootPhase_480_com.android.server.midi.MidiService$Lifecycle
12-14 03:22:33.429 1503 1503 I SystemServerTiming: OnBootPhase_480_com.android.server.adb.AdbService$Lifecycle
12-14 03:22:33.429 1503 1503 I SystemServerTiming: OnBootPhase_480_com.android.server.usb.UsbService$Lifecycle
12-14 03:22:33.429 1503 1503 I SystemServerTiming: OnBootPhase_480_com.android.server.twilight.TwilightService
12-14 03:22:33.429 1503 1503 I SystemServerTiming: OnBootPhase_480_com.android.server.display.color.ColorDisplayService
12-14 03:22:33.429 1503 1503 I SystemServerTiming: OnBootPhase_480_com.android.server.job.JobSchedulerService
12-14 03:22:33.429 1503 1503 I SystemServerTiming: OnBootPhase_480_com.android.server.soundtrigger.SoundTriggerService
12-14 03:22:33.429 1503 1503 D SoundTriggerService: onBootPhase: 480 : false
12-14 03:22:33.429 1503 1503 I SystemServerTiming: OnBootPhase_480_com.android.server.trust.TrustManagerService
12-14 03:22:33.429 1503 1503 I SystemServerTiming: OnBootPhase_480_com.android.server.backup.BackupManagerService$Lifecycle
12-14 03:22:33.429 1503 1503 I SystemServerTiming: OnBootPhase_480_com.android.server.appwidget.AppWidgetService
12-14 03:22:33.429 1503 1503 I SystemServerTiming: OnBootPhase_480_com.android.server.voiceinteraction.VoiceInteractionManagerService
12-14 03:22:33.429 1503 1503 I SystemServerTiming: OnBootPhase_480_com.android.server.apphibernation.AppHibernationService
12-14 03:22:33.429 1503 1503 I SystemServerTiming: OnBootPhase_480_com.android.server.GestureLauncherService
12-14 03:22:33.429 1503 1503 I SystemServerTiming: OnBootPhase_480_com.android.server.SensorNotificationService
12-14 03:22:33.429 1503 1503 I SystemServerTiming: OnBootPhase_480_com.android.server.emergency.EmergencyAffordanceService
12-14 03:22:33.429 1503 1503 I SystemServerTiming: OnBootPhase_480_com.android.server.blob.BlobStoreManagerService
12-14 03:22:33.429 1503 1503 I SystemServerTiming: OnBootPhase_480_com.android.server.dreams.DreamManagerService
12-14 03:22:33.429 1503 1503 I SystemServerTiming: OnBootPhase_480_com.android.server.companion.CompanionDeviceManagerService
12-14 03:22:33.429 1503 1503 I SystemServerTiming: OnBootPhase_480_com.android.server.restrictions.RestrictionsManagerService
12-14 03:22:33.429 1503 1503 I SystemServerTiming: OnBootPhase_480_com.android.server.media.MediaSessionService
12-14 03:22:33.429 1503 1503 I SystemServerTiming: OnBootPhase_480_com.android.server.media.MediaResourceMonitorService
12-14 03:22:33.429 1503 1503 I SystemServerTiming: OnBootPhase_480_com.android.server.biometrics.sensors.fingerprint.FingerprintService
12-14 03:22:33.429 1503 1503 I SystemServerTiming: OnBootPhase_480_com.android.server.biometrics.BiometricService
12-14 03:22:33.429 1503 1503 I SystemServerTiming: OnBootPhase_480_com.android.server.biometrics.AuthService
12-14 03:22:33.429 1503 1503 I SystemServerTiming: OnBootPhase_480_com.android.server.pm.ShortcutService$Lifecycle
12-14 03:22:33.430 1503 1503 I SystemServerTiming: OnBootPhase_480_com.android.server.pm.LauncherAppsService
12-14 03:22:33.430 1503 1503 I SystemServerTiming: OnBootPhase_480_com.android.server.pm.CrossProfileAppsService
12-14 03:22:33.430 1503 1503 I SystemServerTiming: OnBootPhase_480_com.android.server.people.PeopleService
12-14 03:22:33.430 1503 1503 I SystemServerTiming: OnBootPhase_480_com.android.server.media.metrics.MediaMetricsManagerService
12-14 03:22:33.430 1503 1503 I SystemServerTiming: OnBootPhase_480_com.android.server.media.projection.MediaProjectionManagerService
12-14 03:22:33.430 1503 1503 I SystemServerTiming: OnBootPhase_480_com.android.server.slice.SliceManagerService$Lifecycle
12-14 03:22:33.430 1503 1503 I SystemServerTiming: OnBootPhase_480_com.android.server.stats.StatsCompanion$Lifecycle
12-14 03:22:33.430 1503 1503 I SystemServerTiming: OnBootPhase_480_com.android.server.scheduling.RebootReadinessManagerService$Lifecycle
12-14 03:22:33.430 1503 1503 I SystemServerTiming: OnBootPhase_480_com.android.server.stats.pull.StatsPullAtomService
12-14 03:22:33.430 1503 1503 I SystemServerTiming: OnBootPhase_480_com.android.server.incident.IncidentCompanionService
12-14 03:22:33.430 1503 1503 I SystemServerTiming: OnBootPhase_480_com.android.server.MmsServiceBroker
12-14 03:22:33.430 1503 1503 I SystemServerTiming: OnBootPhase_480_com.android.server.autofill.AutofillManagerService
12-14 03:22:33.430 1503 1503 I SystemServerTiming: OnBootPhase_480_com.android.server.clipboard.ClipboardService
12-14 03:22:33.430 1503 1503 I SystemServerTiming: OnBootPhase_480_com.android.server.appbinding.AppBindingService$Lifecycle
12-14 03:22:33.430 1503 1503 I SystemServerTiming: OnBootPhase_480_com.android.server.tracing.TracingServiceProxy
12-14 03:22:33.430 1503 1503 I SystemServerTiming: StartBootPhaseSystemServicesReady
12-14 03:22:33.430 1503 1503 I SystemServiceManager: Starting phase 500
12-14 03:22:33.430 1503 1503 I SystemServerTiming: OnBootPhase_500
12-14 03:22:33.430 1503 1503 I SystemServerTiming: OnBootPhase_500_com.android.server.security.FileIntegrityService
12-14 03:22:33.430 1503 1503 I SystemServerTiming: OnBootPhase_500_com.android.server.pm.Installer
12-14 03:22:33.430 1503 1503 I SystemServerTiming: OnBootPhase_500_com.android.server.os.DeviceIdentifiersPolicyService
12-14 03:22:33.430 1503 1503 I SystemServerTiming: OnBootPhase_500_com.android.server.uri.UriGrantsManagerService$Lifecycle
12-14 03:22:33.430 1503 1503 I SystemServerTiming: OnBootPhase_500_com.android.server.powerstats.PowerStatsService
12-14 03:22:33.430 1503 1503 E StatsPullAtomCallbackImpl: Failed to start PowerStatsService statsd pullers
12-14 03:22:33.430 1503 1503 I SystemServerTiming: OnBootPhase_500_com.android.server.wm.ActivityTaskManagerService$Lifecycle
12-14 03:22:33.430 1503 1503 I SystemServerTiming: OnBootPhase_500_com.android.server.am.ActivityManagerService$Lifecycle
12-14 03:22:33.432 1503 1503 E BatteryStatsService: Could not register PowerStatsInternal
12-14 03:22:33.433 1503 1503 I SystemServerTiming: OnBootPhase_500_com.android.server.pm.DataLoaderManagerService
12-14 03:22:33.433 1503 1503 I SystemServerTiming: OnBootPhase_500_com.android.server.power.PowerManagerService
12-14 03:22:33.433 1503 1503 I SystemServerTiming: OnBootPhase_500_com.android.server.power.ThermalManagerService
12-14 03:22:33.433 1503 1503 I SystemServerTiming: OnBootPhase_500_com.android.server.power.hint.HintManagerService
12-14 03:22:33.433 1503 1503 V HintManagerService: Initializing HintManager service...
12-14 03:22:33.433 1503 1503 V HistoricalRegistry: Interaction before persistence initialized
12-14 03:22:33.433 1503 1503 I SystemServerTiming: OnBootPhase_500_com.android.server.recoverysystem.RecoverySystemService$Lifecycle
12-14 03:22:33.433 1503 1503 I SystemServerTiming: OnBootPhase_500_com.android.server.lights.LightsService
12-14 03:22:33.433 1503 1503 I SystemServerTiming: OnBootPhase_500_com.android.server.display.DisplayManagerService
12-14 03:22:33.433 1503 1503 I SystemServerTiming: OnBootPhase_500_com.android.server.pm.verify.domain.DomainVerificationService
12-14 03:22:33.433 1503 1503 I SystemServerTiming: OnBootPhase_500_com.android.server.pm.PackageInstallerService$Lifecycle
12-14 03:22:33.433 1503 1503 I SystemServerTiming: OnBootPhase_500_com.android.server.pm.UserManagerService$LifeCycle
12-14 03:22:33.433 1503 1503 I SystemServerTiming: OnBootPhase_500_com.android.server.om.OverlayManagerService
12-14 03:22:33.433 1503 1503 I SystemServerTiming: OnBootPhase_500_com.android.server.SensorPrivacyService
12-14 03:22:33.435 1503 1503 I SystemServerTiming: OnBootPhase_500_com.android.server.sensors.SensorService
12-14 03:22:33.435 1503 1503 I SystemServerTiming: OnBootPhase_500_com.android.server.SystemConfigService
12-14 03:22:33.435 1503 1503 I SystemServerTiming: OnBootPhase_500_com.android.server.BatteryService
12-14 03:22:33.435 1503 1503 I SystemServerTiming: OnBootPhase_500_com.android.server.usage.UsageStatsService
12-14 03:22:33.438 1503 1503 D AppStandbyController: Setting app idle enabled state
12-14 03:22:33.438 1503 1503 D AppStandbyController: Initializing defaults for system apps on user 0, appIdleEnabled=false
12-14 03:22:33.439 1503 1503 E AppIdleHistory: Unable to read app idle file for user 0
12-14 03:22:33.439 1503 1503 E AppIdleHistory: java.io.FileNotFoundException: /data/system/users/0/app_idle_stats.xml: open failed: ENOENT (No such file or directory)
12-14 03:22:33.439 1503 1503 E AppIdleHistory: at libcore.io.IoBridge.open(IoBridge.java:575)
12-14 03:22:33.439 1503 1503 E AppIdleHistory: at java.io.FileInputStream.(FileInputStream.java:160)
12-14 03:22:33.439 1503 1503 E AppIdleHistory: at android.util.AtomicFile.openRead(AtomicFile.java:260)
12-14 03:22:33.439 1503 1503 E AppIdleHistory: at com.android.server.usage.AppIdleHistory.readAppIdleTimes(AppIdleHistory.java:597)
12-14 03:22:33.439 1503 1503 E AppIdleHistory: at com.android.server.usage.AppIdleHistory.getUserHistory(AppIdleHistory.java:332)
12-14 03:22:33.439 1503 1503 E AppIdleHistory: at com.android.server.usage.AppIdleHistory.reportUsage(AppIdleHistory.java:321)
12-14 03:22:33.439 1503 1503 E AppIdleHistory: at com.android.server.usage.AppStandbyController.initializeDefaultsForSystemApps(AppStandbyController.java:1860)
12-14 03:22:33.439 1503 1503 E AppIdleHistory: at com.android.server.usage.AppStandbyController.onBootPhase(AppStandbyController.java:531)
12-14 03:22:33.439 1503 1503 E AppIdleHistory: at com.android.server.usage.UsageStatsService.onBootPhase(UsageStatsService.java:315)
12-14 03:22:33.439 1503 1503 E AppIdleHistory: at com.android.server.SystemServiceManager.startBootPhase(SystemServiceManager.java:235)
12-14 03:22:33.439 1503 1503 E AppIdleHistory: at com.android.server.SystemServer.startOtherServices(SystemServer.java:2584)
12-14 03:22:33.439 1503 1503 E AppIdleHistory: at com.android.server.SystemServer.run(SystemServer.java:884)
