01-01 09:31:23.615 0 0 D mv2112_update_link: 3.0x8109(100M): 0x8
01-01 09:31:23.615 0 0 D mv2112_update_link: link 0x0
01-01 09:31:23.615 0 0 D mv2112_read_status: autoneg is disabled
01-01 09:31:23.707 0 0 I : read descriptors
01-01 09:31:23.707 0 0 I : read strings
01-01 09:31:24.638 0 0 D : mv2112_read_status
01-01 09:31:24.639 0 0 D mv2112_update_link: 3.0x901(1G): 0x80
01-01 09:31:24.639 0 0 D mv2112_update_link: 3.0x8109(100M): 0x8
01-01 09:31:24.639 0 0 D mv2112_update_link: link 0x0
01-01 09:31:24.639 0 0 D mv2112_read_status: autoneg is disabled
01-01 09:31:24.723 0 0 I : read descriptors
01-01 09:31:24.723 0 0 I : read strings
01-01 09:31:25.663 0 0 D : mv2112_read_status
01-01 09:31:25.663 0 0 D mv2112_update_link: 3.0x901(1G): 0x80
01-01 09:31:25.663 0 0 D mv2112_update_link: 3.0x8109(100M): 0x8
01-01 09:31:25.663 0 0 D mv2112_update_link: link 0x0
01-01 09:31:25.663 0 0 D mv2112_read_status: autoneg is disabled
01-01 09:31:25.739 0 0 I : read descriptors
01-01 09:31:25.739 0 0 I : read strings
01-01 09:31:26.686 0 0 D : mv2112_read_status
01-01 09:31:26.687 0 0 D mv2112_update_link: 3.0x901(1G): 0x80
01-01 09:31:26.687 0 0 D mv2112_update_link: 3.0x8109(100M): 0x8
01-01 09:31:26.687 0 0 D mv2112_update_link: link 0x0
01-01 09:31:26.687 0 0 D mv2112_read_status: autoneg is disabled
01-01 09:31:26.767 0 0 I : read descriptors
01-01 09:31:26.767 0 0 I : read strings
01-01 09:31:27.710 0 0 D : mv2112_read_status
01-01 09:31:27.711 0 0 D mv2112_update_link: 3.0x901(1G): 0x80
01-01 09:31:27.711 0 0 D mv2112_update_link: 3.0x8109(100M): 0x8
01-01 09:31:27.711 0 0 D mv2112_update_link: link 0x0
01-01 09:31:27.711 0 0 D mv2112_read_status: autoneg is disabled
01-01 09:31:27.787 0 0 I : read descriptors
01-01 09:31:27.787 0 0 I : read strings
01-01 09:31:28.734 0 0 D : mv2112_read_status
01-01 09:31:28.735 0 0 D mv2112_update_link: 3.0x901(1G): 0x80
01-01 09:31:28.735 0 0 D mv2112_update_link: 3.0x8109(100M): 0x8
01-01 09:31:28.735 0 0 D mv2112_update_link: link 0x0
01-01 09:31:28.735 0 0 D mv2112_read_status: autoneg is disabled
01-01 09:31:28.807 0 0 I : read descriptors
01-01 09:31:28.807 0 0 I : read strings
01-01 09:31:29.758 0 0 D : mv2112_read_status
01-01 09:31:29.759 0 0 D mv2112_update_link: 3.0x901(1G): 0x80
01-01 09:31:29.759 0 0 D mv2112_update_link: 3.0x8109(100M): 0x8
01-01 09:31:29.759 0 0 D mv2112_update_link: link 0x0
01-01 09:31:29.759 0 0 D mv2112_read_status: autoneg is disabled
01-01 09:31:29.827 0 0 I : read descriptors
01-01 09:31:29.827 0 0 I : read strings
01-01 09:31:30.782 0 0 D : mv2112_read_status
01-01 09:31:30.783 0 0 D mv2112_update_link: 3.0x901(1G): 0x80
01-01 09:31:30.783 0 0 D mv2112_update_link: 3.0x8109(100M): 0x8
01-01 09:31:30.783 0 0 D mv2112_update_link: link 0x0
01-01 09:31:30.783 0 0 D mv2112_read_status: autoneg is disabled
01-01 09:31:30.851 0 0 I : read descriptors
01-01 09:31:30.851 0 0 I : read strings
01-01 09:31:31.807 0 0 D : mv2112_read_status
01-01 09:31:31.807 0 0 D mv2112_update_link: 3.0x901(1G): 0x80
01-01 09:31:31.807 0 0 D mv2112_update_link: 3.0x8109(100M): 0x8
01-01 09:31:31.807 0 0 D mv2112_update_link: link 0x0
01-01 09:31:31.807 0 0 D mv2112_read_status: autoneg is disabled
01-01 09:31:31.871 0 0 I : read descriptors
01-01 09:31:31.871 0 0 I : read strings
01-01 09:31:32.830 0 0 D : mv2112_read_status
01-01 09:31:32.831 0 0 D mv2112_update_link: 3.0x901(1G): 0x80
01-01 09:31:32.831 0 0 D mv2112_update_link: 3.0x8109(100M): 0x8
01-01 09:31:32.831 0 0 D mv2112_update_link: link 0x0
01-01 09:31:32.831 0 0 D mv2112_read_status: autoneg is disabled
01-01 09:31:32.887 0 0 I : read descriptors
01-01 09:31:32.887 0 0 I : read strings
01-01 09:31:33.854 0 0 D : mv2112_read_status
01-01 09:31:33.855 0 0 D mv2112_update_link: 3.0x901(1G): 0x80
01-01 09:31:33.855 0 0 D mv2112_update_link: 3.0x8109(100M): 0x8
01-01 09:31:33.855 0 0 D mv2112_update_link: link 0x0
01-01 09:31:33.855 0 0 D mv2112_read_status: autoneg is disabled
01-01 09:31:33.907 0 0 I : read descriptors
01-01 09:31:33.907 0 0 I : read strings
12-14 03:31:05.956 1503 3787 I DreamManagerService: Gently waking up from dream.
12-14 03:31:05.957 1503 1601 I DreamManagerService: Performing gentle wake from dream.
12-14 03:31:05.960 1503 2319 I ActivityTaskManager: FOREGROUND_APPLICATION_CHANGED to com.thundercomm.tcsetupwizard.TcSetupSecondActivity
01-01 09:31:34.878 0 0 D : mv2112_read_status
01-01 09:31:34.879 0 0 D mv2112_update_link: 3.0x901(1G): 0x80
01-01 09:31:34.879 0 0 D mv2112_update_link: 3.0x8109(100M): 0x8
01-01 09:31:34.879 0 0 D mv2112_update_link: link 0x0
01-01 09:31:34.879 0 0 D mv2112_read_status: autoneg is disabled
01-01 09:31:34.934 0 0 I : read descriptors
01-01 09:31:34.934 0 0 I : read strings
12-14 03:31:06.069 4287 4324 W ContextImpl: Calling a method in the system process without a qualified user: android.app.ContextImpl.startService:1816 android.content.ContextWrapper.startService:774 com.thundercomm.gamemode.ingame.services.GameModeActionUtils.startGameModeService:99 com.thundercomm.gamemode.ingame.services.GameModeActionUtils.startGameModeEntry:22 com.thundercomm.gamemode.ingame.services.ActivityMonitoringService$1.onActivityLaunch:127
12-14 03:31:06.074 1503 1649 I PowerManagerService: Powering on display group fromDreaming (groupId=0, uid=1000, reason=WAKE_REASON_UNKNOWN, details=android.server.power:DREAM_FINISHED)...
12-14 03:31:06.075 1503 1649 I PowerManagerService: Waking up from Dreaming (uid=1000, reason=WAKE_REASON_UNKNOWN, details=android.server.power:DREAM_FINISHED)...
12-14 03:31:06.090 1503 1503 I GameModeConfig: Current uri is uri = content://com.thundercomm.gamemode.api/gamemode_settings/gamemode_isgaming
12-14 03:31:06.094 1503 1503 I GameModeConfig: isGameModeOn = false
12-14 03:31:06.094 1503 1503 I GameModeConfig: isGameModeOn = false
12-14 03:31:06.094 1503 1503 I GameModeConfig: isDisableVoice = true
12-14 03:31:06.564 1503 3787 I DreamManagerService: Leaving dreamland.
12-14 03:31:06.565 1503 1601 I DreamManagerService: Performing gentle wake from dream.
12-14 03:31:06.565 1503 1601 I DreamController: Stopping dream: name=ComponentInfo{com.thundercomm.screensaver/com.thundercomm.saverclock.service.ClockScreensaver}, isTest=false, canDoze=false, userId=0, reason='finished self'(from 'finished self')
12-14 03:31:06.583 1503 1605 W ActivityTaskManager: Can't find TaskDisplayArea to determine support for multi window. Task id=10 attached=false
01-01 09:31:35.903 0 0 D : mv2112_read_status
01-01 09:31:35.903 0 0 D mv2112_update_link: 3.0x901(1G): 0x80
01-01 09:31:35.903 0 0 D mv2112_update_link: 3.0x8109(100M): 0x8
01-01 09:31:35.903 0 0 D mv2112_update_link: link 0x0
01-01 09:31:35.903 0 0 D mv2112_read_status: autoneg is disabled
01-01 09:31:35.963 0 0 I : read descriptors
01-01 09:31:35.963 0 0 I : read strings
01-01 09:31:36.926 0 0 D : mv2112_read_status
01-01 09:31:36.927 0 0 D mv2112_update_link: 3.0x901(1G): 0x80
01-01 09:31:36.927 0 0 D mv2112_update_link: 3.0x8109(100M): 0x8
01-01 09:31:36.927 0 0 D mv2112_update_link: link 0x0
01-01 09:31:36.927 0 0 D mv2112_read_status: autoneg is disabled
01-01 09:31:36.983 0 0 I : read descriptors
01-01 09:31:36.983 0 0 I : read strings
01-01 09:31:37.950 0 0 D : mv2112_read_status
01-01 09:31:37.951 0 0 D mv2112_update_link: 3.0x901(1G): 0x80
01-01 09:31:37.951 0 0 D mv2112_update_link: 3.0x8109(100M): 0x8
01-01 09:31:37.951 0 0 D mv2112_update_link: link 0x0
01-01 09:31:37.951 0 0 D mv2112_read_status: autoneg is disabled
01-01 09:31:38.003 0 0 I : read descriptors
01-01 09:31:38.003 0 0 I : read strings
01-01 09:31:38.974 0 0 D : mv2112_read_status
01-01 09:31:38.975 0 0 D mv2112_update_link: 3.0x901(1G): 0x80
01-01 09:31:38.975 0 0 D mv2112_update_link: 3.0x8109(100M): 0x8
01-01 09:31:38.975 0 0 D mv2112_update_link: link 0x0
01-01 09:31:38.975 0 0 D mv2112_read_status: autoneg is disabled
01-01 09:31:39.023 0 0 I : read descriptors
01-01 09:31:39.023 0 0 I : read strings
01-01 09:31:39.579 0 0 I msm_vidc: high: 00000001: ....d: Opening video instance: 0000000000000000, 1
01-01 09:31:39.579 0 0 I msm_vidc: err : 00000001: ....d: Failed to create debugfs for msm_vidc
01-01 09:31:39.698 0 0 I afe_find_cal_topo_id_by_port: port id: 0x9000, dev_acdb_id: 0
01-01 09:31:39.698 0 0 I afe_find_cal_topo_id_by_port: top_id:112fc acdb_id:15 afe_port:0x9000
01-01 09:31:39.698 0 0 I afe_get_cal_topology_id: port_id = 0x9000 acdb_id = 15 topology_id = 0x112fc cal_type_index=8 ret=0
01-01 09:31:39.699 0 0 I afe_send_port_topology_id: AFE set topology id 0x112fc enable for port 0x9000 ret 0
01-01 09:31:39.699 0 0 I send_afe_cal_type: cal_index is 0
01-01 09:31:39.699 0 0 I send_afe_cal_type: dev_acdb_id[55] is 0
01-01 09:31:39.699 0 0 I send_afe_cal_type: Sending cal_index cal 0
01-01 09:31:39.699 0 0 E send_afe_cal_type: No cal sent for cal_index 0, port_id = 0x9000! ret -22
01-01 09:31:39.699 0 0 I afe_send_hw_delay: port_id 0x9000 rate 48000 delay_usec 474 status 0
01-01 09:31:40.002 0 0 D : mv2112_read_status
01-01 09:31:40.003 0 0 D mv2112_update_link: 3.0x901(1G): 0x80
01-01 09:31:40.003 0 0 D mv2112_update_link: 3.0x8109(100M): 0x8
01-01 09:31:40.003 0 0 D mv2112_update_link: link 0x0
01-01 09:31:40.003 0 0 D mv2112_read_status: autoneg is disabled
01-01 09:31:40.047 0 0 I : read descriptors
01-01 09:31:40.048 0 0 I : read strings
01-01 09:31:40.549 0 0 I msm_vidc: high: 00000001: h264d: Closed video instance: 0000000000000000
01-01 09:31:40.626 0 0 I msm_vidc: high: 00000001: ....d: Opening video instance: 0000000000000000, 1
01-01 09:31:40.627 0 0 I msm_vidc: err : 00000001: ....d: Failed to create debugfs for msm_vidc
01-01 09:31:41.022 0 0 D : mv2112_read_status
01-01 09:31:41.022 0 0 D mv2112_update_link: 3.0x901(1G): 0x80
01-01 09:31:41.023 0 0 D mv2112_update_link: 3.0x8109(100M): 0x8
01-01 09:31:41.023 0 0 D mv2112_update_link: link 0x0
01-01 09:31:41.023 0 0 D mv2112_read_status: autoneg is disabled
01-01 09:31:41.063 0 0 I : read descriptors
01-01 09:31:41.063 0 0 I : read strings
12-14 03:31:12.278 1503 3787 I ActivityTaskManager: FOREGROUND_APPLICATION_CHANGED to com.thundercomm.tcsetupwizard.TcSetupStartActivity
12-14 03:31:12.303 1503 4726 I ActivityTaskManager: FOREGROUND_APPLICATION_CHANGED to com.android.provision.DefaultActivity
12-14 03:31:12.319 4287 4324 W ContextImpl: Calling a method in the system process without a qualified user: android.app.ContextImpl.startService:1816 android.content.ContextWrapper.startService:774 com.thundercomm.gamemode.ingame.services.GameModeActionUtils.startGameModeService:99 com.thundercomm.gamemode.ingame.services.GameModeActionUtils.startGameModeEntry:22 com.thundercomm.gamemode.ingame.services.ActivityMonitoringService$1.onActivityLaunch:127
12-14 03:31:12.325 1503 1503 I GameModeConfig: Current uri is uri = content://com.thundercomm.gamemode.api/gamemode_settings/gamemode_isgaming
12-14 03:31:12.328 1503 1503 I GameModeConfig: isGameModeOn = false
12-14 03:31:12.328 1503 1503 I GameModeConfig: isGameModeOn = false
12-14 03:31:12.328 1503 1503 I GameModeConfig: isDisableVoice = true
12-14 03:31:12.351 1503 3787 I ActivityTaskManager: START u0 {act=android.intent.action.MAIN cat=[android.intent.category.HOME] flg=0x10000100 cmp=com.android.launcher3/.uioverrides.QuickstepLauncher (has extras)} from uid 0
12-14 03:31:12.353 1503 1611 D PinnerService: pinRangeStream: null
12-14 03:31:12.354 1503 3787 D CompatibilityChangeReporter: Compat change id reported: 184838306; UID 10080; state: DISABLED
12-14 03:31:12.354 1503 3787 D CompatibilityChangeReporter: Compat change id reported: 185004937; UID 10080; state: DISABLED
12-14 03:31:12.355 1503 3787 D CompatibilityChangeReporter: Compat change id reported: 181136395; UID 10080; state: DISABLED
12-14 03:31:12.356 1503 3787 D CompatibilityChangeReporter: Compat change id reported: 174042936; UID 10080; state: DISABLED
12-14 03:31:12.356 1503 3787 D CompatibilityChangeReporter: Compat change id reported: 174042980; UID 10080; state: DISABLED
12-14 03:31:12.363 1503 3787 I ActivityTaskManager: FOREGROUND_APPLICATION_CHANGED to com.android.launcher3.uioverrides.QuickstepLauncher
12-14 03:31:12.364 1503 3787 I ActivityTaskManager: The Process com.android.launcher3 Already Exists in BG. So sending its PID: 2822
12-14 03:31:12.366 1503 1611 D PinnerService: pinRangeStream: null
12-14 03:31:12.366 1503 1611 D PinnerService: pinRangeStream: null
12-14 03:31:12.380 4287 4324 W ContextImpl: Calling a method in the system process without a qualified user: android.app.ContextImpl.startService:1816 android.content.ContextWrapper.startService:774 com.thundercomm.gamemode.ingame.services.GameModeActionUtils.startGameModeService:99 com.thundercomm.gamemode.ingame.services.GameModeActionUtils.startGameModeEntry:22 com.thundercomm.gamemode.ingame.services.ActivityMonitoringService$1.onActivityLaunch:127
12-14 03:31:12.384 1503 1503 I GameModeConfig: Current uri is uri = content://com.thundercomm.gamemode.api/gamemode_settings/gamemode_isgaming
12-14 03:31:12.386 1503 1503 I GameModeConfig: isGameModeOn = false
12-14 03:31:12.386 1503 1503 I GameModeConfig: isGameModeOn = false
12-14 03:31:12.386 1503 1503 I GameModeConfig: isDisableVoice = true
01-01 09:31:41.315 0 0 I binder : 2822:5462 ioctl 40046210 766ecf9254 returned -22
12-14 03:31:12.476 4287 4324 W ContextImpl: Calling a method in the system process without a qualified user: android.app.ContextImpl.startService:1816 android.content.ContextWrapper.startService:774 com.thundercomm.gamemode.ingame.services.GameModeActionUtils.startGameModeService:99 com.thundercomm.gamemode.ingame.services.GameModeActionUtils.startGameModeEntry:22 com.thundercomm.gamemode.ingame.services.ActivityMonitoringService$1.onActivityLaunch:127
12-14 03:31:12.480 1503 1503 I GameModeConfig: Current uri is uri = content://com.thundercomm.gamemode.api/gamemode_settings/gamemode_isgaming
12-14 03:31:12.481 1503 1503 I GameModeConfig: isGameModeOn = false
12-14 03:31:12.481 1503 1503 I GameModeConfig: isGameModeOn = false
12-14 03:31:12.481 1503 1503 I GameModeConfig: isDisableVoice = true
12-14 03:31:12.539 1503 1590 W FreeFormWindowHelper: getCurrentDisplayedFreeFormTask is null
12-14 03:31:12.555 2822 2896 D ActivityThread: Loading provider com.android.launcher3.settings: com.android.launcher3.LauncherProvider
12-14 03:31:12.575 1503 1730 W FreeFormWindowHelper: getCurrentDisplayedFreeFormTask is null
12-14 03:31:12.592 1503 3365 W FreeFormWindowHelper: getCurrentDisplayedFreeFormTask is null
12-14 03:31:12.618 1503 1605 I ActivityRecord: real home.....com.android.launcher3/.uioverrides.QuickstepLauncher
12-14 03:31:12.623 1503 1605 I WindowManager: ******* TELLING SURFACE FLINGER WE ARE BOOTED!
12-14 03:31:12.648 4287 4324 W ContextImpl: Calling a method in the system process without a qualified user: android.app.ContextImpl.startService:1816 android.content.ContextWrapper.startService:774 com.thundercomm.gamemode.ingame.services.GameModeActionUtils.startGameModeService:99 com.thundercomm.gamemode.ingame.services.GameModeActionUtils.startGameModeEntry:22 com.thundercomm.gamemode.ingame.services.ActivityMonitoringService$1.onActivityLaunch:127
12-14 03:31:12.655 1503 1503 I GameModeConfig: Current uri is uri = content://com.thundercomm.gamemode.api/gamemode_settings/gamemode_isgaming
12-14 03:31:12.657 1503 1503 I GameModeConfig: isGameModeOn = false
12-14 03:31:12.657 1503 1503 I GameModeConfig: isGameModeOn = false
12-14 03:31:12.657 1503 1503 I GameModeConfig: isDisableVoice = true
01-01 09:31:41.808 0 0 I msm_vidc: high: 00000001: h264d: Closed video instance: 0000000000000000
12-14 03:31:12.942 2648 2648 E ActivityThread: Activity com.thundercomm.tcsetupwizard.TcSetupStartActivity has leaked IntentReceiver com.thundercomm.tcsetupwizard.TcSetupStartActivity$1@f41d15a that was originally registered here. Are you missing a call to unregisterReceiver()?
12-14 03:31:12.942 2648 2648 E ActivityThread: android.app.IntentReceiverLeaked: Activity com.thundercomm.tcsetupwizard.TcSetupStartActivity has leaked IntentReceiver com.thundercomm.tcsetupwizard.TcSetupStartActivity$1@f41d15a that was originally registered here. Are you missing a call to unregisterReceiver()?
12-14 03:31:12.942 2648 2648 E ActivityThread: at android.app.LoadedApk$ReceiverDispatcher.(LoadedApk.java:1717)
12-14 03:31:12.942 2648 2648 E ActivityThread: at android.app.LoadedApk.getReceiverDispatcher(LoadedApk.java:1494)
12-14 03:31:12.942 2648 2648 E ActivityThread: at android.app.ContextImpl.registerReceiverInternal(ContextImpl.java:1757)
12-14 03:31:12.942 2648 2648 E ActivityThread: at android.app.ContextImpl.registerReceiver(ContextImpl.java:1723)
12-14 03:31:12.942 2648 2648 E ActivityThread: at android.app.ContextImpl.registerReceiver(ContextImpl.java:1711)
12-14 03:31:12.942 2648 2648 E ActivityThread: at android.content.ContextWrapper.registerReceiver(ContextWrapper.java:724)
12-14 03:31:12.942 2648 2648 E ActivityThread: at com.thundercomm.tcsetupwizard.TcSetupStartActivity.onCreate(TcSetupStartActivity.java:84)
12-14 03:31:12.942 2648 2648 E ActivityThread: at android.app.Activity.performCreate(Activity.java:8070)
12-14 03:31:12.942 2648 2648 E ActivityThread: at android.app.Activity.performCreate(Activity.java:8050)
12-14 03:31:12.942 2648 2648 E ActivityThread: at android.app.Instrumentation.callActivityOnCreate(Instrumentation.java:1330)
12-14 03:31:12.942 2648 2648 E ActivityThread: at android.app.ActivityThread.performLaunchActivity(ActivityThread.java:3609)
12-14 03:31:12.942 2648 2648 E ActivityThread: at android.app.ActivityThread.handleLaunchActivity(ActivityThread.java:3793)
12-14 03:31:12.942 2648 2648 E ActivityThread: at android.app.servertransaction.LaunchActivityItem.execute(LaunchActivityItem.java:103)
12-14 03:31:12.942 2648 2648 E ActivityThread: at android.app.servertransaction.TransactionExecutor.executeCallbacks(TransactionExecutor.java:135)
12-14 03:31:12.942 2648 2648 E ActivityThread: at android.app.servertransaction.TransactionExecutor.execute(TransactionExecutor.java:95)
12-14 03:31:12.942 2648 2648 E ActivityThread: at android.app.ActivityThread$H.handleMessage(ActivityThread.java:2211)
12-14 03:31:12.942 2648 2648 E ActivityThread: at android.os.Handler.dispatchMessage(Handler.java:106)
12-14 03:31:12.942 2648 2648 E ActivityThread: at android.os.Looper.loopOnce(Looper.java:201)
12-14 03:31:12.942 2648 2648 E ActivityThread: at android.os.Looper.loop(Looper.java:288)
12-14 03:31:12.942 2648 2648 E ActivityThread: at android.app.ActivityThread.main(ActivityThread.java:7880)
12-14 03:31:12.942 2648 2648 E ActivityThread: at java.lang.reflect.Method.invoke(Native Method)
12-14 03:31:12.942 2648 2648 E ActivityThread: at com.android.internal.os.RuntimeInit$MethodAndArgsCaller.run(RuntimeInit.java:548)
12-14 03:31:12.942 2648 2648 E ActivityThread: at com.android.internal.os.ZygoteInit.main(ZygoteInit.java:1009)
01-01 09:31:41.968 0 0 I afe_close: port_id = 0x9000
01-01 09:31:42.046 0 0 D : mv2112_read_status
01-01 09:31:42.047 0 0 D mv2112_update_link: 3.0x901(1G): 0x80
01-01 09:31:42.047 0 0 D mv2112_update_link: 3.0x8109(100M): 0x8
01-01 09:31:42.047 0 0 D mv2112_update_link: link 0x0
01-01 09:31:42.047 0 0 D mv2112_read_status: autoneg is disabled
01-01 09:31:42.079 0 0 I : read descriptors
01-01 09:31:42.079 0 0 I : read strings
12-14 03:31:13.346 1503 1601 D CompanionDeviceManagerService: onPackageModified(packageName = com.android.provision)
12-14 03:31:13.363 1503 1503 I Telecom : DefaultDialerCache: Refreshing default dialer for user 0: now null: DDC.oR@AB8
12-14 03:31:13.384 1503 1611 W VoiceInteractionManager: no available voice recognition services found for user 0
12-14 03:31:13.438 1503 1503 I Telecom : PhoneAccountRegistrar: getSimCallManager: SimCallManager for subId -1 queried, returning: null: TSI.gSCMFU@ACA
12-14 03:31:13.442 1503 1503 I Telecom : PhoneAccountRegistrar: getSimCallManager: SimCallManager for subId -1 queried, returning: null: TSI.gSCMFU@ACE
12-14 03:31:13.452 4287 4324 W ContextImpl: Calling a method in the system process without a qualified user: android.app.ContextImpl.startService:1816 android.content.ContextWrapper.startService:774 com.thundercomm.gamemode.ingame.services.GameModeActionUtils.startGameModeService:99 com.thundercomm.gamemode.ingame.services.GameModeActionUtils.startGameModeEntry:22 com.thundercomm.gamemode.ingame.services.ActivityMonitoringService$1.onActivityLaunch:127
12-14 03:31:13.455 1503 1503 I GameModeConfig: Current uri is uri = content://com.thundercomm.gamemode.api/gamemode_settings/gamemode_isgaming
12-14 03:31:13.457 1503 1503 I GameModeConfig: isGameModeOn = false
12-14 03:31:13.458 1503 1503 I GameModeConfig: isGameModeOn = false
12-14 03:31:13.458 1503 1503 I GameModeConfig: isDisableVoice = true
01-01 09:31:43.071 0 0 D : mv2112_read_status
01-01 09:31:43.071 0 0 D mv2112_update_link: 3.0x901(1G): 0x80
01-01 09:31:43.071 0 0 D mv2112_update_link: 3.0x8109(100M): 0x8
01-01 09:31:43.071 0 0 D mv2112_update_link: link 0x0
01-01 09:31:43.071 0 0 D mv2112_read_status: autoneg is disabled
01-01 09:31:43.099 0 0 I : read descriptors
01-01 09:31:43.099 0 0 I : read strings
01-01 09:31:44.094 0 0 D : mv2112_read_status
01-01 09:31:44.095 0 0 D mv2112_update_link: 3.0x901(1G): 0x80
01-01 09:31:44.095 0 0 D mv2112_update_link: 3.0x8109(100M): 0x8
01-01 09:31:44.095 0 0 D mv2112_update_link: link 0x0
01-01 09:31:44.095 0 0 D mv2112_read_status: autoneg is disabled
01-01 09:31:44.115 0 0 I : read descriptors
01-01 09:31:44.115 0 0 I : read strings
01-01 09:31:45.118 0 0 D : mv2112_read_status
01-01 09:31:45.119 0 0 D mv2112_update_link: 3.0x901(1G): 0x80
01-01 09:31:45.119 0 0 D mv2112_update_link: 3.0x8109(100M): 0x8
01-01 09:31:45.119 0 0 D mv2112_update_link: link 0x0
01-01 09:31:45.119 0 0 D mv2112_read_status: autoneg is disabled
01-01 09:31:45.141 0 0 I : read descriptors
01-01 09:31:45.141 0 0 I : read strings
01-01 09:31:46.142 0 0 D : mv2112_read_status
01-01 09:31:46.142 0 0 D mv2112_update_link: 3.0x901(1G): 0x80
01-01 09:31:46.143 0 0 D mv2112_update_link: 3.0x8109(100M): 0x8
01-01 09:31:46.143 0 0 D mv2112_update_link: link 0x0
01-01 09:31:46.143 0 0 D mv2112_read_status: autoneg is disabled
01-01 09:31:46.155 0 0 I : read descriptors
01-01 09:31:46.155 0 0 I : read strings
01-01 09:31:47.166 0 0 D : mv2112_read_status
01-01 09:31:47.167 0 0 D mv2112_update_link: 3.0x901(1G): 0x80
01-01 09:31:47.167 0 0 D mv2112_update_link: 3.0x8109(100M): 0x8
01-01 09:31:47.167 0 0 D mv2112_update_link: link 0x0
01-01 09:31:47.167 0 0 D mv2112_read_status: autoneg is disabled
01-01 09:31:47.180 0 0 I : read descriptors
01-01 09:31:47.180 0 0 I : read strings
01-01 09:31:48.190 0 0 D : mv2112_read_status
01-01 09:31:48.191 0 0 D mv2112_update_link: 3.0x901(1G): 0x80
01-01 09:31:48.191 0 0 D mv2112_update_link: 3.0x8109(100M): 0x8
01-01 09:31:48.191 0 0 D mv2112_update_link: link 0x0
01-01 09:31:48.191 0 0 D mv2112_read_status: autoneg is disabled
01-01 09:31:48.196 0 0 I : read descriptors
01-01 09:31:48.196 0 0 I : read strings
01-01 09:31:49.217 0 0 I : read descriptors
01-01 09:31:49.217 0 0 I : read strings
01-01 09:31:49.218 0 0 D : mv2112_read_status
01-01 09:31:49.218 0 0 D mv2112_update_link: 3.0x901(1G): 0x80
01-01 09:31:49.218 0 0 D mv2112_update_link: 3.0x8109(100M): 0x8
01-01 09:31:49.218 0 0 D mv2112_update_link: link 0x0
01-01 09:31:49.218 0 0 D mv2112_read_status: autoneg is disabled
01-01 09:31:49.219 0 0 I [schedu][0x28dd90580][03:31:20.307218] wlan: [1972:I:OSIF] scan start scan id 40965
01-01 09:31:50.235 0 0 I : read descriptors
01-01 09:31:50.235 0 0 I : read strings
01-01 09:31:50.238 0 0 D : mv2112_read_status
01-01 09:31:50.239 0 0 D mv2112_update_link: 3.0x901(1G): 0x80
01-01 09:31:50.239 0 0 D mv2112_update_link: 3.0x8109(100M): 0x8
01-01 09:31:50.239 0 0 D mv2112_update_link: link 0x0
01-01 09:31:50.239 0 0 D mv2112_read_status: autoneg is disabled
01-01 09:31:50.389 0 0 I [schedu][0x28f2ff309][03:31:21.477745] wlan: [1972:I:OSIF] vdev 0, scan id 40965 type COMPLETED(1) reason COMPLETED(1) scan found 96 bss
01-01 09:31:51.255 0 0 I : read descriptors
01-01 09:31:51.255 0 0 I : read strings
01-01 09:31:51.262 0 0 D : mv2112_read_status
01-01 09:31:51.263 0 0 D mv2112_update_link: 3.0x901(1G): 0x80
01-01 09:31:51.263 0 0 D mv2112_update_link: 3.0x8109(100M): 0x8
01-01 09:31:51.263 0 0 D mv2112_update_link: link 0x0
01-01 09:31:51.263 0 0 D mv2112_read_status: autoneg is disabled
01-01 09:31:52.267 0 0 I : read descriptors
01-01 09:31:52.267 0 0 I : read strings
01-01 09:31:52.286 0 0 D : mv2112_read_status
01-01 09:31:52.287 0 0 D mv2112_update_link: 3.0x901(1G): 0x80
01-01 09:31:52.287 0 0 D mv2112_update_link: 3.0x8109(100M): 0x8
01-01 09:31:52.287 0 0 D mv2112_update_link: link 0x0
01-01 09:31:52.287 0 0 D mv2112_read_status: autoneg is disabled
01-01 09:31:53.287 0 0 I : read descriptors
01-01 09:31:53.287 0 0 I : read strings
01-01 09:31:53.310 0 0 D : mv2112_read_status
01-01 09:31:53.310 0 0 D mv2112_update_link: 3.0x901(1G): 0x80
01-01 09:31:53.311 0 0 D mv2112_update_link: 3.0x8109(100M): 0x8
01-01 09:31:53.311 0 0 D mv2112_update_link: link 0x0
01-01 09:31:53.311 0 0 D mv2112_read_status: autoneg is disabled
01-01 09:31:54.303 0 0 I : read descriptors
01-01 09:31:54.303 0 0 I : read strings
01-01 09:31:54.334 0 0 D : mv2112_read_status
01-01 09:31:54.335 0 0 D mv2112_update_link: 3.0x901(1G): 0x80
01-01 09:31:54.335 0 0 D mv2112_update_link: 3.0x8109(100M): 0x8
01-01 09:31:54.335 0 0 D mv2112_update_link: link 0x0
01-01 09:31:54.335 0 0 D mv2112_read_status: autoneg is disabled
01-01 09:31:55.319 0 0 I : read descriptors
01-01 09:31:55.319 0 0 I : read strings
01-01 09:31:55.359 0 0 D : mv2112_read_status
01-01 09:31:55.359 0 0 D mv2112_update_link: 3.0x901(1G): 0x80
01-01 09:31:55.359 0 0 D mv2112_update_link: 3.0x8109(100M): 0x8
01-01 09:31:55.359 0 0 D mv2112_update_link: link 0x0
01-01 09:31:55.359 0 0 D mv2112_read_status: autoneg is disabled
01-01 09:31:56.335 0 0 I : read descriptors
01-01 09:31:56.335 0 0 I : read strings
01-01 09:31:56.382 0 0 D : mv2112_read_status
01-01 09:31:56.382 0 0 D mv2112_update_link: 3.0x901(1G): 0x80
01-01 09:31:56.383 0 0 D mv2112_update_link: 3.0x8109(100M): 0x8
01-01 09:31:56.383 0 0 D mv2112_update_link: link 0x0
01-01 09:31:56.383 0 0 D mv2112_read_status: autoneg is disabled
01-01 09:31:57.355 0 0 I : read descriptors
01-01 09:31:57.355 0 0 I : read strings
01-01 09:31:57.406 0 0 D : mv2112_read_status
01-01 09:31:57.407 0 0 D mv2112_update_link: 3.0x901(1G): 0x80
01-01 09:31:57.407 0 0 D mv2112_update_link: 3.0x8109(100M): 0x8
01-01 09:31:57.407 0 0 D mv2112_update_link: link 0x0
01-01 09:31:57.407 0 0 D mv2112_read_status: autoneg is disabled
01-01 09:31:58.371 0 0 I : read descriptors
01-01 09:31:58.371 0 0 I : read strings
01-01 09:31:58.430 0 0 D : mv2112_read_status
01-01 09:31:58.431 0 0 D mv2112_update_link: 3.0x901(1G): 0x80
01-01 09:31:58.431 0 0 D mv2112_update_link: 3.0x8109(100M): 0x8
01-01 09:31:58.431 0 0 D mv2112_update_link: link 0x0
01-01 09:31:58.431 0 0 D mv2112_read_status: autoneg is disabled
01-01 09:31:59.387 0 0 I : read descriptors
01-01 09:31:59.387 0 0 I : read strings
01-01 09:31:59.454 0 0 D : mv2112_read_status
01-01 09:31:59.455 0 0 D mv2112_update_link: 3.0x901(1G): 0x80
01-01 09:31:59.455 0 0 D mv2112_update_link: 3.0x8109(100M): 0x8
01-01 09:31:59.455 0 0 D mv2112_update_link: link 0x0
01-01 09:31:59.455 0 0 D mv2112_read_status: autoneg is disabled
01-01 09:32:00.403 0 0 I : read descriptors
01-01 09:32:00.403 0 0 I : read strings
01-01 09:32:00.479 0 0 D : mv2112_read_status
01-01 09:32:00.479 0 0 D mv2112_update_link: 3.0x901(1G): 0x80
01-01 09:32:00.479 0 0 D mv2112_update_link: 3.0x8109(100M): 0x8
01-01 09:32:00.479 0 0 D mv2112_update_link: link 0x0
01-01 09:32:00.479 0 0 D mv2112_read_status: autoneg is disabled
01-01 09:32:01.419 0 0 I : read descriptors
01-01 09:32:01.419 0 0 I : read strings
01-01 09:32:01.503 0 0 D : mv2112_read_status
01-01 09:32:01.503 0 0 D mv2112_update_link: 3.0x901(1G): 0x80
01-01 09:32:01.503 0 0 D mv2112_update_link: 3.0x8109(100M): 0x8
01-01 09:32:01.503 0 0 D mv2112_update_link: link 0x0
01-01 09:32:01.503 0 0 D mv2112_read_status: autoneg is disabled
01-01 09:32:02.439 0 0 I : read descriptors
01-01 09:32:02.439 0 0 I : read strings
01-01 09:32:02.527 0 0 D : mv2112_read_status
01-01 09:32:02.527 0 0 D mv2112_update_link: 3.0x901(1G): 0x80
01-01 09:32:02.527 0 0 D mv2112_update_link: 3.0x8109(100M): 0x8
01-01 09:32:02.527 0 0 D mv2112_update_link: link 0x0
01-01 09:32:02.527 0 0 D mv2112_read_status: autoneg is disabled
01-01 09:32:03.455 0 0 I : read descriptors
01-01 09:32:03.455 0 0 I : read strings
01-01 09:32:03.550 0 0 D : mv2112_read_status
01-01 09:32:03.551 0 0 D mv2112_update_link: 3.0x901(1G): 0x80
01-01 09:32:03.551 0 0 D mv2112_update_link: 3.0x8109(100M): 0x8
01-01 09:32:03.551 0 0 D mv2112_update_link: link 0x0
01-01 09:32:03.551 0 0 D mv2112_read_status: autoneg is disabled
01-01 09:32:04.471 0 0 I : read descriptors
01-01 09:32:04.471 0 0 I : read strings
01-01 09:32:04.574 0 0 D : mv2112_read_status
01-01 09:32:04.575 0 0 D mv2112_update_link: 3.0x901(1G): 0x80
01-01 09:32:04.575 0 0 D mv2112_update_link: 3.0x8109(100M): 0x8
01-01 09:32:04.575 0 0 D mv2112_update_link: link 0x0
01-01 09:32:04.575 0 0 D mv2112_read_status: autoneg is disabled
01-01 09:32:05.483 0 0 I : read descriptors
01-01 09:32:05.483 0 0 I : read strings
01-01 09:32:05.599 0 0 D : mv2112_read_status
01-01 09:32:05.599 0 0 D mv2112_update_link: 3.0x901(1G): 0x80
01-01 09:32:05.599 0 0 D mv2112_update_link: 3.0x8109(100M): 0x8
01-01 09:32:05.599 0 0 D mv2112_update_link: link 0x0
01-01 09:32:05.599 0 0 D mv2112_read_status: autoneg is disabled
01-01 09:32:06.499 0 0 I : read descriptors
01-01 09:32:06.499 0 0 I : read strings
01-01 09:32:06.623 0 0 D : mv2112_read_status
01-01 09:32:06.623 0 0 D mv2112_update_link: 3.0x901(1G): 0x80
01-01 09:32:06.623 0 0 D mv2112_update_link: 3.0x8109(100M): 0x8
01-01 09:32:06.623 0 0 D mv2112_update_link: link 0x0
01-01 09:32:06.623 0 0 D mv2112_read_status: autoneg is disabled
01-01 09:32:07.519 0 0 I : read descriptors
01-01 09:32:07.519 0 0 I : read strings
01-01 09:32:07.647 0 0 D : mv2112_read_status
01-01 09:32:07.647 0 0 D mv2112_update_link: 3.0x901(1G): 0x80
01-01 09:32:07.647 0 0 D mv2112_update_link: 3.0x8109(100M): 0x8
01-01 09:32:07.647 0 0 D mv2112_update_link: link 0x0
01-01 09:32:07.647 0 0 D mv2112_read_status: autoneg is disabled
01-01 09:32:08.535 0 0 I : read descriptors
01-01 09:32:08.535 0 0 I : read strings
01-01 09:32:08.671 0 0 D : mv2112_read_status
01-01 09:32:08.671 0 0 D mv2112_update_link: 3.0x901(1G): 0x80
01-01 09:32:08.671 0 0 D mv2112_update_link: 3.0x8109(100M): 0x8
01-01 09:32:08.671 0 0 D mv2112_update_link: link 0x0
01-01 09:32:08.671 0 0 D mv2112_read_status: autoneg is disabled
01-01 09:32:09.551 0 0 I : read descriptors
01-01 09:32:09.551 0 0 I : read strings
01-01 09:32:09.694 0 0 D : mv2112_read_status
01-01 09:32:09.695 0 0 D mv2112_update_link: 3.0x901(1G): 0x80
01-01 09:32:09.695 0 0 D mv2112_update_link: 3.0x8109(100M): 0x8
01-01 09:32:09.695 0 0 D mv2112_update_link: link 0x0
01-01 09:32:09.695 0 0 D mv2112_read_status: autoneg is disabled
01-01 09:32:10.567 0 0 I : read descriptors
01-01 09:32:10.567 0 0 I : read strings
01-01 09:32:10.719 0 0 D : mv2112_read_status
01-01 09:32:10.719 0 0 D mv2112_update_link: 3.0x901(1G): 0x80
01-01 09:32:10.719 0 0 D mv2112_update_link: 3.0x8109(100M): 0x8
01-01 09:32:10.719 0 0 D mv2112_update_link: link 0x0
01-01 09:32:10.719 0 0 D mv2112_read_status: autoneg is disabled
01-01 09:32:11.579 0 0 I : read descriptors
01-01 09:32:11.579 0 0 I : read strings
01-01 09:32:11.742 0 0 D : mv2112_read_status
01-01 09:32:11.743 0 0 D mv2112_update_link: 3.0x901(1G): 0x80
01-01 09:32:11.743 0 0 D mv2112_update_link: 3.0x8109(100M): 0x8
01-01 09:32:11.743 0 0 D mv2112_update_link: link 0x0
01-01 09:32:11.743 0 0 D mv2112_read_status: autoneg is disabled
01-01 09:32:12.591 0 0 I : read descriptors
01-01 09:32:12.591 0 0 I : read strings
01-01 09:32:12.767 0 0 D : mv2112_read_status
01-01 09:32:12.767 0 0 D mv2112_update_link: 3.0x901(1G): 0x80
01-01 09:32:12.767 0 0 D mv2112_update_link: 3.0x8109(100M): 0x8
01-01 09:32:12.767 0 0 D mv2112_update_link: link 0x0
01-01 09:32:12.767 0 0 D mv2112_read_status: autoneg is disabled
01-01 09:32:13.607 0 0 I : read descriptors
01-01 09:32:13.607 0 0 I : read strings
01-01 09:32:13.791 0 0 D : mv2112_read_status
01-01 09:32:13.791 0 0 D mv2112_update_link: 3.0x901(1G): 0x80
01-01 09:32:13.791 0 0 D mv2112_update_link: 3.0x8109(100M): 0x8
01-01 09:32:13.791 0 0 D mv2112_update_link: link 0x0
01-01 09:32:13.791 0 0 D mv2112_read_status: autoneg is disabled
01-01 09:32:14.623 0 0 I : read descriptors
01-01 09:32:14.623 0 0 I : read strings
01-01 09:32:14.815 0 0 D : mv2112_read_status
01-01 09:32:14.815 0 0 D mv2112_update_link: 3.0x901(1G): 0x80
01-01 09:32:14.815 0 0 D mv2112_update_link: 3.0x8109(100M): 0x8
01-01 09:32:14.815 0 0 D mv2112_update_link: link 0x0
01-01 09:32:14.815 0 0 D mv2112_read_status: autoneg is disabled
01-01 09:32:15.639 0 0 I : read descriptors
01-01 09:32:15.639 0 0 I : read strings
01-01 09:32:15.839 0 0 D : mv2112_read_status
01-01 09:32:15.839 0 0 D mv2112_update_link: 3.0x901(1G): 0x80
01-01 09:32:15.839 0 0 D mv2112_update_link: 3.0x8109(100M): 0x8
01-01 09:32:15.839 0 0 D mv2112_update_link: link 0x0
01-01 09:32:15.839 0 0 D mv2112_read_status: autoneg is disabled
01-01 09:32:16.655 0 0 I : read descriptors
01-01 09:32:16.655 0 0 I : read strings
01-01 09:32:16.862 0 0 D : mv2112_read_status
01-01 09:32:16.863 0 0 D mv2112_update_link: 3.0x901(1G): 0x80
01-01 09:32:16.863 0 0 D mv2112_update_link: 3.0x8109(100M): 0x8
01-01 09:32:16.863 0 0 D mv2112_update_link: link 0x0
01-01 09:32:16.863 0 0 D mv2112_read_status: autoneg is disabled
01-01 09:32:17.675 0 0 I : read descriptors
01-01 09:32:17.675 0 0 I : read strings
01-01 09:32:17.887 0 0 D : mv2112_read_status
01-01 09:32:17.887 0 0 D mv2112_update_link: 3.0x901(1G): 0x80
01-01 09:32:17.887 0 0 D mv2112_update_link: 3.0x8109(100M): 0x8
01-01 09:32:17.887 0 0 D mv2112_update_link: link 0x0
01-01 09:32:17.887 0 0 D mv2112_read_status: autoneg is disabled
01-01 09:32:18.695 0 0 I : read descriptors
01-01 09:32:18.695 0 0 I : read strings
01-01 09:32:18.910 0 0 D : mv2112_read_status
01-01 09:32:18.911 0 0 D mv2112_update_link: 3.0x901(1G): 0x80
01-01 09:32:18.911 0 0 D mv2112_update_link: 3.0x8109(100M): 0x8
01-01 09:32:18.911 0 0 D mv2112_update_link: link 0x0
01-01 09:32:18.911 0 0 D mv2112_read_status: autoneg is disabled
01-01 09:32:19.711 0 0 I : read descriptors
01-01 09:32:19.711 0 0 I : read strings
01-01 09:32:19.935 0 0 D : mv2112_read_status
01-01 09:32:19.935 0 0 D mv2112_update_link: 3.0x901(1G): 0x80
01-01 09:32:19.935 0 0 D mv2112_update_link: 3.0x8109(100M): 0x8
01-01 09:32:19.935 0 0 D mv2112_update_link: link 0x0
01-01 09:32:19.935 0 0 D mv2112_read_status: autoneg is disabled
01-01 09:32:20.727 0 0 I : read descriptors
01-01 09:32:20.727 0 0 I : read strings
01-01 09:32:20.958 0 0 D : mv2112_read_status
01-01 09:32:20.959 0 0 D mv2112_update_link: 3.0x901(1G): 0x80
01-01 09:32:20.959 0 0 D mv2112_update_link: 3.0x8109(100M): 0x8
01-01 09:32:20.959 0 0 D mv2112_update_link: link 0x0
01-01 09:32:20.959 0 0 D mv2112_read_status: autoneg is disabled
01-01 09:32:21.743 0 0 I : read descriptors
01-01 09:32:21.743 0 0 I : read strings
01-01 09:32:21.983 0 0 D : mv2112_read_status
01-01 09:32:21.983 0 0 D mv2112_update_link: 3.0x901(1G): 0x80
01-01 09:32:21.983 0 0 D mv2112_update_link: 3.0x8109(100M): 0x8
01-01 09:32:21.983 0 0 D mv2112_update_link: link 0x0
01-01 09:32:21.983 0 0 D mv2112_read_status: autoneg is disabled
01-01 09:32:22.759 0 0 I : read descriptors
01-01 09:32:22.759 0 0 I : read strings
01-01 09:32:23.006 0 0 D : mv2112_read_status
01-01 09:32:23.006 0 0 D mv2112_update_link: 3.0x901(1G): 0x80
01-01 09:32:23.007 0 0 D mv2112_update_link: 3.0x8109(100M): 0x8
01-01 09:32:23.007 0 0 D mv2112_update_link: link 0x0
01-01 09:32:23.007 0 0 D mv2112_read_status: autoneg is disabled
01-01 09:32:23.775 0 0 I : read descriptors
01-01 09:32:23.775 0 0 I : read strings
01-01 09:32:24.030 0 0 D : mv2112_read_status
01-01 09:32:24.030 0 0 D mv2112_update_link: 3.0x901(1G): 0x80
01-01 09:32:24.031 0 0 D mv2112_update_link: 3.0x8109(100M): 0x8
01-01 09:32:24.031 0 0 D mv2112_update_link: link 0x0
01-01 09:32:24.031 0 0 D mv2112_read_status: autoneg is disabled
01-01 09:32:24.787 0 0 I : read descriptors
01-01 09:32:24.787 0 0 I : read strings
01-01 09:32:25.055 0 0 D : mv2112_read_status
01-01 09:32:25.055 0 0 D mv2112_update_link: 3.0x901(1G): 0x80
01-01 09:32:25.055 0 0 D mv2112_update_link: 3.0x8109(100M): 0x8
01-01 09:32:25.055 0 0 D mv2112_update_link: link 0x0
01-01 09:32:25.055 0 0 D mv2112_read_status: autoneg is disabled
01-01 09:32:25.803 0 0 I : read descriptors
01-01 09:32:25.803 0 0 I : read strings
01-01 09:32:26.079 0 0 D : mv2112_read_status
01-01 09:32:26.079 0 0 D mv2112_update_link: 3.0x901(1G): 0x80
01-01 09:32:26.079 0 0 D mv2112_update_link: 3.0x8109(100M): 0x8
01-01 09:32:26.079 0 0 D mv2112_update_link: link 0x0
01-01 09:32:26.079 0 0 D mv2112_read_status: autoneg is disabled
01-01 09:32:26.819 0 0 I : read descriptors
01-01 09:32:26.819 0 0 I : read strings
01-01 09:32:27.102 0 0 D : mv2112_read_status
01-01 09:32:27.103 0 0 D mv2112_update_link: 3.0x901(1G): 0x80
01-01 09:32:27.103 0 0 D mv2112_update_link: 3.0x8109(100M): 0x8
01-01 09:32:27.103 0 0 D mv2112_update_link: link 0x0
01-01 09:32:27.103 0 0 D mv2112_read_status: autoneg is disabled
01-01 09:32:27.839 0 0 I : read descriptors
01-01 09:32:27.839 0 0 I : read strings
01-01 09:32:28.126 0 0 D : mv2112_read_status
01-01 09:32:28.127 0 0 D mv2112_update_link: 3.0x901(1G): 0x80
01-01 09:32:28.127 0 0 D mv2112_update_link: 3.0x8109(100M): 0x8
01-01 09:32:28.127 0 0 D mv2112_update_link: link 0x0
01-01 09:32:28.127 0 0 D mv2112_read_status: autoneg is disabled
01-01 09:32:28.855 0 0 I : read descriptors
01-01 09:32:28.855 0 0 I : read strings
01-01 09:32:29.150 0 0 D : mv2112_read_status
01-01 09:32:29.151 0 0 D mv2112_update_link: 3.0x901(1G): 0x80
01-01 09:32:29.151 0 0 D mv2112_update_link: 3.0x8109(100M): 0x8
01-01 09:32:29.151 0 0 D mv2112_update_link: link 0x0
01-01 09:32:29.151 0 0 D mv2112_read_status: autoneg is disabled
01-01 09:32:29.871 0 0 I : read descriptors
01-01 09:32:29.871 0 0 I : read strings
01-01 09:32:30.174 0 0 D : mv2112_read_status
01-01 09:32:30.175 0 0 D mv2112_update_link: 3.0x901(1G): 0x80
01-01 09:32:30.175 0 0 D mv2112_update_link: 3.0x8109(100M): 0x8
01-01 09:32:30.175 0 0 D mv2112_update_link: link 0x0
01-01 09:32:30.175 0 0 D mv2112_read_status: autoneg is disabled
01-01 09:32:30.887 0 0 I : read descriptors
01-01 09:32:30.887 0 0 I : read strings
01-01 09:32:31.198 0 0 D : mv2112_read_status
01-01 09:32:31.199 0 0 D mv2112_update_link: 3.0x901(1G): 0x80
01-01 09:32:31.199 0 0 D mv2112_update_link: 3.0x8109(100M): 0x8
01-01 09:32:31.199 0 0 D mv2112_update_link: link 0x0
01-01 09:32:31.199 0 0 D mv2112_read_status: autoneg is disabled
01-01 09:32:31.903 0 0 I : read descriptors
01-01 09:32:31.903 0 0 I : read strings
01-01 09:32:32.223 0 0 D : mv2112_read_status
01-01 09:32:32.223 0 0 D mv2112_update_link: 3.0x901(1G): 0x80
01-01 09:32:32.223 0 0 D mv2112_update_link: 3.0x8109(100M): 0x8
01-01 09:32:32.223 0 0 D mv2112_update_link: link 0x0
01-01 09:32:32.223 0 0 D mv2112_read_status: autoneg is disabled
01-01 09:32:32.923 0 0 I : read descriptors
01-01 09:32:32.923 0 0 I : read strings
01-01 09:32:33.247 0 0 D : mv2112_read_status
01-01 09:32:33.247 0 0 D mv2112_update_link: 3.0x901(1G): 0x80
01-01 09:32:33.247 0 0 D mv2112_update_link: 3.0x8109(100M): 0x8
01-01 09:32:33.247 0 0 D mv2112_update_link: link 0x0
01-01 09:32:33.247 0 0 D mv2112_read_status: autoneg is disabled
01-01 09:32:33.943 0 0 I : read descriptors
01-01 09:32:33.943 0 0 I : read strings
12-14 03:32:05.209 1503 1649 V DisplayPowerController[0]: Brightness [0.05] reason changing to: 'manual [ dim ]', previous reason: 'manual'.
12-14 03:32:05.209 1503 1649 W PowerManagerService: Screen on took 59135 ms
12-14 03:32:05.214 1503 2348 E DisplayDeviceConfig: requesting nits when no mapping exists.
12-14 03:32:05.215 1503 2348 E DisplayDeviceConfig: requesting nits when no mapping exists.
12-14 03:32:05.218 1503 1612 I DropBoxManagerService: add tag=system_server_wtf isTagEnabled=true flags=0x2
12-14 03:32:05.220 1503 1612 I DropBoxManagerService: add tag=system_server_wtf isTagEnabled=true flags=0x2
12-14 03:32:05.230 1503 2348 E DisplayDeviceConfig: requesting nits when no mapping exists.
12-14 03:32:05.231 1503 2348 E DisplayDeviceConfig: requesting nits when no mapping exists.
12-14 03:32:05.232 1503 1612 I DropBoxManagerService: add tag=system_server_wtf isTagEnabled=true flags=0x2
12-14 03:32:05.233 1503 1612 I DropBoxManagerService: add tag=system_server_wtf isTagEnabled=true flags=0x2
12-14 03:32:05.248 1503 2348 E DisplayDeviceConfig: requesting nits when no mapping exists.
12-14 03:32:05.248 1503 2348 E DisplayDeviceConfig: requesting nits when no mapping exists.
12-14 03:32:05.249 1503 1612 I DropBoxManagerService: add tag=system_server_wtf isTagEnabled=true flags=0x2
12-14 03:32:05.260 1503 2348 E DisplayDeviceConfig: requesting nits when no mapping exists.
12-14 03:32:05.260 1503 2348 E DisplayDeviceConfig: requesting nits when no mapping exists.
12-14 03:32:05.276 1503 2348 E DisplayDeviceConfig: requesting nits when no mapping exists.
12-14 03:32:05.276 1503 2348 E DisplayDeviceConfig: requesting nits when no mapping exists.
12-14 03:32:05.293 1503 2348 E DisplayDeviceConfig: requesting nits when no mapping exists.
12-14 03:32:05.294 1503 2348 E DisplayDeviceConfig: requesting nits when no mapping exists.
12-14 03:32:05.309 1503 2348 E DisplayDeviceConfig: requesting nits when no mapping exists.
12-14 03:32:05.310 1503 2348 E DisplayDeviceConfig: requesting nits when no mapping exists.
12-14 03:32:05.326 1503 2348 E DisplayDeviceConfig: requesting nits when no mapping exists.
12-14 03:32:05.327 1503 2348 E DisplayDeviceConfig: requesting nits when no mapping exists.
12-14 03:32:05.343 1503 2348 E DisplayDeviceConfig: requesting nits when no mapping exists.
12-14 03:32:05.344 1503 2348 E DisplayDeviceConfig: requesting nits when no mapping exists.
12-14 03:32:05.360 1503 2348 E DisplayDeviceConfig: requesting nits when no mapping exists.
12-14 03:32:05.361 1503 2348 E DisplayDeviceConfig: requesting nits when no mapping exists.
01-01 09:32:34.270 0 0 D : mv2112_read_status
01-01 09:32:34.271 0 0 D mv2112_update_link: 3.0x901(1G): 0x80
01-01 09:32:34.271 0 0 D mv2112_update_link: 3.0x8109(100M): 0x8
01-01 09:32:34.271 0 0 D mv2112_update_link: link 0x0
01-01 09:32:34.271 0 0 D mv2112_read_status: autoneg is disabled
12-14 03:32:05.377 1503 2348 E DisplayDeviceConfig: requesting nits when no mapping exists.
12-14 03:32:05.377 1503 2348 E DisplayDeviceConfig: requesting nits when no mapping exists.
12-14 03:32:05.394 1503 2348 E DisplayDeviceConfig: requesting nits when no mapping exists.
12-14 03:32:05.394 1503 2348 E DisplayDeviceConfig: requesting nits when no mapping exists.
12-14 03:32:05.410 1503 2348 E DisplayDeviceConfig: requesting nits when no mapping exists.
12-14 03:32:05.411 1503 2348 E DisplayDeviceConfig: requesting nits when no mapping exists.
12-14 03:32:05.427 1503 2348 E DisplayDeviceConfig: requesting nits when no mapping exists.
12-14 03:32:05.428 1503 2348 E DisplayDeviceConfig: requesting nits when no mapping exists.
12-14 03:32:05.444 1503 2348 E DisplayDeviceConfig: requesting nits when no mapping exists.
12-14 03:32:05.444 1503 2348 E DisplayDeviceConfig: requesting nits when no mapping exists.
12-14 03:32:05.460 1503 2348 E DisplayDeviceConfig: requesting nits when no mapping exists.
12-14 03:32:05.461 1503 2348 E DisplayDeviceConfig: requesting nits when no mapping exists.
12-14 03:32:05.477 1503 2348 E DisplayDeviceConfig: requesting nits when no mapping exists.
12-14 03:32:05.478 1503 2348 E DisplayDeviceConfig: requesting nits when no mapping exists.
12-14 03:32:05.494 1503 2348 E DisplayDeviceConfig: requesting nits when no mapping exists.
12-14 03:32:05.494 1503 2348 E DisplayDeviceConfig: requesting nits when no mapping exists.
12-14 03:32:05.510 1503 2348 E DisplayDeviceConfig: requesting nits when no mapping exists.
12-14 03:32:05.511 1503 2348 E DisplayDeviceConfig: requesting nits when no mapping exists.
12-14 03:32:05.527 1503 2348 E DisplayDeviceConfig: requesting nits when no mapping exists.
12-14 03:32:05.528 1503 2348 E DisplayDeviceConfig: requesting nits when no mapping exists.
12-14 03:32:05.544 1503 2348 E DisplayDeviceConfig: requesting nits when no mapping exists.
12-14 03:32:05.545 1503 2348 E DisplayDeviceConfig: requesting nits when no mapping exists.
12-14 03:32:05.561 1503 2348 E DisplayDeviceConfig: requesting nits when no mapping exists.
12-14 03:32:05.561 1503 2348 E DisplayDeviceConfig: requesting nits when no mapping exists.
12-14 03:32:05.577 1503 2348 E DisplayDeviceConfig: requesting nits when no mapping exists.
12-14 03:32:05.578 1503 2348 E DisplayDeviceConfig: requesting nits when no mapping exists.
12-14 03:32:05.594 1503 2348 E DisplayDeviceConfig: requesting nits when no mapping exists.
12-14 03:32:05.595 1503 2348 E DisplayDeviceConfig: requesting nits when no mapping exists.
12-14 03:32:05.611 1503 2348 E DisplayDeviceConfig: requesting nits when no mapping exists.
12-14 03:32:05.611 1503 2348 E DisplayDeviceConfig: requesting nits when no mapping exists.
12-14 03:32:05.628 1503 2348 E DisplayDeviceConfig: requesting nits when no mapping exists.
12-14 03:32:05.628 1503 2348 E DisplayDeviceConfig: requesting nits when no mapping exists.
12-14 03:32:05.644 1503 2348 E DisplayDeviceConfig: requesting nits when no mapping exists.
12-14 03:32:05.644 1503 2348 E DisplayDeviceConfig: requesting nits when no mapping exists.
12-14 03:32:05.661 1503 2348 E DisplayDeviceConfig: requesting nits when no mapping exists.
12-14 03:32:05.662 1503 2348 E DisplayDeviceConfig: requesting nits when no mapping exists.
12-14 03:32:05.677 1503 2348 E DisplayDeviceConfig: requesting nits when no mapping exists.
12-14 03:32:05.678 1503 2348 E DisplayDeviceConfig: requesting nits when no mapping exists.
12-14 03:32:05.694 1503 2348 E DisplayDeviceConfig: requesting nits when no mapping exists.
12-14 03:32:05.695 1503 2348 E DisplayDeviceConfig: requesting nits when no mapping exists.
12-14 03:32:05.711 1503 2348 E DisplayDeviceConfig: requesting nits when no mapping exists.
12-14 03:32:05.712 1503 2348 E DisplayDeviceConfig: requesting nits when no mapping exists.
12-14 03:32:05.727 1503 2348 E DisplayDeviceConfig: requesting nits when no mapping exists.
12-14 03:32:05.728 1503 2348 E DisplayDeviceConfig: requesting nits when no mapping exists.
12-14 03:32:05.744 1503 2348 E DisplayDeviceConfig: requesting nits when no mapping exists.
12-14 03:32:05.744 1503 2348 E DisplayDeviceConfig: requesting nits when no mapping exists.
12-14 03:32:05.761 1503 2348 E DisplayDeviceConfig: requesting nits when no mapping exists.
12-14 03:32:05.762 1503 2348 E DisplayDeviceConfig: requesting nits when no mapping exists.
12-14 03:32:05.778 1503 2348 E DisplayDeviceConfig: requesting nits when no mapping exists.
12-14 03:32:05.778 1503 2348 E DisplayDeviceConfig: requesting nits when no mapping exists.
12-14 03:32:05.794 1503 2348 E DisplayDeviceConfig: requesting nits when no mapping exists.
12-14 03:32:05.795 1503 2348 E DisplayDeviceConfig: requesting nits when no mapping exists.
12-14 03:32:05.811 1503 2348 E DisplayDeviceConfig: requesting nits when no mapping exists.
12-14 03:32:05.812 1503 2348 E DisplayDeviceConfig: requesting nits when no mapping exists.
12-14 03:32:05.828 1503 2348 E DisplayDeviceConfig: requesting nits when no mapping exists.
12-14 03:32:05.828 1503 2348 E DisplayDeviceConfig: requesting nits when no mapping exists.
12-14 03:32:05.844 1503 2348 E DisplayDeviceConfig: requesting nits when no mapping exists.
12-14 03:32:05.845 1503 2348 E DisplayDeviceConfig: requesting nits when no mapping exists.
12-14 03:32:05.861 1503 2348 E DisplayDeviceConfig: requesting nits when no mapping exists.
12-14 03:32:05.862 1503 2348 E DisplayDeviceConfig: requesting nits when no mapping exists.
12-14 03:32:05.878 1503 2348 E DisplayDeviceConfig: requesting nits when no mapping exists.
12-14 03:32:05.878 1503 2348 E DisplayDeviceConfig: requesting nits when no mapping exists.
12-14 03:32:05.894 1503 2348 E DisplayDeviceConfig: requesting nits when no mapping exists.
12-14 03:32:05.895 1503 2348 E DisplayDeviceConfig: requesting nits when no mapping exists.
12-14 03:32:05.911 1503 2348 E DisplayDeviceConfig: requesting nits when no mapping exists.
12-14 03:32:05.912 1503 2348 E DisplayDeviceConfig: requesting nits when no mapping exists.
12-14 03:32:05.928 1503 2348 E DisplayDeviceConfig: requesting nits when no mapping exists.
12-14 03:32:05.928 1503 2348 E DisplayDeviceConfig: requesting nits when no mapping exists.
12-14 03:32:05.945 1503 2348 E DisplayDeviceConfig: requesting nits when no mapping exists.
12-14 03:32:05.945 1503 2348 E DisplayDeviceConfig: requesting nits when no mapping exists.
12-14 03:32:05.961 1503 2348 E DisplayDeviceConfig: requesting nits when no mapping exists.
12-14 03:32:05.962 1503 2348 E DisplayDeviceConfig: requesting nits when no mapping exists.
12-14 03:32:05.978 1503 2348 E DisplayDeviceConfig: requesting nits when no mapping exists.
12-14 03:32:05.979 1503 2348 E DisplayDeviceConfig: requesting nits when no mapping exists.
12-14 03:32:05.995 1503 2348 E DisplayDeviceConfig: requesting nits when no mapping exists.
12-14 03:32:05.995 1503 2348 E DisplayDeviceConfig: requesting nits when no mapping exists.
12-14 03:32:06.012 1503 2348 E DisplayDeviceConfig: requesting nits when no mapping exists.
