01-01 09:25:26.238 0 0 D : mv2112_read_status
01-01 09:25:26.239 0 0 D mv2112_update_link: 3.0x901(1G): 0x80
01-01 09:25:26.239 0 0 D mv2112_update_link: 3.0x8109(100M): 0x8
01-01 09:25:26.239 0 0 D mv2112_update_link: link 0x0
01-01 09:25:26.239 0 0 D mv2112_read_status: autoneg is disabled
01-01 09:25:26.529 0 0 I msm_vidc: err : ffffffff: .....: DBLP Set: status 0
01-01 09:25:27.207 0 0 I : read descriptors
01-01 09:25:27.207 0 0 I : read strings
01-01 09:25:27.262 0 0 D : mv2112_read_status
01-01 09:25:27.262 0 0 D mv2112_update_link: 3.0x901(1G): 0x80
01-01 09:25:27.263 0 0 D mv2112_update_link: 3.0x8109(100M): 0x8
01-01 09:25:27.263 0 0 D mv2112_update_link: link 0x0
01-01 09:25:27.263 0 0 D mv2112_read_status: autoneg is disabled
01-01 09:25:28.019 0 0 I afe_close: port_id = 0x9000
01-01 09:25:28.223 0 0 I : read descriptors
01-01 09:25:28.223 0 0 I : read strings
01-01 09:25:28.286 0 0 D : mv2112_read_status
01-01 09:25:28.286 0 0 D mv2112_update_link: 3.0x901(1G): 0x80
01-01 09:25:28.287 0 0 D mv2112_update_link: 3.0x8109(100M): 0x8
01-01 09:25:28.287 0 0 D mv2112_update_link: link 0x0
01-01 09:25:28.287 0 0 D mv2112_read_status: autoneg is disabled
01-01 09:25:29.243 0 0 I : read descriptors
01-01 09:25:29.243 0 0 I : read strings
01-01 09:25:29.310 0 0 D : mv2112_read_status
01-01 09:25:29.311 0 0 D mv2112_update_link: 3.0x901(1G): 0x80
01-01 09:25:29.311 0 0 D mv2112_update_link: 3.0x8109(100M): 0x8
01-01 09:25:29.311 0 0 D mv2112_update_link: link 0x0
01-01 09:25:29.311 0 0 D mv2112_read_status: autoneg is disabled
01-01 09:25:30.263 0 0 I : read descriptors
01-01 09:25:30.263 0 0 I : read strings
01-01 09:25:30.334 0 0 D : mv2112_read_status
01-01 09:25:30.335 0 0 D mv2112_update_link: 3.0x901(1G): 0x80
01-01 09:25:30.335 0 0 D mv2112_update_link: 3.0x8109(100M): 0x8
01-01 09:25:30.335 0 0 D mv2112_update_link: link 0x0
01-01 09:25:30.335 0 0 D mv2112_read_status: autoneg is disabled
01-01 09:25:31.283 0 0 I : read descriptors
01-01 09:25:31.283 0 0 I : read strings
01-01 09:25:31.358 0 0 D : mv2112_read_status
01-01 09:25:31.359 0 0 D mv2112_update_link: 3.0x901(1G): 0x80
01-01 09:25:31.359 0 0 D mv2112_update_link: 3.0x8109(100M): 0x8
01-01 09:25:31.359 0 0 D mv2112_update_link: link 0x0
01-01 09:25:31.359 0 0 D mv2112_read_status: autoneg is disabled
01-01 09:25:32.303 0 0 I : read descriptors
01-01 09:25:32.303 0 0 I : read strings
01-01 09:25:32.382 0 0 D : mv2112_read_status
01-01 09:25:32.383 0 0 D mv2112_update_link: 3.0x901(1G): 0x80
01-01 09:25:32.383 0 0 D mv2112_update_link: 3.0x8109(100M): 0x8
01-01 09:25:32.383 0 0 D mv2112_update_link: link 0x0
01-01 09:25:32.383 0 0 D mv2112_read_status: autoneg is disabled
01-01 09:25:33.319 0 0 I : read descriptors
01-01 09:25:33.319 0 0 I : read strings
01-01 09:25:33.406 0 0 D : mv2112_read_status
01-01 09:25:33.407 0 0 D mv2112_update_link: 3.0x901(1G): 0x80
01-01 09:25:33.407 0 0 D mv2112_update_link: 3.0x8109(100M): 0x8
01-01 09:25:33.407 0 0 D mv2112_update_link: link 0x0
01-01 09:25:33.407 0 0 D mv2112_read_status: autoneg is disabled
01-01 09:25:34.335 0 0 I : read descriptors
01-01 09:25:34.335 0 0 I : read strings
01-01 09:25:34.430 0 0 D : mv2112_read_status
01-01 09:25:34.430 0 0 D mv2112_update_link: 3.0x901(1G): 0x80
01-01 09:25:34.431 0 0 D mv2112_update_link: 3.0x8109(100M): 0x8
01-01 09:25:34.431 0 0 D mv2112_update_link: link 0x0
01-01 09:25:34.431 0 0 D mv2112_read_status: autoneg is disabled
01-01 09:25:35.351 0 0 I : read descriptors
01-01 09:25:35.351 0 0 I : read strings
01-01 09:25:35.454 0 0 D : mv2112_read_status
01-01 09:25:35.455 0 0 D mv2112_update_link: 3.0x901(1G): 0x80
01-01 09:25:35.455 0 0 D mv2112_update_link: 3.0x8109(100M): 0x8
01-01 09:25:35.455 0 0 D mv2112_update_link: link 0x0
01-01 09:25:35.455 0 0 D mv2112_read_status: autoneg is disabled
01-01 09:25:36.371 0 0 I : read descriptors
01-01 09:25:36.371 0 0 I : read strings
01-01 09:25:36.478 0 0 D : mv2112_read_status
01-01 09:25:36.479 0 0 D mv2112_update_link: 3.0x901(1G): 0x80
01-01 09:25:36.479 0 0 D mv2112_update_link: 3.0x8109(100M): 0x8
01-01 09:25:36.479 0 0 D mv2112_update_link: link 0x0
01-01 09:25:36.479 0 0 D mv2112_read_status: autoneg is disabled
01-01 09:25:37.387 0 0 I : read descriptors
01-01 09:25:37.387 0 0 I : read strings
01-01 09:25:37.502 0 0 D : mv2112_read_status
01-01 09:25:37.502 0 0 D mv2112_update_link: 3.0x901(1G): 0x80
01-01 09:25:37.503 0 0 D mv2112_update_link: 3.0x8109(100M): 0x8
01-01 09:25:37.503 0 0 D mv2112_update_link: link 0x0
01-01 09:25:37.503 0 0 D mv2112_read_status: autoneg is disabled
01-01 09:25:38.403 0 0 I : read descriptors
01-01 09:25:38.403 0 0 I : read strings
01-01 09:25:38.526 0 0 D : mv2112_read_status
01-01 09:25:38.527 0 0 D mv2112_update_link: 3.0x901(1G): 0x80
01-01 09:25:38.527 0 0 D mv2112_update_link: 3.0x8109(100M): 0x8
01-01 09:25:38.527 0 0 D mv2112_update_link: link 0x0
01-01 09:25:38.527 0 0 D mv2112_read_status: autoneg is disabled
01-01 09:25:39.419 0 0 I : read descriptors
01-01 09:25:39.419 0 0 I : read strings
01-01 09:25:39.550 0 0 D : mv2112_read_status
01-01 09:25:39.550 0 0 D mv2112_update_link: 3.0x901(1G): 0x80
01-01 09:25:39.551 0 0 D mv2112_update_link: 3.0x8109(100M): 0x8
01-01 09:25:39.551 0 0 D mv2112_update_link: link 0x0
01-01 09:25:39.551 0 0 D mv2112_read_status: autoneg is disabled
01-01 09:25:40.435 0 0 I : read descriptors
01-01 09:25:40.435 0 0 I : read strings
01-01 09:25:40.574 0 0 D : mv2112_read_status
01-01 09:25:40.574 0 0 D mv2112_update_link: 3.0x901(1G): 0x80
01-01 09:25:40.575 0 0 D mv2112_update_link: 3.0x8109(100M): 0x8
01-01 09:25:40.575 0 0 D mv2112_update_link: link 0x0
01-01 09:25:40.575 0 0 D mv2112_read_status: autoneg is disabled
01-01 09:25:41.451 0 0 I : read descriptors
01-01 09:25:41.451 0 0 I : read strings
01-01 09:25:41.598 0 0 D : mv2112_read_status
01-01 09:25:41.599 0 0 D mv2112_update_link: 3.0x901(1G): 0x80
01-01 09:25:41.599 0 0 D mv2112_update_link: 3.0x8109(100M): 0x8
01-01 09:25:41.599 0 0 D mv2112_update_link: link 0x0
01-01 09:25:41.599 0 0 D mv2112_read_status: autoneg is disabled
01-01 09:25:42.471 0 0 I : read descriptors
01-01 09:25:42.471 0 0 I : read strings
01-01 09:25:42.622 0 0 D : mv2112_read_status
01-01 09:25:42.623 0 0 D mv2112_update_link: 3.0x901(1G): 0x80
01-01 09:25:42.623 0 0 D mv2112_update_link: 3.0x8109(100M): 0x8
01-01 09:25:42.623 0 0 D mv2112_update_link: link 0x0
01-01 09:25:42.623 0 0 D mv2112_read_status: autoneg is disabled
01-01 09:25:43.491 0 0 I : read descriptors
01-01 09:25:43.491 0 0 I : read strings
01-01 09:25:43.646 0 0 D : mv2112_read_status
01-01 09:25:43.646 0 0 D mv2112_update_link: 3.0x901(1G): 0x80
01-01 09:25:43.647 0 0 D mv2112_update_link: 3.0x8109(100M): 0x8
01-01 09:25:43.647 0 0 D mv2112_update_link: link 0x0
01-01 09:25:43.647 0 0 D mv2112_read_status: autoneg is disabled
01-01 09:25:44.515 0 0 I : read descriptors
01-01 09:25:44.515 0 0 I : read strings
01-01 09:25:44.670 0 0 D : mv2112_read_status
01-01 09:25:44.670 0 0 D mv2112_update_link: 3.0x901(1G): 0x80
01-01 09:25:44.671 0 0 D mv2112_update_link: 3.0x8109(100M): 0x8
01-01 09:25:44.671 0 0 D mv2112_update_link: link 0x0
01-01 09:25:44.671 0 0 D mv2112_read_status: autoneg is disabled
01-01 09:25:45.531 0 0 I : read descriptors
01-01 09:25:45.531 0 0 I : read strings
01-01 09:25:45.694 0 0 D : mv2112_read_status
01-01 09:25:45.695 0 0 D mv2112_update_link: 3.0x901(1G): 0x80
01-01 09:25:45.695 0 0 D mv2112_update_link: 3.0x8109(100M): 0x8
01-01 09:25:45.695 0 0 D mv2112_update_link: link 0x0
01-01 09:25:45.695 0 0 D mv2112_read_status: autoneg is disabled
01-01 09:25:46.547 0 0 I : read descriptors
01-01 09:25:46.547 0 0 I : read strings
01-01 09:25:46.718 0 0 D : mv2112_read_status
01-01 09:25:46.719 0 0 D mv2112_update_link: 3.0x901(1G): 0x80
01-01 09:25:46.719 0 0 D mv2112_update_link: 3.0x8109(100M): 0x8
01-01 09:25:46.719 0 0 D mv2112_update_link: link 0x0
01-01 09:25:46.719 0 0 D mv2112_read_status: autoneg is disabled
01-01 09:25:47.563 0 0 I : read descriptors
01-01 09:25:47.563 0 0 I : read strings
01-01 09:25:47.742 0 0 D : mv2112_read_status
01-01 09:25:47.743 0 0 D mv2112_update_link: 3.0x901(1G): 0x80
01-01 09:25:47.743 0 0 D mv2112_update_link: 3.0x8109(100M): 0x8
01-01 09:25:47.743 0 0 D mv2112_update_link: link 0x0
01-01 09:25:47.743 0 0 D mv2112_read_status: autoneg is disabled
01-01 09:25:48.579 0 0 I : read descriptors
01-01 09:25:48.579 0 0 I : read strings
01-01 09:25:48.766 0 0 D : mv2112_read_status
01-01 09:25:48.766 0 0 D mv2112_update_link: 3.0x901(1G): 0x80
01-01 09:25:48.767 0 0 D mv2112_update_link: 3.0x8109(100M): 0x8
01-01 09:25:48.767 0 0 D mv2112_update_link: link 0x0
01-01 09:25:48.767 0 0 D mv2112_read_status: autoneg is disabled
01-01 09:25:49.591 0 0 I : read descriptors
01-01 09:25:49.591 0 0 I : read strings
01-01 09:25:49.790 0 0 D : mv2112_read_status
01-01 09:25:49.791 0 0 D mv2112_update_link: 3.0x901(1G): 0x80
01-01 09:25:49.791 0 0 D mv2112_update_link: 3.0x8109(100M): 0x8
01-01 09:25:49.791 0 0 D mv2112_update_link: link 0x0
01-01 09:25:49.791 0 0 D mv2112_read_status: autoneg is disabled
01-01 09:25:50.603 0 0 I : read descriptors
01-01 09:25:50.603 0 0 I : read strings
01-01 09:25:50.814 0 0 D : mv2112_read_status
01-01 09:25:50.815 0 0 D mv2112_update_link: 3.0x901(1G): 0x80
01-01 09:25:50.815 0 0 D mv2112_update_link: 3.0x8109(100M): 0x8
01-01 09:25:50.815 0 0 D mv2112_update_link: link 0x0
01-01 09:25:50.815 0 0 D mv2112_read_status: autoneg is disabled
01-01 09:25:51.615 0 0 I : read descriptors
01-01 09:25:51.615 0 0 I : read strings
01-01 09:25:51.838 0 0 D : mv2112_read_status
01-01 09:25:51.839 0 0 D mv2112_update_link: 3.0x901(1G): 0x80
01-01 09:25:51.839 0 0 D mv2112_update_link: 3.0x8109(100M): 0x8
01-01 09:25:51.839 0 0 D mv2112_update_link: link 0x0
01-01 09:25:51.839 0 0 D mv2112_read_status: autoneg is disabled
01-01 09:25:52.631 0 0 I : read descriptors
01-01 09:25:52.631 0 0 I : read strings
01-01 09:25:52.862 0 0 D : mv2112_read_status
01-01 09:25:52.863 0 0 D mv2112_update_link: 3.0x901(1G): 0x80
01-01 09:25:52.863 0 0 D mv2112_update_link: 3.0x8109(100M): 0x8
01-01 09:25:52.863 0 0 D mv2112_update_link: link 0x0
01-01 09:25:52.863 0 0 D mv2112_read_status: autoneg is disabled
01-01 09:25:53.643 0 0 I : read descriptors
01-01 09:25:53.643 0 0 I : read strings
01-01 09:25:53.886 0 0 D : mv2112_read_status
01-01 09:25:53.887 0 0 D mv2112_update_link: 3.0x901(1G): 0x80
01-01 09:25:53.887 0 0 D mv2112_update_link: 3.0x8109(100M): 0x8
01-01 09:25:53.887 0 0 D mv2112_update_link: link 0x0
01-01 09:25:53.887 0 0 D mv2112_read_status: autoneg is disabled
01-01 09:25:54.655 0 0 I : read descriptors
01-01 09:25:54.655 0 0 I : read strings
01-01 09:25:54.910 0 0 D : mv2112_read_status
01-01 09:25:54.911 0 0 D mv2112_update_link: 3.0x901(1G): 0x80
01-01 09:25:54.911 0 0 D mv2112_update_link: 3.0x8109(100M): 0x8
01-01 09:25:54.911 0 0 D mv2112_update_link: link 0x0
01-01 09:25:54.911 0 0 D mv2112_read_status: autoneg is disabled
01-01 09:25:55.667 0 0 I : read descriptors
01-01 09:25:55.667 0 0 I : read strings
01-01 09:25:55.934 0 0 D : mv2112_read_status
01-01 09:25:55.934 0 0 D mv2112_update_link: 3.0x901(1G): 0x80
01-01 09:25:55.935 0 0 D mv2112_update_link: 3.0x8109(100M): 0x8
01-01 09:25:55.935 0 0 D mv2112_update_link: link 0x0
01-01 09:25:55.935 0 0 D mv2112_read_status: autoneg is disabled
01-01 09:25:56.679 0 0 I : read descriptors
01-01 09:25:56.679 0 0 I : read strings
01-01 09:25:56.958 0 0 D : mv2112_read_status
01-01 09:25:56.959 0 0 D mv2112_update_link: 3.0x901(1G): 0x80
01-01 09:25:56.959 0 0 D mv2112_update_link: 3.0x8109(100M): 0x8
01-01 09:25:56.959 0 0 D mv2112_update_link: link 0x0
01-01 09:25:56.959 0 0 D mv2112_read_status: autoneg is disabled
01-01 09:25:57.691 0 0 I : read descriptors
01-01 09:25:57.691 0 0 I : read strings
01-01 09:25:57.982 0 0 D : mv2112_read_status
01-01 09:25:57.983 0 0 D mv2112_update_link: 3.0x901(1G): 0x80
01-01 09:25:57.983 0 0 D mv2112_update_link: 3.0x8109(100M): 0x8
01-01 09:25:57.983 0 0 D mv2112_update_link: link 0x0
01-01 09:25:57.983 0 0 D mv2112_read_status: autoneg is disabled
01-01 09:25:58.703 0 0 I : read descriptors
01-01 09:25:58.703 0 0 I : read strings
01-01 09:25:59.006 0 0 D : mv2112_read_status
01-01 09:25:59.006 0 0 D mv2112_update_link: 3.0x901(1G): 0x80
01-01 09:25:59.007 0 0 D mv2112_update_link: 3.0x8109(100M): 0x8
01-01 09:25:59.007 0 0 D mv2112_update_link: link 0x0
01-01 09:25:59.007 0 0 D mv2112_read_status: autoneg is disabled
01-01 09:25:59.719 0 0 I : read descriptors
01-01 09:25:59.719 0 0 I : read strings
01-01 09:26:00.030 0 0 D : mv2112_read_status
01-01 09:26:00.030 0 0 D mv2112_update_link: 3.0x901(1G): 0x80
01-01 09:26:00.031 0 0 D mv2112_update_link: 3.0x8109(100M): 0x8
01-01 09:26:00.031 0 0 D mv2112_update_link: link 0x0
01-01 09:26:00.031 0 0 D mv2112_read_status: autoneg is disabled
01-01 09:26:00.735 0 0 I : read descriptors
01-01 09:26:00.735 0 0 I : read strings
01-01 09:26:01.054 0 0 D : mv2112_read_status
01-01 09:26:01.055 0 0 D mv2112_update_link: 3.0x901(1G): 0x80
01-01 09:26:01.055 0 0 D mv2112_update_link: 3.0x8109(100M): 0x8
01-01 09:26:01.055 0 0 D mv2112_update_link: link 0x0
01-01 09:26:01.055 0 0 D mv2112_read_status: autoneg is disabled
01-01 09:26:01.747 0 0 I : read descriptors
01-01 09:26:01.747 0 0 I : read strings
01-01 09:26:02.078 0 0 D : mv2112_read_status
01-01 09:26:02.079 0 0 D mv2112_update_link: 3.0x901(1G): 0x80
01-01 09:26:02.079 0 0 D mv2112_update_link: 3.0x8109(100M): 0x8
01-01 09:26:02.079 0 0 D mv2112_update_link: link 0x0
01-01 09:26:02.079 0 0 D mv2112_read_status: autoneg is disabled
01-01 09:26:02.763 0 0 I : read descriptors
01-01 09:26:02.763 0 0 I : read strings
01-01 09:26:03.102 0 0 D : mv2112_read_status
01-01 09:26:03.103 0 0 D mv2112_update_link: 3.0x901(1G): 0x80
01-01 09:26:03.103 0 0 D mv2112_update_link: 3.0x8109(100M): 0x8
01-01 09:26:03.103 0 0 D mv2112_update_link: link 0x0
01-01 09:26:03.103 0 0 D mv2112_read_status: autoneg is disabled
01-01 09:26:03.775 0 0 I : read descriptors
01-01 09:26:03.775 0 0 I : read strings
01-01 09:26:04.126 0 0 D : mv2112_read_status
01-01 09:26:04.127 0 0 D mv2112_update_link: 3.0x901(1G): 0x80
01-01 09:26:04.127 0 0 D mv2112_update_link: 3.0x8109(100M): 0x8
01-01 09:26:04.127 0 0 D mv2112_update_link: link 0x0
01-01 09:26:04.127 0 0 D mv2112_read_status: autoneg is disabled
12-14 03:25:35.528 1503 1649 V DisplayPowerController[0]: Brightness [0.05] reason changing to: 'manual [ dim ]', previous reason: 'manual'.
12-14 03:25:35.529 1503 2348 E DisplayDeviceConfig: requesting nits when no mapping exists.
12-14 03:25:35.530 1503 2348 E DisplayDeviceConfig: requesting nits when no mapping exists.
12-14 03:25:35.532 1503 1612 I DropBoxManagerService: add tag=system_server_wtf isTagEnabled=true flags=0x2
12-14 03:25:35.536 1503 1612 I DropBoxManagerService: add tag=system_server_wtf isTagEnabled=true flags=0x2
01-01 09:26:04.795 0 0 I : read descriptors
01-01 09:26:04.795 0 0 I : read strings
01-01 09:26:05.150 0 0 D : mv2112_read_status
01-01 09:26:05.151 0 0 D mv2112_update_link: 3.0x901(1G): 0x80
01-01 09:26:05.151 0 0 D mv2112_update_link: 3.0x8109(100M): 0x8
01-01 09:26:05.151 0 0 D mv2112_update_link: link 0x0
01-01 09:26:05.151 0 0 D mv2112_read_status: autoneg is disabled
01-01 09:26:05.811 0 0 I : read descriptors
01-01 09:26:05.811 0 0 I : read strings
01-01 09:26:06.174 0 0 D : mv2112_read_status
01-01 09:26:06.175 0 0 D mv2112_update_link: 3.0x901(1G): 0x80
01-01 09:26:06.175 0 0 D mv2112_update_link: 3.0x8109(100M): 0x8
01-01 09:26:06.175 0 0 D mv2112_update_link: link 0x0
01-01 09:26:06.175 0 0 D mv2112_read_status: autoneg is disabled
01-01 09:26:06.823 0 0 I : read descriptors
01-01 09:26:06.823 0 0 I : read strings
01-01 09:26:07.198 0 0 D : mv2112_read_status
01-01 09:26:07.199 0 0 D mv2112_update_link: 3.0x901(1G): 0x80
01-01 09:26:07.199 0 0 D mv2112_update_link: 3.0x8109(100M): 0x8
01-01 09:26:07.199 0 0 D mv2112_update_link: link 0x0
01-01 09:26:07.199 0 0 D mv2112_read_status: autoneg is disabled
01-01 09:26:07.835 0 0 I : read descriptors
01-01 09:26:07.835 0 0 I : read strings
01-01 09:26:08.222 0 0 D : mv2112_read_status
01-01 09:26:08.223 0 0 D mv2112_update_link: 3.0x901(1G): 0x80
01-01 09:26:08.223 0 0 D mv2112_update_link: 3.0x8109(100M): 0x8
01-01 09:26:08.223 0 0 D mv2112_update_link: link 0x0
01-01 09:26:08.223 0 0 D mv2112_read_status: autoneg is disabled
01-01 09:26:08.855 0 0 I : read descriptors
01-01 09:26:08.855 0 0 I : read strings
01-01 09:26:09.246 0 0 D : mv2112_read_status
01-01 09:26:09.246 0 0 D mv2112_update_link: 3.0x901(1G): 0x80
01-01 09:26:09.247 0 0 D mv2112_update_link: 3.0x8109(100M): 0x8
01-01 09:26:09.247 0 0 D mv2112_update_link: link 0x0
01-01 09:26:09.247 0 0 D mv2112_read_status: autoneg is disabled
01-01 09:26:09.871 0 0 I : read descriptors
01-01 09:26:09.871 0 0 I : read strings
01-01 09:26:10.270 0 0 D : mv2112_read_status
01-01 09:26:10.271 0 0 D mv2112_update_link: 3.0x901(1G): 0x80
01-01 09:26:10.271 0 0 D mv2112_update_link: 3.0x8109(100M): 0x8
01-01 09:26:10.271 0 0 D mv2112_update_link: link 0x0
01-01 09:26:10.271 0 0 D mv2112_read_status: autoneg is disabled
01-01 09:26:10.887 0 0 I : read descriptors
01-01 09:26:10.887 0 0 I : read strings
01-01 09:26:11.294 0 0 D : mv2112_read_status
01-01 09:26:11.294 0 0 D mv2112_update_link: 3.0x901(1G): 0x80
01-01 09:26:11.295 0 0 D mv2112_update_link: 3.0x8109(100M): 0x8
01-01 09:26:11.295 0 0 D mv2112_update_link: link 0x0
01-01 09:26:11.295 0 0 D mv2112_read_status: autoneg is disabled
01-01 09:26:11.907 0 0 I : read descriptors
01-01 09:26:11.907 0 0 I : read strings
01-01 09:26:12.318 0 0 D : mv2112_read_status
01-01 09:26:12.319 0 0 D mv2112_update_link: 3.0x901(1G): 0x80
01-01 09:26:12.319 0 0 D mv2112_update_link: 3.0x8109(100M): 0x8
01-01 09:26:12.319 0 0 D mv2112_update_link: link 0x0
01-01 09:26:12.319 0 0 D mv2112_read_status: autoneg is disabled
01-01 09:26:12.919 0 0 I : read descriptors
01-01 09:26:12.919 0 0 I : read strings
01-01 09:26:13.342 0 0 D : mv2112_read_status
01-01 09:26:13.342 0 0 D mv2112_update_link: 3.0x901(1G): 0x80
01-01 09:26:13.343 0 0 D mv2112_update_link: 3.0x8109(100M): 0x8
01-01 09:26:13.343 0 0 D mv2112_update_link: link 0x0
01-01 09:26:13.343 0 0 D mv2112_read_status: autoneg is disabled
01-01 09:26:13.931 0 0 I : read descriptors
01-01 09:26:13.931 0 0 I : read strings
01-01 09:26:14.366 0 0 D : mv2112_read_status
01-01 09:26:14.367 0 0 D mv2112_update_link: 3.0x901(1G): 0x80
01-01 09:26:14.367 0 0 D mv2112_update_link: 3.0x8109(100M): 0x8
01-01 09:26:14.367 0 0 D mv2112_update_link: link 0x0
01-01 09:26:14.367 0 0 D mv2112_read_status: autoneg is disabled
01-01 09:26:14.943 0 0 I : read descriptors
01-01 09:26:14.943 0 0 I : read strings
01-01 09:26:15.390 0 0 D : mv2112_read_status
01-01 09:26:15.390 0 0 D mv2112_update_link: 3.0x901(1G): 0x80
01-01 09:26:15.391 0 0 D mv2112_update_link: 3.0x8109(100M): 0x8
01-01 09:26:15.391 0 0 D mv2112_update_link: link 0x0
01-01 09:26:15.391 0 0 D mv2112_read_status: autoneg is disabled
01-01 09:26:15.955 0 0 I : read descriptors
01-01 09:26:15.955 0 0 I : read strings
01-01 09:26:16.414 0 0 D : mv2112_read_status
01-01 09:26:16.415 0 0 D mv2112_update_link: 3.0x901(1G): 0x80
01-01 09:26:16.415 0 0 D mv2112_update_link: 3.0x8109(100M): 0x8
01-01 09:26:16.415 0 0 D mv2112_update_link: link 0x0
01-01 09:26:16.415 0 0 D mv2112_read_status: autoneg is disabled
01-01 09:26:16.967 0 0 I : read descriptors
01-01 09:26:16.967 0 0 I : read strings
01-01 09:26:17.438 0 0 D : mv2112_read_status
01-01 09:26:17.439 0 0 D mv2112_update_link: 3.0x901(1G): 0x80
01-01 09:26:17.439 0 0 D mv2112_update_link: 3.0x8109(100M): 0x8
01-01 09:26:17.439 0 0 D mv2112_update_link: link 0x0
01-01 09:26:17.439 0 0 D mv2112_read_status: autoneg is disabled
01-01 09:26:17.979 0 0 I : read descriptors
01-01 09:26:17.979 0 0 I : read strings
01-01 09:26:18.462 0 0 D : mv2112_read_status
01-01 09:26:18.463 0 0 D mv2112_update_link: 3.0x901(1G): 0x80
01-01 09:26:18.463 0 0 D mv2112_update_link: 3.0x8109(100M): 0x8
01-01 09:26:18.463 0 0 D mv2112_update_link: link 0x0
01-01 09:26:18.463 0 0 D mv2112_read_status: autoneg is disabled
01-01 09:26:18.991 0 0 I : read descriptors
01-01 09:26:18.991 0 0 I : read strings
01-01 09:26:19.486 0 0 D : mv2112_read_status
01-01 09:26:19.486 0 0 D mv2112_update_link: 3.0x901(1G): 0x80
01-01 09:26:19.487 0 0 D mv2112_update_link: 3.0x8109(100M): 0x8
01-01 09:26:19.487 0 0 D mv2112_update_link: link 0x0
01-01 09:26:19.487 0 0 D mv2112_read_status: autoneg is disabled
01-01 09:26:20.003 0 0 I : read descriptors
01-01 09:26:20.003 0 0 I : read strings
01-01 09:26:20.510 0 0 D : mv2112_read_status
01-01 09:26:20.511 0 0 D mv2112_update_link: 3.0x901(1G): 0x80
01-01 09:26:20.511 0 0 D mv2112_update_link: 3.0x8109(100M): 0x8
01-01 09:26:20.511 0 0 D mv2112_update_link: link 0x0
01-01 09:26:20.511 0 0 D mv2112_read_status: autoneg is disabled
01-01 09:26:21.015 0 0 I : read descriptors
01-01 09:26:21.015 0 0 I : read strings
01-01 09:26:21.534 0 0 D : mv2112_read_status
01-01 09:26:21.534 0 0 D mv2112_update_link: 3.0x901(1G): 0x80
01-01 09:26:21.535 0 0 D mv2112_update_link: 3.0x8109(100M): 0x8
01-01 09:26:21.535 0 0 D mv2112_update_link: link 0x0
01-01 09:26:21.535 0 0 D mv2112_read_status: autoneg is disabled
01-01 09:26:22.027 0 0 I : read descriptors
01-01 09:26:22.027 0 0 I : read strings
01-01 09:26:22.558 0 0 D : mv2112_read_status
01-01 09:26:22.559 0 0 D mv2112_update_link: 3.0x901(1G): 0x80
01-01 09:26:22.559 0 0 D mv2112_update_link: 3.0x8109(100M): 0x8
01-01 09:26:22.559 0 0 D mv2112_update_link: link 0x0
01-01 09:26:22.559 0 0 D mv2112_read_status: autoneg is disabled
01-01 09:26:23.035 0 0 I : read descriptors
01-01 09:26:23.035 0 0 I : read strings
01-01 09:26:23.582 0 0 D : mv2112_read_status
01-01 09:26:23.583 0 0 D mv2112_update_link: 3.0x901(1G): 0x80
01-01 09:26:23.583 0 0 D mv2112_update_link: 3.0x8109(100M): 0x8
01-01 09:26:23.583 0 0 D mv2112_update_link: link 0x0
01-01 09:26:23.583 0 0 D mv2112_read_status: autoneg is disabled
01-01 09:26:24.047 0 0 I : read descriptors
01-01 09:26:24.047 0 0 I : read strings
01-01 09:26:24.606 0 0 D : mv2112_read_status
01-01 09:26:24.606 0 0 D mv2112_update_link: 3.0x901(1G): 0x80
01-01 09:26:24.607 0 0 D mv2112_update_link: 3.0x8109(100M): 0x8
01-01 09:26:24.607 0 0 D mv2112_update_link: link 0x0
01-01 09:26:24.607 0 0 D mv2112_read_status: autoneg is disabled
01-01 09:26:25.059 0 0 I : read descriptors
01-01 09:26:25.059 0 0 I : read strings
12-14 03:25:56.399 1503 1649 I PowerManagerService: Napping display group (groupId=0, uid=1000)...
12-14 03:25:56.399 1503 1649 I PowerManagerService: Nap time (uid 1000)...
12-14 03:25:56.401 1503 1649 I DreamManagerService: Entering dreamland.
12-14 03:25:56.404 1503 1649 I PowerManagerService: Dreaming...
12-14 03:25:56.412 1503 1601 I DreamController: Starting dream: name=ComponentInfo{com.thundercomm.screensaver/com.thundercomm.saverclock.service.ClockScreensaver}, isTest=false, canDoze=false, userId=0
12-14 03:25:56.417 1503 1601 D CompatibilityChangeReporter: Compat change id reported: 135634846; UID 10052; state: DISABLED
12-14 03:25:56.417 1503 1601 D CompatibilityChangeReporter: Compat change id reported: 177438394; UID 10052; state: DISABLED
12-14 03:25:56.417 1503 1601 D CompatibilityChangeReporter: Compat change id reported: 135772972; UID 10052; state: DISABLED
12-14 03:25:56.418 1503 1601 D CompatibilityChangeReporter: Compat change id reported: 135754954; UID 10052; state: ENABLED
12-14 03:25:56.418 1503 1613 D CompatibilityChangeReporter: Compat change id reported: 143937733; UID 10052; state: ENABLED
12-14 03:25:56.433 1503 1613 I ActivityManager: Start proc 5028:com.thundercomm.screensaver/u0a52 for service {com.thundercomm.screensaver/com.thundercomm.saverclock.service.ClockScreensaver}
01-01 09:26:25.368 0 0 I binder : 5028:5028 ioctl 40046210 7fe38dfb64 returned -22
12-14 03:25:56.462 1503 3365 D CompatibilityChangeReporter: Compat change id reported: 168419799; UID 10052; state: DISABLED
12-14 03:25:56.522 5028 5028 D MicroServiceManager: add linkToDeath
12-14 03:25:56.522 5028 5028 D MicroServiceManager: bindMicroService: called already get service
12-14 03:25:56.522 5028 5028 I MicroServiceManager: addCommonCallbackListener add listener
12-14 03:25:56.522 5028 5028 I MicroServiceManager: addConnectChangedListener add listener
12-14 03:25:56.524 1503 3365 I ActivityTaskManager: START u0 {flg=0x10000000 pkg=com.thundercomm.screensaver cmp=com.thundercomm.screensaver/android.service.dreams.DreamActivity (has extras)} from uid 10052
12-14 03:25:56.526 1503 3365 D CompatibilityChangeReporter: Compat change id reported: 184838306; UID 10052; state: DISABLED
12-14 03:25:56.527 1503 3365 D CompatibilityChangeReporter: Compat change id reported: 185004937; UID 10052; state: DISABLED
12-14 03:25:56.527 1503 3365 D CompatibilityChangeReporter: Compat change id reported: 181136395; UID 10052; state: DISABLED
12-14 03:25:56.528 1503 3365 D CompatibilityChangeReporter: Compat change id reported: 174042936; UID 10052; state: DISABLED
12-14 03:25:56.528 1503 3365 D CompatibilityChangeReporter: Compat change id reported: 174042980; UID 10052; state: DISABLED
12-14 03:25:56.529 1503 3365 W ActivityTaskManager: Can't find TaskDisplayArea to determine support for multi window. Task id=10 attached=false
12-14 03:25:56.542 1503 4726 I ActivityTaskManager: FOREGROUND_APPLICATION_CHANGED to android.service.dreams.DreamActivity
12-14 03:25:56.542 1503 4726 I ActivityTaskManager: The Process com.thundercomm.screensaver Already Exists in BG. So sending its PID: 5028
12-14 03:25:56.558 4287 4324 W ContextImpl: Calling a method in the system process without a qualified user: android.app.ContextImpl.startService:1816 android.content.ContextWrapper.startService:774 com.thundercomm.gamemode.ingame.services.GameModeActionUtils.startGameModeService:99 com.thundercomm.gamemode.ingame.services.GameModeActionUtils.startGameModeEntry:22 com.thundercomm.gamemode.ingame.services.ActivityMonitoringService$1.onActivityLaunch:127
12-14 03:25:56.564 1503 1503 I GameModeConfig: Current uri is uri = content://com.thundercomm.gamemode.api/gamemode_settings/gamemode_isgaming
12-14 03:25:56.567 1503 1503 I GameModeConfig: isGameModeOn = false
12-14 03:25:56.567 1503 1503 I GameModeConfig: isGameModeOn = false
12-14 03:25:56.567 1503 1503 I GameModeConfig: isDisableVoice = true
12-14 03:25:56.572 1503 1590 W WindowManager: Failed looking up window session=Session{3340fa7 5028:u0a10052} callers=com.android.server.wm.WindowManagerService.windowForClientLocked:5628 com.android.server.wm.Session.insetsModified:629 android.view.IWindowSession$Stub.onTransact:1151
01-01 09:26:25.547 0 0 I binder : 5028:5049 ioctl 40046210 7606c901f4 returned -22
12-14 03:25:56.650 4287 4324 W ContextImpl: Calling a method in the system process without a qualified user: android.app.ContextImpl.startService:1816 android.content.ContextWrapper.startService:774 com.thundercomm.gamemode.ingame.services.GameModeActionUtils.startGameModeService:99 com.thundercomm.gamemode.ingame.services.GameModeActionUtils.startGameModeEntry:22 com.thundercomm.gamemode.ingame.services.ActivityMonitoringService$1.onActivityLaunch:127
12-14 03:25:56.654 1503 1503 I GameModeConfig: Current uri is uri = content://com.thundercomm.gamemode.api/gamemode_settings/gamemode_isgaming
12-14 03:25:56.655 1503 1503 I GameModeConfig: isGameModeOn = false
12-14 03:25:56.656 1503 1503 I GameModeConfig: isGameModeOn = false
12-14 03:25:56.656 1503 1503 I GameModeConfig: isDisableVoice = true
12-14 03:25:56.668 1503 5055 I DropBoxManagerService: add tag=system_app_wtf isTagEnabled=true flags=0x2
12-14 03:25:56.672 1503 1649 V DisplayPowerController[0]: Brightness [1.0] reason changing to: 'manual', previous reason: 'manual [ dim ]'.
12-14 03:25:56.690 1503 2348 E DisplayDeviceConfig: requesting nits when no mapping exists.
12-14 03:25:56.691 1503 2348 E DisplayDeviceConfig: requesting nits when no mapping exists.
12-14 03:25:56.691 1503 1612 I DropBoxManagerService: add tag=system_server_wtf isTagEnabled=true flags=0x2
12-14 03:25:56.693 1503 1612 I DropBoxManagerService: add tag=system_server_wtf isTagEnabled=true flags=0x2
12-14 03:25:56.707 1503 2348 E DisplayDeviceConfig: requesting nits when no mapping exists.
12-14 03:25:56.708 1503 2348 E DisplayDeviceConfig: requesting nits when no mapping exists.
12-14 03:25:56.708 1503 1612 I DropBoxManagerService: add tag=system_server_wtf isTagEnabled=true flags=0x2
12-14 03:25:56.710 1503 1612 I DropBoxManagerService: add tag=system_server_wtf isTagEnabled=true flags=0x2
01-01 09:26:25.630 0 0 D : mv2112_read_status
01-01 09:26:25.631 0 0 D mv2112_update_link: 3.0x901(1G): 0x80
01-01 09:26:25.631 0 0 D mv2112_update_link: 3.0x8109(100M): 0x8
01-01 09:26:25.631 0 0 D mv2112_update_link: link 0x0
01-01 09:26:25.631 0 0 D mv2112_read_status: autoneg is disabled
12-14 03:25:56.726 1503 2348 E DisplayDeviceConfig: requesting nits when no mapping exists.
12-14 03:25:56.727 1503 2348 E DisplayDeviceConfig: requesting nits when no mapping exists.
12-14 03:25:56.740 1503 2348 E DisplayDeviceConfig: requesting nits when no mapping exists.
12-14 03:25:56.740 1503 2348 E DisplayDeviceConfig: requesting nits when no mapping exists.
12-14 03:25:56.758 1503 2348 E DisplayDeviceConfig: requesting nits when no mapping exists.
12-14 03:25:56.758 1503 2348 E DisplayDeviceConfig: requesting nits when no mapping exists.
12-14 03:25:56.773 1503 2348 E DisplayDeviceConfig: requesting nits when no mapping exists.
12-14 03:25:56.774 1503 2348 E DisplayDeviceConfig: requesting nits when no mapping exists.
12-14 03:25:56.791 1503 2348 E DisplayDeviceConfig: requesting nits when no mapping exists.
12-14 03:25:56.792 1503 2348 E DisplayDeviceConfig: requesting nits when no mapping exists.
12-14 03:25:56.807 1503 2348 E DisplayDeviceConfig: requesting nits when no mapping exists.
12-14 03:25:56.808 1503 2348 E DisplayDeviceConfig: requesting nits when no mapping exists.
12-14 03:25:56.827 1503 1503 I GameModeConfig: isGameModeOn = false
12-14 03:25:56.831 1503 1503 W NotificationHistory: Attempted to add notif for locked/gone/disabled user 0
12-14 03:25:56.835 1503 2348 E DisplayDeviceConfig: requesting nits when no mapping exists.
12-14 03:25:56.837 1503 2348 E DisplayDeviceConfig: requesting nits when no mapping exists.
12-14 03:25:56.842 1503 2348 E DisplayDeviceConfig: requesting nits when no mapping exists.
12-14 03:25:56.843 1503 2348 E DisplayDeviceConfig: requesting nits when no mapping exists.
12-14 03:25:56.857 1503 2348 E DisplayDeviceConfig: requesting nits when no mapping exists.
12-14 03:25:56.857 1503 2348 E DisplayDeviceConfig: requesting nits when no mapping exists.
12-14 03:25:56.873 1503 2348 E DisplayDeviceConfig: requesting nits when no mapping exists.
12-14 03:25:56.874 1503 2348 E DisplayDeviceConfig: requesting nits when no mapping exists.
12-14 03:25:56.890 1503 2348 E DisplayDeviceConfig: requesting nits when no mapping exists.
12-14 03:25:56.890 1503 2348 E DisplayDeviceConfig: requesting nits when no mapping exists.
12-14 03:25:56.907 1503 2348 E DisplayDeviceConfig: requesting nits when no mapping exists.
12-14 03:25:56.907 1503 2348 E DisplayDeviceConfig: requesting nits when no mapping exists.
12-14 03:25:56.925 1503 2348 E DisplayDeviceConfig: requesting nits when no mapping exists.
12-14 03:25:56.925 1503 2348 E DisplayDeviceConfig: requesting nits when no mapping exists.
12-14 03:25:56.940 1503 2348 E DisplayDeviceConfig: requesting nits when no mapping exists.
12-14 03:25:56.941 1503 2348 E DisplayDeviceConfig: requesting nits when no mapping exists.
12-14 03:25:56.959 1503 2348 E DisplayDeviceConfig: requesting nits when no mapping exists.
12-14 03:25:56.959 1503 2348 E DisplayDeviceConfig: requesting nits when no mapping exists.
12-14 03:25:56.974 1503 2348 E DisplayDeviceConfig: requesting nits when no mapping exists.
12-14 03:25:56.975 1503 2348 E DisplayDeviceConfig: requesting nits when no mapping exists.
12-14 03:25:56.991 1503 2348 E DisplayDeviceConfig: requesting nits when no mapping exists.
12-14 03:25:56.991 1503 2348 E DisplayDeviceConfig: requesting nits when no mapping exists.
12-14 03:25:57.024 1503 2348 E DisplayDeviceConfig: requesting nits when no mapping exists.
12-14 03:25:57.025 1503 2348 E DisplayDeviceConfig: requesting nits when no mapping exists.
12-14 03:25:57.030 1503 2348 E DisplayDeviceConfig: requesting nits when no mapping exists.
12-14 03:25:57.030 1503 2348 E DisplayDeviceConfig: requesting nits when no mapping exists.
12-14 03:25:57.041 1503 2348 E DisplayDeviceConfig: requesting nits when no mapping exists.
12-14 03:25:57.041 1503 2348 E DisplayDeviceConfig: requesting nits when no mapping exists.
12-14 03:25:57.057 1503 2348 E DisplayDeviceConfig: requesting nits when no mapping exists.
12-14 03:25:57.058 1503 2348 E DisplayDeviceConfig: requesting nits when no mapping exists.
12-14 03:25:57.074 1503 2348 E DisplayDeviceConfig: requesting nits when no mapping exists.
12-14 03:25:57.075 1503 2348 E DisplayDeviceConfig: requesting nits when no mapping exists.
12-14 03:25:57.091 1503 2348 E DisplayDeviceConfig: requesting nits when no mapping exists.
12-14 03:25:57.091 1503 2348 E DisplayDeviceConfig: requesting nits when no mapping exists.
12-14 03:25:57.108 1503 2348 E DisplayDeviceConfig: requesting nits when no mapping exists.
12-14 03:25:57.109 1503 2348 E DisplayDeviceConfig: requesting nits when no mapping exists.
12-14 03:25:57.124 1503 2348 E DisplayDeviceConfig: requesting nits when no mapping exists.
12-14 03:25:57.125 1503 2348 E DisplayDeviceConfig: requesting nits when no mapping exists.
12-14 03:25:57.141 1503 2348 E DisplayDeviceConfig: requesting nits when no mapping exists.
12-14 03:25:57.142 1503 2348 E DisplayDeviceConfig: requesting nits when no mapping exists.
12-14 03:25:57.159 1503 2348 E DisplayDeviceConfig: requesting nits when no mapping exists.
12-14 03:25:57.160 1503 2348 E DisplayDeviceConfig: requesting nits when no mapping exists.
01-01 09:26:26.079 0 0 I : read descriptors
01-01 09:26:26.079 0 0 I : read strings
12-14 03:25:57.174 1503 2348 E DisplayDeviceConfig: requesting nits when no mapping exists.
12-14 03:25:57.175 1503 2348 E DisplayDeviceConfig: requesting nits when no mapping exists.
12-14 03:25:57.192 1503 2348 E DisplayDeviceConfig: requesting nits when no mapping exists.
12-14 03:25:57.192 1503 2348 E DisplayDeviceConfig: requesting nits when no mapping exists.
12-14 03:25:57.208 1503 2348 E DisplayDeviceConfig: requesting nits when no mapping exists.
12-14 03:25:57.209 1503 2348 E DisplayDeviceConfig: requesting nits when no mapping exists.
01-01 09:26:26.127 0 0 I msm_vidc: high: 00000001: h264d: Closed video instance: 0000000000000000
12-14 03:25:57.227 1503 2348 E DisplayDeviceConfig: requesting nits when no mapping exists.
12-14 03:25:57.227 1503 2348 E DisplayDeviceConfig: requesting nits when no mapping exists.
12-14 03:25:57.241 1503 2348 E DisplayDeviceConfig: requesting nits when no mapping exists.
12-14 03:25:57.242 1503 2348 E DisplayDeviceConfig: requesting nits when no mapping exists.
01-01 09:26:26.160 0 0 I msm_vidc: high: 00000002: h264d: Closed video instance: 0000000000000000
12-14 03:25:57.258 1503 2348 E DisplayDeviceConfig: requesting nits when no mapping exists.
12-14 03:25:57.258 1503 2348 E DisplayDeviceConfig: requesting nits when no mapping exists.
12-14 03:25:57.275 1503 2348 E DisplayDeviceConfig: requesting nits when no mapping exists.
12-14 03:25:57.276 1503 2348 E DisplayDeviceConfig: requesting nits when no mapping exists.
12-14 03:25:57.292 1503 2348 E DisplayDeviceConfig: requesting nits when no mapping exists.
12-14 03:25:57.292 1503 2348 E DisplayDeviceConfig: requesting nits when no mapping exists.
12-14 03:25:57.309 1503 2348 E DisplayDeviceConfig: requesting nits when no mapping exists.
12-14 03:25:57.310 1503 2348 E DisplayDeviceConfig: requesting nits when no mapping exists.
12-14 03:25:57.327 1503 2348 E DisplayDeviceConfig: requesting nits when no mapping exists.
12-14 03:25:57.327 1503 2348 E DisplayDeviceConfig: requesting nits when no mapping exists.
12-14 03:25:57.342 1503 2348 E DisplayDeviceConfig: requesting nits when no mapping exists.
12-14 03:25:57.342 1503 2348 E DisplayDeviceConfig: requesting nits when no mapping exists.
12-14 03:25:57.359 1503 2348 E DisplayDeviceConfig: requesting nits when no mapping exists.
12-14 03:25:57.360 1503 2348 E DisplayDeviceConfig: requesting nits when no mapping exists.
12-14 03:25:57.380 1503 2348 E DisplayDeviceConfig: requesting nits when no mapping exists.
12-14 03:25:57.381 1503 2348 E DisplayDeviceConfig: requesting nits when no mapping exists.
12-14 03:25:57.393 1503 2348 E DisplayDeviceConfig: requesting nits when no mapping exists.
12-14 03:25:57.393 1503 2348 E DisplayDeviceConfig: requesting nits when no mapping exists.
12-14 03:25:57.410 1503 2348 E DisplayDeviceConfig: requesting nits when no mapping exists.
12-14 03:25:57.410 1503 2348 E DisplayDeviceConfig: requesting nits when no mapping exists.
12-14 03:25:57.427 1503 2348 E DisplayDeviceConfig: requesting nits when no mapping exists.
12-14 03:25:57.428 1503 2348 E DisplayDeviceConfig: requesting nits when no mapping exists.
12-14 03:25:57.443 1503 2348 E DisplayDeviceConfig: requesting nits when no mapping exists.
12-14 03:25:57.443 1503 2348 E DisplayDeviceConfig: requesting nits when no mapping exists.
12-14 03:25:57.459 1503 2348 E DisplayDeviceConfig: requesting nits when no mapping exists.
12-14 03:25:57.460 1503 2348 E DisplayDeviceConfig: requesting nits when no mapping exists.
12-14 03:25:57.476 1503 2348 E DisplayDeviceConfig: requesting nits when no mapping exists.
12-14 03:25:57.477 1503 2348 E DisplayDeviceConfig: requesting nits when no mapping exists.
12-14 03:25:57.499 1503 2348 E DisplayDeviceConfig: requesting nits when no mapping exists.
12-14 03:25:57.500 1503 2348 E DisplayDeviceConfig: requesting nits when no mapping exists.
12-14 03:25:57.509 1503 2348 E DisplayDeviceConfig: requesting nits when no mapping exists.
12-14 03:25:57.512 1503 2348 E DisplayDeviceConfig: requesting nits when no mapping exists.
12-14 03:25:57.526 1503 2348 E DisplayDeviceConfig: requesting nits when no mapping exists.
12-14 03:25:57.526 1503 2348 E DisplayDeviceConfig: requesting nits when no mapping exists.
12-14 03:25:57.542 1503 2348 E DisplayDeviceConfig: requesting nits when no mapping exists.
12-14 03:25:57.543 1503 2348 E DisplayDeviceConfig: requesting nits when no mapping exists.
12-14 03:25:57.560 1503 2348 E DisplayDeviceConfig: requesting nits when no mapping exists.
12-14 03:25:57.560 1503 2348 E DisplayDeviceConfig: requesting nits when no mapping exists.
12-14 03:25:57.576 1503 2348 E DisplayDeviceConfig: requesting nits when no mapping exists.
12-14 03:25:57.576 1503 2348 E DisplayDeviceConfig: requesting nits when no mapping exists.
12-14 03:25:57.593 1503 2348 E DisplayDeviceConfig: requesting nits when no mapping exists.
12-14 03:25:57.593 1503 2348 E DisplayDeviceConfig: requesting nits when no mapping exists.
12-14 03:25:57.610 1503 2348 E DisplayDeviceConfig: requesting nits when no mapping exists.
12-14 03:25:57.610 1503 2348 E DisplayDeviceConfig: requesting nits when no mapping exists.
12-14 03:25:57.628 1503 2348 E DisplayDeviceConfig: requesting nits when no mapping exists.
12-14 03:25:57.629 1503 2348 E DisplayDeviceConfig: requesting nits when no mapping exists.
01-01 09:26:26.654 0 0 D : mv2112_read_status
01-01 09:26:26.655 0 0 D mv2112_update_link: 3.0x901(1G): 0x80
01-01 09:26:26.655 0 0 D mv2112_update_link: 3.0x8109(100M): 0x8
01-01 09:26:26.655 0 0 D mv2112_update_link: link 0x0
01-01 09:26:26.655 0 0 D mv2112_read_status: autoneg is disabled
01-01 09:26:27.095 0 0 I : read descriptors
01-01 09:26:27.095 0 0 I : read strings
01-01 09:26:27.678 0 0 D : mv2112_read_status
01-01 09:26:27.679 0 0 D mv2112_update_link: 3.0x901(1G): 0x80
01-01 09:26:27.679 0 0 D mv2112_update_link: 3.0x8109(100M): 0x8
01-01 09:26:27.679 0 0 D mv2112_update_link: link 0x0
01-01 09:26:27.679 0 0 D mv2112_read_status: autoneg is disabled
01-01 09:26:28.119 0 0 I : read descriptors
01-01 09:26:28.119 0 0 I : read strings
01-01 09:26:28.702 0 0 D : mv2112_read_status
01-01 09:26:28.703 0 0 D mv2112_update_link: 3.0x901(1G): 0x80
01-01 09:26:28.703 0 0 D mv2112_update_link: 3.0x8109(100M): 0x8
01-01 09:26:28.703 0 0 D mv2112_update_link: link 0x0
01-01 09:26:28.703 0 0 D mv2112_read_status: autoneg is disabled
01-01 09:26:29.143 0 0 I : read descriptors
01-01 09:26:29.144 0 0 I : read strings
01-01 09:26:29.726 0 0 D : mv2112_read_status
01-01 09:26:29.727 0 0 D mv2112_update_link: 3.0x901(1G): 0x80
01-01 09:26:29.727 0 0 D mv2112_update_link: 3.0x8109(100M): 0x8
01-01 09:26:29.727 0 0 D mv2112_update_link: link 0x0
01-01 09:26:29.727 0 0 D mv2112_read_status: autoneg is disabled
01-01 09:26:30.167 0 0 I : read descriptors
01-01 09:26:30.167 0 0 I : read strings
01-01 09:26:30.750 0 0 D : mv2112_read_status
01-01 09:26:30.751 0 0 D mv2112_update_link: 3.0x901(1G): 0x80
01-01 09:26:30.751 0 0 D mv2112_update_link: 3.0x8109(100M): 0x8
01-01 09:26:30.751 0 0 D mv2112_update_link: link 0x0
01-01 09:26:30.751 0 0 D mv2112_read_status: autoneg is disabled
01-01 09:26:31.195 0 0 I : read descriptors
01-01 09:26:31.195 0 0 I : read strings
01-01 09:26:31.774 0 0 D : mv2112_read_status
01-01 09:26:31.775 0 0 D mv2112_update_link: 3.0x901(1G): 0x80
01-01 09:26:31.775 0 0 D mv2112_update_link: 3.0x8109(100M): 0x8
01-01 09:26:31.775 0 0 D mv2112_update_link: link 0x0
01-01 09:26:31.775 0 0 D mv2112_read_status: autoneg is disabled
01-01 09:26:32.211 0 0 I : read descriptors
01-01 09:26:32.211 0 0 I : read strings
01-01 09:26:32.799 0 0 D : mv2112_read_status
01-01 09:26:32.799 0 0 D mv2112_update_link: 3.0x901(1G): 0x80
01-01 09:26:32.799 0 0 D mv2112_update_link: 3.0x8109(100M): 0x8
01-01 09:26:32.799 0 0 D mv2112_update_link: link 0x0
01-01 09:26:32.799 0 0 D mv2112_read_status: autoneg is disabled
01-01 09:26:33.223 0 0 I : read descriptors
01-01 09:26:33.223 0 0 I : read strings
01-01 09:26:33.823 0 0 D : mv2112_read_status
01-01 09:26:33.823 0 0 D mv2112_update_link: 3.0x901(1G): 0x80
01-01 09:26:33.823 0 0 D mv2112_update_link: 3.0x8109(100M): 0x8
01-01 09:26:33.823 0 0 D mv2112_update_link: link 0x0
01-01 09:26:33.823 0 0 D mv2112_read_status: autoneg is disabled
01-01 09:26:34.239 0 0 I : read descriptors
01-01 09:26:34.239 0 0 I : read strings
01-01 09:26:34.847 0 0 D : mv2112_read_status
01-01 09:26:34.847 0 0 D mv2112_update_link: 3.0x901(1G): 0x80
01-01 09:26:34.847 0 0 D mv2112_update_link: 3.0x8109(100M): 0x8
01-01 09:26:34.847 0 0 D mv2112_update_link: link 0x0
01-01 09:26:34.847 0 0 D mv2112_read_status: autoneg is disabled
01-01 09:26:35.255 0 0 I : read descriptors
01-01 09:26:35.255 0 0 I : read strings
12-14 03:26:06.873 1503 2313 I GameModeConfig: isGameModeOn = false
01-01 09:26:35.871 0 0 D : mv2112_read_status
01-01 09:26:35.871 0 0 D mv2112_update_link: 3.0x901(1G): 0x80
01-01 09:26:35.871 0 0 D mv2112_update_link: 3.0x8109(100M): 0x8
01-01 09:26:35.871 0 0 D mv2112_update_link: link 0x0
01-01 09:26:35.871 0 0 D mv2112_read_status: autoneg is disabled
01-01 09:26:36.267 0 0 I : read descriptors
01-01 09:26:36.267 0 0 I : read strings
01-01 09:26:36.894 0 0 D : mv2112_read_status
01-01 09:26:36.895 0 0 D mv2112_update_link: 3.0x901(1G): 0x80
01-01 09:26:36.895 0 0 D mv2112_update_link: 3.0x8109(100M): 0x8
01-01 09:26:36.895 0 0 D mv2112_update_link: link 0x0
01-01 09:26:36.895 0 0 D mv2112_read_status: autoneg is disabled
01-01 09:26:37.283 0 0 I : read descriptors
01-01 09:26:37.283 0 0 I : read strings
01-01 09:26:37.918 0 0 D : mv2112_read_status
01-01 09:26:37.919 0 0 D mv2112_update_link: 3.0x901(1G): 0x80
01-01 09:26:37.919 0 0 D mv2112_update_link: 3.0x8109(100M): 0x8
01-01 09:26:37.919 0 0 D mv2112_update_link: link 0x0
01-01 09:26:37.919 0 0 D mv2112_read_status: autoneg is disabled
01-01 09:26:38.304 0 0 I : read descriptors
01-01 09:26:38.304 0 0 I : read strings
01-01 09:26:38.942 0 0 D : mv2112_read_status
01-01 09:26:38.943 0 0 D mv2112_update_link: 3.0x901(1G): 0x80
01-01 09:26:38.943 0 0 D mv2112_update_link: 3.0x8109(100M): 0x8
01-01 09:26:38.943 0 0 D mv2112_update_link: link 0x0
01-01 09:26:38.943 0 0 D mv2112_read_status: autoneg is disabled
01-01 09:26:39.315 0 0 I : read descriptors
01-01 09:26:39.315 0 0 I : read strings
01-01 09:26:39.966 0 0 D : mv2112_read_status
01-01 09:26:39.966 0 0 D mv2112_update_link: 3.0x901(1G): 0x80
01-01 09:26:39.967 0 0 D mv2112_update_link: 3.0x8109(100M): 0x8
01-01 09:26:39.967 0 0 D mv2112_update_link: link 0x0
01-01 09:26:39.967 0 0 D mv2112_read_status: autoneg is disabled
01-01 09:26:40.327 0 0 I : read descriptors
01-01 09:26:40.327 0 0 I : read strings
01-01 09:26:40.990 0 0 D : mv2112_read_status
01-01 09:26:40.990 0 0 D mv2112_update_link: 3.0x901(1G): 0x80
01-01 09:26:40.991 0 0 D mv2112_update_link: 3.0x8109(100M): 0x8
01-01 09:26:40.991 0 0 D mv2112_update_link: link 0x0
01-01 09:26:40.991 0 0 D mv2112_read_status: autoneg is disabled
01-01 09:26:41.343 0 0 I : read descriptors
01-01 09:26:41.343 0 0 I : read strings
01-01 09:26:42.014 0 0 D : mv2112_read_status
01-01 09:26:42.015 0 0 D mv2112_update_link: 3.0x901(1G): 0x80
01-01 09:26:42.015 0 0 D mv2112_update_link: 3.0x8109(100M): 0x8
01-01 09:26:42.015 0 0 D mv2112_update_link: link 0x0
01-01 09:26:42.015 0 0 D mv2112_read_status: autoneg is disabled
01-01 09:26:42.355 0 0 I : read descriptors
01-01 09:26:42.355 0 0 I : read strings
01-01 09:26:43.039 0 0 D : mv2112_read_status
01-01 09:26:43.039 0 0 D mv2112_update_link: 3.0x901(1G): 0x80
01-01 09:26:43.039 0 0 D mv2112_update_link: 3.0x8109(100M): 0x8
01-01 09:26:43.039 0 0 D mv2112_update_link: link 0x0
01-01 09:26:43.039 0 0 D mv2112_read_status: autoneg is disabled
01-01 09:26:43.367 0 0 I : read descriptors
01-01 09:26:43.367 0 0 I : read strings
01-01 09:26:44.063 0 0 D : mv2112_read_status
01-01 09:26:44.063 0 0 D mv2112_update_link: 3.0x901(1G): 0x80
01-01 09:26:44.063 0 0 D mv2112_update_link: 3.0x8109(100M): 0x8
01-01 09:26:44.063 0 0 D mv2112_update_link: link 0x0
01-01 09:26:44.063 0 0 D mv2112_read_status: autoneg is disabled
01-01 09:26:44.383 0 0 I : read descriptors
01-01 09:26:44.383 0 0 I : read strings
01-01 09:26:45.086 0 0 D : mv2112_read_status
01-01 09:26:45.087 0 0 D mv2112_update_link: 3.0x901(1G): 0x80
01-01 09:26:45.087 0 0 D mv2112_update_link: 3.0x8109(100M): 0x8
01-01 09:26:45.087 0 0 D mv2112_update_link: link 0x0
01-01 09:26:45.087 0 0 D mv2112_read_status: autoneg is disabled
01-01 09:26:45.399 0 0 I : read descriptors
01-01 09:26:45.400 0 0 I : read strings
01-01 09:26:46.110 0 0 D : mv2112_read_status
01-01 09:26:46.111 0 0 D mv2112_update_link: 3.0x901(1G): 0x80
01-01 09:26:46.111 0 0 D mv2112_update_link: 3.0x8109(100M): 0x8
01-01 09:26:46.111 0 0 D mv2112_update_link: link 0x0
01-01 09:26:46.111 0 0 D mv2112_read_status: autoneg is disabled
01-01 09:26:46.415 0 0 I : read descriptors
01-01 09:26:46.415 0 0 I : read strings
01-01 09:26:47.134 0 0 D : mv2112_read_status
01-01 09:26:47.134 0 0 D mv2112_update_link: 3.0x901(1G): 0x80
01-01 09:26:47.135 0 0 D mv2112_update_link: 3.0x8109(100M): 0x8
01-01 09:26:47.135 0 0 D mv2112_update_link: link 0x0
01-01 09:26:47.135 0 0 D mv2112_read_status: autoneg is disabled
01-01 09:26:47.431 0 0 I : read descriptors
01-01 09:26:47.431 0 0 I : read strings
01-01 09:26:48.158 0 0 D : mv2112_read_status
01-01 09:26:48.159 0 0 D mv2112_update_link: 3.0x901(1G): 0x80
01-01 09:26:48.159 0 0 D mv2112_update_link: 3.0x8109(100M): 0x8
01-01 09:26:48.159 0 0 D mv2112_update_link: link 0x0
01-01 09:26:48.159 0 0 D mv2112_read_status: autoneg is disabled
01-01 09:26:48.447 0 0 I : read descriptors
01-01 09:26:48.447 0 0 I : read strings
01-01 09:26:49.183 0 0 D : mv2112_read_status
01-01 09:26:49.183 0 0 D mv2112_update_link: 3.0x901(1G): 0x80
01-01 09:26:49.183 0 0 D mv2112_update_link: 3.0x8109(100M): 0x8
01-01 09:26:49.183 0 0 D mv2112_update_link: link 0x0
01-01 09:26:49.183 0 0 D mv2112_read_status: autoneg is disabled
01-01 09:26:49.463 0 0 I : read descriptors
01-01 09:26:49.463 0 0 I : read strings
01-01 09:26:50.206 0 0 D : mv2112_read_status
01-01 09:26:50.206 0 0 D mv2112_update_link: 3.0x901(1G): 0x80
01-01 09:26:50.207 0 0 D mv2112_update_link: 3.0x8109(100M): 0x8
01-01 09:26:50.207 0 0 D mv2112_update_link: link 0x0
01-01 09:26:50.207 0 0 D mv2112_read_status: autoneg is disabled
01-01 09:26:50.483 0 0 I : read descriptors
01-01 09:26:50.483 0 0 I : read strings
01-01 09:26:51.230 0 0 D : mv2112_read_status
01-01 09:26:51.231 0 0 D mv2112_update_link: 3.0x901(1G): 0x80
01-01 09:26:51.231 0 0 D mv2112_update_link: 3.0x8109(100M): 0x8
01-01 09:26:51.231 0 0 D mv2112_update_link: link 0x0
01-01 09:26:51.231 0 0 D mv2112_read_status: autoneg is disabled
01-01 09:26:51.499 0 0 I : read descriptors
01-01 09:26:51.500 0 0 I : read strings
01-01 09:26:52.254 0 0 D : mv2112_read_status
01-01 09:26:52.254 0 0 D mv2112_update_link: 3.0x901(1G): 0x80
01-01 09:26:52.255 0 0 D mv2112_update_link: 3.0x8109(100M): 0x8
01-01 09:26:52.255 0 0 D mv2112_update_link: link 0x0
01-01 09:26:52.255 0 0 D mv2112_read_status: autoneg is disabled
01-01 09:26:52.519 0 0 I : read descriptors
01-01 09:26:52.520 0 0 I : read strings
01-01 09:26:53.279 0 0 D : mv2112_read_status
01-01 09:26:53.279 0 0 D mv2112_update_link: 3.0x901(1G): 0x80
01-01 09:26:53.279 0 0 D mv2112_update_link: 3.0x8109(100M): 0x8
01-01 09:26:53.279 0 0 D mv2112_update_link: link 0x0
01-01 09:26:53.279 0 0 D mv2112_read_status: autoneg is disabled
01-01 09:26:53.535 0 0 I : read descriptors
01-01 09:26:53.535 0 0 I : read strings
01-01 09:26:54.303 0 0 D : mv2112_read_status
01-01 09:26:54.303 0 0 D mv2112_update_link: 3.0x901(1G): 0x80
01-01 09:26:54.303 0 0 D mv2112_update_link: 3.0x8109(100M): 0x8
