12-14 03:22:33.439 1503 1503 E AppIdleHistory: at com.android.server.SystemServer.main(SystemServer.java:615)
12-14 03:22:33.439 1503 1503 E AppIdleHistory: at java.lang.reflect.Method.invoke(Native Method)
12-14 03:22:33.439 1503 1503 E AppIdleHistory: at com.android.internal.os.RuntimeInit$MethodAndArgsCaller.run(RuntimeInit.java:548)
12-14 03:22:33.439 1503 1503 E AppIdleHistory: at com.android.internal.os.ZygoteInit.main(ZygoteInit.java:987)
12-14 03:22:33.439 1503 1503 E AppIdleHistory: Caused by: android.system.ErrnoException: open failed: ENOENT (No such file or directory)
12-14 03:22:33.439 1503 1503 E AppIdleHistory: at libcore.io.Linux.open(Native Method)
12-14 03:22:33.439 1503 1503 E AppIdleHistory: at libcore.io.ForwardingOs.open(ForwardingOs.java:567)
12-14 03:22:33.439 1503 1503 E AppIdleHistory: at libcore.io.BlockGuardOs.open(BlockGuardOs.java:273)
12-14 03:22:33.439 1503 1503 E AppIdleHistory: at libcore.io.IoBridge.open(IoBridge.java:561)
12-14 03:22:33.439 1503 1503 E AppIdleHistory: ... 15 more
12-14 03:22:33.445 1503 1503 V HistoricalRegistry: Interaction before persistence initialized
12-14 03:22:33.445 1503 1503 I SystemServerTiming: OnBootPhase_500_com.android.server.webkit.WebViewUpdateService
12-14 03:22:33.445 1503 1503 I SystemServerTiming: OnBootPhase_500_com.android.server.CachedDeviceStateService
12-14 03:22:33.445 1503 1503 I SystemServerTiming: OnBootPhase_500_com.android.server.BinderCallsStatsService$LifeCycle
12-14 03:22:33.446 1503 1503 I SystemServerTiming: OnBootPhase_500_com.android.server.LooperStatsService$Lifecycle
12-14 03:22:33.447 1503 1503 I SystemServerTiming: OnBootPhase_500_com.android.server.rollback.RollbackManagerService
12-14 03:22:33.447 1503 1503 I SystemServerTiming: OnBootPhase_500_com.android.server.os.NativeTombstoneManagerService
12-14 03:22:33.447 1503 1503 I SystemServerTiming: OnBootPhase_500_com.android.server.os.BugreportManagerService
12-14 03:22:33.447 1503 1503 I SystemServerTiming: OnBootPhase_500_com.android.server.gpu.GpuService
12-14 03:22:33.447 1503 1503 I SystemServerTiming: OnBootPhase_500_com.android.server.security.KeyChainSystemService
12-14 03:22:33.447 1503 1503 I SystemServerTiming: OnBootPhase_500_com.android.server.telecom.TelecomLoaderService
12-14 03:22:33.447 1503 1503 I SystemServerTiming: OnBootPhase_500_com.android.server.accounts.AccountManagerService$Lifecycle
12-14 03:22:33.447 1503 1503 I SystemServerTiming: OnBootPhase_500_com.android.server.content.ContentService$Lifecycle
12-14 03:22:33.447 1503 1503 I SystemServerTiming: OnBootPhase_500_com.android.server.DropBoxManagerService
12-14 03:22:33.447 1503 1503 I SystemServerTiming: OnBootPhase_500_com.android.role.RoleService
12-14 03:22:33.447 1503 1503 I SystemServerTiming: OnBootPhase_500_com.android.server.vibrator.VibratorManagerService$Lifecycle
12-14 03:22:33.447 1503 1503 V VibratorManagerService: Initializing VibratorManager service...
12-14 03:22:33.447 1503 1503 V HistoricalRegistry: Interaction before persistence initialized
12-14 03:22:33.447 1503 1503 V VibratorManagerService: VibratorManager service initialized
12-14 03:22:33.447 1503 1503 I SystemServerTiming: OnBootPhase_500_com.android.server.alarm.AlarmManagerService
12-14 03:22:33.447 1503 1503 E LazyAlarmStore: Removed TIME_TICK alarm
12-14 03:22:33.448 1503 1503 I SystemServerTiming: OnBootPhase_500_com.android.server.devicestate.DeviceStateManagerService
12-14 03:22:33.448 1503 1503 I SystemServerTiming: OnBootPhase_500_com.android.server.camera.CameraServiceProxy
12-14 03:22:33.448 1503 1503 I SystemServerTiming: OnBootPhase_500_com.android.server.BluetoothService
12-14 03:22:33.448 1503 1612 I DropBoxManagerService: add tag=system_server_wtf isTagEnabled=true flags=0x2
12-14 03:22:33.449 1503 1503 I SystemServerTiming: OnBootPhase_500_com.android.server.connectivity.IpConnectivityMetrics
12-14 03:22:33.450 1503 1503 I SystemServerTiming: OnBootPhase_500_com.android.server.net.watchlist.NetworkWatchlistService$Lifecycle
12-14 03:22:33.450 1503 1503 I SystemServerTiming: OnBootPhase_500_com.android.server.PinnerService
12-14 03:22:33.450 1503 1503 I SystemServerTiming: OnBootPhase_500_com.google.android.startop.iorap.IorapForwardingService
12-14 03:22:33.450 1503 1503 I SystemServerTiming: OnBootPhase_500_com.android.server.ActivityTriggerService
12-14 03:22:33.450 1503 1503 I SystemServerTiming: OnBootPhase_500_com.android.server.integrity.AppIntegrityManagerService
12-14 03:22:33.450 1503 1503 I SystemServerTiming: OnBootPhase_500_com.android.server.inputmethod.InputMethodManagerService$Lifecycle
12-14 03:22:33.450 1503 1503 I SystemServerTiming: OnBootPhase_500_com.android.server.accessibility.AccessibilityManagerService$Lifecycle
12-14 03:22:33.450 1503 1503 I SystemServerTiming: OnBootPhase_500_com.android.server.StorageManagerService$Lifecycle
12-14 03:22:33.450 1503 1503 I SystemServerTiming: OnBootPhase_500_com.android.server.usage.StorageStatsService$Lifecycle
12-14 03:22:33.450 1503 1503 I SystemServerTiming: OnBootPhase_500_com.android.server.UiModeManagerService
12-14 03:22:33.451 1503 1503 I ActivityTaskManager: Config changes=200 {1.0 ?mcc?mnc [zh_CN] ldltr sw680dp w1586dp h584dp 240dpi lrg long land finger -keyb/v/h -nav/h winConfig={ mBounds=Rect(0, 0 - 2380, 1020) mAppBounds=Rect(0, 0 - 2380, 948) mMaxBounds=Rect(0, 0 - 2380, 1020) mWindowingMode=fullscreen mDisplayWindowingMode=fullscreen mActivityType=undefined mAlwaysOnTop=undefined mRotation=ROTATION_0} s.6 ?fontWeightAdjustment}
12-14 03:22:33.451 1503 1503 I WindowManager: Override config changes=200 {1.0 ?mcc?mnc [zh_CN] ldltr sw680dp w1586dp h584dp 240dpi lrg long land finger -keyb/v/h -nav/h winConfig={ mBounds=Rect(0, 0 - 2380, 1020) mAppBounds=Rect(0, 0 - 2380, 948) mMaxBounds=Rect(0, 0 - 2380, 1020) mWindowingMode=fullscreen mDisplayWindowingMode=fullscreen mActivityType=undefined mAlwaysOnTop=undefined mRotation=ROTATION_0} s.6 ?fontWeightAdjustment} for displayId=0
12-14 03:22:33.452 1503 1503 I SystemServerTiming: OnBootPhase_500_com.android.server.locksettings.LockSettingsService$Lifecycle
12-14 03:22:33.452 1503 1503 I SystemServerTiming: OnBootPhase_500_com.android.server.PersistentDataBlockService
12-14 03:22:33.452 1503 1503 I SystemServerTiming: OnBootPhase_500_com.android.server.testharness.TestHarnessModeService
12-14 03:22:33.452 1503 1503 D TestHarnessModeService: Setting up test harness mode
12-14 03:22:33.452 1503 1503 D TestHarnessModeService: Getting PersistentDataBlockManagerInternal from LocalServices
12-14 03:22:33.455 1503 1503 I SystemServerTiming: OnBootPhase_500_com.android.server.oemlock.OemLockService
12-14 03:22:33.455 1503 1503 I SystemServerTiming: OnBootPhase_500_com.android.server.DeviceIdleController
12-14 03:22:33.456 1503 1503 V HistoricalRegistry: Interaction before persistence initialized
12-14 03:22:33.456 1503 1503 I SystemServerTiming: OnBootPhase_500_com.android.server.devicepolicy.DevicePolicyManagerService$Lifecycle
12-14 03:22:33.456 1503 1503 I SystemServerTiming: OnBootPhase_500_com.android.server.texttospeech.TextToSpeechManagerService
12-14 03:22:33.456 1503 1503 I SystemServerTiming: OnBootPhase_500_com.android.server.speech.SpeechRecognitionManagerService
12-14 03:22:33.456 1503 1503 I SystemServerTiming: OnBootPhase_500_com.android.server.searchui.SearchUiManagerService
12-14 03:22:33.456 1503 1503 I SystemServerTiming: OnBootPhase_500_com.android.server.smartspace.SmartspaceManagerService
12-14 03:22:33.456 1503 1503 I SystemServerTiming: OnBootPhase_500_com.android.server.graphics.fonts.FontManagerService$Lifecycle
12-14 03:22:33.456 1503 1503 I SystemServerTiming: OnBootPhase_500_com.android.server.textservices.TextServicesManagerService$Lifecycle
12-14 03:22:33.456 1503 1503 I SystemServerTiming: OnBootPhase_500_com.android.server.textclassifier.TextClassificationManagerService$Lifecycle
12-14 03:22:33.456 1503 1503 I SystemServerTiming: OnBootPhase_500_com.android.server.NetworkScoreService$Lifecycle
12-14 03:22:33.456 1503 1503 I SystemServerTiming: OnBootPhase_500_com.android.server.wifi.WifiService
12-14 03:22:33.456 1503 1503 I SystemServerTiming: OnBootPhase_500_com.android.server.wifi.scanner.WifiScanningService
12-14 03:22:33.456 1503 1503 I SystemServerTiming: OnBootPhase_500_com.android.server.wifi.rtt.RttService
12-14 03:22:33.457 1503 1503 I SystemServerTiming: OnBootPhase_500_com.android.server.wifi.aware.WifiAwareService
12-14 03:22:33.458 1503 1503 I SystemServerTiming: OnBootPhase_500_com.android.server.wifi.p2p.WifiP2pService
12-14 03:22:33.458 1503 1503 I SystemServerTiming: OnBootPhase_500_com.android.server.ethernet.EthernetService
12-14 03:22:33.461 1503 1503 I SystemServerTiming: OnBootPhase_500_com.android.server.ConnectivityServiceInitializer
12-14 03:22:33.461 1503 1503 I SystemServerTiming: OnBootPhase_500_com.android.server.notification.NotificationManagerService
12-14 03:22:33.469 1503 1503 I GameModeConfig: isGameModeOn = false
12-14 03:22:33.470 1503 1503 I SystemServerTiming: OnBootPhase_500_com.android.server.storage.DeviceStorageMonitorService
12-14 03:22:33.470 1503 1503 I SystemServerTiming: OnBootPhase_500_com.android.server.location.LocationManagerService$Lifecycle
12-14 03:22:33.471 1503 1503 V HistoricalRegistry: Interaction before persistence initialized
12-14 03:22:33.471 1503 1503 I SystemServerTiming: OnBootPhase_500_com.android.server.timedetector.TimeDetectorService$Lifecycle
12-14 03:22:33.471 1503 1503 I SystemServerTiming: OnBootPhase_500_com.android.server.timezonedetector.TimeZoneDetectorService$Lifecycle
12-14 03:22:33.471 1503 1503 I SystemServerTiming: OnBootPhase_500_com.android.server.timezonedetector.location.LocationTimeZoneManagerService$Lifecycle
12-14 03:22:33.471 1503 1503 I SystemServerTiming: OnBootPhase_500_com.android.server.search.SearchManagerService$Lifecycle
12-14 03:22:33.471 1503 1503 I SystemServerTiming: OnBootPhase_500_com.android.server.wallpaper.WallpaperManagerService$Lifecycle
12-14 03:22:33.471 1503 1503 I SystemServerTiming: OnBootPhase_500_com.android.server.audio.AudioService$Lifecycle
12-14 03:22:33.471 1503 1503 I SystemServerTiming: OnBootPhase_500_com.android.server.soundtrigger_middleware.SoundTriggerMiddlewareService$Lifecycle
12-14 03:22:33.471 1503 1503 I SystemServerTiming: OnBootPhase_500_com.android.server.DockObserver
12-14 03:22:33.471 1503 1503 I SystemServerTiming: OnBootPhase_500_com.android.server.midi.MidiService$Lifecycle
12-14 03:22:33.471 1503 1503 I SystemServerTiming: OnBootPhase_500_com.android.server.adb.AdbService$Lifecycle
12-14 03:22:33.471 1503 1503 I SystemServerTiming: OnBootPhase_500_com.android.server.usb.UsbService$Lifecycle
12-14 03:22:33.471 1503 1503 I SystemServerTiming: OnBootPhase_500_com.android.server.twilight.TwilightService
12-14 03:22:33.471 1503 1503 I SystemServerTiming: OnBootPhase_500_com.android.server.display.color.ColorDisplayService
12-14 03:22:33.471 1503 1503 I SystemServerTiming: OnBootPhase_500_com.android.server.job.JobSchedulerService
12-14 03:22:33.474 1503 1503 V HistoricalRegistry: Interaction before persistence initialized
12-14 03:22:33.475 1503 1503 I SystemServerTiming: OnBootPhase_500_com.android.server.soundtrigger.SoundTriggerService
12-14 03:22:33.475 1503 1503 D SoundTriggerService: onBootPhase: 500 : false
12-14 03:22:33.475 1503 1503 I SystemServerTiming: OnBootPhase_500_com.android.server.trust.TrustManagerService
12-14 03:22:33.475 1503 1503 I SystemServerTiming: OnBootPhase_500_com.android.server.backup.BackupManagerService$Lifecycle
12-14 03:22:33.475 1503 1503 I SystemServerTiming: OnBootPhase_500_com.android.server.appwidget.AppWidgetService
12-14 03:22:33.475 1503 1503 I SystemServerTiming: OnBootPhase_500_com.android.server.voiceinteraction.VoiceInteractionManagerService
12-14 03:22:33.475 1503 1503 I SystemServerTiming: OnBootPhase_500_com.android.server.apphibernation.AppHibernationService
12-14 03:22:33.475 1503 1503 I SystemServerTiming: OnBootPhase_500_com.android.server.GestureLauncherService
12-14 03:22:33.475 1503 1503 I SystemServerTiming: OnBootPhase_500_com.android.server.SensorNotificationService
12-14 03:22:33.475 1503 1503 I SystemServerTiming: OnBootPhase_500_com.android.server.emergency.EmergencyAffordanceService
12-14 03:22:33.475 1503 1503 I SystemServerTiming: OnBootPhase_500_com.android.server.blob.BlobStoreManagerService
12-14 03:22:33.475 1503 1503 I SystemServerTiming: OnBootPhase_500_com.android.server.dreams.DreamManagerService
12-14 03:22:33.475 1503 1503 I SystemServerTiming: OnBootPhase_500_com.android.server.companion.CompanionDeviceManagerService
12-14 03:22:33.476 1503 1503 I CompanionDeviceManagerService: initBleScanning()
12-14 03:22:33.476 1503 1503 I SystemServerTiming: OnBootPhase_500_com.android.server.restrictions.RestrictionsManagerService
12-14 03:22:33.476 1503 1503 I SystemServerTiming: OnBootPhase_500_com.android.server.media.MediaSessionService
12-14 03:22:33.476 1503 1503 I SystemServerTiming: OnBootPhase_500_com.android.server.media.MediaResourceMonitorService
12-14 03:22:33.476 1503 1503 I SystemServerTiming: OnBootPhase_500_com.android.server.biometrics.sensors.fingerprint.FingerprintService
12-14 03:22:33.476 1503 1503 I SystemServerTiming: OnBootPhase_500_com.android.server.biometrics.BiometricService
12-14 03:22:33.476 1503 1503 I SystemServerTiming: OnBootPhase_500_com.android.server.biometrics.AuthService
12-14 03:22:33.476 1503 1503 I SystemServerTiming: OnBootPhase_500_com.android.server.pm.ShortcutService$Lifecycle
12-14 03:22:33.476 1503 1503 I SystemServerTiming: OnBootPhase_500_com.android.server.pm.LauncherAppsService
12-14 03:22:33.476 1503 1503 I SystemServerTiming: OnBootPhase_500_com.android.server.pm.CrossProfileAppsService
12-14 03:22:33.476 1503 1503 I SystemServerTiming: OnBootPhase_500_com.android.server.people.PeopleService
12-14 03:22:33.476 1503 1503 I SystemServerTiming: OnBootPhase_500_com.android.server.media.metrics.MediaMetricsManagerService
12-14 03:22:33.476 1503 1503 I SystemServerTiming: OnBootPhase_500_com.android.server.media.projection.MediaProjectionManagerService
12-14 03:22:33.476 1503 1503 I SystemServerTiming: OnBootPhase_500_com.android.server.slice.SliceManagerService$Lifecycle
12-14 03:22:33.476 1503 1503 I SystemServerTiming: OnBootPhase_500_com.android.server.stats.StatsCompanion$Lifecycle
12-14 03:22:33.476 1503 1503 I SystemServerTiming: OnBootPhase_500_com.android.server.scheduling.RebootReadinessManagerService$Lifecycle
12-14 03:22:33.476 1503 1503 I SystemServerTiming: OnBootPhase_500_com.android.server.stats.pull.StatsPullAtomService
12-14 03:22:33.476 1503 1503 I SystemServerTiming: OnBootPhase_500_com.android.server.incident.IncidentCompanionService
12-14 03:22:33.476 1503 1503 I SystemServerTiming: OnBootPhase_500_com.android.server.MmsServiceBroker
12-14 03:22:33.476 1503 1503 I SystemServerTiming: OnBootPhase_500_com.android.server.autofill.AutofillManagerService
12-14 03:22:33.476 1503 1503 I SystemServerTiming: OnBootPhase_500_com.android.server.clipboard.ClipboardService
12-14 03:22:33.476 1503 1503 I SystemServerTiming: OnBootPhase_500_com.android.server.appbinding.AppBindingService$Lifecycle
12-14 03:22:33.476 1503 1503 I SystemServerTiming: OnBootPhase_500_com.android.server.tracing.TracingServiceProxy
12-14 03:22:33.476 1503 1503 I SystemServerTiming: MakeWindowManagerServiceReady
12-14 03:22:33.477 1503 1503 I SystemServerTiming: MakePowerManagerServiceReady
12-14 03:22:33.477 1503 2344 I DropBoxManagerService: add tag=system_server_wtf isTagEnabled=true flags=0x2
12-14 03:22:33.478 1503 1503 I AttentionDetector: readValuesFromDeviceConfig():
12-14 03:22:33.478 1503 1503 I AttentionDetector: mMaximumExtensionMillis=900000
12-14 03:22:33.478 1503 1503 I AttentionDetector: mPreDimCheckDurationMillis=2000
12-14 03:22:33.478 1503 1503 I AttentionDetector: mRequestedPostDimTimeoutMillis=0
12-14 03:22:33.478 1503 2345 I DropBoxManagerService: add tag=system_server_wtf isTagEnabled=true flags=0x2
12-14 03:22:33.480 1503 1611 I HealthServiceWrapper: health: HealthServiceWrapper listening to instance default
12-14 03:22:33.480 1503 1503 E DisplayPowerController[0]: failed to set up display white-balance: java.lang.IllegalStateException: cannot find light sensor
12-14 03:22:33.480 1503 1503 W DisplayPowerController[0]: Screen brightness nits configuration is unavailable; falling back
12-14 03:22:33.482 1503 1503 I FaceDownDetector: readValuesFromDeviceConfig():
12-14 03:22:33.482 1503 1503 I FaceDownDetector: mAccelerationThreshold=0.2
12-14 03:22:33.482 1503 1503 I FaceDownDetector: mZAccelerationThreshold=-9.5
12-14 03:22:33.482 1503 1503 I FaceDownDetector: mTimeThreshold=PT1S
12-14 03:22:33.482 1503 1503 I FaceDownDetector: mIsEnabled=true
12-14 03:22:33.483 1503 1503 I ScreenUndimDetector: readValuesFromDeviceConfig():
12-14 03:22:33.483 1503 1503 I ScreenUndimDetector: mKeepScreenOnForMillis=600000
12-14 03:22:33.483 1503 1503 I ScreenUndimDetector: mKeepScreenOnNotificationEnabled=false
12-14 03:22:33.483 1503 1503 I ScreenUndimDetector: mUndimsRequired=2
12-14 03:22:33.484 1503 1649 W KeyguardServiceDelegate: onScreenTurningOn(): no keyguard service!
12-14 03:22:33.484 1503 1649 V DisplayPowerController[0]: Brightness [1.0] reason changing to: 'override', previous reason: '0'.
12-14 03:22:33.485 1503 1620 E KernelCpuSpeedReader: Failed to read cpu-freq: /sys/devices/system/cpu/cpu4/cpufreq/stats/time_in_state: open failed: ENOENT (No such file or directory)
12-14 03:22:33.485 1503 1620 E KernelCpuSpeedReader: Failed to read cpu-freq: /sys/devices/system/cpu/cpu0/cpufreq/stats/time_in_state: open failed: ENOENT (No such file or directory)
12-14 03:22:33.485 1503 1611 D StatsPullAtomService: Registering pullers with statsd
12-14 03:22:33.486 1503 1503 I SystemServerTiming: StartPermissionPolicyService
12-14 03:22:33.486 1503 1503 I SystemServiceManager: Starting com.android.server.policy.PermissionPolicyService
12-14 03:22:33.486 1503 1611 I StatsPullAtomService: register thermal listener successfully
12-14 03:22:33.487 1503 1503 I SystemServerTiming: MakePackageManagerServiceReady
12-14 03:22:33.488 1503 1503 V UserDataPreparer: Found /data/user_de/0 with serial number -1
12-14 03:22:33.488 1503 1503 D UserDataPreparer: Serial number missing on /data/user_de/0; assuming current is valid
12-14 03:22:33.488 1503 1503 V UserDataPreparer: Found /data/user/0 with serial number -1
12-14 03:22:33.488 1503 1503 D UserDataPreparer: Serial number missing on /data/user/0; assuming current is valid
12-14 03:22:33.489 1503 1503 V UserDataPreparer: Found /data/system_de/0 with serial number -1
12-14 03:22:33.489 1503 1503 D UserDataPreparer: Serial number missing on /data/system_de/0; assuming current is valid
12-14 03:22:33.491 1503 1503 I PackageManager: Permission ownership changed. Updating all permissions.
12-14 03:22:33.505 1503 1503 W DefaultPermGrantPolicy: Permission not found: android.permission.OVERVIEW_SERVICE
12-14 03:22:33.505 1503 1503 W DefaultPermGrantPolicy: Permission not found: android.permission.READ_MEDIA_STORAGE
12-14 03:22:33.505 1503 1503 W DefaultPermGrantPolicy: Permission not found: android.permission.ACCESS_SUPERUSER
12-14 03:22:33.506 1503 1503 W DefaultPermGrantPolicy: Permission not found: android.Manifest.permission.MODIFY_DAY_NIGHT_MODE
12-14 03:22:33.506 1503 1503 W DefaultPermGrantPolicy: Permission not found: com.qti.permission.RECEIVE_MSIM_VOICE_CAPABILITY_CHANGED
12-14 03:22:33.506 1503 1503 W DefaultPermGrantPolicy: Permission not found: com.google.android.googleapps.permission.GOOGLE_AUTH
12-14 03:22:33.506 1503 1503 W DefaultPermGrantPolicy: Permission not found: com.android.launcher.permission.READ_SETTINGS
12-14 03:22:33.506 1503 1503 W DefaultPermGrantPolicy: Permission not found: com.android.launcher.permission.WRITE_SETTINGS
12-14 03:22:33.507 1503 1503 W DefaultPermGrantPolicy: Permission not found: com.qualcomm.qti.permission.USE_EXT_TELEPHONY_SERVICE
12-14 03:22:33.507 1503 1503 W DefaultPermGrantPolicy: Permission not found: com.qualcomm.permission.ACCESS_LOCATION_API
12-14 03:22:33.507 1503 1503 W DefaultPermGrantPolicy: Permission not found: android.permission.MANAGE_WIFI_WHEN_WIRELESS_CONSENT_REQUIRED
12-14 03:22:33.508 1503 1503 W DefaultPermGrantPolicy: Permission not found: com.android.providers.tv.permission.ACCESS_WATCHED_PROGRAMS
12-14 03:22:33.508 1503 1503 W DefaultPermGrantPolicy: Permission not found: com.android.providers.tv.permission.WRITE_EPG_DATA
12-14 03:22:33.509 1503 1503 W DefaultPermGrantPolicy: Permission not found: com.qualcomm.qti.smq.qcc.permission.QCCTRUI
12-14 03:22:33.509 1503 1503 W DefaultPermGrantPolicy: Permission not found: android.car.permission.CONTROL_CAR_CLIMATE
12-14 03:22:33.509 1503 1503 W DefaultPermGrantPolicy: Permission not found: android.car.permission.CAR_CONTROL_AUDIO_VOLUME
12-14 03:22:33.509 1503 1503 W DefaultPermGrantPolicy: Permission not found: com.google.android.gallery3d.permission.GALLERY_PROVIDER
12-14 03:22:33.509 1503 1503 W DefaultPermGrantPolicy: Permission not found: com.android.email.permission.ACCESS_PROVIDER
12-14 03:22:33.509 1503 1503 W DefaultPermGrantPolicy: Permission not found: com.android.email.permission.READ_ATTACHMENT
12-14 03:22:33.510 1503 1503 W VoiceInteractionManager: no available voice interaction services found for user 0
12-14 03:22:33.510 1503 1503 W VoiceInteractionManager: no available voice recognition services found for user 0
12-14 03:22:33.511 1503 1503 I SyncManager: No initial accounts
12-14 03:22:33.512 1503 1503 W DefaultPermGrantPolicy: Permission not found: com.google.android.permission.INSTALL_WEARABLE_PACKAGES
12-14 03:22:33.513 1503 1503 W DefaultPermGrantPolicy: Permission not found: com.google.android.googleapps.permission.GOOGLE_AUTH.mail
12-14 03:22:33.513 1503 1503 W DefaultPermGrantPolicy: Permission not found: com.google.android.googleapps.permission.GOOGLE_AUTH.cl
12-14 03:22:33.513 1503 1503 W DefaultPermGrantPolicy: Permission not found: com.google.android.setupwizard.SETUP_COMPAT_SERVICE
12-14 03:22:33.513 1503 1503 W DefaultPermGrantPolicy: Permission not found: com.microsoft.emmx.configurator.READ
12-14 03:22:33.513 1503 1503 W DefaultPermGrantPolicy: Permission not found: android.permission.POST_NOTIFICATIONS
12-14 03:22:33.513 1503 1503 W DefaultPermGrantPolicy: Permission not found: android.permission.READ_MEDIA_AUDIO
12-14 03:22:33.513 1503 1503 W DefaultPermGrantPolicy: Permission not found: android.permission.READ_MEDIA_IMAGES
12-14 03:22:33.513 1503 1503 W DefaultPermGrantPolicy: Permission not found: android.permission.READ_MEDIA_VIDEO
12-14 03:22:33.513 1503 1503 W DefaultPermGrantPolicy: Permission not found: com.google.android.gms.permission.AD_ID
12-14 03:22:33.514 1503 1503 W DefaultPermGrantPolicy: Permission not found: com.chrome.permission.DEVICE_EXTRAS
12-14 03:22:33.514 1503 1503 W DefaultPermGrantPolicy: Permission not found: com.google.android.c2dm.permission.RECEIVE
12-14 03:22:33.514 1503 1503 W DefaultPermGrantPolicy: Permission not found: com.google.android.apps.now.CURRENT_ACCOUNT_ACCESS
12-14 03:22:33.514 1503 1503 W DefaultPermGrantPolicy: Permission not found: com.asus.msa.SupplementaryDID.ACCESS
12-14 03:22:33.514 1503 1503 W DefaultPermGrantPolicy: Permission not found: freemme.permission.msa
12-14 03:22:33.514 1503 1503 W DefaultPermGrantPolicy: Permission not found: com.google.android.finsky.permission.BIND_GET_INSTALL_REFERRER_SERVICE
12-14 03:22:33.517 1503 1503 E DefaultPermGrantPolicy: Package not found: com.qualcomm.qti.cne
12-14 03:22:33.517 1503 1503 W DefaultPermGrantPolicy: Permission not found: android.permission.READ_SETTINGS
12-14 03:22:33.517 1503 1503 W DefaultPermGrantPolicy: Permission not found: android.permission.RAISED_THREAD_PRIORITY
12-14 03:22:33.517 1503 1503 W DefaultPermGrantPolicy: Permission not found: com.mstar.android.permissionn.ACCESS_TV_DATA
12-14 03:22:33.517 1503 1503 W DefaultPermGrantPolicy: Permission not found: droidlogic.permission.SYSTEM_CONTROL
12-14 03:22:33.517 1503 1503 W DefaultPermGrantPolicy: Permission not found: com.baidu.permission.SHARE
12-14 03:22:33.517 1503 1503 W DefaultPermGrantPolicy: Permission not found: com.baidu.input.permission.SEND
12-14 03:22:33.517 1503 1503 W DefaultPermGrantPolicy: Permission not found: com.baidu.input.permission.RECEIVE
12-14 03:22:33.517 1503 1503 W DefaultPermGrantPolicy: Permission not found: android.permissio.WRITE_EXTERNAL_STORAGE
12-14 03:22:33.517 1503 1503 W DefaultPermGrantPolicy: Permission not found: android.permission.ADD_VOICEMAIL
12-14 03:22:33.540 1503 1503 I SystemServerTiming: MakeDisplayManagerServiceReady
12-14 03:22:33.541 1503 1604 E DisplayModeDirector: Asked about unknown display, returning empty display mode specs!(id=0)
12-14 03:22:33.541 1503 1604 E DisplayModeDirector: Asked about unknown display, returning empty display mode specs!(id=0)
12-14 03:22:33.542 1503 1503 I SystemServerTiming: StartDeviceSpecificServices
12-14 03:22:33.542 1503 1503 I SystemServerTiming: GameManagerService
12-14 03:22:33.542 1503 1503 I SystemServiceManager: Starting com.android.server.app.GameManagerService$Lifecycle
12-14 03:22:33.543 1503 1503 I SystemServerTiming: StartBootPhaseDeviceSpecificServicesReady
12-14 03:22:33.543 1503 1503 I SystemServiceManager: Starting phase 520
12-14 03:22:33.543 1503 1503 I SystemServerTiming: OnBootPhase_520
12-14 03:22:33.543 1503 1503 I SystemServerTiming: OnBootPhase_520_com.android.server.security.FileIntegrityService
12-14 03:22:33.543 1503 1503 I SystemServerTiming: OnBootPhase_520_com.android.server.pm.Installer
12-14 03:22:33.543 1503 1503 I SystemServerTiming: OnBootPhase_520_com.android.server.os.DeviceIdentifiersPolicyService
12-14 03:22:33.543 1503 1503 I SystemServerTiming: OnBootPhase_520_com.android.server.uri.UriGrantsManagerService$Lifecycle
12-14 03:22:33.543 1503 1503 I SystemServerTiming: OnBootPhase_520_com.android.server.powerstats.PowerStatsService
12-14 03:22:33.543 1503 1503 I SystemServerTiming: OnBootPhase_520_com.android.server.wm.ActivityTaskManagerService$Lifecycle
12-14 03:22:33.543 1503 1503 I SystemServerTiming: OnBootPhase_520_com.android.server.am.ActivityManagerService$Lifecycle
12-14 03:22:33.543 1503 1503 I SystemServerTiming: OnBootPhase_520_com.android.server.pm.DataLoaderManagerService
12-14 03:22:33.543 1503 1503 I SystemServerTiming: OnBootPhase_520_com.android.server.power.PowerManagerService
12-14 03:22:33.543 1503 1503 I SystemServerTiming: OnBootPhase_520_com.android.server.power.ThermalManagerService
12-14 03:22:33.543 1503 1503 I SystemServerTiming: OnBootPhase_520_com.android.server.power.hint.HintManagerService
12-14 03:22:33.543 1503 1503 I SystemServerTiming: OnBootPhase_520_com.android.server.recoverysystem.RecoverySystemService$Lifecycle
12-14 03:22:33.543 1503 1503 I SystemServerTiming: OnBootPhase_520_com.android.server.lights.LightsService
12-14 03:22:33.543 1503 1503 I SystemServerTiming: OnBootPhase_520_com.android.server.display.DisplayManagerService
12-14 03:22:33.543 1503 1503 I SystemServerTiming: OnBootPhase_520_com.android.server.pm.verify.domain.DomainVerificationService
12-14 03:22:33.543 1503 1503 I SystemServerTiming: OnBootPhase_520_com.android.server.pm.PackageInstallerService$Lifecycle
12-14 03:22:33.543 1503 1503 I SystemServerTiming: OnBootPhase_520_com.android.server.pm.UserManagerService$LifeCycle
12-14 03:22:33.543 1503 1503 I SystemServerTiming: OnBootPhase_520_com.android.server.om.OverlayManagerService
12-14 03:22:33.543 1503 1503 I SystemServerTiming: OnBootPhase_520_com.android.server.SensorPrivacyService
12-14 03:22:33.543 1503 1503 I SystemServerTiming: OnBootPhase_520_com.android.server.sensors.SensorService
12-14 03:22:33.543 1503 1503 I SystemServerTiming: OnBootPhase_520_com.android.server.SystemConfigService
12-14 03:22:33.543 1503 1503 I SystemServerTiming: OnBootPhase_520_com.android.server.BatteryService
12-14 03:22:33.543 1503 1503 I SystemServerTiming: OnBootPhase_520_com.android.server.usage.UsageStatsService
12-14 03:22:33.543 1503 1503 I SystemServerTiming: OnBootPhase_520_com.android.server.webkit.WebViewUpdateService
12-14 03:22:33.543 1503 1503 I SystemServerTiming: OnBootPhase_520_com.android.server.CachedDeviceStateService
12-14 03:22:33.543 1503 1503 I SystemServerTiming: OnBootPhase_520_com.android.server.BinderCallsStatsService$LifeCycle
12-14 03:22:33.543 1503 1503 I SystemServerTiming: OnBootPhase_520_com.android.server.LooperStatsService$Lifecycle
12-14 03:22:33.543 1503 1503 I SystemServerTiming: OnBootPhase_520_com.android.server.rollback.RollbackManagerService
12-14 03:22:33.543 1503 1503 I SystemServerTiming: OnBootPhase_520_com.android.server.os.NativeTombstoneManagerService
12-14 03:22:33.543 1503 1503 I SystemServerTiming: OnBootPhase_520_com.android.server.os.BugreportManagerService
12-14 03:22:33.543 1503 1503 I SystemServerTiming: OnBootPhase_520_com.android.server.gpu.GpuService
12-14 03:22:33.543 1503 1503 I SystemServerTiming: OnBootPhase_520_com.android.server.security.KeyChainSystemService
12-14 03:22:33.543 1503 1503 I SystemServerTiming: OnBootPhase_520_com.android.server.telecom.TelecomLoaderService
12-14 03:22:33.543 1503 1503 I SystemServerTiming: OnBootPhase_520_com.android.server.accounts.AccountManagerService$Lifecycle
12-14 03:22:33.543 1503 1503 I SystemServerTiming: OnBootPhase_520_com.android.server.content.ContentService$Lifecycle
12-14 03:22:33.543 1503 1503 I SystemServerTiming: OnBootPhase_520_com.android.server.DropBoxManagerService
12-14 03:22:33.543 1503 1503 I SystemServerTiming: OnBootPhase_520_com.android.role.RoleService
12-14 03:22:33.543 1503 1503 I SystemServerTiming: OnBootPhase_520_com.android.server.vibrator.VibratorManagerService$Lifecycle
12-14 03:22:33.543 1503 1503 I SystemServerTiming: OnBootPhase_520_com.android.server.alarm.AlarmManagerService
12-14 03:22:33.543 1503 1503 I SystemServerTiming: OnBootPhase_520_com.android.server.devicestate.DeviceStateManagerService
12-14 03:22:33.543 1503 1503 I SystemServerTiming: OnBootPhase_520_com.android.server.camera.CameraServiceProxy
12-14 03:22:33.543 1503 1503 I SystemServerTiming: OnBootPhase_520_com.android.server.BluetoothService
12-14 03:22:33.543 1503 1503 I SystemServerTiming: OnBootPhase_520_com.android.server.connectivity.IpConnectivityMetrics
12-14 03:22:33.543 1503 1503 I SystemServerTiming: OnBootPhase_520_com.android.server.net.watchlist.NetworkWatchlistService$Lifecycle
12-14 03:22:33.543 1503 1503 I SystemServerTiming: OnBootPhase_520_com.android.server.PinnerService
12-14 03:22:33.543 1503 1503 I SystemServerTiming: OnBootPhase_520_com.google.android.startop.iorap.IorapForwardingService
12-14 03:22:33.543 1503 1503 I SystemServerTiming: OnBootPhase_520_com.android.server.ActivityTriggerService
12-14 03:22:33.543 1503 1503 I SystemServerTiming: OnBootPhase_520_com.android.server.integrity.AppIntegrityManagerService
12-14 03:22:33.543 1503 1503 I SystemServerTiming: OnBootPhase_520_com.android.server.inputmethod.InputMethodManagerService$Lifecycle
12-14 03:22:33.543 1503 1503 I SystemServerTiming: OnBootPhase_520_com.android.server.accessibility.AccessibilityManagerService$Lifecycle
12-14 03:22:33.544 1503 1503 I SystemServerTiming: OnBootPhase_520_com.android.server.StorageManagerService$Lifecycle
12-14 03:22:33.544 1503 1503 I SystemServerTiming: OnBootPhase_520_com.android.server.usage.StorageStatsService$Lifecycle
12-14 03:22:33.544 1503 1503 I SystemServerTiming: OnBootPhase_520_com.android.server.UiModeManagerService
12-14 03:22:33.544 1503 1503 I SystemServerTiming: OnBootPhase_520_com.android.server.locksettings.LockSettingsService$Lifecycle
12-14 03:22:33.544 1503 1503 I SystemServerTiming: OnBootPhase_520_com.android.server.PersistentDataBlockService
12-14 03:22:33.544 1503 1503 I SystemServerTiming: OnBootPhase_520_com.android.server.testharness.TestHarnessModeService
12-14 03:22:33.544 1503 1503 I SystemServerTiming: OnBootPhase_520_com.android.server.oemlock.OemLockService
12-14 03:22:33.544 1503 1503 I SystemServerTiming: OnBootPhase_520_com.android.server.DeviceIdleController
12-14 03:22:33.544 1503 1503 I SystemServerTiming: OnBootPhase_520_com.android.server.devicepolicy.DevicePolicyManagerService$Lifecycle
12-14 03:22:33.544 1503 1503 I SystemServerTiming: OnBootPhase_520_com.android.server.texttospeech.TextToSpeechManagerService
12-14 03:22:33.544 1503 1503 I SystemServerTiming: OnBootPhase_520_com.android.server.speech.SpeechRecognitionManagerService
12-14 03:22:33.544 1503 1503 I SystemServerTiming: OnBootPhase_520_com.android.server.searchui.SearchUiManagerService
12-14 03:22:33.544 1503 1503 I SystemServerTiming: OnBootPhase_520_com.android.server.smartspace.SmartspaceManagerService
12-14 03:22:33.544 1503 1503 I SystemServerTiming: OnBootPhase_520_com.android.server.graphics.fonts.FontManagerService$Lifecycle
12-14 03:22:33.544 1503 1503 I SystemServerTiming: OnBootPhase_520_com.android.server.textservices.TextServicesManagerService$Lifecycle
12-14 03:22:33.544 1503 1503 I SystemServerTiming: OnBootPhase_520_com.android.server.textclassifier.TextClassificationManagerService$Lifecycle
12-14 03:22:33.544 1503 1503 I SystemServerTiming: OnBootPhase_520_com.android.server.NetworkScoreService$Lifecycle
12-14 03:22:33.544 1503 1503 I SystemServerTiming: OnBootPhase_520_com.android.server.wifi.WifiService
12-14 03:22:33.544 1503 1503 I SystemServerTiming: OnBootPhase_520_com.android.server.wifi.scanner.WifiScanningService
12-14 03:22:33.544 1503 1503 I SystemServerTiming: OnBootPhase_520_com.android.server.wifi.rtt.RttService
12-14 03:22:33.544 1503 1503 I SystemServerTiming: OnBootPhase_520_com.android.server.wifi.aware.WifiAwareService
12-14 03:22:33.544 1503 1503 I SystemServerTiming: OnBootPhase_520_com.android.server.wifi.p2p.WifiP2pService
12-14 03:22:33.544 1503 1503 I SystemServerTiming: OnBootPhase_520_com.android.server.ethernet.EthernetService
12-14 03:22:33.544 1503 1503 I SystemServerTiming: OnBootPhase_520_com.android.server.ConnectivityServiceInitializer
12-14 03:22:33.544 1503 1503 I SystemServerTiming: OnBootPhase_520_com.android.server.notification.NotificationManagerService
12-14 03:22:33.544 1503 1503 I SystemServerTiming: OnBootPhase_520_com.android.server.storage.DeviceStorageMonitorService
12-14 03:22:33.544 1503 1503 I SystemServerTiming: OnBootPhase_520_com.android.server.location.LocationManagerService$Lifecycle
12-14 03:22:33.544 1503 1503 I SystemServerTiming: OnBootPhase_520_com.android.server.timedetector.TimeDetectorService$Lifecycle
12-14 03:22:33.544 1503 1503 I SystemServerTiming: OnBootPhase_520_com.android.server.timezonedetector.TimeZoneDetectorService$Lifecycle
12-14 03:22:33.544 1503 1503 I SystemServerTiming: OnBootPhase_520_com.android.server.timezonedetector.location.LocationTimeZoneManagerService$Lifecycle
12-14 03:22:33.544 1503 1503 I SystemServerTiming: OnBootPhase_520_com.android.server.search.SearchManagerService$Lifecycle
12-14 03:22:33.544 1503 1503 I SystemServerTiming: OnBootPhase_520_com.android.server.wallpaper.WallpaperManagerService$Lifecycle
12-14 03:22:33.544 1503 1503 I SystemServerTiming: OnBootPhase_520_com.android.server.audio.AudioService$Lifecycle
12-14 03:22:33.544 1503 1503 I SystemServerTiming: OnBootPhase_520_com.android.server.soundtrigger_middleware.SoundTriggerMiddlewareService$Lifecycle
12-14 03:22:33.544 1503 1503 I SystemServerTiming: OnBootPhase_520_com.android.server.DockObserver
12-14 03:22:33.544 1503 1503 I SystemServerTiming: OnBootPhase_520_com.android.server.midi.MidiService$Lifecycle
12-14 03:22:33.544 1503 1503 I SystemServerTiming: OnBootPhase_520_com.android.server.adb.AdbService$Lifecycle
12-14 03:22:33.544 1503 1503 I SystemServerTiming: OnBootPhase_520_com.android.server.usb.UsbService$Lifecycle
12-14 03:22:33.544 1503 1503 I SystemServerTiming: OnBootPhase_520_com.android.server.twilight.TwilightService
12-14 03:22:33.544 1503 1503 I SystemServerTiming: OnBootPhase_520_com.android.server.display.color.ColorDisplayService
12-14 03:22:33.544 1503 1503 I SystemServerTiming: OnBootPhase_520_com.android.server.job.JobSchedulerService
12-14 03:22:33.544 1503 1503 I SystemServerTiming: OnBootPhase_520_com.android.server.soundtrigger.SoundTriggerService
12-14 03:22:33.544 1503 1503 D SoundTriggerService: onBootPhase: 520 : false
12-14 03:22:33.544 1503 1503 I SystemServerTiming: OnBootPhase_520_com.android.server.trust.TrustManagerService
12-14 03:22:33.544 1503 1503 I SystemServerTiming: OnBootPhase_520_com.android.server.backup.BackupManagerService$Lifecycle
12-14 03:22:33.544 1503 1503 I SystemServerTiming: OnBootPhase_520_com.android.server.appwidget.AppWidgetService
12-14 03:22:33.544 1503 1503 I SystemServerTiming: OnBootPhase_520_com.android.server.voiceinteraction.VoiceInteractionManagerService
12-14 03:22:33.544 1503 1503 I SystemServerTiming: OnBootPhase_520_com.android.server.apphibernation.AppHibernationService
12-14 03:22:33.544 1503 1503 I SystemServerTiming: OnBootPhase_520_com.android.server.GestureLauncherService
12-14 03:22:33.544 1503 1503 I SystemServerTiming: OnBootPhase_520_com.android.server.SensorNotificationService
12-14 03:22:33.544 1503 1503 I SystemServerTiming: OnBootPhase_520_com.android.server.emergency.EmergencyAffordanceService
12-14 03:22:33.544 1503 1503 I SystemServerTiming: OnBootPhase_520_com.android.server.blob.BlobStoreManagerService
12-14 03:22:33.544 1503 1503 I SystemServerTiming: OnBootPhase_520_com.android.server.dreams.DreamManagerService
12-14 03:22:33.544 1503 1503 I SystemServerTiming: OnBootPhase_520_com.android.server.companion.CompanionDeviceManagerService
12-14 03:22:33.544 1503 1503 I SystemServerTiming: OnBootPhase_520_com.android.server.restrictions.RestrictionsManagerService
12-14 03:22:33.544 1503 1503 I SystemServerTiming: OnBootPhase_520_com.android.server.media.MediaSessionService
12-14 03:22:33.544 1503 1503 I SystemServerTiming: OnBootPhase_520_com.android.server.media.MediaResourceMonitorService
12-14 03:22:33.544 1503 1503 I SystemServerTiming: OnBootPhase_520_com.android.server.biometrics.sensors.fingerprint.FingerprintService
12-14 03:22:33.544 1503 1503 I SystemServerTiming: OnBootPhase_520_com.android.server.biometrics.BiometricService
12-14 03:22:33.544 1503 1503 I SystemServerTiming: OnBootPhase_520_com.android.server.biometrics.AuthService
12-14 03:22:33.544 1503 1503 I SystemServerTiming: OnBootPhase_520_com.android.server.pm.ShortcutService$Lifecycle
12-14 03:22:33.544 1503 1503 I SystemServerTiming: OnBootPhase_520_com.android.server.pm.LauncherAppsService
12-14 03:22:33.544 1503 1503 I SystemServerTiming: OnBootPhase_520_com.android.server.pm.CrossProfileAppsService
12-14 03:22:33.544 1503 1503 I SystemServerTiming: OnBootPhase_520_com.android.server.people.PeopleService
12-14 03:22:33.544 1503 1503 I SystemServerTiming: OnBootPhase_520_com.android.server.media.metrics.MediaMetricsManagerService
12-14 03:22:33.544 1503 1503 I SystemServerTiming: OnBootPhase_520_com.android.server.media.projection.MediaProjectionManagerService
12-14 03:22:33.544 1503 1503 I SystemServerTiming: OnBootPhase_520_com.android.server.slice.SliceManagerService$Lifecycle
12-14 03:22:33.544 1503 1503 I SystemServerTiming: OnBootPhase_520_com.android.server.stats.StatsCompanion$Lifecycle
12-14 03:22:33.544 1503 1503 I SystemServerTiming: OnBootPhase_520_com.android.server.scheduling.RebootReadinessManagerService$Lifecycle
12-14 03:22:33.544 1503 1503 I SystemServerTiming: OnBootPhase_520_com.android.server.stats.pull.StatsPullAtomService
12-14 03:22:33.544 1503 1503 I SystemServerTiming: OnBootPhase_520_com.android.server.incident.IncidentCompanionService
12-14 03:22:33.544 1503 1503 I SystemServerTiming: OnBootPhase_520_com.android.server.MmsServiceBroker
12-14 03:22:33.544 1503 1503 I SystemServerTiming: OnBootPhase_520_com.android.server.autofill.AutofillManagerService
12-14 03:22:33.544 1503 1503 I SystemServerTiming: OnBootPhase_520_com.android.server.clipboard.ClipboardService
12-14 03:22:33.544 1503 1503 I SystemServerTiming: OnBootPhase_520_com.android.server.appbinding.AppBindingService$Lifecycle
12-14 03:22:33.544 1503 1503 I SystemServerTiming: OnBootPhase_520_com.android.server.tracing.TracingServiceProxy
12-14 03:22:33.544 1503 1503 I SystemServerTiming: OnBootPhase_520_com.android.server.policy.PermissionPolicyService
12-14 03:22:33.544 1503 1503 I SystemServerTiming: OnBootPhase_520_com.android.server.pm.StagingManager$Lifecycle
12-14 03:22:33.544 1503 1503 I SystemServerTiming: OnBootPhase_520_com.android.server.app.GameManagerService$Lifecycle
12-14 03:22:33.544 1503 1503 I SystemServerTiming: AppSearchManagerService
12-14 03:22:33.545 1503 1503 I SystemServiceManager: Starting com.android.server.appsearch.AppSearchManagerService
12-14 03:22:33.547 1503 1503 I SystemServerTiming: StartMediaCommunicationService
12-14 03:22:33.548 1503 1503 I SystemServiceManager: Starting com.android.server.media.MediaCommunicationService
12-14 03:22:33.548 1503 1503 I SystemServerTiming: PhaseActivityManagerReady
12-14 03:22:33.548 1503 1503 I SystemServerTiming: controllersReady
12-14 03:22:33.549 1503 1718 I SystemServerTimingAsync: InitThreadPoolExec:Update app-ops uidState in case package android changed
12-14 03:22:33.549 1503 1503 I SystemServerTiming: killProcesses
12-14 03:22:33.549 1503 1503 I ActivityManager: System now ready
12-14 03:22:33.549 1503 1503 I SystemServerTiming: updateTopComponentForFactoryTest
12-14 03:22:33.549 1503 1503 I SystemServerTiming: registerActivityLaunchObserver
12-14 03:22:33.550 1503 1503 I SystemServerTiming: watchDeviceProvisioning
12-14 03:22:33.550 1503 1503 I SystemServerTiming: retrieveSettings
12-14 03:22:33.550 1503 1503 I ActivityTaskManager: Config changes=10000000 {1.0 ?mcc?mnc [zh_CN] ldltr sw680dp w1586dp h584dp 240dpi lrg long land finger -keyb/v/h -nav/h winConfig={ mBounds=Rect(0, 0 - 2380, 1020) mAppBounds=Rect(0, 0 - 2380, 948) mMaxBounds=Rect(0, 0 - 2380, 1020) mWindowingMode=fullscreen mDisplayWindowingMode=fullscreen mActivityType=undefined mAlwaysOnTop=undefined mRotation=ROTATION_0} s.8 fontWeightAdjustment=0}
12-14 03:22:33.551 1503 1503 I WindowManager: Override config changes=10000000 {1.0 ?mcc?mnc [zh_CN] ldltr sw680dp w1586dp h584dp 240dpi lrg long land finger -keyb/v/h -nav/h winConfig={ mBounds=Rect(0, 0 - 2380, 1020) mAppBounds=Rect(0, 0 - 2380, 948) mMaxBounds=Rect(0, 0 - 2380, 1020) mWindowingMode=fullscreen mDisplayWindowingMode=fullscreen mActivityType=undefined mAlwaysOnTop=undefined mRotation=ROTATION_0} s.8 fontWeightAdjustment=0} for displayId=0
12-14 03:22:33.551 1503 1503 I SystemServerTiming: Ugm.onSystemReady
12-14 03:22:33.552 1503 1503 I SystemServerTiming: updateForceBackgroundCheck
12-14 03:22:33.552 1503 1503 I SystemServer: Making services ready
12-14 03:22:33.552 1503 1503 I SystemServerTiming: StartActivityManagerReadyPhase
12-14 03:22:33.552 1503 1503 I SystemServiceManager: Starting phase 550
12-14 03:22:33.552 1503 1503 I SystemServerTiming: OnBootPhase_550
12-14 03:22:33.552 1503 1503 I SystemServerTiming: OnBootPhase_550_com.android.server.security.FileIntegrityService
12-14 03:22:33.552 1503 1503 I SystemServerTiming: OnBootPhase_550_com.android.server.pm.Installer
12-14 03:22:33.552 1503 1503 I SystemServerTiming: OnBootPhase_550_com.android.server.os.DeviceIdentifiersPolicyService
12-14 03:22:33.552 1503 1503 I SystemServerTiming: OnBootPhase_550_com.android.server.uri.UriGrantsManagerService$Lifecycle
12-14 03:22:33.552 1503 1503 I SystemServerTiming: OnBootPhase_550_com.android.server.powerstats.PowerStatsService
12-14 03:22:33.552 1503 1503 I SystemServerTiming: OnBootPhase_550_com.android.server.wm.ActivityTaskManagerService$Lifecycle
12-14 03:22:33.552 1503 1503 I SystemServerTiming: OnBootPhase_550_com.android.server.am.ActivityManagerService$Lifecycle
12-14 03:22:33.552 1503 1503 I SystemServerTiming: OnBootPhase_550_com.android.server.pm.DataLoaderManagerService
12-14 03:22:33.552 1503 1503 I SystemServerTiming: OnBootPhase_550_com.android.server.power.PowerManagerService
12-14 03:22:33.552 1503 1503 I SystemServerTiming: OnBootPhase_550_com.android.server.power.ThermalManagerService
12-14 03:22:33.553 1503 1503 I ThermalHalWrapper: Thermal HAL 2.0 service connected.
12-14 03:22:33.553 1503 1503 E ThermalHalWrapper: Couldn't get temperatures because of HAL error: ThermalHAL not initialized properly.
12-14 03:22:33.553 1503 1503 W ThermalManagerService: Thermal HAL reported invalid data, abort connection
12-14 03:22:33.553 1503 1503 E ThermalHalWrapper: Couldn't get temperature thresholds because of HAL error: ThermalHAL not initialized properly.
12-14 03:22:33.553 1503 1503 I SystemServerTiming: OnBootPhase_550_com.android.server.power.hint.HintManagerService
12-14 03:22:33.553 1503 1503 I SystemServerTiming: OnBootPhase_550_com.android.server.recoverysystem.RecoverySystemService$Lifecycle
12-14 03:22:33.553 1503 1503 I SystemServerTiming: OnBootPhase_550_com.android.server.lights.LightsService
12-14 03:22:33.553 1503 1503 I SystemServerTiming: OnBootPhase_550_com.android.server.display.DisplayManagerService
12-14 03:22:33.553 1503 1503 I SystemServerTiming: OnBootPhase_550_com.android.server.pm.verify.domain.DomainVerificationService
12-14 03:22:33.553 1503 1503 I SystemServerTiming: OnBootPhase_550_com.android.server.pm.PackageInstallerService$Lifecycle
12-14 03:22:33.553 1503 1503 I SystemServerTiming: OnBootPhase_550_com.android.server.pm.UserManagerService$LifeCycle
12-14 03:22:33.553 1503 1503 I SystemServerTiming: OnBootPhase_550_com.android.server.om.OverlayManagerService
12-14 03:22:33.553 1503 1503 I SystemServerTiming: OnBootPhase_550_com.android.server.SensorPrivacyService
12-14 03:22:33.553 1503 1503 I SystemServerTiming: OnBootPhase_550_com.android.server.sensors.SensorService
12-14 03:22:33.553 1503 1503 I SystemServerTiming: OnBootPhase_550_com.android.server.SystemConfigService
12-14 03:22:33.553 1503 1503 I SystemServerTiming: OnBootPhase_550_com.android.server.BatteryService
12-14 03:22:33.553 1503 1503 I SystemServerTiming: OnBootPhase_550_com.android.server.usage.UsageStatsService
12-14 03:22:33.553 1503 1503 I SystemServerTiming: OnBootPhase_550_com.android.server.webkit.WebViewUpdateService
12-14 03:22:33.553 1503 1503 I SystemServerTiming: OnBootPhase_550_com.android.server.CachedDeviceStateService
12-14 03:22:33.553 1503 1503 I SystemServerTiming: OnBootPhase_550_com.android.server.BinderCallsStatsService$LifeCycle
12-14 03:22:33.553 1503 1503 I SystemServerTiming: OnBootPhase_550_com.android.server.LooperStatsService$Lifecycle
12-14 03:22:33.553 1503 1503 I SystemServerTiming: OnBootPhase_550_com.android.server.rollback.RollbackManagerService
12-14 03:22:33.553 1503 1503 I SystemServerTiming: OnBootPhase_550_com.android.server.os.NativeTombstoneManagerService
12-14 03:22:33.553 1503 1503 I SystemServerTiming: OnBootPhase_550_com.android.server.os.BugreportManagerService
12-14 03:22:33.553 1503 1503 I SystemServerTiming: OnBootPhase_550_com.android.server.gpu.GpuService
12-14 03:22:33.554 1503 1503 I SystemServerTiming: OnBootPhase_550_com.android.server.security.KeyChainSystemService
12-14 03:22:33.554 1503 1503 I SystemServerTiming: OnBootPhase_550_com.android.server.telecom.TelecomLoaderService
12-14 03:22:33.554 1503 1503 W ActivityManager: Too early to start/bind service in system_server: Phase=550 ComponentInfo{com.android.server.telecom/com.android.server.telecom.components.TelecomService}
12-14 03:22:33.554 1503 1503 D CompatibilityChangeReporter: Compat change id reported: 168419799; UID 1000; state: DISABLED
12-14 03:22:33.555 1503 1503 W ActivityManager: Too early to start/bind service in system_server: Phase=550 ComponentInfo{com.android.server.telecom/com.android.server.telecom.components.TelecomService}
12-14 03:22:33.555 1503 1503 I SystemServerTiming: OnBootPhase_550_com.android.server.accounts.AccountManagerService$Lifecycle
12-14 03:22:33.555 1503 1503 I SystemServerTiming: OnBootPhase_550_com.android.server.content.ContentService$Lifecycle
12-14 03:22:33.555 1503 1503 I SystemServerTiming: OnBootPhase_550_com.android.server.DropBoxManagerService
12-14 03:22:33.555 1503 1503 I SystemServerTiming: OnBootPhase_550_com.android.role.RoleService
12-14 03:22:33.555 1503 1503 I SystemServerTiming: OnBootPhase_550_com.android.server.vibrator.VibratorManagerService$Lifecycle
12-14 03:22:33.555 1503 1503 I SystemServerTiming: OnBootPhase_550_com.android.server.alarm.AlarmManagerService
12-14 03:22:33.555 1503 1503 I SystemServerTiming: OnBootPhase_550_com.android.server.devicestate.DeviceStateManagerService
12-14 03:22:33.555 1503 1503 I SystemServerTiming: OnBootPhase_550_com.android.server.camera.CameraServiceProxy
12-14 03:22:33.555 1503 1503 I SystemServerTiming: OnBootPhase_550_com.android.server.BluetoothService
12-14 03:22:33.555 1503 1503 D BluetoothManagerService: Bluetooth boot completed
12-14 03:22:33.555 1503 1503 D BluetoothManagerService: Auto-enabling Bluetooth.
12-14 03:22:33.555 1503 1603 D BluetoothManagerService: MESSAGE_ENABLE(0): mBluetooth = null
12-14 03:22:33.555 1503 1603 D BluetoothManagerService: MESSAGE_ENABLE: handleEnable
12-14 03:22:33.555 1503 1603 D BluetoothManagerService: binding Bluetooth service
12-14 03:22:33.556 1503 1603 D CompatibilityChangeReporter: Compat change id reported: 135634846; UID 1002; state: DISABLED
12-14 03:22:33.556 1503 1603 D CompatibilityChangeReporter: Compat change id reported: 177438394; UID 1002; state: DISABLED
12-14 03:22:33.556 1503 1603 D CompatibilityChangeReporter: Compat change id reported: 135772972; UID 1002; state: DISABLED
12-14 03:22:33.556 1503 1603 D CompatibilityChangeReporter: Compat change id reported: 135754954; UID 1002; state: ENABLED
12-14 03:22:33.556 1503 1613 W ActivityManager: com.android.bluetooth inode == 0 (b/152760674)
12-14 03:22:33.557 1503 1603 D BluetoothManagerService: Binding BT service. Current user: 0
