01-01 09:23:04.640 0 0 I : Adding 4194300k swap on /dev/block/zram0. Priority:32758 extents:1 across:4194300k SS
12-14 03:22:35.725 1503 1503 D CompatibilityChangeReporter: Compat change id reported: 168419799; UID 10096; state: DISABLED
12-14 03:22:35.728 1503 1613 W ActivityManager: Slow operation: 107ms so far, now at startProcess: done updating battery stats
12-14 03:22:35.728 1503 1613 W ActivityManager: Slow operation: 107ms so far, now at startProcess: building log message
12-14 03:22:35.728 1503 1613 I ActivityManager: Start proc 3354:.pasr/u0a53 for added application .pasr
12-14 03:22:35.728 1503 1613 W ActivityManager: Slow operation: 107ms so far, now at startProcess: starting to update pids map
12-14 03:22:35.728 1503 1613 W ActivityManager: Slow operation: 107ms so far, now at startProcess: done updating pids map
12-14 03:22:35.728 1503 1613 W ActivityManager: Slow operation: 107ms so far, now at startProcess: asking zygote to start proc
12-14 03:22:35.728 1503 1613 D CompatibilityChangeReporter: Compat change id reported: 143937733; UID 10074; state: DISABLED
01-01 09:23:04.646 0 0 I binder : 3354:3354 ioctl 40046210 7fe38dfb64 returned -22
12-14 03:22:35.737 1503 1613 W ActivityManager: Slow operation: 116ms so far, now at startProcess: returned from zygote!
12-14 03:22:35.737 1503 1613 W ActivityManager: Slow operation: 116ms so far, now at startProcess: done updating battery stats
12-14 03:22:35.737 1503 1613 W ActivityManager: Slow operation: 116ms so far, now at startProcess: building log message
12-14 03:22:35.737 1503 1613 I ActivityManager: Start proc 3376:com.qualcomm.qti.services.systemhelper:systemhelper_service/u0a74 for added application com.qualcomm.qti.services.systemhelper:systemhelper_service
12-14 03:22:35.737 1503 1613 W ActivityManager: Slow operation: 116ms so far, now at startProcess: starting to update pids map
12-14 03:22:35.737 1503 1613 W ActivityManager: Slow operation: 116ms so far, now at startProcess: done updating pids map
12-14 03:22:35.737 1503 1613 W ActivityManager: Slow operation: 116ms so far, now at startProcess: asking zygote to start proc
12-14 03:22:35.738 1503 1613 D CompatibilityChangeReporter: Compat change id reported: 143937733; UID 10087; state: ENABLED
01-01 09:23:04.648 0 0 I binder : 3334:3334 ioctl 40046210 7fe38dea54 returned -22
12-14 03:22:35.738 1503 2326 V BackupManagerService: [UserID:0] No ancestral data
12-14 03:22:35.739 1503 1591 D CompatibilityChangeReporter: Compat change id reported: 168419799; UID 10053; state: DISABLED
12-14 03:22:35.743 1503 1613 W ActivityManager: Slow operation: 121ms so far, now at startProcess: returned from zygote!
12-14 03:22:35.748 1503 3296 V BackupManagerConstants: getKeyValueBackupIntervalMilliseconds(...) returns 14400000
12-14 03:22:35.749 1503 3296 V BackupManagerConstants: getKeyValueBackupFuzzMilliseconds(...) returns 600000
12-14 03:22:35.749 1503 3296 V BackupManagerConstants: getKeyValueBackupRequiredNetworkType(...) returns 1
12-14 03:22:35.749 1503 3296 V BackupManagerConstants: getKeyValueBackupRequireCharging(...) returns true
12-14 03:22:35.749 1503 3296 V KeyValueBackupJob: Scheduling k/v pass in 244 minutes
12-14 03:22:35.751 1503 1613 W ActivityManager: Slow operation: 129ms so far, now at startProcess: done updating battery stats
12-14 03:22:35.751 1503 1613 W ActivityManager: Slow operation: 130ms so far, now at startProcess: building log message
12-14 03:22:35.751 1503 1613 I ActivityManager: Start proc 3383:com.qualcomm.qti.qccnetstat/u0a87 for added application com.qualcomm.qti.qccnetstat
12-14 03:22:35.751 1503 1613 W ActivityManager: Slow operation: 130ms so far, now at startProcess: starting to update pids map
12-14 03:22:35.752 1503 1613 W ActivityManager: Slow operation: 130ms so far, now at startProcess: done updating pids map
12-14 03:22:35.752 1503 1613 W ActivityManager: Slow operation: 130ms so far, now at startProcess: asking zygote to start proc
12-14 03:22:35.752 1503 1613 D CompatibilityChangeReporter: Compat change id reported: 143937733; UID 10084; state: ENABLED
12-14 03:22:35.752 1503 1730 D CompatibilityChangeReporter: Compat change id reported: 157233955; UID 10079; state: DISABLED
12-14 03:22:35.753 1503 2352 I SyncManager: Loaded persisted syncs: 0 periodic syncs, 0 oneshot syncs, 13 total system server jobs, JobStats: FirstLoad: 0/0/0 LastSave: -1/-1/-1
12-14 03:22:35.756 1503 2326 I BackupManagerService: isBackupEnabled() => false due to absent settings file
12-14 03:22:35.756 1503 2326 D BackupManagerService: user:0 readBackupEnableState enabled:false
12-14 03:22:35.756 1503 2326 I BackupManagerService: [UserID:0] Backup enabled => false
12-14 03:22:35.756 1503 1503 V NotificationAssistants: 0 notification assistant service connected: ComponentInfo{android.ext.services/android.ext.services.notification.Assistant}
12-14 03:22:35.757 1503 1612 I DropBoxManagerService: add tag=system_server_wtf isTagEnabled=true flags=0x2
01-01 09:23:04.670 0 0 I binder : 3376:3376 ioctl 40046210 7fe38dfb64 returned -22
01-01 09:23:04.672 0 0 I binder : 3383:3383 ioctl 40046210 7fe38dfb64 returned -22
12-14 03:22:35.759 1503 1613 W ActivityManager: Slow operation: 137ms so far, now at startProcess: returned from zygote!
12-14 03:22:35.759 1503 1613 W ActivityManager: Slow operation: 137ms so far, now at startProcess: done updating battery stats
12-14 03:22:35.759 1503 1613 W ActivityManager: Slow operation: 137ms so far, now at startProcess: building log message
12-14 03:22:35.759 1503 1613 I ActivityManager: Start proc 3406:com.qualcomm.qti.workloadclassifier/u0a84 for added application com.qualcomm.qti.workloadclassifier
12-14 03:22:35.759 1503 1613 W ActivityManager: Slow operation: 137ms so far, now at startProcess: starting to update pids map
12-14 03:22:35.759 1503 1613 W ActivityManager: Slow operation: 137ms so far, now at startProcess: done updating pids map
12-14 03:22:35.759 1503 1613 W ActivityManager: Slow operation: 133ms so far, now at startProcess: asking zygote to start proc
12-14 03:22:35.759 1503 1613 D CompatibilityChangeReporter: Compat change id reported: 143937733; UID 10018; state: ENABLED
12-14 03:22:35.765 1503 1590 D CompatibilityChangeReporter: Compat change id reported: 168419799; UID 10074; state: DISABLED
12-14 03:22:35.766 1503 1613 W ActivityManager: Slow operation: 140ms so far, now at startProcess: returned from zygote!
12-14 03:22:35.769 1503 3298 D CompatibilityChangeReporter: Compat change id reported: 168419799; UID 10087; state: DISABLED
12-14 03:22:35.771 1503 1613 W ActivityManager: Slow operation: 145ms so far, now at startProcess: done updating battery stats
12-14 03:22:35.771 1503 1613 W ActivityManager: Slow operation: 145ms so far, now at startProcess: building log message
12-14 03:22:35.771 1503 1613 I ActivityManager: Start proc 3415:android.process.media/u0a18 for broadcast {com.android.mtp/com.android.mtp.MtpReceiver}
12-14 03:22:35.771 1503 1613 W ActivityManager: Slow operation: 145ms so far, now at startProcess: starting to update pids map
12-14 03:22:35.771 1503 1613 W ActivityManager: Slow operation: 145ms so far, now at startProcess: done updating pids map
12-14 03:22:35.771 1503 1613 W ActivityManager: Slow operation: 100ms so far, now at startProcess: asking zygote to start proc
12-14 03:22:35.771 1503 1613 D CompatibilityChangeReporter: Compat change id reported: 143937733; UID 10031; state: ENABLED
12-14 03:22:35.787 1503 1730 D CompatibilityChangeReporter: Compat change id reported: 168419799; UID 10084; state: DISABLED
12-14 03:22:35.789 1503 1613 W ActivityManager: Slow operation: 118ms so far, now at startProcess: returned from zygote!
12-14 03:22:35.790 1503 1503 I GameModeConfig: isGameModeOn = false
01-01 09:23:04.695 0 0 I binder : 3406:3406 ioctl 40046210 7fe38dfb64 returned -22
01-01 09:23:04.701 0 0 I binder : 3415:3415 ioctl 40046210 7fe38dfb64 returned -22
12-14 03:22:35.791 1503 1503 W NotificationHistory: Attempted to add notif for locked/gone/disabled user 0
12-14 03:22:35.795 1503 1613 W ActivityManager: Slow operation: 124ms so far, now at startProcess: done updating battery stats
12-14 03:22:35.795 1503 1613 W ActivityManager: Slow operation: 124ms so far, now at startProcess: building log message
12-14 03:22:35.795 1503 1613 I ActivityManager: Start proc 3442:com.android.documentsui/u0a31 for broadcast {com.android.documentsui/com.android.documentsui.PreBootReceiver}
12-14 03:22:35.795 1503 1613 W ActivityManager: Slow operation: 124ms so far, now at startProcess: starting to update pids map
12-14 03:22:35.795 1503 1613 W ActivityManager: Slow operation: 124ms so far, now at startProcess: done updating pids map
12-14 03:22:35.795 1503 1613 W ActivityManager: Slow operation: 105ms so far, now at startProcess: asking zygote to start proc
12-14 03:22:35.797 1503 2420 D CompatibilityChangeReporter: Compat change id reported: 168419799; UID 10018; state: DISABLED
12-14 03:22:35.808 1503 1613 W ActivityManager: Slow operation: 118ms so far, now at startProcess: returned from zygote!
12-14 03:22:35.808 1503 1613 W ActivityManager: Slow operation: 118ms so far, now at startProcess: done updating battery stats
12-14 03:22:35.808 1503 1613 W ActivityManager: Slow operation: 118ms so far, now at startProcess: building log message
12-14 03:22:35.808 1503 1613 I ActivityManager: Start proc 3463:com.android.keychain/1000 for service {com.android.keychain/com.android.keychain.KeyChainService}
12-14 03:22:35.808 1503 1613 W ActivityManager: Slow operation: 118ms so far, now at startProcess: starting to update pids map
12-14 03:22:35.808 1503 1613 W ActivityManager: Slow operation: 118ms so far, now at startProcess: done updating pids map
12-14 03:22:35.808 1503 1613 W ActivityManager: Slow operation: 115ms so far, now at startProcess: asking zygote to start proc
12-14 03:22:35.808 1503 1613 D CompatibilityChangeReporter: Compat change id reported: 143937733; UID 10095; state: ENABLED
01-01 09:23:04.721 0 0 I binder : 3442:3442 ioctl 40046210 7fe38dfb64 returned -22
12-14 03:22:35.815 1503 1613 W ActivityManager: Slow operation: 122ms so far, now at startProcess: returned from zygote!
12-14 03:22:35.815 1503 1613 W ActivityManager: Slow operation: 122ms so far, now at startProcess: done updating battery stats
12-14 03:22:35.815 1503 1613 I Watchdog: Interesting Java process com.android.providers.media.module started. Pid 3474
12-14 03:22:35.815 1503 1613 W ActivityManager: Slow operation: 122ms so far, now at startProcess: building log message
12-14 03:22:35.815 1503 1613 I ActivityManager: Start proc 3474:com.android.providers.media.module/u0a95 for service {com.android.providers.media.module/com.android.providers.media.fuse.ExternalStorageServiceImpl}
12-14 03:22:35.815 1503 1613 W ActivityManager: Slow operation: 122ms so far, now at startProcess: starting to update pids map
12-14 03:22:35.815 1503 1613 W ActivityManager: Slow operation: 122ms so far, now at startProcess: done updating pids map
12-14 03:22:35.815 1503 1613 W ActivityManager: Slow operation: 120ms so far, now at startProcess: asking zygote to start proc
12-14 03:22:35.821 1503 2420 D CompatibilityChangeReporter: Compat change id reported: 168419799; UID 10031; state: DISABLED
12-14 03:22:35.822 1503 1613 W ActivityManager: Slow operation: 127ms so far, now at startProcess: returned from zygote!
12-14 03:22:35.825 1503 1613 W ActivityManager: Slow operation: 130ms so far, now at startProcess: done updating battery stats
12-14 03:22:35.825 1503 1613 W ActivityManager: Slow operation: 130ms so far, now at startProcess: building log message
12-14 03:22:35.825 1503 1613 I ActivityManager: Start proc 3476:com.android.provision/1000 for top-activity {com.android.provision/com.android.provision.DefaultActivity}
12-14 03:22:35.825 1503 1613 W ActivityManager: Slow operation: 130ms so far, now at startProcess: starting to update pids map
12-14 03:22:35.825 1503 1613 W ActivityManager: Slow operation: 130ms so far, now at startProcess: done updating pids map
12-14 03:22:35.825 1503 1613 W ActivityManager: Slow operation: 123ms so far, now at startProcess: asking zygote to start proc
12-14 03:22:35.825 1503 1613 D CompatibilityChangeReporter: Compat change id reported: 143937733; UID 10073; state: ENABLED
01-01 09:23:04.741 0 0 I binder : 3463:3463 ioctl 40046210 7fe38dfb64 returned -22
12-14 03:22:35.832 1503 1613 W ActivityManager: Slow operation: 130ms so far, now at startProcess: returned from zygote!
12-14 03:22:35.833 1503 1613 W ActivityManager: Slow operation: 131ms so far, now at startProcess: done updating battery stats
12-14 03:22:35.833 1503 1613 W ActivityManager: Slow operation: 131ms so far, now at startProcess: building log message
12-14 03:22:35.833 1503 1613 I ActivityManager: Start proc 3491:com.qualcomm.location.XT/u0a73 for service {com.qualcomm.location.XT/com.qualcomm.location.XT.XTSrv}
12-14 03:22:35.833 1503 1613 W ActivityManager: Slow operation: 131ms so far, now at startProcess: starting to update pids map
12-14 03:22:35.833 1503 1613 W ActivityManager: Slow operation: 131ms so far, now at startProcess: done updating pids map
01-01 09:23:04.750 0 0 I binder : 3474:3474 ioctl 40046210 7fe38dfb64 returned -22
01-01 09:23:04.752 0 0 I binder : 3476:3476 ioctl 40046210 7fe38dfb64 returned -22
01-01 09:23:04.761 0 0 I binder : 3491:3491 ioctl 40046210 7fe38dfb64 returned -22
12-14 03:22:35.851 1503 2417 D CompatibilityChangeReporter: Compat change id reported: 168419799; UID 10095; state: DISABLED
12-14 03:22:35.857 1503 3298 D CompatibilityChangeReporter: Compat change id reported: 174042980; UID 1000; state: DISABLED
12-14 03:22:35.862 1503 1590 D CompatibilityChangeReporter: Compat change id reported: 168419799; UID 10073; state: DISABLED
12-14 03:22:35.882 1503 2420 I ActivityTaskManager: START u0 {cmp=com.thundercomm.tcsetupwizard/.TcSetupStartActivity} from uid 1000
12-14 03:22:35.888 1503 2420 D CompatibilityChangeReporter: Compat change id reported: 168419799; UID 1000; state: DISABLED
12-14 03:22:35.899 1503 1503 I GameModeConfig: isGameModeOn = false
12-14 03:22:35.900 1503 1503 W NotificationHistory: Attempted to add notif for locked/gone/disabled user 0
12-14 03:22:35.909 1503 1590 I ActivityTaskManager: FOREGROUND_APPLICATION_CHANGED to com.thundercomm.tcsetupwizard.TcSetupStartActivity
12-14 03:22:35.909 1503 1590 I ActivityTaskManager: The Process com.thundercomm.tcsetupwizard Already Exists in BG. So sending its PID: 2648
12-14 03:22:35.909 1503 3325 I StorageUserConnection: Service: [ComponentInfo{com.android.providers.media.module/com.android.providers.media.fuse.ExternalStorageServiceImpl}] connected. User [0]
12-14 03:22:35.911 1503 1590 D CompatibilityChangeReporter: Compat change id reported: 181136395; UID 1000; state: DISABLED
12-14 03:22:35.913 1503 1590 D CompatibilityChangeReporter: Compat change id reported: 174042936; UID 1000; state: DISABLED
01-01 09:23:04.826 0 0 I binder : 3491:3560 ioctl 40046210 760a7f8944 returned -22
01-01 09:23:04.852 0 0 I binder : 2648:2648 ioctl 40046210 7fe38de8c4 returned -22
01-01 09:23:04.854 0 0 E bt_ioctl: BT_CMD_PWR_CTRL pwr_cntrl:2
01-01 09:23:04.854 0 0 E bt_vreg_unvote: vreg_unvote successful for : qca,bt-vdd-rfa2
01-01 09:23:04.854 0 0 E bt_vreg_unvote: vreg_unvote successful for : qca,bt-vdd-rfa1
01-01 09:23:04.854 0 0 E bt_vreg_unvote: vreg_unvote successful for : qca,bt-vdd-dig
01-01 09:23:04.854 0 0 E bt_vreg_unvote: vreg_unvote successful for : qca,bt-vdd-aon
12-14 03:22:35.930 1503 1590 D CompatibilityChangeReporter: Compat change id reported: 135634846; UID 10029; state: DISABLED
12-14 03:22:35.930 1503 1590 D CompatibilityChangeReporter: Compat change id reported: 177438394; UID 10029; state: DISABLED
12-14 03:22:35.930 1503 1590 D CompatibilityChangeReporter: Compat change id reported: 135772972; UID 10029; state: DISABLED
12-14 03:22:35.931 1503 1590 D CompatibilityChangeReporter: Compat change id reported: 135754954; UID 10029; state: ENABLED
12-14 03:22:35.931 1503 1613 D CompatibilityChangeReporter: Compat change id reported: 143937733; UID 10029; state: ENABLED
12-14 03:22:35.943 1503 1613 I ActivityManager: Start proc 3585:com.android.externalstorage/u0a29 for content provider {com.android.externalstorage/com.android.externalstorage.ExternalStorageProvider}
12-14 03:22:35.954 1503 2420 W WindowManager: Failed looking up window session=Session{77ee70c 2648:1000} callers=com.android.server.wm.WindowManagerService.windowForClientLocked:5628 com.android.server.wm.Session.insetsModified:629 android.view.IWindowSession$Stub.onTransact:1151
12-14 03:22:35.968 1503 1590 W StorageManagerService: Reporting emulated;0 unmounted due to system locked
01-01 09:23:04.882 0 0 I binder : 3585:3585 ioctl 40046210 7fe38dfb64 returned -22
01-01 09:23:04.892 0 0 I binder : 3476:3544 ioctl 40046210 760b8f71f4 returned -22
12-14 03:22:35.982 1503 3365 D CompatibilityChangeReporter: Compat change id reported: 168419799; UID 10029; state: DISABLED
12-14 03:22:35.985 1503 1590 I PreBootBroadcaster: Pre-boot of {com.android.managedprovisioning/com.android.managedprovisioning.ota.PreBootListener} for user 0
12-14 03:22:35.985 1503 1590 I ActivityManager: com.android.managedprovisioning is exempt from freezer
12-14 03:22:35.985 1503 1590 D CompatibilityChangeReporter: Compat change id reported: 135634846; UID 10026; state: DISABLED
12-14 03:22:35.985 1503 1590 D CompatibilityChangeReporter: Compat change id reported: 177438394; UID 10026; state: DISABLED
12-14 03:22:35.986 1503 1590 D CompatibilityChangeReporter: Compat change id reported: 135772972; UID 10026; state: DISABLED
12-14 03:22:35.986 1503 1590 D CompatibilityChangeReporter: Compat change id reported: 135754954; UID 10026; state: ENABLED
12-14 03:22:35.987 1503 1613 D CompatibilityChangeReporter: Compat change id reported: 143937733; UID 10026; state: ENABLED
12-14 03:22:35.998 1503 1613 I ActivityManager: Start proc 3631:com.android.managedprovisioning/u0a26 for broadcast {com.android.managedprovisioning/com.android.managedprovisioning.ota.PreBootListener}
01-01 09:23:04.913 0 0 I : mtp_open
01-01 09:23:04.921 0 0 I binder : 3631:3631 ioctl 40046210 7fe38dfb64 returned -22
12-14 03:22:36.014 1503 1590 D CompatibilityChangeReporter: Compat change id reported: 168419799; UID 10026; state: DISABLED
01-01 09:23:04.929 0 0 D : mv2112_read_status
01-01 09:23:04.929 0 0 D mv2112_update_link: 3.0x901(1G): 0x80
01-01 09:23:04.929 0 0 D mv2112_update_link: 3.0x8109(100M): 0x8
01-01 09:23:04.929 0 0 D mv2112_update_link: link 0x0
01-01 09:23:04.929 0 0 D mv2112_read_status: autoneg is disabled
12-14 03:22:36.019 1503 1503 D BluetoothManagerService: Bluetooth Adapter address changed to F0:74:E4:3A:18:78
12-14 03:22:36.020 1503 1503 D BluetoothManagerService: Stored Bluetoothaddress: F0:74:E4:3A:18:78
12-14 03:22:36.020 1503 3296 V BackupManagerConstants: getKeyValueBackupIntervalMilliseconds(...) returns 14400000
12-14 03:22:36.020 1503 3296 V BackupManagerConstants: getKeyValueBackupFuzzMilliseconds(...) returns 600000
12-14 03:22:36.020 1503 3296 V BackupManagerConstants: getKeyValueBackupRequiredNetworkType(...) returns 1
12-14 03:22:36.020 1503 3296 V BackupManagerConstants: getKeyValueBackupRequireCharging(...) returns true
12-14 03:22:36.020 1503 3296 V KeyValueBackupJob: Scheduling k/v pass in 248 minutes
12-14 03:22:36.022 1503 1503 D BluetoothManagerService: Bluetooth Adapter name changed to QCOM-BTD by android
12-14 03:22:36.022 1503 1503 D BluetoothManagerService: Stored Bluetooth name: QCOM-BTD
12-14 03:22:36.026 1503 1605 I ActivityRecord: real home.....com.thundercomm.tcsetupwizard/.TcSetupStartActivity
12-14 03:22:36.026 1503 1605 I WindowManager: ******* TELLING SURFACE FLINGER WE ARE BOOTED!
12-14 03:22:36.033 1503 1603 D BluetoothManagerService: MESSAGE_BLUETOOTH_STATE_CHANGE: BLE_TURNING_ON > BLE_ON
12-14 03:22:36.033 1503 1603 D BluetoothManagerService: Bluetooth is in LE only mode
12-14 03:22:36.033 1503 1603 D BluetoothManagerService: Binding Bluetooth GATT service
12-14 03:22:36.034 1503 1503 D BluetoothManagerService: Bluetooth Adapter address changed to F0:74:E4:3A:18:78
12-14 03:22:36.034 1503 1503 D BluetoothManagerService: Stored Bluetoothaddress: F0:74:E4:3A:18:78
12-14 03:22:36.035 1503 1603 D BluetoothManagerService: Sending BLE State Change: BLE_TURNING_ON > BLE_ON
12-14 03:22:36.036 1503 1503 D BluetoothManagerService: BluetoothServiceConnection: com.android.bluetooth.gatt.GattService
12-14 03:22:36.036 1503 1603 D BluetoothManagerService: MESSAGE_BLUETOOTH_SERVICE_CONNECTED: 2
12-14 03:22:36.036 1503 1603 D BluetoothManagerService: continueFromBleOnState()
12-14 03:22:36.036 1503 1503 D CompanionDeviceManagerService: Received BT state transition broadcast: BLE_TURNING_ON -> BLE_ON
12-14 03:22:36.037 1503 1503 I CompanionDeviceManagerService: startBleScan()
12-14 03:22:36.038 1503 1603 D BluetoothManagerService: Persisting Bluetooth Setting: 1
12-14 03:22:36.039 1503 1603 D BluetoothManagerService: MESSAGE_BLUETOOTH_STATE_CHANGE: BLE_ON > TURNING_ON
12-14 03:22:36.039 1503 1603 D BluetoothManagerService: Sending BLE State Change: BLE_ON > TURNING_ON
12-14 03:22:36.040 1503 1603 D BluetoothManagerService: Sending State Change: OFF > TURNING_ON
12-14 03:22:36.040 1503 1503 D CompanionDeviceManagerService: Received BT state transition broadcast: BLE_ON -> TURNING_ON
12-14 03:22:36.064 1503 3298 D CompatibilityChangeReporter: Compat change id reported: 135634846; UID 10032; state: DISABLED
12-14 03:22:36.064 1503 3298 D CompatibilityChangeReporter: Compat change id reported: 177438394; UID 10032; state: DISABLED
12-14 03:22:36.064 1503 3298 D CompatibilityChangeReporter: Compat change id reported: 135772972; UID 10032; state: DISABLED
12-14 03:22:36.064 1503 3298 D CompatibilityChangeReporter: Compat change id reported: 135754954; UID 10032; state: DISABLED
12-14 03:22:36.065 1503 1613 D CompatibilityChangeReporter: Compat change id reported: 143937733; UID 10032; state: DISABLED
12-14 03:22:36.070 1503 1613 I ActivityManager: Start proc 3686:com.baidu.input/u0a32 for service {com.baidu.input/com.baidu.input.ImeService}
12-14 03:22:36.081 1503 1590 W StorageManagerService: Reporting emulated;0 unmounted due to system locked
01-01 09:23:05.000 0 0 I msm_vidc: high: 00000002: ....d: Opening video instance: 0000000000000000, 1
01-01 09:23:05.000 0 0 I msm_vidc: err : 00000002: ....d: Failed to create debugfs for msm_vidc
01-01 09:23:05.007 0 0 I binder : 3686:3686 ioctl 40046210 7fe38dfb64 returned -22
12-14 03:22:36.085 1503 2453 D CompatibilityChangeReporter: Compat change id reported: 149924527; UID 10018; state: ENABLED
12-14 03:22:36.085 1503 2453 D CompatibilityChangeReporter: Compat change id reported: 132649864; UID 10018; state: DISABLED
12-14 03:22:36.103 1503 2453 D CompatibilityChangeReporter: Compat change id reported: 168419799; UID 10032; state: DISABLED
12-14 03:22:36.181 1503 2420 W StorageManagerService: Reporting emulated;0 unmounted due to system locked
12-14 03:22:36.191 1503 1590 D CompatibilityChangeReporter: Compat change id reported: 149924527; UID 10032; state: ENABLED
12-14 03:22:36.192 1503 1730 D CompatibilityChangeReporter: Compat change id reported: 132649864; UID 10032; state: DISABLED
12-14 03:22:36.192 1503 1503 I GameModeConfig: isGameModeOn = false
12-14 03:22:36.209 1503 1503 I Telecom : BluetoothDeviceManager: Got BluetoothHearingAid: android.bluetooth.BluetoothHearingAid@ece09e3: BMSL.oSC@AAY
12-14 03:22:36.215 1503 1590 D CompatibilityChangeReporter: Compat change id reported: 135634846; UID 10021; state: DISABLED
12-14 03:22:36.215 1503 1590 D CompatibilityChangeReporter: Compat change id reported: 177438394; UID 10021; state: DISABLED
12-14 03:22:36.215 1503 1590 D CompatibilityChangeReporter: Compat change id reported: 135772972; UID 10021; state: DISABLED
12-14 03:22:36.215 1503 1590 D CompatibilityChangeReporter: Compat change id reported: 135754954; UID 10021; state: ENABLED
12-14 03:22:36.215 1503 1613 D CompatibilityChangeReporter: Compat change id reported: 143937733; UID 10021; state: ENABLED
12-14 03:22:36.223 1503 1603 D BluetoothManagerService: MESSAGE_BLUETOOTH_STATE_CHANGE: TURNING_ON > ON
12-14 03:22:36.223 1503 1603 D BluetoothManagerService: Broadcasting onBluetoothStateChange(true) to 10 receivers.
12-14 03:22:36.225 1503 1603 D BluetoothManagerService: Creating new ProfileServiceConnections object for profile: 1
12-14 03:22:36.227 1503 1613 I ActivityManager: Start proc 3765:android.process.acore/u0a21 for content provider {com.android.providers.contacts/com.android.providers.contacts.ContactsProvider2}
12-14 03:22:36.229 1503 1603 W BluetoothManagerService: psc is not null in bindBluetoothProfileService
12-14 03:22:36.229 1503 1603 D BluetoothManagerService: Sending BLE State Change: TURNING_ON > ON
12-14 03:22:36.230 1503 1603 D BluetoothManagerService: Sending State Change: TURNING_ON > ON
12-14 03:22:36.230 1503 1503 D CompanionDeviceManagerService: Received BT state transition broadcast: TURNING_ON -> ON
12-14 03:22:36.230 1503 1503 I CompanionDeviceManagerService: startBleScan()
01-01 09:23:05.144 0 0 I [schedu][0x3617a5cf][03:22:36.232982] wlan: [1972:I:OSIF] vdev 0, scan id 40961 type COMPLETED(1) reason COMPLETED(1) scan found 108 bss
12-14 03:22:36.238 1503 2319 W BluetoothManagerService: psc is not null in bindBluetoothProfileService
01-01 09:23:05.152 0 0 I binder : 3765:3765 ioctl 40046210 7fe38dfb64 returned -22
12-14 03:22:36.244 1503 2417 D CompatibilityChangeReporter: Compat change id reported: 168419799; UID 10021; state: DISABLED
12-14 03:22:36.250 1503 2417 I PreBootBroadcaster: Pre-boot of {com.android.providers.calendar/com.android.providers.calendar.CalendarUpgradeReceiver} for user 0
12-14 03:22:36.252 1503 2417 D CompatibilityChangeReporter: Compat change id reported: 135634846; UID 10019; state: DISABLED
12-14 03:22:36.252 1503 2417 D CompatibilityChangeReporter: Compat change id reported: 177438394; UID 10019; state: DISABLED
12-14 03:22:36.252 1503 2417 D CompatibilityChangeReporter: Compat change id reported: 135772972; UID 10019; state: DISABLED
12-14 03:22:36.252 1503 2417 D CompatibilityChangeReporter: Compat change id reported: 135754954; UID 10019; state: ENABLED
12-14 03:22:36.252 1503 1613 D CompatibilityChangeReporter: Compat change id reported: 143937733; UID 10019; state: ENABLED
12-14 03:22:36.260 1503 1613 I ActivityManager: Start proc 3791:com.android.providers.calendar/u0a19 for broadcast {com.android.providers.calendar/com.android.providers.calendar.CalendarUpgradeReceiver}
01-01 09:23:05.183 0 0 I binder : 3791:3791 ioctl 40046210 7fe38dfb64 returned -22
12-14 03:22:36.279 1503 2420 D CompatibilityChangeReporter: Compat change id reported: 168419799; UID 10019; state: DISABLED
12-14 03:22:36.288 1503 2420 D CountryDetector: The first listener is added
12-14 03:22:36.332 1503 1503 I Telecom : BluetoothDeviceManager: Got BluetoothHeadset: com.android.server.telecom.BluetoothHeadsetProxy@a92678d: BMSL.oSC@AAc
12-14 03:22:36.355 1503 2453 I PreBootBroadcaster: Pre-boot of {com.android.providers.contacts/com.android.providers.contacts.ContactsUpgradeReceiver} for user 0
12-14 03:22:36.370 1503 2453 D CompatibilityChangeReporter: Compat change id reported: 143231523; UID 10019; state: DISABLED
01-01 09:23:05.298 0 0 I IRQ 5 : no longer affine to CPU7
01-01 09:23:05.351 0 0 I : read descriptors
01-01 09:23:05.351 0 0 I : read strings
12-14 03:22:36.453 1503 1503 I GameModeConfig: isGameModeOn = false
12-14 03:22:36.484 1503 3787 I PreBootBroadcaster: Pre-boot of {com.android.providers.media.module/com.android.providers.media.MediaUpgradeReceiver} for user 0
12-14 03:22:36.487 1503 3787 I PreBootBroadcaster: Pre-boot of {com.android.settings/com.android.settings.SettingsInitialize} for user 0
12-14 03:22:36.494 1503 3303 I ActivityManager: Posting BOOT_COMPLETED user #0
12-14 03:22:36.495 1503 1612 I SystemServerTimingAsync: ssm.UnlockedUser-0
12-14 03:22:36.495 1503 1612 I SystemServiceManager: Calling onUnlockedUser 0
12-14 03:22:36.495 1503 1612 I SystemServerTimingAsync: ssm.onUnlockedUser-0_com.android.server.security.FileIntegrityService
12-14 03:22:36.495 1503 1612 I SystemServerTimingAsync: ssm.onUnlockedUser-0_com.android.server.pm.Installer
12-14 03:22:36.495 1503 1612 I SystemServerTimingAsync: ssm.onUnlockedUser-0_com.android.server.os.DeviceIdentifiersPolicyService
12-14 03:22:36.495 1503 1612 I SystemServerTimingAsync: ssm.onUnlockedUser-0_com.android.server.uri.UriGrantsManagerService$Lifecycle
12-14 03:22:36.495 1503 1612 I SystemServerTimingAsync: ssm.onUnlockedUser-0_com.android.server.powerstats.PowerStatsService
12-14 03:22:36.495 1503 1612 I SystemServerTimingAsync: ssm.onUnlockedUser-0_com.android.server.wm.ActivityTaskManagerService$Lifecycle
12-14 03:22:36.495 1503 1612 I LaunchParamsPersister: Didn't find launch param folder for user 0
12-14 03:22:36.496 1503 1612 I SystemServerTimingAsync: ssm.onUnlockedUser-0_com.android.server.am.ActivityManagerService$Lifecycle
12-14 03:22:36.496 1503 1612 I SystemServerTimingAsync: ssm.onUnlockedUser-0_com.android.server.pm.DataLoaderManagerService
12-14 03:22:36.496 1503 1612 I SystemServerTimingAsync: ssm.onUnlockedUser-0_com.android.server.power.PowerManagerService
12-14 03:22:36.496 1503 1612 I SystemServerTimingAsync: ssm.onUnlockedUser-0_com.android.server.power.ThermalManagerService
12-14 03:22:36.496 1503 1612 I SystemServerTimingAsync: ssm.onUnlockedUser-0_com.android.server.power.hint.HintManagerService
12-14 03:22:36.496 1503 1612 I SystemServerTimingAsync: ssm.onUnlockedUser-0_com.android.server.recoverysystem.RecoverySystemService$Lifecycle
12-14 03:22:36.496 1503 1612 I SystemServerTimingAsync: ssm.onUnlockedUser-0_com.android.server.lights.LightsService
12-14 03:22:36.496 1503 1612 I SystemServerTimingAsync: ssm.onUnlockedUser-0_com.android.server.display.DisplayManagerService
12-14 03:22:36.496 1503 1612 I SystemServerTimingAsync: ssm.onUnlockedUser-0_com.android.server.pm.verify.domain.DomainVerificationService
12-14 03:22:36.496 1503 1612 I SystemServerTimingAsync: ssm.onUnlockedUser-0_com.android.server.pm.PackageInstallerService$Lifecycle
12-14 03:22:36.496 1503 1612 I SystemServerTimingAsync: ssm.onUnlockedUser-0_com.android.server.pm.UserManagerService$LifeCycle
12-14 03:22:36.496 1503 1612 I SystemServerTimingAsync: ssm.onUnlockedUser-0_com.android.server.om.OverlayManagerService
12-14 03:22:36.496 1503 1612 I SystemServerTimingAsync: ssm.onUnlockedUser-0_com.android.server.SensorPrivacyService
12-14 03:22:36.496 1503 1612 I SystemServerTimingAsync: ssm.onUnlockedUser-0_com.android.server.sensors.SensorService
12-14 03:22:36.496 1503 1612 I SystemServerTimingAsync: ssm.onUnlockedUser-0_com.android.server.SystemConfigService
12-14 03:22:36.496 1503 1612 I SystemServerTimingAsync: ssm.onUnlockedUser-0_com.android.server.BatteryService
12-14 03:22:36.496 1503 1612 I SystemServerTimingAsync: ssm.onUnlockedUser-0_com.android.server.usage.UsageStatsService
12-14 03:22:36.496 1503 1612 I SystemServerTimingAsync: ssm.onUnlockedUser-0_com.android.server.webkit.WebViewUpdateService
12-14 03:22:36.496 1503 1612 I SystemServerTimingAsync: ssm.onUnlockedUser-0_com.android.server.CachedDeviceStateService
12-14 03:22:36.496 1503 1612 I SystemServerTimingAsync: ssm.onUnlockedUser-0_com.android.server.BinderCallsStatsService$LifeCycle
12-14 03:22:36.496 1503 1612 I SystemServerTimingAsync: ssm.onUnlockedUser-0_com.android.server.LooperStatsService$Lifecycle
12-14 03:22:36.496 1503 1612 I SystemServerTimingAsync: ssm.onUnlockedUser-0_com.android.server.rollback.RollbackManagerService
12-14 03:22:36.496 1503 1612 I SystemServerTimingAsync: ssm.onUnlockedUser-0_com.android.server.os.NativeTombstoneManagerService
12-14 03:22:36.496 1503 1612 I SystemServerTimingAsync: ssm.onUnlockedUser-0_com.android.server.os.BugreportManagerService
12-14 03:22:36.496 1503 1612 I SystemServerTimingAsync: ssm.onUnlockedUser-0_com.android.server.gpu.GpuService
12-14 03:22:36.496 1503 1612 I SystemServerTimingAsync: ssm.onUnlockedUser-0_com.android.server.security.KeyChainSystemService
12-14 03:22:36.496 1503 1612 I SystemServerTimingAsync: ssm.onUnlockedUser-0_com.android.server.telecom.TelecomLoaderService
12-14 03:22:36.496 1503 1612 I SystemServerTimingAsync: ssm.onUnlockedUser-0_com.android.server.accounts.AccountManagerService$Lifecycle
12-14 03:22:36.496 1503 1612 I SystemServerTimingAsync: ssm.onUnlockedUser-0_com.android.server.content.ContentService$Lifecycle
12-14 03:22:36.496 1503 1612 I SystemServerTimingAsync: ssm.onUnlockedUser-0_com.android.server.DropBoxManagerService
12-14 03:22:36.496 1503 1612 I SystemServerTimingAsync: ssm.onUnlockedUser-0_com.android.role.RoleService
12-14 03:22:36.496 1503 1612 I SystemServerTimingAsync: ssm.onUnlockedUser-0_com.android.server.vibrator.VibratorManagerService$Lifecycle
12-14 03:22:36.496 1503 1612 I SystemServerTimingAsync: ssm.onUnlockedUser-0_com.android.server.alarm.AlarmManagerService
12-14 03:22:36.496 1503 1612 I SystemServerTimingAsync: ssm.onUnlockedUser-0_com.android.server.devicestate.DeviceStateManagerService
12-14 03:22:36.496 1503 1612 I SystemServerTimingAsync: ssm.onUnlockedUser-0_com.android.server.camera.CameraServiceProxy
12-14 03:22:36.496 1503 1612 I SystemServerTimingAsync: ssm.onUnlockedUser-0_com.android.server.BluetoothService
12-14 03:22:36.496 1503 1612 I SystemServerTimingAsync: ssm.onUnlockedUser-0_com.android.server.connectivity.IpConnectivityMetrics
12-14 03:22:36.496 1503 1612 I SystemServerTimingAsync: ssm.onUnlockedUser-0_com.android.server.net.watchlist.NetworkWatchlistService$Lifecycle
12-14 03:22:36.496 1503 1612 I SystemServerTimingAsync: ssm.onUnlockedUser-0_com.android.server.PinnerService
12-14 03:22:36.496 1503 1612 I SystemServerTimingAsync: ssm.onUnlockedUser-0_com.google.android.startop.iorap.IorapForwardingService
12-14 03:22:36.496 1503 1612 I SystemServerTimingAsync: ssm.onUnlockedUser-0_com.android.server.ActivityTriggerService
12-14 03:22:36.496 1503 1612 I SystemServerTimingAsync: ssm.onUnlockedUser-0_com.android.server.integrity.AppIntegrityManagerService
12-14 03:22:36.496 1503 1612 I SystemServerTimingAsync: ssm.onUnlockedUser-0_com.android.server.inputmethod.InputMethodManagerService$Lifecycle
12-14 03:22:36.496 1503 1612 I SystemServerTimingAsync: ssm.onUnlockedUser-0_com.android.server.accessibility.AccessibilityManagerService$Lifecycle
12-14 03:22:36.496 1503 1612 I SystemServerTimingAsync: ssm.onUnlockedUser-0_com.android.server.StorageManagerService$Lifecycle
12-14 03:22:36.496 1503 1612 I SystemServerTimingAsync: ssm.onUnlockedUser-0_com.android.server.usage.StorageStatsService$Lifecycle
12-14 03:22:36.496 1503 1612 I SystemServerTimingAsync: ssm.onUnlockedUser-0_com.android.server.UiModeManagerService
12-14 03:22:36.496 1503 1612 I SystemServerTimingAsync: ssm.onUnlockedUser-0_com.android.server.locksettings.LockSettingsService$Lifecycle
12-14 03:22:36.496 1503 1612 I SystemServerTimingAsync: ssm.onUnlockedUser-0_com.android.server.PersistentDataBlockService
12-14 03:22:36.496 1503 1612 I SystemServerTimingAsync: ssm.onUnlockedUser-0_com.android.server.testharness.TestHarnessModeService
12-14 03:22:36.496 1503 1612 I SystemServerTimingAsync: ssm.onUnlockedUser-0_com.android.server.oemlock.OemLockService
12-14 03:22:36.496 1503 1612 I SystemServerTimingAsync: ssm.onUnlockedUser-0_com.android.server.DeviceIdleController
12-14 03:22:36.496 1503 1612 I SystemServerTimingAsync: ssm.onUnlockedUser-0_com.android.server.devicepolicy.DevicePolicyManagerService$Lifecycle
12-14 03:22:36.496 1503 1612 I SystemServerTimingAsync: ssm.onUnlockedUser-0_com.android.server.texttospeech.TextToSpeechManagerService
12-14 03:22:36.496 1503 1612 I SystemServerTimingAsync: ssm.onUnlockedUser-0_com.android.server.speech.SpeechRecognitionManagerService
12-14 03:22:36.496 1503 1612 I SystemServerTimingAsync: ssm.onUnlockedUser-0_com.android.server.searchui.SearchUiManagerService
12-14 03:22:36.496 1503 1612 I SystemServerTimingAsync: ssm.onUnlockedUser-0_com.android.server.smartspace.SmartspaceManagerService
12-14 03:22:36.496 1503 1612 I SystemServerTimingAsync: ssm.onUnlockedUser-0_com.android.server.graphics.fonts.FontManagerService$Lifecycle
12-14 03:22:36.497 1503 1612 I SystemServerTimingAsync: ssm.onUnlockedUser-0_com.android.server.textservices.TextServicesManagerService$Lifecycle
12-14 03:22:36.497 1503 1612 I SystemServerTimingAsync: ssm.onUnlockedUser-0_com.android.server.textclassifier.TextClassificationManagerService$Lifecycle
12-14 03:22:36.497 1503 1612 I SystemServerTimingAsync: ssm.onUnlockedUser-0_com.android.server.NetworkScoreService$Lifecycle
12-14 03:22:36.497 1503 1612 I SystemServerTimingAsync: ssm.onUnlockedUser-0_com.android.server.wifi.WifiService
12-14 03:22:36.497 1503 1612 I SystemServerTimingAsync: ssm.onUnlockedUser-0_com.android.server.wifi.scanner.WifiScanningService
12-14 03:22:36.497 1503 1612 I SystemServerTimingAsync: ssm.onUnlockedUser-0_com.android.server.wifi.rtt.RttService
12-14 03:22:36.497 1503 1612 I SystemServerTimingAsync: ssm.onUnlockedUser-0_com.android.server.wifi.aware.WifiAwareService
12-14 03:22:36.497 1503 1612 I SystemServerTimingAsync: ssm.onUnlockedUser-0_com.android.server.wifi.p2p.WifiP2pService
12-14 03:22:36.497 1503 1612 I SystemServerTimingAsync: ssm.onUnlockedUser-0_com.android.server.ethernet.EthernetService
12-14 03:22:36.497 1503 1612 I SystemServerTimingAsync: ssm.onUnlockedUser-0_com.android.server.ConnectivityServiceInitializer
12-14 03:22:36.497 1503 1612 I SystemServerTimingAsync: ssm.onUnlockedUser-0_com.android.server.notification.NotificationManagerService
12-14 03:22:36.497 1503 1612 I SystemServerTimingAsync: ssm.onUnlockedUser-0_com.android.server.storage.DeviceStorageMonitorService
12-14 03:22:36.497 1503 1612 I SystemServerTimingAsync: ssm.onUnlockedUser-0_com.android.server.location.LocationManagerService$Lifecycle
12-14 03:22:36.497 1503 1612 I SystemServerTimingAsync: ssm.onUnlockedUser-0_com.android.server.timedetector.TimeDetectorService$Lifecycle
12-14 03:22:36.497 1503 1612 I SystemServerTimingAsync: ssm.onUnlockedUser-0_com.android.server.timezonedetector.TimeZoneDetectorService$Lifecycle
12-14 03:22:36.497 1503 1612 I SystemServerTimingAsync: ssm.onUnlockedUser-0_com.android.server.timezonedetector.location.LocationTimeZoneManagerService$Lifecycle
12-14 03:22:36.497 1503 1612 I SystemServerTimingAsync: ssm.onUnlockedUser-0_com.android.server.search.SearchManagerService$Lifecycle
12-14 03:22:36.497 1503 1612 I SystemServerTimingAsync: ssm.onUnlockedUser-0_com.android.server.wallpaper.WallpaperManagerService$Lifecycle
12-14 03:22:36.497 1503 1612 I SystemServerTimingAsync: ssm.onUnlockedUser-0_com.android.server.audio.AudioService$Lifecycle
12-14 03:22:36.497 1503 1612 I SystemServerTimingAsync: ssm.onUnlockedUser-0_com.android.server.soundtrigger_middleware.SoundTriggerMiddlewareService$Lifecycle
12-14 03:22:36.497 1503 1612 I SystemServerTimingAsync: ssm.onUnlockedUser-0_com.android.server.DockObserver
12-14 03:22:36.497 1503 1612 I SystemServerTimingAsync: ssm.onUnlockedUser-0_com.android.server.midi.MidiService$Lifecycle
12-14 03:22:36.497 1503 1612 I SystemServerTimingAsync: ssm.onUnlockedUser-0_com.android.server.adb.AdbService$Lifecycle
12-14 03:22:36.497 1503 1612 I SystemServerTimingAsync: ssm.onUnlockedUser-0_com.android.server.usb.UsbService$Lifecycle
12-14 03:22:36.497 1503 1612 I SystemServerTimingAsync: ssm.onUnlockedUser-0_com.android.server.twilight.TwilightService
12-14 03:22:36.497 1503 1612 I SystemServerTimingAsync: ssm.onUnlockedUser-0_com.android.server.display.color.ColorDisplayService
12-14 03:22:36.497 1503 1612 I SystemServerTimingAsync: ssm.onUnlockedUser-0_com.android.server.job.JobSchedulerService
12-14 03:22:36.497 1503 1612 I SystemServerTimingAsync: ssm.onUnlockedUser-0_com.android.server.soundtrigger.SoundTriggerService
12-14 03:22:36.497 1503 1612 I SystemServerTimingAsync: ssm.onUnlockedUser-0_com.android.server.trust.TrustManagerService
12-14 03:22:36.497 1503 1612 I SystemServerTimingAsync: ssm.onUnlockedUser-0_com.android.server.backup.BackupManagerService$Lifecycle
12-14 03:22:36.497 1503 1612 I SystemServerTimingAsync: ssm.onUnlockedUser-0_com.android.server.appwidget.AppWidgetService
12-14 03:22:36.497 1503 1612 I SystemServerTimingAsync: ssm.onUnlockedUser-0_com.android.server.voiceinteraction.VoiceInteractionManagerService
12-14 03:22:36.497 1503 1612 I SystemServerTimingAsync: ssm.onUnlockedUser-0_com.android.server.apphibernation.AppHibernationService
12-14 03:22:36.497 1503 1612 I SystemServerTimingAsync: ssm.onUnlockedUser-0_com.android.server.GestureLauncherService
12-14 03:22:36.497 1503 1612 I SystemServerTimingAsync: ssm.onUnlockedUser-0_com.android.server.SensorNotificationService
12-14 03:22:36.497 1503 1612 I SystemServerTimingAsync: ssm.onUnlockedUser-0_com.android.server.emergency.EmergencyAffordanceService
12-14 03:22:36.497 1503 1612 I SystemServerTimingAsync: ssm.onUnlockedUser-0_com.android.server.blob.BlobStoreManagerService
12-14 03:22:36.497 1503 1612 I SystemServerTimingAsync: ssm.onUnlockedUser-0_com.android.server.dreams.DreamManagerService
12-14 03:22:36.497 1503 1612 I SystemServerTimingAsync: ssm.onUnlockedUser-0_com.android.server.companion.CompanionDeviceManagerService
12-14 03:22:36.497 1503 1612 I SystemServerTimingAsync: ssm.onUnlockedUser-0_com.android.server.restrictions.RestrictionsManagerService
12-14 03:22:36.497 1503 1612 I SystemServerTimingAsync: ssm.onUnlockedUser-0_com.android.server.media.MediaSessionService
12-14 03:22:36.497 1503 1612 I SystemServerTimingAsync: ssm.onUnlockedUser-0_com.android.server.media.MediaResourceMonitorService
12-14 03:22:36.497 1503 1612 I SystemServerTimingAsync: ssm.onUnlockedUser-0_com.android.server.biometrics.sensors.fingerprint.FingerprintService
12-14 03:22:36.497 1503 1612 I SystemServerTimingAsync: ssm.onUnlockedUser-0_com.android.server.biometrics.BiometricService
12-14 03:22:36.497 1503 1612 I SystemServerTimingAsync: ssm.onUnlockedUser-0_com.android.server.biometrics.AuthService
12-14 03:22:36.497 1503 1612 I SystemServerTimingAsync: ssm.onUnlockedUser-0_com.android.server.pm.ShortcutService$Lifecycle
12-14 03:22:36.497 1503 1612 I SystemServerTimingAsync: ssm.onUnlockedUser-0_com.android.server.pm.LauncherAppsService
12-14 03:22:36.497 1503 1612 I SystemServerTimingAsync: ssm.onUnlockedUser-0_com.android.server.pm.CrossProfileAppsService
12-14 03:22:36.497 1503 1612 I SystemServerTimingAsync: ssm.onUnlockedUser-0_com.android.server.people.PeopleService
12-14 03:22:36.497 1503 1503 D CompatibilityChangeReporter: Compat change id reported: 175319604; UID 10082; state: ENABLED
12-14 03:22:36.498 1503 1612 I SystemServerTimingAsync: ssm.onUnlockedUser-0_com.android.server.media.metrics.MediaMetricsManagerService
12-14 03:22:36.498 1503 1612 I SystemServerTimingAsync: ssm.onUnlockedUser-0_com.android.server.media.projection.MediaProjectionManagerService
12-14 03:22:36.498 1503 1612 I SystemServerTimingAsync: ssm.onUnlockedUser-0_com.android.server.slice.SliceManagerService$Lifecycle
12-14 03:22:36.498 1503 1612 I SystemServerTimingAsync: ssm.onUnlockedUser-0_com.android.server.stats.StatsCompanion$Lifecycle
12-14 03:22:36.498 1503 1612 I SystemServerTimingAsync: ssm.onUnlockedUser-0_com.android.server.scheduling.RebootReadinessManagerService$Lifecycle
12-14 03:22:36.498 1503 1612 I SystemServerTimingAsync: ssm.onUnlockedUser-0_com.android.server.stats.pull.StatsPullAtomService
12-14 03:22:36.498 1503 1612 I SystemServerTimingAsync: ssm.onUnlockedUser-0_com.android.server.incident.IncidentCompanionService
12-14 03:22:36.498 1503 1612 I SystemServerTimingAsync: ssm.onUnlockedUser-0_com.android.server.MmsServiceBroker
12-14 03:22:36.498 1503 1612 I SystemServerTimingAsync: ssm.onUnlockedUser-0_com.android.server.autofill.AutofillManagerService
12-14 03:22:36.498 1503 1612 I SystemServerTimingAsync: ssm.onUnlockedUser-0_com.android.server.clipboard.ClipboardService
12-14 03:22:36.498 1503 1612 I SystemServerTimingAsync: ssm.onUnlockedUser-0_com.android.server.appbinding.AppBindingService$Lifecycle
12-14 03:22:36.498 1503 1612 I SystemServerTimingAsync: ssm.onUnlockedUser-0_com.android.server.tracing.TracingServiceProxy
12-14 03:22:36.498 1503 1612 I SystemServerTimingAsync: ssm.onUnlockedUser-0_com.android.server.policy.PermissionPolicyService
12-14 03:22:36.498 1503 1612 I SystemServerTimingAsync: ssm.onUnlockedUser-0_com.android.server.pm.StagingManager$Lifecycle
12-14 03:22:36.498 1503 1612 I SystemServerTimingAsync: ssm.onUnlockedUser-0_com.android.server.app.GameManagerService$Lifecycle
12-14 03:22:36.498 1503 1612 I SystemServerTimingAsync: ssm.onUnlockedUser-0_com.android.server.appsearch.AppSearchManagerService
12-14 03:22:36.498 1503 1612 I SystemServerTimingAsync: ssm.onUnlockedUser-0_com.android.server.media.MediaCommunicationService
12-14 03:22:36.498 1503 1612 W ActivityManager: UserLifecycleEvent 6 received without an active userJourneySession.
12-14 03:22:36.499 1503 1503 D CompatibilityChangeReporter: Compat change id reported: 175319604; UID 10096; state: DISABLED
12-14 03:22:36.499 1503 1601 W AppWidgetServiceImpl: Failed to read state: java.io.FileNotFoundException: /data/system/users/0/appwidgets.xml: open failed: ENOENT (No such file or directory)
12-14 03:22:36.499 1503 1601 V AppWidgetServiceImpl: Upgrading widget database from 0 to 1
12-14 03:22:36.499 1503 1601 I AppWidgetServiceImpl: Processing of handleUserUnlocked u0 took 5 ms
12-14 03:22:36.503 1503 1612 D CompatibilityChangeReporter: Compat change id reported: 135634846; UID 10034; state: DISABLED
12-14 03:22:36.503 1503 1612 D CompatibilityChangeReporter: Compat change id reported: 177438394; UID 10034; state: DISABLED
12-14 03:22:36.503 1503 1612 D CompatibilityChangeReporter: Compat change id reported: 135772972; UID 10034; state: DISABLED
12-14 03:22:36.503 1503 1612 D CompatibilityChangeReporter: Compat change id reported: 135754954; UID 10034; state: ENABLED
12-14 03:22:36.503 1503 1613 D CompatibilityChangeReporter: Compat change id reported: 143937733; UID 10034; state: ENABLED
12-14 03:22:36.504 1503 1503 I GameModeConfig: isGameModeOn = false
12-14 03:22:36.504 1503 3839 E TaskPersister: File error accessing recents directory (directory doesn't exist?).
12-14 03:22:36.504 1503 1503 W NotificationHistory: Attempted to add notif for locked/gone/disabled user 0
12-14 03:22:36.504 1503 3839 E TaskPersister: File error accessing recents directory (directory doesn't exist?).
12-14 03:22:36.510 1503 1613 I ActivityManager: Start proc 3841:com.android.traceur/u0a34 for broadcast {com.android.traceur/com.android.traceur.Receiver}
01-01 09:23:05.447 0 0 I binder : 3841:3841 ioctl 40046210 7fe38dfb64 returned -22
12-14 03:22:36.538 1503 3303 D CompatibilityChangeReporter: Compat change id reported: 168419799; UID 10034; state: DISABLED
12-14 03:22:36.562 1503 1503 I NotificationService: Cannot find enqueued record for key: 0|android|13|PreBootBroadcaster|1000
12-14 03:22:36.584 1503 3303 D CompatibilityChangeReporter: Compat change id reported: 168419799; UID 10069; state: DISABLED
12-14 03:22:36.590 2783 2783 E AndroidRuntime: FATAL EXCEPTION: main
12-14 03:22:36.590 2783 2783 E AndroidRuntime: Process: com.qualcomm.qti.devicestatisticsservice, PID: 2783
12-14 03:22:36.590 2783 2783 E AndroidRuntime: java.lang.NoClassDefFoundError: Failed resolution of: Landroid/hidl/manager/V1_0/IServiceNotification$Stub;
12-14 03:22:36.590 2783 2783 E AndroidRuntime: at com.qualcomm.qti.devicestatisticsservice.DeviceStatisticsService.onStartCommand(DeviceStatisticsService.java:83)
12-14 03:22:36.590 2783 2783 E AndroidRuntime: at android.app.ActivityThread.handleServiceArgs(ActivityThread.java:4640)
12-14 03:22:36.590 2783 2783 E AndroidRuntime: at android.app.ActivityThread.access$2000(ActivityThread.java:248)
12-14 03:22:36.590 2783 2783 E AndroidRuntime: at android.app.ActivityThread$H.handleMessage(ActivityThread.java:2092)
12-14 03:22:36.590 2783 2783 E AndroidRuntime: at android.os.Handler.dispatchMessage(Handler.java:106)
12-14 03:22:36.590 2783 2783 E AndroidRuntime: at android.os.Looper.loopOnce(Looper.java:201)
12-14 03:22:36.590 2783 2783 E AndroidRuntime: at android.os.Looper.loop(Looper.java:288)
12-14 03:22:36.590 2783 2783 E AndroidRuntime: at android.app.ActivityThread.main(ActivityThread.java:7880)
12-14 03:22:36.590 2783 2783 E AndroidRuntime: at java.lang.reflect.Method.invoke(Native Method)
12-14 03:22:36.590 2783 2783 E AndroidRuntime: at com.android.internal.os.RuntimeInit$MethodAndArgsCaller.run(RuntimeInit.java:548)
12-14 03:22:36.590 2783 2783 E AndroidRuntime: at com.android.internal.os.ZygoteInit.main(ZygoteInit.java:1009)
12-14 03:22:36.590 2783 2783 E AndroidRuntime: Caused by: java.lang.ClassNotFoundException: android.hidl.manager.V1_0.IServiceNotification$Stub
12-14 03:22:36.590 2783 2783 E AndroidRuntime: ... 11 more
12-14 03:22:36.593 1503 3863 I DropBoxManagerService: add tag=system_app_crash isTagEnabled=true flags=0x2
12-14 03:22:36.594 1503 1503 E BootReceiver: Could not open /sys/kernel/tracing/instances/bootreceiver/trace_pipe
12-14 03:22:36.594 1503 1503 E BootReceiver: android.system.ErrnoException: open failed: ENOENT (No such file or directory)
12-14 03:22:36.594 1503 1503 E BootReceiver: at libcore.io.Linux.open(Native Method)
12-14 03:22:36.594 1503 1503 E BootReceiver: at libcore.io.ForwardingOs.open(ForwardingOs.java:567)
12-14 03:22:36.594 1503 1503 E BootReceiver: at libcore.io.BlockGuardOs.open(BlockGuardOs.java:273)
12-14 03:22:36.594 1503 1503 E BootReceiver: at android.system.Os.open(Os.java:501)
12-14 03:22:36.594 1503 1503 E BootReceiver: at com.android.server.BootReceiver.onReceive(BootReceiver.java:167)
12-14 03:22:36.594 1503 1503 E BootReceiver: at android.app.ActivityThread.handleReceiver(ActivityThread.java:4309)
