01-01 09:50:42.783 0 0 D mv2112_update_link: link 0x0
01-01 09:50:42.783 0 0 D mv2112_read_status: autoneg is disabled
01-01 09:50:43.311 0 0 I : read descriptors
01-01 09:50:43.311 0 0 I : read strings
01-01 09:50:43.806 0 0 D : mv2112_read_status
01-01 09:50:43.807 0 0 D mv2112_update_link: 3.0x901(1G): 0x80
01-01 09:50:43.807 0 0 D mv2112_update_link: 3.0x8109(100M): 0x8
01-01 09:50:43.807 0 0 D mv2112_update_link: link 0x0
01-01 09:50:43.807 0 0 D mv2112_read_status: autoneg is disabled
01-01 09:50:44.331 0 0 I : read descriptors
01-01 09:50:44.331 0 0 I : read strings
01-01 09:50:44.831 0 0 D : mv2112_read_status
01-01 09:50:44.831 0 0 D mv2112_update_link: 3.0x901(1G): 0x80
01-01 09:50:44.831 0 0 D mv2112_update_link: 3.0x8109(100M): 0x8
01-01 09:50:44.831 0 0 D mv2112_update_link: link 0x0
01-01 09:50:44.831 0 0 D mv2112_read_status: autoneg is disabled
01-01 09:50:45.347 0 0 I : read descriptors
01-01 09:50:45.347 0 0 I : read strings
01-01 09:50:45.854 0 0 D : mv2112_read_status
01-01 09:50:45.855 0 0 D mv2112_update_link: 3.0x901(1G): 0x80
01-01 09:50:45.855 0 0 D mv2112_update_link: 3.0x8109(100M): 0x8
01-01 09:50:45.855 0 0 D mv2112_update_link: link 0x0
01-01 09:50:45.855 0 0 D mv2112_read_status: autoneg is disabled
01-01 09:50:46.363 0 0 I : read descriptors
01-01 09:50:46.363 0 0 I : read strings
01-01 09:50:46.879 0 0 D : mv2112_read_status
01-01 09:50:46.879 0 0 D mv2112_update_link: 3.0x901(1G): 0x80
01-01 09:50:46.879 0 0 D mv2112_update_link: 3.0x8109(100M): 0x8
01-01 09:50:46.879 0 0 D mv2112_update_link: link 0x0
01-01 09:50:46.879 0 0 D mv2112_read_status: autoneg is disabled
12-14 03:50:17.970 1503 2313 I GameModeConfig: isGameModeOn = false
01-01 09:50:47.383 0 0 I : read descriptors
01-01 09:50:47.383 0 0 I : read strings
01-01 09:50:47.903 0 0 D : mv2112_read_status
01-01 09:50:47.903 0 0 D mv2112_update_link: 3.0x901(1G): 0x80
01-01 09:50:47.903 0 0 D mv2112_update_link: 3.0x8109(100M): 0x8
01-01 09:50:47.903 0 0 D mv2112_update_link: link 0x0
01-01 09:50:47.903 0 0 D mv2112_read_status: autoneg is disabled
01-01 09:50:48.399 0 0 I : read descriptors
01-01 09:50:48.399 0 0 I : read strings
01-01 09:50:48.926 0 0 D : mv2112_read_status
01-01 09:50:48.927 0 0 D mv2112_update_link: 3.0x901(1G): 0x80
01-01 09:50:48.927 0 0 D mv2112_update_link: 3.0x8109(100M): 0x8
01-01 09:50:48.927 0 0 D mv2112_update_link: link 0x0
01-01 09:50:48.927 0 0 D mv2112_read_status: autoneg is disabled
01-01 09:50:49.415 0 0 I : read descriptors
01-01 09:50:49.415 0 0 I : read strings
12-14 03:50:20.575 1503 2417 I DreamManagerService: Gently waking up from dream.
12-14 03:50:20.576 1503 1601 I DreamManagerService: Performing gentle wake from dream.
12-14 03:50:20.577 1503 1591 I ActivityTaskManager: FOREGROUND_APPLICATION_CHANGED to com.android.launcher3.uioverrides.QuickstepLauncher
12-14 03:50:20.636 1503 1649 I PowerManagerService: Powering on display group fromDreaming (groupId=0, uid=1000, reason=WAKE_REASON_UNKNOWN, details=android.server.power:DREAM_FINISHED)...
12-14 03:50:20.636 1503 1649 I PowerManagerService: Waking up from Dreaming (uid=1000, reason=WAKE_REASON_UNKNOWN, details=android.server.power:DREAM_FINISHED)...
12-14 03:50:20.690 4287 4324 W ContextImpl: Calling a method in the system process without a qualified user: android.app.ContextImpl.startService:1816 android.content.ContextWrapper.startService:774 com.thundercomm.gamemode.ingame.services.GameModeActionUtils.startGameModeService:99 com.thundercomm.gamemode.ingame.services.GameModeActionUtils.startGameModeEntry:22 com.thundercomm.gamemode.ingame.services.ActivityMonitoringService$1.onActivityLaunch:127
12-14 03:50:20.698 1503 1503 I GameModeConfig: Current uri is uri = content://com.thundercomm.gamemode.api/gamemode_settings/gamemode_isgaming
12-14 03:50:20.703 1503 1503 I GameModeConfig: isGameModeOn = false
12-14 03:50:20.706 1503 1503 I GameModeConfig: isGameModeOn = false
12-14 03:50:20.706 1503 1503 I GameModeConfig: isDisableVoice = true
12-14 03:50:20.896 4287 4324 W ContextImpl: Calling a method in the system process without a qualified user: android.app.ContextImpl.startService:1816 android.content.ContextWrapper.startService:774 com.thundercomm.gamemode.ingame.services.GameModeActionUtils.startGameModeService:99 com.thundercomm.gamemode.ingame.services.GameModeActionUtils.startGameModeEntry:22 com.thundercomm.gamemode.ingame.services.ActivityMonitoringService$1.onActivityLaunch:127
12-14 03:50:20.902 1503 1503 I GameModeConfig: Current uri is uri = content://com.thundercomm.gamemode.api/gamemode_settings/gamemode_isgaming
12-14 03:50:20.904 1503 1503 I GameModeConfig: isGameModeOn = false
12-14 03:50:20.904 1503 1503 I GameModeConfig: isGameModeOn = false
12-14 03:50:20.904 1503 1503 I GameModeConfig: isDisableVoice = true
12-14 03:50:20.907 1503 2417 I DreamManagerService: Leaving dreamland.
12-14 03:50:20.908 1503 1601 I DreamManagerService: Performing gentle wake from dream.
12-14 03:50:20.908 1503 1601 I DreamController: Stopping dream: name=ComponentInfo{com.thundercomm.screensaver/com.thundercomm.saverclock.service.ClockScreensaver}, isTest=false, canDoze=false, userId=0, reason='finished self'(from 'finished self')
12-14 03:50:20.926 1503 1605 W ActivityTaskManager: Can't find TaskDisplayArea to determine support for multi window. Task id=13 attached=false
01-01 09:50:49.950 0 0 D : mv2112_read_status
01-01 09:50:49.950 0 0 D mv2112_update_link: 3.0x901(1G): 0x80
01-01 09:50:49.951 0 0 D mv2112_update_link: 3.0x8109(100M): 0x8
01-01 09:50:49.951 0 0 D mv2112_update_link: link 0x0
01-01 09:50:49.951 0 0 D mv2112_read_status: autoneg is disabled
01-01 09:50:50.427 0 0 I : read descriptors
01-01 09:50:50.427 0 0 I : read strings
01-01 09:50:50.974 0 0 D : mv2112_read_status
01-01 09:50:50.975 0 0 D mv2112_update_link: 3.0x901(1G): 0x80
01-01 09:50:50.982 0 0 D mv2112_update_link: 3.0x8109(100M): 0x8
01-01 09:50:50.982 0 0 D mv2112_update_link: link 0x0
01-01 09:50:50.982 0 0 D mv2112_read_status: autoneg is disabled
01-01 09:50:51.451 0 0 I : read descriptors
01-01 09:50:51.451 0 0 I : read strings
01-01 09:50:51.998 0 0 D : mv2112_read_status
01-01 09:50:51.999 0 0 D mv2112_update_link: 3.0x901(1G): 0x80
01-01 09:50:51.999 0 0 D mv2112_update_link: 3.0x8109(100M): 0x8
01-01 09:50:51.999 0 0 D mv2112_update_link: link 0x0
01-01 09:50:51.999 0 0 D mv2112_read_status: autoneg is disabled
01-01 09:50:52.467 0 0 I : read descriptors
01-01 09:50:52.467 0 0 I : read strings
01-01 09:50:53.026 0 0 D : mv2112_read_status
01-01 09:50:53.027 0 0 D mv2112_update_link: 3.0x901(1G): 0x80
01-01 09:50:53.027 0 0 D mv2112_update_link: 3.0x8109(100M): 0x8
01-01 09:50:53.027 0 0 D mv2112_update_link: link 0x0
01-01 09:50:53.027 0 0 D mv2112_read_status: autoneg is disabled
01-01 09:50:53.488 0 0 I : read descriptors
01-01 09:50:53.488 0 0 I : read strings
01-01 09:50:54.047 0 0 D : mv2112_read_status
01-01 09:50:54.047 0 0 D mv2112_update_link: 3.0x901(1G): 0x80
01-01 09:50:54.047 0 0 D mv2112_update_link: 3.0x8109(100M): 0x8
01-01 09:50:54.047 0 0 D mv2112_update_link: link 0x0
01-01 09:50:54.047 0 0 D mv2112_read_status: autoneg is disabled
01-01 09:50:54.503 0 0 I : read descriptors
01-01 09:50:54.504 0 0 I : read strings
01-01 09:50:55.070 0 0 D : mv2112_read_status
01-01 09:50:55.071 0 0 D mv2112_update_link: 3.0x901(1G): 0x80
01-01 09:50:55.071 0 0 D mv2112_update_link: 3.0x8109(100M): 0x8
01-01 09:50:55.071 0 0 D mv2112_update_link: link 0x0
01-01 09:50:55.071 0 0 D mv2112_read_status: autoneg is disabled
01-01 09:50:55.523 0 0 I : read descriptors
01-01 09:50:55.524 0 0 I : read strings
01-01 09:50:56.095 0 0 D : mv2112_read_status
01-01 09:50:56.095 0 0 D mv2112_update_link: 3.0x901(1G): 0x80
01-01 09:50:56.095 0 0 D mv2112_update_link: 3.0x8109(100M): 0x8
01-01 09:50:56.095 0 0 D mv2112_update_link: link 0x0
01-01 09:50:56.095 0 0 D mv2112_read_status: autoneg is disabled
01-01 09:50:56.543 0 0 I : read descriptors
01-01 09:50:56.543 0 0 I : read strings
01-01 09:50:57.118 0 0 D : mv2112_read_status
01-01 09:50:57.119 0 0 D mv2112_update_link: 3.0x901(1G): 0x80
01-01 09:50:57.119 0 0 D mv2112_update_link: 3.0x8109(100M): 0x8
01-01 09:50:57.119 0 0 D mv2112_update_link: link 0x0
01-01 09:50:57.119 0 0 D mv2112_read_status: autoneg is disabled
01-01 09:50:57.563 0 0 I : read descriptors
01-01 09:50:57.563 0 0 I : read strings
01-01 09:50:58.142 0 0 D : mv2112_read_status
01-01 09:50:58.142 0 0 D mv2112_update_link: 3.0x901(1G): 0x80
01-01 09:50:58.143 0 0 D mv2112_update_link: 3.0x8109(100M): 0x8
01-01 09:50:58.143 0 0 D mv2112_update_link: link 0x0
01-01 09:50:58.143 0 0 D mv2112_read_status: autoneg is disabled
01-01 09:50:58.579 0 0 I : read descriptors
01-01 09:50:58.579 0 0 I : read strings
01-01 09:50:59.166 0 0 D : mv2112_read_status
01-01 09:50:59.167 0 0 D mv2112_update_link: 3.0x901(1G): 0x80
01-01 09:50:59.167 0 0 D mv2112_update_link: 3.0x8109(100M): 0x8
01-01 09:50:59.167 0 0 D mv2112_update_link: link 0x0
01-01 09:50:59.167 0 0 D mv2112_read_status: autoneg is disabled
01-01 09:50:59.603 0 0 I : read descriptors
01-01 09:50:59.603 0 0 I : read strings
01-01 09:51:00.190 0 0 D : mv2112_read_status
01-01 09:51:00.191 0 0 D mv2112_update_link: 3.0x901(1G): 0x80
01-01 09:51:00.191 0 0 D mv2112_update_link: 3.0x8109(100M): 0x8
01-01 09:51:00.191 0 0 D mv2112_update_link: link 0x0
01-01 09:51:00.191 0 0 D mv2112_read_status: autoneg is disabled
01-01 09:51:00.623 0 0 I : read descriptors
01-01 09:51:00.623 0 0 I : read strings
01-01 09:51:01.214 0 0 D : mv2112_read_status
01-01 09:51:01.215 0 0 D mv2112_update_link: 3.0x901(1G): 0x80
01-01 09:51:01.215 0 0 D mv2112_update_link: 3.0x8109(100M): 0x8
01-01 09:51:01.215 0 0 D mv2112_update_link: link 0x0
01-01 09:51:01.215 0 0 D mv2112_read_status: autoneg is disabled
01-01 09:51:01.643 0 0 I : read descriptors
01-01 09:51:01.643 0 0 I : read strings
01-01 09:51:02.238 0 0 D : mv2112_read_status
01-01 09:51:02.239 0 0 D mv2112_update_link: 3.0x901(1G): 0x80
01-01 09:51:02.239 0 0 D mv2112_update_link: 3.0x8109(100M): 0x8
01-01 09:51:02.239 0 0 D mv2112_update_link: link 0x0
01-01 09:51:02.239 0 0 D mv2112_read_status: autoneg is disabled
01-01 09:51:02.659 0 0 I : read descriptors
01-01 09:51:02.659 0 0 I : read strings
01-01 09:51:03.262 0 0 D : mv2112_read_status
01-01 09:51:03.263 0 0 D mv2112_update_link: 3.0x901(1G): 0x80
01-01 09:51:03.263 0 0 D mv2112_update_link: 3.0x8109(100M): 0x8
01-01 09:51:03.263 0 0 D mv2112_update_link: link 0x0
01-01 09:51:03.263 0 0 D mv2112_read_status: autoneg is disabled
01-01 09:51:03.679 0 0 I : read descriptors
01-01 09:51:03.679 0 0 I : read strings
01-01 09:51:04.287 0 0 D : mv2112_read_status
01-01 09:51:04.287 0 0 D mv2112_update_link: 3.0x901(1G): 0x80
01-01 09:51:04.287 0 0 D mv2112_update_link: 3.0x8109(100M): 0x8
01-01 09:51:04.287 0 0 D mv2112_update_link: link 0x0
01-01 09:51:04.287 0 0 D mv2112_read_status: autoneg is disabled
01-01 09:51:04.699 0 0 I : read descriptors
01-01 09:51:04.699 0 0 I : read strings
01-01 09:51:05.310 0 0 D : mv2112_read_status
01-01 09:51:05.311 0 0 D mv2112_update_link: 3.0x901(1G): 0x80
01-01 09:51:05.311 0 0 D mv2112_update_link: 3.0x8109(100M): 0x8
01-01 09:51:05.311 0 0 D mv2112_update_link: link 0x0
01-01 09:51:05.311 0 0 D mv2112_read_status: autoneg is disabled
01-01 09:51:05.719 0 0 I : read descriptors
01-01 09:51:05.719 0 0 I : read strings
01-01 09:51:06.334 0 0 D : mv2112_read_status
01-01 09:51:06.335 0 0 D mv2112_update_link: 3.0x901(1G): 0x80
01-01 09:51:06.335 0 0 D mv2112_update_link: 3.0x8109(100M): 0x8
01-01 09:51:06.335 0 0 D mv2112_update_link: link 0x0
01-01 09:51:06.335 0 0 D mv2112_read_status: autoneg is disabled
01-01 09:51:06.735 0 0 I : read descriptors
01-01 09:51:06.735 0 0 I : read strings
01-01 09:51:07.359 0 0 D : mv2112_read_status
01-01 09:51:07.359 0 0 D mv2112_update_link: 3.0x901(1G): 0x80
01-01 09:51:07.359 0 0 D mv2112_update_link: 3.0x8109(100M): 0x8
01-01 09:51:07.359 0 0 D mv2112_update_link: link 0x0
01-01 09:51:07.359 0 0 D mv2112_read_status: autoneg is disabled
01-01 09:51:07.751 0 0 I : read descriptors
01-01 09:51:07.751 0 0 I : read strings
01-01 09:51:08.382 0 0 D : mv2112_read_status
01-01 09:51:08.383 0 0 D mv2112_update_link: 3.0x901(1G): 0x80
01-01 09:51:08.383 0 0 D mv2112_update_link: 3.0x8109(100M): 0x8
01-01 09:51:08.383 0 0 D mv2112_update_link: link 0x0
01-01 09:51:08.383 0 0 D mv2112_read_status: autoneg is disabled
01-01 09:51:08.767 0 0 I : read descriptors
01-01 09:51:08.767 0 0 I : read strings
12-14 03:50:40.186 1503 2313 I GameModeConfig: isGameModeOn = false
12-14 03:50:40.186 1503 2313 I GameModeConfig: isGameModeOn = false
12-14 03:50:40.187 1503 2313 I GameModeConfig: isGameModeOn = false
12-14 03:50:40.264 1503 2313 I GameModeConfig: isGameModeOn = false
12-14 03:50:40.265 1503 2313 I GameModeConfig: isGameModeOn = false
12-14 03:50:40.265 1503 2313 I GameModeConfig: isGameModeOn = false
12-14 03:50:40.289 1503 2313 I GameModeConfig: isGameModeOn = false
12-14 03:50:40.289 1503 2313 I GameModeConfig: isGameModeOn = false
12-14 03:50:40.289 1503 2313 I GameModeConfig: isGameModeOn = false
12-14 03:50:40.307 1503 2313 I GameModeConfig: isGameModeOn = false
12-14 03:50:40.307 1503 2313 I GameModeConfig: isGameModeOn = false
12-14 03:50:40.308 1503 2313 I GameModeConfig: isGameModeOn = false
12-14 03:50:40.334 1503 2313 I GameModeConfig: isGameModeOn = false
12-14 03:50:40.334 1503 2313 I GameModeConfig: isGameModeOn = false
12-14 03:50:40.334 1503 2313 I GameModeConfig: isGameModeOn = false
12-14 03:50:40.352 1503 2313 I GameModeConfig: isGameModeOn = false
12-14 03:50:40.352 1503 2313 I GameModeConfig: isGameModeOn = false
12-14 03:50:40.352 1503 2313 I GameModeConfig: isGameModeOn = false
12-14 03:50:40.368 1503 2313 I GameModeConfig: isGameModeOn = false
12-14 03:50:40.368 1503 2313 I GameModeConfig: isGameModeOn = false
12-14 03:50:40.368 1503 2313 I GameModeConfig: isGameModeOn = false
12-14 03:50:40.385 1503 2313 I GameModeConfig: isGameModeOn = false
12-14 03:50:40.386 1503 2313 I GameModeConfig: isGameModeOn = false
12-14 03:50:40.386 1503 2313 I GameModeConfig: isGameModeOn = false
12-14 03:50:40.388 1503 1503 I GameModeConfig: isGameModeOn = false
12-14 03:50:40.467 1503 1503 I GameModeConfig: isGameModeOn = false
12-14 03:50:40.468 1503 1503 E NotificationService: Muting recently noisy 0|com.android.systemui|2048|null|10082
12-14 03:50:40.492 1503 1503 I GameModeConfig: isGameModeOn = false
12-14 03:50:40.493 1503 1503 E NotificationService: Muting recently noisy 0|com.android.systemui|2048|null|10082
01-01 09:51:09.407 0 0 D : mv2112_read_status
01-01 09:51:09.407 0 0 D mv2112_update_link: 3.0x901(1G): 0x80
01-01 09:51:09.407 0 0 D mv2112_update_link: 3.0x8109(100M): 0x8
01-01 09:51:09.407 0 0 D mv2112_update_link: link 0x0
01-01 09:51:09.407 0 0 D mv2112_read_status: autoneg is disabled
12-14 03:50:40.510 1503 1503 I GameModeConfig: isGameModeOn = false
12-14 03:50:40.511 1503 1503 E NotificationService: Muting recently noisy 0|com.android.systemui|2048|null|10082
12-14 03:50:40.538 1503 1503 I GameModeConfig: isGameModeOn = false
12-14 03:50:40.539 1503 1503 E NotificationService: Muting recently noisy 0|com.android.systemui|2048|null|10082
12-14 03:50:40.556 1503 1503 I GameModeConfig: isGameModeOn = false
12-14 03:50:40.556 1503 1503 E NotificationService: Muting recently noisy 0|com.android.systemui|2048|null|10082
12-14 03:50:40.570 1503 1503 I GameModeConfig: isGameModeOn = false
12-14 03:50:40.571 1503 1503 E NotificationService: Muting recently noisy 0|com.android.systemui|2048|null|10082
12-14 03:50:40.589 1503 1503 I GameModeConfig: isGameModeOn = false
12-14 03:50:40.589 1503 1503 E NotificationService: Muting recently noisy 0|com.android.systemui|2048|null|10082
01-01 09:51:09.795 0 0 I : read descriptors
01-01 09:51:09.795 0 0 I : read strings
01-01 09:51:09.853 0 0 I perf : interrupt took too long (2640 > 2500), lowering kernel.perf_event_max_sample_rate to 75750
01-01 09:51:10.430 0 0 D : mv2112_read_status
01-01 09:51:10.430 0 0 D mv2112_update_link: 3.0x901(1G): 0x80
01-01 09:51:10.431 0 0 D mv2112_update_link: 3.0x8109(100M): 0x8
01-01 09:51:10.431 0 0 D mv2112_update_link: link 0x0
01-01 09:51:10.431 0 0 D mv2112_read_status: autoneg is disabled
01-01 09:51:10.815 0 0 I : read descriptors
01-01 09:51:10.815 0 0 I : read strings
01-01 09:51:11.454 0 0 D : mv2112_read_status
01-01 09:51:11.455 0 0 D mv2112_update_link: 3.0x901(1G): 0x80
01-01 09:51:11.455 0 0 D mv2112_update_link: 3.0x8109(100M): 0x8
01-01 09:51:11.455 0 0 D mv2112_update_link: link 0x0
01-01 09:51:11.455 0 0 D mv2112_read_status: autoneg is disabled
01-01 09:51:11.835 0 0 I : read descriptors
01-01 09:51:11.835 0 0 I : read strings
12-14 03:50:43.084 1503 2417 D CompatibilityChangeReporter: Compat change id reported: 183164979; UID 10082; state: ENABLED
01-01 09:51:12.482 0 0 D : mv2112_read_status
01-01 09:51:12.483 0 0 D mv2112_update_link: 3.0x901(1G): 0x80
01-01 09:51:12.483 0 0 D mv2112_update_link: 3.0x8109(100M): 0x8
01-01 09:51:12.483 0 0 D mv2112_update_link: link 0x0
01-01 09:51:12.483 0 0 D mv2112_read_status: autoneg is disabled
01-01 09:51:12.855 0 0 I : read descriptors
01-01 09:51:12.855 0 0 I : read strings
01-01 09:51:13.502 0 0 D : mv2112_read_status
01-01 09:51:13.503 0 0 D mv2112_update_link: 3.0x901(1G): 0x80
01-01 09:51:13.503 0 0 D mv2112_update_link: 3.0x8109(100M): 0x8
01-01 09:51:13.503 0 0 D mv2112_update_link: link 0x0
01-01 09:51:13.503 0 0 D mv2112_read_status: autoneg is disabled
12-14 03:50:44.709 835 835 D android.hardware.wifi@1.0-service: Initialize legacy HAL
01-01 09:51:13.619 0 0 I binder : 1503:2301 BC_REQUEST_DEATH_NOTIFICATION death notification already set
01-01 09:51:13.621 0 0 I : Wifi Turning On from UI
12-14 03:50:44.710 835 835 I android.hardware.wifi@1.0-service: Wifi HAL started
01-01 09:51:13.626 0 0 I : Wifi Turning On from UI
12-14 03:50:44.714 835 835 D android.hardware.wifi@1.0-service: Waiting for the driver ready
12-14 03:50:44.715 835 835 D android.hardware.wifi@1.0-service: Starting legacy HAL
01-01 09:51:13.627 0 0 D cnss : Doing idle restart
01-01 09:51:13.627 0 0 D cnss : Posting event: IDLE_RESTART(13)-sync, state: 0x100 flags: 0x3
01-01 09:51:13.627 0 0 D cnss : PM stay awake, state: 0x100, count: 1
01-01 09:51:13.627 0 0 D cnss : Processing driver event: IDLE_RESTART-sync(13), state: 0x100
01-01 09:51:13.627 0 0 D cnss : Regulator vdd-wlan-io is being enabled
01-01 09:51:13.627 0 0 D cnss : Regulator wlan-ant-switch is being enabled
01-01 09:51:13.627 0 0 D cnss : Regulator vdd-wlan-aon is being enabled
01-01 09:51:13.627 0 0 D cnss : Regulator vdd-wlan-dig is being enabled
01-01 09:51:13.627 0 0 D cnss : Regulator vdd-wlan-rfa1 is being enabled
01-01 09:51:13.627 0 0 D cnss : Regulator vdd-wlan-rfa2 is being enabled
01-01 09:51:13.628 0 0 D cnss : BT_EN_GPIO State: On
01-01 09:51:13.629 0 0 D cnss : Assert WLAN_EN GPIO successfully
01-01 09:51:13.629 0 0 D cnss : Resuming PCI link
01-01 09:51:13.629 0 0 I msm_pcie_enable: PCIe: Assert the reset of endpoint of RC0.
01-01 09:51:13.632 0 0 I msm_pcie_enable: PCIe: RC0: PCIE20_PARF_INT_ALL_MASK: 0x7f80d202
01-01 09:51:13.634 0 0 I pcie_phy_init: PCIe RC0 PHY is ready!
01-01 09:51:13.645 0 0 I msm_pcie_enable: PCIe: Release the reset of endpoint of RC0.
01-01 09:51:13.661 0 0 I msm_pcie_link_train: PCIe RC0 link initialized
01-01 09:51:13.678 0 0 I cnss_pci 0000: 01:00.0: enabling device (0000 -> 0002)
01-01 09:51:13.679 0 0 D cnss : Config PCIe remap window register to 0x4000003f
01-01 09:51:13.679 0 0 D cnss : Read register offset 0x1f8031c, val = 0x6
01-01 09:51:13.679 0 0 D cnss : Write val 0x2 to register offset 0x1f8031c
01-01 09:51:13.679 0 0 D cnss : Setting MHI state: INIT(0)
01-01 09:51:13.679 0 0 D cnss : Setting MHI state: POWER_ON(2)
01-01 09:51:13.680 0 0 W cnss_pci 0000: 01:00.0: Falling back to syfs fallback for: qca6390/amss20.bin
01-01 09:51:13.692 0 0 I ueventd : firmware: loading 'qca6390/amss20.bin' for '/devices/platform/soc/1c00000.qcom,pcie/pci0000:00/0000:00:00.0/0000:01:00.0/firmware/qca6390!amss20.bin'
01-01 09:51:13.703 0 0 I ueventd : loading /devices/platform/soc/1c00000.qcom,pcie/pci0000:00/0000:00:00.0/0000:01:00.0/firmware/qca6390!amss20.bin took 11ms
01-01 09:51:13.871 0 0 I : read descriptors
01-01 09:51:13.871 0 0 I : read strings
01-01 09:51:14.082 0 0 D cnss : MHI status cb is called with reason MISSION_MODE(6)
01-01 09:51:14.083 0 0 D cnss : Completed event: IDLE_RESTART(13), state: 0x140, ret: 0/0
01-01 09:51:14.083 0 0 D cnss : PM relax, state: 0x140, count: 0
01-01 09:51:14.089 0 0 E register_client_adhoc: find path.src 1 dest 589
01-01 09:51:14.089 0 0 E register_client_adhoc: Failed to find path.src 1 dest 589
01-01 09:51:14.098 0 0 E : [drm:dp_display_init_aux_switch][msm-dp-err][6349]failed to register notifier (-22)
01-01 09:51:14.107 0 0 E swr-wcd rx_swr_ctrl: swrm_get_logical_dev_num: device 0xd01170224 is not ready
01-01 09:51:14.107 0 0 E swr_get_logical_dev_num: Error -22 to get logical addr for device d01170224
01-01 09:51:14.107 0 0 E swr-wcd rx_swr_ctrl: swrm_get_logical_dev_num: device 0xd01170224 is not ready
01-01 09:51:14.107 0 0 E swr_get_logical_dev_num: Error -22 to get logical addr for device d01170224
01-01 09:51:14.107 0 0 E swr-wcd rx_swr_ctrl: swrm_get_logical_dev_num: device 0xd01170224 is not ready
01-01 09:51:14.107 0 0 E swr_get_logical_dev_num: Error -22 to get logical addr for device d01170224
01-01 09:51:14.107 0 0 E swr-wcd rx_swr_ctrl: swrm_get_logical_dev_num: device 0xd01170224 is not ready
01-01 09:51:14.108 0 0 E swr_get_logical_dev_num: Error -22 to get logical addr for device d01170224
01-01 09:51:14.108 0 0 E swr-wcd rx_swr_ctrl: swrm_get_logical_dev_num: device 0xd01170224 is not ready
01-01 09:51:14.108 0 0 E swr_get_logical_dev_num: Error -22 to get logical addr for device d01170224
01-01 09:51:14.108 0 0 E wcd938x_codec wcd938x-codec: wcd938x_bind: Slave bind failed, ret = -517
01-01 09:51:14.108 0 0 E register_client_adhoc: find path.src 1 dest 589
01-01 09:51:14.108 0 0 E register_client_adhoc: Failed to find path.src 1 dest 589
01-01 09:51:14.135 0 0 D cnss : WLFW server arriving: node 7 port 1
01-01 09:51:14.135 0 0 D cnss : Posting event: SERVER_ARRIVE(0), state: 0x140 flags: 0x0
01-01 09:51:14.135 0 0 D cnss : PM stay awake, state: 0x140, count: 1
01-01 09:51:14.135 0 0 D cnss : PM relax, state: 0x140, count: 0
01-01 09:51:14.135 0 0 D cnss : PM stay awake, state: 0x140, count: 1
01-01 09:51:14.135 0 0 D cnss : Processing driver event: SERVER_ARRIVE(0), state: 0x140
01-01 09:51:14.135 0 0 I cnss : QMI WLFW service connected, state: 0x141
01-01 09:51:14.135 0 0 D cnss : Sending indication register message, state: 0x141
01-01 09:51:14.138 0 0 D cnss : Sending host capability message, state: 0x141
01-01 09:51:14.138 0 0 D cnss : Number of clients is 2
01-01 09:51:14.138 0 0 D cnss : Assign MSI to user: WAKE, num_vectors: 1, user_base_data: 813, base_vector: 13
01-01 09:51:14.138 0 0 D cnss : WAKE MSI base data is 813
01-01 09:51:14.138 0 0 D cnss : Calibration done is 1
01-01 09:51:14.138 0 0 D cnss : Sending iova starting 0xa0000000 with size 0x10010000
01-01 09:51:14.140 0 0 D cnss : PM relax, state: 0x141, count: 0
01-01 09:51:14.141 0 0 W cnss-daemon: pm_release_vote: pm_handle is NULL
01-01 09:51:14.141 0 0 W cnss-daemon: pm_release_vote: pm_handle is NULL
01-01 09:51:14.141 0 0 W cnss-daemon: wlfw_build_cal_table: not read /data/vendor/wifi/wlfw_cal_00.bin
01-01 09:51:14.144 0 0 W cnss-daemon: wlfw_build_cal_table: not read /data/vendor/wifi/wlfw_cal_02.bin
01-01 09:51:14.144 0 0 W cnss-daemon: wlfw_build_cal_table: not read /data/vendor/wifi/wlfw_cal_03.bin
01-01 09:51:14.144 0 0 W cnss-daemon: wlfw_build_cal_table: not read /data/vendor/wifi/wlfw_cal_04.bin
01-01 09:51:14.150 0 0 D cnss : Received QMI WLFW request memory indication
01-01 09:51:14.150 0 0 D cnss : FW requests for memory, size: 0x5e0000, type: 1
01-01 09:51:14.150 0 0 D cnss : FW requests for memory, size: 0xd8000, type: 4
01-01 09:51:14.150 0 0 D cnss : Posting event: REQUEST_MEM(2), state: 0x141 flags: 0x0
01-01 09:51:14.150 0 0 D cnss : PM stay awake, state: 0x141, count: 1
01-01 09:51:14.150 0 0 D cnss : PM relax, state: 0x141, count: 0
01-01 09:51:14.150 0 0 D cnss : PM stay awake, state: 0x141, count: 1
01-01 09:51:14.150 0 0 D cnss : Processing driver event: REQUEST_MEM(2), state: 0x141
01-01 09:51:14.150 0 0 D cnss : Sending respond memory message, state: 0x141
01-01 09:51:14.150 0 0 D cnss : Memory for FW, va: 0x0000000000000000, pa: 0x00000000a1000000, size: 0x5e0000, type: 1
01-01 09:51:14.150 0 0 D cnss : Memory for FW, va: 0x0000000000000000, pa: 0x00000000a1600000, size: 0xd8000, type: 4
01-01 09:51:14.154 0 0 W cnss-daemon: wlfw_qmi_ind_cb: Receive Ind : 0x37
01-01 09:51:14.154 0 0 D cnss : PM relax, state: 0x141, count: 0
01-01 09:51:14.155 0 0 D cnss : Received QMI WLFW FW memory ready indication
01-01 09:51:14.155 0 0 D cnss : Posting event: FW_MEM_READY(3), state: 0x141 flags: 0x0
01-01 09:51:14.155 0 0 D cnss : PM stay awake, state: 0x141, count: 1
01-01 09:51:14.155 0 0 D cnss : PM relax, state: 0x141, count: 0
01-01 09:51:14.155 0 0 D cnss : PM stay awake, state: 0x141, count: 1
01-01 09:51:14.155 0 0 D cnss : Processing driver event: FW_MEM_READY(3), state: 0x141
01-01 09:51:14.155 0 0 D cnss : Sending target capability message, state: 0x143
01-01 09:51:14.167 0 0 D cnss : Voltage for CPR: 948mV
01-01 09:51:14.167 0 0 D cnss : Update TCS CMD data address 0x000000000b2e5844 with voltage 950mV
01-01 09:51:14.167 0 0 D cnss : Device frequency is 24000000 HZ
01-01 09:51:14.167 0 0 D cnss : Target capability: chip_id: 0x0, chip_family: 0xb, board_id: 0xff, soc_id: 0xffffffff, fw_version: 0x101a0521, fw_build_timestamp: 2021-12-20 07:54, fw_build_id: QC_IMAGE_VERSION_STRING=WLAN.HST.1.0.1.r1-01313-QCAHSTSWPL_SILICONZ-1, otp_version: 0x0
01-01 09:51:14.167 0 0 D cnss : Sending BDF download message, state: 0x143, type: 4
01-01 09:51:14.167 0 0 D cnss : FW name added with prefix: qca6390/regdb.bin
01-01 09:51:14.167 0 0 W cnss2 b0000000.qcom,cnss-qca6390: Falling back to syfs fallback for: qca6390/regdb.bin
01-01 09:51:14.174 0 0 I ueventd : firmware: loading 'qca6390/regdb.bin' for '/devices/platform/soc/b0000000.qcom,cnss-qca6390/firmware/qca6390!regdb.bin'
01-01 09:51:14.175 0 0 E ueventd : firmware: could not find firmware for qca6390/regdb.bin
01-01 09:51:14.175 0 0 E ueventd : firmware: attempted /etc/firmware/qca6390/regdb.bin, open failed: No such file or directory
01-01 09:51:14.175 0 0 E ueventd : firmware: attempted /odm/firmware/qca6390/regdb.bin, open failed: No such file or directory
01-01 09:51:14.175 0 0 E ueventd : firmware: attempted /vendor/firmware/qca6390/regdb.bin, open failed: No such file or directory
01-01 09:51:14.175 0 0 E ueventd : firmware: attempted /firmware/image/qca6390/regdb.bin, open failed: No such file or directory
01-01 09:51:14.175 0 0 E ueventd : firmware: attempted /vendor/firmware_mnt/image/qca6390/regdb.bin, open failed: No such file or directory
01-01 09:51:14.176 0 0 I ueventd : loading /devices/platform/soc/b0000000.qcom,cnss-qca6390/firmware/qca6390!regdb.bin took 1ms
01-01 09:51:14.176 0 0 E cnss : Failed to load BDF: qca6390/regdb.bin
01-01 09:51:14.176 0 0 D cnss : Sending BDF download message, state: 0x143, type: 1
01-01 09:51:14.176 0 0 D cnss : FW name added with prefix: qca6390/bdwlan.elf
01-01 09:51:14.176 0 0 W cnss2 b0000000.qcom,cnss-qca6390: Falling back to syfs fallback for: qca6390/bdwlan.elf
01-01 09:51:14.183 0 0 D cnss : Downloading BDF: qca6390/bdwlan.elf, size: 57908
01-01 09:51:14.214 0 0 D cnss : Sending M3 information message, state: 0x143
01-01 09:51:14.214 0 0 D cnss : M3 memory, va: 0x0000000000000000, pa: 0x00000000a1800000, size: 0x411bc
01-01 09:51:14.217 0 0 D cnss : PM relax, state: 0x143, count: 0
01-01 09:51:14.217 0 0 D cnss : Received QMI WLFW FW initialization done indication
01-01 09:51:14.217 0 0 D cnss : Posting event: FW_READY(4), state: 0x143 flags: 0x0
01-01 09:51:14.217 0 0 D cnss : PM stay awake, state: 0x143, count: 1
01-01 09:51:14.217 0 0 D cnss : PM stay awake, state: 0x143, count: 1
01-01 09:51:14.217 0 0 D cnss : Processing driver event: FW_READY(4), state: 0x143
01-01 09:51:14.217 0 0 D cnss : PCIE Gen speed not setup
01-01 09:51:14.217 0 0 I [kworke][0x7c3154002][03:50:45.305971] wlan: [5487:I:HDD] hdd_pm_qos_add_request: 9360: Set cpu_mask 0f for affine_cores
01-01 09:51:14.217 0 0 I [kworke][0x7c3154165][03:50:45.305989] wlan: [5487:I:HDD] hdd_pm_qos_add_request: 9362: Set cpu_mask 0f for affine_cores
01-01 09:51:14.217 0 0 D cnss : Sending ini sync request, state: 0x147, fw_log_mode: 1
01-01 09:51:14.219 0 0 D cnss : PM relax, state: 0x143, count: 0
01-01 09:51:14.219 0 0 I [kworke][0x7c315e348][03:50:45.308148] wlan: [5487:I:HIF] Initializing Runtime PM wakelock &sc->prevent_linkdown_lock
01-01 09:51:14.219 0 0 I [kworke][0x7c315e5a2][03:50:45.308179] wlan: [5487:I:HIF] hif_pci_enable_bus: con_mode = 0x0, WLAN_SOC_device_id = 0x1101
01-01 09:51:14.220 0 0 I [kworke][0x7c315e76b][03:50:45.308203] wlan: [5487:I:HIF] hif_pci_enable_bus: hif_enable_pci done
01-01 09:51:14.220 0 0 I [kworke][0x7c315fb47][03:50:45.308468] wlan: [5487:I:HIF] *********** QCA6390 *************
01-01 09:51:14.220 0 0 I [kworke][0x7c315fc77][03:50:45.308483] wlan: [5487:I:HIF] hif_pci_enable_bus: hif_type = 0x12, target_type = 0x17
01-01 09:51:14.220 0 0 I [kworke][0x7c315fdb0][03:50:45.308500] wlan: [5487:I:HIF] hif_register_tbl_attach: HIF_TYPE_QCA6390
01-01 09:51:14.220 0 0 I [kworke][0x7c315fed0][03:50:45.308515] wlan: [5487:I:HIF] hif_target_register_tbl_attach: TARGET_TYPE_QCA6390
01-01 09:51:14.220 0 0 I [kworke][0x7c315ffdc][03:50:45.308529] wlan: [5487:I:HIF] hif_pci_enable_bus:Skip tgt_wake up for srng devices
01-01 09:51:14.221 0 0 E [kworke][0x7c3164199][03:50:45.309405] wlan: [5487:E:TXRX] hif_print_hal_shadow_register_cfg: num_config 28
01-01 09:51:14.221 0 0 I [kworke][0x7c31643ab][03:50:45.309433] wlan: [5487:I:TXRX] hif_print_hal_shadow_register_cfg: i 0, val a3b034
01-01 09:51:14.221 0 0 I [kworke][0x7c31644ca][03:50:45.309448] wlan: [5487:I:TXRX] hif_print_hal_shadow_register_cfg: i 1, val a3b03c
01-01 09:51:14.221 0 0 I [kworke][0x7c31645dc][03:50:45.309462] wlan: [5487:I:TXRX] hif_print_hal_shadow_register_cfg: i 2, val a3b044
01-01 09:51:14.221 0 0 I [kworke][0x7c31646f0][03:50:45.309476] wlan: [5487:I:TXRX] hif_print_hal_shadow_register_cfg: i 3, val a3b04c
01-01 09:51:14.221 0 0 I [kworke][0x7c31647fc][03:50:45.309490] wlan: [5487:I:TXRX] hif_print_hal_shadow_register_cfg: i 4, val a3b054
01-01 09:51:14.221 0 0 I [kworke][0x7c3164903][03:50:45.309504] wlan: [5487:I:TXRX] hif_print_hal_shadow_register_cfg: i 5, val a3b028
01-01 09:51:14.221 0 0 I [kworke][0x7c3164a05][03:50:45.309517] wlan: [5487:I:TXRX] hif_print_hal_shadow_register_cfg: i 6, val a3b020
01-01 09:51:14.221 0 0 I [kworke][0x7c3164b0b][03:50:45.309531] wlan: [5487:I:TXRX] hif_print_hal_shadow_register_cfg: i 7, val a3b06c
01-01 09:51:14.221 0 0 I [kworke][0x7c3164c0f][03:50:45.309545] wlan: [5487:I:TXRX] hif_print_hal_shadow_register_cfg: i 8, val a46000
01-01 09:51:14.221 0 0 I [kworke][0x7c3164d17][03:50:45.309558] wlan: [5487:I:TXRX] hif_print_hal_shadow_register_cfg: i 9, val a46008
01-01 09:51:14.221 0 0 I [kworke][0x7c3164e1d][03:50:45.309572] wlan: [5487:I:TXRX] hif_print_hal_shadow_register_cfg: i 10, val a46010
01-01 09:51:14.221 0 0 I [kworke][0x7c3164f23][03:50:45.309586] wlan: [5487:I:TXRX] hif_print_hal_shadow_register_cfg: i 11, val a46018
01-01 09:51:14.221 0 0 I [kworke][0x7c316504a][03:50:45.309601] wlan: [5487:I:TXRX] hif_print_hal_shadow_register_cfg: i 12, val a46034
01-01 09:51:14.221 0 0 I [kworke][0x7c316515a][03:50:45.309615] wlan: [5487:I:TXRX] hif_print_hal_shadow_register_cfg: i 13, val a370b0
01-01 09:51:14.221 0 0 I [kworke][0x7c316526b][03:50:45.309629] wlan: [5487:I:TXRX] hif_print_hal_shadow_register_cfg: i 14, val a37018
01-01 09:51:14.221 0 0 I [kworke][0x7c316537e][03:50:45.309644] wlan: [5487:I:TXRX] hif_print_hal_shadow_register_cfg: i 15, val a370c4
01-01 09:51:14.221 0 0 I [kworke][0x7c3165492][03:50:45.309658] wlan: [5487:I:TXRX] hif_print_hal_shadow_register_cfg: i 16, val a370cc
01-01 09:51:14.221 0 0 I [kworke][0x7c31655a6][03:50:45.309672] wlan: [5487:I:TXRX] hif_print_hal_shadow_register_cfg: i 17, val a370d4
01-01 09:51:14.221 0 0 I [kworke][0x7c31656b7][03:50:45.309687] wlan: [5487:I:TXRX] hif_print_hal_shadow_register_cfg: i 18, val a370dc
01-01 09:51:14.221 0 0 I [kworke][0x7c31657c2][03:50:45.309701] wlan: [5487:I:TXRX] hif_print_hal_shadow_register_cfg: i 19, val a00400
01-01 09:51:14.221 0 0 I [kworke][0x7c31658d3][03:50:45.309715] wlan: [5487:I:TXRX] hif_print_hal_shadow_register_cfg: i 20, val a03400
01-01 09:51:14.221 0 0 I [kworke][0x7c31659e0][03:50:45.309729] wlan: [5487:I:TXRX] hif_print_hal_shadow_register_cfg: i 21, val a0340c
01-01 09:51:14.221 0 0 I [kworke][0x7c3165aeb][03:50:45.309743] wlan: [5487:I:TXRX] hif_print_hal_shadow_register_cfg: i 22, val a05400
01-01 09:51:14.221 0 0 I [kworke][0x7c3165bf8][03:50:45.309757] wlan: [5487:I:TXRX] hif_print_hal_shadow_register_cfg: i 23, val a0540c
01-01 09:51:14.221 0 0 I [kworke][0x7c3165d04][03:50:45.309771] wlan: [5487:I:TXRX] hif_print_hal_shadow_register_cfg: i 24, val a06400
01-01 09:51:14.221 0 0 I [kworke][0x7c3165e05][03:50:45.309784] wlan: [5487:I:TXRX] hif_print_hal_shadow_register_cfg: i 25, val a08400
01-01 09:51:14.221 0 0 I [kworke][0x7c3165f06][03:50:45.309798] wlan: [5487:I:TXRX] hif_print_hal_shadow_register_cfg: i 26, val a0b400
01-01 09:51:14.221 0 0 I [kworke][0x7c3166006][03:50:45.309811] wlan: [5487:I:TXRX] hif_print_hal_shadow_register_cfg: i 27, val a0b40c
01-01 09:51:14.221 0 0 D cnss : Mode: 0, config: 0000000000000000, host_version: 5.2.022.10G
01-01 09:51:14.221 0 0 D cnss : Sending WLAN config message, state: 0x147
01-01 09:51:14.223 0 0 D cnss : Sending mode message, mode: MISSION(0), state: 0x147
01-01 09:51:14.248 0 0 D cnss : Received QMI WLFW pin connect result indication
01-01 09:51:14.248 0 0 D cnss : Pin connect Result: pwr_pin: 0x1 phy_io_pin: 0x0 rf_io_pin: 0x0
01-01 09:51:14.248 0 0 D cnss : Assign MSI to user: CE, num_vectors: 10, user_base_data: 803, base_vector: 3
01-01 09:51:14.248 0 0 I [kworke][0x7c31e38e6][03:50:45.336596] wlan: [5487:I:HIF] ce_srng_dest_ring_setup: ce_id 1
01-01 09:51:14.248 0 0 D cnss : Assign MSI to user: CE, num_vectors: 10, user_base_data: 803, base_vector: 3
01-01 09:51:14.248 0 0 I [kworke][0x7c31e452e][03:50:45.336760] wlan: [5487:I:HIF] ce_srng_status_ring_setup: ce_id 1
01-01 09:51:14.248 0 0 D cnss : Assign MSI to user: CE, num_vectors: 10, user_base_data: 803, base_vector: 3
01-01 09:51:14.248 0 0 I [kworke][0x7c31e50a7][03:50:45.336913] wlan: [5487:I:HIF] ce_srng_dest_ring_setup: ce_id 2
01-01 09:51:14.248 0 0 D cnss : Assign MSI to user: CE, num_vectors: 10, user_base_data: 803, base_vector: 3
01-01 09:51:14.248 0 0 I [kworke][0x7c31e5e5c][03:50:45.337095] wlan: [5487:I:HIF] ce_srng_status_ring_setup: ce_id 2
01-01 09:51:14.248 0 0 D cnss : Assign MSI to user: CE, num_vectors: 10, user_base_data: 803, base_vector: 3
01-01 09:51:14.249 0 0 D cnss : Assign MSI to user: CE, num_vectors: 10, user_base_data: 803, base_vector: 3
01-01 09:51:14.249 0 0 I [kworke][0x7c31e84c2][03:50:45.337607] wlan: [5487:I:HIF] ce_srng_dest_ring_setup: ce_id 5
01-01 09:51:14.249 0 0 D cnss : Assign MSI to user: CE, num_vectors: 10, user_base_data: 803, base_vector: 3
01-01 09:51:14.249 0 0 I [kworke][0x7c31e9157][03:50:45.337775] wlan: [5487:I:HIF] ce_srng_status_ring_setup: ce_id 5
01-01 09:51:14.249 0 0 D cnss : Assign MSI to user: CE, num_vectors: 10, user_base_data: 803, base_vector: 3
01-01 09:51:14.249 0 0 I [kworke][0x7c31e9c66][03:50:45.337923] wlan: [5487:I:HIF] hif_configure_irq: E
01-01 09:51:14.249 0 0 D cnss : Assign MSI to user: WAKE, num_vectors: 1, user_base_data: 813, base_vector: 13
01-01 09:51:14.249 0 0 D cnss : Get IRQ number 363 for vector index 13
01-01 09:51:14.249 0 0 D cnss : Assign MSI to user: CE, num_vectors: 10, user_base_data: 803, base_vector: 3
01-01 09:51:14.249 0 0 D cnss : Get IRQ number 353 for vector index 3
01-01 09:51:14.249 0 0 D cnss : Get IRQ number 354 for vector index 4
01-01 09:51:14.249 0 0 D cnss : Get IRQ number 355 for vector index 5
01-01 09:51:14.249 0 0 D cnss : Get IRQ number 356 for vector index 6
01-01 09:51:14.249 0 0 D cnss : Get IRQ number 358 for vector index 8
01-01 09:51:14.250 0 0 D cnss : Get IRQ number 359 for vector index 9
01-01 09:51:14.250 0 0 D cnss : Get IRQ number 361 for vector index 11
01-01 09:51:14.250 0 0 E [kworke][0x7c31eccb4][03:50:45.338567] wlan: [5487:E:mlme] mlme_init_reg_cfg: 2374: null pdev
01-01 09:51:14.250 0 0 E [kworke][0x7c31ed4cf][03:50:45.338675] wlan: [5487:E:WMI] WMI handle is NULL
01-01 09:51:14.250 0 0 I [kworke][0x7c31edb8d][03:50:45.338765] wlan: [5487:I:HIF] Initializing Runtime PM wakelock &p2p_soc_obj->roc_runtime_lock
01-01 09:51:14.250 0 0 D cnss : Platform cap_flag is 0x4
01-01 09:51:14.250 0 0 E [kworke][0x7c31ee005][03:50:45.338824] wlan: [5487:E:QDF] cds_get_context: 1486: Module ID 66 context is Null
01-01 09:51:14.254 0 0 E [kworke][0x7c32001c1][03:50:45.342687] wlan: [5487:E:QDF] cds_get_context: 1486: Module ID 66 context is Null
01-01 09:51:14.263 0 0 I [kworke][0x7c3229923][03:50:45.351533] wlan: [5487:I:HIF] Initializing Runtime PM wakelock &psoc_wakelock->wmi_cmd_rsp_runtime_lock
01-01 09:51:14.263 0 0 F [kworke][0x7c322b021][03:50:45.351839] wlan: [5487:F:WMA] WMA --> wmi_unified_attach - success
01-01 09:51:14.264 0 0 I [kworke][0x7c322e8a3][03:50:45.352593] wlan: [5487:I:HIF] Initializing Runtime PM wakelock &vdev->vdev_set_key_runtime_wakelock
01-01 09:51:14.265 0 0 I [kworke][0x7c3231b88][03:50:45.353271] wlan: [5487:I:HIF] Initializing Runtime PM wakelock &vdev->vdev_set_key_runtime_wakelock
01-01 09:51:14.265 0 0 I [kworke][0x7c3234d60][03:50:45.353936] wlan: [5487:I:HIF] Initializing Runtime PM wakelock &vdev->vdev_set_key_runtime_wakelock
01-01 09:51:14.266 0 0 I [kworke][0x7c3237f43][03:50:45.354601] wlan: [5487:I:HIF] Initializing Runtime PM wakelock &vdev->vdev_set_key_runtime_wakelock
01-01 09:51:14.267 0 0 I [kworke][0x7c323b0e2][03:50:45.355263] wlan: [5487:I:HIF] Initializing Runtime PM wakelock &vdev->vdev_set_key_runtime_wakelock
01-01 09:51:14.267 0 0 I [kworke][0x7c323e035][03:50:45.355894] wlan: [5487:I:HIF] Initializing Runtime PM wakelock &vdev->vdev_set_key_runtime_wakelock
01-01 09:51:14.269 0 0 I [kworke][0x7c3246e6a][03:50:45.357790] wlan: [5487:I:HIF] Initializing Runtime PM wakelock &wma_handle->wmi_cmd_rsp_runtime_lock
01-01 09:51:14.269 0 0 I [kworke][0x7c3247001][03:50:45.357811] wlan: [5487:I:HIF] Initializing Runtime PM wakelock &wma_handle->sap_prevent_runtime_pm_lock
01-01 09:51:14.275 0 0 E [kworke][0x7c32615a2][03:50:45.363433] wlan: [5487:E:QDF] htc_wait_target: 684: Target Ready! TX resource : 1 size:2176, MaxMsgsPerHTCBundle = 1
01-01 09:51:14.275 0 0 E [kworke][0x7c3261807][03:50:45.363464] wlan: [5487:E:QDF] htc_setup_target_buffer_assignments: 576: SVS Index : 1 TX : 0x100 : alloc:1
01-01 09:51:14.275 0 0 D cnss : Assign MSI to user: DP, num_vectors: 18, user_base_data: 814, base_vector: 14
01-01 09:51:14.275 0 0 I [kworke][0x7c3263718][03:50:45.363879] wlan: [5487:I:HIF] +hif_update_pipe_callback pipeid 5
01-01 09:51:14.275 0 0 I [kworke][0x7c326385d][03:50:45.363895] wlan: [5487:I:HIF] -hif_update_pipe_callback
01-01 09:51:14.275 0 0 D cnss : Assign MSI to user: DP, num_vectors: 18, user_base_data: 814, base_vector: 14
01-01 09:51:14.279 0 0 E [kworke][0x7c327414c][03:50:45.367428] wlan: [5487:E:DP] dp_srng_get_str_from_hal_ring_type: 7726: Invalid ring type
01-01 09:51:14.279 0 0 D cnss : Assign MSI to user: DP, num_vectors: 18, user_base_data: 814, base_vector: 14
01-01 09:51:14.280 0 0 D cnss : Assign MSI to user: DP, num_vectors: 18, user_base_data: 814, base_vector: 14
01-01 09:51:14.280 0 0 D cnss : Assign MSI to user: DP, num_vectors: 18, user_base_data: 814, base_vector: 14
01-01 09:51:14.280 0 0 D cnss : Assign MSI to user: DP, num_vectors: 18, user_base_data: 814, base_vector: 14
01-01 09:51:14.280 0 0 D cnss : Assign MSI to user: DP, num_vectors: 18, user_base_data: 814, base_vector: 14
01-01 09:51:14.281 0 0 D cnss : Assign MSI to user: DP, num_vectors: 18, user_base_data: 814, base_vector: 14
01-01 09:51:14.281 0 0 D cnss : Assign MSI to user: DP, num_vectors: 18, user_base_data: 814, base_vector: 14
01-01 09:51:14.281 0 0 D cnss : Assign MSI to user: DP, num_vectors: 18, user_base_data: 814, base_vector: 14
01-01 09:51:14.281 0 0 I [kworke][0x7c327eb20][03:50:45.369692] wlan: [5487:I:DP] dp_tx_soc_attach Tx Desc Alloc num_pool = 4, descs = 4096
01-01 09:51:14.282 0 0 I [kworke][0x7c328591b][03:50:45.371159] wlan: [5487:I:DP] dp_tx_soc_attach MSDU Ext Desc Alloc 4, descs = 4096
01-01 09:51:14.284 0 0 I [kworke][0x7c328c7be][03:50:45.372634] wlan: [5487:I:DP] dp_tx_soc_attach HAL Tx init Success
01-01 09:51:14.284 0 0 D cnss : Assign MSI to user: DP, num_vectors: 18, user_base_data: 814, base_vector: 14
01-01 09:51:14.284 0 0 D cnss : Assign MSI to user: DP, num_vectors: 18, user_base_data: 814, base_vector: 14
01-01 09:51:14.284 0 0 I [kworke][0x7c328df29][03:50:45.372946] wlan: [5487:I:DP] dp_soc_cmn_setup: 3274: num_reo_dest_rings 4
01-01 09:51:14.284 0 0 D cnss : Assign MSI to user: DP, num_vectors: 18, user_base_data: 814, base_vector: 14
01-01 09:51:14.285 0 0 D cnss : Assign MSI to user: DP, num_vectors: 18, user_base_data: 814, base_vector: 14
01-01 09:51:14.285 0 0 D cnss : Assign MSI to user: DP, num_vectors: 18, user_base_data: 814, base_vector: 14
01-01 09:51:14.285 0 0 D cnss : Assign MSI to user: DP, num_vectors: 18, user_base_data: 814, base_vector: 14
01-01 09:51:14.285 0 0 D cnss : Assign MSI to user: DP, num_vectors: 18, user_base_data: 814, base_vector: 14
01-01 09:51:14.285 0 0 D cnss : Assign MSI to user: DP, num_vectors: 18, user_base_data: 814, base_vector: 14
01-01 09:51:14.285 0 0 D cnss : Assign MSI to user: DP, num_vectors: 18, user_base_data: 814, base_vector: 14
01-01 09:51:14.285 0 0 D cnss : Assign MSI to user: DP, num_vectors: 18, user_base_data: 814, base_vector: 14
01-01 09:51:14.285 0 0 D cnss : Assign MSI to user: DP, num_vectors: 18, user_base_data: 814, base_vector: 14
01-01 09:51:14.286 0 0 D cnss : Assign MSI to user: DP, num_vectors: 18, user_base_data: 814, base_vector: 14
01-01 09:51:14.286 0 0 D cnss : Assign MSI to user: DP, num_vectors: 18, user_base_data: 814, base_vector: 14
01-01 09:51:14.286 0 0 I [kworke][0x7c32967d4][03:50:45.374768] wlan: [5487:I:HAL] hal_reo_set_err_dst_remap_6390: 1024: HWIO_REO_R0_ERROR_DESTINATION_MAPPING_IX_0 0x28005b6d
01-01 09:51:14.286 0 0 D cnss : Assign MSI to user: DP, num_vectors: 18, user_base_data: 814, base_vector: 14
01-01 09:51:14.286 0 0 D cnss : Assign MSI to user: DP, num_vectors: 18, user_base_data: 814, base_vector: 14
01-01 09:51:14.287 0 0 D cnss : Assign MSI to user: DP, num_vectors: 18, user_base_data: 814, base_vector: 14
01-01 09:51:14.287 0 0 D cnss : Assign MSI to user: DP, num_vectors: 18, user_base_data: 814, base_vector: 14
01-01 09:51:14.287 0 0 D cnss : Assign MSI to user: DP, num_vectors: 18, user_base_data: 814, base_vector: 14
01-01 09:51:14.287 0 0 D cnss : Assign MSI to user: DP, num_vectors: 18, user_base_data: 814, base_vector: 14
01-01 09:51:14.299 0 0 I [kworke][0x7c32d0e76][03:50:45.387230] wlan: [5487:I:DP] Peer pool init
01-01 09:51:14.299 0 0 W [kworke][0x7c32d16d9][03:50:45.387342] wlan: [5487:W:DP] dp_rx_pdev_mon_attach: pdev attach id=0
01-01 09:51:14.302 0 0 D cnss : Assign MSI to user: DP, num_vectors: 18, user_base_data: 814, base_vector: 14
01-01 09:51:14.302 0 0 D cnss : Get IRQ number 364 for vector index 14
01-01 09:51:14.302 0 0 D cnss : Assign MSI to user: DP, num_vectors: 18, user_base_data: 814, base_vector: 14
01-01 09:51:14.302 0 0 D cnss : Get IRQ number 365 for vector index 15
01-01 09:51:14.302 0 0 D cnss : Assign MSI to user: DP, num_vectors: 18, user_base_data: 814, base_vector: 14
01-01 09:51:14.302 0 0 D cnss : Get IRQ number 366 for vector index 16
01-01 09:51:14.302 0 0 D cnss : Assign MSI to user: DP, num_vectors: 18, user_base_data: 814, base_vector: 14
01-01 09:51:14.302 0 0 D cnss : Get IRQ number 367 for vector index 17
01-01 09:51:14.302 0 0 D cnss : Assign MSI to user: DP, num_vectors: 18, user_base_data: 814, base_vector: 14
01-01 09:51:14.302 0 0 D cnss : Assign MSI to user: DP, num_vectors: 18, user_base_data: 814, base_vector: 14
01-01 09:51:14.302 0 0 D cnss : Get IRQ number 369 for vector index 19
01-01 09:51:14.302 0 0 D cnss : Assign MSI to user: DP, num_vectors: 18, user_base_data: 814, base_vector: 14
01-01 09:51:14.302 0 0 D cnss : Get IRQ number 370 for vector index 20
01-01 09:51:14.304 0 0 I [kworke][0x7c32ec4fe][03:50:45.393077] wlan: [6418:I:WMA] wma_rx_service_ready_event: Firmware build version : 101a0521
01-01 09:51:14.304 0 0 I [kworke][0x7c32ec6f6][03:50:45.393103] wlan: [6418:I:WMA] wma_rx_service_ready_event: Board id: 0, Board version: 8 0 0 0 6
01-01 09:51:14.307 0 0 I [kworke][0x7c32f938d][03:50:45.395831] wlan: [6418:I:WMA] wma_is_dbs_mandatory: 5417: MAC0 does not support both bands 2 DBS is mandatory
01-01 09:51:14.307 0 0 E [kworke][0x7c32f9920][03:50:45.395906] wlan: [6418:E:QDF] copy_fw_abi_version_tlv: 6979: copy_fw_abi_version_tlv: INIT_CMD version: 1, 0, 0x5f414351, 0x4c4d, 0x0, 0x0
01-01 09:51:14.493 0 0 E [kworke][0x7c365e710][03:50:45.581265] wlan: [291:E:QDF] ready_extract_init_status_tlv: 8884: ready_extract_init_status_tlv:0
01-01 09:51:14.493 0 0 E [kworke][0x7c365f08b][03:50:45.581391] wlan: [291:E:QDF] cds_get_context: 1486: Module ID 65 context is Null
01-01 09:51:14.493 0 0 F [kworke][0x7c365f22e][03:50:45.581413] wlan: [291:F:DP] cdp_ipa_set_uc_tx_partition_base invalid instance
01-01 09:51:14.493 0 0 I [kworke][0x7c365f43e][03:50:45.581440] wlan: [291:I:WMA] wma_he_update_tgt_services: 996: 11ax is enabled
01-01 09:51:14.495 0 0 I [kworke][0x7c366b6fa][03:50:45.584037] wlan: [291:I:HIF] Initializing Runtime PM wakelock &mgmt_txrx_pdev_ctx->wakelock_tx_runtime_cmp
01-01 09:51:14.496 0 0 I [kworke][0x7c366ca08][03:50:45.584291] wlan: [291:I:dfs] WLAN_DEBUG_DFS_ALWAYS : wlan_dfs_pdev_obj_create_notification: 421: dfs_offload 1
01-01 09:51:14.496 0 0 I [kworke][0x7c366d040][03:50:45.584374] wlan: [291:I:SPECTRAL] null_get_capability: 1715: SPECTRAL : get_capability not registered
01-01 09:51:14.496 0 0 I [kworke][0x7c366d143][03:50:45.584387] wlan: [291:I:SPECTRAL] target_if_pdev_spectral_init: 2249: HAL_CAP_PHYDIAG : Capable
01-01 09:51:14.496 0 0 I [kworke][0x7c366d231][03:50:45.584400] wlan: [291:I:SPECTRAL] null_get_capability: 1715: SPECTRAL : get_capability not registered
01-01 09:51:14.496 0 0 I [kworke][0x7c366d30f][03:50:45.584411] wlan: [291:I:SPECTRAL] target_if_pdev_spectral_init: 2253: HAL_CAP_RADAR : Capable
01-01 09:51:14.496 0 0 I [kworke][0x7c366d3f1][03:50:45.584423] wlan: [291:I:SPECTRAL] null_get_capability: 1715: SPECTRAL : get_capability not registered
01-01 09:51:14.496 0 0 I [kworke][0x7c366d4df][03:50:45.584435] wlan: [291:I:SPECTRAL] target_if_pdev_spectral_init: 2258: HAL_CAP_SPECTRAL_SCAN : Capable
01-01 09:51:14.496 0 0 I [kworke][0x7c366d5ca][03:50:45.584448] wlan: [291:I:SPECTRAL] null_get_tsf64: 1703: SPECTRAL : get_tsf64 not registered
01-01 09:51:14.496 0 0 I [kworke][0x7c366d7b2][03:50:45.584473] wlan: [291:I:GREEN_AP] wlan_green_ap_pdev_obj_create_notification: 106: Green AP creation successful, green ap ctx: 0000000000000000, pdev: 0000000000000000
01-01 09:51:14.496 0 0 I [kworke][0x7c366dbf0][03:50:45.584530] wlan: [291:I:IPA] wlan_ipa_wdi_init: 540: ipa_over_gsi: 1, is_smmu_enabled: 1
01-01 09:51:14.497 0 0 I [kworke][0x7c3674f84][03:50:45.586071] wlan: [291:I:REGULATORY] reg_set_band: 483: set band bitmap: 3
01-01 09:51:14.498 0 0 I [kworke][0x7c367788d][03:50:45.586618] wlan: [291:I:HIF] Initializing Runtime PM wakelock &ctx->dfs
01-01 09:51:14.498 0 0 I [kworke][0x7c367799f][03:50:45.586632] wlan: [291:I:HIF] Initializing Runtime PM wakelock &ctx->connect
01-01 09:51:14.498 0 0 I [kworke][0x7c3677a85][03:50:45.586644] wlan: [291:I:HIF] Initializing Runtime PM wakelock &ctx->user
01-01 09:51:14.498 0 0 I [kworke][0x7c3677b79][03:50:45.586657] wlan: [291:I:HIF] Initializing Runtime PM wakelock &scan_priv->runtime_pm_lock
01-01 09:51:14.498 0 0 I [kworke][0x7c3677ed4][03:50:45.586702] wlan: [291:I:GREEN_AP] target_if_green_ap_register_egap_event_handler: 131: Set the Enhance Green AP event handler
01-01 09:51:14.498 0 0 E [kworke][0x7c3678097][03:50:45.586725] wlan: [291:E:QDF] dp_peer_map_attach_wifi3: 10048: dp_peer_map_attach_wifi3 max_peers 55, max_ast_index: 144
01-01 09:51:14.498 0 0 I [kworke][0x7c3678271][03:50:45.586750] wlan: [291:I:DP]
01-01 09:51:14.498 0 0 I : <=== cfg max peer id 55 ====>
01-01 09:51:14.498 0 0 I [kworke][0x7c36783b5][03:50:45.586767] wlan: [291:I:DP]
01-01 09:51:14.498 0 0 I : <=== cfg max ast idx 144 ====>
01-01 09:51:14.498 0 0 I [kworke][0x7c36784ae][03:50:45.586780] wlan: [291:I:DP] ast hash_elems: 512, max_ast_idx: 144
01-01 09:51:14.498 0 0 I [kworke][0x7c3678b72][03:50:45.586870] wlan: [5487:I:WMA] wma_wait_for_ready_event: 6926: FW ready event received
01-01 09:51:14.501 0 0 E [kworke][0x7c3686d24][03:50:45.589879] wlan: [5487:E:WMI] send_action_oui_cmd_tlv: 220: Invalid action id
01-01 09:51:14.501 0 0 E [kworke][0x7c3686fdf][03:50:45.589915] wlan: [5487:E:action_oui] ucfg_action_oui_send: 160: Failed to send: 7
01-01 09:51:14.501 0 0 E [kworke][0x7c3687265][03:50:45.589949] wlan: [5487:E:WMI] send_action_oui_cmd_tlv: 220: Invalid action id
01-01 09:51:14.501 0 0 E [kworke][0x7c36874b4][03:50:45.589980] wlan: [5487:E:action_oui] ucfg_action_oui_send: 160: Failed to send: 9
