01-01 09:22:47.937 0 0 E register_client_adhoc: find path.src 1 dest 589
01-01 09:22:47.937 0 0 E register_client_adhoc: Failed to find path.src 1 dest 589
01-01 09:22:47.937 0 0 I subsys-restart: __subsystem_get(): Changing subsys fw_name to cvpss
01-01 09:22:47.937 0 0 W subsys-pil-tz abb0000.qcom,cvpss: Falling back to syfs fallback for: cvpss.mdt
01-01 09:22:47.938 0 0 I subsys-pil-tz 9800000.qcom,npu: npu: loading from 0x0000000086900000 to 0x0000000086e00000
01-01 09:22:47.940 0 0 E : [drm:dp_display_init_aux_switch][msm-dp-err][334 ]failed to register notifier (-22)
01-01 09:22:47.940 0 0 E register_client_adhoc: find path.src 1 dest 589
01-01 09:22:47.940 0 0 E register_client_adhoc: Failed to find path.src 1 dest 589
01-01 09:22:47.941 0 0 I adsprpc : fastrpc_rpmsg_probe: opened rpmsg channel for cdsp
01-01 09:22:47.942 0 0 E : [drm:dp_display_init_aux_switch][msm-dp-err][334 ]failed to register notifier (-22)
01-01 09:22:47.942 0 0 E register_client_adhoc: find path.src 1 dest 589
01-01 09:22:47.942 0 0 E register_client_adhoc: Failed to find path.src 1 dest 589
01-01 09:22:47.943 0 0 E : [drm:dp_display_init_aux_switch][msm-dp-err][17 ]failed to register notifier (-22)
01-01 09:22:47.943 0 0 E register_client_adhoc: find path.src 1 dest 589
01-01 09:22:47.943 0 0 E register_client_adhoc: Failed to find path.src 1 dest 589
01-01 09:22:47.945 0 0 I subsys-pil-tz abb0000.qcom,cvpss: cvpss: loading from 0x0000000087300000 to 0x0000000087800000
01-01 09:22:47.961 0 0 I binder : 667:667 ioctl 40046210 7fc62e3264 returned -22
01-01 09:22:47.962 0 0 I binder : 667:667 ioctl 40046210 7fc62e3474 returned -22
01-01 09:22:47.994 0 0 I subsys-pil-tz 17300000.qcom,lpass: adsp: Brought out of reset
01-01 09:22:47.996 0 0 I iommu : Adding device ae00000.qcom,mdss_mdp:qcom,smmu_sde_sec_cb to group 49
01-01 09:22:47.996 0 0 I : [drm] probing device qcom,smmu_sde_sec
01-01 09:22:47.996 0 0 I : [drm] Created domain mdp_s, secure=1
01-01 09:22:47.997 0 0 W subsys-pil-tz 9800000.qcom,npu: Falling back to syfs fallback for: npu.b02
01-01 09:22:47.997 0 0 W subsys-pil-tz 9800000.qcom,npu: Falling back to syfs fallback for: npu.b03
01-01 09:22:47.997 0 0 W subsys-pil-tz 9800000.qcom,npu: Falling back to syfs fallback for: npu.b04
01-01 09:22:47.997 0 0 W subsys-pil-tz 9800000.qcom,npu: Falling back to syfs fallback for: npu.b05
01-01 09:22:47.998 0 0 W subsys-pil-tz 9800000.qcom,npu: Falling back to syfs fallback for: npu.b06
01-01 09:22:47.998 0 0 W subsys-pil-tz abb0000.qcom,cvpss: Falling back to syfs fallback for: cvpss.b02
01-01 09:22:47.998 0 0 W subsys-pil-tz abb0000.qcom,cvpss: Falling back to syfs fallback for: cvpss.b03
01-01 09:22:47.998 0 0 W subsys-pil-tz abb0000.qcom,cvpss: Falling back to syfs fallback for: cvpss.b04
01-01 09:22:47.998 0 0 W subsys-pil-tz abb0000.qcom,cvpss: Falling back to syfs fallback for: cvpss.b05
01-01 09:22:47.998 0 0 W subsys-pil-tz abb0000.qcom,cvpss: Falling back to syfs fallback for: cvpss.b06
01-01 09:22:47.998 0 0 W subsys-pil-tz abb0000.qcom,cvpss: Falling back to syfs fallback for: cvpss.b07
01-01 09:22:47.998 0 0 W subsys-pil-tz abb0000.qcom,cvpss: Falling back to syfs fallback for: cvpss.b08
01-01 09:22:47.998 0 0 W subsys-pil-tz abb0000.qcom,cvpss: Falling back to syfs fallback for: cvpss.b09
01-01 09:22:47.998 0 0 W subsys-pil-tz abb0000.qcom,cvpss: Falling back to syfs fallback for: cvpss.b10
01-01 09:22:47.998 0 0 W subsys-pil-tz abb0000.qcom,cvpss: Falling back to syfs fallback for: cvpss.b19
01-01 09:22:48.002 0 0 I [drm:dsi_panel_get_mode] [msm-dsi-info]: default topology: lm: 1 comp_enc:0 intf: 1
01-01 09:22:48.006 0 0 E : [drm:dp_display_init_aux_switch][msm-dp-err][435 ]failed to register notifier (-22)
01-01 09:22:48.007 0 0 E register_client_adhoc: find path.src 1 dest 589
01-01 09:22:48.007 0 0 E register_client_adhoc: Failed to find path.src 1 dest 589
01-01 09:22:48.009 0 0 I : [drm] Supports vblank timestamp caching Rev 2 (21.10.2013).
01-01 09:22:48.009 0 0 I : [drm] No driver support for vblank timestamp query.
01-01 09:22:48.011 0 0 I : [drm] Initialized msm_drm 1.3.0 20130625 for ae00000.qcom,mdss_mdp on minor 0
01-01 09:22:48.011 0 0 I : [drm] cont_splash feature not enabled
01-01 09:22:48.015 0 0 I subsys-pil-tz 9800000.qcom,npu: npu: Brought out of reset
01-01 09:22:48.016 0 0 E : [drm:dp_display_init_aux_switch][msm-dp-err][83 ]failed to register notifier (-22)
01-01 09:22:48.016 0 0 E register_client_adhoc: find path.src 1 dest 589
01-01 09:22:48.016 0 0 E register_client_adhoc: Failed to find path.src 1 dest 589
01-01 09:22:48.017 0 0 I subsys-pil-tz 17300000.qcom,lpass: Subsystem error monitoring/handling services are up
01-01 09:22:48.017 0 0 I subsys-pil-tz 17300000.qcom,lpass: adsp: Power/Clock ready interrupt received
01-01 09:22:48.017 0 0 I qcom_rpmh DRV: apps_rsc TCS Busy, retrying RPMH message send: addr=0x30030
01-01 09:22:48.017 0 0 I qcom_rpmh DRV: apps_rsc TCS Busy, retrying RPMH message send: addr=0x30040
01-01 09:22:48.018 0 0 I adsprpc : fastrpc_restart_notifier_cb: adsp subsystem is up
01-01 09:22:48.018 0 0 E : [drm:dp_display_init_aux_switch][msm-dp-err][79 ]failed to register notifier (-22)
01-01 09:22:48.018 0 0 E register_client_adhoc: find path.src 1 dest 589
01-01 09:22:48.018 0 0 E register_client_adhoc: Failed to find path.src 1 dest 589
01-01 09:22:48.019 0 0 E : [drm:dp_display_init_aux_switch][msm-dp-err][79 ]failed to register notifier (-22)
01-01 09:22:48.019 0 0 E register_client_adhoc: find path.src 1 dest 589
01-01 09:22:48.019 0 0 E register_client_adhoc: Failed to find path.src 1 dest 589
01-01 09:22:48.019 0 0 E : [drm:dp_display_init_aux_switch][msm-dp-err][79 ]failed to register notifier (-22)
01-01 09:22:48.019 0 0 D cnss : DRV subsystem is connected
01-01 09:22:48.019 0 0 I qcom_smd_qrtr_probe: Entered
01-01 09:22:48.022 0 0 I qcom_smd_qrtr_probe: SMD QRTR driver probed
01-01 09:22:48.023 0 0 E register_client_adhoc: find path.src 1 dest 589
01-01 09:22:48.023 0 0 I subsys-pil-tz abb0000.qcom,cvpss: cvpss: Brought out of reset
01-01 09:22:48.023 0 0 E register_client_adhoc: Failed to find path.src 1 dest 589
01-01 09:22:48.024 0 0 E : [drm:dp_display_init_aux_switch][msm-dp-err][17 ]failed to register notifier (-22)
01-01 09:22:48.027 0 0 I adsprpc : fastrpc_rpmsg_probe: opened rpmsg channel for adsp
01-01 09:22:48.028 0 0 E register_client_adhoc: find path.src 1 dest 589
01-01 09:22:48.028 0 0 E register_client_adhoc: Failed to find path.src 1 dest 589
01-01 09:22:48.029 0 0 E : [drm:dp_display_init_aux_switch][msm-dp-err][17 ]failed to register notifier (-22)
01-01 09:22:48.029 0 0 I apr_tal_rpmsg qcom,glink: adsp.apr_audio_svc.-1.-1: apr_tal_rpmsg_probe: Channel[apr_audio_svc] state[Up]
01-01 09:22:48.030 0 0 E register_client_adhoc: find path.src 1 dest 589
01-01 09:22:48.031 0 0 E register_client_adhoc: Failed to find path.src 1 dest 589
01-01 09:22:48.031 0 0 E : [drm:dp_display_init_aux_switch][msm-dp-err][17 ]failed to register notifier (-22)
01-01 09:22:48.034 0 0 I NPU_INFO: npu_get_fw_caps: 236 fw caps 0:2007
01-01 09:22:48.034 0 0 I NPU_INFO: npu_get_fw_caps: 236 fw caps 1:80000005
01-01 09:22:48.034 0 0 I NPU_INFO: npu_get_fw_caps: 236 fw caps 2:0
01-01 09:22:48.034 0 0 I NPU_INFO: npu_get_fw_caps: 236 fw caps 3:0
01-01 09:22:48.034 0 0 I NPU_INFO: npu_get_fw_caps: 236 fw caps 4:0
01-01 09:22:48.034 0 0 I NPU_INFO: npu_get_fw_caps: 236 fw caps 5:0
01-01 09:22:48.034 0 0 I NPU_INFO: npu_get_fw_caps: 236 fw caps 6:0
01-01 09:22:48.034 0 0 I NPU_INFO: npu_get_fw_caps: 236 fw caps 7:0
01-01 09:22:48.037 0 0 I qcom_smd_qrtr_probe: Entered
01-01 09:22:48.037 0 0 I qcom_smd_qrtr_probe: SMD QRTR driver probed
01-01 09:22:48.038 0 0 E register_client_adhoc: find path.src 1 dest 589
01-01 09:22:48.038 0 0 E register_client_adhoc: Failed to find path.src 1 dest 589
01-01 09:22:48.039 0 0 E : [drm:dp_display_init_aux_switch][msm-dp-err][17 ]failed to register notifier (-22)
01-01 09:22:48.056 0 0 D cnss : Setting MHI state: POWER_ON(2)
01-01 09:22:48.056 0 0 W cnss_pci 0000: 01:00.0: Falling back to syfs fallback for: qca6390/amss20.bin
01-01 09:22:48.071 0 0 I msm_cvp : err: Failed to create debugfs for msm_cvp
01-01 09:22:48.071 0 0 I msm_cvp : info: Closed cvp instance: 0000000000000000 session_id = 0
01-01 09:22:48.192 0 0 I subsys-restart: __subsystem_get(): Changing subsys fw_name to slpi
01-01 09:22:48.192 0 0 W subsys-pil-tz 5c00000.qcom,ssc: Falling back to syfs fallback for: slpi.mdt
01-01 09:22:48.198 0 0 I subsys-pil-tz 5c00000.qcom,ssc: slpi: loading from 0x0000000088c00000 to 0x000000008a100000
01-01 09:22:48.202 0 0 W subsys-pil-tz 5c00000.qcom,ssc: Falling back to syfs fallback for: slpi.b02
01-01 09:22:48.203 0 0 W subsys-pil-tz 5c00000.qcom,ssc: Falling back to syfs fallback for: slpi.b03
01-01 09:22:48.203 0 0 W subsys-pil-tz 5c00000.qcom,ssc: Falling back to syfs fallback for: slpi.b04
01-01 09:22:48.203 0 0 W subsys-pil-tz 5c00000.qcom,ssc: Falling back to syfs fallback for: slpi.b06
01-01 09:22:48.203 0 0 W subsys-pil-tz 5c00000.qcom,ssc: Falling back to syfs fallback for: slpi.b05
01-01 09:22:48.203 0 0 W subsys-pil-tz 5c00000.qcom,ssc: Falling back to syfs fallback for: slpi.b07
01-01 09:22:48.203 0 0 W subsys-pil-tz 5c00000.qcom,ssc: Falling back to syfs fallback for: slpi.b08
01-01 09:22:48.203 0 0 W subsys-pil-tz 5c00000.qcom,ssc: Falling back to syfs fallback for: slpi.b09
01-01 09:22:48.203 0 0 W subsys-pil-tz 5c00000.qcom,ssc: Falling back to syfs fallback for: slpi.b10
01-01 09:22:48.203 0 0 W subsys-pil-tz 5c00000.qcom,ssc: Falling back to syfs fallback for: slpi.b11
01-01 09:22:48.203 0 0 W subsys-pil-tz 5c00000.qcom,ssc: Falling back to syfs fallback for: slpi.b12
01-01 09:22:48.204 0 0 W subsys-pil-tz 5c00000.qcom,ssc: Falling back to syfs fallback for: slpi.b14
01-01 09:22:48.204 0 0 W subsys-pil-tz 5c00000.qcom,ssc: Falling back to syfs fallback for: slpi.b13
01-01 09:22:48.204 0 0 W subsys-pil-tz 5c00000.qcom,ssc: Falling back to syfs fallback for: slpi.b15
01-01 09:22:48.204 0 0 W subsys-pil-tz 5c00000.qcom,ssc: Falling back to syfs fallback for: slpi.b16
01-01 09:22:48.204 0 0 W subsys-pil-tz 5c00000.qcom,ssc: Falling back to syfs fallback for: slpi.b17
01-01 09:22:48.204 0 0 W subsys-pil-tz 5c00000.qcom,ssc: Falling back to syfs fallback for: slpi.b18
01-01 09:22:48.204 0 0 W subsys-pil-tz 5c00000.qcom,ssc: Falling back to syfs fallback for: slpi.b19
01-01 09:22:48.204 0 0 W subsys-pil-tz 5c00000.qcom,ssc: Falling back to syfs fallback for: slpi.b20
01-01 09:22:48.216 0 0 I binder : 799:799 ioctl 40046210 7fc1a43be4 returned -22
01-01 09:22:48.220 0 0 I binder : 801:801 ioctl 40046210 7ffeba61e4 returned -22
01-01 09:22:48.220 0 0 I binder : 801:801 ioctl 40046210 7ffeba61c4 returned -22
01-01 09:22:48.267 0 0 I binder : 818:818 ioctl 40046210 7fc9c58e44 returned -22
01-01 09:22:48.278 0 0 I binder : 827:827 ioctl 40046210 7fcc2db714 returned -22
01-01 09:22:47.529 835 835 I android.hardware.wifi@1.0-service: Wifi Hal is booting up...
01-01 09:22:47.532 835 835 I HidlServiceManagement: Registered android.hardware.wifi@1.4::IWifi/default (start delay of 83ms)
01-01 09:22:48.333 0 0 I subsys-pil-tz 5c00000.qcom,ssc: slpi: Brought out of reset
01-01 09:22:48.384 0 0 I binder : 876:876 ioctl 40046210 7fe85a06c4 returned -22
01-01 09:22:48.388 0 0 E diag : In socket_open_server, socket not initialized for MODEM_CNTL
01-01 09:22:48.388 0 0 E diag : In socket_open_server, socket not initialized for MODEM_DCI
01-01 09:22:48.388 0 0 E diag : In socket_open_server, socket not initialized for LPASS_CNTL
01-01 09:22:48.388 0 0 E diag : In socket_open_server, socket not initialized for MODEM_DATA
01-01 09:22:48.389 0 0 E diag : In socket_open_server, socket not initialized for LPASS_DATA
01-01 09:22:48.389 0 0 E diag : In socket_open_server, socket not initialized for LPASS_DCI
01-01 09:22:48.389 0 0 E diag : In socket_open_server, socket not initialized for WCNSS_DATA
01-01 09:22:48.389 0 0 E diag : In socket_open_server, socket not initialized for SENSORS_CNTL
01-01 09:22:48.389 0 0 E diag : In socket_open_server, socket not initialized for WCNSS_DCI
01-01 09:22:48.389 0 0 E diag : In socket_open_server, socket not initialized for SENSORS_DATA
01-01 09:22:48.389 0 0 E diag : In socket_open_server, socket not initialized for SENSORS_DCI
01-01 09:22:48.389 0 0 E diag : In socket_open_server, socket not initialized for DIAG_DCI_DATA
01-01 09:22:48.389 0 0 E diag : In socket_open_server, socket not initialized for DIAG_DATA
01-01 09:22:48.389 0 0 E diag : In socket_open_server, socket not initialized for CDSP_DATA
01-01 09:22:48.389 0 0 E diag : In socket_open_server, socket not initialized for CDSP_DCI
01-01 09:22:48.389 0 0 E diag : In socket_open_server, socket not initialized for NPU_DATA
01-01 09:22:48.389 0 0 E diag : In socket_open_server, socket not initialized for DIAG_CTRL
01-01 09:22:48.389 0 0 E diag : In socket_open_server, socket not initialized for NPU_DCI
01-01 09:22:48.389 0 0 E diag : In socket_open_server, socket not initialized for NPU_CNTL
01-01 09:22:48.389 0 0 E diag : In socket_open_server, socket not initialized for CDSP_CNTL
01-01 09:22:48.389 0 0 E diag : In socket_open_server, socket not initialized for WCNSS_CNTL
01-01 09:22:48.390 0 0 I sysmon-qmi: ssctl_new_server: Connection established between QMI handle and cdsp's SSCTL service
01-01 09:22:48.391 0 0 I sysmon-qmi: ssctl_new_server: Connection established between QMI handle and adsp's SSCTL service
01-01 09:22:48.391 0 0 I sysmon-qmi: ssctl_new_server: Connection established between QMI handle and slpi's SSCTL service
01-01 09:22:48.394 0 0 I subsys-pil-tz 5c00000.qcom,ssc: Subsystem error monitoring/handling services are up
01-01 09:22:48.394 0 0 I subsys-pil-tz 5c00000.qcom,ssc: slpi: Power/Clock ready interrupt received
01-01 09:22:48.394 0 0 I qcom_rpmh DRV: apps_rsc TCS Busy, retrying RPMH message send: addr=0x30030
01-01 09:22:48.394 0 0 I qcom_rpmh DRV: apps_rsc TCS Busy, retrying RPMH message send: addr=0x30040
01-01 09:22:48.409 0 0 I adsprpc : fastrpc_restart_notifier_cb: slpi subsystem is up
01-01 09:22:48.410 0 0 E register_client_adhoc: find path.src 1 dest 589
01-01 09:22:48.410 0 0 E register_client_adhoc: Failed to find path.src 1 dest 589
01-01 09:22:48.410 0 0 I adsprpc : fastrpc_rpmsg_probe: opened rpmsg channel for slpi
01-01 09:22:48.416 0 0 E : [drm:dp_display_init_aux_switch][msm-dp-err][79 ]failed to register notifier (-22)
01-01 09:22:48.417 0 0 E register_client_adhoc: find path.src 1 dest 589
01-01 09:22:47.627 891 891 I irsc_util: Starting irsc tool
01-01 09:22:47.634 891 891 I irsc_util: Num of entries:298
01-01 09:22:47.634 891 891 I irsc_util: Ending irsc tool
01-01 09:22:48.417 0 0 E register_client_adhoc: Failed to find path.src 1 dest 589
01-01 09:22:48.435 0 0 W QSEECOM : qseecom_load_app: App (soter64) does'nt exist, loading apps for first time
01-01 09:22:48.445 0 0 D cnss : MHI status cb is called with reason MISSION_MODE(6)
01-01 09:22:48.445 0 0 D cnss : Notify MHI to use already allocated images
01-01 09:22:48.445 0 0 D cnss : PM relax, state: 0x8, count: 0
01-01 09:22:48.448 0 0 E : [drm:dp_display_init_aux_switch][msm-dp-err][638 ]failed to register notifier (-22)
01-01 09:22:48.448 0 0 E register_client_adhoc: find path.src 1 dest 589
01-01 09:22:48.448 0 0 E register_client_adhoc: Failed to find path.src 1 dest 589
01-01 09:22:48.448 0 0 E : [drm:dp_display_init_aux_switch][msm-dp-err][638 ]failed to register notifier (-22)
01-01 09:22:48.448 0 0 E register_client_adhoc: find path.src 1 dest 589
01-01 09:22:48.448 0 0 E register_client_adhoc: Failed to find path.src 1 dest 589
01-01 09:22:48.448 0 0 W QSEECOM : qseecom_load_app: App with id 4 (soter64) now loaded
01-01 09:22:48.452 0 0 E : [drm:dp_display_init_aux_switch][msm-dp-err][638 ]failed to register notifier (-22)
01-01 09:22:48.452 0 0 E register_client_adhoc: find path.src 1 dest 589
01-01 09:22:48.452 0 0 E register_client_adhoc: Failed to find path.src 1 dest 589
01-01 09:22:48.463 0 0 I binder : 982:982 ioctl 40046210 7fc71d38c4 returned -22
01-01 09:22:48.469 0 0 E rmt_storage: ERR:main: Mmap Failed for rmts (-1)...pausing execution!
01-01 09:22:48.477 0 0 I servloc : service_locator_new_server: Connection established with the Service locator
01-01 09:22:48.477 0 0 I servloc : init_service_locator: Service locator initialized
01-01 09:22:48.478 0 0 I adsprpc : fastrpc_get_service_location_notify: PDR notifier for adsp registered for msm/adsp/audio_pd (audio_pdr_adsprpc)
01-01 09:22:48.478 0 0 I adsprpc : fastrpc_get_service_location_notify: audio_pdr_adsprpc (msm/adsp/audio_pd) PDR service for adsp is uninitialized
01-01 09:22:48.478 0 0 I audio_notifer_reg_service: service PDR_ADSP is in use
01-01 09:22:48.479 0 0 I : Mass Storage Function, version: 2009/09/11
01-01 09:22:48.479 0 0 I LUN : removable file: (no medium)
01-01 09:22:48.480 0 0 D cnss : WLFW server arriving: node 7 port 1
01-01 09:22:48.480 0 0 D cnss : Posting event: SERVER_ARRIVE(0), state: 0x8 flags: 0x0
01-01 09:22:48.480 0 0 D cnss : PM stay awake, state: 0x8, count: 1
01-01 09:22:48.480 0 0 D cnss : PM relax, state: 0x8, count: 0
01-01 09:22:48.481 0 0 I : file system registered
01-01 09:22:48.482 0 0 I f_cdev_alloc: port_name:at_usb0 (0000000000000000) portno:(0)
01-01 09:22:48.483 0 0 I f_cdev_alloc: port_name:at_usb1 (0000000000000000) portno:(1)
01-01 09:22:48.483 0 0 D cnss : PM stay awake, state: 0x8, count: 1
01-01 09:22:48.483 0 0 D cnss : Processing driver event: SERVER_ARRIVE(0), state: 0x8
01-01 09:22:48.483 0 0 I cnss : QMI WLFW service connected, state: 0x9
01-01 09:22:48.483 0 0 D cnss : Sending indication register message, state: 0x9
01-01 09:22:48.483 0 0 I f_cdev_alloc: port_name:at_usb2 (0000000000000000) portno:(2)
01-01 09:22:48.489 0 0 D cnss : Sending host capability message, state: 0x9
01-01 09:22:48.489 0 0 D cnss : Number of clients is 2
01-01 09:22:48.489 0 0 D cnss : Assign MSI to user: WAKE, num_vectors: 1, user_base_data: 813, base_vector: 13
01-01 09:22:48.489 0 0 D cnss : WAKE MSI base data is 813
01-01 09:22:48.489 0 0 D cnss : Calibration done is 0
01-01 09:22:48.489 0 0 D cnss : Sending iova starting 0xa0000000 with size 0x10010000
01-01 09:22:48.491 0 0 I binder : 986:986 ioctl 40046210 7ff300c674 returned -22
01-01 09:22:48.493 0 0 D cnss : PM relax, state: 0x9, count: 0
01-01 09:22:48.499 0 0 I service-notifier: service_notifier_new_server: Connection established between QMI handle and 74 service
01-01 09:22:48.501 0 0 I adsprpc : fastrpc_pdr_notifier_cb: msm/adsp/audio_pd (audio_pdr_adsprpc) is up on adsp
01-01 09:22:48.501 0 0 I apr_adsp_up: Q6 is Up
01-01 09:22:48.502 0 0 I msm-audio-ion soc: qcom,msm-audio-apr:qcom,msm-audio-ion: Linked as a consumer to 15000000.apps-smmu
01-01 09:22:48.502 0 0 I iommu : Adding device soc:qcom,msm-audio-apr:qcom,msm-audio-ion to group 50
01-01 09:22:48.503 0 0 E : [drm:dp_display_init_aux_switch][msm-dp-err][30 ]failed to register notifier (-22)
01-01 09:22:48.505 0 0 E register_client_adhoc: find path.src 1 dest 589
01-01 09:22:48.505 0 0 E register_client_adhoc: Failed to find path.src 1 dest 589
01-01 09:22:48.505 0 0 E : [drm:dp_display_init_aux_switch][msm-dp-err][30 ]failed to register notifier (-22)
01-01 09:22:48.512 0 0 I qcom_smd_qrtr_probe: Entered
01-01 09:22:48.513 0 0 I qcom_smd_qrtr_probe: SMD QRTR driver probed
01-01 09:22:48.516 0 0 E register_client_adhoc: find path.src 1 dest 589
01-01 09:22:48.516 0 0 E register_client_adhoc: Failed to find path.src 1 dest 589
01-01 09:22:48.518 0 0 E : [drm:dp_display_init_aux_switch][msm-dp-err][17 ]failed to register notifier (-22)
01-01 09:22:48.519 0 0 I sps : BAM 0x0000000003a84000 (va:0x0000000000000000) enabled: ver:0x19, number of pipes:25
01-01 09:22:48.519 0 0 I sps : BAM 0x0000000003a84000 is registered.
01-01 09:22:48.519 0 0 I sysmon-qmi: ssctl_new_server: Connection established between QMI handle and slpi's SSCTL service
01-01 09:22:48.520 0 0 E register_client_adhoc: find path.src 1 dest 589
01-01 09:22:48.520 0 0 E register_client_adhoc: Failed to find path.src 1 dest 589
01-01 09:22:48.521 0 0 E : [drm:dp_display_init_aux_switch][msm-dp-err][86 ]failed to register notifier (-22)
01-01 09:22:48.542 0 0 I binder : 981:981 ioctl 40046210 7fecc72944 returned -22
01-01 09:22:48.542 0 0 I binder : 981:981 ioctl 40046210 7fecc72964 returned -22
01-01 09:22:48.552 0 0 I msm_vidc: high: 00000001: ....d: Opening video instance: 0000000000000000, 1
01-01 09:22:48.552 0 0 I msm_vidc_v4l2 aa00000.qcom,vidc: Linked as a consumer to regulator.75
01-01 09:22:48.552 0 0 I msm_vidc_v4l2 aa00000.qcom,vidc: Linked as a consumer to regulator.74
01-01 09:22:48.555 0 0 I subsys-restart: __subsystem_get(): Changing subsys fw_name to venus
01-01 09:22:48.556 0 0 W subsys-pil-tz aab0000.qcom,venus: Falling back to syfs fallback for: venus.mdt
01-01 09:22:48.565 0 0 I subsys-pil-tz aab0000.qcom,venus: venus: loading from 0x0000000086e00000 to 0x0000000087300000
01-01 09:22:48.568 0 0 W subsys-pil-tz aab0000.qcom,venus: Falling back to syfs fallback for: venus.b02
01-01 09:22:48.568 0 0 W subsys-pil-tz aab0000.qcom,venus: Falling back to syfs fallback for: venus.b03
01-01 09:22:48.568 0 0 W subsys-pil-tz aab0000.qcom,venus: Falling back to syfs fallback for: venus.b04
01-01 09:22:48.568 0 0 W subsys-pil-tz aab0000.qcom,venus: Falling back to syfs fallback for: venus.b05
01-01 09:22:48.568 0 0 W subsys-pil-tz aab0000.qcom,venus: Falling back to syfs fallback for: venus.b06
01-01 09:22:48.568 0 0 W subsys-pil-tz aab0000.qcom,venus: Falling back to syfs fallback for: venus.b07
01-01 09:22:48.570 0 0 W subsys-pil-tz aab0000.qcom,venus: Falling back to syfs fallback for: venus.b08
01-01 09:22:48.572 0 0 W subsys-pil-tz aab0000.qcom,venus: Falling back to syfs fallback for: venus.b09
01-01 09:22:48.572 0 0 W subsys-pil-tz aab0000.qcom,venus: Falling back to syfs fallback for: venus.b10
01-01 09:22:48.572 0 0 W subsys-pil-tz aab0000.qcom,venus: Falling back to syfs fallback for: venus.b19
01-01 09:22:48.574 0 0 I binder : 995:995 ioctl 40046210 7fee2cc444 returned -22
01-01 09:22:48.582 0 0 I binder : 995:995 ioctl 40046210 7fee2cde74 returned -22
01-01 09:22:48.588 0 0 I subsys-pil-tz aab0000.qcom,venus: venus: Brought out of reset
01-01 09:22:48.602 0 0 I msm_vidc: err : 00000001: ....d: Failed to create debugfs for msm_vidc
01-01 09:22:48.604 0 0 I msm_vidc: high: 00000001: h264d: Closed video instance: 0000000000000000
01-01 09:22:48.606 0 0 I msm_vidc: high: 00000001: ....d: Opening video instance: 0000000000000000, 1
01-01 09:22:48.606 0 0 I msm_vidc: err : 00000001: ....d: Failed to create debugfs for msm_vidc
01-01 09:22:48.610 0 0 W kona-asoc-snd soc: qcom,msm-audio-apr:qcom,q6core-audio:sound: msm_init_aux_dev: Max WSA devices is 0 for this target?
01-01 09:22:48.611 0 0 I msm_vidc: high: 00000001: h264d: Closed video instance: 0000000000000000
01-01 09:22:48.612 0 0 E kona-asoc-snd soc: qcom,msm-audio-apr:qcom,q6core-audio:sound: ASoC: CODEC DAI wsa_macro_vifeedback not registered
01-01 09:22:48.612 0 0 I msm_vidc: high: 00000001: ....d: Opening video instance: 0000000000000000, 1
01-01 09:22:48.612 0 0 I msm_vidc: err : 00000001: ....d: Failed to create debugfs for msm_vidc
01-01 09:22:48.613 0 0 E qcom-lpi-pinctrl soc: qcom,msm-audio-apr:qcom,q6core-audio:lpi_pinctrl@33c0000: snd_event_notify: No snd dev entry found
01-01 09:22:48.616 0 0 I msm_vidc: high: 00000001: h265d: Closed video instance: 0000000000000000
01-01 09:22:48.618 0 0 E register_client_adhoc: find path.src 1 dest 589
01-01 09:22:48.618 0 0 E register_client_adhoc: Failed to find path.src 1 dest 589
01-01 09:22:48.618 0 0 I msm_vidc: high: 00000001: ....d: Opening video instance: 0000000000000000, 1
01-01 09:22:48.618 0 0 I msm_vidc: err : 00000001: ....d: Failed to create debugfs for msm_vidc
01-01 09:22:48.619 0 0 E : [drm:dp_display_init_aux_switch][msm-dp-err][415 ]failed to register notifier (-22)
01-01 09:22:48.621 0 0 I msm_vidc: high: 00000001: h265d: Closed video instance: 0000000000000000
01-01 09:22:48.621 0 0 W kona-asoc-snd soc: qcom,msm-audio-apr:qcom,q6core-audio:sound: msm_init_aux_dev: Max WSA devices is 0 for this target?
01-01 09:22:48.622 0 0 E kona-asoc-snd soc: qcom,msm-audio-apr:qcom,q6core-audio:sound: ASoC: CODEC DAI wsa_macro_vifeedback not registered
01-01 09:22:48.623 0 0 I msm_vidc: high: 00000001: ....d: Opening video instance: 0000000000000000, 1
01-01 09:22:48.623 0 0 I msm_vidc: err : 00000001: ....d: Failed to create debugfs for msm_vidc
01-01 09:22:48.623 0 0 W : bolero-clk-rsc-mngr bolero-clk-rsc-mngr: DMA mask not set
01-01 09:22:48.623 0 0 W tx_macro tx-macro: DMA mask not set
01-01 09:22:48.623 0 0 E tx_macro tx-macro: tx_macro_probe: va-macro not registered yet, defer
01-01 09:22:48.624 0 0 W rx_macro rx-macro: DMA mask not set
01-01 09:22:48.624 0 0 E rx_macro rx-macro: rx_macro_probe: va-macro not registered yet, defer
01-01 09:22:48.624 0 0 W wsa_macro wsa-macro: DMA mask not set
01-01 09:22:48.624 0 0 E wsa_macro wsa-macro: wsa_macro_probe: va-macro not registered yet, defer
01-01 09:22:48.624 0 0 W va_macro va-macro: DMA mask not set
01-01 09:22:48.625 0 0 E msm_cdc_pinctrl_get_gpiodata: device node is null
01-01 09:22:48.625 0 0 I va_macro va-macro: Linked as a consumer to regulator.7
01-01 09:22:48.625 0 0 I va_macro va-macro: bolero_register_macro: register macro successful:3
01-01 09:22:48.625 0 0 W wcd938x_codec wcd938x-codec: DMA mask not set
01-01 09:22:48.625 0 0 I wcd938x_codec wcd938x-codec: msm_cdc_dt_parse_vreg_info: cdc-vdd-rxtx: vol=[1800000 1800000]uV, curr=[30000]uA, ond 0 lpm 0
01-01 09:22:48.625 0 0 I wcd938x_codec wcd938x-codec: msm_cdc_dt_parse_vreg_info: cdc-vddio: vol=[1800000 1800000]uV, curr=[30000]uA, ond 0 lpm 0
01-01 09:22:48.625 0 0 I wcd938x_codec wcd938x-codec: msm_cdc_dt_parse_vreg_info: cdc-vdd-buck: vol=[1800000 1800000]uV, curr=[650000]uA, ond 0 lpm 0
01-01 09:22:48.625 0 0 I wcd938x_codec wcd938x-codec: msm_cdc_dt_parse_vreg_info: cdc-vdd-mic-bias: vol=[3296000 3296000]uV, curr=[30000]uA, ond 0 lpm 0
01-01 09:22:48.625 0 0 I wcd938x_codec wcd938x-codec: Linked as a consumer to regulator.7
01-01 09:22:48.625 0 0 I wcd938x_codec wcd938x-codec: Linked as a consumer to regulator.48
01-01 09:22:48.630 0 0 I platform soc: qcom,msm-audio-apr:qcom,voice-mhi-audio: assigned reserved memory node mailbox_region
01-01 09:22:48.630 0 0 I msm_vidc: high: 00000002: ....d: Opening video instance: 0000000000000000, 1
01-01 09:22:48.630 0 0 I msm_vidc: err : 00000002: ....d: Failed to create debugfs for msm_vidc
01-01 09:22:48.631 0 0 I msm_vidc: high: 00000001: vp8d: Closed video instance: 0000000000000000
01-01 09:22:48.631 0 0 E register_client_adhoc: find path.src 1 dest 589
01-01 09:22:48.631 0 0 E register_client_adhoc: Failed to find path.src 1 dest 589
01-01 09:22:48.632 0 0 E : [drm:dp_display_init_aux_switch][msm-dp-err][82 ]failed to register notifier (-22)
01-01 09:22:48.633 0 0 I msm_vidc: high: 00000002: vp9d: Closed video instance: 0000000000000000
01-01 09:22:48.634 0 0 I msm_vidc: high: 00000001: ....d: Opening video instance: 0000000000000000, 1
01-01 09:22:48.634 0 0 I msm_vidc: err : 00000001: ....d: Failed to create debugfs for msm_vidc
01-01 09:22:48.634 0 0 W kona-asoc-snd soc: qcom,msm-audio-apr:qcom,q6core-audio:sound: msm_init_aux_dev: Max WSA devices is 0 for this target?
01-01 09:22:48.635 0 0 E kona-asoc-snd soc: qcom,msm-audio-apr:qcom,q6core-audio:sound: ASoC: CODEC DAI wsa_macro_vifeedback not registered
01-01 09:22:48.636 0 0 I tx_macro tx-macro: bolero_register_macro: register macro successful:0
01-01 09:22:48.636 0 0 I rx_macro rx-macro: bolero_register_macro: register macro successful:1
01-01 09:22:48.637 0 0 I wsa_macro wsa-macro: bolero_register_macro: register macro successful:2
01-01 09:22:48.637 0 0 E register_client_adhoc: find path.src 1 dest 589
01-01 09:22:48.637 0 0 E register_client_adhoc: Failed to find path.src 1 dest 589
01-01 09:22:48.638 0 0 E : [drm:dp_display_init_aux_switch][msm-dp-err][82 ]failed to register notifier (-22)
01-01 09:22:48.640 0 0 W kona-asoc-snd soc: qcom,msm-audio-apr:qcom,q6core-audio:sound: msm_init_aux_dev: Max WSA devices is 0 for this target?
01-01 09:22:48.642 0 0 I msm_vidc: high: 00000001: vp9d: Closed video instance: 0000000000000000
01-01 09:22:48.644 0 0 W swr-wcd tx_swr_ctrl: DMA mask not set
01-01 09:22:48.644 0 0 W swr-wcd rx_swr_ctrl: DMA mask not set
01-01 09:22:48.645 0 0 W swr-wcd wsa_swr_ctrl: DMA mask not set
01-01 09:22:48.647 0 0 I msm_vidc: high: 00000001: ....d: Opening video instance: 0000000000000000, 1
01-01 09:22:48.647 0 0 I msm_vidc: err : 00000001: ....d: Failed to create debugfs for msm_vidc
01-01 09:22:48.652 0 0 I msm_vidc: high: 00000001: mpg2d: Closed video instance: 0000000000000000
01-01 09:22:48.653 0 0 E swr-wcd wsa_swr_ctrl: swrm_get_logical_dev_num: device 0x1020170211 is not ready
01-01 09:22:48.653 0 0 E swr_get_logical_dev_num: Error -22 to get logical addr for device 1020170211
01-01 09:22:48.653 0 0 W wsa881x : probe of wsa881x.1020170211 failed with error -22
01-01 09:22:48.654 0 0 E swr-wcd rx_swr_ctrl: swrm_get_logical_dev_num: device 0xd01170224 is not ready
01-01 09:22:48.654 0 0 E swr_get_logical_dev_num: Error -22 to get logical addr for device d01170224
01-01 09:22:48.654 0 0 E swr-wcd rx_swr_ctrl: swrm_get_logical_dev_num: device 0xd01170224 is not ready
01-01 09:22:48.654 0 0 E swr_get_logical_dev_num: Error -22 to get logical addr for device d01170224
01-01 09:22:48.654 0 0 E swr-wcd rx_swr_ctrl: swrm_get_logical_dev_num: device 0xd01170224 is not ready
01-01 09:22:48.654 0 0 E swr_get_logical_dev_num: Error -22 to get logical addr for device d01170224
01-01 09:22:48.654 0 0 E swr-wcd rx_swr_ctrl: swrm_get_logical_dev_num: device 0xd01170224 is not ready
01-01 09:22:48.654 0 0 E swr_get_logical_dev_num: Error -22 to get logical addr for device d01170224
01-01 09:22:48.654 0 0 E swr-wcd rx_swr_ctrl: swrm_get_logical_dev_num: device 0xd01170224 is not ready
01-01 09:22:48.654 0 0 E swr_get_logical_dev_num: Error -22 to get logical addr for device d01170224
01-01 09:22:48.654 0 0 E wcd938x_codec wcd938x-codec: wcd938x_bind: Slave bind failed, ret = -517
01-01 09:22:48.658 0 0 I msm_vidc: high: 00000001: ....d: Opening video instance: 0000000000000000, 1
01-01 09:22:48.658 0 0 I msm_vidc: err : 00000001: ....d: Failed to create debugfs for msm_vidc
01-01 09:22:48.659 0 0 E swr-wcd wsa_swr_ctrl: swrm_get_logical_dev_num: device 0x1020170212 is not ready
01-01 09:22:48.659 0 0 E swr_get_logical_dev_num: Error -22 to get logical addr for device 1020170212
01-01 09:22:48.659 0 0 W wsa881x : probe of wsa881x.1020170212 failed with error -22
01-01 09:22:48.664 0 0 I msm_vidc: high: 00000001: mpg2d: Closed video instance: 0000000000000000
01-01 09:22:48.664 0 0 E swr-wcd wsa_swr_ctrl: swrm_get_logical_dev_num: device 0x1021170213 is not ready
01-01 09:22:48.664 0 0 E swr_get_logical_dev_num: Error -22 to get logical addr for device 1021170213
01-01 09:22:48.665 0 0 W wsa881x : probe of wsa881x.1021170213 failed with error -22
01-01 09:22:48.666 0 0 I msm_vidc: high: 00000001: ....e: Opening video instance: 0000000000000000, 0
01-01 09:22:48.666 0 0 I msm_vidc: err : 00000001: ....e: Failed to create debugfs for msm_vidc
01-01 09:22:48.670 0 0 I msm_vidc: high: 00000001: h264e: Closed video instance: 0000000000000000
01-01 09:22:48.670 0 0 E swr-wcd wsa_swr_ctrl: swrm_get_logical_dev_num: device 0x1021170214 is not ready
01-01 09:22:48.670 0 0 E swr_get_logical_dev_num: Error -22 to get logical addr for device 1021170214
01-01 09:22:48.670 0 0 W wsa881x : probe of wsa881x.1021170214 failed with error -22
01-01 09:22:48.672 0 0 I msm_vidc: high: 00000001: ....e: Opening video instance: 0000000000000000, 0
01-01 09:22:48.672 0 0 I msm_vidc: err : 00000001: ....e: Failed to create debugfs for msm_vidc
01-01 09:22:48.674 0 0 I msm_vidc: high: 00000001: h265e: Closed video instance: 0000000000000000
01-01 09:22:48.678 0 0 E msm-pcm-routing soc: qcom,msm-pcm-routing: ASoC: no source widget found for AUDIO_REF_EC_UL30 MUX
01-01 09:22:48.678 0 0 E msm-pcm-routing soc: qcom,msm-pcm-routing: ASoC: Failed to add route AUDIO_REF_EC_UL30 MUX -> direct -> MM_UL30
01-01 09:22:48.679 0 0 I msm_vidc: high: 00000001: ....e: Opening video instance: 0000000000000000, 0
01-01 09:22:48.679 0 0 I msm_vidc: err : 00000001: ....e: Failed to create debugfs for msm_vidc
01-01 09:22:48.682 0 0 I msm_vidc: high: 00000001: h265e: Closed video instance: 0000000000000000
01-01 09:22:48.685 0 0 E msm-pcm-routing soc: qcom,msm-pcm-routing: ASoC: no source widget found for AUX_PCM_TX
01-01 09:22:48.685 0 0 E msm-pcm-routing soc: qcom,msm-pcm-routing: ASoC: Failed to add route AUX_PCM_TX -> AUX_PCM_UL_TX -> VoLTE Stub Tx Mixer
01-01 09:22:48.690 0 0 E msm-pcm-routing soc: qcom,msm-pcm-routing: ASoC: no source widget found for AUX_PCM_RX
01-01 09:22:48.690 0 0 E msm-pcm-routing soc: qcom,msm-pcm-routing: ASoC: Failed to add route AUX_PCM_RX -> direct -> BE_OUT
01-01 09:22:48.695 0 0 W msm-pcm-routing soc: qcom,msm-pcm-routing: ASoC: no dapm match for MM_DL23 --> MultiMedia23 --> QUIN_TDM_RX_1 Audio Mixer
01-01 09:22:48.695 0 0 E msm-pcm-routing soc: qcom,msm-pcm-routing: ASoC: Failed to add route MM_DL23 -> MultiMedia23 -> QUIN_TDM_RX_1 Audio Mixer
01-01 09:22:48.695 0 0 W msm-pcm-routing soc: qcom,msm-pcm-routing: ASoC: no dapm match for MM_DL24 --> MultiMedia24 --> QUIN_TDM_RX_1 Audio Mixer
01-01 09:22:48.695 0 0 E msm-pcm-routing soc: qcom,msm-pcm-routing: ASoC: Failed to add route MM_DL24 -> MultiMedia24 -> QUIN_TDM_RX_1 Audio Mixer
01-01 09:22:48.695 0 0 W msm-pcm-routing soc: qcom,msm-pcm-routing: ASoC: no dapm match for MM_DL25 --> MultiMedia25 --> QUIN_TDM_RX_1 Audio Mixer
01-01 09:22:48.695 0 0 E msm-pcm-routing soc: qcom,msm-pcm-routing: ASoC: Failed to add route MM_DL25 -> MultiMedia25 -> QUIN_TDM_RX_1 Audio Mixer
01-01 09:22:48.698 0 0 I msm_vidc: high: 00000001: ....e: Opening video instance: 0000000000000000, 0
01-01 09:22:48.698 0 0 I msm_vidc: err : 00000001: ....e: Failed to create debugfs for msm_vidc
01-01 09:22:48.703 0 0 I msm_vidc: high: 00000001: h265e: Closed video instance: 0000000000000000
01-01 09:22:48.704 0 0 W kgsl-3d0: Falling back to syfs fallback for: a650_sqe.fw
01-01 09:22:48.707 0 0 I msm_vidc: high: 00000001: ....e: Opening video instance: 0000000000000000, 0
01-01 09:22:48.707 0 0 I msm_vidc: err : 00000001: ....e: Failed to create debugfs for msm_vidc
01-01 09:22:48.707 0 0 I msm_vidc: err : 00000001: ....e: msm_vidc_comm_update_ctrl: failed: control name Ltr Count, min 0, max 0, step 0, default_value 0
01-01 09:22:48.708 0 0 W kgsl-3d0: Falling back to syfs fallback for: a650_gmu.bin
01-01 09:22:48.710 0 0 I msm_vidc: high: 00000001: vp8e: Closed video instance: 0000000000000000
01-01 09:22:48.741 0 0 E msm-pcm-routing soc: qcom,msm-pcm-routing: ASoC: no source widget found for AUX_PCM_TX
01-01 09:22:48.741 0 0 E msm-pcm-routing soc: qcom,msm-pcm-routing: ASoC: Failed to add route AUX_PCM_TX -> AUX_PCM_UL_TX -> SLIMBUS_0_RX Port Mixer
01-01 09:22:48.741 0 0 E msm-pcm-routing soc: qcom,msm-pcm-routing: ASoC: no source widget found for SEC_AUX_PCM_TX
01-01 09:22:48.741 0 0 E msm-pcm-routing soc: qcom,msm-pcm-routing: ASoC: Failed to add route SEC_AUX_PCM_TX -> SEC_AUX_PCM_UL_TX -> SLIMBUS_0_RX Port Mixer
01-01 09:22:48.741 0 0 E msm-pcm-routing soc: qcom,msm-pcm-routing: ASoC: no source widget found for TERT_AUX_PCM_TX
01-01 09:22:48.741 0 0 E msm-pcm-routing soc: qcom,msm-pcm-routing: ASoC: Failed to add route TERT_AUX_PCM_TX -> TERT_AUXPCM_UL_TX -> SLIMBUS_0_RX Port Mixer
01-01 09:22:48.741 0 0 E msm-pcm-routing soc: qcom,msm-pcm-routing: ASoC: no source widget found for QUAT_AUX_PCM_TX
01-01 09:22:48.741 0 0 E msm-pcm-routing soc: qcom,msm-pcm-routing: ASoC: Failed to add route QUAT_AUX_PCM_TX -> QUAT_AUXPCM_UL_TX -> SLIMBUS_0_RX Port Mixer
01-01 09:22:48.741 0 0 E msm-pcm-routing soc: qcom,msm-pcm-routing: ASoC: no source widget found for QUIN_AUX_PCM_TX
01-01 09:22:48.741 0 0 E msm-pcm-routing soc: qcom,msm-pcm-routing: ASoC: Failed to add route QUIN_AUX_PCM_TX -> QUIN_AUXPCM_UL_TX -> SLIMBUS_0_RX Port Mixer
01-01 09:22:48.741 0 0 E msm-pcm-routing soc: qcom,msm-pcm-routing: ASoC: no source widget found for SEN_AUX_PCM_TX
01-01 09:22:48.741 0 0 E msm-pcm-routing soc: qcom,msm-pcm-routing: ASoC: Failed to add route SEN_AUX_PCM_TX -> SEN_AUXPCM_UL_TX -> SLIMBUS_0_RX Port Mixer
01-01 09:22:48.905 0 0 I binder : 1106:1106 ioctl 40046210 7fc1f5cdb4 returned -22
01-01 09:22:48.171 1141 1141 I gsid : no DSU: No such file or directory
01-01 09:22:49.060 0 0 I binder : 1155:1155 ioctl 40046210 ff905128 returned -22
01-01 09:22:48.307 1156 1156 I iorapd : iorapd (the prefetchening) firing up
01-01 09:22:48.307 1156 1156 E iorapd : SQLite error (14): cannot open file at line 39583 of [bcd014c473]
01-01 09:22:48.308 1156 1156 E iorapd : SQLite error (14): os_unix.c:39583: (2) open(/data/misc/iorapd/sqlite.db) -
01-01 09:22:49.106 0 0 W F2FS-fs (dm-10): Unexpected flush for atomic writes: ino=364, npages=3
01-01 09:22:49.114 0 0 I binder : 1172:1172 ioctl 40046210 7fdb82d564 returned -22
01-01 09:22:48.337 1174 1174 I installd: installd firing up
01-01 09:22:48.337 1174 1174 D installd: Assuming that device has multi-user storage layout; upgrade no longer supported
01-01 09:22:48.338 1174 1174 D installd: Upgrading to /data/misc/user directories
01-01 09:22:49.136 0 0 I binder : 1174:1174 ioctl 40046210 7ffac41b44 returned -22
01-01 09:22:49.136 0 0 I lan743x 0001: 01:00.0 eth0: using MSIX interrupts, number of vectors = 6
01-01 09:22:49.153 0 0 I mv2112_config_aneg: autoneg 1
01-01 09:22:49.153 0 0 I : mv2112_restart_aneg
01-01 09:22:49.153 0 0 D : mv2112_read_status
01-01 09:22:49.154 0 0 D mv2112_update_link: 3.0x901(1G): 0x80
01-01 09:22:49.154 0 0 D mv2112_update_link: 3.0x8109(100M): 0x0
01-01 09:22:49.154 0 0 D mv2112_update_link: link 0x0
01-01 09:22:49.155 0 0 I binder : 1178:1178 ioctl 40046210 7fe8f227b4 returned -22
01-01 09:22:48.362 1156 1156 I iorapd : Reinitialized database at '/data/misc/iorapd/sqlite.db'
01-01 09:22:48.363 1156 1156 W iorapd : Reconnect to package manager service: 1 times
01-01 09:22:49.160 0 0 I binder : 1156:1156 ioctl 40046210 7fe648b3d4 returned -22
01-01 09:22:49.165 0 0 I lan743x 0001: 01:00.0 eth0: successfully registered ptp clock
01-01 09:22:48.377 1200 1200 I imsrcsd : Uce Service HAL is starting up...
01-01 09:22:48.379 1200 1200 I imsrcsd : Uce Service HAL loading imsrcsbaseimpl
01-01 09:22:49.183 0 0 I binder : 1186:1186 ioctl 40046210 7fef2280a4 returned -22
01-01 09:22:49.188 0 0 I binder : 1171:1171 ioctl 40046210 7fed749874 returned -22
01-01 09:22:49.198 0 0 I IPv6 : ADDRCONF(NETDEV_UP): eth0: link is not ready
01-01 09:22:49.208 0 0 I binder : 1226:1226 ioctl 40046210 7fd4c5d794 returned -22
01-01 09:22:48.413 1185 1185 I wificond: wificond is starting up...
01-01 09:22:49.211 0 0 I binder : 1185:1185 ioctl 40046210 7fde4d5074 returned -22
01-01 09:22:49.214 0 0 I binder : 1185:1185 ioctl 40046210 7fde4d4ff4 returned -22
01-01 09:22:48.418 1185 1185 I HidlServiceManagement: Registered android.system.wifi.keystore@1.0::IKeystore/default
01-01 09:22:49.239 0 0 I binder : 1184:1222 ioctl 40046210 718868a164 returned -22
01-01 09:22:49.251 0 0 W healthd : No battery devices found
01-01 09:22:49.255 0 0 I : tsnv nv_initialize successfully!
01-01 09:22:48.458 0 0 W healthd : battery none chg=
01-01 09:22:48.474 0 0 I binder : 1176:1176 ioctl 40046210 7ff3be8254 returned -22
01-01 09:22:48.523 0 0 I binder : 1245:1245 ioctl 40046210 7fde4c7cc4 returned -22
01-01 09:22:48.530 0 0 I cnss-daemon: interop issues ap: read_iot_ap_file: No such file /data/vendor/wifi/iotap_ps.bin
01-01 09:22:48.530 0 0 I cnss-daemon: interop issues ap: read_iot_ap_ps_from_file, read file error
01-01 09:22:48.532 0 0 I cnss-daemon: NL group_id 10, cnss_nl.family_id 28
01-01 09:22:48.532 0 0 I cnss-daemon: wlfw_start: Starting
01-01 09:22:48.542 0 0 E wlan : Loading driver v5.2.022.10G; 2022-12-14T05:10:59Z; cld:; cmn:;
01-01 09:22:48.543 0 0 D qbt : qbt_open: entry minor_no=0 fd_available=1
01-01 09:22:48.543 0 0 D qbt : qbt_open: exit : 0 fd_available=0
01-01 09:22:48.543 0 0 D qbt : qbt_open: entry minor_no=1 fd_available=0
01-01 09:22:48.543 0 0 D qbt : qbt_open: exit : 0 fd_available=0
01-01 09:22:48.543 0 0 D qbt : qbt_ioctl: cmd received 102
01-01 09:22:48.543 0 0 D qbt : qbt_ioctl: qbt_ioctl: QBT_ENABLE_IPC
01-01 09:22:48.545 0 0 I binder : 1237:1237 ioctl 40046210 7fd87d90e4 returned -22
01-01 09:22:48.554 0 0 I binder : 1237:1237 ioctl 40046210 7fd87d8f14 returned -22
01-01 09:22:48.555 0 0 I cnss-daemon: no interop issues ap currently
01-01 09:22:48.555 0 0 I cnss-daemon: wlfw_service_request: Start the pthread: 0x0K
01-01 09:22:48.555 0 0 I cnss-daemon: pm_release_vote: pm_handle is NULL
01-01 09:22:48.555 0 0 I cnss-daemon: pm_release_vote: pm_handle is NULL
01-01 09:22:48.556 0 0 I cnss-daemon: wlfw_build_cal_table: not read /data/vendor/wifi/wlfw_cal_00.bin
01-01 09:22:48.556 0 0 I cnss-daemon: wlfw_build_cal_table: not read /data/vendor/wifi/wlfw_cal_01.bin
01-01 09:22:48.561 0 0 D cnss : Received QMI WLFW request memory indication
01-01 09:22:48.561 0 0 D cnss : FW requests for memory, size: 0x5e0000, type: 1
01-01 09:22:48.561 0 0 D cnss : FW requests for memory, size: 0xd8000, type: 4
01-01 09:22:48.561 0 0 D cnss : Posting event: REQUEST_MEM(2), state: 0x9 flags: 0x0
01-01 09:22:48.561 0 0 D cnss : PM stay awake, state: 0x9, count: 1
01-01 09:22:48.561 0 0 D cnss : PM relax, state: 0x9, count: 0
01-01 09:22:48.561 0 0 D cnss : PM stay awake, state: 0x9, count: 1
01-01 09:22:48.561 0 0 D cnss : Processing driver event: REQUEST_MEM(2), state: 0x9
01-01 09:22:48.563 0 0 E ipa3_uc_reg_rdyCB: 2973 bad parm. inout=0000000000000000
01-01 09:22:48.563 0 0 I : wlan_hdd_state wlan major(476) initialized
01-01 09:22:48.563 0 0 D cnss : Start to wait for calibration to complete
01-01 09:22:48.552 1274 1274 I TLOC : [main ]"TLOC DAEMON main thread"
01-01 09:22:48.552 1274 1274 D TLOC : [TLOCDaemon ]"---------- TLOC Daemon Starts ----------"
01-01 09:22:48.552 1274 1274 D TLOC : [TLOCChannel]"The channel was initialized successfully for TLOCD"
01-01 09:22:48.552 1274 1274 D TLOC : [TLOCChannel]"The channel was initialized successfully for TLOCL"
01-01 09:22:48.552 1274 1274 D TLOC : [TLOCChannel]"The channel was initialized successfully for MODEM"
01-01 09:22:48.552 1274 1274 D TLOC : [TLOCChannel]"TLOCChannel was initialized successfully"
01-01 09:22:48.552 1274 1274 D TLOC : [TLOCChannel] "TLOCChannel is already initialized"
01-01 09:22:48.563 1200 1200 I imsrcsd : Starting Service for First Time imsbaseimpl
01-01 09:22:48.569 1200 1200 I imsrcsd : Interface com.qualcomm.qti.uceservice@2.3::IUceService com.qualcomm.qti.uceservice is found in manifest
01-01 09:22:48.570 1200 1200 I HidlServiceManagement: Registered com.qualcomm.qti.uceservice@2.3::IUceService/com.qualcomm.qti.uceservice (start delay of 262ms)
01-01 09:22:48.571 1200 1200 I imsrcsd : Interface com.qualcomm.qti.imscmservice@2.2::IImsCmService qti.ims.connectionmanagerservice is found in manifest
01-01 09:22:48.572 1200 1200 I HidlServiceManagement: Registered com.qualcomm.qti.imscmservice@2.2::IImsCmService/qti.ims.connectionmanagerservice (start delay of 263ms)
01-01 09:22:48.573 1200 1200 I imsrcsd : Interface vendor.qti.ims.factory@1.1::IImsFactory default is not found in manifest
01-01 09:22:48.572 0 0 I binder : 1224:1224 ioctl 40046210 7ff4726f24 returned -22
01-01 09:22:48.575 1200 1200 I imsrcsd : Interface vendor.qti.ims.factory@1.0::IImsFactory default is found in manifest
01-01 09:22:48.576 1200 1200 I HidlServiceManagement: Registered vendor.qti.ims.factory@1.0::IImsFactory/default (start delay of 267ms)
01-01 09:22:48.580 0 0 I capability: warning: `msm_irqbalance' uses 32-bit capabilities (legacy support in use)
01-01 09:22:48.582 1200 1200 I imsrcsd : Interface vendor.qti.ims.callinfo@1.0::IService default is found in manifest
01-01 09:22:48.585 1200 1200 I HidlServiceManagement: Registered vendor.qti.ims.callinfo@1.0::IService/default (start delay of 276ms)
01-01 09:22:48.585 1200 1200 I imsrcsd : ImsRcsBaseImpl ImsCallInfo After Registering Service
01-01 09:22:48.583 0 0 D qbt : qbt_ioctl: cmd received 107
01-01 09:22:48.583 0 0 D qbt : qbt_ioctl: Acquiring wakelock
01-01 09:22:48.596 0 0 W F2FS-fs (dm-10): Unexpected flush for atomic writes: ino=380, npages=4
01-01 09:22:48.600 0 0 W F2FS-fs (dm-10): Unexpected flush for atomic writes: ino=382, npages=3
01-01 09:22:48.603 0 0 I binder : 1242:1242 ioctl 40046210 7fe22fbcc4 returned -22
01-01 09:22:48.603 0 0 I binder : 1242:1242 ioctl 40046210 7fe22fb8c4 returned -22
01-01 09:22:48.628 0 0 I binder : 1183:1183 ioctl 40046210 7fd6d7adb4 returned -22
01-01 09:22:48.632 0 0 I binder : 1170:1170 ioctl 40046210 7fd693b204 returned -22
01-01 09:22:48.632 0 0 I binder : 1170:1170 ioctl 40046210 7fd693b224 returned -22
01-01 09:22:48.633 0 0 I binder : 1183:1183 ioctl 40046210 7fd6d7ace4 returned -22
01-01 09:22:48.632 1183 1183 W storaged: health: invalid battery status
01-01 09:22:48.634 0 0 I binder : 1179:1179 ioctl 40046210 ffbcaf58 returned -22
01-01 09:22:48.644 0 0 I binder : 1179:1179 ioctl 40046210 ffbcaf40 returned -22
01-01 09:22:48.674 0 0 I IPv6 : ADDRCONF(NETDEV_UP): vlan0: link is not ready
01-01 09:22:48.744 0 0 I IPv6 : ADDRCONF(NETDEV_UP): vlan1: link is not ready
01-01 09:22:48.812 0 0 I IPv6 : ADDRCONF(NETDEV_UP): vlan2: link is not ready
01-01 09:22:48.873 0 0 I IPv6 : ADDRCONF(NETDEV_UP): vlan4: link is not ready
01-01 09:22:48.914 0 0 I binder : 1503:1503 ioctl 40046210 7fe38dfbc4 returned -22
01-01 09:22:48.943 0 0 I IPv6 : ADDRCONF(NETDEV_UP): vlan8: link is not ready
01-01 09:22:48.948 0 0 E msm-dai-fe soc: qcom,msm-dai-fe: ASoC: no sink widget found for AUXPCM_DL_HL
01-01 09:22:48.948 0 0 E msm-dai-fe soc: qcom,msm-dai-fe: ASoC: Failed to add route AUXPCM_HOSTLESS Playback -> direct -> AUXPCM_DL_HL
01-01 09:22:48.948 0 0 E msm-dai-fe soc: qcom,msm-dai-fe: ASoC: no source widget found for AUXPCM_UL_HL
01-01 09:22:48.948 0 0 E msm-dai-fe soc: qcom,msm-dai-fe: ASoC: Failed to add route AUXPCM_UL_HL -> direct -> AUXPCM_HOSTLESS Capture
01-01 09:22:48.962 0 0 E msm-auxpcm-dev soc: qcom,msm-pri-auxpcm: ASoC: no source widget found for AUX_PCM_RX
01-01 09:22:48.962 0 0 E msm-auxpcm-dev soc: qcom,msm-pri-auxpcm: ASoC: Failed to add route AUX_PCM_RX -> direct -> AUX PCM Playback
01-01 09:22:48.962 0 0 E msm-auxpcm-dev soc: qcom,msm-pri-auxpcm: ASoC: no sink widget found for AUX_PCM_TX
01-01 09:22:48.962 0 0 E msm-auxpcm-dev soc: qcom,msm-pri-auxpcm: ASoC: Failed to add route AUX PCM Capture -> direct -> AUX_PCM_TX
01-01 09:22:48.962 0 0 E msm-auxpcm-dev soc: qcom,msm-sec-auxpcm: ASoC: no source widget found for SEC_AUX_PCM_RX
01-01 09:22:48.962 0 0 E msm-auxpcm-dev soc: qcom,msm-sec-auxpcm: ASoC: Failed to add route SEC_AUX_PCM_RX -> direct -> Sec AUX PCM Playback
01-01 09:22:48.962 0 0 E msm-auxpcm-dev soc: qcom,msm-sec-auxpcm: ASoC: no sink widget found for SEC_AUX_PCM_TX
01-01 09:22:48.962 0 0 E msm-auxpcm-dev soc: qcom,msm-sec-auxpcm: ASoC: Failed to add route Sec AUX PCM Capture -> direct -> SEC_AUX_PCM_TX
01-01 09:22:48.962 0 0 E msm-auxpcm-dev soc: qcom,msm-tert-auxpcm: ASoC: no source widget found for TERT_AUX_PCM_RX
01-01 09:22:48.962 0 0 E msm-auxpcm-dev soc: qcom,msm-tert-auxpcm: ASoC: Failed to add route TERT_AUX_PCM_RX -> direct -> Tert AUX PCM Playback
01-01 09:22:48.962 0 0 E msm-auxpcm-dev soc: qcom,msm-tert-auxpcm: ASoC: no sink widget found for TERT_AUX_PCM_TX
01-01 09:22:48.962 0 0 E msm-auxpcm-dev soc: qcom,msm-tert-auxpcm: ASoC: Failed to add route Tert AUX PCM Capture -> direct -> TERT_AUX_PCM_TX
01-01 09:22:48.962 0 0 E msm-auxpcm-dev soc: qcom,msm-quat-auxpcm: ASoC: no source widget found for QUAT_AUX_PCM_RX
01-01 09:22:48.962 0 0 E msm-auxpcm-dev soc: qcom,msm-quat-auxpcm: ASoC: Failed to add route QUAT_AUX_PCM_RX -> direct -> Quat AUX PCM Playback
01-01 09:22:48.962 0 0 E msm-auxpcm-dev soc: qcom,msm-quat-auxpcm: ASoC: no sink widget found for QUAT_AUX_PCM_TX
01-01 09:22:48.962 0 0 E msm-auxpcm-dev soc: qcom,msm-quat-auxpcm: ASoC: Failed to add route Quat AUX PCM Capture -> direct -> QUAT_AUX_PCM_TX
01-01 09:22:48.963 0 0 E msm-auxpcm-dev soc: qcom,msm-quin-auxpcm: ASoC: no source widget found for QUIN_AUX_PCM_RX
01-01 09:22:48.963 0 0 E msm-auxpcm-dev soc: qcom,msm-quin-auxpcm: ASoC: Failed to add route QUIN_AUX_PCM_RX -> direct -> Quin AUX PCM Playback
01-01 09:22:48.963 0 0 E msm-auxpcm-dev soc: qcom,msm-quin-auxpcm: ASoC: no sink widget found for QUIN_AUX_PCM_TX
01-01 09:22:48.963 0 0 E msm-auxpcm-dev soc: qcom,msm-quin-auxpcm: ASoC: Failed to add route Quin AUX PCM Capture -> direct -> QUIN_AUX_PCM_TX
01-01 09:22:48.963 0 0 E msm-auxpcm-dev soc: qcom,msm-sen-auxpcm: ASoC: no source widget found for SEN_AUX_PCM_RX
01-01 09:22:48.963 0 0 E msm-auxpcm-dev soc: qcom,msm-sen-auxpcm: ASoC: Failed to add route SEN_AUX_PCM_RX -> direct -> Sen AUX PCM Playback
01-01 09:22:48.963 0 0 E msm-auxpcm-dev soc: qcom,msm-sen-auxpcm: ASoC: no sink widget found for SEN_AUX_PCM_TX
01-01 09:22:48.963 0 0 E msm-auxpcm-dev soc: qcom,msm-sen-auxpcm: ASoC: Failed to add route Sen AUX PCM Capture -> direct -> SEN_AUX_PCM_TX
01-01 09:22:48.963 0 0 W msm-dai-q6-hdmi soc: qcom,msm-dai-q6-dp: DAI driver id is not set
01-01 09:22:49.021 0 0 I IPv6 : ADDRCONF(NETDEV_UP): vlan11: link is not ready
01-01 09:22:49.115 1503 1503 I SystemServerTiming: InitBeforeStartServices
01-01 09:22:49.116 1503 1503 I SystemServer: Entered the Android system server!
01-01 09:22:49.188 1503 1503 I SystemServerInitThreadPool: Creating instance with 8 threads
01-01 09:22:49.261 0 0 E bolero-codec soc: qcom,msm-audio-apr:qcom,q6core-audio:bolero-cdc: ASoC: unknown pin WSA AIF VI
01-01 09:22:49.269 0 0 E kona-asoc-snd soc: qcom,msm-audio-apr:qcom,q6core-audio:sound: ASoC: no source widget found for MIC BIAS1
