--------- beginning of crash
01-01 09:22:42.167 505 505 F libc : Fatal signal 6 (SIGABRT), code -1 (SI_QUEUE) in tid 505 (init), pid 505 (init)
01-01 09:22:42.178 505 505 F libc : crash_dump helper failed to exec, or was killed --------- beginning of kernel
01-01 09:22:42.043 0 0 E : [drm:dp_display_init_aux_switch][msm-dp-err][86 ]failed to register notifier (-22)
01-01 09:22:42.043 0 0 E register_client_adhoc: find path.src 1 dest 589
01-01 09:22:42.043 0 0 E register_client_adhoc: Failed to find path.src 1 dest 589
01-01 09:22:42.043 0 0 E : [drm:dp_display_init_aux_switch][msm-dp-err][86 ]failed to register notifier (-22)
01-01 09:22:42.043 0 0 E register_client_adhoc: find path.src 1 dest 589
01-01 09:22:42.043 0 0 E register_client_adhoc: Failed to find path.src 1 dest 589
01-01 09:22:42.043 0 0 E : [drm:dp_display_init_aux_switch][msm-dp-err][86 ]failed to register notifier (-22)
01-01 09:22:42.043 0 0 E register_client_adhoc: find path.src 1 dest 589
01-01 09:22:42.043 0 0 E register_client_adhoc: Failed to find path.src 1 dest 589
01-01 09:22:42.043 0 0 E : [drm:dp_display_init_aux_switch][msm-dp-err][86 ]failed to register notifier (-22)
01-01 09:22:42.043 0 0 E register_client_adhoc: find path.src 1 dest 589
01-01 09:22:42.043 0 0 E register_client_adhoc: Failed to find path.src 1 dest 589
01-01 09:22:42.043 0 0 E : [drm:dp_display_init_aux_switch][msm-dp-err][86 ]failed to register notifier (-22)
01-01 09:22:42.043 0 0 E register_client_adhoc: find path.src 1 dest 589
01-01 09:22:42.043 0 0 E register_client_adhoc: Failed to find path.src 1 dest 589
01-01 09:22:42.043 0 0 E : [drm:dp_display_init_aux_switch][msm-dp-err][86 ]failed to register notifier (-22)
01-01 09:22:42.043 0 0 E register_client_adhoc: find path.src 1 dest 589
01-01 09:22:42.043 0 0 E register_client_adhoc: Failed to find path.src 1 dest 589
01-01 09:22:42.044 0 0 E : [drm:dp_display_init_aux_switch][msm-dp-err][86 ]failed to register notifier (-22)
01-01 09:22:42.044 0 0 E register_client_adhoc: find path.src 1 dest 589
01-01 09:22:42.044 0 0 E register_client_adhoc: Failed to find path.src 1 dest 589
01-01 09:22:42.044 0 0 E : [drm:dp_display_init_aux_switch][msm-dp-err][86 ]failed to register notifier (-22)
01-01 09:22:42.044 0 0 E register_client_adhoc: find path.src 1 dest 589
01-01 09:22:42.044 0 0 E register_client_adhoc: Failed to find path.src 1 dest 589
01-01 09:22:42.044 0 0 E : [drm:dp_display_init_aux_switch][msm-dp-err][86 ]failed to register notifier (-22)
01-01 09:22:42.044 0 0 E register_client_adhoc: find path.src 1 dest 589
01-01 09:22:42.044 0 0 E register_client_adhoc: Failed to find path.src 1 dest 589
01-01 09:22:42.044 0 0 E : [drm:dp_display_init_aux_switch][msm-dp-err][86 ]failed to register notifier (-22)
01-01 09:22:42.044 0 0 E register_client_adhoc: find path.src 1 dest 589
01-01 09:22:42.044 0 0 E register_client_adhoc: Failed to find path.src 1 dest 589
01-01 09:22:42.044 0 0 E : [drm:dp_display_init_aux_switch][msm-dp-err][86 ]failed to register notifier (-22)
01-01 09:22:42.045 0 0 E register_client_adhoc: find path.src 1 dest 589
01-01 09:22:42.045 0 0 E register_client_adhoc: Failed to find path.src 1 dest 589
01-01 09:22:42.045 0 0 E : [drm:dp_display_init_aux_switch][msm-dp-err][86 ]failed to register notifier (-22)
01-01 09:22:42.045 0 0 E register_client_adhoc: find path.src 1 dest 589
01-01 09:22:42.045 0 0 E register_client_adhoc: Failed to find path.src 1 dest 589
01-01 09:22:42.045 0 0 E : [drm:dp_display_init_aux_switch][msm-dp-err][86 ]failed to register notifier (-22)
01-01 09:22:42.045 0 0 E register_client_adhoc: find path.src 1 dest 589
01-01 09:22:42.045 0 0 E register_client_adhoc: Failed to find path.src 1 dest 589
01-01 09:22:42.045 0 0 E : [drm:dp_display_init_aux_switch][msm-dp-err][86 ]failed to register notifier (-22)
01-01 09:22:42.045 0 0 E register_client_adhoc: find path.src 1 dest 589
01-01 09:22:42.045 0 0 E register_client_adhoc: Failed to find path.src 1 dest 589
01-01 09:22:42.045 0 0 E : [drm:dp_display_init_aux_switch][msm-dp-err][86 ]failed to register notifier (-22)
01-01 09:22:42.045 0 0 E register_client_adhoc: find path.src 1 dest 589
01-01 09:22:42.045 0 0 E register_client_adhoc: Failed to find path.src 1 dest 589
01-01 09:22:42.046 0 0 E : [drm:dp_display_init_aux_switch][msm-dp-err][86 ]failed to register notifier (-22)
01-01 09:22:42.046 0 0 E register_client_adhoc: find path.src 1 dest 589
01-01 09:22:42.046 0 0 E register_client_adhoc: Failed to find path.src 1 dest 589
01-01 09:22:42.046 0 0 E : [drm:dp_display_init_aux_switch][msm-dp-err][86 ]failed to register notifier (-22)
01-01 09:22:42.046 0 0 E register_client_adhoc: find path.src 1 dest 589
01-01 09:22:42.046 0 0 E register_client_adhoc: Failed to find path.src 1 dest 589
01-01 09:22:42.046 0 0 E : [drm:dp_display_init_aux_switch][msm-dp-err][86 ]failed to register notifier (-22)
01-01 09:22:42.046 0 0 E register_client_adhoc: find path.src 1 dest 589
01-01 09:22:42.046 0 0 E register_client_adhoc: Failed to find path.src 1 dest 589
01-01 09:22:42.046 0 0 E : [drm:dp_display_init_aux_switch][msm-dp-err][86 ]failed to register notifier (-22)
01-01 09:22:42.046 0 0 E register_client_adhoc: find path.src 1 dest 589
01-01 09:22:42.046 0 0 E register_client_adhoc: Failed to find path.src 1 dest 589
01-01 09:22:42.046 0 0 E : [drm:dp_display_init_aux_switch][msm-dp-err][86 ]failed to register notifier (-22)
01-01 09:22:42.046 0 0 E register_client_adhoc: find path.src 1 dest 589
01-01 09:22:42.046 0 0 E register_client_adhoc: Failed to find path.src 1 dest 589
01-01 09:22:42.047 0 0 E : [drm:dp_display_init_aux_switch][msm-dp-err][86 ]failed to register notifier (-22)
01-01 09:22:42.047 0 0 E register_client_adhoc: find path.src 1 dest 589
01-01 09:22:42.047 0 0 E register_client_adhoc: Failed to find path.src 1 dest 589
01-01 09:22:42.047 0 0 E : [drm:dp_display_init_aux_switch][msm-dp-err][86 ]failed to register notifier (-22)
01-01 09:22:42.047 0 0 E register_client_adhoc: find path.src 1 dest 589
01-01 09:22:42.047 0 0 E register_client_adhoc: Failed to find path.src 1 dest 589
01-01 09:22:42.047 0 0 E : [drm:dp_display_init_aux_switch][msm-dp-err][86 ]failed to register notifier (-22)
01-01 09:22:42.047 0 0 E register_client_adhoc: find path.src 1 dest 589
01-01 09:22:42.047 0 0 E register_client_adhoc: Failed to find path.src 1 dest 589
01-01 09:22:42.047 0 0 E : [drm:dp_display_init_aux_switch][msm-dp-err][86 ]failed to register notifier (-22)
01-01 09:22:42.047 0 0 E register_client_adhoc: find path.src 1 dest 589
01-01 09:22:42.047 0 0 E register_client_adhoc: Failed to find path.src 1 dest 589
01-01 09:22:42.048 0 0 E : [drm:dp_display_init_aux_switch][msm-dp-err][86 ]failed to register notifier (-22)
01-01 09:22:42.048 0 0 E register_client_adhoc: find path.src 1 dest 589
01-01 09:22:42.048 0 0 E register_client_adhoc: Failed to find path.src 1 dest 589
01-01 09:22:42.048 0 0 E : [drm:dp_display_init_aux_switch][msm-dp-err][86 ]failed to register notifier (-22)
01-01 09:22:42.048 0 0 E register_client_adhoc: find path.src 1 dest 589
01-01 09:22:42.048 0 0 E register_client_adhoc: Failed to find path.src 1 dest 589
01-01 09:22:42.048 0 0 E : [drm:dp_display_init_aux_switch][msm-dp-err][86 ]failed to register notifier (-22)
01-01 09:22:42.048 0 0 E register_client_adhoc: find path.src 1 dest 589
01-01 09:22:42.048 0 0 E register_client_adhoc: Failed to find path.src 1 dest 589
01-01 09:22:42.048 0 0 E : [drm:dp_display_init_aux_switch][msm-dp-err][86 ]failed to register notifier (-22)
01-01 09:22:42.048 0 0 E register_client_adhoc: find path.src 1 dest 589
01-01 09:22:42.048 0 0 E register_client_adhoc: Failed to find path.src 1 dest 589
01-01 09:22:42.048 0 0 E : [drm:dp_display_init_aux_switch][msm-dp-err][86 ]failed to register notifier (-22)
01-01 09:22:42.048 0 0 E register_client_adhoc: find path.src 1 dest 589
01-01 09:22:42.048 0 0 E register_client_adhoc: Failed to find path.src 1 dest 589
01-01 09:22:42.049 0 0 E : [drm:dp_display_init_aux_switch][msm-dp-err][86 ]failed to register notifier (-22)
01-01 09:22:42.049 0 0 E register_client_adhoc: find path.src 1 dest 589
01-01 09:22:42.049 0 0 E register_client_adhoc: Failed to find path.src 1 dest 589
01-01 09:22:42.049 0 0 E : [drm:dp_display_init_aux_switch][msm-dp-err][86 ]failed to register notifier (-22)
01-01 09:22:42.049 0 0 E register_client_adhoc: find path.src 1 dest 589
01-01 09:22:42.049 0 0 E register_client_adhoc: Failed to find path.src 1 dest 589
01-01 09:22:42.049 0 0 E : [drm:dp_display_init_aux_switch][msm-dp-err][86 ]failed to register notifier (-22)
01-01 09:22:42.049 0 0 E register_client_adhoc: find path.src 1 dest 589
01-01 09:22:42.049 0 0 E register_client_adhoc: Failed to find path.src 1 dest 589
01-01 09:22:42.049 0 0 E : [drm:dp_display_init_aux_switch][msm-dp-err][86 ]failed to register notifier (-22)
01-01 09:22:42.049 0 0 E register_client_adhoc: find path.src 1 dest 589
01-01 09:22:42.049 0 0 E register_client_adhoc: Failed to find path.src 1 dest 589
01-01 09:22:42.049 0 0 E : [drm:dp_display_init_aux_switch][msm-dp-err][86 ]failed to register notifier (-22)
01-01 09:22:42.049 0 0 E register_client_adhoc: find path.src 1 dest 589
01-01 09:22:42.049 0 0 E register_client_adhoc: Failed to find path.src 1 dest 589
01-01 09:22:42.050 0 0 E : [drm:dp_display_init_aux_switch][msm-dp-err][86 ]failed to register notifier (-22)
01-01 09:22:42.050 0 0 E register_client_adhoc: find path.src 1 dest 589
01-01 09:22:42.050 0 0 E register_client_adhoc: Failed to find path.src 1 dest 589
01-01 09:22:42.050 0 0 E : [drm:dp_display_init_aux_switch][msm-dp-err][86 ]failed to register notifier (-22)
01-01 09:22:42.050 0 0 E register_client_adhoc: find path.src 1 dest 589
01-01 09:22:42.050 0 0 E register_client_adhoc: Failed to find path.src 1 dest 589
01-01 09:22:42.050 0 0 E : [drm:dp_display_init_aux_switch][msm-dp-err][86 ]failed to register notifier (-22)
01-01 09:22:42.050 0 0 E register_client_adhoc: find path.src 1 dest 589
01-01 09:22:42.050 0 0 E register_client_adhoc: Failed to find path.src 1 dest 589
01-01 09:22:42.050 0 0 E : [drm:dp_display_init_aux_switch][msm-dp-err][86 ]failed to register notifier (-22)
01-01 09:22:42.050 0 0 E register_client_adhoc: find path.src 1 dest 589
01-01 09:22:42.050 0 0 E register_client_adhoc: Failed to find path.src 1 dest 589
01-01 09:22:42.051 0 0 E : [drm:dp_display_init_aux_switch][msm-dp-err][86 ]failed to register notifier (-22)
01-01 09:22:42.051 0 0 E register_client_adhoc: find path.src 1 dest 589
01-01 09:22:42.051 0 0 E register_client_adhoc: Failed to find path.src 1 dest 589
01-01 09:22:42.051 0 0 E : [drm:dp_display_init_aux_switch][msm-dp-err][86 ]failed to register notifier (-22)
01-01 09:22:42.051 0 0 E register_client_adhoc: find path.src 1 dest 589
01-01 09:22:42.051 0 0 E register_client_adhoc: Failed to find path.src 1 dest 589
01-01 09:22:42.051 0 0 E : [drm:dp_display_init_aux_switch][msm-dp-err][86 ]failed to register notifier (-22)
01-01 09:22:42.054 0 0 E register_client_adhoc: find path.src 1 dest 589
01-01 09:22:42.054 0 0 E register_client_adhoc: Failed to find path.src 1 dest 589
01-01 09:22:42.054 0 0 E : [drm:dp_display_init_aux_switch][msm-dp-err][86 ]failed to register notifier (-22)
01-01 09:22:42.062 0 0 E register_client_adhoc: find path.src 1 dest 589
01-01 09:22:42.062 0 0 E register_client_adhoc: Failed to find path.src 1 dest 589
01-01 09:22:42.062 0 0 E : [drm:dp_display_init_aux_switch][msm-dp-err][86 ]failed to register notifier (-22)
01-01 09:22:42.062 0 0 E register_client_adhoc: find path.src 1 dest 589
01-01 09:22:42.062 0 0 E register_client_adhoc: Failed to find path.src 1 dest 589
01-01 09:22:42.063 0 0 E : [drm:dp_display_init_aux_switch][msm-dp-err][86 ]failed to register notifier (-22)
01-01 09:22:42.064 0 0 E register_client_adhoc: find path.src 1 dest 589
01-01 09:22:42.064 0 0 E register_client_adhoc: Failed to find path.src 1 dest 589
01-01 09:22:42.064 0 0 E : [drm:dp_display_init_aux_switch][msm-dp-err][86 ]failed to register notifier (-22)
01-01 09:22:42.064 0 0 E register_client_adhoc: find path.src 1 dest 589
01-01 09:22:42.064 0 0 E register_client_adhoc: Failed to find path.src 1 dest 589
01-01 09:22:42.064 0 0 E : [drm:dp_display_init_aux_switch][msm-dp-err][79 ]failed to register notifier (-22)
01-01 09:22:42.064 0 0 E kona-pinctrl f000000.pinctrl: invalid function func2 in map table
01-01 09:22:42.064 0 0 E kona-pinctrl f000000.pinctrl: invalid function func2 in map table
01-01 09:22:42.064 0 0 E kona-pinctrl f000000.pinctrl: invalid function func2 in map table
01-01 09:22:42.064 0 0 E kona-pinctrl f000000.pinctrl: invalid function func2 in map table
01-01 09:22:42.064 0 0 E register_client_adhoc: find path.src 1 dest 589
01-01 09:22:42.064 0 0 E register_client_adhoc: Failed to find path.src 1 dest 589
01-01 09:22:42.065 0 0 E : [drm:dp_display_init_aux_switch][msm-dp-err][79 ]failed to register notifier (-22)
01-01 09:22:42.080 0 0 E register_client_adhoc: find path.src 1 dest 589
01-01 09:22:42.080 0 0 E register_client_adhoc: Failed to find path.src 1 dest 589
01-01 09:22:42.080 0 0 E : [drm:dp_display_init_aux_switch][msm-dp-err][79 ]failed to register notifier (-22)
01-01 09:22:42.080 0 0 E register_client_adhoc: find path.src 1 dest 589
01-01 09:22:42.080 0 0 E register_client_adhoc: Failed to find path.src 1 dest 589
01-01 09:22:42.081 0 0 E : [drm:dp_display_init_aux_switch][msm-dp-err][79 ]failed to register notifier (-22)
01-01 09:22:42.081 0 0 E register_client_adhoc: find path.src 1 dest 589
01-01 09:22:42.081 0 0 E register_client_adhoc: Failed to find path.src 1 dest 589
01-01 09:22:42.081 0 0 E : [drm:dp_display_init_aux_switch][msm-dp-err][79 ]failed to register notifier (-22)
01-01 09:22:42.081 0 0 E register_client_adhoc: find path.src 1 dest 589
01-01 09:22:42.081 0 0 E register_client_adhoc: Failed to find path.src 1 dest 589
01-01 09:22:42.081 0 0 E : [drm:dp_display_init_aux_switch][msm-dp-err][79 ]failed to register notifier (-22)
01-01 09:22:42.081 0 0 E register_client_adhoc: find path.src 1 dest 589
01-01 09:22:42.081 0 0 E register_client_adhoc: Failed to find path.src 1 dest 589
01-01 09:22:42.082 0 0 E : [drm:dp_display_init_aux_switch][msm-dp-err][79 ]failed to register notifier (-22)
01-01 09:22:42.082 0 0 E register_client_adhoc: find path.src 1 dest 589
01-01 09:22:42.082 0 0 E register_client_adhoc: Failed to find path.src 1 dest 589
01-01 09:22:42.082 0 0 E : [drm:dp_display_init_aux_switch][msm-dp-err][79 ]failed to register notifier (-22)
01-01 09:22:42.082 0 0 E register_client_adhoc: find path.src 1 dest 589
01-01 09:22:42.082 0 0 E register_client_adhoc: Failed to find path.src 1 dest 589
01-01 09:22:42.082 0 0 E : [drm:dp_display_init_aux_switch][msm-dp-err][79 ]failed to register notifier (-22)
01-01 09:22:42.082 0 0 E register_client_adhoc: find path.src 1 dest 589
01-01 09:22:42.082 0 0 E register_client_adhoc: Failed to find path.src 1 dest 589
01-01 09:22:42.083 0 0 E : [drm:dp_display_init_aux_switch][msm-dp-err][79 ]failed to register notifier (-22)
01-01 09:22:42.146 0 0 E : Trying to create more than 6 SchedTune boosting groups
01-01 09:22:42.146 0 0 E : Trying to create more than 6 SchedTune boosting groups
01-01 09:22:42.156 0 0 I : Registered swp emulation handler
01-01 09:22:42.173 0 0 I binder : 502:502 ioctl 40046210 7fc8053954 returned -22
01-01 09:22:42.178 0 0 I binder : 503:503 ioctl 40046210 7fed772484 returned -22
01-01 09:22:42.179 0 0 I logd.auditd: start
01-01 09:22:42.186 0 0 I init : wait for '/dev/block/platform/soc/1d84000.ufshc' took 0ms
01-01 09:22:42.189 0 0 I : tsnv tsnv_init register TSNV Driver v0.01
01-01 09:22:42.189 0 0 I init : wait for '/dev/qseecom' took 0ms
01-01 09:22:42.199 0 0 I binder : 501:501 ioctl 40046210 7fc85911a4 returned -22
01-01 09:22:42.202 0 0 I EXT4-fs (sda2): mounted filesystem with ordered data mode. Opts: barrier=1
01-01 09:22:42.202 0 0 E FAT-fs (sde51): bogus number of reserved sectors
01-01 09:22:42.202 0 0 I FAT-fs (sde51): Can't find a valid FAT filesystem
01-01 09:22:42.208 0 0 I fsck_msdos: ** /dev/block/bootdevice/by-name/spunvm
01-01 09:22:42.208 0 0 I fsck_msdos: Can't open `/dev/block/bootdevice/by-name/spunvm'
01-01 09:22:42.209 0 0 I fsck_msdos: fsck_msdos terminated by exit(8)
01-01 09:22:42.209 0 0 E FAT-fs (sde51): bogus number of reserved sectors
01-01 09:22:42.209 0 0 I FAT-fs (sde51): Can't find a valid FAT filesystem
01-01 09:22:42.213 0 0 I EXT4-fs (sde9): mounted filesystem with ordered data mode. Opts: barrier=1 --------- beginning of system
01-01 09:22:42.222 513 554 I QISL : QSEE Interrupt Service Listener Thread is started
01-01 09:22:42.225 513 554 I QISL : QSEE Interrupt Service Listener was activated successfully
01-01 09:22:42.225 513 513 D SPL : Call QSEECom_register_listener()
01-01 09:22:42.225 513 513 D SPL : Registered listener sucessfully!
01-01 09:22:42.226 513 513 D SPL : pipe read-fd [32] write-fd [33]
01-01 09:22:42.226 513 513 D SPL : Create thread
01-01 09:22:42.226 513 513 D SPL : Thread created sucessfully.
01-01 09:22:42.226 513 556 D SPL : spl_dispatch() started
01-01 09:22:42.226 513 556 D SPL : ==== Wait For Request ======
01-01 09:22:42.227 517 517 I vold : Vold 3.0 (the awakening) firing up
01-01 09:22:42.227 517 517 D vold : Detected support for: ext4 f2fs vfat
01-01 09:22:42.228 0 0 I binder : 555:555 ioctl 40046210 7fc01f3dd4 returned -22
01-01 09:22:42.228 0 0 D ProcessState: Binder ioctl to enable oneway spam detection failed: Invalid argument
01-01 09:22:42.229 517 517 D vold : Found unmanaged dm device named system_ext_a
01-01 09:22:42.229 517 517 D vold : Found unmanaged dm device named odm_a
01-01 09:22:42.229 517 517 D vold : Found unmanaged dm device named system_a
01-01 09:22:42.229 517 517 D vold : Found unmanaged dm device named vendor-verity
01-01 09:22:42.229 517 517 D vold : Found unmanaged dm device named vendor_a
01-01 09:22:42.229 517 517 D vold : Found unmanaged dm device named system_ext-verity
01-01 09:22:42.229 517 517 D vold : Found unmanaged dm device named odm-verity
01-01 09:22:42.229 517 517 D vold : Found unmanaged dm device named product-verity
01-01 09:22:42.229 517 517 D vold : Found unmanaged dm device named system-verity
01-01 09:22:42.229 517 517 D vold : Found unmanaged dm device named product_a
01-01 09:22:42.229 517 517 I vold : [libfs_mgr]dt_fstab: Skip disabled entry for partition vendor
01-01 09:22:42.229 517 517 I vold : [libfs_mgr]GetFstabPath()fstab_path:/odm/etc/fstab.default
01-01 09:22:42.229 517 517 I vold : [libfs_mgr]GetFstabPath()fstab_path:/vendor/etc/fstab.default
01-01 09:22:42.229 517 517 I vold : [libfs_mgr]GetFstabPath()fstab_path:/system/etc/fstab.default
01-01 09:22:42.229 517 517 I vold : [libfs_mgr]GetFstabPath()fstab_path:/first_stage_ramdisk/system/etc/fstab.default
01-01 09:22:42.229 517 517 I vold : [libfs_mgr]GetFstabPath()fstab_path:/fstab.default
01-01 09:22:42.229 517 517 I vold : [libfs_mgr]GetFstabPath()fstab_path:/first_stage_ramdisk/fstab.default
01-01 09:22:42.229 517 517 I vold : [libfs_mgr]GetFstabPath()fstab_path:/odm/etc/fstab.qcom
01-01 09:22:42.229 517 517 I vold : [libfs_mgr]GetFstabPath()fstab_path:/vendor/etc/fstab.qcom
01-01 09:22:42.229 517 517 I vold : [libfs_mgr]GetFstabPath()fstab_path.c_str():/vendor/etc/fstab.qcom
01-01 09:22:42.231 0 0 I binder : 517:517 ioctl 40046210 7ffa7a5684 returned -22
01-01 09:22:42.231 0 0 I binder : 517:517 ioctl 40046210 7ffa7a5624 returned -22
01-01 09:22:42.231 517 517 D vold : VoldNativeService::start() completed OK
01-01 09:22:42.239 0 0 D vdc : Waited 10ms for vold
01-01 09:22:42.249 0 0 W subsys-pil-tz soc: qcom,ipa_fws: Falling back to syfs fallback for: ipa_fws.mdt
01-01 09:22:42.250 0 0 I init : wait for '/mnt/vendor/spunvm' took 0ms
01-01 09:22:42.284 0 0 I binder : 565:565 ioctl 40046210 7fc268b644 returned -22
01-01 09:22:42.284 0 0 I binder : 565:565 ioctl 40046210 7fc268b584 returned -22
01-01 09:22:42.284 564 564 D spdaemon: Firmware Name [spss2p].
01-01 09:22:42.284 564 564 D spdaemon: Prod FW.
01-01 09:22:42.284 564 564 D spdaemon: firmware_type [p].
01-01 09:22:42.284 564 564 D spdaemon: open() file [/sys/devices/soc0/machine] Failed, ret =-1.
01-01 09:22:42.284 564 564 D spdaemon: soc_type 1048576
01-01 09:22:42.285 564 564 E iardb : [iar_db_get_iar_state] failed to open file /mnt/vendor/spunvm/iar_db/iar_state.bin [13] [Permission denied]
01-01 09:22:42.285 564 564 D iarlib : [iar_get_state] Can't get iar_state, return DISABLED
01-01 09:22:42.285 564 564 I spdaemon: IAR is not activated
01-01 09:22:42.285 564 564 D spdaemon: ------ going to start SP From kernel ------
01-01 09:22:42.285 564 564 I spcomlib: [spcom_restart_sp_subsystem] restart_sp starts
01-01 09:22:42.285 564 564 D spcomlib: [spcom_restart_sp_subsystem] restart_sp - Send PIL request [1]
01-01 09:22:42.285 0 0 I : SW_INIT_DONE - 2nd phase loading [spss] completed ok
01-01 09:22:42.285 0 0 I : PBL_DONE - 1st phase loading [spss] completed ok
01-01 09:22:42.286 564 564 D spcomlib: [spcom_restart_sp_subsystem] restart_sp - Restart SP command ok.
01-01 09:22:42.286 564 564 D spcomlib: [spcom_signal_event] event [0] [pil_called] EVENT_STATUS_SIGNALED
01-01 09:22:42.286 564 564 I spcomlib: [spcom_reset_all_app_loaded_prop] start reset all spcomlib apploaded props.
01-01 09:22:42.286 0 0 E register_client_adhoc: find path.src 1 dest 589
01-01 09:22:42.286 0 0 E register_client_adhoc: Failed to find path.src 1 dest 589
01-01 09:22:42.288 0 0 E : [drm:dp_display_init_aux_switch][msm-dp-err][435 ]failed to register notifier (-22)
01-01 09:22:42.299 0 0 I wait_for_keymaster: Waiting for Keymaster device
01-01 09:22:42.299 0 0 I binder : 575:575 ioctl 40046210 7fd328b484 returned -22
01-01 09:22:42.299 0 0 D ProcessState: Binder ioctl to enable oneway spam detection failed: Invalid argument
01-01 09:22:42.310 0 0 I binder : 566:566 ioctl 40046210 7ff55bec14 returned -22
01-01 09:22:42.316 0 0 I binder : 566:566 ioctl 40046210 7ff55be174 returned -22
01-01 09:22:42.360 0 0 I subsys-pil-tz soc: qcom,ipa_fws: ipa_fws: loading from 0x0000000086810000 to 0x0000000086819000
01-01 09:22:42.362 0 0 W subsys-pil-tz soc: qcom,ipa_fws: Falling back to syfs fallback for: ipa_fws.b02
01-01 09:22:42.362 0 0 W subsys-pil-tz soc: qcom,ipa_fws: Falling back to syfs fallback for: ipa_fws.b03
01-01 09:22:42.362 0 0 W subsys-pil-tz soc: qcom,ipa_fws: Falling back to syfs fallback for: ipa_fws.b04
01-01 09:22:42.367 0 0 I subsys-pil-tz soc: qcom,ipa_fws: ipa_fws: Brought out of reset
01-01 09:22:42.367 0 0 I : IPA FW loaded successfully
01-01 09:22:42.367 0 0 E gsi soc : qcom,msm_gsi: gsi_register_device:1203 GSI irq is wake enabled 34
01-01 09:22:42.369 0 0 I : rmnet_ipa3 started initialization
01-01 09:22:42.369 0 0 I : IPA SSR support = True
01-01 09:22:42.369 0 0 I : IPA SG support = True
01-01 09:22:42.369 0 0 I : IPA Napi Enable = True
01-01 09:22:42.369 0 0 I : using default for wan-rx-desc-size = 256
01-01 09:22:42.369 0 0 I : IPA driver initialization was successful.
01-01 09:22:42.369 0 0 W subsys-pil-tz soc: qcom,ipa_uc: Falling back to syfs fallback for: ipa_uc.mdt
01-01 09:22:42.369 0 0 E ipa-wan ipa3_wwan_probe: 2530 rmnet_ipa completed initialization
01-01 09:22:42.376 0 0 I subsys-pil-tz soc: qcom,ipa_uc: ipa_uc: loading from 0x0000000086800000 to 0x0000000086810000
01-01 09:22:42.378 0 0 W subsys-pil-tz soc: qcom,ipa_uc: Falling back to syfs fallback for: ipa_uc.b02
01-01 09:22:42.381 0 0 I subsys-pil-tz soc: qcom,ipa_uc: ipa_uc: Brought out of reset
01-01 09:22:42.381 0 0 E ipa3_uc_wdi_event_log_info_handler: 351 WDI protocol missing 0x21
01-01 09:22:42.381 0 0 E ipa3_uc_ntn_event_log_info_handler: 34 NTN stats ofst=0x500e0
01-01 09:22:43.300 0 0 W ServiceManager: Waited one second for android.system.keystore2.IKeystoreService/default (is service started? are binder threads started and available?)
01-01 09:22:43.300 0 0 I wait_for_keymaster: Keymaster device ready
01-01 09:22:43.305 0 0 I binder : 603:603 ioctl 40046210 7fcd6069c4 returned -22
01-01 09:22:43.305 0 0 D ProcessState: Binder ioctl to enable oneway spam detection failed: Invalid argument
01-01 09:22:43.305 0 0 I binder : undelivered transaction 226, process died.
01-01 09:22:43.306 0 0 D vdc : Waited 0ms for vold
01-01 09:22:46.280 0 0 I fsck.f2fs: Info: Fix the reported corruption.
01-01 09:22:46.280 0 0 I fsck.f2fs: Info: No support kernel version!
01-01 09:22:46.280 0 0 I fsck.f2fs: Info: Segments per section = 1
01-01 09:22:46.280 0 0 I fsck.f2fs: Info: Sections per zone = 1
01-01 09:22:46.280 0 0 I fsck.f2fs: Info: sector size = 4096
01-01 09:22:46.280 0 0 I fsck.f2fs: Info: total sectors = 28958163 (113117 MB)
01-01 09:22:46.281 0 0 I fsck.f2fs: Info: MKFS version
01-01 09:22:46.284 0 0 W F2FS-fs (sda15): invalid crc_offset: 0
01-01 09:22:46.307 0 0 I F2FS-fs (sda15): Found nat_bits in checkpoint
01-01 09:22:46.364 0 0 W F2FS-fs (sda15): Start checkpoint disabled!
01-01 09:22:46.365 0 0 I F2FS-fs (sda15): Mounted with checkpoint version = 3fd2982e
01-01 09:22:46.388 0 0 I binder : 609:609 ioctl 40046210 7fff902a54 returned -22
01-01 09:22:46.388 0 0 D ProcessState: Binder ioctl to enable oneway spam detection failed: Invalid argument
01-01 09:22:46.389 0 0 D vdc : Waited 0ms for vold
01-01 09:22:46.389 517 517 D vold : fscrypt_mount_metadata_encrypted: /data encrypt: 1 format: 0 with f2fs
01-01 09:22:46.389 517 517 D vold : metadata_key_dir/key: /metadata/vold/metadata_encryption/key
01-01 09:22:46.411 517 517 D vold : Created directory /metadata/vold/metadata_encryption
01-01 09:22:46.411 517 517 D vold : Metadata key does not exist but ro.crypto.metadata_init_delete_all_keys.enabled is false
01-01 09:22:46.411 517 517 I vold : Creating new key in /metadata/vold/metadata_encryption/key
01-01 09:22:46.411 517 517 D vold : Generating wrapped storage key
01-01 09:22:46.413 517 517 E vold : keystore2 Keystore generateKey returned service specific error: -67
01-01 09:22:46.413 517 517 W vold : Failed to generate rollback-resistant key. This is expected if keymaster doesn't support rollback resistance. Falling back to non-rollback-resistant key.
01-01 09:22:46.418 517 517 D vold : Generating "key storage" key
01-01 09:22:46.419 517 517 E vold : keystore2 Keystore generateKey returned service specific error: -67
01-01 09:22:46.419 517 517 W vold : Failed to generate rollback-resistant key. This is expected if keymaster doesn't support rollback resistance. Falling back to non-rollback-resistant key.
01-01 09:22:46.426 517 517 D vold : Created key: /metadata/vold/metadata_encryption/key
01-01 09:22:46.429 517 517 D vold : encrypt_inplace(/dev/block/dm-10, /dev/block/bootdevice/by-name/userdata, 231665304, false)
01-01 09:22:46.434 517 517 I vold : Encrypting f2fs filesystem on /dev/block/bootdevice/by-name/userdata in-place via /dev/block/dm-10
01-01 09:22:46.434 517 517 I vold : 120788 blocks (494 MB) of 28958163 blocks are in-use
01-01 09:22:46.463 517 517 D vold : Encrypted 10000 of 120788 blocks
01-01 09:22:46.491 517 517 D vold : Encrypted 20000 of 120788 blocks
01-01 09:22:46.518 517 517 D vold : Encrypted 30000 of 120788 blocks
01-01 09:22:46.545 517 517 D vold : Encrypted 40000 of 120788 blocks
01-01 09:22:46.573 517 517 D vold : Encrypted 50000 of 120788 blocks
01-01 09:22:46.602 517 517 D vold : Encrypted 60000 of 120788 blocks
01-01 09:22:46.639 517 517 D vold : Encrypted 70000 of 120788 blocks
01-01 09:22:46.674 517 517 D vold : Encrypted 80000 of 120788 blocks
01-01 09:22:46.705 517 517 D vold : Encrypted 90000 of 120788 blocks
01-01 09:22:46.731 517 517 D vold : Encrypted 100000 of 120788 blocks
01-01 09:22:46.758 517 517 D vold : Encrypted 110000 of 120788 blocks
01-01 09:22:46.786 517 517 D vold : Encrypted 120000 of 120788 blocks
01-01 09:22:47.407 517 517 D vold : Encrypted 120788 of 120788 blocks
01-01 09:22:47.407 517 517 I vold : Successfully encrypted f2fs filesystem on /dev/block/bootdevice/by-name/userdata
01-01 09:22:47.440 517 517 D vold : Mounting metadata-encrypted filesystem:/data
01-01 09:22:47.442 517 517 I vold : [libfs_mgr]Running /system/bin/fsck.f2fs -a -c 10000 --debug-cache /dev/block/dm-10
01-01 09:22:47.445 0 0 I fsck.f2fs: Info: Fix the reported corruption.
01-01 09:22:47.445 0 0 I fsck.f2fs: Info: No support kernel version!
01-01 09:22:47.445 0 0 I fsck.f2fs: Info: Segments per section = 1
01-01 09:22:47.445 0 0 I fsck.f2fs: Info: Sections per zone = 1
01-01 09:22:47.445 0 0 I fsck.f2fs: Info: sector size = 4096
01-01 09:22:47.445 0 0 I fsck.f2fs: Info: total sectors = 28958163 (113117 MB)
01-01 09:22:47.446 0 0 I fsck.f2fs: Info: MKFS version
01-01 09:22:47.446 0 0 I fsck.f2fs: "3.10.0-1160.el7.x86_64 #1 SMP Mon Oct 19 16:18:59 UTC 2020"
01-01 09:22:47.446 0 0 I fsck.f2fs: Info: FSCK version
01-01 09:22:47.446 0 0 I fsck.f2fs: from "4.19.157-perf+"
01-01 09:22:47.488 0 0 E init : Unable to set property 'ro.boottime.init.fsck.data' from uid:0 gid:0 pid:517: Read-only property was already set
01-01 09:22:47.519 0 0 W F2FS-fs (dm-10): Start checkpoint disabled!
01-01 09:22:47.520 0 0 I F2FS-fs (dm-10): Mounted with checkpoint version = 3fd2982f
01-01 09:22:47.520 517 517 I vold : [libfs_mgr]__mount(source=/dev/block/dm-10,target=/data,type=f2fs)=0: Success
01-01 09:22:47.520 517 517 D vold : Mounted /data
01-01 09:22:47.520 0 0 E init : Unable to set property 'ro.boottime.init.mount.data' from uid:0 gid:0 pid:517: Read-only property was already set
01-01 09:22:47.520 517 562 D vold : Disk at 252:10 changed
01-01 09:22:47.524 0 0 I init : Userdata mounted using /vendor/etc/fstab.qcom result : 6
01-01 09:22:47.524 0 0 I init : Keyring created with id 351632673 in process 1
01-01 09:22:47.524 0 0 I init : Command 'mount_all /vendor/etc/fstab.qcom --late' action=late-fs (/vendor/etc/init/hw/init.target.rc:69) took 4223ms and succeeded
01-01 09:22:47.525 0 0 I init : processing action (late-fs) from (/vendor/etc/init/keymasterd.rc:5)
01-01 09:22:47.525 0 0 I init : starting service 'vendor.keymasterd'...
01-01 09:22:47.526 0 0 I init : processing action (post-fs-data) from (/system/etc/init/hw/init.rc:633)
01-01 09:22:47.526 0 0 I init : starting service 'exec 9 (/system/bin/vdc checkpoint prepareCheckpoint)'...
01-01 09:22:47.527 0 0 I init : SVC_EXEC service 'exec 9 (/system/bin/vdc checkpoint prepareCheckpoint)' pid 617 (uid 1000 gid 1000+0 context default) started; waiting...
01-01 09:22:47.531 0 0 I binder : 617:617 ioctl 40046210 7fef5b3d24 returned -22
01-01 09:22:47.531 0 0 D ProcessState: Binder ioctl to enable oneway spam detection failed: Invalid argument
01-01 09:22:47.531 0 0 D vdc : Waited 0ms for vold
01-01 09:22:47.531 517 517 I Checkpoint: cp_prepareCheckpoint called
01-01 09:22:47.538 0 0 I binder : 620:620 ioctl 40046210 7ff1b39f54 returned -22
01-01 09:22:47.538 0 0 D ProcessState: Binder ioctl to enable oneway spam detection failed: Invalid argument
01-01 09:22:47.538 0 0 D vdc : Waited 0ms for vold
01-01 09:22:47.538 517 517 I vold : fscrypt_initialize_systemwide_keys
01-01 09:22:47.538 517 517 I vold : Creating new key in /data/unencrypted/key
01-01 09:22:47.538 517 517 D vold : Generating wrapped storage key
01-01 09:22:47.539 517 517 E vold : keystore2 Keystore generateKey returned service specific error: -67
01-01 09:22:47.539 517 517 W vold : Failed to generate rollback-resistant key. This is expected if keymaster doesn't support rollback resistance. Falling back to non-rollback-resistant key.
01-01 09:22:47.542 517 517 D vold : Generating "key storage" key
01-01 09:22:47.542 517 517 E vold : keystore2 Keystore generateKey returned service specific error: -67
01-01 09:22:47.542 517 517 W vold : Failed to generate rollback-resistant key. This is expected if keymaster doesn't support rollback resistance. Falling back to non-rollback-resistant key.
01-01 09:22:47.547 517 517 D vold : Created key: /data/unencrypted/key
01-01 09:22:47.552 517 517 D vold : Installed fscrypt key with ref a571b5b77c8887cb087fa08263db778b to /data
01-01 09:22:47.552 517 517 D vold : Added fscrypt-provisioning key for a571b5b77c8887cb087fa08263db778b to session keyring
01-01 09:22:47.552 517 517 I vold : Wrote system DE key reference to:/data/unencrypted/ref
01-01 09:22:47.552 517 517 D vold : Generating wrapped storage key
01-01 09:22:47.553 517 517 E vold : keystore2 Keystore generateKey returned service specific error: -67
01-01 09:22:47.553 517 517 W vold : Failed to generate rollback-resistant key. This is expected if keymaster doesn't support rollback resistance. Falling back to non-rollback-resistant key.
01-01 09:22:47.556 616 619 D spcomlib: [spcom_register_service] spcom_register_service() name [sp_keymaster_ssr] pid [487338577072]
01-01 09:22:47.556 616 619 D spcomlib: [spcom_open] ch [sp_keymaster_ssr] doesn't exist, create it.
01-01 09:22:47.556 616 619 D spcomlib: [spcom_create_channel] Create Channel [sp_keymaster_ssr].
01-01 09:22:47.559 517 517 D vold : Installed fscrypt key with ref be2b7f6b92693d5b11f84c913947c861 to /data
01-01 09:22:47.559 517 517 D vold : Added fscrypt-provisioning key for be2b7f6b92693d5b11f84c913947c861 to session keyring
01-01 09:22:47.559 517 517 I vold : Wrote per boot key reference to:/data/unencrypted/per_boot_ref
01-01 09:22:47.560 0 0 I fscrypt : AES-256-CTS-CBC using implementation "cts(cbc-aes-ce)"
01-01 09:22:47.567 616 619 D spcomlib: [add_ssr_cb] ssr cb added!
01-01 09:22:47.567 616 619 D spcomlib: [start_ssr_thread] ch [spcom] ready!
01-01 09:22:47.567 616 619 D spcomlib: [start_ssr_thread] main pthread self_id [0x77a48cb0].
01-01 09:22:47.567 616 619 D spcomlib: [start_ssr_thread] pthread_create() ret [0] thread-id [0x7694acb0].
01-01 09:22:47.567 616 619 D spcomlib: [start_ssr_thread] Wait for SSR thread to run.
01-01 09:22:47.567 616 629 D spcomlib: [notify_ssr_thread] SSR pthread self_id [0x7694acb0].
01-01 09:22:47.567 616 619 D spcomlib: [start_ssr_thread] pthread_cond_wait() ret [0].
01-01 09:22:47.567 616 619 D spcomlib: [start_ssr_thread] done.
01-01 09:22:47.567 616 619 D spcomlib: [add_ch] add ch [sp_keymaster_ssr].
01-01 09:22:47.567 616 619 D spcomlib: [spcom_register_service] spcom_register_service() name [sp_keymaster_ssr] pid [487338577072] done
01-01 09:22:47.568 0 0 I binder : 628:628 ioctl 40046210 7fd607f2c4 returned -22
01-01 09:22:47.568 0 0 D ProcessState: Binder ioctl to enable oneway spam detection failed: Invalid argument
01-01 09:22:47.568 0 0 D vdc : Waited 0ms for vold
01-01 09:22:47.568 517 517 I incfs : Initial API level of the device: 30
01-01 09:22:47.568 517 517 I incfs : ro.incremental.enable: 1
01-01 09:22:47.568 517 517 I incfs : isFsAvailable: true
01-01 09:22:47.568 517 517 I incfs : isFsAvailable: true
01-01 09:22:47.568 517 517 I incfs : IncFs_Features: v1
01-01 09:22:47.573 0 0 W F2FS-fs (dm-10): Unexpected flush for atomic writes: ino=40, npages=19
01-01 09:22:47.578 517 517 E vold : keystore2 Keystore earlyBootEnded returned service specific error: -68
01-01 09:22:47.587 0 0 I apexd : This device does not support updatable APEX. Exiting
01-01 09:22:47.587 0 0 I apexd : Marking APEXd as activated
01-01 09:22:47.620 0 0 I binder : 635:635 ioctl 40046210 7fcdf09034 returned -22
01-01 09:22:47.620 0 0 D ProcessState: Binder ioctl to enable oneway spam detection failed: Invalid argument
01-01 09:22:47.620 517 517 D vold : fscrypt_init_user0
01-01 09:22:47.620 0 0 D vdc : Waited 0ms for vold
01-01 09:22:47.620 517 517 D vold : Preparing: /data/misc/vold/user_keys
01-01 09:22:47.620 517 517 D vold : Preparing: /data/misc/vold/user_keys/ce
01-01 09:22:47.620 517 517 D vold : Preparing: /data/misc/vold/user_keys/de
01-01 09:22:47.621 517 517 D vold : Generating wrapped storage key
01-01 09:22:47.622 517 517 E vold : keystore2 Keystore generateKey returned service specific error: -67
01-01 09:22:47.622 517 517 W vold : Failed to generate rollback-resistant key. This is expected if keymaster doesn't support rollback resistance. Falling back to non-rollback-resistant key.
01-01 09:22:47.624 517 517 D vold : Generating wrapped storage key
01-01 09:22:47.625 517 517 E vold : keystore2 Keystore generateKey returned service specific error: -67
01-01 09:22:47.625 517 517 W vold : Failed to generate rollback-resistant key. This is expected if keymaster doesn't support rollback resistance. Falling back to non-rollback-resistant key.
01-01 09:22:47.627 517 517 D vold : Preparing: /data/misc/vold/user_keys/ce/0
01-01 09:22:47.627 517 517 D vold : Generating "key storage" key
01-01 09:22:47.628 517 517 E vold : keystore2 Keystore generateKey returned service specific error: -67
01-01 09:22:47.628 517 517 W vold : Failed to generate rollback-resistant key. This is expected if keymaster doesn't support rollback resistance. Falling back to non-rollback-resistant key.
01-01 09:22:47.633 517 517 D vold : Created key: /data/misc/vold/user_keys/ce/0/current
01-01 09:22:47.633 517 517 D vold : Generating "key storage" key
01-01 09:22:47.634 517 517 E vold : keystore2 Keystore generateKey returned service specific error: -67
01-01 09:22:47.634 517 517 W vold : Failed to generate rollback-resistant key. This is expected if keymaster doesn't support rollback resistance. Falling back to non-rollback-resistant key.
01-01 09:22:47.638 517 517 D vold : Created key: /data/misc/vold/user_keys/de/0
01-01 09:22:47.643 517 517 D vold : Installed fscrypt key with ref 7431c1dd3b52f1ea9ff830708fc2e1ef to /data
01-01 09:22:47.643 517 517 D vold : Added fscrypt-provisioning key for 7431c1dd3b52f1ea9ff830708fc2e1ef to session keyring
01-01 09:22:47.647 517 517 D vold : Installed fscrypt key with ref e4cdceca7532a632485f794d99c97633 to /data
01-01 09:22:47.647 517 517 D vold : Added fscrypt-provisioning key for e4cdceca7532a632485f794d99c97633 to session keyring
01-01 09:22:47.647 517 517 D vold : Created keys for user 0
01-01 09:22:47.654 517 517 D vold : Installed fscrypt key with ref 7431c1dd3b52f1ea9ff830708fc2e1ef to /data
01-01 09:22:47.654 517 517 D vold : Added fscrypt-provisioning key for 7431c1dd3b52f1ea9ff830708fc2e1ef to session keyring
01-01 09:22:47.654 517 517 D vold : Installed de key for user 0
01-01 09:22:47.654 517 517 D vold : fscrypt_prepare_user_storage for volume null, user 0, serial 0, flags 1
01-01 09:22:47.654 517 517 D vold : Preparing: /data/system/users/0
01-01 09:22:47.654 517 517 D vold : Preparing: /data/misc/profiles/cur/0
01-01 09:22:47.654 517 517 D vold : Preparing: /data/system_de/0
01-01 09:22:47.654 517 517 D vold : Preparing: /data/misc_de/0
01-01 09:22:47.654 517 517 D vold : Preparing: /data/vendor_de/0
01-01 09:22:47.654 517 517 D vold : Preparing: /data/user_de/0
01-01 09:22:47.654 517 517 I vold : Encryption policy of /data/system_de/0 set to 7431c1dd3b52f1ea9ff830708fc2e1ef v2 modes 1/4 flags 0xa
01-01 09:22:47.654 517 517 I vold : Encryption policy of /data/misc_de/0 set to 7431c1dd3b52f1ea9ff830708fc2e1ef v2 modes 1/4 flags 0xa
01-01 09:22:47.654 517 517 I vold : Encryption policy of /data/vendor_de/0 set to 7431c1dd3b52f1ea9ff830708fc2e1ef v2 modes 1/4 flags 0xa
01-01 09:22:47.654 517 517 I vold : Encryption policy of /data/user_de/0 set to 7431c1dd3b52f1ea9ff830708fc2e1ef v2 modes 1/4 flags 0xa
01-01 09:22:47.654 517 517 D vold : /system/bin/vold_prepare_subdirs
01-01 09:22:47.654 517 517 D vold : prepare
01-01 09:22:47.654 517 517 D vold :
01-01 09:22:47.654 517 517 D vold : 0
01-01 09:22:47.654 517 517 D vold : 1
01-01 09:22:47.668 517 517 D vold : Detected support for FS_IOC_ADD_ENCRYPTION_KEY
01-01 09:22:47.668 517 517 D vold : Installing fscrypt-provisioning key for e4cdceca7532a632485f794d99c97633 back into /data fs-keyring
01-01 09:22:47.765 0 0 I apexd : This device does not support updatable APEX. Exiting
01-01 09:22:47.765 0 0 I apexd : Marking APEXd as ready
01-01 09:22:47.782 0 0 D cnss : File system is ready, fs_ready is 1, count is 1
01-01 09:22:47.782 0 0 D cnss : Posting event: COLD_BOOT_CAL_START(5), state: 0x0 flags: 0x0
01-01 09:22:47.782 0 0 D cnss : PM stay awake, state: 0x0, count: 1
01-01 09:22:47.782 0 0 D cnss : Processing driver event: COLD_BOOT_CAL_START(5), state: 0x0
01-01 09:22:47.782 0 0 D cnss : Regulator vdd-wlan-io is being enabled
01-01 09:22:47.782 0 0 D cnss : Regulator wlan-ant-switch is being enabled
01-01 09:22:47.782 0 0 D cnss : Regulator vdd-wlan-aon is being enabled
01-01 09:22:47.782 0 0 D cnss : Regulator vdd-wlan-dig is being enabled
01-01 09:22:47.782 0 0 D cnss : Regulator vdd-wlan-rfa1 is being enabled
01-01 09:22:47.782 0 0 D cnss : Regulator vdd-wlan-rfa2 is being enabled
01-01 09:22:47.782 0 0 D cnss : BT_EN_GPIO State: Off. Delay WLAN_GPIO enable
01-01 09:22:47.800 0 0 I logd : logd reinit
01-01 09:22:47.801 0 0 E logd : FrameworkListener: read() failed (Connection reset by peer)
01-01 09:22:47.867 0 0 I update_verifier: Started with arg 1: nonencrypted
01-01 09:22:47.867 0 0 I binder : 665:665 ioctl 40046210 7fc3bc7454 returned -22
01-01 09:22:47.867 0 0 D hw-ProcessState: Binder ioctl to enable oneway spam detection failed: Invalid argument
01-01 09:22:47.868 0 0 I update_verifier: Booting slot 0: isSlotMarkedSuccessful=0
01-01 09:22:47.868 0 0 E update_verifier: /data/ota_package/care_map.pb doesn't exist
01-01 09:22:47.868 0 0 W update_verifier: Failed to parse the care map file, skipping verification
01-01 09:22:47.868 0 0 I binder : 665:665 ioctl 40046210 7fc3bc75c4 returned -22
01-01 09:22:47.868 0 0 D ProcessState: Binder ioctl to enable oneway spam detection failed: Invalid argument
01-01 09:22:47.868 0 0 I update_verifier: Deferred marking slot 0 as booted successfully.
01-01 09:22:47.868 0 0 I update_verifier: Leaving update_verifier.
01-01 09:22:47.876 0 0 W subsys-pil-tz 17300000.qcom,lpass: Falling back to syfs fallback for: adsp.mdt
01-01 09:22:47.876 0 0 W subsys-pil-tz 8300000.qcom,turing: Falling back to syfs fallback for: cdsp.mdt
01-01 09:22:47.878 0 0 I binder : 666:666 ioctl 40046210 7ff111dc64 returned -22
01-01 09:22:47.879 0 0 I ueventd : firmware: loading 'cdsp.mdt' for '/devices/platform/soc/8300000.qcom,turing/firmware/cdsp.mdt'
01-01 09:22:47.879 0 0 I ueventd : firmware: loading 'adsp.mdt' for '/devices/platform/soc/17300000.qcom,lpass/firmware/adsp.mdt'
01-01 09:22:47.879 0 0 I ueventd : loading /devices/platform/soc/8300000.qcom,turing/firmware/cdsp.mdt took 0ms
01-01 09:22:47.879 0 0 I subsys-pil-tz 8300000.qcom,turing: cdsp: loading from 0x0000000087800000 to 0x0000000088c00000
01-01 09:22:47.879 0 0 I ueventd : loading /devices/platform/soc/17300000.qcom,lpass/firmware/adsp.mdt took 1ms
01-01 09:22:47.879 0 0 I subsys-pil-tz 17300000.qcom,lpass: adsp: loading from 0x000000008a100000 to 0x000000008be00000
01-01 09:22:47.883 0 0 W subsys-pil-tz 8300000.qcom,turing: Falling back to syfs fallback for: cdsp.b02
01-01 09:22:47.883 0 0 W subsys-pil-tz 8300000.qcom,turing: Falling back to syfs fallback for: cdsp.b03
01-01 09:22:47.883 0 0 W subsys-pil-tz 8300000.qcom,turing: Falling back to syfs fallback for: cdsp.b04
01-01 09:22:47.883 0 0 W subsys-pil-tz 8300000.qcom,turing: Falling back to syfs fallback for: cdsp.b05
01-01 09:22:47.884 0 0 W subsys-pil-tz 8300000.qcom,turing: Falling back to syfs fallback for: cdsp.b06
01-01 09:22:47.884 0 0 W subsys-pil-tz 8300000.qcom,turing: Falling back to syfs fallback for: cdsp.b08
01-01 09:22:47.884 0 0 W subsys-pil-tz 8300000.qcom,turing: Falling back to syfs fallback for: cdsp.b09
01-01 09:22:47.884 0 0 W subsys-pil-tz 8300000.qcom,turing: Falling back to syfs fallback for: cdsp.b11
01-01 09:22:47.885 0 0 W subsys-pil-tz 17300000.qcom,lpass: Falling back to syfs fallback for: adsp.b02
01-01 09:22:47.885 0 0 D cnss : Assert WLAN_EN GPIO successfully
01-01 09:22:47.885 0 0 D cnss : Resuming PCI link
01-01 09:22:47.885 0 0 I msm_pcie_enable: PCIe: Assert the reset of endpoint of RC0.
01-01 09:22:47.885 0 0 W subsys-pil-tz 17300000.qcom,lpass: Falling back to syfs fallback for: adsp.b03
01-01 09:22:47.885 0 0 W subsys-pil-tz 17300000.qcom,lpass: Falling back to syfs fallback for: adsp.b04
01-01 09:22:47.885 0 0 W subsys-pil-tz 17300000.qcom,lpass: Falling back to syfs fallback for: adsp.b05
01-01 09:22:47.885 0 0 W subsys-pil-tz 17300000.qcom,lpass: Falling back to syfs fallback for: adsp.b06
01-01 09:22:47.885 0 0 W subsys-pil-tz 17300000.qcom,lpass: Falling back to syfs fallback for: adsp.b07
01-01 09:22:47.885 0 0 W subsys-pil-tz 17300000.qcom,lpass: Falling back to syfs fallback for: adsp.b08
01-01 09:22:47.885 0 0 W subsys-pil-tz 17300000.qcom,lpass: Falling back to syfs fallback for: adsp.b09
01-01 09:22:47.885 0 0 W subsys-pil-tz 17300000.qcom,lpass: Falling back to syfs fallback for: adsp.b10
01-01 09:22:47.886 0 0 W subsys-pil-tz 17300000.qcom,lpass: Falling back to syfs fallback for: adsp.b11
01-01 09:22:47.886 0 0 W subsys-pil-tz 17300000.qcom,lpass: Falling back to syfs fallback for: adsp.b12
01-01 09:22:47.886 0 0 W subsys-pil-tz 17300000.qcom,lpass: Falling back to syfs fallback for: adsp.b13
01-01 09:22:47.886 0 0 W subsys-pil-tz 17300000.qcom,lpass: Falling back to syfs fallback for: adsp.b14
01-01 09:22:47.886 0 0 W subsys-pil-tz 17300000.qcom,lpass: Falling back to syfs fallback for: adsp.b15
01-01 09:22:47.886 0 0 W subsys-pil-tz 17300000.qcom,lpass: Falling back to syfs fallback for: adsp.b16
01-01 09:22:47.886 0 0 W subsys-pil-tz 17300000.qcom,lpass: Falling back to syfs fallback for: adsp.b17
01-01 09:22:47.886 0 0 W subsys-pil-tz 17300000.qcom,lpass: Falling back to syfs fallback for: adsp.b18
01-01 09:22:47.887 0 0 I ueventd : firmware: loading 'cdsp.b05' for '/devices/platform/soc/8300000.qcom,turing/firmware/cdsp.b05'
01-01 09:22:47.888 0 0 I msm_pcie_enable: PCIe: RC0: PCIE20_PARF_INT_ALL_MASK: 0x7f80d202
01-01 09:22:47.888 0 0 I ueventd : firmware: loading 'cdsp.b06' for '/devices/platform/soc/8300000.qcom,turing/firmware/cdsp.b06'
01-01 09:22:47.889 0 0 I ueventd : firmware: loading 'cdsp.b08' for '/devices/platform/soc/8300000.qcom,turing/firmware/cdsp.b08'
01-01 09:22:47.890 0 0 I ueventd : loading /devices/platform/soc/8300000.qcom,turing/firmware/cdsp.b06 took 1ms
01-01 09:22:47.890 0 0 I ueventd : firmware: loading 'cdsp.b09' for '/devices/platform/soc/8300000.qcom,turing/firmware/cdsp.b09'
01-01 09:22:47.890 0 0 I pcie_phy_init: PCIe RC0 PHY is ready!
01-01 09:22:47.891 0 0 I ueventd : firmware: loading 'cdsp.b11' for '/devices/platform/soc/8300000.qcom,turing/firmware/cdsp.b11'
01-01 09:22:47.901 0 0 I msm_pcie_enable: PCIe: Release the reset of endpoint of RC0.
01-01 09:22:47.917 0 0 I msm_pcie_link_train: PCIe RC0 link initialized
01-01 09:22:47.924 0 0 I subsys-pil-tz 8300000.qcom,turing: cdsp: Brought out of reset
01-01 09:22:47.925 0 0 E OF : graph: no port node found in /soc/qcom,dsi-display-primary
01-01 09:22:47.925 0 0 W [drm] [msm-dsi-warn]: [hx82101+hx8692 video mode dsi truly panel] fallback to default te-pin-select
01-01 09:22:47.925 0 0 I msm_drm ae00000.qcom,mdss_mdp: Linked as a consumer to regulator.31
01-01 09:22:47.926 0 0 E register_client_adhoc: find path.src 1 dest 590
01-01 09:22:47.926 0 0 E register_client_adhoc: Client handle 15 mdss_reg
01-01 09:22:47.926 0 0 E register_client_adhoc: find path.src 22 dest 512
01-01 09:22:47.926 0 0 E register_client_adhoc: find path.src 23 dest 512
01-01 09:22:47.927 0 0 E register_client_adhoc: Client handle 53 mdss_sde
01-01 09:22:47.927 0 0 I msm_drm ae00000.qcom,mdss_mdp: bound soc:qcom,wb-display@0 (ops sde_wb_comp_ops)
01-01 09:22:47.927 0 0 I msm-dsi-display soc: qcom,dsi-display-primary: Linked as a consumer to regulator.25
01-01 09:22:47.927 0 0 I [drm:dsi_display_bind] [msm-dsi-info]: Successfully bind display panel 'qcom,mdss_dsi_panel_hx82101_hx8692_truly_v2_video'
01-01 09:22:47.927 0 0 I msm_drm ae00000.qcom,mdss_mdp: bound soc:qcom,dsi-display-primary (ops dsi_display_comp_ops)
01-01 09:22:47.927 0 0 I msm_drm ae00000.qcom,mdss_mdp: bound af20000.qcom,sde_rscc (ops sde_rsc_comp_ops)
01-01 09:22:47.927 0 0 I : [drm] mapped mdp address space @0000000000000000
01-01 09:22:47.928 0 0 I qcom_rpmh DRV: apps_rsc TCS Busy, retrying RPMH message send: addr=0x30080
01-01 09:22:47.928 0 0 I : [drm:_sde_kms_hw_init_blocks:3613] sde hardware revision:0x60000000
01-01 09:22:47.930 0 0 I msmdrm_smmu ae00000.qcom,mdss_mdp: qcom,smmu_sde_unsec_cb: Linked as a consumer to 15000000.apps-smmu
01-01 09:22:47.931 0 0 I iommu : Adding device ae00000.qcom,mdss_mdp:qcom,smmu_sde_unsec_cb to group 48
01-01 09:22:47.931 0 0 I : [drm] probing device qcom,smmu_sde_unsec
01-01 09:22:47.931 0 0 I : [drm] Created domain mdp_ns, secure=0
01-01 09:22:47.932 0 0 I cnss_pci 0000: 01:00.0: enabling device (0000 -> 0002)
01-01 09:22:47.932 0 0 D cnss : Read register offset 0x1f8031c, val = 0x6
01-01 09:22:47.932 0 0 D cnss : Write val 0x2 to register offset 0x1f8031c
01-01 09:22:47.932 0 0 D cnss : Setting MHI state: INIT(0)
01-01 09:22:47.933 0 0 I msmdrm_smmu ae00000.qcom,mdss_mdp: qcom,smmu_sde_sec_cb: Linked as a consumer to 15000000.apps-smmu
01-01 09:22:47.934 0 0 I subsys-pil-tz 8300000.qcom,turing: cdsp: Power/Clock ready interrupt received
01-01 09:22:47.934 0 0 I subsys-pil-tz 8300000.qcom,turing: Subsystem error monitoring/handling services are up
01-01 09:22:47.934 0 0 I adsprpc : fastrpc_restart_notifier_cb: cdsp subsystem is up
01-01 09:22:47.934 0 0 E register_client_adhoc: find path.src 1 dest 589
01-01 09:22:47.934 0 0 E register_client_adhoc: Failed to find path.src 1 dest 589
01-01 09:22:47.934 0 0 I qcom_smd_qrtr_probe: Entered
01-01 09:22:47.934 0 0 I qcom_smd_qrtr_probe: SMD QRTR driver probed
01-01 09:22:47.935 0 0 W subsys-pil-tz 9800000.qcom,npu: Falling back to syfs fallback for: npu.mdt
01-01 09:22:47.935 0 0 I msm_cvp : info: Opening cvp instance: 0000000000000000
01-01 09:22:47.935 0 0 I msm_cvp_v4l2 ab00000.qcom,cvp: Linked as a consumer to regulator.77
01-01 09:22:47.935 0 0 I msm_cvp_v4l2 ab00000.qcom,cvp: Linked as a consumer to regulator.76
01-01 09:22:47.936 0 0 E : [drm:dp_display_init_aux_switch][msm-dp-err][435 ]failed to register notifier (-22)
