12-14 03:32:06.012 1503 2348 E DisplayDeviceConfig: requesting nits when no mapping exists.
12-14 03:32:06.028 1503 2348 E DisplayDeviceConfig: requesting nits when no mapping exists.
12-14 03:32:06.029 1503 2348 E DisplayDeviceConfig: requesting nits when no mapping exists.
12-14 03:32:06.045 1503 2348 E DisplayDeviceConfig: requesting nits when no mapping exists.
12-14 03:32:06.046 1503 2348 E DisplayDeviceConfig: requesting nits when no mapping exists.
01-01 09:32:34.967 0 0 I : read descriptors
01-01 09:32:34.967 0 0 I : read strings
12-14 03:32:06.061 1503 2348 E DisplayDeviceConfig: requesting nits when no mapping exists.
12-14 03:32:06.062 1503 2348 E DisplayDeviceConfig: requesting nits when no mapping exists.
12-14 03:32:06.079 1503 2348 E DisplayDeviceConfig: requesting nits when no mapping exists.
12-14 03:32:06.079 1503 2348 E DisplayDeviceConfig: requesting nits when no mapping exists.
12-14 03:32:06.095 1503 2348 E DisplayDeviceConfig: requesting nits when no mapping exists.
12-14 03:32:06.096 1503 2348 E DisplayDeviceConfig: requesting nits when no mapping exists.
12-14 03:32:06.112 1503 2348 E DisplayDeviceConfig: requesting nits when no mapping exists.
12-14 03:32:06.112 1503 2348 E DisplayDeviceConfig: requesting nits when no mapping exists.
12-14 03:32:06.129 1503 2348 E DisplayDeviceConfig: requesting nits when no mapping exists.
12-14 03:32:06.129 1503 2348 E DisplayDeviceConfig: requesting nits when no mapping exists.
12-14 03:32:06.145 1503 2348 E DisplayDeviceConfig: requesting nits when no mapping exists.
12-14 03:32:06.145 1503 2348 E DisplayDeviceConfig: requesting nits when no mapping exists.
12-14 03:32:06.162 1503 2348 E DisplayDeviceConfig: requesting nits when no mapping exists.
12-14 03:32:06.162 1503 2348 E DisplayDeviceConfig: requesting nits when no mapping exists.
01-01 09:32:35.294 0 0 D : mv2112_read_status
01-01 09:32:35.295 0 0 D mv2112_update_link: 3.0x901(1G): 0x80
01-01 09:32:35.295 0 0 D mv2112_update_link: 3.0x8109(100M): 0x8
01-01 09:32:35.295 0 0 D mv2112_update_link: link 0x0
01-01 09:32:35.295 0 0 D mv2112_read_status: autoneg is disabled
01-01 09:32:35.983 0 0 I : read descriptors
01-01 09:32:35.983 0 0 I : read strings
01-01 09:32:36.318 0 0 D : mv2112_read_status
01-01 09:32:36.319 0 0 D mv2112_update_link: 3.0x901(1G): 0x80
01-01 09:32:36.319 0 0 D mv2112_update_link: 3.0x8109(100M): 0x8
01-01 09:32:36.319 0 0 D mv2112_update_link: link 0x0
01-01 09:32:36.319 0 0 D mv2112_read_status: autoneg is disabled
01-01 09:32:36.999 0 0 I : read descriptors
01-01 09:32:36.999 0 0 I : read strings
01-01 09:32:37.343 0 0 D : mv2112_read_status
01-01 09:32:37.343 0 0 D mv2112_update_link: 3.0x901(1G): 0x80
01-01 09:32:37.343 0 0 D mv2112_update_link: 3.0x8109(100M): 0x8
01-01 09:32:37.343 0 0 D mv2112_update_link: link 0x0
01-01 09:32:37.343 0 0 D mv2112_read_status: autoneg is disabled
01-01 09:32:38.019 0 0 I : read descriptors
01-01 09:32:38.019 0 0 I : read strings
01-01 09:32:38.366 0 0 D : mv2112_read_status
01-01 09:32:38.367 0 0 D mv2112_update_link: 3.0x901(1G): 0x80
01-01 09:32:38.367 0 0 D mv2112_update_link: 3.0x8109(100M): 0x8
01-01 09:32:38.367 0 0 D mv2112_update_link: link 0x0
01-01 09:32:38.367 0 0 D mv2112_read_status: autoneg is disabled
01-01 09:32:39.035 0 0 I : read descriptors
01-01 09:32:39.035 0 0 I : read strings
01-01 09:32:39.390 0 0 D : mv2112_read_status
01-01 09:32:39.390 0 0 D mv2112_update_link: 3.0x901(1G): 0x80
01-01 09:32:39.391 0 0 D mv2112_update_link: 3.0x8109(100M): 0x8
01-01 09:32:39.391 0 0 D mv2112_update_link: link 0x0
01-01 09:32:39.391 0 0 D mv2112_read_status: autoneg is disabled
01-01 09:32:40.051 0 0 I : read descriptors
01-01 09:32:40.051 0 0 I : read strings
01-01 09:32:40.414 0 0 D : mv2112_read_status
01-01 09:32:40.415 0 0 D mv2112_update_link: 3.0x901(1G): 0x80
01-01 09:32:40.415 0 0 D mv2112_update_link: 3.0x8109(100M): 0x8
01-01 09:32:40.415 0 0 D mv2112_update_link: link 0x0
01-01 09:32:40.415 0 0 D mv2112_read_status: autoneg is disabled
01-01 09:32:41.071 0 0 I : read descriptors
01-01 09:32:41.071 0 0 I : read strings
01-01 09:32:41.439 0 0 D : mv2112_read_status
01-01 09:32:41.439 0 0 D mv2112_update_link: 3.0x901(1G): 0x80
01-01 09:32:41.439 0 0 D mv2112_update_link: 3.0x8109(100M): 0x8
01-01 09:32:41.439 0 0 D mv2112_update_link: link 0x0
01-01 09:32:41.439 0 0 D mv2112_read_status: autoneg is disabled
12-14 03:32:12.853 1503 1649 I PowerManagerService: Napping display group (groupId=0, uid=1000)...
12-14 03:32:12.853 1503 1649 I PowerManagerService: Nap time (uid 1000)...
12-14 03:32:12.855 1503 1649 I DreamManagerService: Entering dreamland.
12-14 03:32:12.857 1503 1649 I PowerManagerService: Dreaming...
12-14 03:32:12.867 1503 1601 I DreamController: Starting dream: name=ComponentInfo{com.thundercomm.screensaver/com.thundercomm.saverclock.service.ClockScreensaver}, isTest=false, canDoze=false, userId=0
12-14 03:32:12.871 1503 1601 D CompatibilityChangeReporter: Compat change id reported: 168419799; UID 10052; state: DISABLED
12-14 03:32:12.877 1503 2319 I ActivityTaskManager: START u0 {flg=0x10000000 pkg=com.thundercomm.screensaver cmp=com.thundercomm.screensaver/android.service.dreams.DreamActivity (has extras)} from uid 10052
12-14 03:32:12.881 1503 2319 W ActivityTaskManager: Can't find TaskDisplayArea to determine support for multi window. Task id=12 attached=false
12-14 03:32:12.897 1503 2319 I ActivityTaskManager: FOREGROUND_APPLICATION_CHANGED to android.service.dreams.DreamActivity
12-14 03:32:12.897 1503 2319 I ActivityTaskManager: The Process com.thundercomm.screensaver Already Exists in BG. So sending its PID: 5028
12-14 03:32:12.898 1503 2319 W ActivityTaskManager: Tried to set launchTime (0) < mLastActivityLaunchTime (229616)
12-14 03:32:12.916 4287 4324 W ContextImpl: Calling a method in the system process without a qualified user: android.app.ContextImpl.startService:1816 android.content.ContextWrapper.startService:774 com.thundercomm.gamemode.ingame.services.GameModeActionUtils.startGameModeService:99 com.thundercomm.gamemode.ingame.services.GameModeActionUtils.startGameModeEntry:22 com.thundercomm.gamemode.ingame.services.ActivityMonitoringService$1.onActivityLaunch:127
12-14 03:32:12.921 1503 1503 I GameModeConfig: Current uri is uri = content://com.thundercomm.gamemode.api/gamemode_settings/gamemode_isgaming
12-14 03:32:12.925 1503 1503 I GameModeConfig: isGameModeOn = false
12-14 03:32:12.925 1503 1503 I GameModeConfig: isGameModeOn = false
12-14 03:32:12.925 1503 1503 I GameModeConfig: isDisableVoice = true
12-14 03:32:12.952 1503 2313 I GameModeConfig: isGameModeOn = false
12-14 03:32:12.952 1503 2313 I GameModeConfig: isGameModeOn = false
12-14 03:32:12.953 1503 2313 I GameModeConfig: isGameModeOn = false
12-14 03:32:12.953 1503 2313 I GameModeConfig: isGameModeOn = false
12-14 03:32:12.965 1503 1649 V DisplayPowerController[0]: Brightness [1.0] reason changing to: 'manual', previous reason: 'manual [ dim ]'.
12-14 03:32:12.980 1503 2348 E DisplayDeviceConfig: requesting nits when no mapping exists.
12-14 03:32:12.980 1503 2348 E DisplayDeviceConfig: requesting nits when no mapping exists.
12-14 03:32:12.995 1503 2348 E DisplayDeviceConfig: requesting nits when no mapping exists.
12-14 03:32:12.996 1503 2348 E DisplayDeviceConfig: requesting nits when no mapping exists.
12-14 03:32:13.010 4287 4324 W ContextImpl: Calling a method in the system process without a qualified user: android.app.ContextImpl.startService:1816 android.content.ContextWrapper.startService:774 com.thundercomm.gamemode.ingame.services.GameModeActionUtils.startGameModeService:99 com.thundercomm.gamemode.ingame.services.GameModeActionUtils.startGameModeEntry:22 com.thundercomm.gamemode.ingame.services.ActivityMonitoringService$1.onActivityLaunch:127
12-14 03:32:13.012 1503 2348 E DisplayDeviceConfig: requesting nits when no mapping exists.
12-14 03:32:13.013 1503 2348 E DisplayDeviceConfig: requesting nits when no mapping exists.
12-14 03:32:13.020 1503 1503 I GameModeConfig: Current uri is uri = content://com.thundercomm.gamemode.api/gamemode_settings/gamemode_isgaming
12-14 03:32:13.022 1503 1503 I GameModeConfig: isGameModeOn = false
12-14 03:32:13.022 1503 1503 I GameModeConfig: isGameModeOn = false
12-14 03:32:13.022 1503 1503 I GameModeConfig: isDisableVoice = true
12-14 03:32:13.030 1503 2348 E DisplayDeviceConfig: requesting nits when no mapping exists.
12-14 03:32:13.030 1503 2348 E DisplayDeviceConfig: requesting nits when no mapping exists.
12-14 03:32:13.046 1503 2348 E DisplayDeviceConfig: requesting nits when no mapping exists.
12-14 03:32:13.046 1503 2348 E DisplayDeviceConfig: requesting nits when no mapping exists.
12-14 03:32:13.061 1503 2348 E DisplayDeviceConfig: requesting nits when no mapping exists.
12-14 03:32:13.062 1503 2348 E DisplayDeviceConfig: requesting nits when no mapping exists.
12-14 03:32:13.078 1503 2348 E DisplayDeviceConfig: requesting nits when no mapping exists.
12-14 03:32:13.079 1503 2348 E DisplayDeviceConfig: requesting nits when no mapping exists.
12-14 03:32:13.097 1503 2348 E DisplayDeviceConfig: requesting nits when no mapping exists.
12-14 03:32:13.097 1503 2348 E DisplayDeviceConfig: requesting nits when no mapping exists.
12-14 03:32:13.112 1503 2348 E DisplayDeviceConfig: requesting nits when no mapping exists.
12-14 03:32:13.113 1503 2348 E DisplayDeviceConfig: requesting nits when no mapping exists.
12-14 03:32:13.128 1503 2348 E DisplayDeviceConfig: requesting nits when no mapping exists.
12-14 03:32:13.129 1503 2348 E DisplayDeviceConfig: requesting nits when no mapping exists.
12-14 03:32:13.145 1503 2348 E DisplayDeviceConfig: requesting nits when no mapping exists.
12-14 03:32:13.146 1503 2348 E DisplayDeviceConfig: requesting nits when no mapping exists.
12-14 03:32:13.158 1503 1503 I GameModeConfig: isGameModeOn = false
12-14 03:32:13.163 1503 2348 E DisplayDeviceConfig: requesting nits when no mapping exists.
12-14 03:32:13.164 1503 2348 E DisplayDeviceConfig: requesting nits when no mapping exists.
12-14 03:32:13.178 1503 2348 E DisplayDeviceConfig: requesting nits when no mapping exists.
12-14 03:32:13.179 1503 2348 E DisplayDeviceConfig: requesting nits when no mapping exists.
01-01 09:32:42.095 0 0 I : read descriptors
01-01 09:32:42.095 0 0 I : read strings
12-14 03:32:13.196 1503 2348 E DisplayDeviceConfig: requesting nits when no mapping exists.
12-14 03:32:13.196 1503 2348 E DisplayDeviceConfig: requesting nits when no mapping exists.
12-14 03:32:13.212 1503 2348 E DisplayDeviceConfig: requesting nits when no mapping exists.
12-14 03:32:13.212 1503 2348 E DisplayDeviceConfig: requesting nits when no mapping exists.
12-14 03:32:13.229 1503 2348 E DisplayDeviceConfig: requesting nits when no mapping exists.
12-14 03:32:13.229 1503 2348 E DisplayDeviceConfig: requesting nits when no mapping exists.
12-14 03:32:13.245 1503 2348 E DisplayDeviceConfig: requesting nits when no mapping exists.
12-14 03:32:13.246 1503 2348 E DisplayDeviceConfig: requesting nits when no mapping exists.
12-14 03:32:13.262 1503 2348 E DisplayDeviceConfig: requesting nits when no mapping exists.
12-14 03:32:13.263 1503 2348 E DisplayDeviceConfig: requesting nits when no mapping exists.
12-14 03:32:13.282 1503 2348 E DisplayDeviceConfig: requesting nits when no mapping exists.
12-14 03:32:13.283 1503 2348 E DisplayDeviceConfig: requesting nits when no mapping exists.
12-14 03:32:13.296 1503 2348 E DisplayDeviceConfig: requesting nits when no mapping exists.
12-14 03:32:13.296 1503 2348 E DisplayDeviceConfig: requesting nits when no mapping exists.
12-14 03:32:13.313 1503 2348 E DisplayDeviceConfig: requesting nits when no mapping exists.
12-14 03:32:13.314 1503 2348 E DisplayDeviceConfig: requesting nits when no mapping exists.
12-14 03:32:13.322 4287 4324 W ContextImpl: Calling a method in the system process without a qualified user: android.app.ContextImpl.startService:1816 android.content.ContextWrapper.startService:774 com.thundercomm.gamemode.ingame.services.GameModeActionUtils.startGameModeService:99 com.thundercomm.gamemode.ingame.services.GameModeActionUtils.startGameModeEntry:22 com.thundercomm.gamemode.ingame.services.ActivityMonitoringService$1.onActivityLaunch:127
12-14 03:32:13.325 1503 1503 I GameModeConfig: Current uri is uri = content://com.thundercomm.gamemode.api/gamemode_settings/gamemode_isgaming
12-14 03:32:13.327 1503 1503 I GameModeConfig: isGameModeOn = false
12-14 03:32:13.327 1503 1503 I GameModeConfig: isGameModeOn = false
12-14 03:32:13.327 1503 1503 I GameModeConfig: isDisableVoice = true
12-14 03:32:13.330 1503 2348 E DisplayDeviceConfig: requesting nits when no mapping exists.
12-14 03:32:13.330 1503 2348 E DisplayDeviceConfig: requesting nits when no mapping exists.
12-14 03:32:13.345 1503 2348 E DisplayDeviceConfig: requesting nits when no mapping exists.
12-14 03:32:13.346 1503 2348 E DisplayDeviceConfig: requesting nits when no mapping exists.
12-14 03:32:13.362 1503 2348 E DisplayDeviceConfig: requesting nits when no mapping exists.
12-14 03:32:13.363 1503 2348 E DisplayDeviceConfig: requesting nits when no mapping exists.
12-14 03:32:13.379 1503 2348 E DisplayDeviceConfig: requesting nits when no mapping exists.
12-14 03:32:13.380 1503 2348 E DisplayDeviceConfig: requesting nits when no mapping exists.
12-14 03:32:13.397 1503 2348 E DisplayDeviceConfig: requesting nits when no mapping exists.
12-14 03:32:13.397 1503 2348 E DisplayDeviceConfig: requesting nits when no mapping exists.
12-14 03:32:13.413 1503 2348 E DisplayDeviceConfig: requesting nits when no mapping exists.
12-14 03:32:13.413 1503 2348 E DisplayDeviceConfig: requesting nits when no mapping exists.
12-14 03:32:13.429 1503 2348 E DisplayDeviceConfig: requesting nits when no mapping exists.
12-14 03:32:13.431 1503 2348 E DisplayDeviceConfig: requesting nits when no mapping exists.
12-14 03:32:13.446 1503 2348 E DisplayDeviceConfig: requesting nits when no mapping exists.
12-14 03:32:13.446 1503 2348 E DisplayDeviceConfig: requesting nits when no mapping exists.
12-14 03:32:13.462 1503 2348 E DisplayDeviceConfig: requesting nits when no mapping exists.
12-14 03:32:13.463 1503 2348 E DisplayDeviceConfig: requesting nits when no mapping exists.
12-14 03:32:13.479 1503 2348 E DisplayDeviceConfig: requesting nits when no mapping exists.
12-14 03:32:13.481 1503 2348 E DisplayDeviceConfig: requesting nits when no mapping exists.
12-14 03:32:13.496 1503 2348 E DisplayDeviceConfig: requesting nits when no mapping exists.
12-14 03:32:13.496 1503 2348 E DisplayDeviceConfig: requesting nits when no mapping exists.
12-14 03:32:13.515 1503 2348 E DisplayDeviceConfig: requesting nits when no mapping exists.
12-14 03:32:13.515 1503 2348 E DisplayDeviceConfig: requesting nits when no mapping exists.
12-14 03:32:13.531 1503 2348 E DisplayDeviceConfig: requesting nits when no mapping exists.
12-14 03:32:13.531 1503 2348 E DisplayDeviceConfig: requesting nits when no mapping exists.
12-14 03:32:13.546 1503 2348 E DisplayDeviceConfig: requesting nits when no mapping exists.
12-14 03:32:13.546 1503 2348 E DisplayDeviceConfig: requesting nits when no mapping exists.
01-01 09:32:42.462 0 0 D : mv2112_read_status
01-01 09:32:42.463 0 0 D mv2112_update_link: 3.0x901(1G): 0x80
01-01 09:32:42.463 0 0 D mv2112_update_link: 3.0x8109(100M): 0x8
01-01 09:32:42.463 0 0 D mv2112_update_link: link 0x0
01-01 09:32:42.463 0 0 D mv2112_read_status: autoneg is disabled
12-14 03:32:13.563 1503 2348 E DisplayDeviceConfig: requesting nits when no mapping exists.
12-14 03:32:13.564 1503 2348 E DisplayDeviceConfig: requesting nits when no mapping exists.
12-14 03:32:13.580 1503 2348 E DisplayDeviceConfig: requesting nits when no mapping exists.
12-14 03:32:13.580 1503 2348 E DisplayDeviceConfig: requesting nits when no mapping exists.
12-14 03:32:13.596 1503 2348 E DisplayDeviceConfig: requesting nits when no mapping exists.
12-14 03:32:13.597 1503 2348 E DisplayDeviceConfig: requesting nits when no mapping exists.
12-14 03:32:13.614 1503 2348 E DisplayDeviceConfig: requesting nits when no mapping exists.
12-14 03:32:13.615 1503 2348 E DisplayDeviceConfig: requesting nits when no mapping exists.
12-14 03:32:13.630 1503 2348 E DisplayDeviceConfig: requesting nits when no mapping exists.
12-14 03:32:13.632 1503 2348 E DisplayDeviceConfig: requesting nits when no mapping exists.
12-14 03:32:13.647 1503 2348 E DisplayDeviceConfig: requesting nits when no mapping exists.
12-14 03:32:13.648 1503 2348 E DisplayDeviceConfig: requesting nits when no mapping exists.
12-14 03:32:13.665 1503 2348 E DisplayDeviceConfig: requesting nits when no mapping exists.
12-14 03:32:13.665 1503 2348 E DisplayDeviceConfig: requesting nits when no mapping exists.
12-14 03:32:13.680 1503 2348 E DisplayDeviceConfig: requesting nits when no mapping exists.
12-14 03:32:13.681 1503 2348 E DisplayDeviceConfig: requesting nits when no mapping exists.
12-14 03:32:13.697 1503 2348 E DisplayDeviceConfig: requesting nits when no mapping exists.
12-14 03:32:13.698 1503 2348 E DisplayDeviceConfig: requesting nits when no mapping exists.
12-14 03:32:13.713 1503 2348 E DisplayDeviceConfig: requesting nits when no mapping exists.
12-14 03:32:13.714 1503 2348 E DisplayDeviceConfig: requesting nits when no mapping exists.
12-14 03:32:13.730 1503 2348 E DisplayDeviceConfig: requesting nits when no mapping exists.
12-14 03:32:13.731 1503 2348 E DisplayDeviceConfig: requesting nits when no mapping exists.
12-14 03:32:13.747 1503 2348 E DisplayDeviceConfig: requesting nits when no mapping exists.
12-14 03:32:13.747 1503 2348 E DisplayDeviceConfig: requesting nits when no mapping exists.
12-14 03:32:13.764 1503 2348 E DisplayDeviceConfig: requesting nits when no mapping exists.
12-14 03:32:13.764 1503 2348 E DisplayDeviceConfig: requesting nits when no mapping exists.
12-14 03:32:13.780 1503 2348 E DisplayDeviceConfig: requesting nits when no mapping exists.
12-14 03:32:13.781 1503 2348 E DisplayDeviceConfig: requesting nits when no mapping exists.
12-14 03:32:13.797 1503 2348 E DisplayDeviceConfig: requesting nits when no mapping exists.
12-14 03:32:13.798 1503 2348 E DisplayDeviceConfig: requesting nits when no mapping exists.
12-14 03:32:13.814 1503 2348 E DisplayDeviceConfig: requesting nits when no mapping exists.
12-14 03:32:13.814 1503 2348 E DisplayDeviceConfig: requesting nits when no mapping exists.
12-14 03:32:13.831 1503 2348 E DisplayDeviceConfig: requesting nits when no mapping exists.
12-14 03:32:13.832 1503 2348 E DisplayDeviceConfig: requesting nits when no mapping exists.
12-14 03:32:13.853 1503 2348 E DisplayDeviceConfig: requesting nits when no mapping exists.
12-14 03:32:13.855 1503 2348 E DisplayDeviceConfig: requesting nits when no mapping exists.
12-14 03:32:13.864 1503 2348 E DisplayDeviceConfig: requesting nits when no mapping exists.
12-14 03:32:13.865 1503 2348 E DisplayDeviceConfig: requesting nits when no mapping exists.
12-14 03:32:13.880 1503 2348 E DisplayDeviceConfig: requesting nits when no mapping exists.
12-14 03:32:13.880 1503 2348 E DisplayDeviceConfig: requesting nits when no mapping exists.
12-14 03:32:13.898 1503 2348 E DisplayDeviceConfig: requesting nits when no mapping exists.
12-14 03:32:13.898 1503 2348 E DisplayDeviceConfig: requesting nits when no mapping exists.
12-14 03:32:13.915 1503 2348 E DisplayDeviceConfig: requesting nits when no mapping exists.
12-14 03:32:13.916 1503 2348 E DisplayDeviceConfig: requesting nits when no mapping exists.
12-14 03:32:13.930 1503 2348 E DisplayDeviceConfig: requesting nits when no mapping exists.
12-14 03:32:13.932 1503 2348 E DisplayDeviceConfig: requesting nits when no mapping exists.
01-01 09:32:43.119 0 0 I : read descriptors
01-01 09:32:43.119 0 0 I : read strings
01-01 09:32:43.486 0 0 D : mv2112_read_status
01-01 09:32:43.487 0 0 D mv2112_update_link: 3.0x901(1G): 0x80
01-01 09:32:43.487 0 0 D mv2112_update_link: 3.0x8109(100M): 0x8
01-01 09:32:43.487 0 0 D mv2112_update_link: link 0x0
01-01 09:32:43.487 0 0 D mv2112_read_status: autoneg is disabled
01-01 09:32:44.148 0 0 I : read descriptors
01-01 09:32:44.148 0 0 I : read strings
01-01 09:32:44.510 0 0 D : mv2112_read_status
01-01 09:32:44.511 0 0 D mv2112_update_link: 3.0x901(1G): 0x80
01-01 09:32:44.511 0 0 D mv2112_update_link: 3.0x8109(100M): 0x8
01-01 09:32:44.511 0 0 D mv2112_update_link: link 0x0
01-01 09:32:44.511 0 0 D mv2112_read_status: autoneg is disabled
01-01 09:32:45.163 0 0 I : read descriptors
01-01 09:32:45.163 0 0 I : read strings
01-01 09:32:45.534 0 0 D : mv2112_read_status
01-01 09:32:45.535 0 0 D mv2112_update_link: 3.0x901(1G): 0x80
01-01 09:32:45.535 0 0 D mv2112_update_link: 3.0x8109(100M): 0x8
01-01 09:32:45.535 0 0 D mv2112_update_link: link 0x0
01-01 09:32:45.535 0 0 D mv2112_read_status: autoneg is disabled
01-01 09:32:46.179 0 0 I : read descriptors
01-01 09:32:46.179 0 0 I : read strings
01-01 09:32:46.558 0 0 D : mv2112_read_status
01-01 09:32:46.559 0 0 D mv2112_update_link: 3.0x901(1G): 0x80
01-01 09:32:46.559 0 0 D mv2112_update_link: 3.0x8109(100M): 0x8
01-01 09:32:46.559 0 0 D mv2112_update_link: link 0x0
01-01 09:32:46.559 0 0 D mv2112_read_status: autoneg is disabled
01-01 09:32:47.195 0 0 I : read descriptors
01-01 09:32:47.195 0 0 I : read strings
01-01 09:32:47.583 0 0 D : mv2112_read_status
01-01 09:32:47.583 0 0 D mv2112_update_link: 3.0x901(1G): 0x80
01-01 09:32:47.583 0 0 D mv2112_update_link: 3.0x8109(100M): 0x8
01-01 09:32:47.583 0 0 D mv2112_update_link: link 0x0
01-01 09:32:47.583 0 0 D mv2112_read_status: autoneg is disabled
01-01 09:32:48.211 0 0 I : read descriptors
01-01 09:32:48.211 0 0 I : read strings
01-01 09:32:48.606 0 0 D : mv2112_read_status
01-01 09:32:48.607 0 0 D mv2112_update_link: 3.0x901(1G): 0x80
01-01 09:32:48.607 0 0 D mv2112_update_link: 3.0x8109(100M): 0x8
01-01 09:32:48.607 0 0 D mv2112_update_link: link 0x0
01-01 09:32:48.607 0 0 D mv2112_read_status: autoneg is disabled
01-01 09:32:49.227 0 0 I : read descriptors
01-01 09:32:49.227 0 0 I : read strings
01-01 09:32:49.630 0 0 D : mv2112_read_status
01-01 09:32:49.631 0 0 D mv2112_update_link: 3.0x901(1G): 0x80
01-01 09:32:49.631 0 0 D mv2112_update_link: 3.0x8109(100M): 0x8
01-01 09:32:49.631 0 0 D mv2112_update_link: link 0x0
01-01 09:32:49.631 0 0 D mv2112_read_status: autoneg is disabled
01-01 09:32:50.243 0 0 I : read descriptors
01-01 09:32:50.243 0 0 I : read strings
01-01 09:32:50.655 0 0 D : mv2112_read_status
01-01 09:32:50.655 0 0 D mv2112_update_link: 3.0x901(1G): 0x80
01-01 09:32:50.655 0 0 D mv2112_update_link: 3.0x8109(100M): 0x8
01-01 09:32:50.655 0 0 D mv2112_update_link: link 0x0
01-01 09:32:50.655 0 0 D mv2112_read_status: autoneg is disabled
01-01 09:32:51.263 0 0 I : read descriptors
01-01 09:32:51.263 0 0 I : read strings
01-01 09:32:51.679 0 0 D : mv2112_read_status
01-01 09:32:51.679 0 0 D mv2112_update_link: 3.0x901(1G): 0x80
01-01 09:32:51.679 0 0 D mv2112_update_link: 3.0x8109(100M): 0x8
01-01 09:32:51.679 0 0 D mv2112_update_link: link 0x0
01-01 09:32:51.679 0 0 D mv2112_read_status: autoneg is disabled
12-14 03:32:23.208 1503 2313 I GameModeConfig: isGameModeOn = false
01-01 09:32:52.283 0 0 I : read descriptors
01-01 09:32:52.283 0 0 I : read strings
01-01 09:32:52.703 0 0 D : mv2112_read_status
01-01 09:32:52.703 0 0 D mv2112_update_link: 3.0x901(1G): 0x80
01-01 09:32:52.703 0 0 D mv2112_update_link: 3.0x8109(100M): 0x8
01-01 09:32:52.703 0 0 D mv2112_update_link: link 0x0
01-01 09:32:52.703 0 0 D mv2112_read_status: autoneg is disabled
01-01 09:32:53.303 0 0 I : read descriptors
01-01 09:32:53.303 0 0 I : read strings
01-01 09:32:53.727 0 0 D : mv2112_read_status
01-01 09:32:53.727 0 0 D mv2112_update_link: 3.0x901(1G): 0x80
01-01 09:32:53.727 0 0 D mv2112_update_link: 3.0x8109(100M): 0x8
01-01 09:32:53.727 0 0 D mv2112_update_link: link 0x0
01-01 09:32:53.727 0 0 D mv2112_read_status: autoneg is disabled
01-01 09:32:54.319 0 0 I : read descriptors
01-01 09:32:54.319 0 0 I : read strings
01-01 09:32:54.751 0 0 D : mv2112_read_status
01-01 09:32:54.751 0 0 D mv2112_update_link: 3.0x901(1G): 0x80
01-01 09:32:54.751 0 0 D mv2112_update_link: 3.0x8109(100M): 0x8
01-01 09:32:54.751 0 0 D mv2112_update_link: link 0x0
01-01 09:32:54.751 0 0 D mv2112_read_status: autoneg is disabled
01-01 09:32:55.343 0 0 I : read descriptors
01-01 09:32:55.344 0 0 I : read strings
01-01 09:32:55.774 0 0 D : mv2112_read_status
01-01 09:32:55.775 0 0 D mv2112_update_link: 3.0x901(1G): 0x80
01-01 09:32:55.775 0 0 D mv2112_update_link: 3.0x8109(100M): 0x8
01-01 09:32:55.775 0 0 D mv2112_update_link: link 0x0
01-01 09:32:55.775 0 0 D mv2112_read_status: autoneg is disabled
01-01 09:32:56.359 0 0 I : read descriptors
01-01 09:32:56.359 0 0 I : read strings
01-01 09:32:56.799 0 0 D : mv2112_read_status
01-01 09:32:56.799 0 0 D mv2112_update_link: 3.0x901(1G): 0x80
01-01 09:32:56.799 0 0 D mv2112_update_link: 3.0x8109(100M): 0x8
01-01 09:32:56.799 0 0 D mv2112_update_link: link 0x0
01-01 09:32:56.799 0 0 D mv2112_read_status: autoneg is disabled
01-01 09:32:57.375 0 0 I : read descriptors
01-01 09:32:57.375 0 0 I : read strings
01-01 09:32:57.822 0 0 D : mv2112_read_status
01-01 09:32:57.823 0 0 D mv2112_update_link: 3.0x901(1G): 0x80
01-01 09:32:57.823 0 0 D mv2112_update_link: 3.0x8109(100M): 0x8
01-01 09:32:57.823 0 0 D mv2112_update_link: link 0x0
01-01 09:32:57.823 0 0 D mv2112_read_status: autoneg is disabled
01-01 09:32:58.391 0 0 I : read descriptors
01-01 09:32:58.391 0 0 I : read strings
01-01 09:32:58.846 0 0 D : mv2112_read_status
01-01 09:32:58.847 0 0 D mv2112_update_link: 3.0x901(1G): 0x80
01-01 09:32:58.847 0 0 D mv2112_update_link: 3.0x8109(100M): 0x8
01-01 09:32:58.847 0 0 D mv2112_update_link: link 0x0
01-01 09:32:58.847 0 0 D mv2112_read_status: autoneg is disabled
01-01 09:32:59.407 0 0 I : read descriptors
01-01 09:32:59.407 0 0 I : read strings
01-01 09:32:59.870 0 0 D : mv2112_read_status
01-01 09:32:59.871 0 0 D mv2112_update_link: 3.0x901(1G): 0x80
01-01 09:32:59.871 0 0 D mv2112_update_link: 3.0x8109(100M): 0x8
01-01 09:32:59.871 0 0 D mv2112_update_link: link 0x0
01-01 09:32:59.871 0 0 D mv2112_read_status: autoneg is disabled
01-01 09:33:00.423 0 0 I : read descriptors
01-01 09:33:00.423 0 0 I : read strings
01-01 09:33:00.894 0 0 D : mv2112_read_status
01-01 09:33:00.895 0 0 D mv2112_update_link: 3.0x901(1G): 0x80
01-01 09:33:00.895 0 0 D mv2112_update_link: 3.0x8109(100M): 0x8
01-01 09:33:00.895 0 0 D mv2112_update_link: link 0x0
01-01 09:33:00.895 0 0 D mv2112_read_status: autoneg is disabled
01-01 09:33:01.439 0 0 I : read descriptors
01-01 09:33:01.439 0 0 I : read strings
01-01 09:33:01.919 0 0 D : mv2112_read_status
01-01 09:33:01.919 0 0 D mv2112_update_link: 3.0x901(1G): 0x80
01-01 09:33:01.919 0 0 D mv2112_update_link: 3.0x8109(100M): 0x8
01-01 09:33:01.919 0 0 D mv2112_update_link: link 0x0
01-01 09:33:01.919 0 0 D mv2112_read_status: autoneg is disabled
01-01 09:33:02.455 0 0 I : read descriptors
01-01 09:33:02.455 0 0 I : read strings
01-01 09:33:02.943 0 0 D : mv2112_read_status
01-01 09:33:02.943 0 0 D mv2112_update_link: 3.0x901(1G): 0x80
01-01 09:33:02.943 0 0 D mv2112_update_link: 3.0x8109(100M): 0x8
01-01 09:33:02.943 0 0 D mv2112_update_link: link 0x0
01-01 09:33:02.943 0 0 D mv2112_read_status: autoneg is disabled
01-01 09:33:03.471 0 0 I : read descriptors
01-01 09:33:03.471 0 0 I : read strings
01-01 09:33:03.574 0 0 I binder : 1503:1766 ioctl 400c620e 75d7df95d8 returned -22
01-01 09:33:03.578 0 0 I binder : 1503:1766 ioctl c00c620f 75d7df95b8 returned -22
12-14 03:32:34.662 1503 1766 D ActivityManager: freezing 2807 com.android.settings:CryptKeeper
12-14 03:32:34.662 1503 1766 E ActivityManager: Unable to freeze binder for 2807 com.android.settings:CryptKeeper
12-14 03:32:34.666 1503 1766 D ActivityManager: froze 2807 com.android.settings:CryptKeeper
12-14 03:32:34.666 1503 1766 E ActivityManager: Unable to freeze binder for 2807 com.android.settings:CryptKeeper
12-14 03:32:34.667 1503 1766 I ActivityManager: Killing 2807:com.android.settings:CryptKeeper/1000 (adj 985): Unable to freeze binder interface
01-01 09:33:03.966 0 0 D : mv2112_read_status
01-01 09:33:03.967 0 0 D mv2112_update_link: 3.0x901(1G): 0x80
01-01 09:33:03.967 0 0 D mv2112_update_link: 3.0x8109(100M): 0x8
01-01 09:33:03.967 0 0 D mv2112_update_link: link 0x0
01-01 09:33:03.967 0 0 D mv2112_read_status: autoneg is disabled
01-01 09:33:04.491 0 0 I : read descriptors
01-01 09:33:04.491 0 0 I : read strings
12-14 03:32:36.029 1503 1766 D ActivityManager: freezing 3442 com.android.documentsui
12-14 03:32:36.030 1503 1766 E ActivityManager: Unable to freeze binder for 3442 com.android.documentsui
01-01 09:33:04.941 0 0 I binder : 1503:1766 ioctl 400c620e 75d7df95d8 returned -22
01-01 09:33:04.943 0 0 I binder : 1503:1766 ioctl c00c620f 75d7df95b8 returned -22
12-14 03:32:36.031 1503 1766 D ActivityManager: froze 3442 com.android.documentsui
12-14 03:32:36.031 1503 1766 E ActivityManager: Unable to freeze binder for 3442 com.android.documentsui
12-14 03:32:36.032 1503 1766 I ActivityManager: Killing 3442:com.android.documentsui/u0a31 (adj 985): Unable to freeze binder interface
01-01 09:33:04.994 0 0 D : mv2112_read_status
01-01 09:33:04.995 0 0 D mv2112_update_link: 3.0x901(1G): 0x80
01-01 09:33:04.995 0 0 D mv2112_update_link: 3.0x8109(100M): 0x8
01-01 09:33:04.995 0 0 D mv2112_update_link: link 0x0
01-01 09:33:04.995 0 0 D mv2112_read_status: autoneg is disabled
01-01 09:33:05.192 0 0 I binder : 1503:1766 ioctl 400c620e 75d7df95d8 returned -22
12-14 03:32:36.280 1503 1766 D ActivityManager: freezing 3463 com.android.keychain
12-14 03:32:36.280 1503 1766 E ActivityManager: Unable to freeze binder for 3463 com.android.keychain
01-01 09:33:05.193 0 0 I binder : 1503:1766 ioctl c00c620f 75d7df95b8 returned -22
12-14 03:32:36.281 1503 1766 D ActivityManager: froze 3463 com.android.keychain
12-14 03:32:36.281 1503 1766 E ActivityManager: Unable to freeze binder for 3463 com.android.keychain
12-14 03:32:36.283 1503 1766 I ActivityManager: Killing 3463:com.android.keychain/1000 (adj 985): Unable to freeze binder interface
01-01 09:33:05.504 0 0 I binder : 1503:1766 ioctl 400c620e 75d7df95d8 returned -22
01-01 09:33:05.506 0 0 I binder : 1503:1766 ioctl c00c620f 75d7df95b8 returned -22
12-14 03:32:36.592 1503 1766 D ActivityManager: freezing 3841 com.android.traceur
12-14 03:32:36.593 1503 1766 E ActivityManager: Unable to freeze binder for 3841 com.android.traceur
12-14 03:32:36.594 1503 1766 D ActivityManager: froze 3841 com.android.traceur
12-14 03:32:36.594 1503 1766 E ActivityManager: Unable to freeze binder for 3841 com.android.traceur
12-14 03:32:36.595 1503 1766 I ActivityManager: Killing 3841:com.android.traceur/u0a34 (adj 975): Unable to freeze binder interface
01-01 09:33:05.511 0 0 I : read descriptors
01-01 09:33:05.511 0 0 I : read strings
12-14 03:32:37.036 1503 1766 D ActivityManager: freezing 3937 com.hryt.hiphishowfsecontrol
12-14 03:32:37.037 1503 1766 E ActivityManager: Unable to freeze binder for 3937 com.hryt.hiphishowfsecontrol
12-14 03:32:37.037 1503 1766 D ActivityManager: froze 3937 com.hryt.hiphishowfsecontrol
12-14 03:32:37.038 1503 1766 E ActivityManager: Unable to freeze binder for 3937 com.hryt.hiphishowfsecontrol
01-01 09:33:05.948 0 0 I binder : 1503:1766 ioctl 400c620e 75d7df95d8 returned -22
01-01 09:33:05.949 0 0 I binder : 1503:1766 ioctl c00c620f 75d7df95b8 returned -22
12-14 03:32:37.039 1503 1766 D ActivityManager: freezing 3912 com.android.calendar
12-14 03:32:37.039 1503 1766 E ActivityManager: Unable to freeze binder for 3912 com.android.calendar
12-14 03:32:37.040 1503 1766 D ActivityManager: froze 3912 com.android.calendar
12-14 03:32:37.040 1503 1766 E ActivityManager: Unable to freeze binder for 3912 com.android.calendar
12-14 03:32:37.041 1503 1766 I ActivityManager: Killing 3937:com.hryt.hiphishowfsecontrol/u0a33 (adj 975): Unable to freeze binder interface
01-01 09:33:05.951 0 0 I binder : 1503:1766 ioctl 400c620e 75d7df95d8 returned -22
01-01 09:33:05.952 0 0 I binder : 1503:1766 ioctl c00c620f 75d7df95b8 returned -22
12-14 03:32:37.043 1503 1766 I ActivityManager: Killing 3912:com.android.calendar/u0a68 (adj 975): Unable to freeze binder interface
01-01 09:33:06.014 0 0 D : mv2112_read_status
01-01 09:33:06.015 0 0 D mv2112_update_link: 3.0x901(1G): 0x80
01-01 09:33:06.015 0 0 D mv2112_update_link: 3.0x8109(100M): 0x8
01-01 09:33:06.015 0 0 D mv2112_update_link: link 0x0
01-01 09:33:06.015 0 0 D mv2112_read_status: autoneg is disabled
12-14 03:32:37.189 1503 1766 D ActivityManager: freezing 4014 com.android.dynsystem
01-01 09:33:06.101 0 0 I binder : 1503:1766 ioctl 400c620e 75d7df95d8 returned -22
01-01 09:33:06.102 0 0 I binder : 1503:1766 ioctl c00c620f 75d7df95b8 returned -22
12-14 03:32:37.189 1503 1766 E ActivityManager: Unable to freeze binder for 4014 com.android.dynsystem
12-14 03:32:37.190 1503 1766 D ActivityManager: froze 4014 com.android.dynsystem
12-14 03:32:37.191 1503 1766 E ActivityManager: Unable to freeze binder for 4014 com.android.dynsystem
12-14 03:32:37.192 1503 1766 I ActivityManager: Killing 4014:com.android.dynsystem/1000 (adj 965): Unable to freeze binder interface
12-14 03:32:37.337 1503 1766 D ActivityManager: freezing 4046 com.android.dynsystem:dynsystem
12-14 03:32:37.337 1503 1766 E ActivityManager: Unable to freeze binder for 4046 com.android.dynsystem:dynsystem
01-01 09:33:06.249 0 0 I binder : 1503:1766 ioctl 400c620e 75d7df95d8 returned -22
12-14 03:32:37.339 1503 1766 D ActivityManager: froze 4046 com.android.dynsystem:dynsystem
12-14 03:32:37.339 1503 1766 E ActivityManager: Unable to freeze binder for 4046 com.android.dynsystem:dynsystem
12-14 03:32:37.340 1503 1766 I ActivityManager: Killing 4046:com.android.dynsystem:dynsystem/1000 (adj 995): Unable to freeze binder interface
01-01 09:33:06.251 0 0 I binder : 1503:1766 ioctl c00c620f 75d7df95b8 returned -22
01-01 09:33:06.527 0 0 I : read descriptors
01-01 09:33:06.527 0 0 I : read strings
01-01 09:33:06.602 0 0 I binder : 1503:1766 ioctl 400c620e 75d7df95d8 returned -22
12-14 03:32:37.690 1503 1766 D ActivityManager: freezing 4106 com.android.music
12-14 03:32:37.691 1503 1766 E ActivityManager: Unable to freeze binder for 4106 com.android.music
12-14 03:32:37.692 1503 1766 D ActivityManager: froze 4106 com.android.music
12-14 03:32:37.692 1503 1766 E ActivityManager: Unable to freeze binder for 4106 com.android.music
12-14 03:32:37.693 1503 1766 I ActivityManager: Killing 4106:com.android.music/u0a90 (adj 985): Unable to freeze binder interface
01-01 09:33:06.604 0 0 I binder : 1503:1766 ioctl c00c620f 75d7df95b8 returned -22
12-14 03:32:37.899 1503 1766 D ActivityManager: freezing 4146 com.android.onetimeinitializer
12-14 03:32:37.900 1503 1766 E ActivityManager: Unable to freeze binder for 4146 com.android.onetimeinitializer
12-14 03:32:37.900 1503 1766 D ActivityManager: froze 4146 com.android.onetimeinitializer
12-14 03:32:37.901 1503 1766 E ActivityManager: Unable to freeze binder for 4146 com.android.onetimeinitializer
01-01 09:33:06.811 0 0 I binder : 1503:1766 ioctl 400c620e 75d7df95d8 returned -22
01-01 09:33:06.812 0 0 I binder : 1503:1766 ioctl c00c620f 75d7df95b8 returned -22
12-14 03:32:37.901 1503 1766 I ActivityManager: Killing 4146:com.android.onetimeinitializer/u0a60 (adj 985): Unable to freeze binder interface
01-01 09:33:06.945 0 0 I binder : 1503:1766 ioctl 400c620e 75d7df95d8 returned -22
01-01 09:33:06.947 0 0 I binder : 1503:1766 ioctl c00c620f 75d7df95b8 returned -22
12-14 03:32:38.033 1503 1766 D ActivityManager: freezing 2919 com.android.settings
12-14 03:32:38.034 1503 1766 E ActivityManager: Unable to freeze binder for 2919 com.android.settings
12-14 03:32:38.035 1503 1766 D ActivityManager: froze 2919 com.android.settings
12-14 03:32:38.035 1503 1766 E ActivityManager: Unable to freeze binder for 2919 com.android.settings
12-14 03:32:38.037 1503 1766 I ActivityManager: Killing 2919:com.android.settings/1000 (adj 965): Unable to freeze binder interface
12-14 03:32:38.075 1503 1604 W ActivityManager: setHasOverlayUi called on unknown pid: 2919
01-01 09:33:07.039 0 0 D : mv2112_read_status
01-01 09:33:07.039 0 0 D mv2112_update_link: 3.0x901(1G): 0x80
01-01 09:33:07.039 0 0 D mv2112_update_link: 3.0x8109(100M): 0x8
01-01 09:33:07.039 0 0 D mv2112_update_link: link 0x0
01-01 09:33:07.039 0 0 D mv2112_read_status: autoneg is disabled
12-14 03:32:38.177 1503 1766 D ActivityManager: freezing 4202 com.android.phone
01-01 09:33:07.089 0 0 I binder : 1503:1766 ioctl 400c620e 75d7df95d8 returned -22
12-14 03:32:38.177 1503 1766 E ActivityManager: Unable to freeze binder for 4202 com.android.phone
12-14 03:32:38.179 1503 1766 D ActivityManager: froze 4202 com.android.phone
12-14 03:32:38.179 1503 1766 E ActivityManager: Unable to freeze binder for 4202 com.android.phone
01-01 09:33:07.091 0 0 I binder : 1503:1766 ioctl c00c620f 75d7df95b8 returned -22
12-14 03:32:38.180 1503 1766 I ActivityManager: Killing 4202:com.android.phone/1001 (adj 955): Unable to freeze binder interface
12-14 03:32:38.214 1503 5601 I Watchdog: Interesting Java process com.android.phone died. Pid 4202
01-01 09:33:07.539 0 0 I : read descriptors
01-01 09:33:07.539 0 0 I : read strings
12-14 03:32:38.732 1503 1766 D ActivityManager: freezing 4266 com.qualcomm.qti.qms.service.connectionsecurity
12-14 03:32:38.732 1503 1766 E ActivityManager: Unable to freeze binder for 4266 com.qualcomm.qti.qms.service.connectionsecurity
12-14 03:32:38.733 1503 1766 D ActivityManager: froze 4266 com.qualcomm.qti.qms.service.connectionsecurity
12-14 03:32:38.734 1503 1766 E ActivityManager: Unable to freeze binder for 4266 com.qualcomm.qti.qms.service.connectionsecurity
01-01 09:33:07.644 0 0 I binder : 1503:1766 ioctl 400c620e 75d7df95d8 returned -22
01-01 09:33:07.645 0 0 I binder : 1503:1766 ioctl c00c620f 75d7df95b8 returned -22
12-14 03:32:38.736 1503 1766 D ActivityManager: freezing 3256 com.qualcomm.qtil.aptxui
12-14 03:32:38.736 1503 1766 E ActivityManager: Unable to freeze binder for 3256 com.qualcomm.qtil.aptxui
12-14 03:32:38.737 1503 1766 D ActivityManager: froze 3256 com.qualcomm.qtil.aptxui
01-01 09:33:07.648 0 0 I binder : 1503:1766 ioctl 400c620e 75d7df95d8 returned -22
01-01 09:33:07.649 0 0 I binder : 1503:1766 ioctl c00c620f 75d7df95b8 returned -22
12-14 03:32:38.738 1503 1766 E ActivityManager: Unable to freeze binder for 3256 com.qualcomm.qtil.aptxui
12-14 03:32:38.739 1503 1766 I ActivityManager: Killing 4266:com.qualcomm.qti.qms.service.connectionsecurity/u0a58 (adj 945): Unable to freeze binder interface
12-14 03:32:38.741 1503 1766 I ActivityManager: Killing 3256:com.qualcomm.qtil.aptxui/u0a86 (adj 945): Unable to freeze binder interface
12-14 03:32:38.870 1503 1766 D ActivityManager: freezing 4293 com.android.localtransport
01-01 09:33:07.782 0 0 I binder : 1503:1766 ioctl 400c620e 75d7df95d8 returned -22
12-14 03:32:38.870 1503 1766 E ActivityManager: Unable to freeze binder for 4293 com.android.localtransport
12-14 03:32:38.871 1503 1766 D ActivityManager: froze 4293 com.android.localtransport
12-14 03:32:38.872 1503 1766 E ActivityManager: Unable to freeze binder for 4293 com.android.localtransport
12-14 03:32:38.872 1503 1766 I ActivityManager: Killing 4293:com.android.localtransport/1000 (adj 935): Unable to freeze binder interface
01-01 09:33:07.783 0 0 I binder : 1503:1766 ioctl c00c620f 75d7df95b8 returned -22
01-01 09:33:08.063 0 0 D : mv2112_read_status
01-01 09:33:08.063 0 0 D mv2112_update_link: 3.0x901(1G): 0x80
01-01 09:33:08.063 0 0 D mv2112_update_link: 3.0x8109(100M): 0x8
01-01 09:33:08.063 0 0 D mv2112_update_link: link 0x0
01-01 09:33:08.063 0 0 D mv2112_read_status: autoneg is disabled
12-14 03:32:39.319 1503 1766 D ActivityManager: freezing 3585 com.android.externalstorage
12-14 03:32:39.320 1503 1766 E ActivityManager: Unable to freeze binder for 3585 com.android.externalstorage
12-14 03:32:39.321 1503 1766 D ActivityManager: froze 3585 com.android.externalstorage
12-14 03:32:39.321 1503 1766 E ActivityManager: Unable to freeze binder for 3585 com.android.externalstorage
12-14 03:32:39.322 1503 1766 I ActivityManager: Killing 3585:com.android.externalstorage/u0a29 (adj 935): Unable to freeze binder interface
01-01 09:33:08.231 0 0 I binder : 1503:1766 ioctl 400c620e 75d7df95d8 returned -22
01-01 09:33:08.233 0 0 I binder : 1503:1766 ioctl c00c620f 75d7df95b8 returned -22
01-01 09:33:08.551 0 0 I : read descriptors
01-01 09:33:08.551 0 0 I : read strings
01-01 09:33:08.660 0 0 I binder : 1503:1766 ioctl 400c620e 75d7df95d8 returned -22
12-14 03:32:39.748 1503 1766 D ActivityManager: freezing 4047 com.android.gallery3d
01-01 09:33:08.661 0 0 I binder : 1503:1766 ioctl c00c620f 75d7df95b8 returned -22
12-14 03:32:39.748 1503 1766 E ActivityManager: Unable to freeze binder for 4047 com.android.gallery3d
12-14 03:32:39.749 1503 1766 D ActivityManager: froze 4047 com.android.gallery3d
12-14 03:32:39.750 1503 1766 E ActivityManager: Unable to freeze binder for 4047 com.android.gallery3d
12-14 03:32:39.751 1503 1766 I ActivityManager: Killing 4047:com.android.gallery3d/u0a63 (adj 935): Unable to freeze binder interface
01-01 09:33:09.086 0 0 D : mv2112_read_status
01-01 09:33:09.087 0 0 D mv2112_update_link: 3.0x901(1G): 0x80
01-01 09:33:09.087 0 0 D mv2112_update_link: 3.0x8109(100M): 0x8
01-01 09:33:09.087 0 0 D mv2112_update_link: link 0x0
01-01 09:33:09.087 0 0 D mv2112_read_status: autoneg is disabled
01-01 09:33:09.567 0 0 I : read descriptors
01-01 09:33:09.567 0 0 I : read strings
12-14 03:32:41.129 1503 3303 W ActivityManager: Unable to start service Intent { act=android.intent.action.START_LEBO_SERVICE pkg=com.hpplay.happyplay.aw } U=0: not found
01-01 09:33:10.110 0 0 D : mv2112_read_status
01-01 09:33:10.111 0 0 D mv2112_update_link: 3.0x901(1G): 0x80
01-01 09:33:10.111 0 0 D mv2112_update_link: 3.0x8109(100M): 0x8
01-01 09:33:10.111 0 0 D mv2112_update_link: link 0x0
01-01 09:33:10.111 0 0 D mv2112_read_status: autoneg is disabled
01-01 09:33:10.579 0 0 I : read descriptors
01-01 09:33:10.579 0 0 I : read strings
01-01 09:33:11.135 0 0 D : mv2112_read_status
01-01 09:33:11.135 0 0 D mv2112_update_link: 3.0x901(1G): 0x80
01-01 09:33:11.135 0 0 D mv2112_update_link: 3.0x8109(100M): 0x8
01-01 09:33:11.135 0 0 D mv2112_update_link: link 0x0
01-01 09:33:11.135 0 0 D mv2112_read_status: autoneg is disabled
01-01 09:33:11.591 0 0 I : read descriptors
01-01 09:33:11.591 0 0 I : read strings
01-01 09:33:11.913 0 0 I binder : 1503:1766 ioctl 400c620e 75d7df95d8 returned -22
12-14 03:32:43.001 1503 1766 D ActivityManager: freezing 3791 com.android.providers.calendar
12-14 03:32:43.002 1503 1766 E ActivityManager: Unable to freeze binder for 3791 com.android.providers.calendar
12-14 03:32:43.003 1503 1766 D ActivityManager: froze 3791 com.android.providers.calendar
12-14 03:32:43.003 1503 1766 E ActivityManager: Unable to freeze binder for 3791 com.android.providers.calendar
12-14 03:32:43.005 1503 1766 I ActivityManager: Killing 3791:com.android.providers.calendar/u0a19 (adj 925): Unable to freeze binder interface
01-01 09:33:11.915 0 0 I binder : 1503:1766 ioctl c00c620f 75d7df95b8 returned -22
01-01 09:33:12.159 0 0 D : mv2112_read_status
01-01 09:33:12.159 0 0 D mv2112_update_link: 3.0x901(1G): 0x80
01-01 09:33:12.159 0 0 D mv2112_update_link: 3.0x8109(100M): 0x8
01-01 09:33:12.159 0 0 D mv2112_update_link: link 0x0
01-01 09:33:12.159 0 0 D mv2112_read_status: autoneg is disabled
01-01 09:33:12.607 0 0 I : read descriptors
01-01 09:33:12.607 0 0 I : read strings
12-14 03:32:44.160 1503 1766 D ActivityManager: freezing 4468 com.qualcomm.qti.qms.service.trustzoneaccess
12-14 03:32:44.161 1503 1766 E ActivityManager: Unable to freeze binder for 4468 com.qualcomm.qti.qms.service.trustzoneaccess
01-01 09:33:13.072 0 0 I binder : 1503:1766 ioctl 400c620e 75d7df95d8 returned -22
01-01 09:33:13.074 0 0 I binder : 1503:1766 ioctl c00c620f 75d7df95b8 returned -22
12-14 03:32:44.162 1503 1766 D ActivityManager: froze 4468 com.qualcomm.qti.qms.service.trustzoneaccess
12-14 03:32:44.162 1503 1766 E ActivityManager: Unable to freeze binder for 4468 com.qualcomm.qti.qms.service.trustzoneaccess
12-14 03:32:44.164 1503 1766 I ActivityManager: Killing 4468:com.qualcomm.qti.qms.service.trustzoneaccess/u0a55 (adj 945): Unable to freeze binder interface
01-01 09:33:13.182 0 0 D : mv2112_read_status
01-01 09:33:13.183 0 0 D mv2112_update_link: 3.0x901(1G): 0x80
01-01 09:33:13.183 0 0 D mv2112_update_link: 3.0x8109(100M): 0x8
01-01 09:33:13.183 0 0 D mv2112_update_link: link 0x0
01-01 09:33:13.183 0 0 D mv2112_read_status: autoneg is disabled
01-01 09:33:13.623 0 0 I : read descriptors
01-01 09:33:13.623 0 0 I : read strings
01-01 09:33:14.206 0 0 D : mv2112_read_status
01-01 09:33:14.206 0 0 D mv2112_update_link: 3.0x901(1G): 0x80
01-01 09:33:14.207 0 0 D mv2112_update_link: 3.0x8109(100M): 0x8
01-01 09:33:14.207 0 0 D mv2112_update_link: link 0x0
01-01 09:33:14.207 0 0 D mv2112_read_status: autoneg is disabled
01-01 09:33:14.639 0 0 I : read descriptors
01-01 09:33:14.639 0 0 I : read strings
01-01 09:33:15.230 0 0 D : mv2112_read_status
01-01 09:33:15.230 0 0 D mv2112_update_link: 3.0x901(1G): 0x80
01-01 09:33:15.231 0 0 D mv2112_update_link: 3.0x8109(100M): 0x8
01-01 09:33:15.231 0 0 D mv2112_update_link: link 0x0
01-01 09:33:15.231 0 0 D mv2112_read_status: autoneg is disabled
01-01 09:33:15.655 0 0 I : read descriptors
01-01 09:33:15.655 0 0 I : read strings
01-01 09:33:16.254 0 0 D : mv2112_read_status
01-01 09:33:16.255 0 0 D mv2112_update_link: 3.0x901(1G): 0x80
01-01 09:33:16.255 0 0 D mv2112_update_link: 3.0x8109(100M): 0x8
01-01 09:33:16.255 0 0 D mv2112_update_link: link 0x0
01-01 09:33:16.255 0 0 D mv2112_read_status: autoneg is disabled
01-01 09:33:16.675 0 0 I : read descriptors
01-01 09:33:16.675 0 0 I : read strings
01-01 09:33:17.279 0 0 D : mv2112_read_status
01-01 09:33:17.279 0 0 D mv2112_update_link: 3.0x901(1G): 0x80
01-01 09:33:17.279 0 0 D mv2112_update_link: 3.0x8109(100M): 0x8
01-01 09:33:17.279 0 0 D mv2112_update_link: link 0x0
01-01 09:33:17.279 0 0 D mv2112_read_status: autoneg is disabled
01-01 09:33:17.695 0 0 I : read descriptors
01-01 09:33:17.695 0 0 I : read strings
01-01 09:33:18.302 0 0 D : mv2112_read_status
01-01 09:33:18.302 0 0 D mv2112_update_link: 3.0x901(1G): 0x80
01-01 09:33:18.303 0 0 D mv2112_update_link: 3.0x8109(100M): 0x8
01-01 09:33:18.303 0 0 D mv2112_update_link: link 0x0
01-01 09:33:18.303 0 0 D mv2112_read_status: autoneg is disabled
01-01 09:33:18.711 0 0 I : read descriptors
01-01 09:33:18.711 0 0 I : read strings
01-01 09:33:19.326 0 0 D : mv2112_read_status
01-01 09:33:19.327 0 0 D mv2112_update_link: 3.0x901(1G): 0x80
01-01 09:33:19.327 0 0 D mv2112_update_link: 3.0x8109(100M): 0x8
01-01 09:33:19.327 0 0 D mv2112_update_link: link 0x0
01-01 09:33:19.327 0 0 D mv2112_read_status: autoneg is disabled
01-01 09:33:19.727 0 0 I : read descriptors
01-01 09:33:19.727 0 0 I : read strings
01-01 09:33:20.350 0 0 D : mv2112_read_status
01-01 09:33:20.351 0 0 D mv2112_update_link: 3.0x901(1G): 0x80
01-01 09:33:20.351 0 0 D mv2112_update_link: 3.0x8109(100M): 0x8
01-01 09:33:20.351 0 0 D mv2112_update_link: link 0x0
01-01 09:33:20.351 0 0 D mv2112_read_status: autoneg is disabled
01-01 09:33:20.747 0 0 I : read descriptors
01-01 09:33:20.747 0 0 I : read strings
01-01 09:33:21.374 0 0 D : mv2112_read_status
01-01 09:33:21.375 0 0 D mv2112_update_link: 3.0x901(1G): 0x80
01-01 09:33:21.375 0 0 D mv2112_update_link: 3.0x8109(100M): 0x8
01-01 09:33:21.375 0 0 D mv2112_update_link: link 0x0
01-01 09:33:21.375 0 0 D mv2112_read_status: autoneg is disabled
01-01 09:33:21.763 0 0 I : read descriptors
01-01 09:33:21.763 0 0 I : read strings
01-01 09:33:22.399 0 0 D : mv2112_read_status
01-01 09:33:22.399 0 0 D mv2112_update_link: 3.0x901(1G): 0x80
01-01 09:33:22.399 0 0 D mv2112_update_link: 3.0x8109(100M): 0x8
01-01 09:33:22.399 0 0 D mv2112_update_link: link 0x0
01-01 09:33:22.399 0 0 D mv2112_read_status: autoneg is disabled
01-01 09:33:22.779 0 0 I : read descriptors
01-01 09:33:22.779 0 0 I : read strings
01-01 09:33:23.423 0 0 D : mv2112_read_status
01-01 09:33:23.423 0 0 D mv2112_update_link: 3.0x901(1G): 0x80
01-01 09:33:23.423 0 0 D mv2112_update_link: 3.0x8109(100M): 0x8
01-01 09:33:23.423 0 0 D mv2112_update_link: link 0x0
01-01 09:33:23.423 0 0 D mv2112_read_status: autoneg is disabled
01-01 09:33:23.795 0 0 I : read descriptors
01-01 09:33:23.795 0 0 I : read strings
01-01 09:33:24.446 0 0 D : mv2112_read_status
01-01 09:33:24.447 0 0 D mv2112_update_link: 3.0x901(1G): 0x80
01-01 09:33:24.447 0 0 D mv2112_update_link: 3.0x8109(100M): 0x8
01-01 09:33:24.447 0 0 D mv2112_update_link: link 0x0
01-01 09:33:24.447 0 0 D mv2112_read_status: autoneg is disabled
01-01 09:33:24.811 0 0 I : read descriptors
01-01 09:33:24.811 0 0 I : read strings
01-01 09:33:25.470 0 0 D : mv2112_read_status
01-01 09:33:25.471 0 0 D mv2112_update_link: 3.0x901(1G): 0x80
01-01 09:33:25.471 0 0 D mv2112_update_link: 3.0x8109(100M): 0x8
01-01 09:33:25.471 0 0 D mv2112_update_link: link 0x0
01-01 09:33:25.471 0 0 D mv2112_read_status: autoneg is disabled
01-01 09:33:25.827 0 0 I : read descriptors
01-01 09:33:25.827 0 0 I : read strings
01-01 09:33:26.494 0 0 D : mv2112_read_status
01-01 09:33:26.494 0 0 D mv2112_update_link: 3.0x901(1G): 0x80
01-01 09:33:26.495 0 0 D mv2112_update_link: 3.0x8109(100M): 0x8
01-01 09:33:26.495 0 0 D mv2112_update_link: link 0x0
01-01 09:33:26.495 0 0 D mv2112_read_status: autoneg is disabled
01-01 09:33:26.851 0 0 I : read descriptors
01-01 09:33:26.851 0 0 I : read strings
01-01 09:33:27.518 0 0 D : mv2112_read_status
01-01 09:33:27.519 0 0 D mv2112_update_link: 3.0x901(1G): 0x80
01-01 09:33:27.519 0 0 D mv2112_update_link: 3.0x8109(100M): 0x8
01-01 09:33:27.519 0 0 D mv2112_update_link: link 0x0
01-01 09:33:27.519 0 0 D mv2112_read_status: autoneg is disabled
01-01 09:33:27.871 0 0 I : read descriptors
