12-14 03:22:36.594 1503 1503 E BootReceiver: at android.app.ActivityThread.access$1600(ActivityThread.java:248)
12-14 03:22:36.594 1503 1503 E BootReceiver: at android.app.ActivityThread$H.handleMessage(ActivityThread.java:2065)
12-14 03:22:36.594 1503 1503 E BootReceiver: at android.os.Handler.dispatchMessage(Handler.java:106)
12-14 03:22:36.594 1503 1503 E BootReceiver: at android.os.Looper.loopOnce(Looper.java:201)
12-14 03:22:36.594 1503 1503 E BootReceiver: at android.os.Looper.loop(Looper.java:288)
12-14 03:22:36.594 1503 1503 E BootReceiver: at com.android.server.SystemServer.run(SystemServer.java:908)
12-14 03:22:36.594 1503 1503 E BootReceiver: at com.android.server.SystemServer.main(SystemServer.java:615)
12-14 03:22:36.594 1503 1503 E BootReceiver: at java.lang.reflect.Method.invoke(Native Method)
12-14 03:22:36.594 1503 1503 E BootReceiver: at com.android.internal.os.RuntimeInit$MethodAndArgsCaller.run(RuntimeInit.java:548)
12-14 03:22:36.594 1503 1503 E BootReceiver: at com.android.internal.os.ZygoteInit.main(ZygoteInit.java:987)
12-14 03:22:36.595 1503 1612 I DropBoxManagerService: add tag=system_server_wtf isTagEnabled=true flags=0x2
12-14 03:22:36.598 1503 3864 I BootReceiver: No existing last log timestamp file /data/system/log-files.xml; starting empty
12-14 03:22:36.599 1503 3864 I DropBoxManagerService: add tag=SYSTEM_BOOT isTagEnabled=true flags=0x2
12-14 03:22:36.600 1503 3864 I BootReceiver: Copying audit failures to DropBox
12-14 03:22:36.600 1503 3864 I BootReceiver: Checking for fsck errors
12-14 03:22:36.601 1503 3864 I BootReceiver: fs_stat, partition:persist stat:0x3
12-14 03:22:36.601 1503 3864 I BootReceiver: fs_stat, partition:dsp_a stat:0x3
12-14 03:22:36.634 1503 3303 D CompatibilityChangeReporter: Compat change id reported: 168419799; UID 10074; state: DISABLED
12-14 03:22:36.650 1503 3303 I ActivityManager: Process com.qualcomm.qti.devicestatisticsservice (pid 2783) has died: pers PER
12-14 03:22:36.651 1503 3303 W ActivityManager: Scheduling restart of crashed service com.qualcomm.qti.devicestatisticsservice/.DeviceStatisticsService in 0ms for persistent
12-14 03:22:36.651 1503 3303 W ActivityManager: Re-adding persistent process ProcessRecord{2cae5ae 2783:com.qualcomm.qti.devicestatisticsservice/u0a69}
12-14 03:22:36.654 1503 3303 D CompatibilityChangeReporter: Compat change id reported: 135634846; UID 10069; state: DISABLED
12-14 03:22:36.654 1503 3303 D CompatibilityChangeReporter: Compat change id reported: 177438394; UID 10069; state: DISABLED
12-14 03:22:36.654 1503 3303 D CompatibilityChangeReporter: Compat change id reported: 135772972; UID 10069; state: DISABLED
12-14 03:22:36.654 1503 3303 D CompatibilityChangeReporter: Compat change id reported: 135754954; UID 10069; state: ENABLED
12-14 03:22:36.654 1503 1613 D CompatibilityChangeReporter: Compat change id reported: 143937733; UID 10069; state: ENABLED
01-01 09:23:05.569 0 0 I binder : 3376:3872 ioctl 40046210 760a718604 returned -22
12-14 03:22:36.659 1503 2453 D CompatibilityChangeReporter: Compat change id reported: 135634846; UID 1000; state: DISABLED
12-14 03:22:36.660 1503 2453 D CompatibilityChangeReporter: Compat change id reported: 177438394; UID 1000; state: DISABLED
12-14 03:22:36.660 1503 2453 D CompatibilityChangeReporter: Compat change id reported: 135772972; UID 1000; state: DISABLED
12-14 03:22:36.660 1503 2453 D CompatibilityChangeReporter: Compat change id reported: 135754954; UID 1000; state: ENABLED
12-14 03:22:36.662 1503 1613 I ActivityManager: Start proc 3875:com.qualcomm.qti.devicestatisticsservice/u0a69 for restart com.qualcomm.qti.devicestatisticsservice
12-14 03:22:36.671 1503 1613 I ActivityManager: Start proc 3877:com.qti.diagservices/1000 for broadcast {com.qti.diagservices/com.qti.diagservices.Diag_OnBoot}
01-01 09:23:05.588 0 0 I binder : 3875:3875 ioctl 40046210 7fe38dfb64 returned -22
12-14 03:22:36.689 1503 1503 I NotificationService: Cannot find enqueued record for key: 0|android|13|PreBootBroadcaster|1000
12-14 03:22:36.690 1503 1503 I NotificationService: Cannot find enqueued record for key: 0|android|13|PreBootBroadcaster|1000
01-01 09:23:05.600 0 0 I binder : 3877:3877 ioctl 40046210 7fe38dfb64 returned -22
12-14 03:22:36.722 3877 3877 W ContextImpl: Calling a method in the system process without a qualified user: android.app.ContextImpl.startService:1816 android.content.ContextWrapper.startService:774 android.content.ContextWrapper.startService:774 com.qti.diagservices.Diag_OnBoot.onReceive:40 android.app.ActivityThread.handleReceiver:4309
12-14 03:22:36.734 1503 1503 I Telecom : DefaultDialerCache: Refreshing default dialer for user 0: now null: DDC.oR@AA4
12-14 03:22:36.735 1503 1503 I Telecom : MissedCallNotifierImpl: reloadAfterBootComplete: user=0: TSBCR.oR@AA8
12-14 03:22:36.736 1503 1503 I Telecom : MissedCallNotifierImpl: reloadAfterBootComplete: user=0: TSBCR.oR@AA8
12-14 03:22:36.737 1503 1503 D CompatibilityChangeReporter: Compat change id reported: 135634846; UID 10068; state: DISABLED
12-14 03:22:36.737 1503 1503 D CompatibilityChangeReporter: Compat change id reported: 177438394; UID 10068; state: DISABLED
12-14 03:22:36.737 1503 1503 D CompatibilityChangeReporter: Compat change id reported: 135772972; UID 10068; state: DISABLED
12-14 03:22:36.737 1503 1503 D CompatibilityChangeReporter: Compat change id reported: 135754954; UID 10068; state: DISABLED
12-14 03:22:36.737 1503 1613 D CompatibilityChangeReporter: Compat change id reported: 143937733; UID 10068; state: DISABLED
12-14 03:22:36.746 1503 1613 I ActivityManager: Start proc 3912:com.android.calendar/u0a68 for broadcast {com.android.calendar/com.android.calendar.UpgradeReceiver}
01-01 09:23:05.682 0 0 I binder : 3912:3912 ioctl 40046210 7fe38dfb64 returned -22
12-14 03:22:36.777 1503 3303 D CompatibilityChangeReporter: Compat change id reported: 168419799; UID 10068; state: DISABLED
12-14 03:22:36.848 1503 2420 D CompatibilityChangeReporter: Compat change id reported: 135634846; UID 10033; state: DISABLED
12-14 03:22:36.848 1503 2420 D CompatibilityChangeReporter: Compat change id reported: 177438394; UID 10033; state: DISABLED
12-14 03:22:36.848 1503 2420 D CompatibilityChangeReporter: Compat change id reported: 135772972; UID 10033; state: DISABLED
12-14 03:22:36.848 1503 2420 D CompatibilityChangeReporter: Compat change id reported: 135754954; UID 10033; state: ENABLED
12-14 03:22:36.848 1503 1613 D CompatibilityChangeReporter: Compat change id reported: 143937733; UID 10033; state: ENABLED
12-14 03:22:36.859 1503 1613 I ActivityManager: Start proc 3937:com.hryt.hiphishowfsecontrol/u0a33 for broadcast {com.hryt.hiphishowfsecontrol/com.hryt.hiphishowfsecontrol.receivers.HiPhiShowReceiver}
01-01 09:23:05.818 0 0 I binder : 3937:3937 ioctl 40046210 7fe38df484 returned -22
12-14 03:22:36.913 517 517 I vold : Bind mounting /mnt/runtime/default/emulated/0/Android/data on /mnt/user/0/emulated/0/Android/data
12-14 03:22:36.914 517 517 I vold : Bind mounted /mnt/runtime/default/emulated/0/Android/data on /mnt/user/0/emulated/0/Android/data
12-14 03:22:36.914 517 517 I vold : Bind mounting /mnt/runtime/default/emulated/0/Android/obb on /mnt/user/0/emulated/0/Android/obb
12-14 03:22:36.916 517 517 I vold : Bind mounted /mnt/runtime/default/emulated/0/Android/obb on /mnt/user/0/emulated/0/Android/obb
12-14 03:22:36.916 517 517 I vold : Bind mounting /mnt/runtime/write/emulated/0/Android/obb on /mnt/installer/0/emulated/0/Android/obb
12-14 03:22:36.916 517 517 I vold : Bind mounted /mnt/runtime/write/emulated/0/Android/obb on /mnt/installer/0/emulated/0/Android/obb
12-14 03:22:36.916 517 517 I vold : Configuring read_ahead of /mnt/user/0/emulated fuse filesystem to 256kb
12-14 03:22:36.917 517 517 I vold : Writing 256 to /sys/class/bdi/0:49/read_ahead_kb
12-14 03:22:36.917 517 517 I vold : Configuring max_ratio of /mnt/user/0/emulated fuse filesystem to 40
12-14 03:22:36.917 517 517 I vold : Writing 40 to /sys/class/bdi/0:49/max_ratio
12-14 03:22:36.918 1503 2011 I StorageManagerService: Mounted volume VolumeInfo{emulated;0}:
12-14 03:22:36.918 1503 2011 I StorageManagerService: type=EMULATED diskId=null partGuid= mountFlags=PRIMARY|VISIBLE
12-14 03:22:36.918 1503 2011 I StorageManagerService: mountUserId=0 state=MOUNTED
12-14 03:22:36.918 1503 2011 I StorageManagerService: fsType=null fsUuid=null fsLabel=null
12-14 03:22:36.918 1503 2011 I StorageManagerService: path=/storage/emulated internalPath=/data/media
12-14 03:22:36.919 1503 3303 W StorageManagerService: Reporting emulated;0 unmounted due to system locked
12-14 03:22:36.919 1503 2420 D CompatibilityChangeReporter: Compat change id reported: 168419799; UID 10033; state: DISABLED
12-14 03:22:36.920 1503 3303 W StorageManagerService: Reporting emulated;0 unmounted due to system locked
12-14 03:22:36.920 1503 2011 I StorageSessionController: Notifying volume state changed for session with id: emulated;0
12-14 03:22:36.922 1503 3303 W StorageManagerService: Reporting emulated;0 unmounted due to system locked
12-14 03:22:36.922 1503 3303 W StorageManagerService: Reporting emulated;0 unmounted due to system locked
12-14 03:22:36.923 1503 3303 W StorageManagerService: Reporting emulated;0 unmounted due to system locked
12-14 03:22:36.924 1503 3298 W StorageManagerService: Reporting emulated;0 unmounted due to system locked
12-14 03:22:36.924 1503 3298 W StorageManagerService: Reporting emulated;0 unmounted due to system locked
12-14 03:22:36.925 1503 3298 W StorageManagerService: Reporting emulated;0 unmounted due to system locked
12-14 03:22:36.926 1503 2011 I StorageSessionController: Notifying volume state changed for session with id: emulated;0
12-14 03:22:36.939 1503 2011 I StorageSessionController: Notifying volume state changed for session with id: emulated;0
12-14 03:22:36.952 1503 2011 D StorageManagerService: Volume emulated;0 broadcasting mounted to UserHandle{0}
12-14 03:22:36.952 1503 2011 D StorageManagerService: Volume emulated;0 broadcasting checking to UserHandle{0}
12-14 03:22:36.952 1503 2011 D StorageManagerService: Volume emulated;0 broadcasting mounted to UserHandle{0}
01-01 09:23:05.896 0 0 W audit : audit_lost=12 audit_rate_limit=5 audit_backlog_limit=64
01-01 09:23:05.896 0 0 E audit : rate limit exceeded
01-01 09:23:05.917 0 0 I init : Service 'ethernet' (pid 3161) exited with status 1 oneshot service took 1.574000 seconds in background
01-01 09:23:05.917 0 0 I init : Sending signal 9 to service 'ethernet' (pid 3161) process group...
01-01 09:23:05.917 0 0 I libprocessgroup: Successfully killed process cgroup uid 0 pid 3161 in 0ms
12-14 03:22:37.024 1503 3303 D CompatibilityChangeReporter: Compat change id reported: 168419799; UID 10064; state: DISABLED
01-01 09:23:05.950 0 0 D : mv2112_read_status
01-01 09:23:05.951 0 0 D mv2112_update_link: 3.0x901(1G): 0x80
01-01 09:23:05.951 0 0 D mv2112_update_link: 3.0x8109(100M): 0x8
01-01 09:23:05.951 0 0 D mv2112_update_link: link 0x0
01-01 09:23:05.951 0 0 D mv2112_read_status: autoneg is disabled
12-14 03:22:37.059 1503 2417 D CompatibilityChangeReporter: Compat change id reported: 135634846; UID 1000; state: DISABLED
12-14 03:22:37.059 1503 2417 D CompatibilityChangeReporter: Compat change id reported: 177438394; UID 1000; state: DISABLED
12-14 03:22:37.059 1503 2417 D CompatibilityChangeReporter: Compat change id reported: 135772972; UID 1000; state: DISABLED
12-14 03:22:37.059 1503 2417 D CompatibilityChangeReporter: Compat change id reported: 135754954; UID 1000; state: ENABLED
12-14 03:22:37.066 1503 1613 I ActivityManager: Start proc 4014:com.android.dynsystem/1000 for broadcast {com.android.dynsystem/com.android.dynsystem.BootCompletedReceiver}
01-01 09:23:05.994 0 0 I binder : 4014:4014 ioctl 40046210 7fe38dfb64 returned -22
12-14 03:22:37.092 1503 2417 D CompatibilityChangeReporter: Compat change id reported: 168419799; UID 1000; state: DISABLED
12-14 03:22:37.135 1503 3787 D CompatibilityChangeReporter: Compat change id reported: 135634846; UID 1000; state: DISABLED
12-14 03:22:37.135 1503 3787 D CompatibilityChangeReporter: Compat change id reported: 177438394; UID 1000; state: DISABLED
12-14 03:22:37.135 1503 3787 D CompatibilityChangeReporter: Compat change id reported: 135772972; UID 1000; state: DISABLED
12-14 03:22:37.135 1503 3787 D CompatibilityChangeReporter: Compat change id reported: 135754954; UID 1000; state: ENABLED
12-14 03:22:37.143 1503 1613 I ActivityManager: Start proc 4046:com.android.dynsystem:dynsystem/1000 for service {com.android.dynsystem/com.android.dynsystem.DynamicSystemInstallationService}
12-14 03:22:37.147 1503 3787 D CompatibilityChangeReporter: Compat change id reported: 135634846; UID 10063; state: DISABLED
12-14 03:22:37.147 1503 3787 D CompatibilityChangeReporter: Compat change id reported: 177438394; UID 10063; state: DISABLED
12-14 03:22:37.147 1503 3787 D CompatibilityChangeReporter: Compat change id reported: 135772972; UID 10063; state: DISABLED
12-14 03:22:37.147 1503 3787 D CompatibilityChangeReporter: Compat change id reported: 135754954; UID 10063; state: DISABLED
12-14 03:22:37.148 1503 1613 D CompatibilityChangeReporter: Compat change id reported: 143937733; UID 10063; state: DISABLED
12-14 03:22:37.154 1503 1613 I ActivityManager: Start proc 4047:com.android.gallery3d/u0a63 for broadcast {com.android.gallery3d/com.android.camera.DisableCameraReceiver}
01-01 09:23:06.070 0 0 I binder : 4046:4046 ioctl 40046210 7fe38dfb64 returned -22
12-14 03:22:37.160 1503 3787 D CompatibilityChangeReporter: Compat change id reported: 149924527; UID 10095; state: ENABLED
12-14 03:22:37.161 1503 3787 D CompatibilityChangeReporter: Compat change id reported: 132649864; UID 10095; state: DISABLED
12-14 03:22:37.163 1503 3787 D CompatibilityChangeReporter: Compat change id reported: 182734110; UID 10095; state: DISABLED
01-01 09:23:06.082 0 0 I binder : 4047:4047 ioctl 40046210 7fe38dfb64 returned -22
12-14 03:22:37.172 1503 3787 D CompatibilityChangeReporter: Compat change id reported: 168419799; UID 10032; state: DISABLED
12-14 03:22:37.183 1503 3787 D CompatibilityChangeReporter: Compat change id reported: 168419799; UID 10063; state: DISABLED
12-14 03:22:37.207 1503 3787 D CompatibilityChangeReporter: Compat change id reported: 172100307; UID 10095; state: DISABLED
12-14 03:22:37.299 1503 2453 I DynamicSystemService: isInstalled(): false
12-14 03:22:37.368 1503 3303 D CompatibilityChangeReporter: Compat change id reported: 135634846; UID 10071; state: DISABLED
12-14 03:22:37.369 1503 3303 D CompatibilityChangeReporter: Compat change id reported: 177438394; UID 10071; state: DISABLED
12-14 03:22:37.369 1503 3303 D CompatibilityChangeReporter: Compat change id reported: 135772972; UID 10071; state: DISABLED
12-14 03:22:37.369 1503 3303 D CompatibilityChangeReporter: Compat change id reported: 135754954; UID 10071; state: ENABLED
12-14 03:22:37.369 1503 1613 D CompatibilityChangeReporter: Compat change id reported: 143937733; UID 10071; state: ENABLED
12-14 03:22:37.376 1503 1613 I ActivityManager: Start proc 4088:com.android.inputmethod.latin/u0a71 for broadcast {com.android.inputmethod.latin/com.android.inputmethod.latin.SystemBroadcastReceiver}
12-14 03:22:37.401 1503 2453 D CompatibilityChangeReporter: Compat change id reported: 168419799; UID 10071; state: DISABLED
01-01 09:23:06.305 0 0 I binder : 4088:4088 ioctl 40046210 7fe38dfb64 returned -22
01-01 09:23:06.371 0 0 I : read descriptors
01-01 09:23:06.371 0 0 I : read strings
12-14 03:22:37.561 1503 3787 I ActivityManager: Process com.android.inputmethod.latin (pid 4088) has died: fg RCVR
12-14 03:22:37.567 1503 1612 D CompatibilityChangeReporter: Compat change id reported: 168419799; UID 10026; state: DISABLED
12-14 03:22:37.573 1503 3787 D CompatibilityChangeReporter: Compat change id reported: 168419799; UID 10018; state: DISABLED
12-14 03:22:37.576 1503 3303 D CompatibilityChangeReporter: Compat change id reported: 135634846; UID 10090; state: DISABLED
12-14 03:22:37.576 1503 3303 D CompatibilityChangeReporter: Compat change id reported: 177438394; UID 10090; state: DISABLED
12-14 03:22:37.576 1503 3303 D CompatibilityChangeReporter: Compat change id reported: 135772972; UID 10090; state: DISABLED
12-14 03:22:37.577 1503 3303 D CompatibilityChangeReporter: Compat change id reported: 135754954; UID 10090; state: ENABLED
12-14 03:22:37.577 1503 1613 D CompatibilityChangeReporter: Compat change id reported: 143937733; UID 10090; state: ENABLED
12-14 03:22:37.584 1503 1613 I ActivityManager: Start proc 4106:com.android.music/u0a90 for broadcast {com.android.music/com.android.music.MediaPlaybackReceiver}
01-01 09:23:06.511 0 0 I binder : 4106:4106 ioctl 40046210 7fe38dfb64 returned -22
12-14 03:22:37.604 1503 3787 D CompatibilityChangeReporter: Compat change id reported: 168419799; UID 10090; state: DISABLED
12-14 03:22:37.671 1503 3787 D CompatibilityChangeReporter: Compat change id reported: 135634846; UID 1027; state: DISABLED
12-14 03:22:37.677 1503 1613 I ActivityManager: Start proc 4125:com.android.nfc/1027 for broadcast {com.android.nfc/com.android.nfc.NfcBootCompletedReceiver}
01-01 09:23:06.598 0 0 I binder : 4125:4125 ioctl 40046210 7fe38dfb64 returned -22
12-14 03:22:37.689 1503 3787 D CompatibilityChangeReporter: Compat change id reported: 168419799; UID 1027; state: DISABLED
12-14 03:22:37.744 1503 1659 I ActivityManager: Killing 4125:com.android.nfc/1027 (adj 0): change com.android.nfc
12-14 03:22:37.755 1503 1601 D CompanionDeviceManagerService: onPackageModified(packageName = com.android.nfc)
12-14 03:22:37.757 1503 1612 D CompatibilityChangeReporter: Compat change id reported: 135634846; UID 10060; state: DISABLED
12-14 03:22:37.757 1503 1612 D CompatibilityChangeReporter: Compat change id reported: 177438394; UID 10060; state: DISABLED
12-14 03:22:37.757 1503 1612 D CompatibilityChangeReporter: Compat change id reported: 135772972; UID 10060; state: DISABLED
12-14 03:22:37.757 1503 1612 D CompatibilityChangeReporter: Compat change id reported: 135754954; UID 10060; state: ENABLED
12-14 03:22:37.758 1503 1613 D CompatibilityChangeReporter: Compat change id reported: 143937733; UID 10060; state: ENABLED
12-14 03:22:37.765 1503 1613 I ActivityManager: Start proc 4146:com.android.onetimeinitializer/u0a60 for broadcast {com.android.onetimeinitializer/com.android.onetimeinitializer.OneTimeInitializerReceiver}
12-14 03:22:37.770 1503 1503 I Telecom : DefaultDialerCache: Refreshing default dialer for user 0: now null: DDC.oR@ABQ
01-01 09:23:06.692 0 0 I binder : 4146:4146 ioctl 40046210 7fe38dfb64 returned -22
12-14 03:22:37.792 1503 3787 D CompatibilityChangeReporter: Compat change id reported: 168419799; UID 10060; state: DISABLED
12-14 03:22:37.799 1503 1611 W VoiceInteractionManager: no available voice recognition services found for user 0
12-14 03:22:37.801 1503 3787 V ActivityManager: Got obituary of 4125:com.android.nfc
12-14 03:22:37.849 4146 4161 E ActivityThread: Failed to find provider info for com.android.launcher2.settings
12-14 03:22:37.856 1503 2453 I ActivityManager: com.android.packageinstaller is exempt from freezer
12-14 03:22:37.857 1503 2453 D CompatibilityChangeReporter: Compat change id reported: 135634846; UID 10025; state: DISABLED
12-14 03:22:37.857 1503 2453 D CompatibilityChangeReporter: Compat change id reported: 177438394; UID 10025; state: DISABLED
12-14 03:22:37.857 1503 2453 D CompatibilityChangeReporter: Compat change id reported: 135772972; UID 10025; state: DISABLED
12-14 03:22:37.857 1503 2453 D CompatibilityChangeReporter: Compat change id reported: 135754954; UID 10025; state: ENABLED
12-14 03:22:37.857 1503 1613 D CompatibilityChangeReporter: Compat change id reported: 143937733; UID 10025; state: ENABLED
12-14 03:22:37.864 1503 1613 I ActivityManager: Start proc 4167:com.android.packageinstaller/u0a25 for broadcast {com.android.packageinstaller/com.android.packageinstaller.TemporaryFileManager}
01-01 09:23:06.786 0 0 I binder : 4167:4167 ioctl 40046210 7fe38dfb64 returned -22
12-14 03:22:37.884 1503 2453 D CompatibilityChangeReporter: Compat change id reported: 168419799; UID 10025; state: DISABLED
12-14 03:22:37.923 1503 2420 D CompatibilityChangeReporter: Compat change id reported: 168419799; UID 10094; state: DISABLED
12-14 03:22:37.944 1503 2420 D CompatibilityChangeReporter: Compat change id reported: 168419799; UID 10019; state: DISABLED
12-14 03:22:37.955 1503 2453 D CompatibilityChangeReporter: Compat change id reported: 171306433; UID 10019; state: ENABLED
12-14 03:22:37.971 1503 2420 D CompatibilityChangeReporter: Compat change id reported: 168419799; UID 1000; state: DISABLED
12-14 03:22:37.991 1503 2420 I ActivityManager: com.android.shell is exempt from freezer
12-14 03:22:37.991 1503 2420 D CompatibilityChangeReporter: Compat change id reported: 135634846; UID 2000; state: DISABLED
12-14 03:22:37.991 1503 2420 D CompatibilityChangeReporter: Compat change id reported: 177438394; UID 2000; state: DISABLED
12-14 03:22:37.991 1503 2420 D CompatibilityChangeReporter: Compat change id reported: 135772972; UID 2000; state: DISABLED
12-14 03:22:37.992 1503 2420 D CompatibilityChangeReporter: Compat change id reported: 135754954; UID 2000; state: ENABLED
12-14 03:22:37.999 1503 1613 I ActivityManager: Start proc 4186:com.android.shell/2000 for broadcast {com.android.shell/com.android.shell.HeapDumpReceiver}
01-01 09:23:06.930 0 0 I binder : 4186:4186 ioctl 40046210 7fe38dfb64 returned -22
12-14 03:22:38.026 1503 2420 D CompatibilityChangeReporter: Compat change id reported: 168419799; UID 2000; state: DISABLED
12-14 03:22:38.062 1503 2420 D CompatibilityChangeReporter: Compat change id reported: 135634846; UID 1001; state: DISABLED
12-14 03:22:38.062 1503 2420 D CompatibilityChangeReporter: Compat change id reported: 177438394; UID 1001; state: DISABLED
12-14 03:22:38.063 1503 2420 D CompatibilityChangeReporter: Compat change id reported: 135772972; UID 1001; state: DISABLED
12-14 03:22:38.063 1503 2420 D CompatibilityChangeReporter: Compat change id reported: 135754954; UID 1001; state: ENABLED
01-01 09:23:06.975 0 0 D : mv2112_read_status
01-01 09:23:06.976 0 0 D mv2112_update_link: 3.0x901(1G): 0x80
01-01 09:23:06.976 0 0 D mv2112_update_link: 3.0x8109(100M): 0x8
01-01 09:23:06.976 0 0 D mv2112_update_link: link 0x0
01-01 09:23:06.976 0 0 D mv2112_read_status: autoneg is disabled
12-14 03:22:38.072 1503 1613 I Watchdog: Interesting Java process com.android.phone started. Pid 4202
12-14 03:22:38.072 1503 1613 I ActivityManager: Start proc 4202:com.android.phone/1001 for broadcast {com.android.stk/com.android.stk.BootCompletedReceiver}
01-01 09:23:07.001 0 0 I binder : 4202:4202 ioctl 40046210 7fe38dfb64 returned -22
12-14 03:22:38.127 1503 2420 W BroadcastQueue: Permission Denial: receiving Intent { act=android.intent.action.BOOT_COMPLETED flg=0x89000010 (has extras) } to com.baidu.input/.directboot.DirectBootReceiver requires android.permission.RECEIVE_BOOT_COMPLETED due to sender null (uid 1000)
12-14 03:22:38.127 1503 1612 W BroadcastQueue: Permission Denial: receiving Intent { act=android.intent.action.BOOT_COMPLETED flg=0x89000010 (has extras) } to com.baidu.input/.switchguide.InputMethodChangedReceiver requires android.permission.RECEIVE_BOOT_COMPLETED due to sender null (uid 1000)
12-14 03:22:38.129 1503 1612 D CompatibilityChangeReporter: Compat change id reported: 168419799; UID 10089; state: DISABLED
12-14 03:22:38.138 1503 2453 D CompatibilityChangeReporter: Compat change id reported: 135634846; UID 10077; state: DISABLED
12-14 03:22:38.138 1503 2453 D CompatibilityChangeReporter: Compat change id reported: 177438394; UID 10077; state: DISABLED
12-14 03:22:38.138 1503 2453 D CompatibilityChangeReporter: Compat change id reported: 135772972; UID 10077; state: DISABLED
12-14 03:22:38.138 1503 2453 D CompatibilityChangeReporter: Compat change id reported: 135754954; UID 10077; state: ENABLED
12-14 03:22:38.139 1503 1613 D CompatibilityChangeReporter: Compat change id reported: 143937733; UID 10077; state: ENABLED
12-14 03:22:38.147 1503 1613 I ActivityManager: Start proc 4220:com.qti.ltebc/u0a77 for broadcast {com.qti.ltebc/com.qualcomm.ltebc.LTEBroadcastBootReceiver}
12-14 03:22:38.151 1503 2420 D CompatibilityChangeReporter: Compat change id reported: 149924527; UID 10089; state: ENABLED
12-14 03:22:38.151 1503 2420 D CompatibilityChangeReporter: Compat change id reported: 132649864; UID 10089; state: DISABLED
01-01 09:23:07.074 0 0 I binder : 4220:4220 ioctl 40046210 7fe38dfb64 returned -22
12-14 03:22:38.168 1503 2453 D CompatibilityChangeReporter: Compat change id reported: 168419799; UID 10077; state: DISABLED
01-01 09:23:07.178 0 0 I IRQ 5 : no longer affine to CPU4
12-14 03:22:38.409 3299 4242 E ActivityThread: Failed to find provider info for com.tcl.xian.StartandroidService.MyContentProvider
01-01 09:23:07.435 0 0 I : read descriptors
01-01 09:23:07.435 0 0 I : read strings
12-14 03:22:38.586 1503 2420 D CompatibilityChangeReporter: Compat change id reported: 168419799; UID 10053; state: DISABLED
12-14 03:22:38.588 1503 2420 D CompatibilityChangeReporter: Compat change id reported: 171306433; UID 10077; state: ENABLED
12-14 03:22:38.594 1503 2420 D CompatibilityChangeReporter: Compat change id reported: 168419799; UID 10079; state: DISABLED
12-14 03:22:38.601 1503 2420 D CompatibilityChangeReporter: Compat change id reported: 168419799; UID 10073; state: DISABLED
12-14 03:22:38.605 1503 2420 D CompatibilityChangeReporter: Compat change id reported: 168419799; UID 10085; state: DISABLED
12-14 03:22:38.609 1503 2420 D CompatibilityChangeReporter: Compat change id reported: 168419799; UID 10087; state: DISABLED
12-14 03:22:38.614 1503 2420 D CompatibilityChangeReporter: Compat change id reported: 135634846; UID 10058; state: DISABLED
12-14 03:22:38.615 1503 1613 D CompatibilityChangeReporter: Compat change id reported: 143937733; UID 10058; state: DISABLED
12-14 03:22:38.626 1503 1613 I ActivityManager: Start proc 4266:com.qualcomm.qti.qms.service.connectionsecurity/u0a58 for broadcast {com.qualcomm.qti.qms.service.connectionsecurity/com.qualcomm.qti.qms.service.connectionsecurity.ConnSecBroadcastReceiver}
12-14 03:22:38.648 1503 2420 I ActivityManager: Process com.qti.ltebc (pid 4220) has died: cch+5 CEM
01-01 09:23:07.568 0 0 I binder : 4266:4266 ioctl 40046210 ffcb6368 returned -22
12-14 03:22:38.660 1503 2420 D CompatibilityChangeReporter: Compat change id reported: 168419799; UID 10058; state: DISABLED
12-14 03:22:38.692 1503 2420 D CompatibilityChangeReporter: Compat change id reported: 168419799; UID 1001; state: DISABLED
12-14 03:22:38.696 1503 2420 D CompatibilityChangeReporter: Compat change id reported: 168419799; UID 10084; state: DISABLED
01-01 09:23:07.610 0 0 I binder : 3406:3406 ioctl 40046210 7fe38df214 returned -22
12-14 03:22:38.705 1503 2420 D CompatibilityChangeReporter: Compat change id reported: 168419799; UID 10086; state: DISABLED
12-14 03:22:38.721 1503 2420 D CompatibilityChangeReporter: Compat change id reported: 135634846; UID 1000; state: DISABLED
12-14 03:22:38.721 1503 2420 D CompatibilityChangeReporter: Compat change id reported: 177438394; UID 1000; state: DISABLED
12-14 03:22:38.721 1503 2420 D CompatibilityChangeReporter: Compat change id reported: 135772972; UID 1000; state: DISABLED
12-14 03:22:38.722 1503 2420 D CompatibilityChangeReporter: Compat change id reported: 135754954; UID 1000; state: ENABLED
12-14 03:22:38.738 1503 1613 I ActivityManager: Start proc 4287:com.thundercomm.gamemode/1000 for broadcast {com.thundercomm.gamemode/com.thundercomm.gamemode.ingame.services.BootCompletedReceiver}
12-14 03:22:38.767 1503 1613 I ActivityManager: Start proc 4293:com.android.localtransport/1000 for service {com.android.localtransport/com.android.localtransport.LocalTransportService}
01-01 09:23:07.681 0 0 I binder : 4287:4287 ioctl 40046210 7fe38dfb64 returned -22
01-01 09:23:07.704 0 0 I binder : 4293:4293 ioctl 40046210 7fe38dfb64 returned -22
12-14 03:22:38.804 1503 2453 D CompatibilityChangeReporter: Compat change id reported: 168419799; UID 1000; state: DISABLED
12-14 03:22:38.853 1503 1503 I TransportClient: LocalTransportService#0: Notifying [TransportManager.registerTransport()] transport = IBackupTransport
12-14 03:22:38.856 1503 3296 D BackupTransportManager: Transport com.android.localtransport/.LocalTransportService registered
12-14 03:22:38.856 1503 3296 D BackupManagerService: [UserID:0] Transport com.android.localtransport/.LocalTransport registered 3119ms after first request (delay = 3000ms)
12-14 03:22:38.872 1503 3787 D CompatibilityChangeReporter: Compat change id reported: 168419799; UID 1000; state: DISABLED
12-14 03:22:38.879 1503 2420 I ActivityManager: Finished processing BOOT_COMPLETED for u0
12-14 03:22:38.882 1503 2420 D CompatibilityChangeReporter: Compat change id reported: 168419799; UID 10029; state: DISABLED
12-14 03:22:38.899 4287 4287 W ContextImpl: Calling a method in the system process without a qualified user: android.app.ContextImpl.startService:1816 android.content.ContextWrapper.startService:774 com.thundercomm.gamemode.ingame.services.GameModeActionUtils.startGameModeService:99 com.thundercomm.gamemode.ingame.services.GameModeActionUtils.startGameModeEntry:22 com.thundercomm.gamemode.ingame.services.ActivityMonitoringService$1.onActivityLaunch:127
12-14 03:22:38.900 1503 3787 D CompatibilityChangeReporter: Compat change id reported: 168419799; UID 10095; state: DISABLED
12-14 03:22:38.903 1503 3787 D CompatibilityChangeReporter: Compat change id reported: 135634846; UID 10077; state: DISABLED
12-14 03:22:38.903 1503 3787 D CompatibilityChangeReporter: Compat change id reported: 177438394; UID 10077; state: DISABLED
12-14 03:22:38.903 1503 3787 D CompatibilityChangeReporter: Compat change id reported: 135772972; UID 10077; state: DISABLED
12-14 03:22:38.903 1503 3787 D CompatibilityChangeReporter: Compat change id reported: 135754954; UID 10077; state: ENABLED
12-14 03:22:38.904 1503 1613 D CompatibilityChangeReporter: Compat change id reported: 143937733; UID 10077; state: ENABLED
12-14 03:22:38.905 1503 1503 I GameModeConfig: Current uri is uri = content://com.thundercomm.gamemode.api/gamemode_settings/gamemode_isgaming
12-14 03:22:38.907 1503 1503 I GameModeConfig: isGameModeOn = false
12-14 03:22:38.908 1503 1503 I GameModeConfig: isGameModeOn = false
12-14 03:22:38.908 1503 1503 I GameModeConfig: isDisableVoice = true
12-14 03:22:38.908 1503 2313 I GameModeConfig: isGameModeOn = false
12-14 03:22:38.908 1503 2313 I GameModeConfig: isGameModeOn = false
12-14 03:22:38.908 1503 2313 I GameModeConfig: isGameModeOn = false
12-14 03:22:38.910 1503 1613 I ActivityManager: Start proc 4327:com.qti.ltebc/u0a77 for broadcast {com.qti.ltebc/com.qualcomm.ltebc.LTEBroadcastReceiver}
01-01 09:23:07.838 0 0 I binder : 4327:4327 ioctl 40046210 7fe38dfb64 returned -22
12-14 03:22:38.932 1503 3303 D CompatibilityChangeReporter: Compat change id reported: 168419799; UID 10077; state: DISABLED
01-01 09:23:07.998 0 0 D : mv2112_read_status
01-01 09:23:07.998 0 0 D mv2112_update_link: 3.0x901(1G): 0x80
01-01 09:23:07.999 0 0 D mv2112_update_link: 3.0x8109(100M): 0x8
01-01 09:23:07.999 0 0 D mv2112_update_link: link 0x0
01-01 09:23:07.999 0 0 D mv2112_read_status: autoneg is disabled
01-01 09:23:08.198 0 0 I binder : 4287:4349 ioctl 40046210 76064cf124 returned -22
12-14 03:22:39.291 1503 2453 I ActivityManager: Process com.qti.ltebc (pid 4327) has died: fg RCVR
12-14 03:22:39.314 1503 2453 D CompatibilityChangeReporter: Compat change id reported: 135634846; UID 10077; state: DISABLED
12-14 03:22:39.315 1503 2453 D CompatibilityChangeReporter: Compat change id reported: 177438394; UID 10077; state: DISABLED
12-14 03:22:39.315 1503 2453 D CompatibilityChangeReporter: Compat change id reported: 135772972; UID 10077; state: DISABLED
12-14 03:22:39.315 1503 2453 D CompatibilityChangeReporter: Compat change id reported: 135754954; UID 10077; state: ENABLED
12-14 03:22:39.315 1503 1613 D CompatibilityChangeReporter: Compat change id reported: 143937733; UID 10077; state: ENABLED
12-14 03:22:39.322 1503 1613 I ActivityManager: Start proc 4356:com.qti.ltebc/u0a77 for broadcast {com.qti.ltebc/com.qualcomm.ltebc.LTEBroadcastReceiver}
01-01 09:23:08.259 0 0 I binder : 4356:4356 ioctl 40046210 7fe38dfb64 returned -22
01-01 09:23:08.483 0 0 I : read descriptors
01-01 09:23:08.483 0 0 I : read strings
12-14 03:22:39.687 1503 2453 I ActivityManager: Process com.qti.ltebc (pid 4356) has died: fg RCVR
12-14 03:22:39.697 1503 1612 D CompatibilityChangeReporter: Compat change id reported: 168419799; UID 10063; state: DISABLED
01-01 09:23:09.022 0 0 D : mv2112_read_status
01-01 09:23:09.023 0 0 D mv2112_update_link: 3.0x901(1G): 0x80
01-01 09:23:09.023 0 0 D mv2112_update_link: 3.0x8109(100M): 0x8
01-01 09:23:09.023 0 0 D mv2112_update_link: link 0x0
01-01 09:23:09.023 0 0 D mv2112_read_status: autoneg is disabled
01-01 09:23:09.503 0 0 I : read descriptors
01-01 09:23:09.504 0 0 I : read strings
01-01 09:23:09.589 0 0 W perfetto: disabled ftrace
01-01 09:23:09.602 0 0 I display_panel_avdd: disabling
01-01 09:23:09.604 0 0 I vdd_tof : disabling
12-14 03:22:40.705 1156 3329 I iorapd : Perfetto TraceBuffer saved to file: /data/misc/iorapd/com.android.provision/31/com.android.provision.DefaultActivity/raw_traces/1670959360703967388.perfetto_trace.pb
12-14 03:22:41.119 1503 3787 W ActivityManager: Unable to start service Intent { act=android.intent.action.START_LEBO_SERVICE pkg=com.hpplay.happyplay.aw } U=0: not found
01-01 09:23:10.046 0 0 D : mv2112_read_status
01-01 09:23:10.047 0 0 D mv2112_update_link: 3.0x901(1G): 0x80
01-01 09:23:10.047 0 0 D mv2112_update_link: 3.0x8109(100M): 0x8
01-01 09:23:10.047 0 0 D mv2112_update_link: link 0x0
01-01 09:23:10.047 0 0 D mv2112_read_status: autoneg is disabled
01-01 09:23:10.523 0 0 I : read descriptors
01-01 09:23:10.523 0 0 I : read strings
01-01 09:23:11.070 0 0 D : mv2112_read_status
01-01 09:23:11.070 0 0 D mv2112_update_link: 3.0x901(1G): 0x80
01-01 09:23:11.071 0 0 D mv2112_update_link: 3.0x8109(100M): 0x8
01-01 09:23:11.071 0 0 D mv2112_update_link: link 0x0
01-01 09:23:11.071 0 0 D mv2112_read_status: autoneg is disabled
01-01 09:23:11.547 0 0 I : read descriptors
01-01 09:23:11.547 0 0 I : read strings
01-01 09:23:12.094 0 0 D : mv2112_read_status
01-01 09:23:12.094 0 0 D mv2112_update_link: 3.0x901(1G): 0x80
01-01 09:23:12.095 0 0 D mv2112_update_link: 3.0x8109(100M): 0x8
01-01 09:23:12.095 0 0 D mv2112_update_link: link 0x0
01-01 09:23:12.095 0 0 D mv2112_read_status: autoneg is disabled
01-01 09:23:12.482 0 0 I logd : start watching /data/system/packages.list ...
01-01 09:23:12.483 0 0 I logd : ReadPackageList, total packages: 104
12-14 03:22:43.591 1503 1612 D CompatibilityChangeReporter: Compat change id reported: 135634846; UID 10077; state: DISABLED
12-14 03:22:43.591 1503 1612 D CompatibilityChangeReporter: Compat change id reported: 177438394; UID 10077; state: DISABLED
12-14 03:22:43.591 1503 1612 D CompatibilityChangeReporter: Compat change id reported: 135772972; UID 10077; state: DISABLED
12-14 03:22:43.591 1503 1612 D CompatibilityChangeReporter: Compat change id reported: 135754954; UID 10077; state: ENABLED
12-14 03:22:43.592 1503 1613 D CompatibilityChangeReporter: Compat change id reported: 143937733; UID 10077; state: ENABLED
12-14 03:22:43.616 1503 1613 I ActivityManager: Start proc 4425:com.qti.ltebc/u0a77 for broadcast {com.qti.ltebc/com.qualcomm.ltebc.LTEBroadcastAlarmReceiver}
01-01 09:23:12.558 0 0 I binder : 4425:4425 ioctl 40046210 7fe38dfb64 returned -22
12-14 03:22:43.654 1503 2420 D CompatibilityChangeReporter: Compat change id reported: 168419799; UID 10077; state: DISABLED
12-14 03:22:43.656 1503 2420 D CompatibilityChangeReporter: Compat change id reported: 181136395; UID 1000; state: DISABLED
12-14 03:22:43.656 1503 2420 D CompatibilityChangeReporter: Compat change id reported: 174042936; UID 1000; state: DISABLED
01-01 09:23:12.568 0 0 I : read descriptors
01-01 09:23:12.568 0 0 I : read strings
12-14 03:22:43.661 1503 1601 D CompanionDeviceManagerService: onPackageModified(packageName = com.android.stk)
12-14 03:22:43.667 1503 1503 I Telecom : DefaultDialerCache: Refreshing default dialer for user 0: now null: DDC.oR@ABU
12-14 03:22:43.667 1503 1601 D CompanionDeviceManagerService: onPackageModified(packageName = com.android.calendar)
12-14 03:22:43.670 1503 1503 I Telecom : DefaultDialerCache: Refreshing default dialer for user 0: now null: DDC.oR@ABY
01-01 09:23:12.598 0 0 I init : starting service 'idmap2d'...
12-14 03:22:43.681 1503 1601 D CompanionDeviceManagerService: onPackageModified(packageName = com.android.gallery3d)
12-14 03:22:43.683 1503 1601 D CompanionDeviceManagerService: onPackageModified(packageName = com.android.inputmethod.latin)
12-14 03:22:43.684 1503 1601 D CompanionDeviceManagerService: onPackageModified(packageName = com.android.settings)
12-14 03:22:43.684 1503 1503 I Telecom : DefaultDialerCache: Refreshing default dialer for user 0: now null: DDC.oR@ABc
12-14 03:22:43.685 1503 1601 D CompanionDeviceManagerService: onPackageModified(packageName = com.android.systemui)
12-14 03:22:43.685 1503 1503 I Telecom : DefaultDialerCache: Refreshing default dialer for user 0: now null: DDC.oR@ABg
12-14 03:22:43.686 1503 1503 I Telecom : DefaultDialerCache: Refreshing default dialer for user 0: now null: DDC.oR@ABk
12-14 03:22:43.687 1503 1601 D CompanionDeviceManagerService: onPackageModified(packageName = com.android.permissioncontroller)
12-14 03:22:43.687 1503 1601 D CompanionDeviceManagerService: onPackageModified(packageName = com.android.traceur)
12-14 03:22:43.688 1503 1503 I Telecom : DefaultDialerCache: Refreshing default dialer for user 0: now null: DDC.oR@ABo
12-14 03:22:43.688 1503 1601 D CompanionDeviceManagerService: onPackageModified(packageName = com.android.bluetooth)
12-14 03:22:43.690 1503 1503 I Telecom : DefaultDialerCache: Refreshing default dialer for user 0: now null: DDC.oR@ABs
12-14 03:22:43.691 1503 1503 I Telecom : DefaultDialerCache: Refreshing default dialer for user 0: now null: DDC.oR@ABw
12-14 03:22:43.692 1503 1503 I Telecom : DefaultDialerCache: Refreshing default dialer for user 0: now null: DDC.oR@AB0
12-14 03:22:43.697 1503 1611 W VoiceInteractionManager: no available voice recognition services found for user 0
12-14 03:22:43.705 1503 1611 W VoiceInteractionManager: no available voice recognition services found for user 0
01-01 09:23:12.619 0 0 I init : Control message: Processed ctl.start for 'idmap2d' from pid: 1503 (system_server)
01-01 09:23:12.627 0 0 I binder : 4449:4449 ioctl 40046210 7fe77c0ed4 returned -22
12-14 03:22:43.719 1503 1611 W VoiceInteractionManager: no available voice recognition services found for user 0
01-01 09:23:12.640 0 0 I binder : 2645:4455 ioctl 40046210 766ec0df04 returned -22
12-14 03:22:43.740 1503 1611 W VoiceInteractionManager: no available voice recognition services found for user 0
12-14 03:22:43.745 1503 1611 W VoiceInteractionManager: no available voice recognition services found for user 0
12-14 03:22:43.748 1503 1611 W VoiceInteractionManager: no available voice recognition services found for user 0
12-14 03:22:43.751 1503 1611 W VoiceInteractionManager: no available voice recognition services found for user 0
12-14 03:22:43.754 1503 1611 W VoiceInteractionManager: no available voice recognition services found for user 0
12-14 03:22:43.760 1503 1611 W VoiceInteractionManager: no available voice recognition services found for user 0
01-01 09:23:12.715 0 0 I init : processing action (sys.tlog.pstore.active=1) from (/system/etc/init/tlogd.rc:122)
01-01 09:23:12.717 0 0 I init : Command 'start pstore_save' action=sys.tlog.pstore.active=1 (/system/etc/init/tlogd.rc:124) took 1ms and failed: Could not start service: Could not get process context
01-01 09:23:12.739 0 0 I IRQ 5 : no longer affine to CPU6
12-14 03:22:44.030 1503 3303 D CompatibilityChangeReporter: Compat change id reported: 135634846; UID 10055; state: DISABLED
12-14 03:22:44.030 1503 3303 D CompatibilityChangeReporter: Compat change id reported: 177438394; UID 10055; state: DISABLED
12-14 03:22:44.030 1503 3303 D CompatibilityChangeReporter: Compat change id reported: 135772972; UID 10055; state: DISABLED
12-14 03:22:44.030 1503 3303 D CompatibilityChangeReporter: Compat change id reported: 135754954; UID 10055; state: DISABLED
12-14 03:22:44.031 1503 1613 D CompatibilityChangeReporter: Compat change id reported: 143937733; UID 10055; state: DISABLED
12-14 03:22:44.052 1503 1613 I ActivityManager: Start proc 4468:com.qualcomm.qti.qms.service.trustzoneaccess/u0a55 for service {com.qualcomm.qti.qms.service.trustzoneaccess/com.qualcomm.qti.qms.service.trustzoneaccess.TZAccessService}
01-01 09:23:12.985 0 0 I binder : 4468:4468 ioctl 40046210 7fe38dfb64 returned -22
12-14 03:22:44.081 1503 3303 D CompatibilityChangeReporter: Compat change id reported: 168419799; UID 10055; state: DISABLED
12-14 03:22:44.185 1503 2420 I ActivityManager: Process com.qti.ltebc (pid 4425) has died: cch+5 CEM
01-01 09:23:13.118 0 0 D : mv2112_read_status
01-01 09:23:13.119 0 0 D mv2112_update_link: 3.0x901(1G): 0x80
01-01 09:23:13.119 0 0 D mv2112_update_link: 3.0x8109(100M): 0x8
01-01 09:23:13.119 0 0 D mv2112_update_link: link 0x0
01-01 09:23:13.119 0 0 D mv2112_read_status: autoneg is disabled
01-01 09:23:13.587 0 0 I : read descriptors
01-01 09:23:13.587 0 0 I : read strings
12-14 03:22:44.863 1503 2313 I GameModeConfig: isGameModeOn = false
01-01 09:23:13.921 0 0 I init : Untracked pid 4506 exited with status 0
01-01 09:23:14.142 0 0 D : mv2112_read_status
01-01 09:23:14.143 0 0 D mv2112_update_link: 3.0x901(1G): 0x80
01-01 09:23:14.143 0 0 D mv2112_update_link: 3.0x8109(100M): 0x8
01-01 09:23:14.143 0 0 D mv2112_update_link: link 0x0
01-01 09:23:14.143 0 0 D mv2112_read_status: autoneg is disabled
01-01 09:23:14.609 0 0 I : read descriptors
01-01 09:23:14.609 0 0 I : read strings
01-01 09:23:15.166 0 0 D : mv2112_read_status
01-01 09:23:15.167 0 0 D mv2112_update_link: 3.0x901(1G): 0x80
01-01 09:23:15.167 0 0 D mv2112_update_link: 3.0x8109(100M): 0x8
01-01 09:23:15.167 0 0 D mv2112_update_link: link 0x0
01-01 09:23:15.167 0 0 D mv2112_read_status: autoneg is disabled
01-01 09:23:15.635 0 0 I : read descriptors
01-01 09:23:15.635 0 0 I : read strings
01-01 09:23:16.190 0 0 D : mv2112_read_status
01-01 09:23:16.191 0 0 D mv2112_update_link: 3.0x901(1G): 0x80
01-01 09:23:16.191 0 0 D mv2112_update_link: 3.0x8109(100M): 0x8
01-01 09:23:16.191 0 0 D mv2112_update_link: link 0x0
01-01 09:23:16.191 0 0 D mv2112_read_status: autoneg is disabled
01-01 09:23:16.655 0 0 I : read descriptors
01-01 09:23:16.655 0 0 I : read strings
01-01 09:23:17.214 0 0 D : mv2112_read_status
01-01 09:23:17.214 0 0 D mv2112_update_link: 3.0x901(1G): 0x80
01-01 09:23:17.215 0 0 D mv2112_update_link: 3.0x8109(100M): 0x8
01-01 09:23:17.215 0 0 D mv2112_update_link: link 0x0
01-01 09:23:17.215 0 0 D mv2112_read_status: autoneg is disabled
01-01 09:23:17.675 0 0 I : read descriptors
01-01 09:23:17.676 0 0 I : read strings
12-14 03:22:48.917 1503 2313 I GameModeConfig: isGameModeOn = false
01-01 09:23:18.238 0 0 D : mv2112_read_status
01-01 09:23:18.239 0 0 D mv2112_update_link: 3.0x901(1G): 0x80
01-01 09:23:18.239 0 0 D mv2112_update_link: 3.0x8109(100M): 0x8
01-01 09:23:18.239 0 0 D mv2112_update_link: link 0x0
01-01 09:23:18.239 0 0 D mv2112_read_status: autoneg is disabled
01-01 09:23:18.699 0 0 I : read descriptors
01-01 09:23:18.699 0 0 I : read strings
01-01 09:23:19.262 0 0 D : mv2112_read_status
01-01 09:23:19.263 0 0 D mv2112_update_link: 3.0x901(1G): 0x80
01-01 09:23:19.263 0 0 D mv2112_update_link: 3.0x8109(100M): 0x8
01-01 09:23:19.263 0 0 D mv2112_update_link: link 0x0
01-01 09:23:19.263 0 0 D mv2112_read_status: autoneg is disabled
01-01 09:23:19.719 0 0 I : read descriptors
01-01 09:23:19.719 0 0 I : read strings
01-01 09:23:20.289 0 0 D : mv2112_read_status
01-01 09:23:20.290 0 0 D mv2112_update_link: 3.0x901(1G): 0x80
01-01 09:23:20.290 0 0 D mv2112_update_link: 3.0x8109(100M): 0x8
01-01 09:23:20.290 0 0 D mv2112_update_link: link 0x0
01-01 09:23:20.290 0 0 D mv2112_read_status: autoneg is disabled
12-14 03:22:51.735 1503 1612 I ActivityManager: Waited long enough for: ServiceRecord{be6d335 u0 com.qti.diagservices/.QTIDiagServices}
01-01 09:23:20.735 0 0 I : read descriptors
01-01 09:23:20.735 0 0 I : read strings
01-01 09:23:21.310 0 0 D : mv2112_read_status
01-01 09:23:21.311 0 0 D mv2112_update_link: 3.0x901(1G): 0x80
01-01 09:23:21.311 0 0 D mv2112_update_link: 3.0x8109(100M): 0x8
01-01 09:23:21.311 0 0 D mv2112_update_link: link 0x0
01-01 09:23:21.311 0 0 D mv2112_read_status: autoneg is disabled
01-01 09:23:21.755 0 0 I : read descriptors
01-01 09:23:21.755 0 0 I : read strings
01-01 09:23:22.338 0 0 D : mv2112_read_status
01-01 09:23:22.342 0 0 D mv2112_update_link: 3.0x901(1G): 0x80
01-01 09:23:22.342 0 0 D mv2112_update_link: 3.0x8109(100M): 0x8
01-01 09:23:22.342 0 0 D mv2112_update_link: link 0x0
01-01 09:23:22.342 0 0 D mv2112_read_status: autoneg is disabled
01-01 09:23:22.364 0 0 I msm_vidc: high: 00000001: h264d: Closed video instance: 0000000000000000
01-01 09:23:22.386 0 0 E q6asm_callback: cmd = 0x10bce returned error = 0xa
01-01 09:23:22.386 0 0 E __q6asm_cmd: DSP returned error[ADSP_ENOTREADY] opcode 68558
01-01 09:23:22.405 0 0 E q6asm_callback: Session ID is invalid, session = 0
01-01 09:23:22.430 0 0 I binder : undelivered transaction 118956, process died.
01-01 09:23:22.431 0 0 I init : Service 'bootanim' (pid 1106) exited with status 0 oneshot service took 34.539001 seconds in background
01-01 09:23:22.431 0 0 I init : Sending signal 9 to service 'bootanim' (pid 1106) process group...
01-01 09:23:22.431 0 0 I libprocessgroup: Successfully killed process cgroup uid 1003 pid 1106 in 0ms
01-01 09:23:22.645 0 0 I init : Sending signal 9 to service 'idmap2d' (pid 4449) process group...
12-14 03:22:53.739 1503 3787 W OverlayManager: service 'idmap' died
01-01 09:23:22.651 0 0 I libprocessgroup: Successfully killed process cgroup uid 1000 pid 4449 in 5ms
01-01 09:23:22.652 0 0 I init : Control message: Processed ctl.stop for 'idmap2d' from pid: 1503 (system_server)
01-01 09:23:22.653 0 0 I init : Service 'idmap2d' (pid 4449) received signal 9
01-01 09:23:22.771 0 0 I : read descriptors
01-01 09:23:22.771 0 0 I : read strings
12-14 03:22:53.871 1503 1612 I ActivityManager: Waited long enough for: ServiceRecord{e4217a4 u0 com.thundercomm.gamemode/.ingame.services.ActivityMonitoringService}
12-14 03:22:53.903 1503 1612 I ActivityManager: Waited long enough for: ServiceRecord{d2e7f7d u0 com.thundercomm.gamemode/.ingame.services.GameModeService}
01-01 09:23:23.358 0 0 D : mv2112_read_status
01-01 09:23:23.359 0 0 D mv2112_update_link: 3.0x901(1G): 0x80
01-01 09:23:23.360 0 0 D mv2112_update_link: 3.0x8109(100M): 0x8
01-01 09:23:23.360 0 0 D mv2112_update_link: link 0x0
01-01 09:23:23.360 0 0 D mv2112_read_status: autoneg is disabled
01-01 09:23:23.783 0 0 I : read descriptors
01-01 09:23:23.783 0 0 I : read strings
01-01 09:23:24.382 0 0 D : mv2112_read_status
01-01 09:23:24.383 0 0 D mv2112_update_link: 3.0x901(1G): 0x80
01-01 09:23:24.383 0 0 D mv2112_update_link: 3.0x8109(100M): 0x8
01-01 09:23:24.383 0 0 D mv2112_update_link: link 0x0
01-01 09:23:24.383 0 0 D mv2112_read_status: autoneg is disabled
01-01 09:23:24.807 0 0 I : read descriptors
01-01 09:23:24.807 0 0 I : read strings
01-01 09:23:25.406 0 0 D : mv2112_read_status
01-01 09:23:25.407 0 0 D mv2112_update_link: 3.0x901(1G): 0x80
01-01 09:23:25.407 0 0 D mv2112_update_link: 3.0x8109(100M): 0x8
01-01 09:23:25.407 0 0 D mv2112_update_link: link 0x0
01-01 09:23:25.407 0 0 D mv2112_read_status: autoneg is disabled
01-01 09:23:25.827 0 0 I : read descriptors
01-01 09:23:25.827 0 0 I : read strings
01-01 09:23:26.430 0 0 D : mv2112_read_status
01-01 09:23:26.431 0 0 D mv2112_update_link: 3.0x901(1G): 0x80
01-01 09:23:26.431 0 0 D mv2112_update_link: 3.0x8109(100M): 0x8
01-01 09:23:26.431 0 0 D mv2112_update_link: link 0x0
01-01 09:23:26.431 0 0 D mv2112_read_status: autoneg is disabled
01-01 09:23:26.847 0 0 I : read descriptors
01-01 09:23:26.847 0 0 I : read strings
01-01 09:23:27.454 0 0 D : mv2112_read_status
01-01 09:23:27.455 0 0 D mv2112_update_link: 3.0x901(1G): 0x80
01-01 09:23:27.455 0 0 D mv2112_update_link: 3.0x8109(100M): 0x8
01-01 09:23:27.455 0 0 D mv2112_update_link: link 0x0
01-01 09:23:27.455 0 0 D mv2112_read_status: autoneg is disabled
01-01 09:23:27.863 0 0 I : read descriptors
01-01 09:23:27.863 0 0 I : read strings
01-01 09:23:28.478 0 0 D : mv2112_read_status
01-01 09:23:28.479 0 0 D mv2112_update_link: 3.0x901(1G): 0x80
01-01 09:23:28.479 0 0 D mv2112_update_link: 3.0x8109(100M): 0x8
01-01 09:23:28.479 0 0 D mv2112_update_link: link 0x0
01-01 09:23:28.479 0 0 D mv2112_read_status: autoneg is disabled
01-01 09:23:28.879 0 0 I : read descriptors
01-01 09:23:28.879 0 0 I : read strings
01-01 09:23:29.502 0 0 D : mv2112_read_status
01-01 09:23:29.503 0 0 D mv2112_update_link: 3.0x901(1G): 0x80
01-01 09:23:29.503 0 0 D mv2112_update_link: 3.0x8109(100M): 0x8
01-01 09:23:29.503 0 0 D mv2112_update_link: link 0x0
01-01 09:23:29.503 0 0 D mv2112_read_status: autoneg is disabled
01-01 09:23:29.899 0 0 I : read descriptors
01-01 09:23:29.899 0 0 I : read strings
01-01 09:23:30.526 0 0 D : mv2112_read_status
01-01 09:23:30.527 0 0 D mv2112_update_link: 3.0x901(1G): 0x80
01-01 09:23:30.527 0 0 D mv2112_update_link: 3.0x8109(100M): 0x8
01-01 09:23:30.527 0 0 D mv2112_update_link: link 0x0
01-01 09:23:30.527 0 0 D mv2112_read_status: autoneg is disabled
01-01 09:23:30.923 0 0 I : read descriptors
01-01 09:23:30.924 0 0 I : read strings
01-01 09:23:31.550 0 0 D : mv2112_read_status
01-01 09:23:31.551 0 0 D mv2112_update_link: 3.0x901(1G): 0x80
01-01 09:23:31.551 0 0 D mv2112_update_link: 3.0x8109(100M): 0x8
