12-14 03:22:34.055 1503 1503 I SystemServerTiming: ssm.onStartUser-0_com.android.server.alarm.AlarmManagerService
12-14 03:22:34.055 1503 1503 I SystemServerTiming: ssm.onStartUser-0_com.android.server.devicestate.DeviceStateManagerService
12-14 03:22:34.055 1503 1503 I SystemServerTiming: ssm.onStartUser-0_com.android.server.camera.CameraServiceProxy
12-14 03:22:34.056 1503 1611 D CountryDetector: Using custom country detector class: com.android.server.location.ComprehensiveCountryDetector
12-14 03:22:34.056 1503 1611 E CountryDetector: Could not instantiate the custom country detector class
12-14 03:22:34.056 1503 1611 D CountryDetector: Using default country detector
12-14 03:22:34.056 1503 1503 I SystemServerTiming: ssm.onStartUser-0_com.android.server.BluetoothService
12-14 03:22:34.056 1503 1503 I SystemServerTiming: ssm.onStartUser-0_com.android.server.connectivity.IpConnectivityMetrics
12-14 03:22:34.056 1503 1503 I SystemServerTiming: ssm.onStartUser-0_com.android.server.net.watchlist.NetworkWatchlistService$Lifecycle
12-14 03:22:34.056 1503 1503 I SystemServerTiming: ssm.onStartUser-0_com.android.server.PinnerService
12-14 03:22:34.056 1503 1503 I SystemServerTiming: ssm.onStartUser-0_com.google.android.startop.iorap.IorapForwardingService
12-14 03:22:34.056 1503 1503 I SystemServerTiming: ssm.onStartUser-0_com.android.server.ActivityTriggerService
12-14 03:22:34.056 1503 1503 I SystemServerTiming: ssm.onStartUser-0_com.android.server.integrity.AppIntegrityManagerService
12-14 03:22:34.056 1503 1503 I SystemServerTiming: ssm.onStartUser-0_com.android.server.inputmethod.InputMethodManagerService$Lifecycle
12-14 03:22:34.056 1503 1503 I SystemServerTiming: ssm.onStartUser-0_com.android.server.accessibility.AccessibilityManagerService$Lifecycle
12-14 03:22:34.056 1503 1503 I SystemServerTiming: ssm.onStartUser-0_com.android.server.StorageManagerService$Lifecycle
12-14 03:22:34.057 1503 1503 V StorageManagerService: Package com.sohu.inputmethod.sogou.car has legacy storage
12-14 03:22:34.057 1503 1503 V StorageManagerService: Package android.frameworkres.overlay does not have legacy storage
12-14 03:22:34.057 1503 1503 V StorageManagerService: Package com.android.cts.priv.ctsshim does not have legacy storage
12-14 03:22:34.057 1503 1503 V StorageManagerService: Package com.thundercomm.gamemode.provider does not have legacy storage
12-14 03:22:34.057 1503 1503 V StorageManagerService: Package com.thundercomm.gamemode does not have legacy storage
12-14 03:22:34.057 1503 1503 V StorageManagerService: Package com.thundercomm.microservice does not have legacy storage
12-14 03:22:34.057 1503 1503 V StorageManagerService: Package com.android.dynsystem does not have legacy storage
12-14 03:22:34.057 1503 1503 V StorageManagerService: Package com.hht.lebocast does not have legacy storage
12-14 03:22:34.057 1503 1503 V StorageManagerService: Package com.android.providers.calendar does not have legacy storage
12-14 03:22:34.057 1503 1503 V StorageManagerService: Package com.android.providers.media does not have legacy storage
12-14 03:22:34.057 1503 1503 V StorageManagerService: Package com.android.internal.systemui.navbar.gestural_wide_back does not have legacy storage
12-14 03:22:34.057 1503 1503 V StorageManagerService: Package com.android.wallpapercropper does not have legacy storage
12-14 03:22:34.057 1503 1503 V StorageManagerService: Package com.thundercomm.microsettings does not have legacy storage
12-14 03:22:34.057 1503 1503 V StorageManagerService: Package com.qualcomm.qti.gpudrivers.kona.api30 does not have legacy storage
12-14 03:22:34.057 1503 1503 V StorageManagerService: Package com.android.documentsui does not have legacy storage
12-14 03:22:34.057 1503 1503 V StorageManagerService: Package com.android.externalstorage does not have legacy storage
12-14 03:22:34.057 1503 1503 V StorageManagerService: Package com.android.htmlviewer does not have legacy storage
12-14 03:22:34.057 1503 1503 V StorageManagerService: Package com.qualcomm.qti.uceShimService does not have legacy storage
12-14 03:22:34.057 1503 1503 V StorageManagerService: Package com.android.companiondevicemanager does not have legacy storage
12-14 03:22:34.057 1503 1503 V StorageManagerService: Package com.qualcomm.qti.qms.service.connectionsecurity does not have legacy storage
12-14 03:22:34.057 1503 1503 V StorageManagerService: Package com.android.providers.downloads does not have legacy storage
12-14 03:22:34.057 1503 1503 V StorageManagerService: Package com.android.internal.systemui.onehanded.gestural does not have legacy storage
12-14 03:22:34.057 1503 1503 V StorageManagerService: Package vendor.qti.hardware.cacert.server does not have legacy storage
12-14 03:22:34.057 1503 1503 V StorageManagerService: Package com.thundercomm.tchttpserver does not have legacy storage
12-14 03:22:34.057 1503 1503 V StorageManagerService: Package vendor.qti.iwlan does not have legacy storage
12-14 03:22:34.057 1503 1503 V StorageManagerService: Package com.android.soundrecorder does not have legacy storage
12-14 03:22:34.057 1503 1503 V StorageManagerService: Package com.tc.logclient does not have legacy storage
12-14 03:22:34.057 1503 1503 V StorageManagerService: Package android.qvaoverlay.common does not have legacy storage
12-14 03:22:34.057 1503 1503 V StorageManagerService: Package com.android.providers.downloads.ui does not have legacy storage
12-14 03:22:34.057 1503 1503 V StorageManagerService: Package com.android.pacprocessor does not have legacy storage
12-14 03:22:34.057 1503 1503 V StorageManagerService: Package com.android.networkstack does not have legacy storage
12-14 03:22:34.057 1503 1503 V StorageManagerService: Package android.overlay.common does not have legacy storage
12-14 03:22:34.057 1503 1503 V StorageManagerService: Package com.android.connectivity.resources does not have legacy storage
12-14 03:22:34.057 1503 1503 V StorageManagerService: Package com.android.modulemetadata does not have legacy storage
12-14 03:22:34.057 1503 1503 V StorageManagerService: Package com.android.certinstaller does not have legacy storage
12-14 03:22:34.057 1503 1503 V StorageManagerService: Package android does not have legacy storage
12-14 03:22:34.057 1503 1503 V StorageManagerService: Package com.qualcomm.wfd.service does not have legacy storage
12-14 03:22:34.057 1503 1503 V StorageManagerService: Package com.thundercomm.tcsetupwizard does not have legacy storage
12-14 03:22:34.057 1503 1503 V StorageManagerService: Package ts.car.uart does not have legacy storage
12-14 03:22:34.057 1503 1503 V StorageManagerService: Package com.android.egg does not have legacy storage
12-14 03:22:34.057 1503 1503 V StorageManagerService: Package com.android.mtp does not have legacy storage
12-14 03:22:34.057 1503 1503 V StorageManagerService: Package com.android.nfc does not have legacy storage
12-14 03:22:34.057 1503 1503 V StorageManagerService: Package com.android.stk does not have legacy storage
12-14 03:22:34.057 1503 1503 V StorageManagerService: Package com.android.launcher3 does not have legacy storage
12-14 03:22:34.058 1503 1503 V StorageManagerService: Package com.android.backupconfirm does not have legacy storage
12-14 03:22:34.058 1503 1503 V StorageManagerService: Package vendor.qti.qesdk.sysservice does not have legacy storage
12-14 03:22:34.058 1503 1503 V StorageManagerService: Package com.hryt.hiphishowfsecontrol does not have legacy storage
12-14 03:22:34.058 1503 1503 V StorageManagerService: Package com.android.provision does not have legacy storage
12-14 03:22:34.058 1503 1503 V StorageManagerService: Package android.overlay.target does not have legacy storage
12-14 03:22:34.058 1503 1503 V StorageManagerService: Package com.microsoft.emmx does not have legacy storage
12-14 03:22:34.058 1503 1503 V StorageManagerService: Package com.qti.pasrservice does not have legacy storage
12-14 03:22:34.058 1503 1503 V StorageManagerService: Package com.android.settings.intelligence does not have legacy storage
12-14 03:22:34.058 1503 1503 V StorageManagerService: Package com.android.calendar does not have legacy storage
12-14 03:22:34.058 1503 1503 V StorageManagerService: Package com.android.internal.systemui.navbar.gestural_extra_wide_back does not have legacy storage
12-14 03:22:34.058 1503 1503 V StorageManagerService: Package com.qualcomm.qti.dynamicddsservice does not have legacy storage
12-14 03:22:34.058 1503 1503 V StorageManagerService: Package com.qualcomm.qti.xrvd.service does not have legacy storage
12-14 03:22:34.058 1503 1503 V StorageManagerService: Package com.android.providers.settings does not have legacy storage
12-14 03:22:34.058 1503 1503 V StorageManagerService: Package com.android.sharedstoragebackup does not have legacy storage
12-14 03:22:34.058 1503 1503 V StorageManagerService: Package com.android.printspooler does not have legacy storage
12-14 03:22:34.058 1503 1503 V StorageManagerService: Package com.qti.qualcomm.mstatssystemservice does not have legacy storage
12-14 03:22:34.058 1503 1503 V StorageManagerService: Package com.qualcomm.qti.services.systemhelper does not have legacy storage
12-14 03:22:34.058 1503 1503 V StorageManagerService: Package com.android.wifi.resources.overlay.common does not have legacy storage
12-14 03:22:34.058 1503 1503 V StorageManagerService: Package com.android.dreams.basic does not have legacy storage
12-14 03:22:34.058 1503 1503 V StorageManagerService: Package com.android.webview does not have legacy storage
12-14 03:22:34.058 1503 1503 V StorageManagerService: Package com.android.se does not have legacy storage
12-14 03:22:34.058 1503 1503 V StorageManagerService: Package com.android.inputdevices does not have legacy storage
12-14 03:22:34.058 1503 1503 V StorageManagerService: Package com.android.bips does not have legacy storage
12-14 03:22:34.058 1503 1503 V StorageManagerService: Package com.qti.dpmserviceapp does not have legacy storage
12-14 03:22:34.058 1503 1503 V StorageManagerService: Package com.thundercomm.remotecontrolservice does not have legacy storage
12-14 03:22:34.058 1503 1503 V StorageManagerService: Package com.android.musicfx does not have legacy storage
12-14 03:22:34.058 1503 1503 V StorageManagerService: Package com.android.settings.overlay.common does not have legacy storage
12-14 03:22:34.058 1503 1503 V StorageManagerService: Package com.qualcomm.qti.qccnetstat does not have legacy storage
12-14 03:22:34.058 1503 1503 V StorageManagerService: Package android.ext.shared does not have legacy storage
12-14 03:22:34.058 1503 1503 V StorageManagerService: Package com.android.onetimeinitializer does not have legacy storage
12-14 03:22:34.058 1503 1503 V StorageManagerService: Package com.android.server.telecom does not have legacy storage
12-14 03:22:34.058 1503 1503 V StorageManagerService: Package com.android.keychain does not have legacy storage
12-14 03:22:34.058 1503 1503 V StorageManagerService: Package com.qti.snapdragon.qdcm_ff does not have legacy storage
12-14 03:22:34.058 1503 1503 V StorageManagerService: Package com.android.wifi.resources.overlay.target does not have legacy storage
12-14 03:22:34.058 1503 1503 V StorageManagerService: Package com.android.printservice.recommendation does not have legacy storage
12-14 03:22:34.058 1503 1503 V StorageManagerService: Package com.thundercomm.mcuupgrade does not have legacy storage
12-14 03:22:34.058 1503 1503 V StorageManagerService: Package com.android.gallery3d has legacy storage
12-14 03:22:34.058 1503 1503 V StorageManagerService: Package android.ext.services does not have legacy storage
12-14 03:22:34.058 1503 1503 V StorageManagerService: Package com.android.wifi.resources does not have legacy storage
12-14 03:22:34.058 1503 1503 V StorageManagerService: Package com.baidu.input does not have legacy storage
12-14 03:22:34.058 1503 1503 V StorageManagerService: Package com.android.systemui.overlay.common does not have legacy storage
12-14 03:22:34.058 1503 1503 V StorageManagerService: Package com.android.cameraextensions does not have legacy storage
12-14 03:22:34.058 1503 1503 V StorageManagerService: Package com.thundercomm.tcservice does not have legacy storage
12-14 03:22:34.058 1503 1503 V StorageManagerService: Package com.android.localtransport does not have legacy storage
12-14 03:22:34.058 1503 1503 V StorageManagerService: Package com.android.packageinstaller does not have legacy storage
12-14 03:22:34.058 1503 1503 V StorageManagerService: Package com.qualcomm.qti.devicestatisticsservice does not have legacy storage
12-14 03:22:34.059 1503 1503 V StorageManagerService: Package com.android.theme.font.notoserifsource does not have legacy storage
12-14 03:22:34.059 1503 1503 V StorageManagerService: Package com.android.proxyhandler does not have legacy storage
12-14 03:22:34.059 1503 1503 V StorageManagerService: Package com.android.internal.display.cutout.emulation.waterfall does not have legacy storage
12-14 03:22:34.059 1503 1503 V StorageManagerService: Package com.qualcomm.qti.workloadclassifier does not have legacy storage
12-14 03:22:34.059 1503 1503 V StorageManagerService: Package com.android.inputmethod.latin does not have legacy storage
12-14 03:22:34.059 1503 1503 V StorageManagerService: Package com.android.providers.settings.overlay does not have legacy storage
12-14 03:22:34.059 1503 1503 V StorageManagerService: Package com.android.managedprovisioning does not have legacy storage
12-14 03:22:34.059 1503 1503 V StorageManagerService: Package com.android.networkstack.tethering does not have legacy storage
12-14 03:22:34.059 1503 1503 V StorageManagerService: Package com.android.soundpicker does not have legacy storage
12-14 03:22:34.059 1503 1503 V StorageManagerService: Package com.android.dreams.phototable does not have legacy storage
12-14 03:22:34.059 1503 1503 V StorageManagerService: Package com.thundercomm.screensaver does not have legacy storage
12-14 03:22:34.059 1503 1503 V StorageManagerService: Package com.android.wallpaper.livepicker does not have legacy storage
12-14 03:22:34.059 1503 1503 V StorageManagerService: Package com.android.apps.tag does not have legacy storage
12-14 03:22:34.059 1503 1503 V StorageManagerService: Package com.android.storagemanager does not have legacy storage
12-14 03:22:34.059 1503 1503 V StorageManagerService: Package com.android.bookmarkprovider does not have legacy storage
12-14 03:22:34.059 1503 1503 V StorageManagerService: Package com.android.settings does not have legacy storage
12-14 03:22:34.059 1503 1503 V StorageManagerService: Package com.android.networkstack.permissionconfig does not have legacy storage
12-14 03:22:34.059 1503 1503 V StorageManagerService: Package com.qualcomm.location does not have legacy storage
12-14 03:22:34.059 1503 1503 V StorageManagerService: Package com.android.cts.ctsshim does not have legacy storage
12-14 03:22:34.059 1503 1503 V StorageManagerService: Package com.qti.diagservices does not have legacy storage
12-14 03:22:34.059 1503 1503 V StorageManagerService: Package com.android.vpndialogs does not have legacy storage
12-14 03:22:34.060 1503 1503 V StorageManagerService: Package com.qualcomm.location.XT does not have legacy storage
12-14 03:22:34.060 1503 1503 V StorageManagerService: Package com.android.music does not have legacy storage
12-14 03:22:34.060 1503 1503 V StorageManagerService: Package com.android.shell does not have legacy storage
12-14 03:22:34.060 1503 1503 V StorageManagerService: Package com.android.wallpaperbackup does not have legacy storage
12-14 03:22:34.060 1503 1503 V StorageManagerService: Package com.android.providers.userdictionary does not have legacy storage
12-14 03:22:34.060 1503 1503 V StorageManagerService: Package com.android.providers.media.module does not have legacy storage
12-14 03:22:34.060 1503 1503 V StorageManagerService: Package com.android.emergency does not have legacy storage
12-14 03:22:34.060 1503 1503 V StorageManagerService: Package com.android.hotspot2.osulogin does not have legacy storage
12-14 03:22:34.060 1503 1503 V StorageManagerService: Package com.qualcomm.qti.qdma does not have legacy storage
12-14 03:22:34.060 1503 1503 V StorageManagerService: Package com.qualcomm.qti.xrcb does not have legacy storage
12-14 03:22:34.060 1503 1503 V StorageManagerService: Package com.android.internal.systemui.navbar.gestural does not have legacy storage
12-14 03:22:34.060 1503 1503 V StorageManagerService: Package com.android.location.fused does not have legacy storage
12-14 03:22:34.060 1503 1503 V StorageManagerService: Package com.android.deskclock does not have legacy storage
12-14 03:22:34.060 1503 1503 V StorageManagerService: Package com.android.systemui does not have legacy storage
12-14 03:22:34.060 1503 1503 V StorageManagerService: Package com.android.bluetoothmidiservice does not have legacy storage
12-14 03:22:34.060 1503 1503 V StorageManagerService: Package com.qti.ltebc does not have legacy storage
12-14 03:22:34.060 1503 1503 V StorageManagerService: Package com.android.permissioncontroller does not have legacy storage
12-14 03:22:34.060 1503 1503 V StorageManagerService: Package com.android.traceur does not have legacy storage
12-14 03:22:34.060 1503 1503 V StorageManagerService: Package com.qualcomm.qti.qccauthmgr does not have legacy storage
12-14 03:22:34.060 1503 1503 V StorageManagerService: Package com.qualcomm.qti.qms.service.trustzoneaccess does not have legacy storage
12-14 03:22:34.060 1503 1503 V StorageManagerService: Package com.qualcomm.qtil.aptxui does not have legacy storage
12-14 03:22:34.060 1503 1503 V StorageManagerService: Package com.android.bluetooth does not have legacy storage
12-14 03:22:34.060 1503 1503 V StorageManagerService: Package com.qualcomm.timeservice does not have legacy storage
12-14 03:22:34.060 1503 1503 V StorageManagerService: Package com.qualcomm.embms does not have legacy storage
12-14 03:22:34.061 1503 1503 V StorageManagerService: Package com.android.providers.contacts does not have legacy storage
12-14 03:22:34.061 1503 1503 V StorageManagerService: Package com.android.captiveportallogin does not have legacy storage
12-14 03:22:34.061 1503 1503 V StorageManagerService: Package com.android.internal.systemui.navbar.gestural_narrow_back does not have legacy storage
12-14 03:22:34.061 1503 1503 V StorageManagerService: Package com.android.cellbroadcastreceiver.overlay.common does not have legacy storage
12-14 03:22:34.061 1503 1503 I SystemServerTiming: ssm.onStartUser-0_com.android.server.usage.StorageStatsService$Lifecycle
12-14 03:22:34.061 1503 1503 I SystemServerTiming: ssm.onStartUser-0_com.android.server.UiModeManagerService
12-14 03:22:34.061 1503 1503 I SystemServerTiming: ssm.onStartUser-0_com.android.server.locksettings.LockSettingsService$Lifecycle
12-14 03:22:34.061 1503 1503 I SystemServerTiming: ssm.onStartUser-0_com.android.server.PersistentDataBlockService
12-14 03:22:34.061 1503 1503 I SystemServerTiming: ssm.onStartUser-0_com.android.server.testharness.TestHarnessModeService
12-14 03:22:34.062 1503 1503 I SystemServerTiming: ssm.onStartUser-0_com.android.server.oemlock.OemLockService
12-14 03:22:34.062 1503 1503 I SystemServerTiming: ssm.onStartUser-0_com.android.server.DeviceIdleController
12-14 03:22:34.062 1503 1503 I SystemServerTiming: ssm.onStartUser-0_com.android.server.devicepolicy.DevicePolicyManagerService$Lifecycle
12-14 03:22:34.062 1503 1503 I SystemServerTiming: ssm.onStartUser-0_com.android.server.texttospeech.TextToSpeechManagerService
12-14 03:22:34.062 1503 1503 I SystemServerTiming: ssm.onStartUser-0_com.android.server.speech.SpeechRecognitionManagerService
12-14 03:22:34.062 1503 1503 I SystemServerTiming: ssm.onStartUser-0_com.android.server.searchui.SearchUiManagerService
12-14 03:22:34.062 1503 1503 I SystemServerTiming: ssm.onStartUser-0_com.android.server.smartspace.SmartspaceManagerService
12-14 03:22:34.062 1503 1503 I SystemServerTiming: ssm.onStartUser-0_com.android.server.graphics.fonts.FontManagerService$Lifecycle
12-14 03:22:34.062 1503 1503 I SystemServerTiming: ssm.onStartUser-0_com.android.server.textservices.TextServicesManagerService$Lifecycle
12-14 03:22:34.062 1503 1503 I SystemServerTiming: ssm.onStartUser-0_com.android.server.textclassifier.TextClassificationManagerService$Lifecycle
12-14 03:22:34.062 1503 1503 I SystemServerTiming: ssm.onStartUser-0_com.android.server.NetworkScoreService$Lifecycle
12-14 03:22:34.062 1503 1503 I SystemServerTiming: ssm.onStartUser-0_com.android.server.wifi.WifiService
12-14 03:22:34.062 1503 1503 I SystemServerTiming: ssm.onStartUser-0_com.android.server.wifi.scanner.WifiScanningService
12-14 03:22:34.062 1503 1503 I SystemServerTiming: ssm.onStartUser-0_com.android.server.wifi.rtt.RttService
12-14 03:22:34.062 1503 1503 I SystemServerTiming: ssm.onStartUser-0_com.android.server.wifi.aware.WifiAwareService
12-14 03:22:34.062 1503 1503 I SystemServerTiming: ssm.onStartUser-0_com.android.server.wifi.p2p.WifiP2pService
12-14 03:22:34.062 1503 1503 I SystemServerTiming: ssm.onStartUser-0_com.android.server.ethernet.EthernetService
12-14 03:22:34.062 1503 1503 I SystemServerTiming: ssm.onStartUser-0_com.android.server.ConnectivityServiceInitializer
12-14 03:22:34.062 1503 1503 I SystemServerTiming: ssm.onStartUser-0_com.android.server.notification.NotificationManagerService
12-14 03:22:34.062 1503 1503 I SystemServerTiming: ssm.onStartUser-0_com.android.server.storage.DeviceStorageMonitorService
12-14 03:22:34.062 1503 1503 I SystemServerTiming: ssm.onStartUser-0_com.android.server.location.LocationManagerService$Lifecycle
12-14 03:22:34.062 1503 1503 I SystemServerTiming: ssm.onStartUser-0_com.android.server.timedetector.TimeDetectorService$Lifecycle
12-14 03:22:34.062 1503 1503 I SystemServerTiming: ssm.onStartUser-0_com.android.server.timezonedetector.TimeZoneDetectorService$Lifecycle
12-14 03:22:34.062 1503 1503 I SystemServerTiming: ssm.onStartUser-0_com.android.server.timezonedetector.location.LocationTimeZoneManagerService$Lifecycle
12-14 03:22:34.062 1503 1503 I SystemServerTiming: ssm.onStartUser-0_com.android.server.search.SearchManagerService$Lifecycle
12-14 03:22:34.062 1503 1503 I SystemServerTiming: ssm.onStartUser-0_com.android.server.wallpaper.WallpaperManagerService$Lifecycle
12-14 03:22:34.062 1503 1503 I SystemServerTiming: ssm.onStartUser-0_com.android.server.audio.AudioService$Lifecycle
12-14 03:22:34.062 1503 1503 I SystemServerTiming: ssm.onStartUser-0_com.android.server.soundtrigger_middleware.SoundTriggerMiddlewareService$Lifecycle
12-14 03:22:34.062 1503 1503 I SystemServerTiming: ssm.onStartUser-0_com.android.server.DockObserver
12-14 03:22:34.063 1503 1503 I SystemServerTiming: ssm.onStartUser-0_com.android.server.midi.MidiService$Lifecycle
12-14 03:22:34.063 1503 1503 I SystemServerTiming: ssm.onStartUser-0_com.android.server.adb.AdbService$Lifecycle
12-14 03:22:34.063 1503 1503 I SystemServerTiming: ssm.onStartUser-0_com.android.server.usb.UsbService$Lifecycle
12-14 03:22:34.063 1503 1503 I SystemServerTiming: ssm.onStartUser-0_com.android.server.twilight.TwilightService
12-14 03:22:34.063 1503 1503 I SystemServerTiming: ssm.onStartUser-0_com.android.server.display.color.ColorDisplayService
12-14 03:22:34.063 1503 1503 I SystemServerTiming: ssm.onStartUser-0_com.android.server.job.JobSchedulerService
12-14 03:22:34.063 1503 1503 I SystemServerTiming: ssm.onStartUser-0_com.android.server.soundtrigger.SoundTriggerService
12-14 03:22:34.063 1503 1503 I SystemServerTiming: ssm.onStartUser-0_com.android.server.trust.TrustManagerService
12-14 03:22:34.063 1503 1503 I SystemServerTiming: ssm.onStartUser-0_com.android.server.backup.BackupManagerService$Lifecycle
12-14 03:22:34.063 1503 1503 I SystemServerTiming: ssm.onStartUser-0_com.android.server.appwidget.AppWidgetService
12-14 03:22:34.063 1503 1503 I SystemServerTiming: ssm.onStartUser-0_com.android.server.voiceinteraction.VoiceInteractionManagerService
12-14 03:22:34.063 1503 1503 W VoiceInteractionManager: no available voice recognition services found for user 0
12-14 03:22:34.063 1503 1503 I SystemServerTiming: ssm.onStartUser-0_com.android.server.apphibernation.AppHibernationService
12-14 03:22:34.063 1503 1503 I SystemServerTiming: ssm.onStartUser-0_com.android.server.GestureLauncherService
12-14 03:22:34.063 1503 1503 I SystemServerTiming: ssm.onStartUser-0_com.android.server.SensorNotificationService
12-14 03:22:34.063 1503 1503 I SystemServerTiming: ssm.onStartUser-0_com.android.server.emergency.EmergencyAffordanceService
12-14 03:22:34.063 1503 1503 I SystemServerTiming: ssm.onStartUser-0_com.android.server.blob.BlobStoreManagerService
12-14 03:22:34.063 1503 1503 I SystemServerTiming: ssm.onStartUser-0_com.android.server.dreams.DreamManagerService
12-14 03:22:34.063 1503 1503 I SystemServerTiming: ssm.onStartUser-0_com.android.server.companion.CompanionDeviceManagerService
12-14 03:22:34.063 1503 1503 I SystemServerTiming: ssm.onStartUser-0_com.android.server.restrictions.RestrictionsManagerService
12-14 03:22:34.063 1503 1503 I SystemServerTiming: ssm.onStartUser-0_com.android.server.media.MediaSessionService
12-14 03:22:34.063 1503 1503 I SystemServerTiming: ssm.onStartUser-0_com.android.server.media.MediaResourceMonitorService
12-14 03:22:34.063 1503 1503 I SystemServerTiming: ssm.onStartUser-0_com.android.server.biometrics.sensors.fingerprint.FingerprintService
12-14 03:22:34.063 1503 1503 I SystemServerTiming: ssm.onStartUser-0_com.android.server.biometrics.BiometricService
12-14 03:22:34.063 1503 1503 I SystemServerTiming: ssm.onStartUser-0_com.android.server.biometrics.AuthService
12-14 03:22:34.063 1503 1503 I SystemServerTiming: ssm.onStartUser-0_com.android.server.pm.ShortcutService$Lifecycle
12-14 03:22:34.063 1503 1503 I SystemServerTiming: ssm.onStartUser-0_com.android.server.pm.LauncherAppsService
12-14 03:22:34.063 1503 1503 I SystemServerTiming: ssm.onStartUser-0_com.android.server.pm.CrossProfileAppsService
12-14 03:22:34.063 1503 1503 I SystemServerTiming: ssm.onStartUser-0_com.android.server.people.PeopleService
12-14 03:22:34.063 1503 1503 I SystemServerTiming: ssm.onStartUser-0_com.android.server.media.metrics.MediaMetricsManagerService
12-14 03:22:34.063 1503 1503 I SystemServerTiming: ssm.onStartUser-0_com.android.server.media.projection.MediaProjectionManagerService
12-14 03:22:34.063 1503 1503 I SystemServerTiming: ssm.onStartUser-0_com.android.server.slice.SliceManagerService$Lifecycle
12-14 03:22:34.063 1503 1503 I SystemServerTiming: ssm.onStartUser-0_com.android.server.stats.StatsCompanion$Lifecycle
12-14 03:22:34.063 1503 1503 I SystemServerTiming: ssm.onStartUser-0_com.android.server.scheduling.RebootReadinessManagerService$Lifecycle
12-14 03:22:34.063 1503 1503 I SystemServerTiming: ssm.onStartUser-0_com.android.server.stats.pull.StatsPullAtomService
12-14 03:22:34.063 1503 1503 I SystemServerTiming: ssm.onStartUser-0_com.android.server.incident.IncidentCompanionService
12-14 03:22:34.063 1503 1503 I SystemServerTiming: ssm.onStartUser-0_com.android.server.MmsServiceBroker
12-14 03:22:34.063 1503 1503 I SystemServerTiming: ssm.onStartUser-0_com.android.server.autofill.AutofillManagerService
12-14 03:22:34.063 1503 1503 I SystemServerTiming: ssm.onStartUser-0_com.android.server.clipboard.ClipboardService
12-14 03:22:34.063 1503 1503 I SystemServerTiming: ssm.onStartUser-0_com.android.server.appbinding.AppBindingService$Lifecycle
12-14 03:22:34.063 1503 1503 W AppBindingService: [Default SMS app] u0 Target package not found
12-14 03:22:34.063 1503 1503 I SystemServerTiming: ssm.onStartUser-0_com.android.server.tracing.TracingServiceProxy
12-14 03:22:34.063 1503 1503 I SystemServerTiming: ssm.onStartUser-0_com.android.server.policy.PermissionPolicyService
12-14 03:22:34.063 1503 1503 I SystemServerTiming: ssm.onStartUser-0_com.android.server.pm.StagingManager$Lifecycle
12-14 03:22:34.063 1503 1503 I SystemServerTiming: ssm.onStartUser-0_com.android.server.app.GameManagerService$Lifecycle
12-14 03:22:34.064 1503 1503 V GameManagerService: Settings file doesn't exists, skip reading
12-14 03:22:34.064 1503 1503 I SystemServerTiming: ssm.onStartUser-0_com.android.server.appsearch.AppSearchManagerService
12-14 03:22:34.064 1503 1503 I SystemServerTiming: ssm.onStartUser-0_com.android.server.media.MediaCommunicationService
12-14 03:22:34.064 1503 1503 I SystemServerTiming: startPersistentApps
12-14 03:22:34.065 1503 1503 D CompatibilityChangeReporter: Compat change id reported: 135634846; UID 1000; state: DISABLED
12-14 03:22:34.065 1503 1503 D CompatibilityChangeReporter: Compat change id reported: 177438394; UID 1000; state: DISABLED
12-14 03:22:34.066 1503 1503 D CompatibilityChangeReporter: Compat change id reported: 135772972; UID 1000; state: DISABLED
12-14 03:22:34.066 1503 1503 D CompatibilityChangeReporter: Compat change id reported: 135754954; UID 1000; state: ENABLED
12-14 03:22:34.066 1503 1613 W ActivityManager: com.android.server.telecom inode == 0 (b/152760674)
12-14 03:22:34.067 1503 1503 D CompatibilityChangeReporter: Compat change id reported: 135634846; UID 1001; state: DISABLED
12-14 03:22:34.067 1503 1503 D CompatibilityChangeReporter: Compat change id reported: 177438394; UID 1001; state: DISABLED
12-14 03:22:34.067 1503 1503 D CompatibilityChangeReporter: Compat change id reported: 135772972; UID 1001; state: DISABLED
12-14 03:22:34.067 1503 1503 D CompatibilityChangeReporter: Compat change id reported: 135754954; UID 1001; state: ENABLED
12-14 03:22:34.068 1503 1503 D CompatibilityChangeReporter: Compat change id reported: 135634846; UID 10054; state: DISABLED
12-14 03:22:34.068 1503 1503 D CompatibilityChangeReporter: Compat change id reported: 177438394; UID 10054; state: DISABLED
12-14 03:22:34.068 1503 1503 D CompatibilityChangeReporter: Compat change id reported: 135772972; UID 10054; state: DISABLED
12-14 03:22:34.068 1503 1503 D CompatibilityChangeReporter: Compat change id reported: 135754954; UID 10054; state: DISABLED
12-14 03:22:34.072 1503 1503 D CompatibilityChangeReporter: Compat change id reported: 135634846; UID 10083; state: DISABLED
12-14 03:22:34.072 1503 1503 D CompatibilityChangeReporter: Compat change id reported: 177438394; UID 10083; state: DISABLED
12-14 03:22:34.072 1503 1503 D CompatibilityChangeReporter: Compat change id reported: 135772972; UID 10083; state: DISABLED
12-14 03:22:34.072 1503 1503 D CompatibilityChangeReporter: Compat change id reported: 135754954; UID 10083; state: DISABLED
12-14 03:22:34.073 1503 1503 D CompatibilityChangeReporter: Compat change id reported: 135634846; UID 1068; state: DISABLED
12-14 03:22:34.074 1503 1503 D CompatibilityChangeReporter: Compat change id reported: 135634846; UID 10069; state: DISABLED
12-14 03:22:34.074 1503 1503 D CompatibilityChangeReporter: Compat change id reported: 177438394; UID 10069; state: DISABLED
12-14 03:22:34.074 1503 1503 D CompatibilityChangeReporter: Compat change id reported: 135772972; UID 10069; state: DISABLED
12-14 03:22:34.075 1503 1503 D CompatibilityChangeReporter: Compat change id reported: 135754954; UID 10069; state: ENABLED
12-14 03:22:34.075 1503 1503 I SystemServerTiming: startHomeOnAllDisplays
12-14 03:22:34.076 1503 1503 I ActivityTaskManager: START u0 {act=android.intent.action.MAIN cat=[android.intent.category.HOME] flg=0x10000100 cmp=com.android.settings/.CryptKeeper (has extras)} from uid 0
12-14 03:22:34.081 1503 1503 D CompatibilityChangeReporter: Compat change id reported: 174042980; UID 1000; state: DISABLED
01-01 09:23:02.992 0 0 I binder : 2561:2561 ioctl 40046210 7fe38dfb64 returned -22
12-14 03:22:34.089 1503 2577 W ContextImpl: Calling a method in the system process without a qualified user: android.app.ContextImpl.bindService:1895 android.content.ContextWrapper.bindService:810 com.qualcomm.qti.activityextension.ActivityNotifier.bindToDynamicDDSService:103 com.qualcomm.qti.activityextension.ActivityNotifier.handleSendActivityInvokeNotification:184 com.qualcomm.qti.activityextension.ActivityNotifier.access$300:26
12-14 03:22:34.089 1503 1503 D CompatibilityChangeReporter: Compat change id reported: 168419799; UID 1000; state: DISABLED
12-14 03:22:34.090 1503 1503 I ActivityTaskManager: FOREGROUND_APPLICATION_CHANGED to com.android.settings.CryptKeeper
12-14 03:22:34.090 1503 1503 I SystemServerTiming: showSystemReadyErrorDialogs
12-14 03:22:34.114 1503 1503 I SystemServerTiming: sendUserStartBroadcast
12-14 03:22:34.114 1503 1503 I SystemServerTiming: resumeTopActivities
12-14 03:22:34.115 1503 1503 I SystemServerTiming: sendUserSwitchBroadcasts
12-14 03:22:34.115 1503 1503 I SystemServerTiming: setBinderProxies
12-14 03:22:34.115 1503 1503 I SystemServerTiming: StartSystemUI
12-14 03:22:34.116 1503 1613 W ActivityManager: Slow operation: 52ms so far, now at startProcess: done updating battery stats
12-14 03:22:34.116 1503 1613 W ActivityManager: Slow operation: 52ms so far, now at startProcess: building log message
12-14 03:22:34.116 1503 1613 I ActivityManager: Start proc 2561:com.thundercomm.microservice/1000 for added application com.thundercomm.microservice
12-14 03:22:34.116 1503 1613 W ActivityManager: Slow operation: 52ms so far, now at startProcess: starting to update pids map
12-14 03:22:34.116 1503 1613 W ActivityManager: Slow operation: 52ms so far, now at startProcess: done updating pids map
12-14 03:22:34.116 1503 1613 W ActivityManager: com.android.server.telecom inode == 0 (b/152760674)
12-14 03:22:34.120 1503 2577 W ContextImpl: Calling a method in the system process without a qualified user: android.app.ContextImpl.bindService:1895 android.content.ContextWrapper.bindService:810 com.qualcomm.qti.activityextension.ActivityNotifier.bindToDynamicDDSService:103 com.qualcomm.qti.activityextension.ActivityNotifier.handleSendActivityInvokeNotification:184 com.qualcomm.qti.activityextension.ActivityNotifier.access$300:26
12-14 03:22:34.120 1503 1604 D CompatibilityChangeReporter: Compat change id reported: 135634846; UID 1000; state: DISABLED
12-14 03:22:34.120 1503 1604 D CompatibilityChangeReporter: Compat change id reported: 177438394; UID 1000; state: DISABLED
12-14 03:22:34.120 1503 1604 D CompatibilityChangeReporter: Compat change id reported: 135772972; UID 1000; state: DISABLED
12-14 03:22:34.120 1503 1604 D CompatibilityChangeReporter: Compat change id reported: 135754954; UID 1000; state: ENABLED
12-14 03:22:34.120 1503 1613 W ActivityManager: Slow operation: 54ms so far, now at startProcess: returned from zygote!
12-14 03:22:34.121 1503 1613 W ActivityManager: Slow operation: 55ms so far, now at startProcess: done updating battery stats
12-14 03:22:34.127 1503 1613 W ActivityManager: Slow operation: 61ms so far, now at startProcess: building log message
12-14 03:22:34.127 1503 1613 I ActivityManager: Start proc 2578:com.thundercomm.microsettings/1000 for added application com.thundercomm.microsettings
12-14 03:22:34.127 1503 1613 W ActivityManager: Slow operation: 61ms so far, now at startProcess: starting to update pids map
12-14 03:22:34.127 1503 1613 W ActivityManager: Slow operation: 61ms so far, now at startProcess: done updating pids map
12-14 03:22:34.127 1503 1613 W ActivityManager: Slow operation: 60ms so far, now at startProcess: asking zygote to start proc
12-14 03:22:34.127 1503 1613 W ActivityManager: com.android.stk inode == 0 (b/152760674)
12-14 03:22:34.130 1503 2577 W ContextImpl: Calling a method in the system process without a qualified user: android.app.ContextImpl.bindService:1895 android.content.ContextWrapper.bindService:810 com.qualcomm.qti.activityextension.ActivityNotifier.bindToDynamicDDSService:103 com.qualcomm.qti.activityextension.ActivityNotifier.handleSendActivityInvokeNotification:184 com.qualcomm.qti.activityextension.ActivityNotifier.access$300:26
12-14 03:22:34.130 1503 1503 I SystemServerTiming: startMicroService
12-14 03:22:34.131 1503 1503 I SystemServerTiming: startRemoteControlService
12-14 03:22:34.131 1503 1503 I SystemServerTiming: startTcService
12-14 03:22:34.133 1503 1503 W Looper : Slow delivery took 13492ms main h=android.app.PropertyInvalidatedCache$AutoCorker$1 c=null m=0
12-14 03:22:34.133 1503 1613 W ActivityManager: Slow operation: 66ms so far, now at startProcess: returned from zygote!
12-14 03:22:34.134 1503 1613 W ActivityManager: Slow operation: 67ms so far, now at startProcess: done updating battery stats
12-14 03:22:34.134 1503 1613 W ActivityManager: Slow operation: 67ms so far, now at startProcess: building log message
12-14 03:22:34.134 1503 1613 I ActivityManager: Start proc 2586:.dataservices/1001 for added application .dataservices
12-14 03:22:34.134 1503 1613 W ActivityManager: Slow operation: 67ms so far, now at startProcess: starting to update pids map
12-14 03:22:34.134 1503 1613 W ActivityManager: Slow operation: 67ms so far, now at startProcess: done updating pids map
12-14 03:22:34.134 1503 1613 W ActivityManager: Slow operation: 66ms so far, now at startProcess: asking zygote to start proc
12-14 03:22:34.134 1503 1613 D CompatibilityChangeReporter: Compat change id reported: 143937733; UID 10054; state: DISABLED
12-14 03:22:34.134 1503 1613 W ActivityManager: vendor.qti.hardware.cacert.server inode == 0 (b/152760674)
12-14 03:22:34.139 1503 1730 D CompatibilityChangeReporter: Compat change id reported: 182478738; UID 1073; state: DISABLED
12-14 03:22:34.144 1503 1613 W ActivityManager: Slow operation: 77ms so far, now at startProcess: returned from zygote!
12-14 03:22:34.145 1503 1601 W QuotaTracker: Alarm not scheduled because boot isn't completed
12-14 03:22:34.145 1503 1613 W ActivityManager: Slow operation: 77ms so far, now at startProcess: done updating battery stats
12-14 03:22:34.145 1503 1613 W ActivityManager: Slow operation: 77ms so far, now at startProcess: building log message
12-14 03:22:34.145 1503 1613 I ActivityManager: Start proc 2601:.qtidataservices/u0a54 for added application .qtidataservices
12-14 03:22:34.145 1503 1613 W ActivityManager: Slow operation: 77ms so far, now at startProcess: starting to update pids map
12-14 03:22:34.145 1503 1613 W ActivityManager: Slow operation: 77ms so far, now at startProcess: done updating pids map
12-14 03:22:34.145 1503 1613 W ActivityManager: Slow operation: 77ms so far, now at startProcess: asking zygote to start proc
12-14 03:22:34.145 1503 1613 W ActivityManager: com.android.server.telecom inode == 0 (b/152760674)
12-14 03:22:34.150 1503 1503 D CompatibilityChangeReporter: Compat change id reported: 168419799; UID 1000; state: DISABLED
12-14 03:22:34.151 1503 1613 W ActivityManager: Slow operation: 83ms so far, now at startProcess: returned from zygote!
12-14 03:22:34.151 1503 1613 W ActivityManager: Slow operation: 83ms so far, now at startProcess: done updating battery stats
12-14 03:22:34.151 1503 1613 W ActivityManager: Slow operation: 84ms so far, now at startProcess: building log message
12-14 03:22:34.151 1503 1613 I ActivityManager: Start proc 2616:com.thundercomm.tchttpserver/1000 for added application com.thundercomm.tchttpserver
12-14 03:22:34.151 1503 1613 W ActivityManager: Slow operation: 84ms so far, now at startProcess: starting to update pids map
12-14 03:22:34.152 1503 1613 W ActivityManager: Slow operation: 84ms so far, now at startProcess: done updating pids map
12-14 03:22:34.152 1503 1613 W ActivityManager: Slow operation: 83ms so far, now at startProcess: asking zygote to start proc
12-14 03:22:34.152 1503 1613 W ActivityManager: com.android.server.telecom inode == 0 (b/152760674)
01-01 09:23:03.063 0 0 I binder : 2578:2578 ioctl 40046210 7fe38dfb64 returned -22
12-14 03:22:34.155 1503 2420 D CompatibilityChangeReporter: Compat change id reported: 181136395; UID 1000; state: DISABLED
12-14 03:22:34.156 1503 2420 D CompatibilityChangeReporter: Compat change id reported: 174042936; UID 1000; state: DISABLED
01-01 09:23:03.067 0 0 I binder : 2586:2586 ioctl 40046210 7fe38dfb64 returned -22
12-14 03:22:34.159 1503 2420 D CompatibilityChangeReporter: Compat change id reported: 168419799; UID 1001; state: DISABLED
12-14 03:22:34.162 1503 2420 D CompatibilityChangeReporter: Compat change id reported: 168419799; UID 1001; state: DISABLED
12-14 03:22:34.162 1503 1503 D ConditionProviders.SCP: onConnected
01-01 09:23:03.072 0 0 I binder : 2601:2601 ioctl 40046210 7fe38dfb64 returned -22
12-14 03:22:34.163 1503 1613 W ActivityManager: Slow operation: 94ms so far, now at startProcess: returned from zygote!
12-14 03:22:34.163 1503 1613 W ActivityManager: Slow operation: 94ms so far, now at startProcess: done updating battery stats
12-14 03:22:34.163 1503 1613 W ActivityManager: Slow operation: 94ms so far, now at startProcess: building log message
12-14 03:22:34.163 1503 1613 I ActivityManager: Start proc 2645:com.tc.logclient/1000 for added application com.tc.logclient
12-14 03:22:34.163 1503 1613 W ActivityManager: Slow operation: 94ms so far, now at startProcess: starting to update pids map
12-14 03:22:34.164 1503 1613 W ActivityManager: Slow operation: 95ms so far, now at startProcess: done updating pids map
12-14 03:22:34.164 1503 1613 W ActivityManager: Slow operation: 94ms so far, now at startProcess: asking zygote to start proc
12-14 03:22:34.164 1503 1613 W ActivityManager: com.android.server.telecom inode == 0 (b/152760674)
12-14 03:22:34.169 1503 1613 W ActivityManager: Slow operation: 100ms so far, now at startProcess: returned from zygote!
12-14 03:22:34.170 1503 2452 D CompatibilityChangeReporter: Compat change id reported: 168419799; UID 10054; state: DISABLED
12-14 03:22:34.172 1503 1613 W ActivityManager: Slow operation: 102ms so far, now at startProcess: done updating battery stats
12-14 03:22:34.172 1503 1613 W ActivityManager: Slow operation: 102ms so far, now at startProcess: building log message
12-14 03:22:34.172 1503 1613 I ActivityManager: Start proc 2648:com.thundercomm.tcsetupwizard/1000 for added application com.thundercomm.tcsetupwizard
12-14 03:22:34.172 1503 1613 W ActivityManager: Slow operation: 103ms so far, now at startProcess: starting to update pids map
12-14 03:22:34.173 1503 1613 W ActivityManager: Slow operation: 103ms so far, now at startProcess: done updating pids map
12-14 03:22:34.173 1503 1613 W ActivityManager: Slow operation: 102ms so far, now at startProcess: asking zygote to start proc
12-14 03:22:34.173 1503 1613 W ActivityManager: com.android.server.telecom inode == 0 (b/152760674)
12-14 03:22:34.173 1503 1503 I GameModeConfig: isGameModeOn = false
12-14 03:22:34.174 1503 1503 D ConditionProviders: Subscribing to condition://android/event?userId=-10000&calendar=&reply=1 with ComponentInfo{android/com.android.server.notification.EventConditionProvider}
12-14 03:22:34.174 1503 1503 D ConditionProviders: Subscribing to condition://android/schedule?days=1.2.3.4.5.6.7&start=22.0&end=7.0&exitAtAlarm=true with ComponentInfo{android/com.android.server.notification.ScheduleConditionProvider}
01-01 09:23:03.089 0 0 I binder : 1157:1157 ioctl 40046210 7fe490d634 returned -22
12-14 03:22:34.183 1503 1613 W ActivityManager: Slow operation: 112ms so far, now at startProcess: returned from zygote!
12-14 03:22:34.183 1503 1613 W ActivityManager: Slow operation: 112ms so far, now at startProcess: done updating battery stats
12-14 03:22:34.183 1503 1613 W ActivityManager: Slow operation: 112ms so far, now at startProcess: building log message
12-14 03:22:34.183 1503 1613 I ActivityManager: Start proc 2665:vendor.qti.qesdk.sysservice/1000 for added application vendor.qti.qesdk.sysservice
12-14 03:22:34.183 1503 1613 W ActivityManager: Slow operation: 112ms so far, now at startProcess: starting to update pids map
12-14 03:22:34.183 1503 1613 W ActivityManager: Slow operation: 112ms so far, now at startProcess: done updating pids map
12-14 03:22:34.183 1503 1613 W ActivityManager: Slow operation: 111ms so far, now at startProcess: asking zygote to start proc
12-14 03:22:34.183 1503 1613 D CompatibilityChangeReporter: Compat change id reported: 143937733; UID 10083; state: DISABLED
12-14 03:22:34.183 1503 1613 W ActivityManager: com.qti.qualcomm.mstatssystemservice inode == 0 (b/152760674)
01-01 09:23:03.096 0 0 I binder : 2616:2616 ioctl 40046210 7fe38dfb64 returned -22
01-01 09:23:03.096 0 0 I binder : 2645:2645 ioctl 40046210 7fe38dfb64 returned -22
12-14 03:22:34.188 1503 1613 W ActivityManager: Slow operation: 116ms so far, now at startProcess: returned from zygote!
12-14 03:22:34.188 1503 1613 W ActivityManager: Slow operation: 116ms so far, now at startProcess: done updating battery stats
12-14 03:22:34.188 1503 1613 W ActivityManager: Slow operation: 116ms so far, now at startProcess: building log message
12-14 03:22:34.188 1503 1613 I ActivityManager: Start proc 2681:com.qti.qualcomm.mstatssystemservice/u0a83 for added application com.qti.qualcomm.mstatssystemservice
12-14 03:22:34.188 1503 1613 W ActivityManager: Slow operation: 116ms so far, now at startProcess: starting to update pids map
12-14 03:22:34.188 1503 1613 W ActivityManager: Slow operation: 116ms so far, now at startProcess: done updating pids map
12-14 03:22:34.188 1503 1613 W ActivityManager: Slow operation: 116ms so far, now at startProcess: asking zygote to start proc
12-14 03:22:34.188 1503 1613 W ActivityManager: com.android.se inode == 0 (b/152760674)
12-14 03:22:34.192 1503 2420 D CompatibilityChangeReporter: Compat change id reported: 168419799; UID 1000; state: DISABLED
01-01 09:23:03.108 0 0 I binder : 2648:2648 ioctl 40046210 7fe38dfb64 returned -22
01-01 09:23:03.114 0 0 W F2FS-fs (dm-10): Unexpected flush for atomic writes: ino=1615, npages=3
01-01 09:23:03.121 0 0 W perfetto: enabled ftrace
12-14 03:22:34.199 1503 2452 D CompatibilityChangeReporter: Compat change id reported: 168419799; UID 1000; state: DISABLED
12-14 03:22:34.202 1503 1613 W ActivityManager: Slow operation: 130ms so far, now at startProcess: returned from zygote!
12-14 03:22:34.202 1503 1591 D CompatibilityChangeReporter: Compat change id reported: 168419799; UID 1000; state: DISABLED
12-14 03:22:34.203 1503 1613 W ActivityManager: Slow operation: 131ms so far, now at startProcess: done updating battery stats
12-14 03:22:34.203 1503 1613 W ActivityManager: Slow operation: 131ms so far, now at startProcess: building log message
12-14 03:22:34.203 1503 1613 I ActivityManager: Start proc 2704:com.android.se/1068 for added application com.android.se
12-14 03:22:34.203 1503 1613 W ActivityManager: Slow operation: 131ms so far, now at startProcess: starting to update pids map
12-14 03:22:34.203 1503 1613 W ActivityManager: Slow operation: 132ms so far, now at startProcess: done updating pids map
12-14 03:22:34.204 1503 1613 W ActivityManager: Slow operation: 131ms so far, now at startProcess: asking zygote to start proc
12-14 03:22:34.204 1503 1613 W ActivityManager: com.android.server.telecom inode == 0 (b/152760674)
12-14 03:22:34.206 1503 2420 D CompatibilityChangeReporter: Compat change id reported: 135634846; UID 10080; state: DISABLED
12-14 03:22:34.206 1503 2420 D CompatibilityChangeReporter: Compat change id reported: 177438394; UID 10080; state: DISABLED
12-14 03:22:34.206 1503 2420 D CompatibilityChangeReporter: Compat change id reported: 135772972; UID 10080; state: DISABLED
12-14 03:22:34.206 1503 2420 D CompatibilityChangeReporter: Compat change id reported: 135754954; UID 10080; state: ENABLED
01-01 09:23:03.127 0 0 I binder : 2372:2706 ioctl 40046210 75f9a02124 returned -22
01-01 09:23:03.128 0 0 I binder : 2681:2681 ioctl 40046210 7fe38dfb64 returned -22
01-01 09:23:03.128 0 0 I binder : 2586:2701 ioctl 40046210 76074e69e4 returned -22
01-01 09:23:03.128 0 0 I binder : 2665:2665 ioctl 40046210 7fe38dfb64 returned -22
12-14 03:22:34.219 1503 1613 W ActivityManager: Slow operation: 146ms so far, now at startProcess: returned from zygote!
01-01 09:23:03.138 0 0 I binder : 2704:2704 ioctl 40046210 7fe38dfb64 returned -22
12-14 03:22:34.230 2578 2578 W ContextImpl: Calling a method in the system process without a qualified user: android.app.ContextImpl.startService:1816 android.content.ContextWrapper.startService:774 com.thundercomm.microsettings.service.SettingsApplication.onCreate:30 android.app.Instrumentation.callApplicationOnCreate:1212 android.app.ActivityThread.handleBindApplication:6744
12-14 03:22:34.237 1503 1613 W ActivityManager: Slow operation: 164ms so far, now at startProcess: done updating battery stats
12-14 03:22:34.237 1503 1613 W ActivityManager: Slow operation: 164ms so far, now at startProcess: building log message
12-14 03:22:34.237 1503 1613 I ActivityManager: Start proc 2737:com.thundercomm.remotecontrolservice/1000 for added application com.thundercomm.remotecontrolservice
12-14 03:22:34.237 1503 1613 W ActivityManager: Slow operation: 164ms so far, now at startProcess: starting to update pids map
12-14 03:22:34.238 1503 1613 W ActivityManager: Slow operation: 165ms so far, now at startProcess: done updating pids map
12-14 03:22:34.238 1503 1613 W ActivityManager: Slow operation: 165ms so far, now at startProcess: asking zygote to start proc
12-14 03:22:34.238 1503 1613 W ActivityManager: com.android.server.telecom inode == 0 (b/152760674)
12-14 03:22:34.239 1503 2452 D CompatibilityChangeReporter: Compat change id reported: 168419799; UID 10083; state: DISABLED
12-14 03:22:34.240 1503 1730 W ActivityManager: Unable to start service Intent { act=com.thundercomm.microsettings.SETTING_SERVICE pkg=com.thundercomm.microsettings } U=0: not found
12-14 03:22:34.241 2578 2578 W ContextImpl: Calling a method in the system process without a qualified user: android.app.ContextImpl.startService:1816 android.content.ContextWrapper.startService:774 com.thundercomm.microsettings.service.SettingsApplication.onCreate:36 android.app.Instrumentation.callApplicationOnCreate:1212 android.app.ActivityThread.handleBindApplication:6744
