01-01 09:49:56.723 0 0 E register_client_adhoc: find path.src 1 dest 589
01-01 09:49:56.723 0 0 I xhci-hcd.1.auto: new USB bus registered, assigned bus number 4
01-01 09:49:56.723 0 0 I xhci-hcd.1.auto: Host supports USB 3.1 Enhanced SuperSpeed
01-01 09:49:56.723 0 0 I usb4 : We don't know the algorithms for LPM for this host, disabling LPM.
01-01 09:49:56.723 0 0 E register_client_adhoc: Failed to find path.src 1 dest 589
01-01 09:49:56.724 0 0 I usb4 : New USB device found, idVendor=1d6b, idProduct=0003, bcdDevice= 4.19
01-01 09:49:56.724 0 0 I usb4 : New USB device strings: Mfr=3, Product=2, SerialNumber=1
01-01 09:49:56.724 0 0 I usb4 : Product: xHCI Host Controller
01-01 09:49:56.724 0 0 I usb4 : Manufacturer: Linux 4.19.157-perf+ xhci-hcd
01-01 09:49:56.724 0 0 I usb4 : SerialNumber: xhci-hcd.1.auto
01-01 09:49:56.725 0 0 E : [drm:dp_display_init_aux_switch][msm-dp-err][6419]failed to register notifier (-22)
01-01 09:49:56.726 0 0 I hub 4-0 : 1.0: USB hub found
01-01 09:49:56.726 0 0 I hub 4-0 : 1.0: 1 port detected
01-01 09:49:56.731 0 0 E swr-wcd rx_swr_ctrl: swrm_get_logical_dev_num: device 0xd01170224 is not ready
01-01 09:49:56.731 0 0 E swr_get_logical_dev_num: Error -22 to get logical addr for device d01170224
01-01 09:49:56.731 0 0 E swr-wcd rx_swr_ctrl: swrm_get_logical_dev_num: device 0xd01170224 is not ready
01-01 09:49:56.731 0 0 E swr_get_logical_dev_num: Error -22 to get logical addr for device d01170224
01-01 09:49:56.731 0 0 E swr-wcd rx_swr_ctrl: swrm_get_logical_dev_num: device 0xd01170224 is not ready
01-01 09:49:56.731 0 0 E swr_get_logical_dev_num: Error -22 to get logical addr for device d01170224
01-01 09:49:56.731 0 0 E swr-wcd rx_swr_ctrl: swrm_get_logical_dev_num: device 0xd01170224 is not ready
01-01 09:49:56.731 0 0 E swr_get_logical_dev_num: Error -22 to get logical addr for device d01170224
01-01 09:49:56.731 0 0 E swr-wcd rx_swr_ctrl: swrm_get_logical_dev_num: device 0xd01170224 is not ready
01-01 09:49:56.731 0 0 E swr_get_logical_dev_num: Error -22 to get logical addr for device d01170224
01-01 09:49:56.732 0 0 E wcd938x_codec wcd938x-codec: wcd938x_bind: Slave bind failed, ret = -517
01-01 09:49:56.732 0 0 E register_client_adhoc: find path.src 1 dest 589
01-01 09:49:56.732 0 0 E register_client_adhoc: Failed to find path.src 1 dest 589
01-01 09:49:56.733 0 0 E : [drm:dp_display_init_aux_switch][msm-dp-err][6419]failed to register notifier (-22)
01-01 09:49:56.738 0 0 E swr-wcd rx_swr_ctrl: swrm_get_logical_dev_num: device 0xd01170224 is not ready
01-01 09:49:56.738 0 0 E swr_get_logical_dev_num: Error -22 to get logical addr for device d01170224
01-01 09:49:56.739 0 0 E swr-wcd rx_swr_ctrl: swrm_get_logical_dev_num: device 0xd01170224 is not ready
01-01 09:49:56.739 0 0 E swr_get_logical_dev_num: Error -22 to get logical addr for device d01170224
01-01 09:49:56.739 0 0 E swr-wcd rx_swr_ctrl: swrm_get_logical_dev_num: device 0xd01170224 is not ready
01-01 09:49:56.739 0 0 E swr_get_logical_dev_num: Error -22 to get logical addr for device d01170224
01-01 09:49:56.739 0 0 E swr-wcd rx_swr_ctrl: swrm_get_logical_dev_num: device 0xd01170224 is not ready
01-01 09:49:56.739 0 0 E swr_get_logical_dev_num: Error -22 to get logical addr for device d01170224
01-01 09:49:56.739 0 0 E swr-wcd rx_swr_ctrl: swrm_get_logical_dev_num: device 0xd01170224 is not ready
01-01 09:49:56.739 0 0 E swr_get_logical_dev_num: Error -22 to get logical addr for device d01170224
01-01 09:49:56.739 0 0 E wcd938x_codec wcd938x-codec: wcd938x_bind: Slave bind failed, ret = -517
01-01 09:49:57.555 0 0 I : read descriptors
01-01 09:49:57.555 0 0 I : read strings
01-01 09:49:57.726 0 0 D : mv2112_read_status
01-01 09:49:57.727 0 0 D mv2112_update_link: 3.0x901(1G): 0x80
01-01 09:49:57.727 0 0 D mv2112_update_link: 3.0x8109(100M): 0x8
01-01 09:49:57.727 0 0 D mv2112_update_link: link 0x0
01-01 09:49:57.727 0 0 D mv2112_read_status: autoneg is disabled
01-01 09:49:57.815 0 0 I msm-dwc3 a800000.ssusb: DWC3 in low power mode
01-01 09:49:57.823 0 0 I qcom_rpmh DRV: apps_rsc TCS Busy, retrying RPMH message send: addr=0x50000
01-01 09:49:57.823 0 0 I qcom_rpmh DRV: apps_rsc TCS Busy, retrying RPMH message send: addr=0x50000
01-01 09:49:57.823 0 0 I msm-dwc3 a600000.ssusb: DWC3 in low power mode
01-01 09:49:58.571 0 0 I : read descriptors
01-01 09:49:58.571 0 0 I : read strings
01-01 09:49:58.751 0 0 D : mv2112_read_status
01-01 09:49:58.751 0 0 D mv2112_update_link: 3.0x901(1G): 0x80
01-01 09:49:58.751 0 0 D mv2112_update_link: 3.0x8109(100M): 0x8
01-01 09:49:58.751 0 0 D mv2112_update_link: link 0x0
01-01 09:49:58.751 0 0 D mv2112_read_status: autoneg is disabled
01-01 09:49:59.595 0 0 I : read descriptors
01-01 09:49:59.595 0 0 I : read strings
12-14 03:49:30.735 1503 1601 D UsbDeviceManager: Clear notification
01-01 09:49:59.774 0 0 D : mv2112_read_status
01-01 09:49:59.775 0 0 D mv2112_update_link: 3.0x901(1G): 0x80
01-01 09:49:59.775 0 0 D mv2112_update_link: 3.0x8109(100M): 0x8
01-01 09:49:59.775 0 0 D mv2112_update_link: link 0x0
01-01 09:49:59.775 0 0 D mv2112_read_status: autoneg is disabled
01-01 09:50:00.615 0 0 I : read descriptors
01-01 09:50:00.615 0 0 I : read strings
01-01 09:50:00.799 0 0 D : mv2112_read_status
01-01 09:50:00.799 0 0 D mv2112_update_link: 3.0x901(1G): 0x80
01-01 09:50:00.799 0 0 D mv2112_update_link: 3.0x8109(100M): 0x8
01-01 09:50:00.799 0 0 D mv2112_update_link: link 0x0
01-01 09:50:00.799 0 0 D mv2112_read_status: autoneg is disabled
01-01 09:50:01.567 0 0 W usb_extcon_detect_cable@108: vbus=1
01-01 09:50:01.568 0 0 E msm-dwc3 a600000.ssusb: Could not get usb psy
01-01 09:50:01.568 0 0 I msm-dwc3 a600000.ssusb: DWC3 exited from low power mode
01-01 09:50:01.569 0 0 I xhci-hcd.1.auto: remove, state 4
01-01 09:50:01.569 0 0 I usb4 : USB disconnect, device number 1
01-01 09:50:01.569 0 0 I msm-dwc3 a800000.ssusb: DWC3 exited from low power mode
01-01 09:50:01.569 0 0 I xhci-hcd.0.auto: remove, state 4
01-01 09:50:01.572 0 0 I xhci-hcd.1.auto: USB bus 4 deregistered
01-01 09:50:01.572 0 0 I usb3 : USB disconnect, device number 1
01-01 09:50:01.573 0 0 I xhci-hcd.0.auto: USB bus 3 deregistered
01-01 09:50:01.573 0 0 I xhci-hcd.0.auto: remove, state 4
01-01 09:50:01.573 0 0 I xhci-hcd.1.auto: remove, state 4
01-01 09:50:01.573 0 0 I usb1 : USB disconnect, device number 1
01-01 09:50:01.574 0 0 I usb2 : USB disconnect, device number 1
01-01 09:50:01.574 0 0 I xhci-hcd.0.auto: USB bus 1 deregistered
12-14 03:49:32.665 1503 2371 D UsbHostManager: Removed device at /dev/bus/usb/004/001 was already gone
12-14 03:49:32.666 1503 2371 D UsbHostManager: Removed device at /dev/bus/usb/003/001 was already gone
01-01 09:50:01.577 0 0 I xhci-hcd.1.auto: USB bus 2 deregistered
12-14 03:49:32.667 1503 2371 D UsbHostManager: Removed device at /dev/bus/usb/001/001 was already gone
01-01 09:50:01.577 0 0 I msm-dwc3 a800000.ssusb: DWC3 in low power mode
01-01 09:50:01.578 0 0 I msm-dwc3 a600000.ssusb: DWC3 in low power mode
01-01 09:50:01.578 0 0 E msm-dwc3 a600000.ssusb: Could not get usb psy
01-01 09:50:01.578 0 0 E msm-dwc3 a600000.ssusb: Could not get usb psy
12-14 03:49:32.668 1503 2371 D UsbHostManager: Removed device at /dev/bus/usb/002/001 was already gone
01-01 09:50:01.635 0 0 I : read descriptors
01-01 09:50:01.635 0 0 I : read strings
01-01 09:50:01.639 0 0 I msm-dwc3 a600000.ssusb: DWC3 exited from low power mode
01-01 09:50:01.639 0 0 I msm-dwc3 a800000.ssusb: DWC3 exited from low power mode
01-01 09:50:01.760 0 0 E msm-dwc3 a600000.ssusb: Could not get usb psy
01-01 09:50:01.823 0 0 D : mv2112_read_status
01-01 09:50:01.823 0 0 D mv2112_update_link: 3.0x901(1G): 0x80
01-01 09:50:01.823 0 0 D mv2112_update_link: 3.0x8109(100M): 0x8
01-01 09:50:01.823 0 0 D mv2112_update_link: link 0x0
01-01 09:50:01.823 0 0 D mv2112_read_status: autoneg is disabled
01-01 09:50:02.000 0 0 E msm-dwc3 a600000.ssusb: Could not get usb psy
01-01 09:50:02.089 0 0 I android_work: sent uevent USB_STATE=CONNECTED
12-14 03:49:33.179 1503 1601 D UsbDeviceManager: push notification:正在通过 USB 为此设备充电
01-01 09:50:02.108 0 0 E msm-dwc3 a600000.ssusb: Could not get usb psy
01-01 09:50:02.203 0 0 I configfs-gadget gadget: high-speed config #1: b
01-01 09:50:02.204 0 0 E msm-dwc3 a600000.ssusb: Could not get usb psy
01-01 09:50:02.204 0 0 I android_work: sent uevent USB_STATE=CONFIGURED
01-01 09:50:02.227 0 0 I : mtp_open
12-14 03:49:33.383 1503 1503 I GameModeConfig: isGameModeOn = false
12-14 03:49:33.385 1503 1503 W NotificationHistory: Attempted to add notif for locked/gone/disabled user 0
01-01 09:50:02.651 0 0 I : read descriptors
01-01 09:50:02.651 0 0 I : read strings
01-01 09:50:02.846 0 0 D : mv2112_read_status
01-01 09:50:02.847 0 0 D mv2112_update_link: 3.0x901(1G): 0x80
01-01 09:50:02.847 0 0 D mv2112_update_link: 3.0x8109(100M): 0x8
01-01 09:50:02.847 0 0 D mv2112_update_link: link 0x0
01-01 09:50:02.847 0 0 D mv2112_read_status: autoneg is disabled
01-01 09:50:03.667 0 0 I : read descriptors
01-01 09:50:03.667 0 0 I : read strings
01-01 09:50:03.871 0 0 D : mv2112_read_status
01-01 09:50:03.871 0 0 D mv2112_update_link: 3.0x901(1G): 0x80
01-01 09:50:03.871 0 0 D mv2112_update_link: 3.0x8109(100M): 0x8
01-01 09:50:03.871 0 0 D mv2112_update_link: link 0x0
01-01 09:50:03.871 0 0 D mv2112_read_status: autoneg is disabled
01-01 09:50:04.683 0 0 I : read descriptors
01-01 09:50:04.683 0 0 I : read strings
01-01 09:50:04.894 0 0 D : mv2112_read_status
01-01 09:50:04.894 0 0 D mv2112_update_link: 3.0x901(1G): 0x80
01-01 09:50:04.895 0 0 D mv2112_update_link: 3.0x8109(100M): 0x8
01-01 09:50:04.895 0 0 D mv2112_update_link: link 0x0
01-01 09:50:04.895 0 0 D mv2112_read_status: autoneg is disabled
01-01 09:50:05.703 0 0 I : read descriptors
01-01 09:50:05.703 0 0 I : read strings
01-01 09:50:05.919 0 0 D : mv2112_read_status
01-01 09:50:05.919 0 0 D mv2112_update_link: 3.0x901(1G): 0x80
01-01 09:50:05.919 0 0 D mv2112_update_link: 3.0x8109(100M): 0x8
01-01 09:50:05.919 0 0 D mv2112_update_link: link 0x0
01-01 09:50:05.919 0 0 D mv2112_read_status: autoneg is disabled
01-01 09:50:06.715 0 0 I : read descriptors
01-01 09:50:06.715 0 0 I : read strings
01-01 09:50:06.942 0 0 D : mv2112_read_status
01-01 09:50:06.942 0 0 D mv2112_update_link: 3.0x901(1G): 0x80
01-01 09:50:06.943 0 0 D mv2112_update_link: 3.0x8109(100M): 0x8
01-01 09:50:06.943 0 0 D mv2112_update_link: link 0x0
01-01 09:50:06.943 0 0 D mv2112_read_status: autoneg is disabled
01-01 09:50:07.731 0 0 I : read descriptors
01-01 09:50:07.731 0 0 I : read strings
01-01 09:50:07.966 0 0 D : mv2112_read_status
01-01 09:50:07.966 0 0 D mv2112_update_link: 3.0x901(1G): 0x80
01-01 09:50:07.967 0 0 D mv2112_update_link: 3.0x8109(100M): 0x8
01-01 09:50:07.967 0 0 D mv2112_update_link: link 0x0
01-01 09:50:07.967 0 0 D mv2112_read_status: autoneg is disabled
01-01 09:50:08.747 0 0 I : read descriptors
01-01 09:50:08.747 0 0 I : read strings
01-01 09:50:08.991 0 0 D : mv2112_read_status
01-01 09:50:08.991 0 0 D mv2112_update_link: 3.0x901(1G): 0x80
01-01 09:50:08.991 0 0 D mv2112_update_link: 3.0x8109(100M): 0x8
01-01 09:50:08.991 0 0 D mv2112_update_link: link 0x0
01-01 09:50:08.991 0 0 D mv2112_read_status: autoneg is disabled
01-01 09:50:09.767 0 0 I : read descriptors
01-01 09:50:09.767 0 0 I : read strings
01-01 09:50:10.014 0 0 D : mv2112_read_status
01-01 09:50:10.015 0 0 D mv2112_update_link: 3.0x901(1G): 0x80
01-01 09:50:10.015 0 0 D mv2112_update_link: 3.0x8109(100M): 0x8
01-01 09:50:10.015 0 0 D mv2112_update_link: link 0x0
01-01 09:50:10.015 0 0 D mv2112_read_status: autoneg is disabled
01-01 09:50:10.787 0 0 I : read descriptors
01-01 09:50:10.787 0 0 I : read strings
01-01 09:50:11.039 0 0 D : mv2112_read_status
01-01 09:50:11.039 0 0 D mv2112_update_link: 3.0x901(1G): 0x80
01-01 09:50:11.039 0 0 D mv2112_update_link: 3.0x8109(100M): 0x8
01-01 09:50:11.039 0 0 D mv2112_update_link: link 0x0
01-01 09:50:11.039 0 0 D mv2112_read_status: autoneg is disabled
01-01 09:50:11.807 0 0 I : read descriptors
01-01 09:50:11.807 0 0 I : read strings
01-01 09:50:12.062 0 0 D : mv2112_read_status
01-01 09:50:12.063 0 0 D mv2112_update_link: 3.0x901(1G): 0x80
01-01 09:50:12.063 0 0 D mv2112_update_link: 3.0x8109(100M): 0x8
01-01 09:50:12.063 0 0 D mv2112_update_link: link 0x0
01-01 09:50:12.063 0 0 D mv2112_read_status: autoneg is disabled
01-01 09:50:12.823 0 0 I : read descriptors
01-01 09:50:12.823 0 0 I : read strings
01-01 09:50:13.087 0 0 D : mv2112_read_status
01-01 09:50:13.087 0 0 D mv2112_update_link: 3.0x901(1G): 0x80
01-01 09:50:13.087 0 0 D mv2112_update_link: 3.0x8109(100M): 0x8
01-01 09:50:13.087 0 0 D mv2112_update_link: link 0x0
01-01 09:50:13.087 0 0 D mv2112_read_status: autoneg is disabled
01-01 09:50:13.839 0 0 I : read descriptors
01-01 09:50:13.839 0 0 I : read strings
01-01 09:50:14.110 0 0 D : mv2112_read_status
01-01 09:50:14.110 0 0 D mv2112_update_link: 3.0x901(1G): 0x80
01-01 09:50:14.111 0 0 D mv2112_update_link: 3.0x8109(100M): 0x8
01-01 09:50:14.111 0 0 D mv2112_update_link: link 0x0
01-01 09:50:14.111 0 0 D mv2112_read_status: autoneg is disabled
01-01 09:50:14.855 0 0 I : read descriptors
01-01 09:50:14.855 0 0 I : read strings
01-01 09:50:15.134 0 0 D : mv2112_read_status
01-01 09:50:15.135 0 0 D mv2112_update_link: 3.0x901(1G): 0x80
01-01 09:50:15.135 0 0 D mv2112_update_link: 3.0x8109(100M): 0x8
01-01 09:50:15.135 0 0 D mv2112_update_link: link 0x0
01-01 09:50:15.135 0 0 D mv2112_read_status: autoneg is disabled
01-01 09:50:15.871 0 0 I : read descriptors
01-01 09:50:15.871 0 0 I : read strings
01-01 09:50:16.159 0 0 D : mv2112_read_status
01-01 09:50:16.159 0 0 D mv2112_update_link: 3.0x901(1G): 0x80
01-01 09:50:16.159 0 0 D mv2112_update_link: 3.0x8109(100M): 0x8
01-01 09:50:16.159 0 0 D mv2112_update_link: link 0x0
01-01 09:50:16.159 0 0 D mv2112_read_status: autoneg is disabled
01-01 09:50:16.887 0 0 I : read descriptors
01-01 09:50:16.887 0 0 I : read strings
01-01 09:50:17.182 0 0 D : mv2112_read_status
01-01 09:50:17.183 0 0 D mv2112_update_link: 3.0x901(1G): 0x80
01-01 09:50:17.183 0 0 D mv2112_update_link: 3.0x8109(100M): 0x8
01-01 09:50:17.183 0 0 D mv2112_update_link: link 0x0
01-01 09:50:17.183 0 0 D mv2112_read_status: autoneg is disabled
01-01 09:50:17.903 0 0 I : read descriptors
01-01 09:50:17.903 0 0 I : read strings
01-01 09:50:18.207 0 0 D : mv2112_read_status
01-01 09:50:18.207 0 0 D mv2112_update_link: 3.0x901(1G): 0x80
01-01 09:50:18.207 0 0 D mv2112_update_link: 3.0x8109(100M): 0x8
01-01 09:50:18.207 0 0 D mv2112_update_link: link 0x0
01-01 09:50:18.207 0 0 D mv2112_read_status: autoneg is disabled
01-01 09:50:18.919 0 0 I : read descriptors
01-01 09:50:18.919 0 0 I : read strings
01-01 09:50:19.230 0 0 D : mv2112_read_status
01-01 09:50:19.231 0 0 D mv2112_update_link: 3.0x901(1G): 0x80
01-01 09:50:19.231 0 0 D mv2112_update_link: 3.0x8109(100M): 0x8
01-01 09:50:19.231 0 0 D mv2112_update_link: link 0x0
01-01 09:50:19.231 0 0 D mv2112_read_status: autoneg is disabled
01-01 09:50:19.935 0 0 I : read descriptors
01-01 09:50:19.935 0 0 I : read strings
01-01 09:50:20.254 0 0 D : mv2112_read_status
01-01 09:50:20.255 0 0 D mv2112_update_link: 3.0x901(1G): 0x80
01-01 09:50:20.255 0 0 D mv2112_update_link: 3.0x8109(100M): 0x8
01-01 09:50:20.255 0 0 D mv2112_update_link: link 0x0
01-01 09:50:20.255 0 0 D mv2112_read_status: autoneg is disabled
01-01 09:50:20.951 0 0 I : read descriptors
01-01 09:50:20.951 0 0 I : read strings
01-01 09:50:21.278 0 0 D : mv2112_read_status
01-01 09:50:21.279 0 0 D mv2112_update_link: 3.0x901(1G): 0x80
01-01 09:50:21.279 0 0 D mv2112_update_link: 3.0x8109(100M): 0x8
01-01 09:50:21.279 0 0 D mv2112_update_link: link 0x0
01-01 09:50:21.279 0 0 D mv2112_read_status: autoneg is disabled
01-01 09:50:21.967 0 0 I : read descriptors
01-01 09:50:21.967 0 0 I : read strings
01-01 09:50:22.302 0 0 D : mv2112_read_status
01-01 09:50:22.302 0 0 D mv2112_update_link: 3.0x901(1G): 0x80
01-01 09:50:22.303 0 0 D mv2112_update_link: 3.0x8109(100M): 0x8
01-01 09:50:22.303 0 0 D mv2112_update_link: link 0x0
01-01 09:50:22.303 0 0 D mv2112_read_status: autoneg is disabled
01-01 09:50:22.983 0 0 I : read descriptors
01-01 09:50:22.983 0 0 I : read strings
01-01 09:50:23.327 0 0 D : mv2112_read_status
01-01 09:50:23.327 0 0 D mv2112_update_link: 3.0x901(1G): 0x80
01-01 09:50:23.327 0 0 D mv2112_update_link: 3.0x8109(100M): 0x8
01-01 09:50:23.327 0 0 D mv2112_update_link: link 0x0
01-01 09:50:23.327 0 0 D mv2112_read_status: autoneg is disabled
01-01 09:50:24.003 0 0 I : read descriptors
01-01 09:50:24.003 0 0 I : read strings
01-01 09:50:24.350 0 0 D : mv2112_read_status
01-01 09:50:24.350 0 0 D mv2112_update_link: 3.0x901(1G): 0x80
01-01 09:50:24.351 0 0 D mv2112_update_link: 3.0x8109(100M): 0x8
01-01 09:50:24.351 0 0 D mv2112_update_link: link 0x0
01-01 09:50:24.351 0 0 D mv2112_read_status: autoneg is disabled
01-01 09:50:25.019 0 0 I : read descriptors
01-01 09:50:25.019 0 0 I : read strings
01-01 09:50:25.375 0 0 D : mv2112_read_status
01-01 09:50:25.375 0 0 D mv2112_update_link: 3.0x901(1G): 0x80
01-01 09:50:25.375 0 0 D mv2112_update_link: 3.0x8109(100M): 0x8
01-01 09:50:25.375 0 0 D mv2112_update_link: link 0x0
01-01 09:50:25.375 0 0 D mv2112_read_status: autoneg is disabled
01-01 09:50:26.035 0 0 I : read descriptors
01-01 09:50:26.035 0 0 I : read strings
01-01 09:50:26.399 0 0 D : mv2112_read_status
01-01 09:50:26.399 0 0 D mv2112_update_link: 3.0x901(1G): 0x80
01-01 09:50:26.399 0 0 D mv2112_update_link: 3.0x8109(100M): 0x8
01-01 09:50:26.399 0 0 D mv2112_update_link: link 0x0
01-01 09:50:26.399 0 0 D mv2112_read_status: autoneg is disabled
01-01 09:50:27.055 0 0 I : read descriptors
01-01 09:50:27.055 0 0 I : read strings
01-01 09:50:27.423 0 0 D : mv2112_read_status
01-01 09:50:27.423 0 0 D mv2112_update_link: 3.0x901(1G): 0x80
01-01 09:50:27.423 0 0 D mv2112_update_link: 3.0x8109(100M): 0x8
01-01 09:50:27.423 0 0 D mv2112_update_link: link 0x0
01-01 09:50:27.423 0 0 D mv2112_read_status: autoneg is disabled
01-01 09:50:28.071 0 0 I : read descriptors
01-01 09:50:28.071 0 0 I : read strings
01-01 09:50:28.446 0 0 D : mv2112_read_status
01-01 09:50:28.446 0 0 D mv2112_update_link: 3.0x901(1G): 0x80
01-01 09:50:28.447 0 0 D mv2112_update_link: 3.0x8109(100M): 0x8
01-01 09:50:28.447 0 0 D mv2112_update_link: link 0x0
01-01 09:50:28.447 0 0 D mv2112_read_status: autoneg is disabled
01-01 09:50:29.087 0 0 I : read descriptors
01-01 09:50:29.087 0 0 I : read strings
12-14 03:50:00.441 1503 1649 V DisplayPowerController[0]: Brightness [0.05] reason changing to: 'manual [ dim ]', previous reason: 'manual'.
12-14 03:50:00.441 1503 1649 W PowerManagerService: Screen on took 53004 ms
12-14 03:50:00.444 1503 2348 E DisplayDeviceConfig: requesting nits when no mapping exists.
12-14 03:50:00.445 1503 2348 E DisplayDeviceConfig: requesting nits when no mapping exists.
12-14 03:50:00.448 1503 1612 I DropBoxManagerService: add tag=system_server_wtf isTagEnabled=true flags=0x2
12-14 03:50:00.453 1503 1612 I DropBoxManagerService: add tag=system_server_wtf isTagEnabled=true flags=0x2
12-14 03:50:00.461 1503 2348 E DisplayDeviceConfig: requesting nits when no mapping exists.
12-14 03:50:00.461 1503 2348 E DisplayDeviceConfig: requesting nits when no mapping exists.
12-14 03:50:00.462 1503 1612 I DropBoxManagerService: add tag=system_server_wtf isTagEnabled=true flags=0x2
12-14 03:50:00.464 1503 1612 I DropBoxManagerService: add tag=system_server_wtf isTagEnabled=true flags=0x2
12-14 03:50:00.477 1503 2348 E DisplayDeviceConfig: requesting nits when no mapping exists.
12-14 03:50:00.478 1503 2348 E DisplayDeviceConfig: requesting nits when no mapping exists.
12-14 03:50:00.479 1503 1612 I DropBoxManagerService: add tag=system_server_wtf isTagEnabled=true flags=0x2
12-14 03:50:00.494 1503 2348 E DisplayDeviceConfig: requesting nits when no mapping exists.
12-14 03:50:00.494 1503 2348 E DisplayDeviceConfig: requesting nits when no mapping exists.
12-14 03:50:00.511 1503 2348 E DisplayDeviceConfig: requesting nits when no mapping exists.
12-14 03:50:00.511 1503 2348 E DisplayDeviceConfig: requesting nits when no mapping exists.
12-14 03:50:00.528 1503 2348 E DisplayDeviceConfig: requesting nits when no mapping exists.
12-14 03:50:00.528 1503 2348 E DisplayDeviceConfig: requesting nits when no mapping exists.
12-14 03:50:00.544 1503 2348 E DisplayDeviceConfig: requesting nits when no mapping exists.
12-14 03:50:00.545 1503 2348 E DisplayDeviceConfig: requesting nits when no mapping exists.
12-14 03:50:00.561 1503 2348 E DisplayDeviceConfig: requesting nits when no mapping exists.
12-14 03:50:00.562 1503 2348 E DisplayDeviceConfig: requesting nits when no mapping exists.
01-01 09:50:29.470 0 0 D : mv2112_read_status
01-01 09:50:29.471 0 0 D mv2112_update_link: 3.0x901(1G): 0x80
01-01 09:50:29.471 0 0 D mv2112_update_link: 3.0x8109(100M): 0x8
01-01 09:50:29.471 0 0 D mv2112_update_link: link 0x0
01-01 09:50:29.471 0 0 D mv2112_read_status: autoneg is disabled
12-14 03:50:00.577 1503 2348 E DisplayDeviceConfig: requesting nits when no mapping exists.
12-14 03:50:00.578 1503 2348 E DisplayDeviceConfig: requesting nits when no mapping exists.
12-14 03:50:00.595 1503 2348 E DisplayDeviceConfig: requesting nits when no mapping exists.
12-14 03:50:00.595 1503 2348 E DisplayDeviceConfig: requesting nits when no mapping exists.
12-14 03:50:00.611 1503 2348 E DisplayDeviceConfig: requesting nits when no mapping exists.
12-14 03:50:00.611 1503 2348 E DisplayDeviceConfig: requesting nits when no mapping exists.
12-14 03:50:00.628 1503 2348 E DisplayDeviceConfig: requesting nits when no mapping exists.
12-14 03:50:00.628 1503 2348 E DisplayDeviceConfig: requesting nits when no mapping exists.
12-14 03:50:00.644 1503 2348 E DisplayDeviceConfig: requesting nits when no mapping exists.
12-14 03:50:00.645 1503 2348 E DisplayDeviceConfig: requesting nits when no mapping exists.
12-14 03:50:00.661 1503 2348 E DisplayDeviceConfig: requesting nits when no mapping exists.
12-14 03:50:00.661 1503 2348 E DisplayDeviceConfig: requesting nits when no mapping exists.
12-14 03:50:00.678 1503 2348 E DisplayDeviceConfig: requesting nits when no mapping exists.
12-14 03:50:00.679 1503 2348 E DisplayDeviceConfig: requesting nits when no mapping exists.
12-14 03:50:00.694 1503 2348 E DisplayDeviceConfig: requesting nits when no mapping exists.
12-14 03:50:00.695 1503 2348 E DisplayDeviceConfig: requesting nits when no mapping exists.
12-14 03:50:00.711 1503 2348 E DisplayDeviceConfig: requesting nits when no mapping exists.
12-14 03:50:00.712 1503 2348 E DisplayDeviceConfig: requesting nits when no mapping exists.
12-14 03:50:00.728 1503 2348 E DisplayDeviceConfig: requesting nits when no mapping exists.
12-14 03:50:00.728 1503 2348 E DisplayDeviceConfig: requesting nits when no mapping exists.
12-14 03:50:00.744 1503 2348 E DisplayDeviceConfig: requesting nits when no mapping exists.
12-14 03:50:00.745 1503 2348 E DisplayDeviceConfig: requesting nits when no mapping exists.
12-14 03:50:00.761 1503 2348 E DisplayDeviceConfig: requesting nits when no mapping exists.
12-14 03:50:00.762 1503 2348 E DisplayDeviceConfig: requesting nits when no mapping exists.
12-14 03:50:00.778 1503 2348 E DisplayDeviceConfig: requesting nits when no mapping exists.
12-14 03:50:00.779 1503 2348 E DisplayDeviceConfig: requesting nits when no mapping exists.
12-14 03:50:00.795 1503 2348 E DisplayDeviceConfig: requesting nits when no mapping exists.
12-14 03:50:00.795 1503 2348 E DisplayDeviceConfig: requesting nits when no mapping exists.
12-14 03:50:00.811 1503 2348 E DisplayDeviceConfig: requesting nits when no mapping exists.
12-14 03:50:00.812 1503 2348 E DisplayDeviceConfig: requesting nits when no mapping exists.
12-14 03:50:00.828 1503 2348 E DisplayDeviceConfig: requesting nits when no mapping exists.
12-14 03:50:00.829 1503 2348 E DisplayDeviceConfig: requesting nits when no mapping exists.
12-14 03:50:00.845 1503 2348 E DisplayDeviceConfig: requesting nits when no mapping exists.
12-14 03:50:00.845 1503 2348 E DisplayDeviceConfig: requesting nits when no mapping exists.
12-14 03:50:00.861 1503 2348 E DisplayDeviceConfig: requesting nits when no mapping exists.
12-14 03:50:00.862 1503 2348 E DisplayDeviceConfig: requesting nits when no mapping exists.
12-14 03:50:00.878 1503 2348 E DisplayDeviceConfig: requesting nits when no mapping exists.
12-14 03:50:00.879 1503 2348 E DisplayDeviceConfig: requesting nits when no mapping exists.
12-14 03:50:00.895 1503 2348 E DisplayDeviceConfig: requesting nits when no mapping exists.
12-14 03:50:00.895 1503 2348 E DisplayDeviceConfig: requesting nits when no mapping exists.
12-14 03:50:00.912 1503 2348 E DisplayDeviceConfig: requesting nits when no mapping exists.
12-14 03:50:00.912 1503 2348 E DisplayDeviceConfig: requesting nits when no mapping exists.
12-14 03:50:00.928 1503 2348 E DisplayDeviceConfig: requesting nits when no mapping exists.
12-14 03:50:00.929 1503 2348 E DisplayDeviceConfig: requesting nits when no mapping exists.
12-14 03:50:00.945 1503 2348 E DisplayDeviceConfig: requesting nits when no mapping exists.
12-14 03:50:00.946 1503 2348 E DisplayDeviceConfig: requesting nits when no mapping exists.
12-14 03:50:00.962 1503 2348 E DisplayDeviceConfig: requesting nits when no mapping exists.
12-14 03:50:00.962 1503 2348 E DisplayDeviceConfig: requesting nits when no mapping exists.
12-14 03:50:00.979 1503 2348 E DisplayDeviceConfig: requesting nits when no mapping exists.
12-14 03:50:00.979 1503 2348 E DisplayDeviceConfig: requesting nits when no mapping exists.
12-14 03:50:00.995 1503 2348 E DisplayDeviceConfig: requesting nits when no mapping exists.
12-14 03:50:00.996 1503 2348 E DisplayDeviceConfig: requesting nits when no mapping exists.
12-14 03:50:01.012 1503 2348 E DisplayDeviceConfig: requesting nits when no mapping exists.
12-14 03:50:01.012 1503 2348 E DisplayDeviceConfig: requesting nits when no mapping exists.
12-14 03:50:01.029 1503 2348 E DisplayDeviceConfig: requesting nits when no mapping exists.
12-14 03:50:01.029 1503 2348 E DisplayDeviceConfig: requesting nits when no mapping exists.
12-14 03:50:01.045 1503 2348 E DisplayDeviceConfig: requesting nits when no mapping exists.
12-14 03:50:01.046 1503 2348 E DisplayDeviceConfig: requesting nits when no mapping exists.
12-14 03:50:01.062 1503 2348 E DisplayDeviceConfig: requesting nits when no mapping exists.
12-14 03:50:01.063 1503 2348 E DisplayDeviceConfig: requesting nits when no mapping exists.
12-14 03:50:01.078 1503 2348 E DisplayDeviceConfig: requesting nits when no mapping exists.
12-14 03:50:01.079 1503 2348 E DisplayDeviceConfig: requesting nits when no mapping exists.
12-14 03:50:01.095 1503 2348 E DisplayDeviceConfig: requesting nits when no mapping exists.
12-14 03:50:01.096 1503 2348 E DisplayDeviceConfig: requesting nits when no mapping exists.
12-14 03:50:01.113 1503 2348 E DisplayDeviceConfig: requesting nits when no mapping exists.
12-14 03:50:01.114 1503 2348 E DisplayDeviceConfig: requesting nits when no mapping exists.
12-14 03:50:01.129 1503 2348 E DisplayDeviceConfig: requesting nits when no mapping exists.
12-14 03:50:01.129 1503 2348 E DisplayDeviceConfig: requesting nits when no mapping exists.
12-14 03:50:01.146 1503 2348 E DisplayDeviceConfig: requesting nits when no mapping exists.
12-14 03:50:01.148 1503 2348 E DisplayDeviceConfig: requesting nits when no mapping exists.
12-14 03:50:01.162 1503 2348 E DisplayDeviceConfig: requesting nits when no mapping exists.
12-14 03:50:01.162 1503 2348 E DisplayDeviceConfig: requesting nits when no mapping exists.
12-14 03:50:01.179 1503 2348 E DisplayDeviceConfig: requesting nits when no mapping exists.
12-14 03:50:01.179 1503 2348 E DisplayDeviceConfig: requesting nits when no mapping exists.
01-01 09:50:30.099 0 0 I : read descriptors
01-01 09:50:30.099 0 0 I : read strings
12-14 03:50:01.196 1503 2348 E DisplayDeviceConfig: requesting nits when no mapping exists.
12-14 03:50:01.196 1503 2348 E DisplayDeviceConfig: requesting nits when no mapping exists.
12-14 03:50:01.212 1503 2348 E DisplayDeviceConfig: requesting nits when no mapping exists.
12-14 03:50:01.212 1503 2348 E DisplayDeviceConfig: requesting nits when no mapping exists.
12-14 03:50:01.229 1503 2348 E DisplayDeviceConfig: requesting nits when no mapping exists.
12-14 03:50:01.229 1503 2348 E DisplayDeviceConfig: requesting nits when no mapping exists.
12-14 03:50:01.245 1503 2348 E DisplayDeviceConfig: requesting nits when no mapping exists.
12-14 03:50:01.246 1503 2348 E DisplayDeviceConfig: requesting nits when no mapping exists.
12-14 03:50:01.263 1503 2348 E DisplayDeviceConfig: requesting nits when no mapping exists.
12-14 03:50:01.263 1503 2348 E DisplayDeviceConfig: requesting nits when no mapping exists.
12-14 03:50:01.279 1503 2348 E DisplayDeviceConfig: requesting nits when no mapping exists.
12-14 03:50:01.280 1503 2348 E DisplayDeviceConfig: requesting nits when no mapping exists.
12-14 03:50:01.296 1503 2348 E DisplayDeviceConfig: requesting nits when no mapping exists.
12-14 03:50:01.296 1503 2348 E DisplayDeviceConfig: requesting nits when no mapping exists.
12-14 03:50:01.313 1503 2348 E DisplayDeviceConfig: requesting nits when no mapping exists.
12-14 03:50:01.313 1503 2348 E DisplayDeviceConfig: requesting nits when no mapping exists.
12-14 03:50:01.329 1503 2348 E DisplayDeviceConfig: requesting nits when no mapping exists.
12-14 03:50:01.329 1503 2348 E DisplayDeviceConfig: requesting nits when no mapping exists.
12-14 03:50:01.346 1503 2348 E DisplayDeviceConfig: requesting nits when no mapping exists.
12-14 03:50:01.346 1503 2348 E DisplayDeviceConfig: requesting nits when no mapping exists.
12-14 03:50:01.362 1503 2348 E DisplayDeviceConfig: requesting nits when no mapping exists.
12-14 03:50:01.363 1503 2348 E DisplayDeviceConfig: requesting nits when no mapping exists.
12-14 03:50:01.379 1503 2348 E DisplayDeviceConfig: requesting nits when no mapping exists.
12-14 03:50:01.380 1503 2348 E DisplayDeviceConfig: requesting nits when no mapping exists.
12-14 03:50:01.396 1503 2348 E DisplayDeviceConfig: requesting nits when no mapping exists.
12-14 03:50:01.397 1503 2348 E DisplayDeviceConfig: requesting nits when no mapping exists.
01-01 09:50:30.494 0 0 D : mv2112_read_status
01-01 09:50:30.495 0 0 D mv2112_update_link: 3.0x901(1G): 0x80
01-01 09:50:30.495 0 0 D mv2112_update_link: 3.0x8109(100M): 0x8
01-01 09:50:30.495 0 0 D mv2112_update_link: link 0x0
01-01 09:50:30.495 0 0 D mv2112_read_status: autoneg is disabled
01-01 09:50:31.111 0 0 I : read descriptors
01-01 09:50:31.111 0 0 I : read strings
01-01 09:50:31.519 0 0 D : mv2112_read_status
01-01 09:50:31.519 0 0 D mv2112_update_link: 3.0x901(1G): 0x80
01-01 09:50:31.519 0 0 D mv2112_update_link: 3.0x8109(100M): 0x8
01-01 09:50:31.519 0 0 D mv2112_update_link: link 0x0
01-01 09:50:31.519 0 0 D mv2112_read_status: autoneg is disabled
01-01 09:50:32.123 0 0 I : read descriptors
01-01 09:50:32.123 0 0 I : read strings
01-01 09:50:32.542 0 0 D : mv2112_read_status
01-01 09:50:32.543 0 0 D mv2112_update_link: 3.0x901(1G): 0x80
01-01 09:50:32.543 0 0 D mv2112_update_link: 3.0x8109(100M): 0x8
01-01 09:50:32.543 0 0 D mv2112_update_link: link 0x0
01-01 09:50:32.543 0 0 D mv2112_read_status: autoneg is disabled
01-01 09:50:33.135 0 0 I : read descriptors
01-01 09:50:33.135 0 0 I : read strings
01-01 09:50:33.567 0 0 D : mv2112_read_status
01-01 09:50:33.567 0 0 D mv2112_update_link: 3.0x901(1G): 0x80
01-01 09:50:33.567 0 0 D mv2112_update_link: 3.0x8109(100M): 0x8
01-01 09:50:33.567 0 0 D mv2112_update_link: link 0x0
01-01 09:50:33.567 0 0 D mv2112_read_status: autoneg is disabled
01-01 09:50:34.147 0 0 I : read descriptors
01-01 09:50:34.147 0 0 I : read strings
01-01 09:50:34.591 0 0 D : mv2112_read_status
01-01 09:50:34.591 0 0 D mv2112_update_link: 3.0x901(1G): 0x80
01-01 09:50:34.591 0 0 D mv2112_update_link: 3.0x8109(100M): 0x8
01-01 09:50:34.591 0 0 D mv2112_update_link: link 0x0
01-01 09:50:34.591 0 0 D mv2112_read_status: autoneg is disabled
01-01 09:50:35.163 0 0 I : read descriptors
01-01 09:50:35.163 0 0 I : read strings
01-01 09:50:35.615 0 0 D : mv2112_read_status
01-01 09:50:35.615 0 0 D mv2112_update_link: 3.0x901(1G): 0x80
01-01 09:50:35.615 0 0 D mv2112_update_link: 3.0x8109(100M): 0x8
01-01 09:50:35.615 0 0 D mv2112_update_link: link 0x0
01-01 09:50:35.615 0 0 D mv2112_read_status: autoneg is disabled
01-01 09:50:36.179 0 0 I : read descriptors
01-01 09:50:36.179 0 0 I : read strings
12-14 03:50:07.656 1503 1649 I PowerManagerService: Napping display group (groupId=0, uid=1000)...
12-14 03:50:07.656 1503 1649 I PowerManagerService: Nap time (uid 1000)...
12-14 03:50:07.658 1503 1649 I DreamManagerService: Entering dreamland.
12-14 03:50:07.662 1503 1649 I PowerManagerService: Dreaming...
12-14 03:50:07.664 1503 1601 I DreamController: Starting dream: name=ComponentInfo{com.thundercomm.screensaver/com.thundercomm.saverclock.service.ClockScreensaver}, isTest=false, canDoze=false, userId=0
12-14 03:50:07.677 1503 2417 I ActivityTaskManager: START u0 {flg=0x10000000 pkg=com.thundercomm.screensaver cmp=com.thundercomm.screensaver/android.service.dreams.DreamActivity (has extras)} from uid 10052
12-14 03:50:07.680 1503 2417 W ActivityTaskManager: Can't find TaskDisplayArea to determine support for multi window. Task id=13 attached=false
12-14 03:50:07.696 1503 2319 I ActivityTaskManager: FOREGROUND_APPLICATION_CHANGED to android.service.dreams.DreamActivity
12-14 03:50:07.697 1503 2319 I ActivityTaskManager: The Process com.thundercomm.screensaver Already Exists in BG. So sending its PID: 5028
12-14 03:50:07.698 1503 2319 W ActivityTaskManager: Tried to set launchTime (0) < mLastActivityLaunchTime (605972)
12-14 03:50:07.719 1503 1591 W WindowManager: Failed looking up window session=Session{3340fa7 5028:u0a10052} callers=com.android.server.wm.WindowManagerService.windowForClientLocked:5628 com.android.server.wm.Session.insetsModified:629 android.view.IWindowSession$Stub.onTransact:1151
12-14 03:50:07.725 4287 4324 W ContextImpl: Calling a method in the system process without a qualified user: android.app.ContextImpl.startService:1816 android.content.ContextWrapper.startService:774 com.thundercomm.gamemode.ingame.services.GameModeActionUtils.startGameModeService:99 com.thundercomm.gamemode.ingame.services.GameModeActionUtils.startGameModeEntry:22 com.thundercomm.gamemode.ingame.services.ActivityMonitoringService$1.onActivityLaunch:127
01-01 09:50:36.639 0 0 D : mv2112_read_status
01-01 09:50:36.641 0 0 D mv2112_update_link: 3.0x901(1G): 0x80
01-01 09:50:36.641 0 0 D mv2112_update_link: 3.0x8109(100M): 0x8
01-01 09:50:36.641 0 0 D mv2112_update_link: link 0x0
01-01 09:50:36.641 0 0 D mv2112_read_status: autoneg is disabled
12-14 03:50:07.732 1503 1503 I GameModeConfig: Current uri is uri = content://com.thundercomm.gamemode.api/gamemode_settings/gamemode_isgaming
12-14 03:50:07.735 1503 1503 I GameModeConfig: isGameModeOn = false
12-14 03:50:07.736 1503 1503 I GameModeConfig: isGameModeOn = false
12-14 03:50:07.736 1503 1503 I GameModeConfig: isDisableVoice = true
12-14 03:50:07.753 1503 2313 I GameModeConfig: isGameModeOn = false
12-14 03:50:07.753 1503 2313 I GameModeConfig: isGameModeOn = false
12-14 03:50:07.753 1503 2313 I GameModeConfig: isGameModeOn = false
12-14 03:50:07.765 1503 1649 V DisplayPowerController[0]: Brightness [1.0] reason changing to: 'manual', previous reason: 'manual [ dim ]'.
12-14 03:50:07.780 1503 2348 E DisplayDeviceConfig: requesting nits when no mapping exists.
12-14 03:50:07.780 1503 2348 E DisplayDeviceConfig: requesting nits when no mapping exists.
12-14 03:50:07.796 1503 2348 E DisplayDeviceConfig: requesting nits when no mapping exists.
12-14 03:50:07.796 1503 2348 E DisplayDeviceConfig: requesting nits when no mapping exists.
12-14 03:50:07.808 4287 4324 W ContextImpl: Calling a method in the system process without a qualified user: android.app.ContextImpl.startService:1816 android.content.ContextWrapper.startService:774 com.thundercomm.gamemode.ingame.services.GameModeActionUtils.startGameModeService:99 com.thundercomm.gamemode.ingame.services.GameModeActionUtils.startGameModeEntry:22 com.thundercomm.gamemode.ingame.services.ActivityMonitoringService$1.onActivityLaunch:127
12-14 03:50:07.811 1503 2348 E DisplayDeviceConfig: requesting nits when no mapping exists.
12-14 03:50:07.812 1503 2348 E DisplayDeviceConfig: requesting nits when no mapping exists.
12-14 03:50:07.812 1503 1503 I GameModeConfig: Current uri is uri = content://com.thundercomm.gamemode.api/gamemode_settings/gamemode_isgaming
12-14 03:50:07.813 1503 1503 I GameModeConfig: isGameModeOn = false
12-14 03:50:07.813 1503 1503 I GameModeConfig: isGameModeOn = false
12-14 03:50:07.813 1503 1503 I GameModeConfig: isDisableVoice = true
12-14 03:50:07.829 1503 2348 E DisplayDeviceConfig: requesting nits when no mapping exists.
12-14 03:50:07.834 1503 2348 E DisplayDeviceConfig: requesting nits when no mapping exists.
12-14 03:50:07.846 1503 2348 E DisplayDeviceConfig: requesting nits when no mapping exists.
12-14 03:50:07.847 1503 2348 E DisplayDeviceConfig: requesting nits when no mapping exists.
12-14 03:50:07.863 1503 2348 E DisplayDeviceConfig: requesting nits when no mapping exists.
12-14 03:50:07.864 1503 2348 E DisplayDeviceConfig: requesting nits when no mapping exists.
12-14 03:50:07.880 1503 2348 E DisplayDeviceConfig: requesting nits when no mapping exists.
12-14 03:50:07.881 1503 2348 E DisplayDeviceConfig: requesting nits when no mapping exists.
12-14 03:50:07.897 1503 2348 E DisplayDeviceConfig: requesting nits when no mapping exists.
12-14 03:50:07.897 1503 2348 E DisplayDeviceConfig: requesting nits when no mapping exists.
12-14 03:50:07.914 1503 2348 E DisplayDeviceConfig: requesting nits when no mapping exists.
12-14 03:50:07.915 1503 2348 E DisplayDeviceConfig: requesting nits when no mapping exists.
12-14 03:50:07.929 1503 2348 E DisplayDeviceConfig: requesting nits when no mapping exists.
12-14 03:50:07.929 1503 2348 E DisplayDeviceConfig: requesting nits when no mapping exists.
12-14 03:50:07.946 1503 2348 E DisplayDeviceConfig: requesting nits when no mapping exists.
12-14 03:50:07.947 1503 2348 E DisplayDeviceConfig: requesting nits when no mapping exists.
12-14 03:50:07.956 1503 1503 I GameModeConfig: isGameModeOn = false
12-14 03:50:07.964 1503 2348 E DisplayDeviceConfig: requesting nits when no mapping exists.
12-14 03:50:07.964 1503 2348 E DisplayDeviceConfig: requesting nits when no mapping exists.
12-14 03:50:07.979 1503 2348 E DisplayDeviceConfig: requesting nits when no mapping exists.
12-14 03:50:07.979 1503 2348 E DisplayDeviceConfig: requesting nits when no mapping exists.
12-14 03:50:07.996 1503 2348 E DisplayDeviceConfig: requesting nits when no mapping exists.
12-14 03:50:07.997 1503 2348 E DisplayDeviceConfig: requesting nits when no mapping exists.
12-14 03:50:08.012 1503 2348 E DisplayDeviceConfig: requesting nits when no mapping exists.
12-14 03:50:08.012 1503 2348 E DisplayDeviceConfig: requesting nits when no mapping exists.
12-14 03:50:08.029 1503 2348 E DisplayDeviceConfig: requesting nits when no mapping exists.
12-14 03:50:08.030 1503 2348 E DisplayDeviceConfig: requesting nits when no mapping exists.
12-14 03:50:08.046 1503 2348 E DisplayDeviceConfig: requesting nits when no mapping exists.
12-14 03:50:08.046 1503 2348 E DisplayDeviceConfig: requesting nits when no mapping exists.
12-14 03:50:08.064 1503 2348 E DisplayDeviceConfig: requesting nits when no mapping exists.
12-14 03:50:08.066 1503 2348 E DisplayDeviceConfig: requesting nits when no mapping exists.
12-14 03:50:08.084 1503 2348 E DisplayDeviceConfig: requesting nits when no mapping exists.
12-14 03:50:08.084 1503 2348 E DisplayDeviceConfig: requesting nits when no mapping exists.
12-14 03:50:08.096 1503 2348 E DisplayDeviceConfig: requesting nits when no mapping exists.
12-14 03:50:08.098 1503 2348 E DisplayDeviceConfig: requesting nits when no mapping exists.
12-14 03:50:08.109 4287 4324 W ContextImpl: Calling a method in the system process without a qualified user: android.app.ContextImpl.startService:1816 android.content.ContextWrapper.startService:774 com.thundercomm.gamemode.ingame.services.GameModeActionUtils.startGameModeService:99 com.thundercomm.gamemode.ingame.services.GameModeActionUtils.startGameModeEntry:22 com.thundercomm.gamemode.ingame.services.ActivityMonitoringService$1.onActivityLaunch:127
12-14 03:50:08.113 1503 1503 I GameModeConfig: Current uri is uri = content://com.thundercomm.gamemode.api/gamemode_settings/gamemode_isgaming
12-14 03:50:08.115 1503 1503 I GameModeConfig: isGameModeOn = false
12-14 03:50:08.115 1503 1503 I GameModeConfig: isGameModeOn = false
12-14 03:50:08.116 1503 1503 I GameModeConfig: isDisableVoice = true
12-14 03:50:08.116 1503 2348 E DisplayDeviceConfig: requesting nits when no mapping exists.
12-14 03:50:08.116 1503 2348 E DisplayDeviceConfig: requesting nits when no mapping exists.
12-14 03:50:08.129 1503 2348 E DisplayDeviceConfig: requesting nits when no mapping exists.
12-14 03:50:08.129 1503 2348 E DisplayDeviceConfig: requesting nits when no mapping exists.
12-14 03:50:08.147 1503 2348 E DisplayDeviceConfig: requesting nits when no mapping exists.
12-14 03:50:08.147 1503 2348 E DisplayDeviceConfig: requesting nits when no mapping exists.
12-14 03:50:08.162 1503 2348 E DisplayDeviceConfig: requesting nits when no mapping exists.
12-14 03:50:08.163 1503 2348 E DisplayDeviceConfig: requesting nits when no mapping exists.
12-14 03:50:08.179 1503 2348 E DisplayDeviceConfig: requesting nits when no mapping exists.
12-14 03:50:08.180 1503 2348 E DisplayDeviceConfig: requesting nits when no mapping exists.
12-14 03:50:08.196 1503 2348 E DisplayDeviceConfig: requesting nits when no mapping exists.
12-14 03:50:08.196 1503 2348 E DisplayDeviceConfig: requesting nits when no mapping exists.
12-14 03:50:08.213 1503 2348 E DisplayDeviceConfig: requesting nits when no mapping exists.
12-14 03:50:08.213 1503 2348 E DisplayDeviceConfig: requesting nits when no mapping exists.
12-14 03:50:08.234 1503 2348 E DisplayDeviceConfig: requesting nits when no mapping exists.
12-14 03:50:08.234 1503 2348 E DisplayDeviceConfig: requesting nits when no mapping exists.
12-14 03:50:08.246 1503 2348 E DisplayDeviceConfig: requesting nits when no mapping exists.
12-14 03:50:08.247 1503 2348 E DisplayDeviceConfig: requesting nits when no mapping exists.
12-14 03:50:08.263 1503 2348 E DisplayDeviceConfig: requesting nits when no mapping exists.
12-14 03:50:08.263 1503 2348 E DisplayDeviceConfig: requesting nits when no mapping exists.
12-14 03:50:08.279 1503 2348 E DisplayDeviceConfig: requesting nits when no mapping exists.
12-14 03:50:08.280 1503 2348 E DisplayDeviceConfig: requesting nits when no mapping exists.
01-01 09:50:37.199 0 0 I : read descriptors
01-01 09:50:37.199 0 0 I : read strings
12-14 03:50:08.296 1503 2348 E DisplayDeviceConfig: requesting nits when no mapping exists.
12-14 03:50:08.297 1503 2348 E DisplayDeviceConfig: requesting nits when no mapping exists.
12-14 03:50:08.313 1503 2348 E DisplayDeviceConfig: requesting nits when no mapping exists.
12-14 03:50:08.314 1503 2348 E DisplayDeviceConfig: requesting nits when no mapping exists.
12-14 03:50:08.330 1503 2348 E DisplayDeviceConfig: requesting nits when no mapping exists.
12-14 03:50:08.330 1503 2348 E DisplayDeviceConfig: requesting nits when no mapping exists.
12-14 03:50:08.347 1503 2348 E DisplayDeviceConfig: requesting nits when no mapping exists.
12-14 03:50:08.348 1503 2348 E DisplayDeviceConfig: requesting nits when no mapping exists.
12-14 03:50:08.365 1503 2348 E DisplayDeviceConfig: requesting nits when no mapping exists.
12-14 03:50:08.365 1503 2348 E DisplayDeviceConfig: requesting nits when no mapping exists.
12-14 03:50:08.380 1503 2348 E DisplayDeviceConfig: requesting nits when no mapping exists.
12-14 03:50:08.382 1503 2348 E DisplayDeviceConfig: requesting nits when no mapping exists.
12-14 03:50:08.397 1503 2348 E DisplayDeviceConfig: requesting nits when no mapping exists.
12-14 03:50:08.397 1503 2348 E DisplayDeviceConfig: requesting nits when no mapping exists.
12-14 03:50:08.414 1503 2348 E DisplayDeviceConfig: requesting nits when no mapping exists.
12-14 03:50:08.414 1503 2348 E DisplayDeviceConfig: requesting nits when no mapping exists.
12-14 03:50:08.431 1503 2348 E DisplayDeviceConfig: requesting nits when no mapping exists.
12-14 03:50:08.432 1503 2348 E DisplayDeviceConfig: requesting nits when no mapping exists.
12-14 03:50:08.448 1503 2348 E DisplayDeviceConfig: requesting nits when no mapping exists.
12-14 03:50:08.449 1503 2348 E DisplayDeviceConfig: requesting nits when no mapping exists.
12-14 03:50:08.467 1503 2348 E DisplayDeviceConfig: requesting nits when no mapping exists.
12-14 03:50:08.467 1503 2348 E DisplayDeviceConfig: requesting nits when no mapping exists.
12-14 03:50:08.482 1503 2348 E DisplayDeviceConfig: requesting nits when no mapping exists.
12-14 03:50:08.482 1503 2348 E DisplayDeviceConfig: requesting nits when no mapping exists.
12-14 03:50:08.497 1503 2348 E DisplayDeviceConfig: requesting nits when no mapping exists.
12-14 03:50:08.498 1503 2348 E DisplayDeviceConfig: requesting nits when no mapping exists.
12-14 03:50:08.514 1503 2348 E DisplayDeviceConfig: requesting nits when no mapping exists.
12-14 03:50:08.514 1503 2348 E DisplayDeviceConfig: requesting nits when no mapping exists.
12-14 03:50:08.530 1503 2348 E DisplayDeviceConfig: requesting nits when no mapping exists.
12-14 03:50:08.532 1503 2348 E DisplayDeviceConfig: requesting nits when no mapping exists.
12-14 03:50:08.550 1503 2348 E DisplayDeviceConfig: requesting nits when no mapping exists.
12-14 03:50:08.551 1503 2348 E DisplayDeviceConfig: requesting nits when no mapping exists.
12-14 03:50:08.565 1503 2348 E DisplayDeviceConfig: requesting nits when no mapping exists.
12-14 03:50:08.565 1503 2348 E DisplayDeviceConfig: requesting nits when no mapping exists.
12-14 03:50:08.580 1503 2348 E DisplayDeviceConfig: requesting nits when no mapping exists.
12-14 03:50:08.581 1503 2348 E DisplayDeviceConfig: requesting nits when no mapping exists.
12-14 03:50:08.598 1503 2348 E DisplayDeviceConfig: requesting nits when no mapping exists.
12-14 03:50:08.598 1503 2348 E DisplayDeviceConfig: requesting nits when no mapping exists.
12-14 03:50:08.614 1503 2348 E DisplayDeviceConfig: requesting nits when no mapping exists.
12-14 03:50:08.615 1503 2348 E DisplayDeviceConfig: requesting nits when no mapping exists.
12-14 03:50:08.632 1503 2348 E DisplayDeviceConfig: requesting nits when no mapping exists.
12-14 03:50:08.633 1503 2348 E DisplayDeviceConfig: requesting nits when no mapping exists.
12-14 03:50:08.647 1503 2348 E DisplayDeviceConfig: requesting nits when no mapping exists.
12-14 03:50:08.648 1503 2348 E DisplayDeviceConfig: requesting nits when no mapping exists.
12-14 03:50:08.665 1503 2348 E DisplayDeviceConfig: requesting nits when no mapping exists.
12-14 03:50:08.666 1503 2348 E DisplayDeviceConfig: requesting nits when no mapping exists.
12-14 03:50:08.680 1503 2348 E DisplayDeviceConfig: requesting nits when no mapping exists.
12-14 03:50:08.681 1503 2348 E DisplayDeviceConfig: requesting nits when no mapping exists.
12-14 03:50:08.697 1503 2348 E DisplayDeviceConfig: requesting nits when no mapping exists.
12-14 03:50:08.698 1503 2348 E DisplayDeviceConfig: requesting nits when no mapping exists.
12-14 03:50:08.714 1503 2348 E DisplayDeviceConfig: requesting nits when no mapping exists.
12-14 03:50:08.715 1503 2348 E DisplayDeviceConfig: requesting nits when no mapping exists.
12-14 03:50:08.738 1503 2348 E DisplayDeviceConfig: requesting nits when no mapping exists.
12-14 03:50:08.738 1503 2348 E DisplayDeviceConfig: requesting nits when no mapping exists.
01-01 09:50:37.662 0 0 D : mv2112_read_status
01-01 09:50:37.662 0 0 D mv2112_update_link: 3.0x901(1G): 0x80
01-01 09:50:37.663 0 0 D mv2112_update_link: 3.0x8109(100M): 0x8
01-01 09:50:37.663 0 0 D mv2112_update_link: link 0x0
01-01 09:50:37.663 0 0 D mv2112_read_status: autoneg is disabled
01-01 09:50:38.218 0 0 I : read descriptors
01-01 09:50:38.218 0 0 I : read strings
01-01 09:50:38.686 0 0 D : mv2112_read_status
01-01 09:50:38.687 0 0 D mv2112_update_link: 3.0x901(1G): 0x80
01-01 09:50:38.687 0 0 D mv2112_update_link: 3.0x8109(100M): 0x8
01-01 09:50:38.687 0 0 D mv2112_update_link: link 0x0
01-01 09:50:38.687 0 0 D mv2112_read_status: autoneg is disabled
01-01 09:50:39.243 0 0 I : read descriptors
01-01 09:50:39.243 0 0 I : read strings
01-01 09:50:39.711 0 0 D : mv2112_read_status
01-01 09:50:39.711 0 0 D mv2112_update_link: 3.0x901(1G): 0x80
01-01 09:50:39.711 0 0 D mv2112_update_link: 3.0x8109(100M): 0x8
01-01 09:50:39.711 0 0 D mv2112_update_link: link 0x0
01-01 09:50:39.711 0 0 D mv2112_read_status: autoneg is disabled
01-01 09:50:40.259 0 0 I : read descriptors
01-01 09:50:40.259 0 0 I : read strings
01-01 09:50:40.735 0 0 D : mv2112_read_status
01-01 09:50:40.735 0 0 D mv2112_update_link: 3.0x901(1G): 0x80
01-01 09:50:40.735 0 0 D mv2112_update_link: 3.0x8109(100M): 0x8
01-01 09:50:40.735 0 0 D mv2112_update_link: link 0x0
01-01 09:50:40.735 0 0 D mv2112_read_status: autoneg is disabled
01-01 09:50:41.279 0 0 I : read descriptors
01-01 09:50:41.280 0 0 I : read strings
01-01 09:50:41.759 0 0 D : mv2112_read_status
01-01 09:50:41.759 0 0 D mv2112_update_link: 3.0x901(1G): 0x80
01-01 09:50:41.759 0 0 D mv2112_update_link: 3.0x8109(100M): 0x8
01-01 09:50:41.759 0 0 D mv2112_update_link: link 0x0
01-01 09:50:41.759 0 0 D mv2112_read_status: autoneg is disabled
01-01 09:50:42.295 0 0 I : read descriptors
01-01 09:50:42.295 0 0 I : read strings
01-01 09:50:42.783 0 0 D : mv2112_read_status
01-01 09:50:42.783 0 0 D mv2112_update_link: 3.0x901(1G): 0x80
01-01 09:50:42.783 0 0 D mv2112_update_link: 3.0x8109(100M): 0x8
