12-14 03:22:35.237 1503 1604 I ActivityManagerTiming: OnBootPhase_1000_com.android.server.pm.ShortcutService$Lifecycle
12-14 03:22:35.237 1503 1604 I ActivityManagerTiming: OnBootPhase_1000_com.android.server.pm.LauncherAppsService
12-14 03:22:35.237 1503 1604 I ActivityManagerTiming: OnBootPhase_1000_com.android.server.pm.CrossProfileAppsService
12-14 03:22:35.237 1503 1604 I ActivityManagerTiming: OnBootPhase_1000_com.android.server.people.PeopleService
12-14 03:22:35.237 1503 1604 I ActivityManagerTiming: OnBootPhase_1000_com.android.server.media.metrics.MediaMetricsManagerService
12-14 03:22:35.237 1503 1604 I ActivityManagerTiming: OnBootPhase_1000_com.android.server.media.projection.MediaProjectionManagerService
12-14 03:22:35.237 1503 1604 I ActivityManagerTiming: OnBootPhase_1000_com.android.server.slice.SliceManagerService$Lifecycle
12-14 03:22:35.237 1503 1604 I ActivityManagerTiming: OnBootPhase_1000_com.android.server.stats.StatsCompanion$Lifecycle
12-14 03:22:35.237 1503 1604 I ActivityManagerTiming: OnBootPhase_1000_com.android.server.scheduling.RebootReadinessManagerService$Lifecycle
12-14 03:22:35.237 1503 1604 I ActivityManagerTiming: OnBootPhase_1000_com.android.server.stats.pull.StatsPullAtomService
12-14 03:22:35.237 1503 1604 I ActivityManagerTiming: OnBootPhase_1000_com.android.server.incident.IncidentCompanionService
12-14 03:22:35.237 1503 1604 I ActivityManagerTiming: OnBootPhase_1000_com.android.server.MmsServiceBroker
12-14 03:22:35.237 1503 1604 I ActivityManagerTiming: OnBootPhase_1000_com.android.server.autofill.AutofillManagerService
12-14 03:22:35.237 1503 1604 I ActivityManagerTiming: OnBootPhase_1000_com.android.server.clipboard.ClipboardService
12-14 03:22:35.237 1503 1604 I ActivityManagerTiming: OnBootPhase_1000_com.android.server.appbinding.AppBindingService$Lifecycle
12-14 03:22:35.237 1503 1604 I ActivityManagerTiming: OnBootPhase_1000_com.android.server.tracing.TracingServiceProxy
12-14 03:22:35.237 1503 1604 I ActivityManagerTiming: OnBootPhase_1000_com.android.server.policy.PermissionPolicyService
12-14 03:22:35.237 1503 1604 I ActivityManagerTiming: OnBootPhase_1000_com.android.server.pm.StagingManager$Lifecycle
12-14 03:22:35.237 1503 1604 I ActivityManagerTiming: OnBootPhase_1000_com.android.server.app.GameManagerService$Lifecycle
12-14 03:22:35.237 1503 1604 D GameManagerService: onBootCompleted
12-14 03:22:35.237 1503 1604 I ActivityManagerTiming: OnBootPhase_1000_com.android.server.appsearch.AppSearchManagerService
12-14 03:22:35.238 1503 1604 I ActivityManagerTiming: OnBootPhase_1000_com.android.server.media.MediaCommunicationService
12-14 03:22:35.238 1503 1604 D ActivityManagerTiming: TotalBootTime took to complete: 15035ms
12-14 03:22:35.238 1503 1604 D SystemServerInitThreadPool: Shutdown requested
12-14 03:22:35.238 1503 1604 I SystemServerTiming: WaitInitThreadPoolShutdown
01-01 09:23:04.148 0 0 E [wifi@1][0x34f3df9c][03:22:35.237059] wlan: [835:E:PMO] pmo_register_wow_wakeup_events: 88: Skipping wake event configuration for vdev_opmode 16
01-01 09:23:04.148 0 0 E [wifi@1][0x34f3e27e][03:22:35.237098] wlan: [835:E:SME] sme_get_nss_chain_shift: 4045: Device mode 16 invalid
01-01 09:23:04.148 0 0 E [wifi@1][0x34f3e2c1][03:22:35.237101] wlan: [835:E:SME] sme_get_nss_chain_shift: 4045: Device mode 16 invalid
01-01 09:23:04.149 0 0 I IPv6 : ADDRCONF(NETDEV_UP): wifi-aware0: link is not ready
12-14 03:22:35.241 1503 1604 D SystemServerInitThreadPool: Shutdown successful
12-14 03:22:35.243 1503 1604 D CompatibilityChangeReporter: Compat change id reported: 135634846; UID 10096; state: DISABLED
12-14 03:22:35.243 1503 1604 D CompatibilityChangeReporter: Compat change id reported: 177438394; UID 10096; state: DISABLED
12-14 03:22:35.243 1503 1604 D CompatibilityChangeReporter: Compat change id reported: 135772972; UID 10096; state: DISABLED
12-14 03:22:35.244 1503 1604 D CompatibilityChangeReporter: Compat change id reported: 135754954; UID 10096; state: ENABLED
12-14 03:22:35.244 1503 1613 D CompatibilityChangeReporter: Compat change id reported: 143937733; UID 10096; state: ENABLED
12-14 03:22:35.244 1503 1613 W ActivityManager: android.ext.services inode == 0 (b/152760674)
12-14 03:22:35.246 1503 1604 I ActivityManager: User 0 state changed from BOOTING to RUNNING_LOCKED
12-14 03:22:35.246 1503 1604 W ActivityManager: UserLifecycleEvent 4 received without an active userJourneySession.
12-14 03:22:35.247 1503 1604 W ActivityManager: UserLifecycleEvent 5 received without an active userJourneySession.
12-14 03:22:35.247 1503 1604 D ActivityManager: Started unlocking user 0
12-14 03:22:35.247 1503 1604 D ActivityManager: Unlocking user 0 progress 0
12-14 03:22:35.247 1503 1604 D ActivityManager: Unlocking user 0 progress 5
12-14 03:22:35.251 1503 1612 D CompatibilityChangeReporter: Compat change id reported: 135634846; UID 10064; state: DISABLED
12-14 03:22:35.251 1503 1612 D CompatibilityChangeReporter: Compat change id reported: 177438394; UID 10064; state: DISABLED
12-14 03:22:35.251 1503 1612 D CompatibilityChangeReporter: Compat change id reported: 135772972; UID 10064; state: DISABLED
12-14 03:22:35.251 1503 1612 D CompatibilityChangeReporter: Compat change id reported: 135754954; UID 10064; state: DISABLED
12-14 03:22:35.255 1503 1613 I ActivityManager: Start proc 3080:android.ext.services/u0a96 for on-hold
12-14 03:22:35.256 1503 1613 D CompatibilityChangeReporter: Compat change id reported: 143937733; UID 10064; state: DISABLED
12-14 03:22:35.256 1503 1613 W ActivityManager: com.android.deskclock inode == 0 (b/152760674)
12-14 03:22:35.262 1503 1613 I ActivityManager: Start proc 3081:com.android.deskclock/u0a64 for broadcast {com.android.deskclock/com.android.deskclock.AlarmInitReceiver}
01-01 09:23:04.177 0 0 I binder : 3080:3080 ioctl 40046210 7fe38dfb64 returned -22
12-14 03:22:35.269 1503 1730 D CompatibilityChangeReporter: Compat change id reported: 168419799; UID 10096; state: DISABLED
01-01 09:23:04.188 0 0 I binder : 3081:3081 ioctl 40046210 7fe38dfb64 returned -22
12-14 03:22:35.279 1503 1730 D CompatibilityChangeReporter: Compat change id reported: 168419799; UID 10064; state: DISABLED
12-14 03:22:35.282 517 517 D vold : fscrypt_prepare_user_storage for volume null, user 0, serial 0, flags 2
12-14 03:22:35.282 517 517 D vold : Preparing: /data/system_ce/0
12-14 03:22:35.283 517 517 D vold : Preparing: /data/misc_ce/0
12-14 03:22:35.283 517 517 D vold : Preparing: /data/vendor_ce/0
12-14 03:22:35.283 517 517 D vold : Preparing: /data/media/0
12-14 03:22:35.283 517 517 D vold : Preparing: /data/data
12-14 03:22:35.283 517 517 I vold : Encryption policy of /data/system_ce/0 set to e4cdceca7532a632485f794d99c97633 v2 modes 1/4 flags 0xa
12-14 03:22:35.283 517 517 I vold : Encryption policy of /data/misc_ce/0 set to e4cdceca7532a632485f794d99c97633 v2 modes 1/4 flags 0xa
12-14 03:22:35.283 517 517 I vold : Encryption policy of /data/vendor_ce/0 set to e4cdceca7532a632485f794d99c97633 v2 modes 1/4 flags 0xa
12-14 03:22:35.283 517 517 I vold : Encryption policy of /data/media/0 set to e4cdceca7532a632485f794d99c97633 v2 modes 1/4 flags 0xa
12-14 03:22:35.283 517 517 I vold : Encryption policy of /data/data set to e4cdceca7532a632485f794d99c97633 v2 modes 1/4 flags 0xa
12-14 03:22:35.283 517 517 D vold : Starting restorecon of /data/system_ce/0
12-14 03:22:35.292 517 517 D vold : Finished restorecon of /data/system_ce/0
12-14 03:22:35.292 517 517 D vold : Starting restorecon of /data/vendor_ce/0
12-14 03:22:35.295 517 517 D vold : Finished restorecon of /data/vendor_ce/0
12-14 03:22:35.295 1503 2481 W UsageStatsService: Failed to query usage stats for locked user 0
12-14 03:22:35.295 517 517 D vold : Starting restorecon of /data/misc_ce/0
12-14 03:22:35.298 517 517 D vold : Finished restorecon of /data/misc_ce/0
12-14 03:22:35.298 517 517 D vold : /system/bin/vold_prepare_subdirs
12-14 03:22:35.298 517 517 D vold : prepare
12-14 03:22:35.298 517 517 D vold :
12-14 03:22:35.298 517 517 D vold : 0
12-14 03:22:35.298 517 517 D vold : 2
12-14 03:22:35.305 1503 1503 V NotificationAssistants: 0 notification assistant service connected: ComponentInfo{android.ext.services/android.ext.services.notification.Assistant}
01-01 09:23:04.221 0 0 I android_work: did not send uevent (0 0 0000000000000000)
12-14 03:22:35.311 1503 1503 I ExplicitHealthCheckController: Explicit health check service is connected ComponentInfo{android.ext.services/android.ext.services.watchdog.ExplicitHealthCheckServiceImpl}
12-14 03:22:35.312 1503 1503 I ExplicitHealthCheckController: Service initialized, syncing requests
12-14 03:22:35.312 1503 1503 I PackageWatchdog: Syncing health check requests for packages: {}
12-14 03:22:35.312 1503 1503 D ExplicitHealthCheckController: Getting health check supported packages
12-14 03:22:35.316 1503 2417 I ExplicitHealthCheckController: Explicit health check supported packages [PackageConfig{com.android.networkstack, 86400000}]
12-14 03:22:35.316 1503 2417 D PackageWatchdog: Received supported packages [PackageConfig{com.android.networkstack, 86400000}]
12-14 03:22:35.316 1503 2417 D ExplicitHealthCheckController: Getting health check requested packages
12-14 03:22:35.319 1503 2417 I ExplicitHealthCheckController: Explicit health check requested packages []
12-14 03:22:35.320 1503 2417 I ExplicitHealthCheckController: No more health check requests, unbinding...
12-14 03:22:35.320 1503 2417 I ExplicitHealthCheckController: Explicit health check service is unbound
12-14 03:22:35.328 1503 1601 V UserDataPreparer: Found /data/user/0 with serial number 0
12-14 03:22:35.328 1503 1601 V UserDataPreparer: Found /data/system_ce/0 with serial number -1
12-14 03:22:35.328 1503 1601 D UserDataPreparer: Serial number missing on /data/system_ce/0; assuming current is valid
12-14 03:22:35.328 1503 1601 D UserDataPreparer: Setting property: sys.user.0.ce_available=true
12-14 03:22:35.329 1503 1601 V PackageManager: reconcileAppsData for null u0 0x2 migrateAppData=true
01-01 09:23:04.239 0 0 W QSEECOM : qseecom_load_app: App with id 9 (fingerpr) now loaded
01-01 09:23:04.255 0 0 I [schedu][0x351334da][03:22:35.344009] wlan: [1972:I:HIF] Deinitializing Runtime PM wakelock &vdev->vdev_set_key_runtime_wakelock
01-01 09:23:04.255 0 0 I [schedu][0x35134157][03:22:35.344176] wlan: [1972:I:HIF] Initializing Runtime PM wakelock &vdev->vdev_set_key_runtime_wakelock
12-14 03:22:35.351 3127 3127 F libc : Fatal signal 6 (SIGABRT), code -1 (SI_QUEUE) in tid 3127 (init), pid 3127 (init)
12-14 03:22:35.372 1503 2417 D CompatibilityChangeReporter: Compat change id reported: 168419799; UID 10083; state: DISABLED
12-14 03:22:35.377 1503 2417 D CompatibilityChangeReporter: Compat change id reported: 135634846; UID 10079; state: DISABLED
12-14 03:22:35.377 1503 2417 D CompatibilityChangeReporter: Compat change id reported: 177438394; UID 10079; state: DISABLED
12-14 03:22:35.377 1503 2417 D CompatibilityChangeReporter: Compat change id reported: 135772972; UID 10079; state: DISABLED
12-14 03:22:35.377 1503 2417 D CompatibilityChangeReporter: Compat change id reported: 135754954; UID 10079; state: ENABLED
12-14 03:22:35.377 1503 1613 D CompatibilityChangeReporter: Compat change id reported: 143937733; UID 10079; state: ENABLED
12-14 03:22:35.377 1503 1613 W ActivityManager: com.qualcomm.location inode == 0 (b/152760674)
12-14 03:22:35.392 1503 1613 I ActivityManager: Start proc 3134:com.qualcomm.location/u0a79 for broadcast {com.qualcomm.location/com.qualcomm.location.LocationServiceReceiver}
01-01 09:23:04.258 0 0 W : Boot completed
01-01 09:23:04.314 0 0 I : read descriptors
01-01 09:23:04.314 0 0 I : read strings
12-14 03:22:35.411 3127 3127 F libc : crash_dump helper failed to exec, or was killed
01-01 09:23:04.327 0 0 I binder : 3134:3134 ioctl 40046210 7fe38dfb64 returned -22
12-14 03:22:35.418 1503 2417 D CompatibilityChangeReporter: Compat change id reported: 168419799; UID 10079; state: DISABLED
01-01 09:23:04.336 0 0 E msm-dwc3 a600000.ssusb: Could not get usb psy
01-01 09:23:04.363 0 0 W audit : audit_lost=1 audit_rate_limit=5 audit_backlog_limit=64
01-01 09:23:04.363 0 0 E audit : rate limit exceeded
01-01 09:23:04.372 0 0 I binder : 3160:3160 ioctl 40046210 7fc16fac34 returned -22
01-01 09:23:04.384 0 0 I binder : 3134:3173 ioctl 40046210 760921c934 returned -22
12-14 03:22:35.493 2789 2789 W ContextImpl: Calling a method in the system process without a qualified user: android.app.ContextImpl.startService:1816 android.content.ContextWrapper.startService:774 android.content.ContextWrapper.startService:774 com.qualcomm.qti.qdma.app.BootReceiver.onBootReceived:115 com.qualcomm.qti.innodme.InnoBootReceiver.onReceive:22
12-14 03:22:35.500 2789 3219 W ContextImpl: Calling a method in the system process without a qualified user: android.app.ContextImpl.startService:1816 android.content.ContextWrapper.startService:774 com.qualcomm.qti.qdma.util.PeriodicCI.run:477 com.qualcomm.qti.qdma.util.PeriodicCI.start:390 com.qualcomm.qti.qdma.app.ActiveCareService$ProcessSessionRequest.run:457
12-14 03:22:35.508 1503 2417 D CompatibilityChangeReporter: Compat change id reported: 135634846; UID 10086; state: DISABLED
12-14 03:22:35.508 1503 2417 D CompatibilityChangeReporter: Compat change id reported: 177438394; UID 10086; state: DISABLED
12-14 03:22:35.508 1503 2417 D CompatibilityChangeReporter: Compat change id reported: 135772972; UID 10086; state: DISABLED
12-14 03:22:35.508 1503 2417 D CompatibilityChangeReporter: Compat change id reported: 135754954; UID 10086; state: ENABLED
12-14 03:22:35.509 1503 1613 D CompatibilityChangeReporter: Compat change id reported: 143937733; UID 10086; state: ENABLED
12-14 03:22:35.509 1503 1613 W ActivityManager: com.qualcomm.qtil.aptxui inode == 0 (b/152760674)
01-01 09:23:04.424 0 0 W QSEECOM : __qseecom_unload_app: App (9) is unloaded
01-01 09:23:04.424 0 0 D qbt : qbt_release: entry minor_no=0 fd_available=0
01-01 09:23:04.424 0 0 D qbt : qbt_release: Releasing wakelock
01-01 09:23:04.424 0 0 D qbt : qbt_release: exit : fd_available=1
01-01 09:23:04.424 0 0 D qbt : qbt_release: entry minor_no=1 fd_available=1
01-01 09:23:04.424 0 0 D qbt : qbt_release: exit : fd_available=1
12-14 03:22:35.513 1503 1503 D Fingerprint21: handleError, client: FingerprintInternalCleanupClient, error: 2, vendorCode: 0
12-14 03:22:35.513 1503 1503 E Fingerprint21: onError for non-error consumer: FingerprintInternalCleanupClient
01-01 09:23:04.428 0 0 E msm-dwc3 a600000.ssusb: Could not get usb psy
12-14 03:22:35.517 1503 2417 D CompatibilityChangeReporter: Compat change id reported: 182478738; UID 1001; state: DISABLED
12-14 03:22:35.523 1503 1613 I ActivityManager: Start proc 3256:com.qualcomm.qtil.aptxui/u0a86 for broadcast {com.qualcomm.qtil.aptxui/com.qualcomm.qtil.aptxui.aptxuiBootReceiver}
01-01 09:23:04.448 0 0 I binder : 3256:3256 ioctl 40046210 7fe38dfb64 returned -22
12-14 03:22:35.547 1503 2417 D CompatibilityChangeReporter: Compat change id reported: 168419799; UID 10086; state: DISABLED
01-01 09:23:04.476 0 0 I android_work: sent uevent USB_STATE=CONNECTED
12-14 03:22:35.585 1503 1601 V PackageManager: reconcileAppsData finished 139 packages
12-14 03:22:35.585 1503 1601 I ActivityManager: User 0 state changed from RUNNING_LOCKED to RUNNING_UNLOCKING
12-14 03:22:35.586 1503 1601 D ActivityManager: Unlocking user 0 progress 20
12-14 03:22:35.586 1503 1601 W Looper : Slow dispatch took 304ms android.fg h=android.os.Handler c=com.android.server.am.UserController$$ExternalSyntheticLambda3@7fa12c5 m=0
12-14 03:22:35.586 1503 1612 I SystemServerTimingAsync: ssm.UnlockingUser-0
12-14 03:22:35.586 1503 1612 I SystemServiceManager: Calling onUnlockingUser 0
12-14 03:22:35.586 1503 1601 W Looper : Slow delivery took 339ms android.fg h=android.os.Handler c=com.android.server.am.UserController$$ExternalSyntheticLambda1@3624b4b m=0
12-14 03:22:35.586 1503 1612 I SystemServerTimingAsync: ssm.onUnlockingUser-0_com.android.server.security.FileIntegrityService
12-14 03:22:35.586 1503 1612 I SystemServerTimingAsync: ssm.onUnlockingUser-0_com.android.server.pm.Installer
12-14 03:22:35.586 1503 1612 I SystemServerTimingAsync: ssm.onUnlockingUser-0_com.android.server.os.DeviceIdentifiersPolicyService
12-14 03:22:35.586 1503 1612 I SystemServerTimingAsync: ssm.onUnlockingUser-0_com.android.server.uri.UriGrantsManagerService$Lifecycle
12-14 03:22:35.586 1503 1612 I SystemServerTimingAsync: ssm.onUnlockingUser-0_com.android.server.powerstats.PowerStatsService
12-14 03:22:35.586 1503 1612 I SystemServerTimingAsync: ssm.onUnlockingUser-0_com.android.server.wm.ActivityTaskManagerService$Lifecycle
12-14 03:22:35.586 1503 1612 I SystemServerTimingAsync: ssm.onUnlockingUser-0_com.android.server.am.ActivityManagerService$Lifecycle
12-14 03:22:35.586 1503 1612 I SystemServerTimingAsync: ssm.onUnlockingUser-0_com.android.server.pm.DataLoaderManagerService
12-14 03:22:35.586 1503 1612 I SystemServerTimingAsync: ssm.onUnlockingUser-0_com.android.server.power.PowerManagerService
12-14 03:22:35.586 1503 1612 I SystemServerTimingAsync: ssm.onUnlockingUser-0_com.android.server.power.ThermalManagerService
12-14 03:22:35.586 1503 1612 I SystemServerTimingAsync: ssm.onUnlockingUser-0_com.android.server.power.hint.HintManagerService
12-14 03:22:35.586 1503 1612 I SystemServerTimingAsync: ssm.onUnlockingUser-0_com.android.server.recoverysystem.RecoverySystemService$Lifecycle
12-14 03:22:35.586 1503 1612 I SystemServerTimingAsync: ssm.onUnlockingUser-0_com.android.server.lights.LightsService
12-14 03:22:35.586 1503 1612 I SystemServerTimingAsync: ssm.onUnlockingUser-0_com.android.server.display.DisplayManagerService
12-14 03:22:35.586 1503 1612 I SystemServerTimingAsync: ssm.onUnlockingUser-0_com.android.server.pm.verify.domain.DomainVerificationService
12-14 03:22:35.586 1503 1612 I SystemServerTimingAsync: ssm.onUnlockingUser-0_com.android.server.pm.PackageInstallerService$Lifecycle
12-14 03:22:35.586 1503 1612 I SystemServerTimingAsync: ssm.onUnlockingUser-0_com.android.server.pm.UserManagerService$LifeCycle
12-14 03:22:35.586 1503 1612 I SystemServerTimingAsync: ssm.onUnlockingUser-0_com.android.server.om.OverlayManagerService
12-14 03:22:35.587 1503 1612 I SystemServerTimingAsync: ssm.onUnlockingUser-0_com.android.server.SensorPrivacyService
12-14 03:22:35.587 1503 1612 I SystemServerTimingAsync: ssm.onUnlockingUser-0_com.android.server.sensors.SensorService
12-14 03:22:35.587 1503 1612 I SystemServerTimingAsync: ssm.onUnlockingUser-0_com.android.server.SystemConfigService
12-14 03:22:35.587 1503 1612 I SystemServerTimingAsync: ssm.onUnlockingUser-0_com.android.server.BatteryService
12-14 03:22:35.587 1503 1612 I SystemServerTimingAsync: ssm.onUnlockingUser-0_com.android.server.usage.UsageStatsService
12-14 03:22:35.587 1503 1612 I SystemServerTimingAsync: ssm.onUnlockingUser-0_com.android.server.webkit.WebViewUpdateService
12-14 03:22:35.587 1503 1612 I SystemServerTimingAsync: ssm.onUnlockingUser-0_com.android.server.CachedDeviceStateService
12-14 03:22:35.587 1503 1612 I SystemServerTimingAsync: ssm.onUnlockingUser-0_com.android.server.BinderCallsStatsService$LifeCycle
12-14 03:22:35.587 1503 1612 I SystemServerTimingAsync: ssm.onUnlockingUser-0_com.android.server.LooperStatsService$Lifecycle
12-14 03:22:35.587 1503 1612 I SystemServerTimingAsync: ssm.onUnlockingUser-0_com.android.server.rollback.RollbackManagerService
12-14 03:22:35.588 1503 1601 D UsbDeviceManager: push notification:正在通过 USB 为此设备充电
12-14 03:22:35.588 1503 1601 W Looper : Drained
12-14 03:22:35.589 1503 1612 I SystemServerTimingAsync: ssm.onUnlockingUser-0_com.android.server.os.NativeTombstoneManagerService
12-14 03:22:35.589 1503 1612 I SystemServerTimingAsync: ssm.onUnlockingUser-0_com.android.server.os.BugreportManagerService
12-14 03:22:35.589 1503 1612 I SystemServerTimingAsync: ssm.onUnlockingUser-0_com.android.server.gpu.GpuService
12-14 03:22:35.589 1503 1612 I SystemServerTimingAsync: ssm.onUnlockingUser-0_com.android.server.security.KeyChainSystemService
12-14 03:22:35.589 1503 1612 I SystemServerTimingAsync: ssm.onUnlockingUser-0_com.android.server.telecom.TelecomLoaderService
12-14 03:22:35.589 1503 1612 I SystemServerTimingAsync: ssm.onUnlockingUser-0_com.android.server.accounts.AccountManagerService$Lifecycle
12-14 03:22:35.589 1503 1612 I SystemServerTimingAsync: ssm.onUnlockingUser-0_com.android.server.content.ContentService$Lifecycle
12-14 03:22:35.589 1503 1612 I SystemServerTimingAsync: ssm.onUnlockingUser-0_com.android.server.DropBoxManagerService
12-14 03:22:35.589 1503 1612 I SystemServerTimingAsync: ssm.onUnlockingUser-0_com.android.role.RoleService
12-14 03:22:35.589 1503 1612 I SystemServerTimingAsync: ssm.onUnlockingUser-0_com.android.server.vibrator.VibratorManagerService$Lifecycle
12-14 03:22:35.589 1503 1612 I SystemServerTimingAsync: ssm.onUnlockingUser-0_com.android.server.alarm.AlarmManagerService
12-14 03:22:35.589 1503 1612 I SystemServerTimingAsync: ssm.onUnlockingUser-0_com.android.server.devicestate.DeviceStateManagerService
12-14 03:22:35.589 1503 1612 I SystemServerTimingAsync: ssm.onUnlockingUser-0_com.android.server.camera.CameraServiceProxy
12-14 03:22:35.589 1503 1612 I SystemServerTimingAsync: ssm.onUnlockingUser-0_com.android.server.BluetoothService
12-14 03:22:35.589 1503 1612 D BluetoothManagerService: User 0 unlocked
12-14 03:22:35.589 1503 1612 I SystemServerTimingAsync: ssm.onUnlockingUser-0_com.android.server.connectivity.IpConnectivityMetrics
12-14 03:22:35.589 1503 1612 I SystemServerTimingAsync: ssm.onUnlockingUser-0_com.android.server.net.watchlist.NetworkWatchlistService$Lifecycle
12-14 03:22:35.589 1503 1612 I SystemServerTimingAsync: ssm.onUnlockingUser-0_com.android.server.PinnerService
12-14 03:22:35.589 1503 1612 I SystemServerTimingAsync: ssm.onUnlockingUser-0_com.google.android.startop.iorap.IorapForwardingService
12-14 03:22:35.589 1503 1603 D BluetoothManagerService: MESSAGE_USER_UNLOCKED
12-14 03:22:35.590 1503 1612 I SystemServerTimingAsync: ssm.onUnlockingUser-0_com.android.server.ActivityTriggerService
12-14 03:22:35.590 1503 1612 I SystemServerTimingAsync: ssm.onUnlockingUser-0_com.android.server.integrity.AppIntegrityManagerService
12-14 03:22:35.590 1503 1612 I SystemServerTimingAsync: ssm.onUnlockingUser-0_com.android.server.inputmethod.InputMethodManagerService$Lifecycle
12-14 03:22:35.590 1503 1612 I SystemServerTimingAsync: ssm.onUnlockingUser-0_com.android.server.accessibility.AccessibilityManagerService$Lifecycle
12-14 03:22:35.590 1503 1612 I SystemServerTimingAsync: ssm.onUnlockingUser-0_com.android.server.StorageManagerService$Lifecycle
12-14 03:22:35.590 1503 1612 D StorageManagerService: onUnlockUser 0
12-14 03:22:35.590 1503 1612 I StorageSessionController: On user unlock 0
12-14 03:22:35.590 1503 1612 I StorageSessionController: Initialialising...
12-14 03:22:35.591 517 517 I vold : onUserStarted: 0
12-14 03:22:35.593 1503 1730 V StorageManagerService: Found primary storage at VolumeInfo{emulated;0}:
12-14 03:22:35.593 1503 1730 V StorageManagerService: type=EMULATED diskId=null partGuid= mountFlags=0 mountUserId=0
12-14 03:22:35.593 1503 1730 V StorageManagerService: state=UNMOUNTED
12-14 03:22:35.593 1503 1730 V StorageManagerService: fsType=null fsUuid=null fsLabel=null
12-14 03:22:35.593 1503 1730 V StorageManagerService: path=null internalPath=null
12-14 03:22:35.593 1503 2011 I StorageManagerService: Mounting volume VolumeInfo{emulated;0}:
12-14 03:22:35.593 1503 2011 I StorageManagerService: type=EMULATED diskId=null partGuid= mountFlags=PRIMARY|VISIBLE
12-14 03:22:35.593 1503 2011 I StorageManagerService: mountUserId=0 state=UNMOUNTED
12-14 03:22:35.593 1503 2011 I StorageManagerService: fsType=null fsUuid=null fsLabel=null
12-14 03:22:35.593 1503 2011 I StorageManagerService: path=null internalPath=null
12-14 03:22:35.594 1503 1612 I SystemServerTimingAsync: ssm.onUnlockingUser-0_com.android.server.usage.StorageStatsService$Lifecycle
12-14 03:22:35.594 1503 1612 I SystemServerTimingAsync: ssm.onUnlockingUser-0_com.android.server.UiModeManagerService
12-14 03:22:35.594 1503 1612 I SystemServerTimingAsync: ssm.onUnlockingUser-0_com.android.server.locksettings.LockSettingsService$Lifecycle
12-14 03:22:35.594 1503 1612 I SystemServerTimingAsync: ssm.onUnlockingUser-0_com.android.server.PersistentDataBlockService
12-14 03:22:35.594 517 517 I vold : Executing sdcardfs
12-14 03:22:35.594 1503 1612 I SystemServerTimingAsync: ssm.onUnlockingUser-0_com.android.server.testharness.TestHarnessModeService
12-14 03:22:35.594 1503 1612 I SystemServerTimingAsync: ssm.onUnlockingUser-0_com.android.server.oemlock.OemLockService
12-14 03:22:35.594 1503 1612 I SystemServerTimingAsync: ssm.onUnlockingUser-0_com.android.server.DeviceIdleController
12-14 03:22:35.594 1503 1612 I SystemServerTimingAsync: ssm.onUnlockingUser-0_com.android.server.devicepolicy.DevicePolicyManagerService$Lifecycle
12-14 03:22:35.594 1503 1612 I SystemServerTimingAsync: ssm.onUnlockingUser-0_com.android.server.texttospeech.TextToSpeechManagerService
12-14 03:22:35.594 1503 1612 I SystemServerTimingAsync: ssm.onUnlockingUser-0_com.android.server.speech.SpeechRecognitionManagerService
12-14 03:22:35.594 1503 1612 I SystemServerTimingAsync: ssm.onUnlockingUser-0_com.android.server.searchui.SearchUiManagerService
12-14 03:22:35.594 517 517 D vold : Waiting for sdcardfs to spin up...
12-14 03:22:35.594 1503 1612 I SystemServerTimingAsync: ssm.onUnlockingUser-0_com.android.server.smartspace.SmartspaceManagerService
12-14 03:22:35.594 1503 1612 I SystemServerTimingAsync: ssm.onUnlockingUser-0_com.android.server.graphics.fonts.FontManagerService$Lifecycle
12-14 03:22:35.594 1503 1612 I SystemServerTimingAsync: ssm.onUnlockingUser-0_com.android.server.textservices.TextServicesManagerService$Lifecycle
12-14 03:22:35.595 1503 2417 D CompatibilityChangeReporter: Compat change id reported: 168419799; UID 10054; state: DISABLED
01-01 09:23:04.511 0 0 I devfreq-qcom-fw 18590000.qcom,devfreq-l3: qcom,cdsp-cdsp-l3-lat: Successfully started CDSP L3 governor
12-14 03:22:35.599 1503 1612 I SystemServerTimingAsync: ssm.onUnlockingUser-0_com.android.server.textclassifier.TextClassificationManagerService$Lifecycle
12-14 03:22:35.599 1503 1612 I SystemServerTimingAsync: ssm.onUnlockingUser-0_com.android.server.NetworkScoreService$Lifecycle
12-14 03:22:35.599 1503 1612 I SystemServerTimingAsync: ssm.onUnlockingUser-0_com.android.server.wifi.WifiService
12-14 03:22:35.600 1503 1612 I SystemServerTimingAsync: ssm.onUnlockingUser-0_com.android.server.wifi.scanner.WifiScanningService
12-14 03:22:35.600 1503 1612 I SystemServerTimingAsync: ssm.onUnlockingUser-0_com.android.server.wifi.rtt.RttService
12-14 03:22:35.600 1503 1612 I SystemServerTimingAsync: ssm.onUnlockingUser-0_com.android.server.wifi.aware.WifiAwareService
12-14 03:22:35.600 1503 1612 I SystemServerTimingAsync: ssm.onUnlockingUser-0_com.android.server.wifi.p2p.WifiP2pService
12-14 03:22:35.600 1503 1612 I SystemServerTimingAsync: ssm.onUnlockingUser-0_com.android.server.ethernet.EthernetService
12-14 03:22:35.600 1503 1612 I SystemServerTimingAsync: ssm.onUnlockingUser-0_com.android.server.ConnectivityServiceInitializer
12-14 03:22:35.600 1503 1612 I SystemServerTimingAsync: ssm.onUnlockingUser-0_com.android.server.notification.NotificationManagerService
12-14 03:22:35.601 1503 1612 I SystemServerTimingAsync: ssm.onUnlockingUser-0_com.android.server.storage.DeviceStorageMonitorService
12-14 03:22:35.601 1503 1612 I SystemServerTimingAsync: ssm.onUnlockingUser-0_com.android.server.location.LocationManagerService$Lifecycle
12-14 03:22:35.601 1503 1612 I SystemServerTimingAsync: ssm.onUnlockingUser-0_com.android.server.timedetector.TimeDetectorService$Lifecycle
12-14 03:22:35.601 1503 1612 I SystemServerTimingAsync: ssm.onUnlockingUser-0_com.android.server.timezonedetector.TimeZoneDetectorService$Lifecycle
12-14 03:22:35.601 1503 1612 I SystemServerTimingAsync: ssm.onUnlockingUser-0_com.android.server.timezonedetector.location.LocationTimeZoneManagerService$Lifecycle
12-14 03:22:35.601 1503 1612 I SystemServerTimingAsync: ssm.onUnlockingUser-0_com.android.server.search.SearchManagerService$Lifecycle
12-14 03:22:35.603 1503 1612 I SystemServerTimingAsync: ssm.onUnlockingUser-0_com.android.server.wallpaper.WallpaperManagerService$Lifecycle
12-14 03:22:35.603 1503 1612 I WallpaperManagerService: on-unlock-user-0
12-14 03:22:35.603 1503 1612 I SystemServerTimingAsync: ssm.onUnlockingUser-0_com.android.server.audio.AudioService$Lifecycle
12-14 03:22:35.603 1503 1612 I SystemServerTimingAsync: ssm.onUnlockingUser-0_com.android.server.soundtrigger_middleware.SoundTriggerMiddlewareService$Lifecycle
12-14 03:22:35.603 1503 1612 I SystemServerTimingAsync: ssm.onUnlockingUser-0_com.android.server.DockObserver
12-14 03:22:35.603 1503 1612 I SystemServerTimingAsync: ssm.onUnlockingUser-0_com.android.server.midi.MidiService$Lifecycle
12-14 03:22:35.609 3288 3288 W sdcard : Device explicitly enabled sdcardfs
12-14 03:22:35.610 1503 1730 D CompatibilityChangeReporter: Compat change id reported: 168419799; UID 1000; state: DISABLED
01-01 09:23:04.518 0 0 I binder : 2601:2601 ioctl 40046210 7fe38df4f4 returned -22
01-01 09:23:04.521 0 0 I : sdcardfs version 2.0
01-01 09:23:04.521 0 0 I sdcardfs: dev_name -> /data/media
01-01 09:23:04.521 0 0 I sdcardfs: options -> fsuid=1023,fsgid=1023,multiuser,derive_gid,default_normal,unshared_obb,mask=6,userid=0,gid=1015
01-01 09:23:04.521 0 0 I sdcardfs: mnt -> 00000000a35509e5
01-01 09:23:04.521 0 0 I sdcardfs: mounted on top of /data/media type f2fs
01-01 09:23:04.521 0 0 I : Remount options were mask=23,gid=9997 for vfsmnt 00000000b8ece201.
01-01 09:23:04.521 0 0 I sdcardfs: options - debug:1
01-01 09:23:04.521 0 0 I sdcardfs: options - gid:9997
01-01 09:23:04.521 0 0 I sdcardfs: options - mask:23
01-01 09:23:04.521 0 0 I : Remount options were mask=7,gid=9997 for vfsmnt 00000000ed6ed719.
01-01 09:23:04.521 0 0 I sdcardfs: options - debug:1
01-01 09:23:04.521 0 0 I sdcardfs: options - gid:9997
01-01 09:23:04.521 0 0 I sdcardfs: options - mask:7
01-01 09:23:04.521 0 0 I : Remount options were mask=7,gid=9997 for vfsmnt 00000000794e0cd6.
01-01 09:23:04.521 0 0 I sdcardfs: options - debug:1
01-01 09:23:04.521 0 0 I sdcardfs: options - gid:9997
01-01 09:23:04.521 0 0 I sdcardfs: options - mask:7
12-14 03:22:35.611 1503 1612 I SystemServerTimingAsync: ssm.onUnlockingUser-0_com.android.server.adb.AdbService$Lifecycle
12-14 03:22:35.611 1503 1612 I SystemServerTimingAsync: ssm.onUnlockingUser-0_com.android.server.usb.UsbService$Lifecycle
12-14 03:22:35.611 1503 1612 I SystemServerTimingAsync: ssm.onUnlockingUser-0_com.android.server.twilight.TwilightService
12-14 03:22:35.611 1503 1612 I SystemServerTimingAsync: ssm.onUnlockingUser-0_com.android.server.display.color.ColorDisplayService
12-14 03:22:35.611 1503 1612 I SystemServerTimingAsync: ssm.onUnlockingUser-0_com.android.server.job.JobSchedulerService
12-14 03:22:35.611 1503 1612 I SystemServerTimingAsync: ssm.onUnlockingUser-0_com.android.server.soundtrigger.SoundTriggerService
12-14 03:22:35.611 1503 1612 I SystemServerTimingAsync: ssm.onUnlockingUser-0_com.android.server.trust.TrustManagerService
12-14 03:22:35.611 1503 1612 I SystemServerTimingAsync: ssm.onUnlockingUser-0_com.android.server.backup.BackupManagerService$Lifecycle
12-14 03:22:35.611 1503 1612 I SystemServerTimingAsync: ssm.onUnlockingUser-0_com.android.server.appwidget.AppWidgetService
12-14 03:22:35.611 1503 1612 I SystemServerTimingAsync: ssm.onUnlockingUser-0_com.android.server.voiceinteraction.VoiceInteractionManagerService
12-14 03:22:35.611 2665 2665 W ContextImpl: Calling a method in the system process without a qualified user: android.app.ContextImpl.startService:1816 android.content.ContextWrapper.startService:774 android.content.ContextWrapper.startService:774 vendor.qti.qesdk.sysservice.QesdkSysReceiver.onReceive:42 android.app.ActivityThread.handleReceiver:4309
12-14 03:22:35.611 1503 1612 W VoiceInteractionManager: no available voice recognition services found for user 0
12-14 03:22:35.612 1503 1612 I SystemServerTimingAsync: ssm.onUnlockingUser-0_com.android.server.apphibernation.AppHibernationService
12-14 03:22:35.612 1503 2326 I BackupManagerService: Starting service for user: 0
12-14 03:22:35.612 1503 1612 I SystemServerTimingAsync: ssm.onUnlockingUser-0_com.android.server.GestureLauncherService
12-14 03:22:35.612 1503 1612 I SystemServerTimingAsync: ssm.onUnlockingUser-0_com.android.server.SensorNotificationService
12-14 03:22:35.612 1503 1612 I SystemServerTimingAsync: ssm.onUnlockingUser-0_com.android.server.emergency.EmergencyAffordanceService
12-14 03:22:35.612 1503 1612 I SystemServerTimingAsync: ssm.onUnlockingUser-0_com.android.server.blob.BlobStoreManagerService
12-14 03:22:35.612 1503 1612 I SystemServerTimingAsync: ssm.onUnlockingUser-0_com.android.server.dreams.DreamManagerService
12-14 03:22:35.612 1503 1612 I SystemServerTimingAsync: ssm.onUnlockingUser-0_com.android.server.companion.CompanionDeviceManagerService
12-14 03:22:35.612 1503 2326 V BackupManagerService: [UserID:0] Starting with transport com.android.localtransport/.LocalTransport
12-14 03:22:35.612 1503 1612 I CompanionDeviceManagerService: Read associations from disk: {0=[]}
12-14 03:22:35.612 1503 1612 I SystemServerTimingAsync: ssm.onUnlockingUser-0_com.android.server.restrictions.RestrictionsManagerService
12-14 03:22:35.612 1503 1612 I SystemServerTimingAsync: ssm.onUnlockingUser-0_com.android.server.media.MediaSessionService
12-14 03:22:35.612 1503 1612 I SystemServerTimingAsync: ssm.onUnlockingUser-0_com.android.server.media.MediaResourceMonitorService
12-14 03:22:35.612 1503 1612 I SystemServerTimingAsync: ssm.onUnlockingUser-0_com.android.server.biometrics.sensors.fingerprint.FingerprintService
12-14 03:22:35.612 1503 1612 I SystemServerTimingAsync: ssm.onUnlockingUser-0_com.android.server.biometrics.BiometricService
12-14 03:22:35.612 1503 1612 I SystemServerTimingAsync: ssm.onUnlockingUser-0_com.android.server.biometrics.AuthService
12-14 03:22:35.612 1503 1612 I SystemServerTimingAsync: ssm.onUnlockingUser-0_com.android.server.pm.ShortcutService$Lifecycle
12-14 03:22:35.612 1503 1612 I SystemServerTimingAsync: ssm.onUnlockingUser-0_com.android.server.pm.LauncherAppsService
12-14 03:22:35.613 1503 1612 I SystemServerTimingAsync: ssm.onUnlockingUser-0_com.android.server.pm.CrossProfileAppsService
12-14 03:22:35.613 1503 1612 I SystemServerTimingAsync: ssm.onUnlockingUser-0_com.android.server.people.PeopleService
12-14 03:22:35.613 1503 1612 I SystemServerTimingAsync: ssm.onUnlockingUser-0_com.android.server.media.metrics.MediaMetricsManagerService
12-14 03:22:35.613 1503 1612 I SystemServerTimingAsync: ssm.onUnlockingUser-0_com.android.server.media.projection.MediaProjectionManagerService
12-14 03:22:35.613 1503 1612 I SystemServerTimingAsync: ssm.onUnlockingUser-0_com.android.server.slice.SliceManagerService$Lifecycle
12-14 03:22:35.613 1503 1612 I SystemServerTimingAsync: ssm.onUnlockingUser-0_com.android.server.stats.StatsCompanion$Lifecycle
12-14 03:22:35.613 1503 1612 I SystemServerTimingAsync: ssm.onUnlockingUser-0_com.android.server.scheduling.RebootReadinessManagerService$Lifecycle
12-14 03:22:35.613 1503 1612 I SystemServerTimingAsync: ssm.onUnlockingUser-0_com.android.server.stats.pull.StatsPullAtomService
12-14 03:22:35.613 1503 1612 I SystemServerTimingAsync: ssm.onUnlockingUser-0_com.android.server.incident.IncidentCompanionService
12-14 03:22:35.613 1503 1612 I SystemServerTimingAsync: ssm.onUnlockingUser-0_com.android.server.MmsServiceBroker
12-14 03:22:35.613 1503 1612 I SystemServerTimingAsync: ssm.onUnlockingUser-0_com.android.server.autofill.AutofillManagerService
12-14 03:22:35.613 1503 1612 I SystemServerTimingAsync: ssm.onUnlockingUser-0_com.android.server.clipboard.ClipboardService
12-14 03:22:35.613 1503 1612 I SystemServerTimingAsync: ssm.onUnlockingUser-0_com.android.server.appbinding.AppBindingService$Lifecycle
12-14 03:22:35.613 1503 1612 W AppBindingService: [Default SMS app] u0 Target package not found
12-14 03:22:35.613 1503 1612 I SystemServerTimingAsync: ssm.onUnlockingUser-0_com.android.server.tracing.TracingServiceProxy
12-14 03:22:35.613 1503 1612 I SystemServerTimingAsync: ssm.onUnlockingUser-0_com.android.server.policy.PermissionPolicyService
12-14 03:22:35.613 1503 1612 I SystemServerTimingAsync: ssm.onUnlockingUser-0_com.android.server.pm.StagingManager$Lifecycle
12-14 03:22:35.613 1503 1612 I SystemServerTimingAsync: ssm.onUnlockingUser-0_com.android.server.app.GameManagerService$Lifecycle
12-14 03:22:35.613 1503 1612 I SystemServerTimingAsync: ssm.onUnlockingUser-0_com.android.server.appsearch.AppSearchManagerService
12-14 03:22:35.613 1503 1612 I SystemServerTimingAsync: ssm.onUnlockingUser-0_com.android.server.media.MediaCommunicationService
12-14 03:22:35.614 1503 1612 W ActivityManager: UserLifecycleEvent 5 received without an active userJourneySession.
12-14 03:22:35.614 1503 1612 W ActivityManager: UserLifecycleEvent 6 received without an active userJourneySession.
12-14 03:22:35.614 1503 1612 I ActivityManager: User 0 state changed from RUNNING_UNLOCKING to RUNNING_UNLOCKED
12-14 03:22:35.614 1503 1601 I ActivityTaskManager: Loading recents for user 0 into memory.
12-14 03:22:35.614 1503 1612 D SystemServerTiming: SystemUserUnlock took to complete: 367ms
12-14 03:22:35.615 1503 2326 D BackupManagerService: [UserID:0] Started thread backup-0
12-14 03:22:35.619 1503 3076 I HibernationStateDiskStore: No hibernation file on disk for file /data/system_ce/0/hibernation/states
12-14 03:22:35.619 1503 1601 E TaskPersister: restoreTasksForUserLocked: Unable to list files from /data/system_ce/0/recent_tasks
12-14 03:22:35.619 1503 1611 I UsageStatsService: Starting migration to system CE for user 0
12-14 03:22:35.620 1503 1601 V PackageConfigPersister: loadPackages: empty list files from /data/system_ce/0/package_configs
12-14 03:22:35.620 1503 1611 I UsageStatsService: Finished migration to system CE for user 0
12-14 03:22:35.620 1503 1612 D CompatibilityChangeReporter: Compat change id reported: 135634846; UID 10089; state: DISABLED
12-14 03:22:35.621 1503 1612 D CompatibilityChangeReporter: Compat change id reported: 135634846; UID 10059; state: DISABLED
12-14 03:22:35.621 1503 1612 D CompatibilityChangeReporter: Compat change id reported: 177438394; UID 10059; state: DISABLED
12-14 03:22:35.621 1503 1612 D CompatibilityChangeReporter: Compat change id reported: 135772972; UID 10059; state: DISABLED
12-14 03:22:35.621 1503 1612 D CompatibilityChangeReporter: Compat change id reported: 135754954; UID 10059; state: ENABLED
12-14 03:22:35.621 1503 1612 D CompatibilityChangeReporter: Compat change id reported: 135634846; UID 10053; state: DISABLED
12-14 03:22:35.621 1503 1612 D CompatibilityChangeReporter: Compat change id reported: 177438394; UID 10053; state: DISABLED
12-14 03:22:35.621 1503 1612 D CompatibilityChangeReporter: Compat change id reported: 135772972; UID 10053; state: DISABLED
12-14 03:22:35.621 1503 1612 D CompatibilityChangeReporter: Compat change id reported: 135754954; UID 10053; state: ENABLED
12-14 03:22:35.621 1503 1612 D CompatibilityChangeReporter: Compat change id reported: 135634846; UID 10074; state: DISABLED
12-14 03:22:35.621 1503 1612 D CompatibilityChangeReporter: Compat change id reported: 177438394; UID 10074; state: DISABLED
12-14 03:22:35.622 1503 1612 D CompatibilityChangeReporter: Compat change id reported: 135772972; UID 10074; state: DISABLED
12-14 03:22:35.622 1503 1612 D CompatibilityChangeReporter: Compat change id reported: 135754954; UID 10074; state: DISABLED
12-14 03:22:35.622 1503 1612 D CompatibilityChangeReporter: Compat change id reported: 135634846; UID 10087; state: DISABLED
12-14 03:22:35.622 1503 1612 D CompatibilityChangeReporter: Compat change id reported: 177438394; UID 10087; state: DISABLED
12-14 03:22:35.622 1503 1612 D CompatibilityChangeReporter: Compat change id reported: 135772972; UID 10087; state: DISABLED
12-14 03:22:35.622 1503 1612 D CompatibilityChangeReporter: Compat change id reported: 135754954; UID 10087; state: ENABLED
12-14 03:22:35.622 1503 1612 D CompatibilityChangeReporter: Compat change id reported: 135634846; UID 10084; state: DISABLED
12-14 03:22:35.622 1503 1613 D CompatibilityChangeReporter: Compat change id reported: 143937733; UID 10089; state: ENABLED
12-14 03:22:35.623 1503 1612 D CompatibilityChangeReporter: Compat change id reported: 177438394; UID 10084; state: DISABLED
12-14 03:22:35.623 1503 1612 D CompatibilityChangeReporter: Compat change id reported: 135772972; UID 10084; state: DISABLED
12-14 03:22:35.623 1503 1612 D CompatibilityChangeReporter: Compat change id reported: 135754954; UID 10084; state: ENABLED
12-14 03:22:35.624 1503 1612 I PreBootBroadcaster: Pre-boot of {com.android.documentsui/com.android.documentsui.PreBootReceiver} for user 0
12-14 03:22:35.626 1503 1612 D CompatibilityChangeReporter: Compat change id reported: 135634846; UID 10018; state: DISABLED
12-14 03:22:35.626 1503 1612 D CompatibilityChangeReporter: Compat change id reported: 177438394; UID 10018; state: DISABLED
12-14 03:22:35.626 1503 1612 D CompatibilityChangeReporter: Compat change id reported: 135772972; UID 10018; state: DISABLED
12-14 03:22:35.626 1503 1612 D CompatibilityChangeReporter: Compat change id reported: 135754954; UID 10018; state: ENABLED
12-14 03:22:35.628 1503 1730 W StorageManagerService: Reporting emulated;0 unmounted due to system locked
12-14 03:22:35.629 1503 1503 I NotificationHistory: Attempted to unlock gone/disabled user 0
12-14 03:22:35.630 1503 1612 W BroadcastQueue: Background execution not allowed: receiving Intent { act=android.intent.action.INPUT_METHOD_CHANGED flg=0x20000010 (has extras) } to com.baidu.input/.switchguide.InputMethodChangedReceiver
12-14 03:22:35.633 1503 2326 E BackupPasswordManager: Unable to read backup pw version
12-14 03:22:35.633 1503 2326 E BackupPasswordManager: Unable to read saved backup pw hash
01-01 09:23:04.545 0 0 I configfs-gadget gadget: high-speed config #1: b
01-01 09:23:04.546 0 0 E msm-dwc3 a600000.ssusb: Could not get usb psy
01-01 09:23:04.547 0 0 I android_work: sent uevent USB_STATE=CONFIGURED
12-14 03:22:35.645 517 517 I vold : Mounting emulated fuse volume
12-14 03:22:35.647 1503 2417 I ActivityTaskManager: START u0 {act=android.intent.action.MAIN cat=[android.intent.category.HOME] flg=0x10000100 cmp=com.android.provision/.DefaultActivity (has extras)} from uid 0
12-14 03:22:35.648 1503 1611 I UsageStatsDatabase: Upgrading from version 0 to 5
12-14 03:22:35.649 1503 1611 I UsageStatsDatabase: Deleting all usage stats files
12-14 03:22:35.649 1503 2417 D CompatibilityChangeReporter: Compat change id reported: 174042980; UID 1000; state: DISABLED
12-14 03:22:35.650 1503 1611 I UsageStatsService: User[0] Rollover scheduled @ 2022-12-15 03:22:35(1671045755620)
01-01 09:23:04.560 0 0 I binder : 3299:3299 ioctl 40046210 ffcb6368 returned -22
12-14 03:22:35.655 517 517 I vold : Bind mounting /mnt/runtime/full/emulated to /mnt/pass_through/0/emulated
12-14 03:22:35.656 1503 2011 I StorageSessionController: On volume mount VolumeInfo{emulated;0}:
12-14 03:22:35.656 1503 2011 I StorageSessionController: type=EMULATED diskId=null partGuid= mountFlags=PRIMARY|VISIBLE
12-14 03:22:35.656 1503 2011 I StorageSessionController: mountUserId=0 state=CHECKING
12-14 03:22:35.656 1503 2011 I StorageSessionController: fsType=null fsUuid=null fsLabel=null
12-14 03:22:35.656 1503 2011 I StorageSessionController: path=/storage/emulated internalPath=/data/media
12-14 03:22:35.661 1503 2011 I StorageSessionController: Creating connection for user: 0
12-14 03:22:35.662 1503 2011 I StorageSessionController: Creating and starting session with id: emulated;0
12-14 03:22:35.662 1503 2011 I StorageUserConnection: Binding to the ExternalStorageService for user 0
12-14 03:22:35.664 1503 2417 I ActivityTaskManager: FOREGROUND_APPLICATION_CHANGED to com.android.provision.DefaultActivity
12-14 03:22:35.667 1503 1611 D AppStandbyController: Initializing defaults for system apps on user 0, appIdleEnabled=false
12-14 03:22:35.671 1503 1612 D CompatibilityChangeReporter: Compat change id reported: 135634846; UID 10031; state: DISABLED
12-14 03:22:35.671 1503 1612 D CompatibilityChangeReporter: Compat change id reported: 177438394; UID 10031; state: DISABLED
12-14 03:22:35.672 1503 1612 D CompatibilityChangeReporter: Compat change id reported: 135772972; UID 10031; state: DISABLED
12-14 03:22:35.672 1503 1612 D CompatibilityChangeReporter: Compat change id reported: 135754954; UID 10031; state: ENABLED
12-14 03:22:35.672 1503 1613 W ActivityManager: Slow operation: 52ms so far, now at startProcess: done updating battery stats
12-14 03:22:35.672 1503 1613 W ActivityManager: Slow operation: 53ms so far, now at startProcess: building log message
12-14 03:22:35.672 1503 1613 I ActivityManager: Start proc 3299:com.hht.lebocast/u0a89 for added application com.hht.lebocast
12-14 03:22:35.672 1503 1613 W ActivityManager: Slow operation: 53ms so far, now at startProcess: starting to update pids map
12-14 03:22:35.673 1503 1613 W ActivityManager: Slow operation: 53ms so far, now at startProcess: done updating pids map
12-14 03:22:35.673 1503 1613 W ActivityManager: Slow operation: 52ms so far, now at startProcess: asking zygote to start proc
12-14 03:22:35.673 1503 1613 D CompatibilityChangeReporter: Compat change id reported: 143937733; UID 10059; state: ENABLED
12-14 03:22:35.675 1503 1591 D CompatibilityChangeReporter: Compat change id reported: 168419799; UID 10089; state: DISABLED
12-14 03:22:35.679 1503 1613 W ActivityManager: Slow operation: 58ms so far, now at startProcess: returned from zygote!
12-14 03:22:35.679 1503 1591 D CompatibilityChangeReporter: Compat change id reported: 181136395; UID 1000; state: DISABLED
12-14 03:22:35.681 1503 1591 D CompatibilityChangeReporter: Compat change id reported: 174042936; UID 1000; state: DISABLED
12-14 03:22:35.691 1503 3303 D CompatibilityChangeReporter: Compat change id reported: 135634846; UID 1000; state: DISABLED
12-14 03:22:35.691 1503 3303 D CompatibilityChangeReporter: Compat change id reported: 177438394; UID 1000; state: DISABLED
12-14 03:22:35.691 1503 3303 D CompatibilityChangeReporter: Compat change id reported: 135772972; UID 1000; state: DISABLED
12-14 03:22:35.691 1503 3303 D CompatibilityChangeReporter: Compat change id reported: 135754954; UID 1000; state: ENABLED
12-14 03:22:35.694 1503 2011 D CompatibilityChangeReporter: Compat change id reported: 135634846; UID 10095; state: DISABLED
12-14 03:22:35.694 1503 2011 D CompatibilityChangeReporter: Compat change id reported: 177438394; UID 10095; state: DISABLED
12-14 03:22:35.694 1503 2011 D CompatibilityChangeReporter: Compat change id reported: 135772972; UID 10095; state: DISABLED
12-14 03:22:35.694 1503 2011 D CompatibilityChangeReporter: Compat change id reported: 135754954; UID 10095; state: ENABLED
12-14 03:22:35.694 1503 2011 I StorageUserConnection: Bound to the ExternalStorageService for user 0
12-14 03:22:35.695 1503 1611 I UsageStatsService: Time changed in by 1670954371 seconds
12-14 03:22:35.704 1503 2417 D CompatibilityChangeReporter: Compat change id reported: 135634846; UID 10073; state: DISABLED
12-14 03:22:35.704 1503 2417 D CompatibilityChangeReporter: Compat change id reported: 177438394; UID 10073; state: DISABLED
12-14 03:22:35.704 1503 2417 D CompatibilityChangeReporter: Compat change id reported: 135772972; UID 10073; state: DISABLED
12-14 03:22:35.705 1503 2417 D CompatibilityChangeReporter: Compat change id reported: 135754954; UID 10073; state: ENABLED
12-14 03:22:35.705 1503 1503 V NotificationAssistants: disabling notification assistant for user 0: ComponentInfo{android.ext.services/android.ext.services.notification.Assistant}
12-14 03:22:35.705 1503 1503 D NotificationListeners: Removing active service ComponentInfo{android.ext.services/android.ext.services.notification.Assistant}
01-01 09:23:04.616 0 0 I binder : 3334:3334 ioctl 40046210 7fe38dfb64 returned -22
12-14 03:22:35.706 1503 1503 V NotificationAssistants: enabling notification assistant for 0: ComponentInfo{android.ext.services/android.ext.services.notification.Assistant}
12-14 03:22:35.706 1503 1503 V NotificationAssistants: binding: Intent { act=android.service.notification.NotificationAssistantService cmp=android.ext.services/.notification.Assistant (has extras) }
12-14 03:22:35.706 1503 1613 W ActivityManager: Slow operation: 85ms so far, now at startProcess: done updating battery stats
12-14 03:22:35.706 1503 1613 W ActivityManager: Slow operation: 85ms so far, now at startProcess: building log message
12-14 03:22:35.706 1503 1613 I ActivityManager: Start proc 3334:ts.car.uart/u0a59 for added application ts.car.uart
12-14 03:22:35.706 1503 1613 W ActivityManager: Slow operation: 85ms so far, now at startProcess: starting to update pids map
12-14 03:22:35.706 1503 1613 W ActivityManager: Slow operation: 85ms so far, now at startProcess: done updating pids map
12-14 03:22:35.706 1503 1613 W ActivityManager: Slow operation: 85ms so far, now at startProcess: asking zygote to start proc
12-14 03:22:35.706 1503 1613 D CompatibilityChangeReporter: Compat change id reported: 143937733; UID 10053; state: ENABLED
12-14 03:22:35.711 1503 1591 D CompatibilityChangeReporter: Compat change id reported: 168419799; UID 10059; state: DISABLED
12-14 03:22:35.714 1503 1613 W ActivityManager: Slow operation: 93ms so far, now at startProcess: returned from zygote!
01-01 09:23:04.625 0 0 I zram0 : detected capacity change from 0 to 4294967296
12-14 03:22:35.719 1503 1611 I UsageStatsService: User[0] Flushing usage stats to disk
12-14 03:22:35.721 1503 3303 D CompatibilityChangeReporter: Compat change id reported: 168419799; UID 10080; state: DISABLED
