12-14 03:51:04.817 1503 2308 W ContextImpl: Calling a method in the system process without a qualified user: android.app.ContextImpl.sendStickyBroadcast:1559 com.android.server.ConnectivityService.sendStickyBroadcast:2811 com.android.server.ConnectivityService.sendGeneralBroadcast:2786 com.android.server.ConnectivityService.sendConnectedBroadcast:2759 com.android.server.ConnectivityService.sendLegacyNetworkBroadcast:8704
12-14 03:51:04.824 1503 2308 W ContextImpl: Calling a method in the system process without a qualified user: android.app.ContextImpl.sendStickyBroadcast:1559 com.android.server.ConnectivityService.sendStickyBroadcast:2811 com.android.server.ConnectivityService.sendGeneralBroadcast:2786 com.android.server.ConnectivityService.sendInetConditionBroadcast:2763 com.android.server.ConnectivityService.updateInetCondition:8451
12-14 03:51:04.831 2789 3278 W ContextImpl: Calling a method in the system process without a qualified user: android.app.ContextImpl.startService:1816 android.content.ContextWrapper.startService:774 com.qualcomm.qti.qdma.util.PeriodicCI.run:477 com.qualcomm.qti.qdma.util.PeriodicCI.checkRun:435 com.qualcomm.qti.qdma.util.PeriodicCI$1.onAvailable:131
01-01 09:51:33.749 0 0 E [wifi@1][0x7d96f59a2][03:51:04.837406] wlan: [835:E:QDF] Cannot malloc 0 bytes @ csr_get_cfg_max_tx_power:14199
01-01 09:51:33.749 0 0 E [wifi@1][0x7d96f6d18][03:51:04.837665] wlan: [835:E:QDF] Cannot malloc 0 bytes @ csr_get_cfg_max_tx_power:14199
01-01 09:51:33.750 0 0 I [schedu][0x7d96fadd3][03:51:04.838528] wlan: [6876:I:WMI] LFR3:OKC enabled
01-01 09:51:33.750 0 0 I [schedu][0x7d96fae50][03:51:04.838535] wlan: [6876:I:WMI] LFR3:PMKSA caching enabled
12-14 03:51:04.839 1503 1503 D CompatibilityChangeReporter: Compat change id reported: 168419799; UID 10065; state: DISABLED
01-01 09:51:33.751 0 0 I [schedu][0x7d97013fb][03:51:04.839890] wlan: [6876:I:WMI] LFR3:OKC enabled
01-01 09:51:33.751 0 0 I [schedu][0x7d9701476][03:51:04.839897] wlan: [6876:I:WMI] LFR3:PMKSA caching enabled
12-14 03:51:04.841 1503 5804 D CompatibilityChangeReporter: Compat change id reported: 168419799; UID 1000; state: DISABLED
12-14 03:51:04.882 2789 7212 W ContextImpl: Calling a method in the system process without a qualified user: android.app.ContextImpl.sendBroadcast:1188 android.content.ContextWrapper.sendBroadcast:484 com.qualcomm.qti.qdma.app.ActiveCareService$ProcessSessionRequest.run:536 java.lang.Thread.run:920
01-01 09:51:33.982 0 0 D : mv2112_read_status
01-01 09:51:33.983 0 0 D mv2112_update_link: 3.0x901(1G): 0x80
01-01 09:51:33.983 0 0 D mv2112_update_link: 3.0x8109(100M): 0x8
01-01 09:51:33.983 0 0 D mv2112_update_link: link 0x0
01-01 09:51:33.983 0 0 D mv2112_read_status: autoneg is disabled
01-01 09:51:34.312 0 0 I : read descriptors
01-01 09:51:34.312 0 0 I : read strings
01-01 09:51:34.431 0 0 I [soft_i][0x7da373201][03:51:05.519544] wlan: [0:I:DP] dp_addba_requestprocess_wifi3 restore BA win 64 based on addba req
01-01 09:51:35.006 0 0 D : mv2112_read_status
01-01 09:51:35.007 0 0 D mv2112_update_link: 3.0x901(1G): 0x80
01-01 09:51:35.007 0 0 D mv2112_update_link: 3.0x8109(100M): 0x8
01-01 09:51:35.007 0 0 D mv2112_update_link: link 0x0
01-01 09:51:35.007 0 0 D mv2112_read_status: autoneg is disabled
01-01 09:51:35.339 0 0 I : read descriptors
01-01 09:51:35.339 0 0 I : read strings
01-01 09:51:36.030 0 0 D : mv2112_read_status
01-01 09:51:36.031 0 0 D mv2112_update_link: 3.0x901(1G): 0x80
01-01 09:51:36.031 0 0 D mv2112_update_link: 3.0x8109(100M): 0x8
01-01 09:51:36.031 0 0 D mv2112_update_link: link 0x0
01-01 09:51:36.031 0 0 D mv2112_read_status: autoneg is disabled
01-01 09:51:36.363 0 0 I : read descriptors
01-01 09:51:36.363 0 0 I : read strings
01-01 09:51:37.054 0 0 D : mv2112_read_status
01-01 09:51:37.055 0 0 D mv2112_update_link: 3.0x901(1G): 0x80
01-01 09:51:37.055 0 0 D mv2112_update_link: 3.0x8109(100M): 0x8
01-01 09:51:37.055 0 0 D mv2112_update_link: link 0x0
01-01 09:51:37.055 0 0 D mv2112_read_status: autoneg is disabled
01-01 09:51:37.387 0 0 I : read descriptors
01-01 09:51:37.387 0 0 I : read strings
01-01 09:51:38.082 0 0 D : mv2112_read_status
01-01 09:51:38.083 0 0 D mv2112_update_link: 3.0x901(1G): 0x80
01-01 09:51:38.083 0 0 D mv2112_update_link: 3.0x8109(100M): 0x8
01-01 09:51:38.083 0 0 D mv2112_update_link: link 0x0
01-01 09:51:38.083 0 0 D mv2112_read_status: autoneg is disabled
01-01 09:51:38.411 0 0 I : read descriptors
01-01 09:51:38.411 0 0 I : read strings
01-01 09:51:39.102 0 0 D : mv2112_read_status
01-01 09:51:39.103 0 0 D mv2112_update_link: 3.0x901(1G): 0x80
01-01 09:51:39.103 0 0 D mv2112_update_link: 3.0x8109(100M): 0x8
01-01 09:51:39.103 0 0 D mv2112_update_link: link 0x0
01-01 09:51:39.103 0 0 D mv2112_read_status: autoneg is disabled
01-01 09:51:39.431 0 0 I : read descriptors
01-01 09:51:39.431 0 0 I : read strings
01-01 09:51:40.126 0 0 D : mv2112_read_status
01-01 09:51:40.126 0 0 D mv2112_update_link: 3.0x901(1G): 0x80
01-01 09:51:40.127 0 0 D mv2112_update_link: 3.0x8109(100M): 0x8
01-01 09:51:40.127 0 0 D mv2112_update_link: link 0x0
01-01 09:51:40.127 0 0 D mv2112_read_status: autoneg is disabled
01-01 09:51:40.451 0 0 I : read descriptors
01-01 09:51:40.451 0 0 I : read strings
01-01 09:51:41.150 0 0 D : mv2112_read_status
01-01 09:51:41.151 0 0 D mv2112_update_link: 3.0x901(1G): 0x80
01-01 09:51:41.151 0 0 D mv2112_update_link: 3.0x8109(100M): 0x8
01-01 09:51:41.151 0 0 D mv2112_update_link: link 0x0
01-01 09:51:41.151 0 0 D mv2112_read_status: autoneg is disabled
01-01 09:51:41.467 0 0 I : read descriptors
01-01 09:51:41.467 0 0 I : read strings
01-01 09:51:41.951 0 0 I [schedu][0x7e2d27a40][03:51:13.040081] wlan: [6876:I:OSIF] scan start scan id 40965
01-01 09:51:42.174 0 0 D : mv2112_read_status
01-01 09:51:42.175 0 0 D mv2112_update_link: 3.0x901(1G): 0x80
01-01 09:51:42.175 0 0 D mv2112_update_link: 3.0x8109(100M): 0x8
01-01 09:51:42.175 0 0 D mv2112_update_link: link 0x0
01-01 09:51:42.175 0 0 D mv2112_read_status: autoneg is disabled
01-01 09:51:42.483 0 0 I : read descriptors
01-01 09:51:42.483 0 0 I : read strings
01-01 09:51:43.198 0 0 D : mv2112_read_status
01-01 09:51:43.199 0 0 D mv2112_update_link: 3.0x901(1G): 0x80
01-01 09:51:43.199 0 0 D mv2112_update_link: 3.0x8109(100M): 0x8
01-01 09:51:43.199 0 0 D mv2112_update_link: link 0x0
01-01 09:51:43.199 0 0 D mv2112_read_status: autoneg is disabled
01-01 09:51:43.499 0 0 I : read descriptors
01-01 09:51:43.499 0 0 I : read strings
01-01 09:51:43.752 0 0 I [schedu][0x7e4e2140b][03:51:14.840958] wlan: [6876:I:OSIF] vdev 0, scan id 40965 type COMPLETED(1) reason COMPLETED(1) scan found 114 bss
01-01 09:51:44.222 0 0 D : mv2112_read_status
01-01 09:51:44.223 0 0 D mv2112_update_link: 3.0x901(1G): 0x80
01-01 09:51:44.223 0 0 D mv2112_update_link: 3.0x8109(100M): 0x8
01-01 09:51:44.223 0 0 D mv2112_update_link: link 0x0
01-01 09:51:44.223 0 0 D mv2112_read_status: autoneg is disabled
01-01 09:51:44.520 0 0 I : read descriptors
01-01 09:51:44.520 0 0 I : read strings
01-01 09:51:45.246 0 0 D : mv2112_read_status
01-01 09:51:45.247 0 0 D mv2112_update_link: 3.0x901(1G): 0x80
01-01 09:51:45.247 0 0 D mv2112_update_link: 3.0x8109(100M): 0x8
01-01 09:51:45.247 0 0 D mv2112_update_link: link 0x0
01-01 09:51:45.247 0 0 D mv2112_read_status: autoneg is disabled
01-01 09:51:45.543 0 0 I : read descriptors
01-01 09:51:45.543 0 0 I : read strings
01-01 09:51:46.271 0 0 D : mv2112_read_status
01-01 09:51:46.271 0 0 D mv2112_update_link: 3.0x901(1G): 0x80
01-01 09:51:46.271 0 0 D mv2112_update_link: 3.0x8109(100M): 0x8
01-01 09:51:46.271 0 0 D mv2112_update_link: link 0x0
01-01 09:51:46.271 0 0 D mv2112_read_status: autoneg is disabled
01-01 09:51:46.559 0 0 I : read descriptors
01-01 09:51:46.559 0 0 I : read strings
01-01 09:51:47.294 0 0 D : mv2112_read_status
01-01 09:51:47.295 0 0 D mv2112_update_link: 3.0x901(1G): 0x80
01-01 09:51:47.295 0 0 D mv2112_update_link: 3.0x8109(100M): 0x8
01-01 09:51:47.295 0 0 D mv2112_update_link: link 0x0
01-01 09:51:47.295 0 0 D mv2112_read_status: autoneg is disabled
01-01 09:51:47.575 0 0 I : read descriptors
01-01 09:51:47.575 0 0 I : read strings
01-01 09:51:48.318 0 0 D : mv2112_read_status
01-01 09:51:48.319 0 0 D mv2112_update_link: 3.0x901(1G): 0x80
01-01 09:51:48.319 0 0 D mv2112_update_link: 3.0x8109(100M): 0x8
01-01 09:51:48.319 0 0 D mv2112_update_link: link 0x0
01-01 09:51:48.319 0 0 D mv2112_read_status: autoneg is disabled
01-01 09:51:48.591 0 0 I : read descriptors
01-01 09:51:48.591 0 0 I : read strings
01-01 09:51:49.343 0 0 D : mv2112_read_status
01-01 09:51:49.343 0 0 D mv2112_update_link: 3.0x901(1G): 0x80
01-01 09:51:49.343 0 0 D mv2112_update_link: 3.0x8109(100M): 0x8
01-01 09:51:49.343 0 0 D mv2112_update_link: link 0x0
01-01 09:51:49.343 0 0 D mv2112_read_status: autoneg is disabled
01-01 09:51:49.611 0 0 I : read descriptors
01-01 09:51:49.611 0 0 I : read strings
01-01 09:51:50.367 0 0 D : mv2112_read_status
01-01 09:51:50.367 0 0 D mv2112_update_link: 3.0x901(1G): 0x80
01-01 09:51:50.367 0 0 D mv2112_update_link: 3.0x8109(100M): 0x8
01-01 09:51:50.367 0 0 D mv2112_update_link: link 0x0
01-01 09:51:50.367 0 0 D mv2112_read_status: autoneg is disabled
01-01 09:51:50.631 0 0 I : read descriptors
01-01 09:51:50.631 0 0 I : read strings
01-01 09:51:51.391 0 0 D : mv2112_read_status
01-01 09:51:51.391 0 0 D mv2112_update_link: 3.0x901(1G): 0x80
01-01 09:51:51.391 0 0 D mv2112_update_link: 3.0x8109(100M): 0x8
01-01 09:51:51.391 0 0 D mv2112_update_link: link 0x0
01-01 09:51:51.391 0 0 D mv2112_read_status: autoneg is disabled
01-01 09:51:51.647 0 0 I : read descriptors
01-01 09:51:51.647 0 0 I : read strings
01-01 09:51:52.008 0 0 I [schedu][0x7ee54d3c3][03:51:23.096954] wlan: [6876:I:OSIF] scan start scan id 40966
01-01 09:51:52.414 0 0 D : mv2112_read_status
01-01 09:51:52.415 0 0 D mv2112_update_link: 3.0x901(1G): 0x80
01-01 09:51:52.415 0 0 D mv2112_update_link: 3.0x8109(100M): 0x8
01-01 09:51:52.415 0 0 D mv2112_update_link: link 0x0
01-01 09:51:52.415 0 0 D mv2112_read_status: autoneg is disabled
01-01 09:51:52.667 0 0 I : read descriptors
01-01 09:51:52.667 0 0 I : read strings
01-01 09:51:53.439 0 0 D : mv2112_read_status
01-01 09:51:53.439 0 0 D mv2112_update_link: 3.0x901(1G): 0x80
01-01 09:51:53.439 0 0 D mv2112_update_link: 3.0x8109(100M): 0x8
01-01 09:51:53.439 0 0 D mv2112_update_link: link 0x0
01-01 09:51:53.439 0 0 D mv2112_read_status: autoneg is disabled
01-01 09:51:53.670 0 0 I [schedu][0x7f03bc5eb][03:51:24.759063] wlan: [6876:I:OSIF] vdev 0, scan id 40966 type COMPLETED(1) reason COMPLETED(1) scan found 115 bss
01-01 09:51:53.699 0 0 I : read descriptors
01-01 09:51:53.699 0 0 I : read strings
12-14 03:51:24.930 1503 1590 D CompatibilityChangeReporter: Compat change id reported: 171306433; UID 1000; state: ENABLED
12-14 03:51:25.032 2789 7295 W ContextImpl: Calling a method in the system process without a qualified user: android.app.ContextImpl.stopService:1828 android.content.ContextWrapper.stopService:784 com.qualcomm.qti.qdma.app.ApplicationManager$1.run:2494 java.util.TimerThread.mainLoop:562 java.util.TimerThread.run:512
01-01 09:51:54.462 0 0 D : mv2112_read_status
01-01 09:51:54.463 0 0 D mv2112_update_link: 3.0x901(1G): 0x80
01-01 09:51:54.463 0 0 D mv2112_update_link: 3.0x8109(100M): 0x8
01-01 09:51:54.463 0 0 D mv2112_update_link: link 0x0
01-01 09:51:54.463 0 0 D mv2112_read_status: autoneg is disabled
01-01 09:51:54.718 0 0 I : read descriptors
01-01 09:51:54.718 0 0 I : read strings
01-01 09:51:55.486 0 0 D : mv2112_read_status
01-01 09:51:55.487 0 0 D mv2112_update_link: 3.0x901(1G): 0x80
01-01 09:51:55.487 0 0 D mv2112_update_link: 3.0x8109(100M): 0x8
01-01 09:51:55.487 0 0 D mv2112_update_link: link 0x0
01-01 09:51:55.487 0 0 D mv2112_read_status: autoneg is disabled
01-01 09:51:55.743 0 0 I : read descriptors
01-01 09:51:55.743 0 0 I : read strings
01-01 09:51:56.510 0 0 D : mv2112_read_status
01-01 09:51:56.511 0 0 D mv2112_update_link: 3.0x901(1G): 0x80
01-01 09:51:56.511 0 0 D mv2112_update_link: 3.0x8109(100M): 0x8
01-01 09:51:56.511 0 0 D mv2112_update_link: link 0x0
01-01 09:51:56.511 0 0 D mv2112_read_status: autoneg is disabled
01-01 09:51:56.759 0 0 I : read descriptors
01-01 09:51:56.759 0 0 I : read strings
01-01 09:51:57.534 0 0 D : mv2112_read_status
01-01 09:51:57.535 0 0 D mv2112_update_link: 3.0x901(1G): 0x80
01-01 09:51:57.535 0 0 D mv2112_update_link: 3.0x8109(100M): 0x8
01-01 09:51:57.535 0 0 D mv2112_update_link: link 0x0
01-01 09:51:57.535 0 0 D mv2112_read_status: autoneg is disabled
01-01 09:51:57.775 0 0 I : read descriptors
01-01 09:51:57.775 0 0 I : read strings
01-01 09:51:58.558 0 0 D : mv2112_read_status
01-01 09:51:58.559 0 0 D mv2112_update_link: 3.0x901(1G): 0x80
01-01 09:51:58.559 0 0 D mv2112_update_link: 3.0x8109(100M): 0x8
01-01 09:51:58.559 0 0 D mv2112_update_link: link 0x0
01-01 09:51:58.559 0 0 D mv2112_read_status: autoneg is disabled
01-01 09:51:58.791 0 0 I : read descriptors
01-01 09:51:58.791 0 0 I : read strings
01-01 09:51:59.583 0 0 D : mv2112_read_status
01-01 09:51:59.583 0 0 D mv2112_update_link: 3.0x901(1G): 0x80
01-01 09:51:59.584 0 0 D mv2112_update_link: 3.0x8109(100M): 0x8
01-01 09:51:59.584 0 0 D mv2112_update_link: link 0x0
01-01 09:51:59.584 0 0 D mv2112_read_status: autoneg is disabled
01-01 09:51:59.803 0 0 I : read descriptors
01-01 09:51:59.803 0 0 I : read strings
01-01 09:52:00.607 0 0 D : mv2112_read_status
01-01 09:52:00.607 0 0 D mv2112_update_link: 3.0x901(1G): 0x80
01-01 09:52:00.607 0 0 D mv2112_update_link: 3.0x8109(100M): 0x8
01-01 09:52:00.607 0 0 D mv2112_update_link: link 0x0
01-01 09:52:00.607 0 0 D mv2112_read_status: autoneg is disabled
01-01 09:52:00.819 0 0 I : read descriptors
01-01 09:52:00.819 0 0 I : read strings
01-01 09:52:01.630 0 0 D : mv2112_read_status
01-01 09:52:01.631 0 0 D mv2112_update_link: 3.0x901(1G): 0x80
01-01 09:52:01.631 0 0 D mv2112_update_link: 3.0x8109(100M): 0x8
01-01 09:52:01.631 0 0 D mv2112_update_link: link 0x0
01-01 09:52:01.631 0 0 D mv2112_read_status: autoneg is disabled
01-01 09:52:01.839 0 0 I : read descriptors
01-01 09:52:01.839 0 0 I : read strings
01-01 09:52:02.050 0 0 I [schedu][0x7f9d29b30][03:51:33.138226] wlan: [6876:I:OSIF] scan start scan id 40967
01-01 09:52:02.654 0 0 D : mv2112_read_status
01-01 09:52:02.655 0 0 D mv2112_update_link: 3.0x901(1G): 0x80
01-01 09:52:02.655 0 0 D mv2112_update_link: 3.0x8109(100M): 0x8
01-01 09:52:02.655 0 0 D mv2112_update_link: link 0x0
01-01 09:52:02.655 0 0 D mv2112_read_status: autoneg is disabled
01-01 09:52:02.855 0 0 I : read descriptors
01-01 09:52:02.855 0 0 I : read strings
01-01 09:52:03.149 0 0 I [schedu][0x7fb14bff5][03:51:34.237810] wlan: [6876:I:WMA] [03:51:33.951000] [NEIGH_RPT_REQ] VDEV[0]
01-01 09:52:03.149 0 0 I [schedu][0x7fb14c1c3][03:51:34.237834] wlan: [6876:I:WMA] [03:51:34.219000] [NEIGH_RPT_RSP] VDEV[0] { 2462 }
01-01 09:52:03.678 0 0 D : mv2112_read_status
01-01 09:52:03.679 0 0 D mv2112_update_link: 3.0x901(1G): 0x80
01-01 09:52:03.679 0 0 D mv2112_update_link: 3.0x8109(100M): 0x8
01-01 09:52:03.679 0 0 D mv2112_update_link: link 0x0
01-01 09:52:03.679 0 0 D mv2112_read_status: autoneg is disabled
01-01 09:52:03.703 0 0 I [schedu][0x7fbb72218][03:51:34.792079] wlan: [6876:I:OSIF] vdev 0, scan id 40967 type COMPLETED(1) reason COMPLETED(1) scan found 136 bss
01-01 09:52:03.879 0 0 I : read descriptors
01-01 09:52:03.879 0 0 I : read strings
01-01 09:52:04.702 0 0 D : mv2112_read_status
01-01 09:52:04.703 0 0 D mv2112_update_link: 3.0x901(1G): 0x80
01-01 09:52:04.703 0 0 D mv2112_update_link: 3.0x8109(100M): 0x8
01-01 09:52:04.703 0 0 D mv2112_update_link: link 0x0
01-01 09:52:04.703 0 0 D mv2112_read_status: autoneg is disabled
01-01 09:52:04.903 0 0 I : read descriptors
01-01 09:52:04.903 0 0 I : read strings
01-01 09:52:05.726 0 0 D : mv2112_read_status
01-01 09:52:05.727 0 0 D mv2112_update_link: 3.0x901(1G): 0x80
01-01 09:52:05.727 0 0 D mv2112_update_link: 3.0x8109(100M): 0x8
01-01 09:52:05.727 0 0 D mv2112_update_link: link 0x0
01-01 09:52:05.727 0 0 D mv2112_read_status: autoneg is disabled
01-01 09:52:05.932 0 0 I : read descriptors
01-01 09:52:05.932 0 0 I : read strings
01-01 09:52:06.750 0 0 D : mv2112_read_status
01-01 09:52:06.751 0 0 D mv2112_update_link: 3.0x901(1G): 0x80
01-01 09:52:06.751 0 0 D mv2112_update_link: 3.0x8109(100M): 0x8
01-01 09:52:06.751 0 0 D mv2112_update_link: link 0x0
01-01 09:52:06.751 0 0 D mv2112_read_status: autoneg is disabled
01-01 09:52:06.947 0 0 I : read descriptors
01-01 09:52:06.947 0 0 I : read strings
01-01 09:52:07.775 0 0 D : mv2112_read_status
01-01 09:52:07.775 0 0 D mv2112_update_link: 3.0x901(1G): 0x80
01-01 09:52:07.775 0 0 D mv2112_update_link: 3.0x8109(100M): 0x8
01-01 09:52:07.775 0 0 D mv2112_update_link: link 0x0
01-01 09:52:07.775 0 0 D mv2112_read_status: autoneg is disabled
01-01 09:52:07.942 0 0 I [schedu][0x80090e37a][03:51:39.030604] wlan: [6876:I:PE] lim_tear_down_link_with_ap: 373: Session 0 Vdev 0 reason code 6 trigger 5
01-01 09:52:07.943 0 0 I [schedu][0x8009139bc][03:51:39.031754] wlan: [6876:I:WMA] [03:51:38.935000] [ROAM_TRIGGER]: VDEV[0] Reason: "DEAUTH RECEIVED" Type: 1 Reason: 6
01-01 09:52:07.943 0 0 I [schedu][0x800913eb7][03:51:39.031820] wlan: [6876:I:WMA] [03:51:38.935000] [ROAM_SCAN]: VDEV[0] Scan_type: PARTIAL {2462 5805 }
01-01 09:52:07.943 0 0 I [schedu][0x800913ff6][03:51:39.031837] wlan: [6876:I:WMA] ============================================================================================================================
01-01 09:52:07.943 0 0 I [schedu][0x8009141aa][03:51:39.031859] wlan: [6876:I:WMA] AP BSSID TSTAMP CH TY ETP RSSI/SCR CU%/SCR TOT_SCR BL_RSN BL_SRC BL_TSTAMP BL_TIMEOUT(ms)
01-01 09:52:07.943 0 0 I [schedu][0x8009142d0][03:51:39.031875] wlan: [6876:I:WMA] ============================================================================================================================
01-01 09:52:07.943 0 0 I [schedu][0x8009144db][03:51:39.031902] wlan: [6876:I:WMA] 6c:b1:58:0f:7d:3b [03:51:38.935000] 5805 P_AP 0 14/0 0/0 4642 0 0 [00:00:00.000000] 0
01-01 09:52:07.943 0 0 I [schedu][0x800914694][03:51:39.031925] wlan: [6876:I:WMA] [03:51:39.010000] [ROAM_RESULT]: VDEV[0] FAILED Reason: NO AP FOUND
01-01 09:52:07.971 0 0 I : read descriptors
01-01 09:52:07.971 0 0 I : read strings
01-01 09:52:08.033 0 0 I [schedu][0x800aba54d][03:51:39.121935] wlan: [6876:I:HDD] wlan0(vdevid-0): disconnected
01-01 09:52:08.033 0 0 I [schedu][0x800aba769][03:51:39.121963] wlan: [6876:I:DP] dp_tx_flow_pool_unmap_handler: flow_id 0 flow_type 0 flow_pool_id 0
01-01 09:52:08.035 0 0 I [schedu][0x800ac4852][03:51:39.124108] wlan: [6876:I:HDD] Disconnect reason: 6 WLAN_REASON_CLASS2_FRAME_FROM_NONAUTH_STA vendor: 0 LG: 0
01-01 09:52:08.047 0 0 E [wifi@1][0x800afc08c][03:51:39.135951] wlan: [835:E:QDF] cds_flush_logs: 2424: Bug report already in progress - dropping! type:0, indicator=1 reason_code=0
01-01 09:52:08.047 0 0 E [wifi@1][0x800afc2fd][03:51:39.135984] wlan: [835:E:HDD] __wlan_hdd_cfg80211_wifi_logger_get_ring_data: 9840: Failed to trigger bug report
12-14 03:51:39.175 1503 2308 W ContextImpl: Calling a method in the system process without a qualified user: android.app.ContextImpl.sendStickyBroadcast:1559 com.android.server.ConnectivityService.sendStickyBroadcast:2811 com.android.server.ConnectivityService.sendLegacyNetworkBroadcast:8732 com.android.server.ConnectivityService$LegacyTypeTracker.remove:1007 com.android.server.ConnectivityService$LegacyTypeTracker.remove:1024
01-01 09:52:08.089 0 0 I logd : logdr: UID=1000 GID=1000 PID=7358 n tail=127 logMask=19 pid=0 start=0ns deadline=0ns
01-01 09:52:08.101 0 0 I [schedu][0x800bf7e56][03:51:39.189682] wlan: [6876:I:HIF] Deinitializing Runtime PM wakelock &vdev->vdev_set_key_runtime_wakelock
01-01 09:52:08.102 0 0 I [schedu][0x800bfa918][03:51:39.190252] wlan: [6876:I:HIF] Initializing Runtime PM wakelock &vdev->vdev_set_key_runtime_wakelock
12-14 03:51:39.205 835 835 D android.hardware.wifi@1.0-service: Successfully SetMacAddress.
01-01 09:52:08.117 0 0 I [wifi@1][0x800c4186c][03:51:39.205389] wlan: [835:I:DP] dp_vdev_attach_wifi3: wlan_cfg_ap_bridge_enabled 0
01-01 09:52:08.120 0 0 I IPv6 : ADDRCONF(NETDEV_UP): wlan0: link is not ready
01-01 09:52:08.126 0 0 W cnss-daemon: Invalid mac address
01-01 09:52:08.126 0 0 W cnss-daemon: failed to update gateway
01-01 09:52:08.135 0 0 E [wifi@1][0x800c97094][03:51:39.223631] wlan: [6882:E:wifipos] wifi_pos_process_app_reg_req: 608: Received App Req Req pid(1061159747), len(16)
01-01 09:52:08.135 0 0 I [wifi@1][0x800c9986f][03:51:39.224163] wlan: [6882:I:wifipos] wifi_pos_get_ch_info: 461: num channels: 26
01-01 09:52:08.136 0 0 I [wifi@1][0x800c9b502][03:51:39.224544] wlan: [6882:I:wifipos] wifi_pos_get_ch_info: 461: num channels: 26
01-01 09:52:08.196 0 0 I logd : logdr: UID=1000 GID=1000 PID=7368 n tail=127 logMask=80 pid=0 start=0ns deadline=0ns
12-14 03:51:39.378 835 835 E android.hardware.wifi@1.0-service: Failed to open directory: Permission denied
12-14 03:51:39.379 835 835 E android.hardware.wifi@1.0-service: Error occurred while deleting old tombstone files
12-14 03:51:39.379 835 835 E android.hardware.wifi@1.0-service: Error writing files to flash
01-01 09:52:08.314 0 0 I [schedu][0x800fdd9e1][03:51:39.402529] wlan: [6876:I:OSIF] scan start scan id 40968
12-14 03:51:39.878 1503 1612 W BroadcastQueue: Permission Denial: broadcasting Intent { act=android.net.conn.CONNECTIVITY_CHANGE flg=0x4200010 (has extras) } from null (pid=-1, uid=-1) requires com.baidu.input.permission.sofire.RECEIVE due to registered receiver BroadcastFilter{7d806bb 10032/u0 ReceiverList{a02f74a 3686 com.baidu.input/10032/u0 remote:91e24b5}}
01-01 09:52:08.798 0 0 D : mv2112_read_status
01-01 09:52:08.799 0 0 D mv2112_update_link: 3.0x901(1G): 0x80
01-01 09:52:08.799 0 0 D mv2112_update_link: 3.0x8109(100M): 0x8
01-01 09:52:08.799 0 0 D mv2112_update_link: link 0x0
01-01 09:52:08.799 0 0 D mv2112_read_status: autoneg is disabled
01-01 09:52:08.996 0 0 I : read descriptors
01-01 09:52:08.997 0 0 I : read strings
01-01 09:52:09.520 0 0 I [schedu][0x8025f5a70][03:51:40.609150] wlan: [6876:I:OSIF] vdev 0, scan id 40968 type COMPLETED(1) reason COMPLETED(1) scan found 118 bss
01-01 09:52:09.822 0 0 D : mv2112_read_status
01-01 09:52:09.823 0 0 D mv2112_update_link: 3.0x901(1G): 0x80
01-01 09:52:09.823 0 0 D mv2112_update_link: 3.0x8109(100M): 0x8
01-01 09:52:09.823 0 0 D mv2112_update_link: link 0x0
01-01 09:52:09.823 0 0 D mv2112_read_status: autoneg is disabled
12-14 03:51:40.917 1503 1503 I GameModeConfig: isGameModeOn = false
12-14 03:51:40.922 1503 1503 W NotificationHistory: Attempted to add notif for locked/gone/disabled user 0
01-01 09:52:10.019 0 0 I : read descriptors
01-01 09:52:10.019 0 0 I : read strings
01-01 09:52:10.846 0 0 D : mv2112_read_status
01-01 09:52:10.846 0 0 D mv2112_update_link: 3.0x901(1G): 0x80
01-01 09:52:10.847 0 0 D mv2112_update_link: 3.0x8109(100M): 0x8
01-01 09:52:10.847 0 0 D mv2112_update_link: link 0x0
01-01 09:52:10.847 0 0 D mv2112_read_status: autoneg is disabled
01-01 09:52:11.035 0 0 I : read descriptors
01-01 09:52:11.035 0 0 I : read strings
01-01 09:52:11.200 0 0 I logd : logdr: UID=1000 GID=1000 PID=7377 n tail=127 logMask=19 pid=0 start=0ns deadline=0ns
01-01 09:52:11.320 0 0 I logd : logdr: UID=1000 GID=1000 PID=7379 n tail=127 logMask=80 pid=0 start=0ns deadline=0ns
01-01 09:52:11.870 0 0 D : mv2112_read_status
01-01 09:52:11.871 0 0 D mv2112_update_link: 3.0x901(1G): 0x80
01-01 09:52:11.871 0 0 D mv2112_update_link: 3.0x8109(100M): 0x8
01-01 09:52:11.871 0 0 D mv2112_update_link: link 0x0
01-01 09:52:11.871 0 0 D mv2112_read_status: autoneg is disabled
01-01 09:52:12.041 0 0 I [schedu][0x80541ad7c][03:51:43.129297] wlan: [6876:I:OSIF] scan start scan id 40969
01-01 09:52:12.060 0 0 I : read descriptors
01-01 09:52:12.060 0 0 I : read strings
01-01 09:52:12.894 0 0 D : mv2112_read_status
01-01 09:52:12.894 0 0 D mv2112_update_link: 3.0x901(1G): 0x80
01-01 09:52:12.895 0 0 D mv2112_update_link: 3.0x8109(100M): 0x8
01-01 09:52:12.895 0 0 D mv2112_update_link: link 0x0
01-01 09:52:12.895 0 0 D mv2112_read_status: autoneg is disabled
01-01 09:52:13.075 0 0 I : read descriptors
01-01 09:52:13.076 0 0 I : read strings
01-01 09:52:13.221 0 0 I [schedu][0x8069b8ef0][03:51:44.309903] wlan: [6876:I:OSIF] vdev 0, scan id 40969 type COMPLETED(1) reason COMPLETED(1) scan found 119 bss
01-01 09:52:13.918 0 0 D : mv2112_read_status
01-01 09:52:13.919 0 0 D mv2112_update_link: 3.0x901(1G): 0x80
01-01 09:52:13.919 0 0 D mv2112_update_link: 3.0x8109(100M): 0x8
01-01 09:52:13.919 0 0 D mv2112_update_link: link 0x0
01-01 09:52:13.919 0 0 D mv2112_read_status: autoneg is disabled
01-01 09:52:14.103 0 0 I : read descriptors
01-01 09:52:14.103 0 0 I : read strings
01-01 09:52:14.943 0 0 D : mv2112_read_status
01-01 09:52:14.943 0 0 D mv2112_update_link: 3.0x901(1G): 0x80
01-01 09:52:14.943 0 0 D mv2112_update_link: 3.0x8109(100M): 0x8
01-01 09:52:14.943 0 0 D mv2112_update_link: link 0x0
01-01 09:52:14.943 0 0 D mv2112_read_status: autoneg is disabled
01-01 09:52:15.123 0 0 I : read descriptors
01-01 09:52:15.123 0 0 I : read strings
01-01 09:52:15.967 0 0 D : mv2112_read_status
01-01 09:52:15.967 0 0 D mv2112_update_link: 3.0x901(1G): 0x80
01-01 09:52:15.967 0 0 D mv2112_update_link: 3.0x8109(100M): 0x8
01-01 09:52:15.967 0 0 D mv2112_update_link: link 0x0
01-01 09:52:15.967 0 0 D mv2112_read_status: autoneg is disabled
01-01 09:52:16.143 0 0 I : read descriptors
01-01 09:52:16.144 0 0 I : read strings
01-01 09:52:16.990 0 0 D : mv2112_read_status
01-01 09:52:16.991 0 0 D mv2112_update_link: 3.0x901(1G): 0x80
01-01 09:52:16.991 0 0 D mv2112_update_link: 3.0x8109(100M): 0x8
01-01 09:52:16.991 0 0 D mv2112_update_link: link 0x0
01-01 09:52:16.991 0 0 D mv2112_read_status: autoneg is disabled
01-01 09:52:17.159 0 0 I : read descriptors
01-01 09:52:17.159 0 0 I : read strings
01-01 09:52:18.015 0 0 D : mv2112_read_status
01-01 09:52:18.015 0 0 D mv2112_update_link: 3.0x901(1G): 0x80
01-01 09:52:18.015 0 0 D mv2112_update_link: 3.0x8109(100M): 0x8
01-01 09:52:18.015 0 0 D mv2112_update_link: link 0x0
01-01 09:52:18.015 0 0 D mv2112_read_status: autoneg is disabled
01-01 09:52:18.179 0 0 I : read descriptors
01-01 09:52:18.180 0 0 I : read strings
01-01 09:52:19.039 0 0 D : mv2112_read_status
01-01 09:52:19.039 0 0 D mv2112_update_link: 3.0x901(1G): 0x80
01-01 09:52:19.039 0 0 D mv2112_update_link: 3.0x8109(100M): 0x8
01-01 09:52:19.039 0 0 D mv2112_update_link: link 0x0
01-01 09:52:19.039 0 0 D mv2112_read_status: autoneg is disabled
01-01 09:52:19.199 0 0 I : read descriptors
01-01 09:52:19.199 0 0 I : read strings
01-01 09:52:20.063 0 0 D : mv2112_read_status
01-01 09:52:20.063 0 0 D mv2112_update_link: 3.0x901(1G): 0x80
01-01 09:52:20.063 0 0 D mv2112_update_link: 3.0x8109(100M): 0x8
01-01 09:52:20.063 0 0 D mv2112_update_link: link 0x0
01-01 09:52:20.063 0 0 D mv2112_read_status: autoneg is disabled
01-01 09:52:20.215 0 0 I : read descriptors
01-01 09:52:20.215 0 0 I : read strings
01-01 09:52:21.086 0 0 D : mv2112_read_status
01-01 09:52:21.086 0 0 D mv2112_update_link: 3.0x901(1G): 0x80
01-01 09:52:21.087 0 0 D mv2112_update_link: 3.0x8109(100M): 0x8
01-01 09:52:21.087 0 0 D mv2112_update_link: link 0x0
01-01 09:52:21.087 0 0 D mv2112_read_status: autoneg is disabled
01-01 09:52:21.231 0 0 I : read descriptors
01-01 09:52:21.231 0 0 I : read strings
01-01 09:52:22.090 0 0 I [schedu][0x810c1e1b0][03:51:53.178846] wlan: [6876:I:OSIF] scan start scan id 40970
01-01 09:52:22.110 0 0 D : mv2112_read_status
01-01 09:52:22.111 0 0 D mv2112_update_link: 3.0x901(1G): 0x80
01-01 09:52:22.111 0 0 D mv2112_update_link: 3.0x8109(100M): 0x8
01-01 09:52:22.111 0 0 D mv2112_update_link: link 0x0
01-01 09:52:22.111 0 0 D mv2112_read_status: autoneg is disabled
01-01 09:52:22.251 0 0 I : read descriptors
01-01 09:52:22.251 0 0 I : read strings
01-01 09:52:23.134 0 0 D : mv2112_read_status
01-01 09:52:23.135 0 0 D mv2112_update_link: 3.0x901(1G): 0x80
01-01 09:52:23.135 0 0 D mv2112_update_link: 3.0x8109(100M): 0x8
01-01 09:52:23.135 0 0 D mv2112_update_link: link 0x0
01-01 09:52:23.135 0 0 D mv2112_read_status: autoneg is disabled
01-01 09:52:23.271 0 0 I : read descriptors
01-01 09:52:23.271 0 0 I : read strings
01-01 09:52:23.274 0 0 I [schedu][0x8121c9a52][03:51:54.362322] wlan: [6876:I:OSIF] vdev 0, scan id 40970 type COMPLETED(1) reason COMPLETED(1) scan found 102 bss
01-01 09:52:24.158 0 0 D : mv2112_read_status
01-01 09:52:24.159 0 0 D mv2112_update_link: 3.0x901(1G): 0x80
01-01 09:52:24.159 0 0 D mv2112_update_link: 3.0x8109(100M): 0x8
01-01 09:52:24.159 0 0 D mv2112_update_link: link 0x0
01-01 09:52:24.159 0 0 D mv2112_read_status: autoneg is disabled
01-01 09:52:24.295 0 0 I : read descriptors
01-01 09:52:24.295 0 0 I : read strings
12-14 03:51:56.069 1503 1649 V DisplayPowerController[0]: Brightness [0.05] reason changing to: 'manual [ dim ]', previous reason: 'manual'.
12-14 03:51:56.070 1503 1649 W PowerManagerService: Screen on took 95434 ms
12-14 03:51:56.074 1503 2348 E DisplayDeviceConfig: requesting nits when no mapping exists.
12-14 03:51:56.075 1503 2348 E DisplayDeviceConfig: requesting nits when no mapping exists.
12-14 03:51:56.080 1503 1612 I DropBoxManagerService: add tag=system_server_wtf isTagEnabled=true flags=0x2
12-14 03:51:56.083 1503 1612 I DropBoxManagerService: add tag=system_server_wtf isTagEnabled=true flags=0x2
12-14 03:51:56.091 1503 2348 E DisplayDeviceConfig: requesting nits when no mapping exists.
12-14 03:51:56.092 1503 2348 E DisplayDeviceConfig: requesting nits when no mapping exists.
12-14 03:51:56.097 1503 1612 I DropBoxManagerService: add tag=system_server_wtf isTagEnabled=true flags=0x2
12-14 03:51:56.099 1503 1612 I DropBoxManagerService: add tag=system_server_wtf isTagEnabled=true flags=0x2
12-14 03:51:56.107 1503 2348 E DisplayDeviceConfig: requesting nits when no mapping exists.
12-14 03:51:56.107 1503 2348 E DisplayDeviceConfig: requesting nits when no mapping exists.
12-14 03:51:56.108 1503 1612 I DropBoxManagerService: add tag=system_server_wtf isTagEnabled=true flags=0x2
12-14 03:51:56.123 1503 2348 E DisplayDeviceConfig: requesting nits when no mapping exists.
12-14 03:51:56.124 1503 2348 E DisplayDeviceConfig: requesting nits when no mapping exists.
12-14 03:51:56.139 1503 2348 E DisplayDeviceConfig: requesting nits when no mapping exists.
12-14 03:51:56.140 1503 2348 E DisplayDeviceConfig: requesting nits when no mapping exists.
12-14 03:51:56.156 1503 2348 E DisplayDeviceConfig: requesting nits when no mapping exists.
12-14 03:51:56.158 1503 2348 E DisplayDeviceConfig: requesting nits when no mapping exists.
12-14 03:51:56.173 1503 2348 E DisplayDeviceConfig: requesting nits when no mapping exists.
12-14 03:51:56.174 1503 2348 E DisplayDeviceConfig: requesting nits when no mapping exists.
12-14 03:51:56.192 1503 2348 E DisplayDeviceConfig: requesting nits when no mapping exists.
12-14 03:51:56.193 1503 2348 E DisplayDeviceConfig: requesting nits when no mapping exists.
12-14 03:51:56.208 1503 2348 E DisplayDeviceConfig: requesting nits when no mapping exists.
12-14 03:51:56.209 1503 2348 E DisplayDeviceConfig: requesting nits when no mapping exists.
12-14 03:51:56.223 1503 2348 E DisplayDeviceConfig: requesting nits when no mapping exists.
12-14 03:51:56.225 1503 2348 E DisplayDeviceConfig: requesting nits when no mapping exists.
12-14 03:51:56.239 1503 2348 E DisplayDeviceConfig: requesting nits when no mapping exists.
12-14 03:51:56.241 1503 2348 E DisplayDeviceConfig: requesting nits when no mapping exists.
12-14 03:51:56.256 1503 2348 E DisplayDeviceConfig: requesting nits when no mapping exists.
12-14 03:51:56.257 1503 2348 E DisplayDeviceConfig: requesting nits when no mapping exists.
01-01 09:52:25.182 0 0 D : mv2112_read_status
12-14 03:51:56.273 1503 2348 E DisplayDeviceConfig: requesting nits when no mapping exists.
12-14 03:51:56.274 1503 2348 E DisplayDeviceConfig: requesting nits when no mapping exists.
01-01 09:52:25.183 0 0 D mv2112_update_link: 3.0x901(1G): 0x80
01-01 09:52:25.183 0 0 D mv2112_update_link: 3.0x8109(100M): 0x8
01-01 09:52:25.183 0 0 D mv2112_update_link: link 0x0
01-01 09:52:25.183 0 0 D mv2112_read_status: autoneg is disabled
12-14 03:51:56.290 1503 2348 E DisplayDeviceConfig: requesting nits when no mapping exists.
12-14 03:51:56.291 1503 2348 E DisplayDeviceConfig: requesting nits when no mapping exists.
12-14 03:51:56.307 1503 2348 E DisplayDeviceConfig: requesting nits when no mapping exists.
12-14 03:51:56.308 1503 2348 E DisplayDeviceConfig: requesting nits when no mapping exists.
12-14 03:51:56.324 1503 2348 E DisplayDeviceConfig: requesting nits when no mapping exists.
12-14 03:51:56.325 1503 2348 E DisplayDeviceConfig: requesting nits when no mapping exists.
12-14 03:51:56.340 1503 2348 E DisplayDeviceConfig: requesting nits when no mapping exists.
12-14 03:51:56.340 1503 2348 E DisplayDeviceConfig: requesting nits when no mapping exists.
12-14 03:51:56.357 1503 2348 E DisplayDeviceConfig: requesting nits when no mapping exists.
12-14 03:51:56.358 1503 2348 E DisplayDeviceConfig: requesting nits when no mapping exists.
12-14 03:51:56.373 1503 2348 E DisplayDeviceConfig: requesting nits when no mapping exists.
12-14 03:51:56.374 1503 2348 E DisplayDeviceConfig: requesting nits when no mapping exists.
12-14 03:51:56.391 1503 2348 E DisplayDeviceConfig: requesting nits when no mapping exists.
12-14 03:51:56.392 1503 2348 E DisplayDeviceConfig: requesting nits when no mapping exists.
01-01 09:52:25.315 0 0 I : read descriptors
01-01 09:52:25.315 0 0 I : read strings
12-14 03:51:56.408 1503 2348 E DisplayDeviceConfig: requesting nits when no mapping exists.
12-14 03:51:56.409 1503 2348 E DisplayDeviceConfig: requesting nits when no mapping exists.
12-14 03:51:56.425 1503 2348 E DisplayDeviceConfig: requesting nits when no mapping exists.
12-14 03:51:56.425 1503 2348 E DisplayDeviceConfig: requesting nits when no mapping exists.
12-14 03:51:56.440 1503 2348 E DisplayDeviceConfig: requesting nits when no mapping exists.
12-14 03:51:56.442 1503 2348 E DisplayDeviceConfig: requesting nits when no mapping exists.
12-14 03:51:56.458 1503 2348 E DisplayDeviceConfig: requesting nits when no mapping exists.
12-14 03:51:56.458 1503 2348 E DisplayDeviceConfig: requesting nits when no mapping exists.
12-14 03:51:56.475 1503 2348 E DisplayDeviceConfig: requesting nits when no mapping exists.
12-14 03:51:56.476 1503 2348 E DisplayDeviceConfig: requesting nits when no mapping exists.
12-14 03:51:56.491 1503 2348 E DisplayDeviceConfig: requesting nits when no mapping exists.
12-14 03:51:56.492 1503 2348 E DisplayDeviceConfig: requesting nits when no mapping exists.
12-14 03:51:56.508 1503 2348 E DisplayDeviceConfig: requesting nits when no mapping exists.
12-14 03:51:56.508 1503 2348 E DisplayDeviceConfig: requesting nits when no mapping exists.
12-14 03:51:56.524 1503 2348 E DisplayDeviceConfig: requesting nits when no mapping exists.
12-14 03:51:56.525 1503 2348 E DisplayDeviceConfig: requesting nits when no mapping exists.
12-14 03:51:56.541 1503 2348 E DisplayDeviceConfig: requesting nits when no mapping exists.
12-14 03:51:56.542 1503 2348 E DisplayDeviceConfig: requesting nits when no mapping exists.
12-14 03:51:56.557 1503 2348 E DisplayDeviceConfig: requesting nits when no mapping exists.
12-14 03:51:56.558 1503 2348 E DisplayDeviceConfig: requesting nits when no mapping exists.
12-14 03:51:56.574 1503 2348 E DisplayDeviceConfig: requesting nits when no mapping exists.
12-14 03:51:56.574 1503 2348 E DisplayDeviceConfig: requesting nits when no mapping exists.
12-14 03:51:56.591 1503 2348 E DisplayDeviceConfig: requesting nits when no mapping exists.
12-14 03:51:56.592 1503 2348 E DisplayDeviceConfig: requesting nits when no mapping exists.
12-14 03:51:56.608 1503 2348 E DisplayDeviceConfig: requesting nits when no mapping exists.
12-14 03:51:56.608 1503 2348 E DisplayDeviceConfig: requesting nits when no mapping exists.
12-14 03:51:56.631 1503 2348 E DisplayDeviceConfig: requesting nits when no mapping exists.
12-14 03:51:56.632 1503 2348 E DisplayDeviceConfig: requesting nits when no mapping exists.
12-14 03:51:56.641 1503 2348 E DisplayDeviceConfig: requesting nits when no mapping exists.
12-14 03:51:56.642 1503 2348 E DisplayDeviceConfig: requesting nits when no mapping exists.
12-14 03:51:56.659 1503 2348 E DisplayDeviceConfig: requesting nits when no mapping exists.
12-14 03:51:56.660 1503 2348 E DisplayDeviceConfig: requesting nits when no mapping exists.
12-14 03:51:56.674 1503 2348 E DisplayDeviceConfig: requesting nits when no mapping exists.
12-14 03:51:56.675 1503 2348 E DisplayDeviceConfig: requesting nits when no mapping exists.
12-14 03:51:56.693 1503 2348 E DisplayDeviceConfig: requesting nits when no mapping exists.
12-14 03:51:56.693 1503 2348 E DisplayDeviceConfig: requesting nits when no mapping exists.
12-14 03:51:56.708 1503 2348 E DisplayDeviceConfig: requesting nits when no mapping exists.
12-14 03:51:56.710 1503 2348 E DisplayDeviceConfig: requesting nits when no mapping exists.
12-14 03:51:56.724 1503 2348 E DisplayDeviceConfig: requesting nits when no mapping exists.
12-14 03:51:56.725 1503 2348 E DisplayDeviceConfig: requesting nits when no mapping exists.
12-14 03:51:56.741 1503 2348 E DisplayDeviceConfig: requesting nits when no mapping exists.
12-14 03:51:56.741 1503 2348 E DisplayDeviceConfig: requesting nits when no mapping exists.
12-14 03:51:56.759 1503 2348 E DisplayDeviceConfig: requesting nits when no mapping exists.
12-14 03:51:56.761 1503 2348 E DisplayDeviceConfig: requesting nits when no mapping exists.
12-14 03:51:56.775 1503 2348 E DisplayDeviceConfig: requesting nits when no mapping exists.
12-14 03:51:56.776 1503 2348 E DisplayDeviceConfig: requesting nits when no mapping exists.
12-14 03:51:56.792 1503 2348 E DisplayDeviceConfig: requesting nits when no mapping exists.
12-14 03:51:56.793 1503 2348 E DisplayDeviceConfig: requesting nits when no mapping exists.
12-14 03:51:56.807 1503 2348 E DisplayDeviceConfig: requesting nits when no mapping exists.
12-14 03:51:56.807 1503 2348 E DisplayDeviceConfig: requesting nits when no mapping exists.
12-14 03:51:56.824 1503 2348 E DisplayDeviceConfig: requesting nits when no mapping exists.
12-14 03:51:56.824 1503 2348 E DisplayDeviceConfig: requesting nits when no mapping exists.
12-14 03:51:56.840 1503 2348 E DisplayDeviceConfig: requesting nits when no mapping exists.
12-14 03:51:56.841 1503 2348 E DisplayDeviceConfig: requesting nits when no mapping exists.
12-14 03:51:56.857 1503 2348 E DisplayDeviceConfig: requesting nits when no mapping exists.
12-14 03:51:56.858 1503 2348 E DisplayDeviceConfig: requesting nits when no mapping exists.
12-14 03:51:56.874 1503 2348 E DisplayDeviceConfig: requesting nits when no mapping exists.
12-14 03:51:56.875 1503 2348 E DisplayDeviceConfig: requesting nits when no mapping exists.
12-14 03:51:56.891 1503 2348 E DisplayDeviceConfig: requesting nits when no mapping exists.
12-14 03:51:56.893 1503 2348 E DisplayDeviceConfig: requesting nits when no mapping exists.
12-14 03:51:56.907 1503 2348 E DisplayDeviceConfig: requesting nits when no mapping exists.
12-14 03:51:56.908 1503 2348 E DisplayDeviceConfig: requesting nits when no mapping exists.
12-14 03:51:56.924 1503 2348 E DisplayDeviceConfig: requesting nits when no mapping exists.
12-14 03:51:56.925 1503 2348 E DisplayDeviceConfig: requesting nits when no mapping exists.
12-14 03:51:56.941 1503 2348 E DisplayDeviceConfig: requesting nits when no mapping exists.
12-14 03:51:56.941 1503 2348 E DisplayDeviceConfig: requesting nits when no mapping exists.
12-14 03:51:56.958 1503 2348 E DisplayDeviceConfig: requesting nits when no mapping exists.
12-14 03:51:56.958 1503 2348 E DisplayDeviceConfig: requesting nits when no mapping exists.
12-14 03:51:56.975 1503 2348 E DisplayDeviceConfig: requesting nits when no mapping exists.
12-14 03:51:56.975 1503 2348 E DisplayDeviceConfig: requesting nits when no mapping exists.
12-14 03:51:56.991 1503 2348 E DisplayDeviceConfig: requesting nits when no mapping exists.
12-14 03:51:56.992 1503 2348 E DisplayDeviceConfig: requesting nits when no mapping exists.
12-14 03:51:57.008 1503 2348 E DisplayDeviceConfig: requesting nits when no mapping exists.
12-14 03:51:57.009 1503 2348 E DisplayDeviceConfig: requesting nits when no mapping exists.
12-14 03:51:57.024 1503 2348 E DisplayDeviceConfig: requesting nits when no mapping exists.
12-14 03:51:57.025 1503 2348 E DisplayDeviceConfig: requesting nits when no mapping exists.
01-01 09:52:26.207 0 0 D : mv2112_read_status
01-01 09:52:26.207 0 0 D mv2112_update_link: 3.0x901(1G): 0x80
01-01 09:52:26.207 0 0 D mv2112_update_link: 3.0x8109(100M): 0x8
01-01 09:52:26.207 0 0 D mv2112_update_link: link 0x0
01-01 09:52:26.207 0 0 D mv2112_read_status: autoneg is disabled
01-01 09:52:26.335 0 0 I : read descriptors
01-01 09:52:26.335 0 0 I : read strings
01-01 09:52:27.230 0 0 D : mv2112_read_status
01-01 09:52:27.231 0 0 D mv2112_update_link: 3.0x901(1G): 0x80
01-01 09:52:27.231 0 0 D mv2112_update_link: 3.0x8109(100M): 0x8
01-01 09:52:27.231 0 0 D mv2112_update_link: link 0x0
01-01 09:52:27.231 0 0 D mv2112_read_status: autoneg is disabled
01-01 09:52:27.347 0 0 I : read descriptors
01-01 09:52:27.347 0 0 I : read strings
01-01 09:52:28.254 0 0 D : mv2112_read_status
01-01 09:52:28.255 0 0 D mv2112_update_link: 3.0x901(1G): 0x80
01-01 09:52:28.255 0 0 D mv2112_update_link: 3.0x8109(100M): 0x8
01-01 09:52:28.255 0 0 D mv2112_update_link: link 0x0
01-01 09:52:28.255 0 0 D mv2112_read_status: autoneg is disabled
01-01 09:52:28.363 0 0 I : read descriptors
01-01 09:52:28.363 0 0 I : read strings
01-01 09:52:29.278 0 0 D : mv2112_read_status
01-01 09:52:29.279 0 0 D mv2112_update_link: 3.0x901(1G): 0x80
01-01 09:52:29.279 0 0 D mv2112_update_link: 3.0x8109(100M): 0x8
01-01 09:52:29.279 0 0 D mv2112_update_link: link 0x0
01-01 09:52:29.279 0 0 D mv2112_read_status: autoneg is disabled
01-01 09:52:29.379 0 0 I : read descriptors
01-01 09:52:29.379 0 0 I : read strings
01-01 09:52:30.302 0 0 D : mv2112_read_status
01-01 09:52:30.303 0 0 D mv2112_update_link: 3.0x901(1G): 0x80
01-01 09:52:30.303 0 0 D mv2112_update_link: 3.0x8109(100M): 0x8
01-01 09:52:30.303 0 0 D mv2112_update_link: link 0x0
01-01 09:52:30.303 0 0 D mv2112_read_status: autoneg is disabled
01-01 09:52:30.399 0 0 I : read descriptors
01-01 09:52:30.399 0 0 I : read strings
01-01 09:52:31.327 0 0 D : mv2112_read_status
01-01 09:52:31.327 0 0 D mv2112_update_link: 3.0x901(1G): 0x80
01-01 09:52:31.327 0 0 D mv2112_update_link: 3.0x8109(100M): 0x8
01-01 09:52:31.327 0 0 D mv2112_update_link: link 0x0
01-01 09:52:31.327 0 0 D mv2112_read_status: autoneg is disabled
01-01 09:52:31.411 0 0 I : read descriptors
01-01 09:52:31.411 0 0 I : read strings
12-14 03:52:03.060 1503 1649 I PowerManagerService: Napping display group (groupId=0, uid=1000)...
12-14 03:52:03.060 1503 1649 I PowerManagerService: Nap time (uid 1000)...
12-14 03:52:03.062 1503 1649 I DreamManagerService: Entering dreamland.
12-14 03:52:03.074 1503 1649 I PowerManagerService: Dreaming...
12-14 03:52:03.075 1503 1601 I DreamController: Starting dream: name=ComponentInfo{com.thundercomm.screensaver/com.thundercomm.saverclock.service.ClockScreensaver}, isTest=false, canDoze=false, userId=0
12-14 03:52:03.088 1503 2420 I ActivityTaskManager: START u0 {flg=0x10000000 pkg=com.thundercomm.screensaver cmp=com.thundercomm.screensaver/android.service.dreams.DreamActivity (has extras)} from uid 10052
12-14 03:52:03.092 1503 2420 W ActivityTaskManager: Can't find TaskDisplayArea to determine support for multi window. Task id=16 attached=false
12-14 03:52:03.112 1503 2417 I ActivityTaskManager: FOREGROUND_APPLICATION_CHANGED to android.service.dreams.DreamActivity
12-14 03:52:03.113 1503 2417 I ActivityTaskManager: The Process com.thundercomm.screensaver Already Exists in BG. So sending its PID: 5028
12-14 03:52:03.113 1503 2417 W ActivityTaskManager: Tried to set launchTime (0) < mLastActivityLaunchTime (1680772)
12-14 03:52:03.133 1503 2417 W WindowManager: Failed looking up window session=Session{3340fa7 5028:u0a10052} callers=com.android.server.wm.WindowManagerService.windowForClientLocked:5628 com.android.server.wm.Session.insetsModified:629 android.view.IWindowSession$Stub.onTransact:1151
12-14 03:52:03.133 4287 4324 W ContextImpl: Calling a method in the system process without a qualified user: android.app.ContextImpl.startService:1816 android.content.ContextWrapper.startService:774 com.thundercomm.gamemode.ingame.services.GameModeActionUtils.startGameModeService:99 com.thundercomm.gamemode.ingame.services.GameModeActionUtils.startGameModeEntry:22 com.thundercomm.gamemode.ingame.services.ActivityMonitoringService$1.onActivityLaunch:127
12-14 03:52:03.138 1503 1503 I GameModeConfig: Current uri is uri = content://com.thundercomm.gamemode.api/gamemode_settings/gamemode_isgaming
12-14 03:52:03.141 1503 1503 I GameModeConfig: isGameModeOn = false
12-14 03:52:03.141 1503 1503 I GameModeConfig: isGameModeOn = false
12-14 03:52:03.141 1503 1503 I GameModeConfig: isDisableVoice = true
12-14 03:52:03.160 1503 2313 I GameModeConfig: isGameModeOn = false
12-14 03:52:03.160 1503 2313 I GameModeConfig: isGameModeOn = false
12-14 03:52:03.160 1503 2313 I GameModeConfig: isGameModeOn = false
12-14 03:52:03.160 1503 2313 I GameModeConfig: isGameModeOn = false
12-14 03:52:03.188 1503 1649 V DisplayPowerController[0]: Brightness [1.0] reason changing to: 'manual', previous reason: 'manual [ dim ]'.
12-14 03:52:03.191 1503 2348 E DisplayDeviceConfig: requesting nits when no mapping exists.
12-14 03:52:03.191 1503 2348 E DisplayDeviceConfig: requesting nits when no mapping exists.
12-14 03:52:03.207 1503 2348 E DisplayDeviceConfig: requesting nits when no mapping exists.
12-14 03:52:03.208 1503 2348 E DisplayDeviceConfig: requesting nits when no mapping exists.
01-01 09:52:32.132 0 0 I [schedu][0x81c3fe0b4][03:52:03.220860] wlan: [6876:I:OSIF] scan start scan id 40971
12-14 03:52:03.224 1503 2348 E DisplayDeviceConfig: requesting nits when no mapping exists.
12-14 03:52:03.224 1503 2348 E DisplayDeviceConfig: requesting nits when no mapping exists.
12-14 03:52:03.228 4287 4324 W ContextImpl: Calling a method in the system process without a qualified user: android.app.ContextImpl.startService:1816 android.content.ContextWrapper.startService:774 com.thundercomm.gamemode.ingame.services.GameModeActionUtils.startGameModeService:99 com.thundercomm.gamemode.ingame.services.GameModeActionUtils.startGameModeEntry:22 com.thundercomm.gamemode.ingame.services.ActivityMonitoringService$1.onActivityLaunch:127
12-14 03:52:03.232 1503 1503 I GameModeConfig: Current uri is uri = content://com.thundercomm.gamemode.api/gamemode_settings/gamemode_isgaming
12-14 03:52:03.233 1503 1503 I GameModeConfig: isGameModeOn = false
12-14 03:52:03.234 1503 1503 I GameModeConfig: isGameModeOn = false
12-14 03:52:03.234 1503 1503 I GameModeConfig: isDisableVoice = true
12-14 03:52:03.240 1503 2348 E DisplayDeviceConfig: requesting nits when no mapping exists.
12-14 03:52:03.241 1503 2348 E DisplayDeviceConfig: requesting nits when no mapping exists.
12-14 03:52:03.255 1503 2348 E DisplayDeviceConfig: requesting nits when no mapping exists.
12-14 03:52:03.256 1503 2348 E DisplayDeviceConfig: requesting nits when no mapping exists.
12-14 03:52:03.272 1503 2348 E DisplayDeviceConfig: requesting nits when no mapping exists.
12-14 03:52:03.273 1503 2348 E DisplayDeviceConfig: requesting nits when no mapping exists.
12-14 03:52:03.289 1503 2348 E DisplayDeviceConfig: requesting nits when no mapping exists.
12-14 03:52:03.290 1503 2348 E DisplayDeviceConfig: requesting nits when no mapping exists.
12-14 03:52:03.307 1503 2348 E DisplayDeviceConfig: requesting nits when no mapping exists.
12-14 03:52:03.307 1503 2348 E DisplayDeviceConfig: requesting nits when no mapping exists.
12-14 03:52:03.324 1503 2348 E DisplayDeviceConfig: requesting nits when no mapping exists.
12-14 03:52:03.325 1503 2348 E DisplayDeviceConfig: requesting nits when no mapping exists.
12-14 03:52:03.339 1503 2348 E DisplayDeviceConfig: requesting nits when no mapping exists.
12-14 03:52:03.339 1503 2348 E DisplayDeviceConfig: requesting nits when no mapping exists.
12-14 03:52:03.356 1503 2348 E DisplayDeviceConfig: requesting nits when no mapping exists.
12-14 03:52:03.357 1503 2348 E DisplayDeviceConfig: requesting nits when no mapping exists.
12-14 03:52:03.364 1503 1503 I GameModeConfig: isGameModeOn = false
12-14 03:52:03.373 1503 2348 E DisplayDeviceConfig: requesting nits when no mapping exists.
12-14 03:52:03.374 1503 2348 E DisplayDeviceConfig: requesting nits when no mapping exists.
12-14 03:52:03.391 1503 2348 E DisplayDeviceConfig: requesting nits when no mapping exists.
12-14 03:52:03.392 1503 2348 E DisplayDeviceConfig: requesting nits when no mapping exists.
12-14 03:52:03.406 1503 2348 E DisplayDeviceConfig: requesting nits when no mapping exists.
12-14 03:52:03.406 1503 2348 E DisplayDeviceConfig: requesting nits when no mapping exists.
12-14 03:52:03.424 1503 2348 E DisplayDeviceConfig: requesting nits when no mapping exists.
12-14 03:52:03.424 1503 2348 E DisplayDeviceConfig: requesting nits when no mapping exists.
12-14 03:52:03.441 1503 2348 E DisplayDeviceConfig: requesting nits when no mapping exists.
12-14 03:52:03.441 1503 2348 E DisplayDeviceConfig: requesting nits when no mapping exists.
01-01 09:52:32.350 0 0 D : mv2112_read_status
01-01 09:52:32.351 0 0 D mv2112_update_link: 3.0x901(1G): 0x80
01-01 09:52:32.351 0 0 D mv2112_update_link: 3.0x8109(100M): 0x8
01-01 09:52:32.351 0 0 D mv2112_update_link: link 0x0
01-01 09:52:32.351 0 0 D mv2112_read_status: autoneg is disabled
12-14 03:52:03.457 1503 2348 E DisplayDeviceConfig: requesting nits when no mapping exists.
