01-01 09:22:50.730 1503 1503 W UserManagerService: com.android.internal.display.cutout.emulation.corner is allowlisted but not present.
01-01 09:22:50.730 1503 1503 W UserManagerService: com.android.internal.display.cutout.emulation.double is allowlisted but not present.
01-01 09:22:50.730 1503 1503 W UserManagerService: com.android.theme.color.amethyst is allowlisted but not present.
01-01 09:22:50.730 1503 1503 W UserManagerService: com.android.theme.icon.pebble is allowlisted but not present.
01-01 09:22:50.730 1503 1503 W UserManagerService: com.android.theme.color.sand is allowlisted but not present.
01-01 09:22:50.730 1503 1503 W UserManagerService: com.android.theme.icon.vessel is allowlisted but not present.
01-01 09:22:50.730 1503 1503 W UserManagerService: com.android.theme.color.cinnamon is allowlisted but not present.
01-01 09:22:50.730 1503 1503 W UserManagerService: com.android.theme.icon_pack.victor.settings is allowlisted but not present.
01-01 09:22:50.730 1503 1503 W UserManagerService: com.android.theme.icon_pack.rounded.systemui is allowlisted but not present.
01-01 09:22:50.730 1503 1503 W UserManagerService: com.android.theme.icon.taperedrect is allowlisted but not present.
01-01 09:22:50.730 1503 1503 W UserManagerService: com.android.theme.icon_pack.rounded.android is allowlisted but not present.
01-01 09:22:50.730 1503 1503 W UserManagerService: com.qualcomm.qti.euiccresource is allowlisted but not present.
01-01 09:22:50.730 1503 1503 W UserManagerService: com.qualcomm.qti.telephonyservice is allowlisted but not present.
01-01 09:22:50.730 1503 1503 W UserManagerService: com.android.theme.icon_pack.victor.systemui is allowlisted but not present.
01-01 09:22:50.730 1503 1503 W UserManagerService: com.android.theme.icon_pack.circular.themepicker is allowlisted but not present.
01-01 09:22:50.730 1503 1503 W UserManagerService: com.android.theme.color.tangerine is allowlisted but not present.
01-01 09:22:50.730 1503 1503 W UserManagerService: com.android.theme.color.aquamarine is allowlisted but not present.
01-01 09:22:50.730 1503 1503 W UserManagerService: com.android.internal.display.cutout.emulation.hole is allowlisted but not present.
01-01 09:22:50.730 1503 1503 W UserManagerService: com.android.internal.display.cutout.emulation.tall is allowlisted but not present.
01-01 09:22:50.730 1503 1503 W UserManagerService: com.android.theme.color.black is allowlisted but not present.
01-01 09:22:50.730 1503 1503 W UserManagerService: com.android.theme.color.green is allowlisted but not present.
01-01 09:22:50.730 1503 1503 W UserManagerService: com.android.theme.color.ocean is allowlisted but not present.
01-01 09:22:50.730 1503 1503 W UserManagerService: com.android.theme.color.space is allowlisted but not present.
01-01 09:22:50.730 1503 1503 W UserManagerService: com.android.internal.systemui.navbar.threebutton is allowlisted but not present.
01-01 09:22:50.730 1503 1503 W UserManagerService: com.qti.qualcomm.datastatusnotification is allowlisted but not present.
01-01 09:22:50.730 1503 1503 W UserManagerService: com.qualcomm.qti.callfeaturessetting is allowlisted but not present.
01-01 09:22:50.730 1503 1503 W UserManagerService: com.android.theme.icon_pack.rounded.launcher is allowlisted but not present.
01-01 09:22:50.730 1503 1503 W UserManagerService: com.qti.qualcomm.deviceinfo is allowlisted but not present.
01-01 09:22:50.730 1503 1503 W UserManagerService: com.android.theme.icon_pack.kai.settings is allowlisted but not present.
01-01 09:22:50.730 1503 1503 W UserManagerService: com.android.internal.systemui.navbar.twobutton is allowlisted but not present.
01-01 09:22:50.730 1503 1503 W UserManagerService: org.codeaurora.ims is allowlisted but not present.
01-01 09:22:50.730 1503 1503 W UserManagerService: com.android.theme.icon_pack.sam.settings is allowlisted but not present.
01-01 09:22:50.730 1503 1503 W UserManagerService: com.android.theme.icon_pack.kai.themepicker is allowlisted but not present.
01-01 09:22:50.730 1503 1503 W UserManagerService: com.qualcomm.qcrilmsgtunnel is allowlisted but not present.
01-01 09:22:50.730 1503 1503 W UserManagerService: com.android.theme.icon_pack.victor.launcher is allowlisted but not present.
01-01 09:22:50.730 1503 1503 W UserManagerService: com.android.theme.icon_pack.filled.settings is allowlisted but not present.
01-01 09:22:50.730 1503 1503 W UserManagerService: com.android.theme.icon_pack.kai.systemui is allowlisted but not present.
01-01 09:22:50.730 1503 1503 W UserManagerService: com.android.theme.icon_pack.circular.settings is allowlisted but not present.
01-01 09:22:50.730 1503 1503 W UserManagerService: com.qti.xdivert is allowlisted but not present.
01-01 09:22:50.730 1503 1503 W UserManagerService: com.android.theme.icon_pack.sam.systemui is allowlisted but not present.
01-01 09:22:50.730 1503 1503 W UserManagerService: com.android.theme.icon.teardrop is allowlisted but not present.
01-01 09:22:50.730 1503 1503 W UserManagerService: com.android.theme.icon_pack.rounded.themepicker is allowlisted but not present.
01-01 09:22:50.730 1503 1503 W UserManagerService: com.android.theme.icon_pack.filled.systemui is allowlisted but not present.
01-01 09:22:50.730 1503 1503 W UserManagerService: com.qualcomm.qti.imsiprivacy.tests is allowlisted but not present.
01-01 09:22:50.730 1503 1503 W UserManagerService: com.android.theme.icon_pack.sam.android is allowlisted but not present.
01-01 09:22:50.730 1503 1503 W UserManagerService: com.android.theme.icon_pack.filled.android is allowlisted but not present.
01-01 09:22:50.730 1503 1503 W UserManagerService: com.android.theme.icon_pack.circular.systemui is allowlisted but not present.
01-01 09:22:50.730 1503 1503 W UserManagerService: com.android.theme.icon_pack.kai.android is allowlisted but not present.
01-01 09:22:50.730 1503 1503 W UserManagerService: com.android.theme.icon_pack.kai.launcher is allowlisted but not present.
01-01 09:22:50.730 1503 1503 W UserManagerService: com.qualcomm.qti.sam.service is allowlisted but not present.
01-01 09:22:50.730 1503 1503 W UserManagerService: com.android.theme.icon_pack.sam.launcher is allowlisted but not present.
01-01 09:22:50.730 1503 1503 W UserManagerService: com.android.theme.icon.squircle is allowlisted but not present.
01-01 09:22:50.730 1503 1503 W UserManagerService: com.android.theme.icon_pack.victor.android is allowlisted but not present.
01-01 09:22:50.730 1503 1503 W UserManagerService: com.android.theme.color.palette is allowlisted but not present.
01-01 09:22:50.730 1503 1503 W UserManagerService: com.android.theme.icon_pack.filled.launcher is allowlisted but not present.
01-01 09:22:50.730 1503 1503 W UserManagerService: com.android.theme.color.carbon is allowlisted but not present.
01-01 09:22:50.730 1503 1503 W UserManagerService: com.android.theme.icon_pack.circular.launcher is allowlisted but not present.
01-01 09:22:50.730 1503 1503 W UserManagerService: com.android.theme.icon_pack.filled.themepicker is allowlisted but not present.
01-01 09:22:50.730 1503 1503 W UserManagerService: com.android.theme.icon_pack.victor.themepicker is allowlisted but not present.
01-01 09:22:50.730 1503 1503 W UserManagerService: com.android.theme.color.orchid is allowlisted but not present.
01-01 09:22:50.730 1503 1503 W UserManagerService: com.android.theme.color.purple is allowlisted but not present.
01-01 09:22:50.730 1503 1503 W UserManagerService: com.qualcomm.qti.confdialer is allowlisted but not present.
01-01 09:22:50.730 1503 1503 W UserManagerService: com.android.theme.icon_pack.sam.themepicker is allowlisted but not present.
01-01 09:22:50.730 1503 1503 W UserManagerService: com.qualcomm.atfwd is allowlisted but not present.
01-01 09:22:50.730 1503 1503 W UserManagerService: com.android.theme.icon.roundedrect is allowlisted but not present.
01-01 09:22:50.730 1503 1503 W UserManagerService: com.android.theme.icon_pack.rounded.settings is allowlisted but not present.
01-01 09:22:50.730 1503 1503 W UserManagerService: org.codeaurora.qti.nrNetworkSettingApp is allowlisted but not present.
01-01 09:22:50.730 1503 1503 W UserManagerService: com.android.theme.icon_pack.circular.android is allowlisted but not present.
01-01 09:22:50.730 1503 1503 I UserManagerService: Reviewing whitelisted packages due to [firstBoot]
01-01 09:22:50.734 1503 1503 I Watchdog: Resuming HandlerChecker: main thread for reason: packagemanagermain. Pause count: 0
01-01 09:22:50.735 1503 1503 I SystemServerDexLoadReporter: Configuring system server dex reporter
01-01 09:22:50.737 1503 1503 I SystemServerTiming: StartOtaDexOptService
01-01 09:22:50.737 1503 1503 I Watchdog: Pausing HandlerChecker: main thread for reason: moveab. Pause count: 1
01-01 09:22:50.737 1503 1503 D OTADexopt: No upgrade, skipping A/B artifacts check.
01-01 09:22:50.737 1503 1503 I Watchdog: Resuming HandlerChecker: main thread for reason: moveab. Pause count: 0
01-01 09:22:50.737 1503 1503 I SystemServerTiming: StartUserManagerService
01-01 09:22:50.737 1503 1503 I SystemServiceManager: Starting com.android.server.pm.UserManagerService$LifeCycle
01-01 09:22:50.737 1503 1503 I SystemServerTiming: InitAttributerCache
01-01 09:22:50.737 1503 1503 I SystemServerTiming: SetSystemProcess
01-01 09:22:50.739 1503 1614 I ActivityManager: Connection with lmkd established
01-01 09:22:50.740 1503 1503 I SystemServerTiming: InitWatchdog
01-01 09:22:50.740 1503 1503 I SystemServerTiming: StartOverlayManagerService
01-01 09:22:50.750 1183 1722 I storaged: storaged: Start
01-01 09:22:50.754 1503 1591 V HistoricalRegistry: Interaction before persistence initialized
01-01 09:22:50.754 1503 1591 V HistoricalRegistry: Interaction before persistence initialized
01-01 09:22:50.797 1503 1503 I SystemServerTiming: StartSensorPrivacyService
01-01 09:22:50.799 1503 1503 I SystemServerTiming: StartSensorService
01-01 09:22:50.799 1503 1503 I SystemServiceManager: Starting com.android.server.sensors.SensorService
01-01 09:22:50.799 1503 1503 I SystemServerTiming: startCoreServices
01-01 09:22:50.799 1503 1503 I SystemServerTiming: StartSystemConfigService
01-01 09:22:50.799 1503 1503 I SystemServiceManager: Starting com.android.server.SystemConfigService
01-01 09:22:50.799 1503 1727 I SystemServerTimingAsync: InitThreadPoolExec:StartNativeSensorService
01-01 09:22:50.799 1503 1727 I SystemServerTimingAsync: StartNativeSensorService
01-01 09:22:50.800 1503 1503 I SystemServerTiming: StartBatteryService
01-01 09:22:50.800 1503 1503 I SystemServiceManager: Starting com.android.server.BatteryService
01-01 09:22:50.802 0 0 W healthd : battery none chg=
01-01 09:22:50.803 1503 1503 I HealthServiceWrapper: health: HealthServiceWrapper listening to instance default
01-01 09:22:50.803 1503 1503 I BatteryService: health: Waited 0ms and received the update.
01-01 09:22:50.804 1503 1503 I SystemServerTiming: StartUsageService
01-01 09:22:50.804 1503 1503 I SystemServiceManager: Starting com.android.server.usage.UsageStatsService
01-01 09:22:50.806 1503 1503 I SystemServerTiming: StartWebViewUpdateService
01-01 09:22:50.806 1503 1503 I SystemServiceManager: Starting com.android.server.webkit.WebViewUpdateService
01-01 09:22:50.807 1503 1503 I SystemServerTiming: StartCachedDeviceStateService
01-01 09:22:50.807 1503 1503 I SystemServiceManager: Starting com.android.server.CachedDeviceStateService
01-01 09:22:50.807 1503 1503 I SystemServerTiming: StartBinderCallsStatsService
01-01 09:22:50.807 1503 1503 I SystemServiceManager: Starting com.android.server.BinderCallsStatsService$LifeCycle
01-01 09:22:50.808 1503 1503 I SystemServerTiming: StartLooperStatsService
01-01 09:22:50.808 1503 1503 I SystemServiceManager: Starting com.android.server.LooperStatsService$Lifecycle
01-01 09:22:50.808 1503 1503 I SystemServerTiming: StartRollbackManagerService
01-01 09:22:50.809 1503 1503 I SystemServiceManager: Starting com.android.server.rollback.RollbackManagerService
01-01 09:22:50.810 1503 1503 I PackageWatchdog: Syncing state, reason: added new observer
01-01 09:22:50.810 1503 1503 I PackageWatchdog: Not pruning observers, elapsed time: 0ms
01-01 09:22:50.810 1503 1503 I PackageWatchdog: Cancelling state sync, nothing to sync
01-01 09:22:50.811 1503 1503 I SystemServerTiming: StartNativeTombstoneManagerService
01-01 09:22:50.811 1503 1503 I SystemServiceManager: Starting com.android.server.os.NativeTombstoneManagerService
01-01 09:22:50.812 1503 1503 I SystemServerTiming: StartBugreportManagerService
01-01 09:22:50.812 1503 1503 I SystemServiceManager: Starting com.android.server.os.BugreportManagerService
01-01 09:22:50.812 1503 1503 I SystemServerTiming: GpuService
01-01 09:22:50.813 1503 1503 I SystemServiceManager: Starting com.android.server.gpu.GpuService
01-01 09:22:50.813 1503 1503 I SystemServerTiming: startOtherServices
01-01 09:22:50.813 1503 1611 I PackageWatchdog: Saving observer state to file
01-01 09:22:50.813 1503 1503 I SystemServerTiming: StartKeyAttestationApplicationIdProviderService
01-01 09:22:50.813 1503 1737 I SystemServerTimingAsync: InitThreadPoolExec:SecondaryZygotePreload
01-01 09:22:50.813 1503 1503 I SystemServerTiming: StartKeyChainSystemService
01-01 09:22:50.813 1503 1737 I SystemServer: SecondaryZygotePreload
01-01 09:22:50.813 1503 1503 I SystemServiceManager: Starting com.android.server.security.KeyChainSystemService
01-01 09:22:50.813 1503 1737 I SystemServerTimingAsync: SecondaryZygotePreload
01-01 09:22:50.813 1503 1503 I SystemServerTiming: StartSchedulingPolicyService
01-01 09:22:50.814 1503 1503 I SystemServerTiming: StartTelecomLoaderService
01-01 09:22:50.814 1503 1503 I SystemServiceManager: Starting com.android.server.telecom.TelecomLoaderService
01-01 09:22:50.814 1503 1738 I SystemServerTimingAsync: InitThreadPoolExec:SchedulingPolicyService.
01-01 09:22:50.814 1503 1503 I SystemServerTiming: StartTelephonyRegistry
01-01 09:22:50.815 1503 1503 I SystemServerTiming: StartEntropyMixer
01-01 09:22:50.815 1503 1503 W EntropyMixer: No existing entropy file -- first boot?
01-01 09:22:50.815 1503 1503 I EntropyMixer: Writing entropy...
01-01 09:22:50.816 1503 1503 I SystemServerTiming: StartAccountManagerService
01-01 09:22:50.816 1503 1503 I SystemServiceManager: Starting com.android.server.accounts.AccountManagerService$Lifecycle
01-01 09:22:50.820 1503 1503 I SystemServerTiming: StartContentService
01-01 09:22:50.820 1503 1503 I SystemServiceManager: Starting com.android.server.content.ContentService$Lifecycle
01-01 09:22:50.820 1503 1503 I SystemServerTiming: InstallSystemProviders
01-01 09:22:50.851 1503 1718 I PackageManager: Deferred reconcileAppsData finished 112 packages
01-01 09:22:50.861 0 0 W F2FS-fs (dm-10): Unexpected flush for atomic writes: ino=1414, npages=3
01-01 09:22:50.870 1503 1503 W SettingsState: No settings state /data/system/users/0/settings_system.xml
01-01 09:22:50.873 1503 1503 I SettingsState: directory info for directory/file /data/system/users/0/settings_system.xml with stacktrace
01-01 09:22:50.873 1503 1503 I SettingsState: java.lang.Exception
01-01 09:22:50.873 1503 1503 I SettingsState: at com.android.providers.settings.SettingsState.logSettingsDirectoryInformation(SettingsState.java:877)
01-01 09:22:50.873 1503 1503 I SettingsState: at com.android.providers.settings.SettingsState.readStateSyncLocked(SettingsState.java:1008)
01-01 09:22:50.873 1503 1503 I SettingsState: at com.android.providers.settings.SettingsState.(SettingsState.java:283)
01-01 09:22:50.873 1503 1503 I SettingsState: at com.android.providers.settings.SettingsProvider$SettingsRegistry.ensureSettingsStateLocked(SettingsProvider.java:2883)
01-01 09:22:50.873 1503 1503 I SettingsState: at com.android.providers.settings.SettingsProvider$SettingsRegistry.migrateLegacySettingsForUserLocked(SettingsProvider.java:3250)
01-01 09:22:50.873 1503 1503 I SettingsState: at com.android.providers.settings.SettingsProvider$SettingsRegistry.migrateAllLegacySettingsIfNeededLocked(SettingsProvider.java:3216)
01-01 09:22:50.873 1503 1503 I SettingsState: at com.android.providers.settings.SettingsProvider$SettingsRegistry.access$000(SettingsProvider.java:2666)
01-01 09:22:50.873 1503 1503 I SettingsState: at com.android.providers.settings.SettingsProvider.onCreate(SettingsProvider.java:395)
01-01 09:22:50.873 1503 1503 I SettingsState: at android.content.ContentProvider.attachInfo(ContentProvider.java:2404)
01-01 09:22:50.873 1503 1503 I SettingsState: at android.content.ContentProvider.attachInfo(ContentProvider.java:2374)
01-01 09:22:50.873 1503 1503 I SettingsState: at android.app.ActivityThread.installProvider(ActivityThread.java:7463)
01-01 09:22:50.873 1503 1503 I SettingsState: at android.app.ActivityThread.installContentProviders(ActivityThread.java:6980)
01-01 09:22:50.873 1503 1503 I SettingsState: at android.app.ActivityThread.installSystemProviders(ActivityThread.java:7650)
01-01 09:22:50.873 1503 1503 I SettingsState: at com.android.server.am.ContentProviderHelper.installSystemProviders(ContentProviderHelper.java:1247)
01-01 09:22:50.873 1503 1503 I SettingsState: at com.android.server.SystemServer.startOtherServices(SystemServer.java:1440)
01-01 09:22:50.873 1503 1503 I SettingsState: at com.android.server.SystemServer.run(SystemServer.java:884)
01-01 09:22:50.873 1503 1503 I SettingsState: at com.android.server.SystemServer.main(SystemServer.java:615)
01-01 09:22:50.873 1503 1503 I SettingsState: at java.lang.reflect.Method.invoke(Native Method)
01-01 09:22:50.873 1503 1503 I SettingsState: at com.android.internal.os.RuntimeInit$MethodAndArgsCaller.run(RuntimeInit.java:548)
01-01 09:22:50.873 1503 1503 I SettingsState: at com.android.internal.os.ZygoteInit.main(ZygoteInit.java:987)
01-01 09:22:50.873 1503 1503 I SettingsState: ancestor directory /data/system/users/0 exists
01-01 09:22:50.873 1503 1503 I SettingsState: ancestor directory /data/system/users/0 permissions: r: true w: true x: true
01-01 09:22:50.873 1503 1503 I SettingsState: ancestor's parent directory /data/system/users permissions: r: true w: true x: true
01-01 09:22:50.874 1503 1503 W SettingsState: No settings state /data/system/users/0/settings_secure.xml
01-01 09:22:50.875 1503 1503 I SettingsState: directory info for directory/file /data/system/users/0/settings_secure.xml with stacktrace
01-01 09:22:50.875 1503 1503 I SettingsState: java.lang.Exception
01-01 09:22:50.875 1503 1503 I SettingsState: at com.android.providers.settings.SettingsState.logSettingsDirectoryInformation(SettingsState.java:877)
01-01 09:22:50.875 1503 1503 I SettingsState: at com.android.providers.settings.SettingsState.readStateSyncLocked(SettingsState.java:1008)
01-01 09:22:50.875 1503 1503 I SettingsState: at com.android.providers.settings.SettingsState.(SettingsState.java:283)
01-01 09:22:50.875 1503 1503 I SettingsState: at com.android.providers.settings.SettingsProvider$SettingsRegistry.ensureSettingsStateLocked(SettingsProvider.java:2883)
01-01 09:22:50.875 1503 1503 I SettingsState: at com.android.providers.settings.SettingsProvider$SettingsRegistry.migrateLegacySettingsForUserLocked(SettingsProvider.java:3259)
01-01 09:22:50.875 1503 1503 I SettingsState: at com.android.providers.settings.SettingsProvider$SettingsRegistry.migrateAllLegacySettingsIfNeededLocked(SettingsProvider.java:3216)
01-01 09:22:50.875 1503 1503 I SettingsState: at com.android.providers.settings.SettingsProvider$SettingsRegistry.access$000(SettingsProvider.java:2666)
01-01 09:22:50.875 1503 1503 I SettingsState: at com.android.providers.settings.SettingsProvider.onCreate(SettingsProvider.java:395)
01-01 09:22:50.875 1503 1503 I SettingsState: at android.content.ContentProvider.attachInfo(ContentProvider.java:2404)
01-01 09:22:50.875 1503 1503 I SettingsState: at android.content.ContentProvider.attachInfo(ContentProvider.java:2374)
01-01 09:22:50.875 1503 1503 I SettingsState: at android.app.ActivityThread.installProvider(ActivityThread.java:7463)
01-01 09:22:50.875 1503 1503 I SettingsState: at android.app.ActivityThread.installContentProviders(ActivityThread.java:6980)
01-01 09:22:50.875 1503 1503 I SettingsState: at android.app.ActivityThread.installSystemProviders(ActivityThread.java:7650)
01-01 09:22:50.875 1503 1503 I SettingsState: at com.android.server.am.ContentProviderHelper.installSystemProviders(ContentProviderHelper.java:1247)
01-01 09:22:50.875 1503 1503 I SettingsState: at com.android.server.SystemServer.startOtherServices(SystemServer.java:1440)
01-01 09:22:50.875 1503 1503 I SettingsState: at com.android.server.SystemServer.run(SystemServer.java:884)
01-01 09:22:50.875 1503 1503 I SettingsState: at com.android.server.SystemServer.main(SystemServer.java:615)
01-01 09:22:50.875 1503 1503 I SettingsState: at java.lang.reflect.Method.invoke(Native Method)
01-01 09:22:50.875 1503 1503 I SettingsState: at com.android.internal.os.RuntimeInit$MethodAndArgsCaller.run(RuntimeInit.java:548)
01-01 09:22:50.875 1503 1503 I SettingsState: at com.android.internal.os.ZygoteInit.main(ZygoteInit.java:987)
01-01 09:22:50.875 1503 1503 I SettingsState: ancestor directory /data/system/users/0 exists
01-01 09:22:50.875 1503 1503 I SettingsState: ancestor directory /data/system/users/0 permissions: r: true w: true x: true
01-01 09:22:50.875 1503 1503 I SettingsState: ancestor's parent directory /data/system/users permissions: r: true w: true x: true
01-01 09:22:50.876 1503 1503 D SettingsProvider: Generated and saved new ANDROID_ID [d5c5a82e6bcfb518] for user 0
01-01 09:22:50.876 1503 1503 W SettingsState: No settings state /data/system/users/0/settings_global.xml
01-01 09:22:50.876 1503 1503 I SettingsState: directory info for directory/file /data/system/users/0/settings_global.xml with stacktrace
01-01 09:22:50.876 1503 1503 I SettingsState: java.lang.Exception
01-01 09:22:50.876 1503 1503 I SettingsState: at com.android.providers.settings.SettingsState.logSettingsDirectoryInformation(SettingsState.java:877)
01-01 09:22:50.876 1503 1503 I SettingsState: at com.android.providers.settings.SettingsState.readStateSyncLocked(SettingsState.java:1008)
01-01 09:22:50.876 1503 1503 I SettingsState: at com.android.providers.settings.SettingsState.(SettingsState.java:283)
01-01 09:22:50.876 1503 1503 I SettingsState: at com.android.providers.settings.SettingsProvider$SettingsRegistry.ensureSettingsStateLocked(SettingsProvider.java:2883)
01-01 09:22:50.876 1503 1503 I SettingsState: at com.android.providers.settings.SettingsProvider$SettingsRegistry.migrateLegacySettingsForUserLocked(SettingsProvider.java:3270)
01-01 09:22:50.876 1503 1503 I SettingsState: at com.android.providers.settings.SettingsProvider$SettingsRegistry.migrateAllLegacySettingsIfNeededLocked(SettingsProvider.java:3216)
01-01 09:22:50.876 1503 1503 I SettingsState: at com.android.providers.settings.SettingsProvider$SettingsRegistry.access$000(SettingsProvider.java:2666)
01-01 09:22:50.876 1503 1503 I SettingsState: at com.android.providers.settings.SettingsProvider.onCreate(SettingsProvider.java:395)
01-01 09:22:50.876 1503 1503 I SettingsState: at android.content.ContentProvider.attachInfo(ContentProvider.java:2404)
01-01 09:22:50.876 1503 1503 I SettingsState: at android.content.ContentProvider.attachInfo(ContentProvider.java:2374)
01-01 09:22:50.876 1503 1503 I SettingsState: at android.app.ActivityThread.installProvider(ActivityThread.java:7463)
01-01 09:22:50.876 1503 1503 I SettingsState: at android.app.ActivityThread.installContentProviders(ActivityThread.java:6980)
01-01 09:22:50.876 1503 1503 I SettingsState: at android.app.ActivityThread.installSystemProviders(ActivityThread.java:7650)
01-01 09:22:50.876 1503 1503 I SettingsState: at com.android.server.am.ContentProviderHelper.installSystemProviders(ContentProviderHelper.java:1247)
01-01 09:22:50.876 1503 1503 I SettingsState: at com.android.server.SystemServer.startOtherServices(SystemServer.java:1440)
01-01 09:22:50.876 1503 1503 I SettingsState: at com.android.server.SystemServer.run(SystemServer.java:884)
01-01 09:22:50.876 1503 1503 I SettingsState: at com.android.server.SystemServer.main(SystemServer.java:615)
01-01 09:22:50.876 1503 1503 I SettingsState: at java.lang.reflect.Method.invoke(Native Method)
01-01 09:22:50.876 1503 1503 I SettingsState: at com.android.internal.os.RuntimeInit$MethodAndArgsCaller.run(RuntimeInit.java:548)
01-01 09:22:50.876 1503 1503 I SettingsState: at com.android.internal.os.ZygoteInit.main(ZygoteInit.java:987)
01-01 09:22:50.876 1503 1503 I SettingsState: ancestor directory /data/system/users/0 exists
01-01 09:22:50.876 1503 1503 I SettingsState: ancestor directory /data/system/users/0 permissions: r: true w: true x: true
01-01 09:22:50.876 1503 1503 I SettingsState: ancestor's parent directory /data/system/users permissions: r: true w: true x: true
01-01 09:22:50.879 1503 1503 D SettingsProvider: Setting [] as Autofill Service for user 0
01-01 09:22:50.887 1503 1601 W ActivityTaskManager: Skip updateConfiguration because mWindowManager isn't set
01-01 09:22:50.888 1503 1503 W SettingsState: No settings state /data/system/users/0/settings_config.xml
01-01 09:22:50.888 1503 1503 I SettingsState: directory info for directory/file /data/system/users/0/settings_config.xml with stacktrace
01-01 09:22:50.888 1503 1503 I SettingsState: java.lang.Exception
01-01 09:22:50.888 1503 1503 I SettingsState: at com.android.providers.settings.SettingsState.logSettingsDirectoryInformation(SettingsState.java:877)
01-01 09:22:50.888 1503 1503 I SettingsState: at com.android.providers.settings.SettingsState.readStateSyncLocked(SettingsState.java:1008)
01-01 09:22:50.888 1503 1503 I SettingsState: at com.android.providers.settings.SettingsState.(SettingsState.java:283)
01-01 09:22:50.888 1503 1503 I SettingsState: at com.android.providers.settings.SettingsProvider$SettingsRegistry.ensureSettingsStateLocked(SettingsProvider.java:2883)
01-01 09:22:50.888 1503 1503 I SettingsState: at com.android.providers.settings.SettingsProvider$SettingsRegistry.ensureSettingsForUserLocked(SettingsProvider.java:2848)
01-01 09:22:50.888 1503 1503 I SettingsState: at com.android.providers.settings.SettingsProvider$SettingsRegistry.peekSettingsStateLocked(SettingsProvider.java:3191)
01-01 09:22:50.888 1503 1503 I SettingsState: at com.android.providers.settings.SettingsProvider$SettingsRegistry.getSettingsNamesLocked(SettingsProvider.java:2813)
01-01 09:22:50.888 1503 1503 I SettingsState: at com.android.providers.settings.SettingsProvider$SettingsRegistry.syncSsaidTableOnStartLocked(SettingsProvider.java:2796)
01-01 09:22:50.888 1503 1503 I SettingsState: at com.android.providers.settings.SettingsProvider$SettingsRegistry.access$100(SettingsProvider.java:2666)
01-01 09:22:50.888 1503 1503 I SettingsState: at com.android.providers.settings.SettingsProvider.onCreate(SettingsProvider.java:396)
01-01 09:22:50.888 1503 1503 I SettingsState: at android.content.ContentProvider.attachInfo(ContentProvider.java:2404)
01-01 09:22:50.888 1503 1503 I SettingsState: at android.content.ContentProvider.attachInfo(ContentProvider.java:2374)
01-01 09:22:50.888 1503 1503 I SettingsState: at android.app.ActivityThread.installProvider(ActivityThread.java:7463)
01-01 09:22:50.888 1503 1503 I SettingsState: at android.app.ActivityThread.installContentProviders(ActivityThread.java:6980)
01-01 09:22:50.888 1503 1503 I SettingsState: at android.app.ActivityThread.installSystemProviders(ActivityThread.java:7650)
01-01 09:22:50.888 1503 1503 I SettingsState: at com.android.server.am.ContentProviderHelper.installSystemProviders(ContentProviderHelper.java:1247)
01-01 09:22:50.888 1503 1503 I SettingsState: at com.android.server.SystemServer.startOtherServices(SystemServer.java:1440)
01-01 09:22:50.888 1503 1503 I SettingsState: at com.android.server.SystemServer.run(SystemServer.java:884)
01-01 09:22:50.888 1503 1503 I SettingsState: at com.android.server.SystemServer.main(SystemServer.java:615)
01-01 09:22:50.888 1503 1503 I SettingsState: at java.lang.reflect.Method.invoke(Native Method)
01-01 09:22:50.888 1503 1503 I SettingsState: at com.android.internal.os.RuntimeInit$MethodAndArgsCaller.run(RuntimeInit.java:548)
01-01 09:22:50.888 1503 1503 I SettingsState: at com.android.internal.os.ZygoteInit.main(ZygoteInit.java:987)
01-01 09:22:50.888 1503 1503 I SettingsState: ancestor directory /data/system/users/0 exists
01-01 09:22:50.888 1503 1503 I SettingsState: ancestor directory /data/system/users/0 permissions: r: true w: true x: true
01-01 09:22:50.888 1503 1503 I SettingsState: ancestor's parent directory /data/system/users permissions: r: true w: true x: true
01-01 09:22:50.888 1503 1503 W SettingsState: No settings state /data/system/users/0/settings_ssaid.xml
01-01 09:22:50.889 1503 1503 I SettingsState: directory info for directory/file /data/system/users/0/settings_ssaid.xml with stacktrace
01-01 09:22:50.889 1503 1503 I SettingsState: java.lang.Exception
01-01 09:22:50.889 1503 1503 I SettingsState: at com.android.providers.settings.SettingsState.logSettingsDirectoryInformation(SettingsState.java:877)
01-01 09:22:50.889 1503 1503 I SettingsState: at com.android.providers.settings.SettingsState.readStateSyncLocked(SettingsState.java:1008)
01-01 09:22:50.889 1503 1503 I SettingsState: at com.android.providers.settings.SettingsState.(SettingsState.java:283)
01-01 09:22:50.889 1503 1503 I SettingsState: at com.android.providers.settings.SettingsProvider$SettingsRegistry.ensureSettingsStateLocked(SettingsProvider.java:2883)
01-01 09:22:50.889 1503 1503 I SettingsState: at com.android.providers.settings.SettingsProvider$SettingsRegistry.ensureSettingsForUserLocked(SettingsProvider.java:2871)
01-01 09:22:50.889 1503 1503 I SettingsState: at com.android.providers.settings.SettingsProvider$SettingsRegistry.peekSettingsStateLocked(SettingsProvider.java:3191)
01-01 09:22:50.889 1503 1503 I SettingsState: at com.android.providers.settings.SettingsProvider$SettingsRegistry.getSettingsNamesLocked(SettingsProvider.java:2813)
01-01 09:22:50.889 1503 1503 I SettingsState: at com.android.providers.settings.SettingsProvider$SettingsRegistry.syncSsaidTableOnStartLocked(SettingsProvider.java:2796)
01-01 09:22:50.889 1503 1503 I SettingsState: at com.android.providers.settings.SettingsProvider$SettingsRegistry.access$100(SettingsProvider.java:2666)
01-01 09:22:50.889 1503 1503 I SettingsState: at com.android.providers.settings.SettingsProvider.onCreate(SettingsProvider.java:396)
01-01 09:22:50.889 1503 1503 I SettingsState: at android.content.ContentProvider.attachInfo(ContentProvider.java:2404)
01-01 09:22:50.889 1503 1503 I SettingsState: at android.content.ContentProvider.attachInfo(ContentProvider.java:2374)
01-01 09:22:50.889 1503 1503 I SettingsState: at android.app.ActivityThread.installProvider(ActivityThread.java:7463)
01-01 09:22:50.889 1503 1503 I SettingsState: at android.app.ActivityThread.installContentProviders(ActivityThread.java:6980)
01-01 09:22:50.889 1503 1503 I SettingsState: at android.app.ActivityThread.installSystemProviders(ActivityThread.java:7650)
01-01 09:22:50.889 1503 1503 I SettingsState: at com.android.server.am.ContentProviderHelper.installSystemProviders(ContentProviderHelper.java:1247)
01-01 09:22:50.889 1503 1503 I SettingsState: at com.android.server.SystemServer.startOtherServices(SystemServer.java:1440)
01-01 09:22:50.889 1503 1503 I SettingsState: at com.android.server.SystemServer.run(SystemServer.java:884)
01-01 09:22:50.889 1503 1503 I SettingsState: at com.android.server.SystemServer.main(SystemServer.java:615)
01-01 09:22:50.889 1503 1503 I SettingsState: at java.lang.reflect.Method.invoke(Native Method)
01-01 09:22:50.889 1503 1503 I SettingsState: at com.android.internal.os.RuntimeInit$MethodAndArgsCaller.run(RuntimeInit.java:548)
01-01 09:22:50.889 1503 1503 I SettingsState: at com.android.internal.os.ZygoteInit.main(ZygoteInit.java:987)
01-01 09:22:50.889 1503 1503 I SettingsState: ancestor directory /data/system/users/0 exists
01-01 09:22:50.889 1503 1503 I SettingsState: ancestor directory /data/system/users/0 permissions: r: true w: true x: true
01-01 09:22:50.889 1503 1503 I SettingsState: ancestor's parent directory /data/system/users permissions: r: true w: true x: true
01-01 09:22:50.897 1503 1612 D ActivityManager: Freezer enabled
01-01 09:22:50.897 1503 1612 D ActivityManager: freezer override set to false
01-01 09:22:50.898 1503 1503 I SystemServerTiming: StartDropBoxManager
01-01 09:22:50.898 1503 1503 I SystemServiceManager: Starting com.android.server.DropBoxManagerService
01-01 09:22:50.898 1503 1503 I SystemServerTiming: StartRoleManagerService
01-01 09:22:50.899 1503 1503 I SystemServiceManager: Starting com.android.role.RoleService
01-01 09:22:50.900 1503 1503 I SystemServerTiming: StartVibratorManagerService
01-01 09:22:50.900 1503 1503 I SystemServiceManager: Starting com.android.server.vibrator.VibratorManagerService$Lifecycle
01-01 09:22:50.903 1503 1503 I SystemServerTiming: StartDynamicSystemService
01-01 09:22:50.903 1503 1503 I SystemServerTiming: StartConsumerIrService
01-01 09:22:50.904 1503 1503 I SystemServerTiming: StartAlarmManagerService
01-01 09:22:50.904 1503 1503 I SystemServiceManager: Starting com.android.server.alarm.AlarmManagerService
01-01 09:22:50.911 1503 1503 I AlarmManager: Current time only 4970911, advancing to build time 1670959342000
12-14 03:22:22.001 1503 1503 I SystemServerTiming: StartInputManagerService
12-14 03:22:22.001 1503 1503 I InputManager: Initializing input manager, mUseDevInputEventForAudioJack=true
12-14 03:22:22.011 1503 1503 I SystemServerTiming: DeviceStateManagerService
12-14 03:22:22.011 1503 1503 I SystemServiceManager: Starting com.android.server.devicestate.DeviceStateManagerService
12-14 03:22:22.037 1503 1590 E PowerManagerService: Tried to acquire wake lock for invalid display: 0
12-14 03:22:22.038 1503 1612 I DropBoxManagerService: add tag=system_server_wtf isTagEnabled=true flags=0x2
01-01 09:22:50.978 0 0 I msm_vidc: high: 00000001: ....e: Opening video instance: 0000000000000000, 0
01-01 09:22:50.978 0 0 I msm_vidc: err : 00000001: ....e: Failed to create debugfs for msm_vidc
01-01 09:22:50.982 0 0 I msm_vidc: high: 00000001: h265e: Closed video instance: 0000000000000000
01-01 09:22:50.992 0 0 I msm_vidc: high: 00000001: ....d: Opening video instance: 0000000000000000, 1
01-01 09:22:50.992 0 0 I msm_vidc: err : 00000001: ....d: Failed to create debugfs for msm_vidc
01-01 09:22:50.995 0 0 I msm_vidc: high: 00000001: h264d: Closed video instance: 0000000000000000
01-01 09:22:51.000 0 0 I msm_vidc: high: 00000001: ....d: Opening video instance: 0000000000000000, 1
01-01 09:22:51.000 0 0 I msm_vidc: err : 00000001: ....d: Failed to create debugfs for msm_vidc
01-01 09:22:51.009 0 0 I msm_vidc: high: 00000001: h264d: Closed video instance: 0000000000000000
01-01 09:22:51.030 0 0 I msm_vidc: high: 00000001: ....d: Opening video instance: 0000000000000000, 1
01-01 09:22:51.030 0 0 I msm_vidc: err : 00000001: ....d: Failed to create debugfs for msm_vidc
01-01 09:22:51.033 0 0 I msm_vidc: high: 00000001: h265d: Closed video instance: 0000000000000000
01-01 09:22:51.038 0 0 I msm_vidc: high: 00000001: ....d: Opening video instance: 0000000000000000, 1
01-01 09:22:51.038 0 0 I msm_vidc: err : 00000001: ....d: Failed to create debugfs for msm_vidc
01-01 09:22:51.041 0 0 I msm_vidc: high: 00000001: h265d: Closed video instance: 0000000000000000
01-01 09:22:51.053 0 0 I msm_vidc: high: 00000001: ....d: Opening video instance: 0000000000000000, 1
01-01 09:22:51.053 0 0 I msm_vidc: err : 00000001: ....d: Failed to create debugfs for msm_vidc
01-01 09:22:51.056 0 0 I msm_vidc: high: 00000001: mpg2d: Closed video instance: 0000000000000000
01-01 09:22:51.060 0 0 I msm_vidc: high: 00000001: ....d: Opening video instance: 0000000000000000, 1
01-01 09:22:51.060 0 0 I msm_vidc: err : 00000001: ....d: Failed to create debugfs for msm_vidc
01-01 09:22:51.062 0 0 I msm_vidc: high: 00000001: mpg2d: Closed video instance: 0000000000000000
01-01 09:22:51.074 0 0 I msm_vidc: high: 00000001: ....d: Opening video instance: 0000000000000000, 1
01-01 09:22:51.074 0 0 I msm_vidc: err : 00000001: ....d: Failed to create debugfs for msm_vidc
01-01 09:22:51.076 0 0 I msm_vidc: high: 00000001: vp8d: Closed video instance: 0000000000000000
01-01 09:22:51.086 0 0 I msm_vidc: high: 00000001: ....d: Opening video instance: 0000000000000000, 1
01-01 09:22:51.086 0 0 I msm_vidc: err : 00000001: ....d: Failed to create debugfs for msm_vidc
01-01 09:22:51.088 0 0 I msm_vidc: high: 00000001: vp9d: Closed video instance: 0000000000000000
01-01 09:22:51.092 0 0 I msm_vidc: high: 00000001: ....d: Opening video instance: 0000000000000000, 1
01-01 09:22:51.092 0 0 I msm_vidc: err : 00000001: ....d: Failed to create debugfs for msm_vidc
01-01 09:22:51.095 0 0 I msm_vidc: high: 00000001: vp9d: Closed video instance: 0000000000000000
01-01 09:22:51.102 0 0 I msm_vidc: high: 00000001: ....e: Opening video instance: 0000000000000000, 0
01-01 09:22:51.102 0 0 I msm_vidc: err : 00000001: ....e: Failed to create debugfs for msm_vidc
01-01 09:22:51.104 0 0 I msm_vidc: high: 00000001: h264e: Closed video instance: 0000000000000000
01-01 09:22:51.139 0 0 I msm_vidc: high: 00000001: ....e: Opening video instance: 0000000000000000, 0
01-01 09:22:51.139 0 0 I msm_vidc: err : 00000001: ....e: Failed to create debugfs for msm_vidc
01-01 09:22:51.143 0 0 I msm_vidc: high: 00000001: h265e: Closed video instance: 0000000000000000
01-01 09:22:51.151 0 0 I msm_vidc: high: 00000001: ....e: Opening video instance: 0000000000000000, 0
01-01 09:22:51.151 0 0 I msm_vidc: err : 00000001: ....e: Failed to create debugfs for msm_vidc
01-01 09:22:51.154 0 0 I msm_vidc: high: 00000001: h265e: Closed video instance: 0000000000000000
01-01 09:22:51.173 0 0 I msm_vidc: high: 00000001: ....e: Opening video instance: 0000000000000000, 0
01-01 09:22:51.173 0 0 I msm_vidc: err : 00000001: ....e: Failed to create debugfs for msm_vidc
01-01 09:22:51.173 0 0 I msm_vidc: err : 00000001: ....e: msm_vidc_comm_update_ctrl: failed: control name Ltr Count, min 0, max 0, step 0, default_value 0
01-01 09:22:51.175 0 0 I msm_vidc: high: 00000001: vp8e: Closed video instance: 0000000000000000
01-01 09:22:51.316 0 0 I msm_vidc: high: 00000001: ....d: Opening video instance: 0000000000000000, 1
01-01 09:22:51.316 0 0 I msm_vidc: err : 00000001: ....d: Failed to create debugfs for msm_vidc
01-01 09:22:51.394 0 0 I afe_find_cal_topo_id_by_port: port id: 0x9000, dev_acdb_id: 0
01-01 09:22:51.394 0 0 I afe_find_cal_topo_id_by_port: top_id:112fc acdb_id:15 afe_port:0x9000
01-01 09:22:51.394 0 0 I afe_get_cal_topology_id: port_id = 0x9000 acdb_id = 15 topology_id = 0x112fc cal_type_index=8 ret=0
01-01 09:22:51.394 0 0 I afe_send_port_topology_id: AFE set topology id 0x112fc enable for port 0x9000 ret 0
01-01 09:22:51.394 0 0 I send_afe_cal_type: cal_index is 0
01-01 09:22:51.394 0 0 I send_afe_cal_type: dev_acdb_id[55] is 0
01-01 09:22:51.394 0 0 I send_afe_cal_type: Sending cal_index cal 0
01-01 09:22:51.394 0 0 E send_afe_cal_type: No cal sent for cal_index 0, port_id = 0x9000! ret -22
01-01 09:22:51.394 0 0 I afe_send_hw_delay: port_id 0x9000 rate 48000 delay_usec 474 status 0
01-01 09:22:51.449 0 0 E : [MAX975X:max96755x_drm_notifier_callback] *ERROR* receives EARLY_BLANK:UNBLANK
01-01 09:22:51.449 0 0 I cyttsp7_i2c_adapter 0-0024: FB event:2,blank:0
01-01 09:22:51.449 0 0 I cyttsp7_i2c_adapter 0-0024: suspend: event = 2, blank = 0, not care
01-01 09:22:51.449 0 0 I [drm:dsi_display_set_mode] [msm-dsi-info]: mdp_transfer_time_us=0 us
01-01 09:22:51.449 0 0 I [drm:dsi_display_set_mode] [msm-dsi-info]: hactive= 2380,vactive= 1020,fps=60
01-01 09:22:51.449 0 0 I [drm:dsi_ctrl_isr_configure] [msm-dsi-info]: dsi-ctrl-0: IRQ 402 registered
01-01 09:22:51.502 0 0 E : [MAX975X:max96755x_drm_notifier_callback] *ERROR* receives BLANK:UNBLANK
01-01 09:22:51.502 0 0 I cyttsp7_i2c_adapter 0-0024: FB event:1,blank:0
01-01 09:22:51.502 0 0 I cyttsp7_i2c_adapter 0-0024: drm_notifier_callback: UNBLANK! Resume by drm notifier.
01-01 09:22:51.614 0 0 D : mv2112_read_status
01-01 09:22:51.614 0 0 D mv2112_update_link: 3.0x901(1G): 0x80
01-01 09:22:51.615 0 0 D mv2112_update_link: 3.0x8109(100M): 0x8
01-01 09:22:51.615 0 0 D mv2112_update_link: link 0x0
01-01 09:22:51.615 0 0 D mv2112_read_status: autoneg is disabled
12-14 03:22:22.872 1156 1156 W iorapd : Readahead disabled by system property
12-14 03:22:22.873 1156 1156 W iorapd : Reconnect to package manager service: 1 times
12-14 03:22:22.881 1936 1936 D iorap.prefetcherd: Installing minijail
12-14 03:22:22.881 1936 1936 W iorap.prefetcherd: No seccomp filter defined for this architecture.
01-01 09:22:51.807 0 0 E init : Control message: Could not find 'android.hardware.sensors@2.0::ISensors/default' for ctl.interface_start from pid: 503 (/system/bin/hwservicemanager)
01-01 09:22:52.617 0 0 E init : Control message: Could not find 'android.frameworks.sensorservice@1.0::ISensorManager/default' for ctl.interface_start from pid: 503 (/system/bin/hwservicemanager)
01-01 09:22:52.631 0 0 E init : Control message: Could not find 'android.frameworks.sensorservice@1.0::ISensorManager/default' for ctl.interface_start from pid: 503 (/system/bin/hwservicemanager)
01-01 09:22:52.638 0 0 D : mv2112_read_status
01-01 09:22:52.638 0 0 D mv2112_update_link: 3.0x901(1G): 0x80
01-01 09:22:52.639 0 0 D mv2112_update_link: 3.0x8109(100M): 0x8
01-01 09:22:52.639 0 0 D mv2112_update_link: link 0x0
01-01 09:22:52.639 0 0 D mv2112_read_status: autoneg is disabled
12-14 03:22:23.873 1156 1156 I iorapd : iorapd (the prefetchening) readied up
01-01 09:22:52.808 0 0 E init : Control message: Could not find 'android.hardware.sensors@2.0::ISensors/default' for ctl.interface_start from pid: 503 (/system/bin/hwservicemanager)
01-01 09:22:52.821 0 0 D cnss : Received QMI WLFW pin connect result indication
01-01 09:22:52.821 0 0 D cnss : Pin connect Result: pwr_pin: 0x0 phy_io_pin: 0x0 rf_io_pin: 0x2b
01-01 09:22:52.821 0 0 D cnss : Received QMI WLFW calibration done indication
01-01 09:22:52.821 0 0 D cnss : Posting event: COLD_BOOT_CAL_DONE(6), state: 0xf flags: 0x0
01-01 09:22:52.821 0 0 D cnss : PM stay awake, state: 0xf, count: 1
01-01 09:22:52.821 0 0 D cnss : PM relax, state: 0xf, count: 0
01-01 09:22:52.821 0 0 D cnss : Received QMI WLFW FW ready indication
01-01 09:22:52.821 0 0 D cnss : Posting event: COLD_BOOT_CAL_DONE(6), state: 0xf flags: 0x0
01-01 09:22:52.821 0 0 D cnss : PM stay awake, state: 0xf, count: 1
01-01 09:22:52.821 0 0 D cnss : Processing driver event: COLD_BOOT_CAL_DONE(6), state: 0xf
01-01 09:22:52.821 0 0 D cnss : Calibration completed successfully
01-01 09:22:52.821 0 0 D cnss : Sending mode message, mode: OFF(4), state: 0xf
01-01 09:22:52.824 0 0 D cnss : Skip driver remove
01-01 09:22:52.824 0 0 D cnss : Read register offset 0x1f8031c, val = 0x2
01-01 09:22:52.824 0 0 D cnss : Write val 0x3 to register offset 0x1f8031c
01-01 09:22:52.824 0 0 D cnss : WLFW server exiting
01-01 09:22:52.824 0 0 D cnss : Posting event: SERVER_EXIT(1), state: 0x2000f flags: 0x0
01-01 09:22:52.826 0 0 D cnss : Setting MHI state: POWER_OFF(4)
01-01 09:22:52.842 0 0 D cnss : Suspending PCI link
01-01 09:22:52.850 0 0 I msm_pcie_disable: PCIe: Assert the reset of endpoint of RC0.
01-01 09:22:52.850 0 0 D cnss : Setting MHI state: DEINIT(1)
01-01 09:22:52.850 0 0 D cnss : De-assert WLAN_EN GPIO successfully
01-01 09:22:52.850 0 0 D cnss : Regulator vdd-wlan-rfa2 is being disabled
01-01 09:22:52.850 0 0 D cnss : Regulator vdd-wlan-rfa1 is being disabled
01-01 09:22:52.850 0 0 D cnss : Regulator vdd-wlan-dig is being disabled
01-01 09:22:52.850 0 0 D cnss : Regulator vdd-wlan-aon is being disabled
01-01 09:22:52.850 0 0 D cnss : Regulator wlan-ant-switch is being disabled
01-01 09:22:52.850 0 0 D cnss : Regulator vdd-wlan-io is being disabled
01-01 09:22:52.902 0 0 D cnss : Processing driver event: COLD_BOOT_CAL_DONE(6), state: 0x20001
01-01 09:22:52.902 0 0 D cnss : Posting event: REGISTER_DRIVER(7)-sync, state: 0x20001 flags: 0x5
01-01 09:22:52.902 0 0 D cnss : Processing driver event: SERVER_EXIT(1), state: 0x20001
01-01 09:22:52.902 0 0 I cnss : QMI WLFW service disconnected, state: 0x20000
01-01 09:22:52.902 0 0 D cnss : Processing driver event: REGISTER_DRIVER-sync(7), state: 0x0
01-01 09:22:52.902 0 0 D cnss : Regulator vdd-wlan-io is being enabled
01-01 09:22:52.902 0 0 D cnss : Regulator wlan-ant-switch is being enabled
01-01 09:22:52.902 0 0 D cnss : Regulator vdd-wlan-aon is being enabled
01-01 09:22:52.902 0 0 D cnss : Regulator vdd-wlan-dig is being enabled
01-01 09:22:52.903 0 0 D cnss : Regulator vdd-wlan-rfa1 is being enabled
01-01 09:22:52.903 0 0 D cnss : Regulator vdd-wlan-rfa2 is being enabled
01-01 09:22:52.903 0 0 D cnss : BT_EN_GPIO State: Off. Delay WLAN_GPIO enable
01-01 09:22:53.007 0 0 D cnss : Assert WLAN_EN GPIO successfully
01-01 09:22:53.007 0 0 D cnss : Resuming PCI link
01-01 09:22:53.007 0 0 I msm_pcie_enable: PCIe: Assert the reset of endpoint of RC0.
01-01 09:22:53.010 0 0 I msm_pcie_enable: PCIe: RC0: PCIE20_PARF_INT_ALL_MASK: 0x7f80d202
01-01 09:22:53.012 0 0 I pcie_phy_init: PCIe RC0 PHY is ready!
01-01 09:22:53.022 0 0 I msm_pcie_enable: PCIe: Release the reset of endpoint of RC0.
01-01 09:22:53.039 0 0 I msm_pcie_link_train: PCIe RC0 link initialized
01-01 09:22:53.054 0 0 I cnss_pci 0000: 01:00.0: enabling device (0000 -> 0002)
01-01 09:22:53.054 0 0 D cnss : Config PCIe remap window register to 0x4000003f
01-01 09:22:53.054 0 0 D cnss : Read register offset 0x1f8031c, val = 0x6
01-01 09:22:53.054 0 0 D cnss : Write val 0x2 to register offset 0x1f8031c
01-01 09:22:53.054 0 0 D cnss : Setting MHI state: INIT(0)
01-01 09:22:53.054 0 0 D cnss : Setting MHI state: POWER_ON(2)
01-01 09:22:53.055 0 0 W cnss_pci 0000: 01:00.0: Falling back to syfs fallback for: qca6390/amss20.bin
01-01 09:22:53.056 0 0 I ueventd : firmware: loading 'qca6390/amss20.bin' for '/devices/platform/soc/1c00000.qcom,pcie/pci0000:00/0000:00:00.0/0000:01:00.0/firmware/qca6390!amss20.bin'
01-01 09:22:53.058 0 0 I ueventd : loading /devices/platform/soc/1c00000.qcom,pcie/pci0000:00/0000:00:00.0/0000:01:00.0/firmware/qca6390!amss20.bin took 1ms
01-01 09:22:53.440 0 0 D cnss : MHI status cb is called with reason MISSION_MODE(6)
01-01 09:22:53.440 0 0 D cnss : Completed event: REGISTER_DRIVER(7), state: 0x10, ret: 0/0
01-01 09:22:53.440 0 0 D cnss : PM relax, state: 0x10, count: 0
01-01 09:22:53.441 0 0 E register_client_adhoc: find path.src 1 dest 589
01-01 09:22:53.441 0 0 E register_client_adhoc: Failed to find path.src 1 dest 589
01-01 09:22:53.441 0 0 E : [drm:dp_display_init_aux_switch][msm-dp-err][638 ]failed to register notifier (-22)
01-01 09:22:53.450 0 0 E swr-wcd rx_swr_ctrl: swrm_get_logical_dev_num: device 0xd01170224 is not ready
01-01 09:22:53.450 0 0 E swr_get_logical_dev_num: Error -22 to get logical addr for device d01170224
01-01 09:22:53.450 0 0 E swr-wcd rx_swr_ctrl: swrm_get_logical_dev_num: device 0xd01170224 is not ready
01-01 09:22:53.450 0 0 E swr_get_logical_dev_num: Error -22 to get logical addr for device d01170224
01-01 09:22:53.450 0 0 E swr-wcd rx_swr_ctrl: swrm_get_logical_dev_num: device 0xd01170224 is not ready
01-01 09:22:53.450 0 0 E swr_get_logical_dev_num: Error -22 to get logical addr for device d01170224
01-01 09:22:53.450 0 0 E swr-wcd rx_swr_ctrl: swrm_get_logical_dev_num: device 0xd01170224 is not ready
01-01 09:22:53.450 0 0 E swr_get_logical_dev_num: Error -22 to get logical addr for device d01170224
01-01 09:22:53.450 0 0 E swr-wcd rx_swr_ctrl: swrm_get_logical_dev_num: device 0xd01170224 is not ready
01-01 09:22:53.450 0 0 E swr_get_logical_dev_num: Error -22 to get logical addr for device d01170224
01-01 09:22:53.450 0 0 E wcd938x_codec wcd938x-codec: wcd938x_bind: Slave bind failed, ret = -517
01-01 09:22:53.450 0 0 E register_client_adhoc: find path.src 1 dest 589
01-01 09:22:53.450 0 0 E register_client_adhoc: Failed to find path.src 1 dest 589
01-01 09:22:53.451 0 0 E : [drm:dp_display_init_aux_switch][msm-dp-err][638 ]failed to register notifier (-22)
01-01 09:22:53.456 0 0 E swr-wcd rx_swr_ctrl: swrm_get_logical_dev_num: device 0xd01170224 is not ready
01-01 09:22:53.456 0 0 E swr_get_logical_dev_num: Error -22 to get logical addr for device d01170224
01-01 09:22:53.456 0 0 E swr-wcd rx_swr_ctrl: swrm_get_logical_dev_num: device 0xd01170224 is not ready
01-01 09:22:53.456 0 0 E swr_get_logical_dev_num: Error -22 to get logical addr for device d01170224
01-01 09:22:53.456 0 0 E swr-wcd rx_swr_ctrl: swrm_get_logical_dev_num: device 0xd01170224 is not ready
01-01 09:22:53.456 0 0 E swr_get_logical_dev_num: Error -22 to get logical addr for device d01170224
01-01 09:22:53.457 0 0 E swr-wcd rx_swr_ctrl: swrm_get_logical_dev_num: device 0xd01170224 is not ready
01-01 09:22:53.457 0 0 E swr_get_logical_dev_num: Error -22 to get logical addr for device d01170224
01-01 09:22:53.457 0 0 E swr-wcd rx_swr_ctrl: swrm_get_logical_dev_num: device 0xd01170224 is not ready
01-01 09:22:53.457 0 0 E swr_get_logical_dev_num: Error -22 to get logical addr for device d01170224
01-01 09:22:53.457 0 0 E wcd938x_codec wcd938x-codec: wcd938x_bind: Slave bind failed, ret = -517
01-01 09:22:53.481 0 0 D cnss : WLFW server arriving: node 7 port 1
01-01 09:22:53.481 0 0 D cnss : Posting event: SERVER_ARRIVE(0), state: 0x10 flags: 0x0
01-01 09:22:53.481 0 0 D cnss : PM stay awake, state: 0x10, count: 1
01-01 09:22:53.481 0 0 D cnss : PM relax, state: 0x10, count: 0
01-01 09:22:53.481 0 0 D cnss : PM stay awake, state: 0x10, count: 1
01-01 09:22:53.481 0 0 D cnss : Processing driver event: SERVER_ARRIVE(0), state: 0x10
01-01 09:22:53.481 0 0 I cnss : QMI WLFW service connected, state: 0x11
01-01 09:22:53.481 0 0 D cnss : Sending indication register message, state: 0x11
01-01 09:22:53.484 0 0 D cnss : Sending host capability message, state: 0x11
