01-01 09:51:14.501 0 0 E [kworke][0x7c368764c][03:50:45.590001] wlan: [5487:E:HDD] hdd_action_oui_send: 13281: Failed to send one or all action_ouis
01-01 09:51:14.506 0 0 D cnss : dma-coherent is enabled
01-01 09:51:14.506 0 0 D cnss : IOMMU map: iova b0000000, len 4096
01-01 09:51:14.506 0 0 D cnss : IOMMU map: iova_addr b0000040
01-01 09:51:14.506 0 0 D cnss : dma-coherent is enabled
01-01 09:51:14.506 0 0 D cnss : IOMMU map: iova b0001000, len 4096
01-01 09:51:14.506 0 0 D cnss : IOMMU map: iova_addr b0001018
01-01 09:51:14.507 0 0 I [kworke][0x7c36a0d0a][03:50:45.595424] wlan: [5487:I:SYS] Creating periodic timer for OLBC UPDATE CACHE TIMEOUT
01-01 09:51:14.507 0 0 E [kworke][0x7c36a294d][03:50:45.595801] wlan: [5487:E:TXRX] dp_rxdma_ring_config: 5022: DBS enabled max_mac_rings 2
01-01 09:51:14.507 0 0 E [kworke][0x7c36a2ab1][03:50:45.595820] wlan: [5487:E:TXRX] dp_rxdma_ring_config: 5033: pdev_id 0 max_mac_rings 2
01-01 09:51:14.507 0 0 E [kworke][0x7c36a2bdd][03:50:45.595835] wlan: [5487:E:TXRX] dp_rxdma_ring_config: 5050: mac_id 0
01-01 09:51:14.507 0 0 E [kworke][0x7c36a37bf][03:50:45.595994] wlan: [5487:E:TXRX] dp_rxdma_ring_config: 5050: mac_id 1
01-01 09:51:14.508 0 0 I [kworke][0x7c36a6354][03:50:45.596575] wlan: [5487:I:POLICY_MGR] policy_mgr_update_5g_scc_prefer: 398: overwrite pm_second_connection_pcl_dbs_2x2_table, index 2 mode 3 system prefer 0 new pcl 6
01-01 09:51:14.508 0 0 I [kworke][0x7c36a6457][03:50:45.596588] wlan: [5487:I:POLICY_MGR] policy_mgr_update_5g_scc_prefer: 404: overwrite pm_second_connection_pcl_dbs_2x2_table, index 3 mode 3 system prefer 0 new pcl 6
01-01 09:51:14.508 0 0 E [kworke][0x7c36a8b6a][03:50:45.597109] wlan: [5487:E:REGULATORY] reg_freq_width_to_chan_op_class: 512: no op class for frequency 5745
01-01 09:51:14.509 0 0 I [kworke][0x7c36ab9d6][03:50:45.597728] wlan: [5487:I:HIF] hif_pm_runtime_start: Enabling RUNTIME PM, Delay: 500 ms
01-01 09:51:14.509 0 0 D cnss : Host time = 1736631510 us, device time = 863260 us, offset = 1735768250 us
01-01 09:51:14.509 0 0 D cnss : Updated time sync regs [0x984] = 0x6775b8ba, [0x988] = 0x0
01-01 09:51:14.509 0 0 D cnss : Removing vote for Regulator vdd-wlan-rfa2
01-01 09:51:14.509 0 0 D cnss : Removing vote for Regulator vdd-wlan-rfa1
01-01 09:51:14.509 0 0 D cnss : Removing vote for Regulator vdd-wlan-dig
01-01 09:51:14.509 0 0 D cnss : Removing vote for Regulator vdd-wlan-aon
01-01 09:51:14.509 0 0 D cnss : Removing vote for Regulator vdd-wlan-io
01-01 09:51:14.509 0 0 D cnss : PM relax, state: 0x107, count: 0
01-01 09:51:14.510 0 0 I [wifi@1][0x7c36ae76d][03:50:45.598336] wlan: [835:I:DP] dp_vdev_attach_wifi3: wlan_cfg_ap_bridge_enabled 0
01-01 09:51:14.510 0 0 I [wifi@1][0x7c36aede4][03:50:45.598422] wlan: [835:I:DP] 00000000: 87 76 35 b3 bb 26 39 1d 73 2e 01 7b d5 3e 16 fa
01-01 09:51:14.510 0 0 I [wifi@1][0x7c36aeeb8][03:50:45.598433] wlan: [835:I:DP] 00000010: 74 be 32 b1
01-01 09:51:14.510 0 0 I [wifi@1][0x7c36aeffe][03:50:45.598450] wlan: [835:I:DP] 00000000: f7 96 0f df f1 9e f6 65 46 03 a2 08 5f b0 a6 8e
01-01 09:51:14.510 0 0 I [wifi@1][0x7c36af0c3][03:50:45.598461] wlan: [835:I:DP] 00000010: 18 7d 68 cc cc 43 9d e7 b5 f8 13 c1 0a 15 0b 10
01-01 09:51:14.510 0 0 I [wifi@1][0x7c36af17f][03:50:45.598470] wlan: [835:I:DP] 00000020: 09 54 1e 81 2a 59 9d 50 1d 68 4e da
12-14 03:50:45.605 1185 1185 I wificond: Regulatory domain changed to country: CN on wiphy_index: 0
12-14 03:50:45.608 1185 1185 I wificond: 2.4Ghz frequencies: 2412 2417 2422 2427 2432 2437 2442 2447 2452 2457 2462 2467 2472
12-14 03:50:45.608 1185 1185 I wificond: 5Ghz non-DFS frequencies: 5180 5200 5220 5240 5745 5765 5785 5805 5825
12-14 03:50:45.608 1185 1185 I wificond: 5Ghz DFS frequencies: 5260 5280 5300 5320
12-14 03:50:45.608 1185 1185 I wificond: 6Ghz frequencies:
12-14 03:50:45.608 1185 1185 I wificond: 60Ghz frequencies:
01-01 09:51:14.526 0 0 D : mv2112_read_status
01-01 09:51:14.526 0 0 D mv2112_update_link: 3.0x901(1G): 0x80
01-01 09:51:14.527 0 0 D mv2112_update_link: 3.0x8109(100M): 0x8
01-01 09:51:14.527 0 0 D mv2112_update_link: link 0x0
01-01 09:51:14.527 0 0 D mv2112_read_status: autoneg is disabled
12-14 03:50:45.616 835 6882 D android.hardware.wifi@1.0-service: Starting legacy HAL event loop
12-14 03:50:45.617 835 835 I android.hardware.wifi@1.0-service: Adding interface handle for p2p0
12-14 03:50:45.617 835 835 I android.hardware.wifi@1.0-service: Adding interface handle for wifi-aware0
12-14 03:50:45.617 835 835 I android.hardware.wifi@1.0-service: Adding interface handle for wlan0
12-14 03:50:45.617 835 835 D android.hardware.wifi@1.0-service: Legacy HAL start complete
12-14 03:50:45.617 835 835 W android.hardware.wifi@1.0-service: No active wlan interfaces in use! Using default
12-14 03:50:45.618 835 835 W android.hardware.wifi@1.0-service: No active wlan interfaces in use! Using default
12-14 03:50:45.620 835 835 I android.hardware.wifi@1.0-service: Configured chip in mode 3
12-14 03:50:45.620 835 835 W android.hardware.wifi@1.0-service: No active wlan interfaces in use! Using default
01-01 09:51:14.533 0 0 E [wifi@1][0x7c371c16a][03:50:45.621723] wlan: [6882:E:wifipos] wifi_pos_process_app_reg_req: 608: Received App Req Req pid(1061159747), len(16)
01-01 09:51:14.534 0 0 I [wifi@1][0x7c371fa8e][03:50:45.622485] wlan: [6882:I:wifipos] wifi_pos_get_ch_info: 461: num channels: 26
01-01 09:51:14.534 0 0 I [wifi@1][0x7c37226a0][03:50:45.623072] wlan: [6882:I:wifipos] wifi_pos_get_ch_info: 461: num channels: 26
12-14 03:50:45.633 1185 1185 I wificond: createClientInterface: wiphy_index 0 iface_name wlan0
12-14 03:50:45.634 1185 1185 I wificond: create scanner for interface with index: 17
12-14 03:50:45.634 1185 1185 I wificond: subscribe scan result for interface with index: 17
12-14 03:50:45.635 1185 1185 I wificond: add channel type 0 support at wiphy index: 0
12-14 03:50:45.635 1185 1185 I wificond: add channel type 1 support at wiphy index: 0
01-01 09:51:14.558 0 0 I init : starting service 'wpa_supplicant'...
01-01 09:51:14.559 0 0 I init : Created socket '/dev/socket/vendor_wpa_wlan0', mode 660, user 1010, group 1010
01-01 09:51:14.565 0 0 I init : Control message: Processed ctl.interface_start for 'android.hardware.wifi.supplicant@1.0::ISupplicant/default' from pid: 503 (/system/bin/hwservicemanager)
01-01 09:51:14.859 0 0 I [schedu][0x7c3d13262][03:50:45.947496] wlan: [6876:I:HIF] Deinitializing Runtime PM wakelock &vdev->vdev_set_key_runtime_wakelock
01-01 09:51:14.860 0 0 I [schedu][0x7c3d18e1b][03:50:45.948719] wlan: [6876:I:HIF] Initializing Runtime PM wakelock &vdev->vdev_set_key_runtime_wakelock
12-14 03:50:45.967 835 835 D android.hardware.wifi@1.0-service: Successfully SetMacAddress.
01-01 09:51:14.879 0 0 I [wifi@1][0x7c3d718f5][03:50:45.967637] wlan: [835:I:DP] dp_vdev_attach_wifi3: wlan_cfg_ap_bridge_enabled 0
01-01 09:51:14.888 0 0 E [wifi@1][0x7c3d9e57b][03:50:45.977190] wlan: [6882:E:wifipos] wifi_pos_process_app_reg_req: 608: Received App Req Req pid(1061159747), len(16)
01-01 09:51:14.889 0 0 I [wifi@1][0x7c3da07ea][03:50:45.977649] wlan: [6882:I:wifipos] wifi_pos_get_ch_info: 461: num channels: 26
01-01 09:51:14.889 0 0 I [wifi@1][0x7c3da2543][03:50:45.978041] wlan: [6882:I:wifipos] wifi_pos_get_ch_info: 461: num channels: 26
01-01 09:51:14.899 0 0 I : read descriptors
01-01 09:51:14.899 0 0 I : read strings
01-01 09:51:15.109 0 0 I [schedu][0x7c41a9806][03:50:46.198024] wlan: [6876:I:OSIF] scan start scan id 40961
12-14 03:50:46.229 1503 1503 W Looper : Slow dispatch took 321ms main h=android.app.ActivityThread$H c=android.app.LoadedApk$ReceiverDispatcher$Args$$ExternalSyntheticLambda0@b8a5f89 m=0
12-14 03:50:46.229 1503 1503 W Looper : Slow delivery took 322ms main h=android.app.ActivityThread$H c=android.app.LoadedApk$ReceiverDispatcher$Args$$ExternalSyntheticLambda0@ffc9b8e m=0
12-14 03:50:46.240 1503 1503 W Looper : Drained
01-01 09:51:15.550 0 0 D : mv2112_read_status
01-01 09:51:15.551 0 0 D mv2112_update_link: 3.0x901(1G): 0x80
01-01 09:51:15.551 0 0 D mv2112_update_link: 3.0x8109(100M): 0x8
01-01 09:51:15.551 0 0 D mv2112_update_link: link 0x0
01-01 09:51:15.551 0 0 D mv2112_read_status: autoneg is disabled
01-01 09:51:15.919 0 0 I : read descriptors
01-01 09:51:15.919 0 0 I : read strings
01-01 09:51:15.966 0 0 E [wifi@1][0x7c515ad17][03:50:47.055052] wlan: [835:E:HDD] wlan_hdd_send_ll_stats_req: 1597: Target response timed out request id 0 request bitmap 0x1
01-01 09:51:15.966 0 0 E [wifi@1][0x7c515b60a][03:50:47.055171] wlan: [835:E:HDD] __wlan_hdd_cfg80211_ll_stats_get: 1742: Failed to send LL stats request (id:0)
01-01 09:51:16.309 0 0 I [schedu][0x7c579fd8f][03:50:47.397458] wlan: [6876:I:OSIF] vdev 0, scan id 40961 type COMPLETED(1) reason COMPLETED(1) scan found 109 bss
01-01 09:51:16.574 0 0 D : mv2112_read_status
01-01 09:51:16.575 0 0 D mv2112_update_link: 3.0x901(1G): 0x80
01-01 09:51:16.575 0 0 D mv2112_update_link: 3.0x8109(100M): 0x8
01-01 09:51:16.575 0 0 D mv2112_update_link: link 0x0
01-01 09:51:16.575 0 0 D mv2112_read_status: autoneg is disabled
12-14 03:50:47.702 1503 1503 I GameModeConfig: isGameModeOn = false
12-14 03:50:47.704 1503 1503 W NotificationHistory: Attempted to add notif for locked/gone/disabled user 0
01-01 09:51:16.940 0 0 I : read descriptors
01-01 09:51:16.940 0 0 I : read strings
01-01 09:51:17.599 0 0 D : mv2112_read_status
01-01 09:51:17.599 0 0 D mv2112_update_link: 3.0x901(1G): 0x80
01-01 09:51:17.599 0 0 D mv2112_update_link: 3.0x8109(100M): 0x8
01-01 09:51:17.599 0 0 D mv2112_update_link: link 0x0
01-01 09:51:17.599 0 0 D mv2112_read_status: autoneg is disabled
01-01 09:51:17.955 0 0 I : read descriptors
01-01 09:51:17.956 0 0 I : read strings
01-01 09:51:18.622 0 0 D : mv2112_read_status
01-01 09:51:18.623 0 0 D mv2112_update_link: 3.0x901(1G): 0x80
01-01 09:51:18.623 0 0 D mv2112_update_link: 3.0x8109(100M): 0x8
01-01 09:51:18.623 0 0 D mv2112_update_link: link 0x0
01-01 09:51:18.623 0 0 D mv2112_read_status: autoneg is disabled
01-01 09:51:18.975 0 0 I : read descriptors
01-01 09:51:18.975 0 0 I : read strings
12-14 03:50:50.435 1503 2313 I GameModeConfig: isGameModeOn = false
12-14 03:50:50.470 1503 2313 I GameModeConfig: isGameModeOn = false
12-14 03:50:50.493 1503 2313 I GameModeConfig: isGameModeOn = false
12-14 03:50:50.510 1503 2313 I GameModeConfig: isGameModeOn = false
12-14 03:50:50.538 1503 2313 I GameModeConfig: isGameModeOn = false
12-14 03:50:50.556 1503 2313 I GameModeConfig: isGameModeOn = false
12-14 03:50:50.571 1503 2313 I GameModeConfig: isGameModeOn = false
12-14 03:50:50.591 1503 2313 I GameModeConfig: isGameModeOn = false
01-01 09:51:19.646 0 0 D : mv2112_read_status
01-01 09:51:19.647 0 0 D mv2112_update_link: 3.0x901(1G): 0x80
01-01 09:51:19.647 0 0 D mv2112_update_link: 3.0x8109(100M): 0x8
01-01 09:51:19.647 0 0 D mv2112_update_link: link 0x0
01-01 09:51:19.647 0 0 D mv2112_read_status: autoneg is disabled
01-01 09:51:19.999 0 0 I : read descriptors
01-01 09:51:19.999 0 0 I : read strings
01-01 09:51:20.670 0 0 D : mv2112_read_status
01-01 09:51:20.671 0 0 D mv2112_update_link: 3.0x901(1G): 0x80
01-01 09:51:20.671 0 0 D mv2112_update_link: 3.0x8109(100M): 0x8
01-01 09:51:20.671 0 0 D mv2112_update_link: link 0x0
01-01 09:51:20.671 0 0 D mv2112_read_status: autoneg is disabled
12-14 03:50:52.049 1503 1591 I ActivityTaskManager: START u0 {act=android.settings.WIFI_SETTINGS flg=0x14000000 cmp=com.android.settings/.Settings$WifiSettingsActivity} from uid 10082
12-14 03:50:52.059 1503 1591 W ActivityTaskManager: Can't find TaskDisplayArea to determine support for multi window. Task id=14 attached=false
12-14 03:50:52.078 1503 6232 I ActivityTaskManager: FOREGROUND_APPLICATION_CHANGED to com.android.settings.Settings$WifiSettingsActivity
12-14 03:50:52.084 1503 1604 D CompatibilityChangeReporter: Compat change id reported: 135634846; UID 1000; state: DISABLED
12-14 03:50:52.084 1503 1604 D CompatibilityChangeReporter: Compat change id reported: 177438394; UID 1000; state: DISABLED
12-14 03:50:52.084 1503 1604 D CompatibilityChangeReporter: Compat change id reported: 135772972; UID 1000; state: DISABLED
12-14 03:50:52.084 1503 1604 D CompatibilityChangeReporter: Compat change id reported: 135754954; UID 1000; state: ENABLED
12-14 03:50:52.103 2372 2449 W StartingSurfaceDrawer: Window background is transparent, fill background with black color
01-01 09:51:21.021 0 0 W perfetto: enabled ftrace
12-14 03:50:52.111 1503 1613 I ActivityManager: Start proc 6906:com.android.settings/1000 for pre-top-activity {com.android.settings/com.android.settings.Settings$WifiSettingsActivity}
12-14 03:50:52.112 1503 6907 W ContextImpl: Calling a method in the system process without a qualified user: android.app.ContextImpl.sendBroadcast:1173 com.qualcomm.qti.Performance$SendGameLaunchBroadcast.run:217 java.lang.Thread.run:920
01-01 09:51:21.027 0 0 I : read descriptors
01-01 09:51:21.027 0 0 I : read strings
01-01 09:51:21.042 0 0 I binder : 6906:6906 ioctl 40046210 7fe38dfb64 returned -22
12-14 03:50:52.136 1503 2319 D CompatibilityChangeReporter: Compat change id reported: 181136395; UID 1000; state: DISABLED
12-14 03:50:52.136 1503 2319 D CompatibilityChangeReporter: Compat change id reported: 174042936; UID 1000; state: DISABLED
12-14 03:50:52.148 4287 4324 W ContextImpl: Calling a method in the system process without a qualified user: android.app.ContextImpl.startService:1816 android.content.ContextWrapper.startService:774 com.thundercomm.gamemode.ingame.services.GameModeActionUtils.startGameModeService:99 com.thundercomm.gamemode.ingame.services.GameModeActionUtils.startGameModeEntry:22 com.thundercomm.gamemode.ingame.services.ActivityMonitoringService$1.onActivityLaunch:127
12-14 03:50:52.154 1503 1503 I GameModeConfig: Current uri is uri = content://com.thundercomm.gamemode.api/gamemode_settings/gamemode_isgaming
12-14 03:50:52.158 1503 1503 I GameModeConfig: isGameModeOn = false
12-14 03:50:52.158 1503 1503 I GameModeConfig: isGameModeOn = false
12-14 03:50:52.158 1503 1503 I GameModeConfig: isDisableVoice = true
12-14 03:50:52.184 4287 4324 W ContextImpl: Calling a method in the system process without a qualified user: android.app.ContextImpl.startService:1816 android.content.ContextWrapper.startService:774 com.thundercomm.gamemode.ingame.services.GameModeActionUtils.startGameModeService:99 com.thundercomm.gamemode.ingame.services.GameModeActionUtils.startGameModeEntry:22 com.thundercomm.gamemode.ingame.services.ActivityMonitoringService$1.onActivityLaunch:127
12-14 03:50:52.188 1503 1591 D CompatibilityChangeReporter: Compat change id reported: 135634846; UID 10085; state: DISABLED
12-14 03:50:52.188 1503 1591 D CompatibilityChangeReporter: Compat change id reported: 177438394; UID 10085; state: DISABLED
12-14 03:50:52.188 1503 1591 D CompatibilityChangeReporter: Compat change id reported: 135772972; UID 10085; state: DISABLED
12-14 03:50:52.188 1503 1591 D CompatibilityChangeReporter: Compat change id reported: 135754954; UID 10085; state: ENABLED
12-14 03:50:52.188 1503 1613 D CompatibilityChangeReporter: Compat change id reported: 143937733; UID 10085; state: ENABLED
12-14 03:50:52.194 1503 1503 I GameModeConfig: Current uri is uri = content://com.thundercomm.gamemode.api/gamemode_settings/gamemode_isgaming
12-14 03:50:52.195 1503 1613 I ActivityManager: Start proc 6930:com.qualcomm.qti.qccauthmgr/u0a85 for content provider {com.qualcomm.qti.qccauthmgr/com.qualcomm.qti.qccauthmgr.providers.SMQContentProvider}
12-14 03:50:52.197 1503 1503 I GameModeConfig: isGameModeOn = false
12-14 03:50:52.197 1503 2417 I ActivityTaskManager: START u0 {act=android.settings.WIFI_SETTINGS flg=0x14000000 cmp=com.android.settings/.homepage.SettingsHomepageActivity (has extras)} from uid 1000
12-14 03:50:52.198 1503 1503 I GameModeConfig: isGameModeOn = false
12-14 03:50:52.198 1503 1503 I GameModeConfig: isDisableVoice = true
12-14 03:50:52.199 1503 2417 W ActivityTaskManager: Can't find TaskDisplayArea to determine support for multi window. Task id=15 attached=false
12-14 03:50:52.207 1503 6216 I ActivityTaskManager: FOREGROUND_APPLICATION_CHANGED to com.android.settings.homepage.SettingsHomepageActivity
12-14 03:50:52.207 1503 6216 I ActivityTaskManager: The Process com.android.settings Already Exists in BG. So sending its PID: 6906
12-14 03:50:52.207 1503 6216 W ActivityTaskManager: Tried to set launchTime (0) < mLastActivityLaunchTime (1725210)
01-01 09:51:21.120 0 0 I binder : 6930:6930 ioctl 40046210 7fe38dfb64 returned -22
12-14 03:50:52.315 4287 4324 W ContextImpl: Calling a method in the system process without a qualified user: android.app.ContextImpl.startService:1816 android.content.ContextWrapper.startService:774 com.thundercomm.gamemode.ingame.services.GameModeActionUtils.startGameModeService:99 com.thundercomm.gamemode.ingame.services.GameModeActionUtils.startGameModeEntry:22 com.thundercomm.gamemode.ingame.services.ActivityMonitoringService$1.onActivityLaunch:127
12-14 03:50:52.319 1503 1503 I GameModeConfig: Current uri is uri = content://com.thundercomm.gamemode.api/gamemode_settings/gamemode_isgaming
12-14 03:50:52.321 1503 1503 I GameModeConfig: isGameModeOn = false
12-14 03:50:52.321 1503 1503 I GameModeConfig: isGameModeOn = false
12-14 03:50:52.321 1503 1503 I GameModeConfig: isDisableVoice = true
12-14 03:50:52.353 1503 1591 E UserRestrictionsUtils: Unknown restriction queried by uid 1000 (com.android.server.telecom et al): null
12-14 03:50:52.353 1503 1591 E UserRestrictionsUtils: Unknown restriction queried by uid 1000 (com.android.server.telecom et al): null
12-14 03:50:52.353 1503 1591 E UserRestrictionsUtils: Unknown restriction queried by uid 1000 (com.android.server.telecom et al): null
12-14 03:50:52.354 1503 1591 E UserRestrictionsUtils: Unknown restriction queried by uid 1000 (com.android.server.telecom et al): null
12-14 03:50:52.354 1503 1591 E UserRestrictionsUtils: Unknown restriction queried by uid 1000 (com.android.server.telecom et al): null
12-14 03:50:52.354 1503 1591 E UserRestrictionsUtils: Unknown restriction queried by uid 1000 (com.android.server.telecom et al): null
12-14 03:50:52.354 1503 1591 E UserRestrictionsUtils: Unknown restriction queried by uid 1000 (com.android.server.telecom et al): null
12-14 03:50:52.354 1503 1591 E UserRestrictionsUtils: Unknown restriction queried by uid 1000 (com.android.server.telecom et al): null
12-14 03:50:52.355 1503 1591 E UserRestrictionsUtils: Unknown restriction queried by uid 1000 (com.android.server.telecom et al): null
12-14 03:50:52.355 1503 1591 E UserRestrictionsUtils: Unknown restriction queried by uid 1000 (com.android.server.telecom et al): null
12-14 03:50:52.355 1503 1591 E UserRestrictionsUtils: Unknown restriction queried by uid 1000 (com.android.server.telecom et al): null
12-14 03:50:52.355 1503 1591 E UserRestrictionsUtils: Unknown restriction queried by uid 1000 (com.android.server.telecom et al): null
12-14 03:50:52.355 1503 1591 E UserRestrictionsUtils: Unknown restriction queried by uid 1000 (com.android.server.telecom et al): null
12-14 03:50:52.355 1503 1591 E UserRestrictionsUtils: Unknown restriction queried by uid 1000 (com.android.server.telecom et al): null
12-14 03:50:52.356 1503 1591 E UserRestrictionsUtils: Unknown restriction queried by uid 1000 (com.android.server.telecom et al): null
12-14 03:50:52.356 1503 1591 E UserRestrictionsUtils: Unknown restriction queried by uid 1000 (com.android.server.telecom et al): null
12-14 03:50:52.356 1503 1591 E UserRestrictionsUtils: Unknown restriction queried by uid 1000 (com.android.server.telecom et al): null
12-14 03:50:52.356 1503 1591 E UserRestrictionsUtils: Unknown restriction queried by uid 1000 (com.android.server.telecom et al): null
12-14 03:50:52.396 1503 1620 W BatteryExternalStatsWorker: error reading modem stats:ERROR_PHONE_NOT_AVAILABLE
12-14 03:50:52.422 1503 1620 E KernelCpuSpeedReader: Failed to read cpu-freq: /sys/devices/system/cpu/cpu4/cpufreq/stats/time_in_state: open failed: ENOENT (No such file or directory)
12-14 03:50:52.422 1503 1620 E KernelCpuSpeedReader: Failed to read cpu-freq: /sys/devices/system/cpu/cpu0/cpufreq/stats/time_in_state: open failed: ENOENT (No such file or directory)
01-01 09:51:21.343 0 0 W audit : audit_lost=32 audit_rate_limit=5 audit_backlog_limit=64
01-01 09:51:21.343 0 0 E audit : rate limit exceeded
12-14 03:50:52.443 1503 2313 I GameModeConfig: isGameModeOn = false
12-14 03:50:52.443 1503 2313 I GameModeConfig: isGameModeOn = false
12-14 03:50:52.443 1503 2313 I GameModeConfig: isGameModeOn = false
12-14 03:50:52.443 1503 2313 I GameModeConfig: isGameModeOn = false
12-14 03:50:52.454 1503 2313 I GameModeConfig: isGameModeOn = false
12-14 03:50:52.454 1503 2313 I GameModeConfig: isGameModeOn = false
12-14 03:50:52.454 1503 2313 I GameModeConfig: isGameModeOn = false
12-14 03:50:52.454 1503 2313 I GameModeConfig: isGameModeOn = false
12-14 03:50:52.470 1503 2313 I GameModeConfig: isGameModeOn = false
12-14 03:50:52.471 1503 2313 I GameModeConfig: isGameModeOn = false
12-14 03:50:52.471 1503 2313 I GameModeConfig: isGameModeOn = false
12-14 03:50:52.471 1503 2313 I GameModeConfig: isGameModeOn = false
12-14 03:50:52.473 1503 1620 W BatteryExternalStatsWorker: error reading modem stats:ERROR_PHONE_NOT_AVAILABLE
12-14 03:50:52.476 1503 1620 E KernelCpuSpeedReader: Failed to read cpu-freq: /sys/devices/system/cpu/cpu4/cpufreq/stats/time_in_state: open failed: ENOENT (No such file or directory)
12-14 03:50:52.476 1503 1620 E KernelCpuSpeedReader: Failed to read cpu-freq: /sys/devices/system/cpu/cpu0/cpufreq/stats/time_in_state: open failed: ENOENT (No such file or directory)
12-14 03:50:52.487 1503 2313 I GameModeConfig: isGameModeOn = false
12-14 03:50:52.487 1503 2313 I GameModeConfig: isGameModeOn = false
12-14 03:50:52.487 1503 2313 I GameModeConfig: isGameModeOn = false
12-14 03:50:52.487 1503 2313 I GameModeConfig: isGameModeOn = false
01-01 09:51:21.403 0 0 I binder : 6906:6924 ioctl 40046210 760c8f71f4 returned -22
12-14 03:50:52.505 1503 2313 I GameModeConfig: isGameModeOn = false
12-14 03:50:52.506 1503 2313 I GameModeConfig: isGameModeOn = false
12-14 03:50:52.506 1503 2313 I GameModeConfig: isGameModeOn = false
12-14 03:50:52.506 1503 2313 I GameModeConfig: isGameModeOn = false
12-14 03:50:52.522 1503 2313 I GameModeConfig: isGameModeOn = false
12-14 03:50:52.522 1503 2313 I GameModeConfig: isGameModeOn = false
12-14 03:50:52.522 1503 2313 I GameModeConfig: isGameModeOn = false
12-14 03:50:52.522 1503 2313 I GameModeConfig: isGameModeOn = false
12-14 03:50:52.536 1503 2313 I GameModeConfig: isGameModeOn = false
12-14 03:50:52.537 1503 2313 I GameModeConfig: isGameModeOn = false
12-14 03:50:52.537 1503 2313 I GameModeConfig: isGameModeOn = false
12-14 03:50:52.537 1503 2313 I GameModeConfig: isGameModeOn = false
12-14 03:50:52.561 1503 2313 I GameModeConfig: isGameModeOn = false
12-14 03:50:52.563 1503 2313 I GameModeConfig: isGameModeOn = false
12-14 03:50:52.563 1503 2313 I GameModeConfig: isGameModeOn = false
12-14 03:50:52.564 1503 2313 I GameModeConfig: isGameModeOn = false
12-14 03:50:52.569 1503 2313 I GameModeConfig: isGameModeOn = false
12-14 03:50:52.570 1503 2313 I GameModeConfig: isGameModeOn = false
12-14 03:50:52.570 1503 2313 I GameModeConfig: isGameModeOn = false
12-14 03:50:52.570 1503 2313 I GameModeConfig: isGameModeOn = false
12-14 03:50:52.587 1503 2313 I GameModeConfig: isGameModeOn = false
12-14 03:50:52.587 1503 2313 I GameModeConfig: isGameModeOn = false
12-14 03:50:52.587 1503 2313 I GameModeConfig: isGameModeOn = false
12-14 03:50:52.587 1503 2313 I GameModeConfig: isGameModeOn = false
12-14 03:50:52.604 1503 2313 I GameModeConfig: isGameModeOn = false
12-14 03:50:52.605 1503 2313 I GameModeConfig: isGameModeOn = false
12-14 03:50:52.605 1503 2313 I GameModeConfig: isGameModeOn = false
12-14 03:50:52.605 1503 2313 I GameModeConfig: isGameModeOn = false
12-14 03:50:52.620 1503 2313 I GameModeConfig: isGameModeOn = false
12-14 03:50:52.621 1503 2313 I GameModeConfig: isGameModeOn = false
12-14 03:50:52.621 1503 2313 I GameModeConfig: isGameModeOn = false
12-14 03:50:52.621 1503 2313 I GameModeConfig: isGameModeOn = false
12-14 03:50:52.635 4287 4324 W ContextImpl: Calling a method in the system process without a qualified user: android.app.ContextImpl.startService:1816 android.content.ContextWrapper.startService:774 com.thundercomm.gamemode.ingame.services.GameModeActionUtils.startGameModeService:99 com.thundercomm.gamemode.ingame.services.GameModeActionUtils.startGameModeEntry:22 com.thundercomm.gamemode.ingame.services.ActivityMonitoringService$1.onActivityLaunch:127
12-14 03:50:52.637 1503 2313 I GameModeConfig: isGameModeOn = false
12-14 03:50:52.637 1503 2313 I GameModeConfig: isGameModeOn = false
12-14 03:50:52.637 1503 2313 I GameModeConfig: isGameModeOn = false
12-14 03:50:52.637 1503 2313 I GameModeConfig: isGameModeOn = false
12-14 03:50:52.644 1503 1503 I GameModeConfig: isGameModeOn = false
12-14 03:50:52.646 1503 1503 I GameModeConfig: Current uri is uri = content://com.thundercomm.gamemode.api/gamemode_settings/gamemode_isgaming
12-14 03:50:52.648 1503 1503 I GameModeConfig: isGameModeOn = false
12-14 03:50:52.648 1503 1503 I GameModeConfig: isGameModeOn = false
12-14 03:50:52.648 1503 1503 I GameModeConfig: isDisableVoice = true
12-14 03:50:52.654 1503 2313 I GameModeConfig: isGameModeOn = false
12-14 03:50:52.654 1503 2313 I GameModeConfig: isGameModeOn = false
12-14 03:50:52.654 1503 2313 I GameModeConfig: isGameModeOn = false
12-14 03:50:52.654 1503 2313 I GameModeConfig: isGameModeOn = false
12-14 03:50:52.656 1503 1503 I GameModeConfig: isGameModeOn = false
12-14 03:50:52.657 1503 1503 E NotificationService: Muting recently noisy 0|com.android.systemui|2048|null|10082
12-14 03:50:52.670 1503 2313 I GameModeConfig: isGameModeOn = false
12-14 03:50:52.670 1503 2313 I GameModeConfig: isGameModeOn = false
12-14 03:50:52.670 1503 2313 I GameModeConfig: isGameModeOn = false
12-14 03:50:52.670 1503 2313 I GameModeConfig: isGameModeOn = false
12-14 03:50:52.677 1503 1503 I GameModeConfig: isGameModeOn = false
12-14 03:50:52.677 1503 1503 E NotificationService: Muting recently noisy 0|com.android.systemui|2048|null|10082
12-14 03:50:52.690 1503 2313 I GameModeConfig: isGameModeOn = false
12-14 03:50:52.690 1503 2313 I GameModeConfig: isGameModeOn = false
12-14 03:50:52.690 1503 2313 I GameModeConfig: isGameModeOn = false
12-14 03:50:52.690 1503 2313 I GameModeConfig: isGameModeOn = false
12-14 03:50:52.693 1503 1503 I GameModeConfig: isGameModeOn = false
12-14 03:50:52.694 1503 1503 E NotificationService: Muting recently noisy 0|com.android.systemui|2048|null|10082
12-14 03:50:52.708 1503 1503 I GameModeConfig: isGameModeOn = false
12-14 03:50:52.709 1503 1503 E NotificationService: Muting recently noisy 0|com.android.systemui|2048|null|10082
12-14 03:50:52.715 1503 2313 I GameModeConfig: isGameModeOn = false
12-14 03:50:52.715 1503 2313 I GameModeConfig: isGameModeOn = false
12-14 03:50:52.715 1503 2313 I GameModeConfig: isGameModeOn = false
12-14 03:50:52.715 1503 2313 I GameModeConfig: isGameModeOn = false
12-14 03:50:52.725 1503 1503 I GameModeConfig: isGameModeOn = false
12-14 03:50:52.725 1503 1503 E NotificationService: Muting recently noisy 0|com.android.systemui|2048|null|10082
12-14 03:50:52.739 1503 1503 I GameModeConfig: isGameModeOn = false
12-14 03:50:52.739 1503 1503 E NotificationService: Muting recently noisy 0|com.android.systemui|2048|null|10082
12-14 03:50:52.755 1503 1605 W ActivityTaskManager: Can't find TaskDisplayArea to determine support for multi window. Task id=14 attached=false
12-14 03:50:52.755 1503 1605 W ActivityTaskManager: Can't find TaskDisplayArea to determine support for multi window. Task id=14 attached=false
12-14 03:50:52.761 1503 1503 I GameModeConfig: isGameModeOn = false
12-14 03:50:52.761 1503 1503 E NotificationService: Muting recently noisy 0|com.android.systemui|2048|null|10082
12-14 03:50:52.776 1503 1503 I GameModeConfig: isGameModeOn = false
12-14 03:50:52.776 1503 1503 E NotificationService: Muting recently noisy 0|com.android.systemui|2048|null|10082
01-01 09:51:21.694 0 0 D : mv2112_read_status
01-01 09:51:21.695 0 0 D mv2112_update_link: 3.0x901(1G): 0x80
01-01 09:51:21.695 0 0 D mv2112_update_link: 3.0x8109(100M): 0x8
01-01 09:51:21.695 0 0 D mv2112_update_link: link 0x0
01-01 09:51:21.695 0 0 D mv2112_read_status: autoneg is disabled
12-14 03:50:52.788 1503 1503 I GameModeConfig: isGameModeOn = false
12-14 03:50:52.789 1503 1503 E NotificationService: Muting recently noisy 0|com.android.systemui|2048|null|10082
12-14 03:50:52.806 1503 1503 I GameModeConfig: isGameModeOn = false
12-14 03:50:52.807 1503 1503 E NotificationService: Muting recently noisy 0|com.android.systemui|2048|null|10082
12-14 03:50:52.822 1503 1503 I GameModeConfig: isGameModeOn = false
12-14 03:50:52.823 1503 1503 E NotificationService: Muting recently noisy 0|com.android.systemui|2048|null|10082
12-14 03:50:52.847 1503 1503 I GameModeConfig: isGameModeOn = false
12-14 03:50:52.847 1503 1503 E NotificationService: Muting recently noisy 0|com.android.systemui|2048|null|10082
12-14 03:50:52.855 1503 1503 I GameModeConfig: isGameModeOn = false
12-14 03:50:52.856 1503 1503 E NotificationService: Muting recently noisy 0|com.android.systemui|2048|null|10082
12-14 03:50:52.872 1503 1503 I GameModeConfig: isGameModeOn = false
12-14 03:50:52.872 1503 1503 E NotificationService: Muting recently noisy 0|com.android.systemui|2048|null|10082
12-14 03:50:52.893 1503 1503 I GameModeConfig: isGameModeOn = false
12-14 03:50:52.893 1503 1503 E NotificationService: Muting recently noisy 0|com.android.systemui|2048|null|10082
12-14 03:50:52.918 1503 1503 I GameModeConfig: isGameModeOn = false
12-14 03:50:52.919 1503 1503 E NotificationService: Muting recently noisy 0|com.android.systemui|2048|null|10082
01-01 09:51:21.888 0 0 I [schedu][0x7cbdc9589][03:50:52.976871] wlan: [6876:I:OSIF] scan start scan id 40962
01-01 09:51:22.047 0 0 I : read descriptors
01-01 09:51:22.047 0 0 I : read strings
12-14 03:50:53.399 1503 1601 D CompanionDeviceManagerService: onPackageModified(packageName = com.android.settings)
01-01 09:51:22.316 0 0 I init : starting service 'idmap2d'...
12-14 03:50:53.405 1503 1503 I Telecom : DefaultDialerCache: Refreshing default dialer for user 0: now null: DDC.oR@ACI
01-01 09:51:22.331 0 0 I init : Control message: Processed ctl.start for 'idmap2d' from pid: 1503 (system_server)
12-14 03:50:53.416 1503 1767 D CompatibilityChangeReporter: Compat change id reported: 135634846; UID 10094; state: DISABLED
12-14 03:50:53.416 1503 1767 D CompatibilityChangeReporter: Compat change id reported: 177438394; UID 10094; state: DISABLED
12-14 03:50:53.416 1503 1767 D CompatibilityChangeReporter: Compat change id reported: 135772972; UID 10094; state: DISABLED
12-14 03:50:53.416 1503 1767 D CompatibilityChangeReporter: Compat change id reported: 135754954; UID 10094; state: DISABLED
12-14 03:50:53.417 1503 1613 D CompatibilityChangeReporter: Compat change id reported: 143937733; UID 10094; state: DISABLED
12-14 03:50:53.427 1503 1613 I ActivityManager: Start proc 6990:com.android.permissioncontroller/u0a94 for service {com.android.permissioncontroller/com.android.permissioncontroller.role.service.RoleControllerServiceImpl}
01-01 09:51:22.352 0 0 I binder : 6990:6990 ioctl 40046210 7fe38dfb64 returned -22
01-01 09:51:22.357 0 0 I binder : 6989:6989 ioctl 40046210 7fe433d644 returned -22
12-14 03:50:53.456 1503 1611 W VoiceInteractionManager: no available voice recognition services found for user 0
12-14 03:50:53.486 1185 1185 I wificond: Regulatory domain changed to country: CN on wiphy_index: 0
12-14 03:50:53.489 1185 1185 I wificond: 2.4Ghz frequencies: 2412 2417 2422 2427 2432 2437 2442 2447 2452 2457 2462 2467 2472
12-14 03:50:53.489 1185 1185 I wificond: 5Ghz non-DFS frequencies: 5180 5200 5220 5240 5745 5765 5785 5805 5825
12-14 03:50:53.489 1185 1185 I wificond: 5Ghz DFS frequencies: 5260 5280 5300 5320
12-14 03:50:53.489 1185 1185 I wificond: 6Ghz frequencies:
12-14 03:50:53.489 1185 1185 I wificond: 60Ghz frequencies:
01-01 09:51:22.718 0 0 D : mv2112_read_status
01-01 09:51:22.719 0 0 D mv2112_update_link: 3.0x901(1G): 0x80
01-01 09:51:22.719 0 0 D mv2112_update_link: 3.0x8109(100M): 0x8
01-01 09:51:22.719 0 0 D mv2112_update_link: link 0x0
01-01 09:51:22.719 0 0 D mv2112_read_status: autoneg is disabled
01-01 09:51:23.068 0 0 I [schedu][0x7cd361a80][03:50:54.156244] wlan: [6876:I:OSIF] vdev 0, scan id 40962 type COMPLETED(1) reason COMPLETED(1) scan found 99 bss
01-01 09:51:23.078 0 0 I : read descriptors
01-01 09:51:23.078 0 0 I : read strings
12-14 03:50:54.754 1503 2319 I ActivityTaskManager: START u0 {act=android.intent.action.MAIN cmp=com.android.settings/.SubSettings (has extras)} from uid 1000
12-14 03:50:54.764 1503 2319 I ActivityTaskManager: FOREGROUND_APPLICATION_CHANGED to com.android.settings.SubSettings
12-14 03:50:54.764 1503 2319 I ActivityTaskManager: The Process com.android.settings Already Exists in BG. So sending its PID: 6906
12-14 03:50:54.764 1503 2319 W ActivityTaskManager: Tried to set launchTime (0) < mLastActivityLaunchTime (1725281)
12-14 03:50:54.798 1503 2319 I ActivityTaskManager: START u0 {act=android.intent.action.MAIN cmp=com.android.settings/.homepage.SettingsHomepageActivity (has extras)} from uid 1000
12-14 03:50:54.814 1503 2319 W ActivityTaskManager: Duplicate finish request for r=ActivityRecord{539c846 u0 com.android.settings/.SubSettings t15 f}}
12-14 03:50:54.819 1503 3303 I ActivityTaskManager: FOREGROUND_APPLICATION_CHANGED to com.android.settings.homepage.SettingsHomepageActivity
01-01 09:51:23.742 0 0 D : mv2112_read_status
01-01 09:51:23.743 0 0 D mv2112_update_link: 3.0x901(1G): 0x80
01-01 09:51:23.743 0 0 D mv2112_update_link: 3.0x8109(100M): 0x8
01-01 09:51:23.743 0 0 D mv2112_update_link: link 0x0
01-01 09:51:23.743 0 0 D mv2112_read_status: autoneg is disabled
12-14 03:50:54.928 4287 4324 W ContextImpl: Calling a method in the system process without a qualified user: android.app.ContextImpl.startService:1816 android.content.ContextWrapper.startService:774 com.thundercomm.gamemode.ingame.services.GameModeActionUtils.startGameModeService:99 com.thundercomm.gamemode.ingame.services.GameModeActionUtils.startGameModeEntry:22 com.thundercomm.gamemode.ingame.services.ActivityMonitoringService$1.onActivityLaunch:127
12-14 03:50:54.936 1503 1503 I GameModeConfig: Current uri is uri = content://com.thundercomm.gamemode.api/gamemode_settings/gamemode_isgaming
12-14 03:50:54.938 1503 1503 I GameModeConfig: isGameModeOn = false
12-14 03:50:54.938 1503 1503 I GameModeConfig: isGameModeOn = false
12-14 03:50:54.938 1503 1503 I GameModeConfig: isDisableVoice = true
01-01 09:51:24.090 0 0 I [schedu][0x7ce619cd2][03:50:55.178568] wlan: [6876:I:OSIF] scan start scan id 40963
01-01 09:51:24.103 0 0 I : read descriptors
01-01 09:51:24.104 0 0 I : read strings
01-01 09:51:24.767 0 0 D : mv2112_read_status
01-01 09:51:24.767 0 0 D mv2112_update_link: 3.0x901(1G): 0x80
01-01 09:51:24.768 0 0 D mv2112_update_link: 3.0x8109(100M): 0x8
01-01 09:51:24.768 0 0 D mv2112_update_link: link 0x0
01-01 09:51:24.768 0 0 D mv2112_read_status: autoneg is disabled
12-14 03:50:56.097 1503 3839 E TaskPersister: File error accessing recents directory (directory doesn't exist?).
01-01 09:51:25.123 0 0 I : read descriptors
01-01 09:51:25.123 0 0 I : read strings
01-01 09:51:25.272 0 0 I [schedu][0x7cfbbd46f][03:50:56.360323] wlan: [6876:I:OSIF] vdev 0, scan id 40963 type COMPLETED(1) reason COMPLETED(1) scan found 110 bss
01-01 09:51:25.790 0 0 D : mv2112_read_status
01-01 09:51:25.791 0 0 D mv2112_update_link: 3.0x901(1G): 0x80
01-01 09:51:25.791 0 0 D mv2112_update_link: 3.0x8109(100M): 0x8
01-01 09:51:25.791 0 0 D mv2112_update_link: link 0x0
01-01 09:51:25.791 0 0 D mv2112_read_status: autoneg is disabled
01-01 09:51:26.008 0 0 W perfetto: disabled ftrace
12-14 03:50:57.109 1156 6902 I iorapd : Perfetto TraceBuffer saved to file: /data/misc/iorapd/com.android.settings/31/com.android.settings.Settings$WifiSettingsActivity/raw_traces/1670961057107898304.perfetto_trace.pb
01-01 09:51:26.036 0 0 I binder : 3686:4055 ioctl 40046210 75fa4191f4 returned -22
01-01 09:51:26.146 0 0 I : read descriptors
01-01 09:51:26.146 0 0 I : read strings
12-14 03:50:57.241 1503 7031 W UriGrantsManagerService: No permission grants found for com.baidu.input
12-14 03:50:57.353 3686 7058 E ActivityThread: Failed to find provider info for telephony
12-14 03:50:57.381 1503 4726 D CompatibilityChangeReporter: Compat change id reported: 171306433; UID 10032; state: DISABLED
12-14 03:50:57.396 1503 4726 D CompatibilityChangeReporter: Compat change id reported: 135634846; UID 10065; state: DISABLED
12-14 03:50:57.396 1503 1613 D CompatibilityChangeReporter: Compat change id reported: 143937733; UID 10065; state: ENABLED
12-14 03:50:57.400 1503 1613 I ActivityManager: Start proc 7140:com.android.webview:webview_service/u0a65 for service {com.android.webview/org.chromium.android_webview.services.VariationsSeedServer}
01-01 09:51:26.324 0 0 I binder : 7140:7140 ioctl 40046210 ffcb6368 returned -22
12-14 03:50:57.419 1503 3303 D CompatibilityChangeReporter: Compat change id reported: 168419799; UID 10065; state: DISABLED
01-01 09:51:26.815 0 0 D : mv2112_read_status
01-01 09:51:26.815 0 0 D mv2112_update_link: 3.0x901(1G): 0x80
01-01 09:51:26.815 0 0 D mv2112_update_link: 3.0x8109(100M): 0x8
01-01 09:51:26.815 0 0 D mv2112_update_link: link 0x0
01-01 09:51:26.815 0 0 D mv2112_read_status: autoneg is disabled
01-01 09:51:27.163 0 0 I : read descriptors
01-01 09:51:27.163 0 0 I : read strings
12-14 03:50:58.262 1503 1601 D CompanionDeviceManagerService: onPackageModified(packageName = com.baidu.input)
12-14 03:50:58.271 1503 1503 I Telecom : DefaultDialerCache: Refreshing default dialer for user 0: now null: DDC.oR@ACM
12-14 03:50:58.306 1503 1611 W VoiceInteractionManager: no available voice recognition services found for user 0
01-01 09:51:27.838 0 0 D : mv2112_read_status
01-01 09:51:27.838 0 0 D mv2112_update_link: 3.0x901(1G): 0x80
01-01 09:51:27.839 0 0 D mv2112_update_link: 3.0x8109(100M): 0x8
01-01 09:51:27.839 0 0 D mv2112_update_link: link 0x0
01-01 09:51:27.839 0 0 D mv2112_read_status: autoneg is disabled
01-01 09:51:28.175 0 0 I : read descriptors
01-01 09:51:28.175 0 0 I : read strings
01-01 09:51:28.862 0 0 D : mv2112_read_status
01-01 09:51:28.863 0 0 D mv2112_update_link: 3.0x901(1G): 0x80
01-01 09:51:28.863 0 0 D mv2112_update_link: 3.0x8109(100M): 0x8
01-01 09:51:28.863 0 0 D mv2112_update_link: link 0x0
01-01 09:51:28.863 0 0 D mv2112_read_status: autoneg is disabled
01-01 09:51:29.199 0 0 I : read descriptors
01-01 09:51:29.199 0 0 I : read strings
01-01 09:51:29.886 0 0 D : mv2112_read_status
01-01 09:51:29.886 0 0 D mv2112_update_link: 3.0x901(1G): 0x80
01-01 09:51:29.887 0 0 D mv2112_update_link: 3.0x8109(100M): 0x8
01-01 09:51:29.887 0 0 D mv2112_update_link: link 0x0
01-01 09:51:29.887 0 0 D mv2112_read_status: autoneg is disabled
01-01 09:51:30.219 0 0 I : read descriptors
01-01 09:51:30.219 0 0 I : read strings
01-01 09:51:30.910 0 0 D : mv2112_read_status
01-01 09:51:30.911 0 0 D mv2112_update_link: 3.0x901(1G): 0x80
01-01 09:51:30.911 0 0 D mv2112_update_link: 3.0x8109(100M): 0x8
01-01 09:51:30.911 0 0 D mv2112_update_link: link 0x0
01-01 09:51:30.911 0 0 D mv2112_read_status: autoneg is disabled
01-01 09:51:31.243 0 0 I : read descriptors
01-01 09:51:31.243 0 0 I : read strings
12-14 03:51:02.666 1503 2313 I GameModeConfig: isGameModeOn = false
12-14 03:51:02.666 1503 2313 I GameModeConfig: isGameModeOn = false
12-14 03:51:02.666 1503 2313 I GameModeConfig: isGameModeOn = false
12-14 03:51:02.670 1503 2313 I GameModeConfig: isGameModeOn = false
12-14 03:51:02.677 1503 2313 I GameModeConfig: isGameModeOn = false
12-14 03:51:02.690 1503 2313 I GameModeConfig: isGameModeOn = false
12-14 03:51:02.694 1503 2313 I GameModeConfig: isGameModeOn = false
12-14 03:51:02.708 1503 2313 I GameModeConfig: isGameModeOn = false
12-14 03:51:02.715 1503 2313 I GameModeConfig: isGameModeOn = false
12-14 03:51:02.726 1503 2313 I GameModeConfig: isGameModeOn = false
12-14 03:51:02.739 1503 2313 I GameModeConfig: isGameModeOn = false
12-14 03:51:02.762 1503 2313 I GameModeConfig: isGameModeOn = false
12-14 03:51:02.776 1503 2313 I GameModeConfig: isGameModeOn = false
12-14 03:51:02.788 1503 2313 I GameModeConfig: isGameModeOn = false
12-14 03:51:02.808 1503 2313 I GameModeConfig: isGameModeOn = false
12-14 03:51:02.823 1503 2313 I GameModeConfig: isGameModeOn = false
12-14 03:51:02.847 1503 2313 I GameModeConfig: isGameModeOn = false
12-14 03:51:02.855 1503 2313 I GameModeConfig: isGameModeOn = false
12-14 03:51:02.872 1503 2313 I GameModeConfig: isGameModeOn = false
12-14 03:51:02.893 1503 2313 I GameModeConfig: isGameModeOn = false
12-14 03:51:02.919 1503 2313 I GameModeConfig: isGameModeOn = false
01-01 09:51:31.900 0 0 I [schedu][0x7d751a606][03:51:02.988398] wlan: [6876:I:OSIF] scan start scan id 40964
01-01 09:51:31.934 0 0 D : mv2112_read_status
01-01 09:51:31.935 0 0 D mv2112_update_link: 3.0x901(1G): 0x80
01-01 09:51:31.935 0 0 D mv2112_update_link: 3.0x8109(100M): 0x8
01-01 09:51:31.935 0 0 D mv2112_update_link: link 0x0
01-01 09:51:31.935 0 0 D mv2112_read_status: autoneg is disabled
12-14 03:51:03.228 1503 2301 W ContextImpl: Calling a method in the system process without a qualified user: android.app.ContextImpl.sendBroadcastMultiplePermissions:1206 android.content.Context.sendBroadcastWithMultiplePermissions:2262 com.android.server.wifi.WifiServiceImpl.broadcastWifiCredentialChanged:4925 com.android.server.wifi.WifiServiceImpl.lambda$connect$106:4975 com.android.server.wifi.WifiServiceImpl.$r8$lambda$k_VbQ0XctrStvVsieclZczsvs-g:0
01-01 09:51:32.176 0 0 I [schedu][0x7d7a27b55][03:51:03.264308] wlan: [6876:I:OSIF] vdev 0, scan id 40964 type COMPLETED(1) reason CANCELLED(2) scan found 24 bss
01-01 09:51:32.260 0 0 I [schedu][0x7d7bb10d8][03:51:03.348222] wlan: [6876:I:HIF] Deinitializing Runtime PM wakelock &vdev->vdev_set_key_runtime_wakelock
01-01 09:51:32.261 0 0 I [schedu][0x7d7bb6ca3][03:51:03.349446] wlan: [6876:I:HIF] Initializing Runtime PM wakelock &vdev->vdev_set_key_runtime_wakelock
01-01 09:51:32.269 0 0 I : read descriptors
01-01 09:51:32.269 0 0 I : read strings
12-14 03:51:03.364 1185 1185 W wificond: Scan aborted
12-14 03:51:03.368 835 835 D android.hardware.wifi@1.0-service: Successfully SetMacAddress.
01-01 09:51:32.280 0 0 I [wifi@1][0x7d7c1014e][03:51:03.368495] wlan: [835:I:DP] dp_vdev_attach_wifi3: wlan_cfg_ap_bridge_enabled 0
01-01 09:51:32.293 0 0 E [wifi@1][0x7d7c4ef30][03:51:03.381906] wlan: [6882:E:wifipos] wifi_pos_process_app_reg_req: 608: Received App Req Req pid(1061159747), len(16)
01-01 09:51:32.294 0 0 I [wifi@1][0x7d7c50dc7][03:51:03.382314] wlan: [6882:I:wifipos] wifi_pos_get_ch_info: 461: num channels: 26
01-01 09:51:32.294 0 0 I [wifi@1][0x7d7c524f6][03:51:03.382623] wlan: [6882:I:wifipos] wifi_pos_get_ch_info: 461: num channels: 26
12-14 03:51:03.384 1185 1185 W wificond: Scan is not started. Ignore abort request
01-01 09:51:32.364 0 0 I init : Sending signal 9 to service 'idmap2d' (pid 6989) process group...
12-14 03:51:03.456 1503 1591 W OverlayManager: service 'idmap' died
01-01 09:51:32.370 0 0 I libprocessgroup: Successfully killed process cgroup uid 1000 pid 6989 in 5ms
01-01 09:51:32.371 0 0 I init : Control message: Processed ctl.stop for 'idmap2d' from pid: 1503 (system_server)
01-01 09:51:32.371 0 0 I init : Service 'idmap2d' (pid 6989) received signal 9
01-01 09:51:32.560 0 0 I [wpa_su][0x7d81319d9][03:51:03.648715] wlan: [6886:I:SME] vdev-0: Connecting to TP-LINK_Figure_6d0405 6c:b1:58:0f:7d:3b rssi: -11 freq: 5805 akm 9 cipher: uc 6 mc 6, CC: CN
01-01 09:51:32.560 0 0 E [wpa_su][0x7d81327cf][03:51:03.648901] wlan: [6886:E:QDF] Cannot malloc 0 bytes @ csr_get_cfg_max_tx_power:14199
01-01 09:51:32.561 0 0 I [schedu][0x7d81387ce][03:51:03.650181] wlan: [6876:I:WMI] send_vdev_start_cmd_tlv: 1062: send_vdev_start_cmd_tlv: vdev_id 0 freq 5805 chanmode 10 ch_info: 0xa is_dfs 0 beacon interval 100 dtim 0 center_chan 5775 center_freq2 0 reg_info_1: 0x180000 reg_info_2: 0x1800, req->max_txpow: 0x18 Tx SS 1, Rx SS 1, ldpc_rx: 0, cac 0, regd 4, HE ops: 0req->dis_hw_ack: 0
01-01 09:51:32.584 0 0 I [soft_i][0x7d819fc94][03:51:03.672219] wlan: [0:I:TXRX] HTT_T2H_MSG_TYPE_PEER_MAP msg for peer id 6 vdev id 0 n
01-01 09:51:32.584 0 0 E [soft_i][0x7d819ff34][03:51:03.672253] wlan: [0:E:DP] dp_peer_find_add_id: peer 0000000000000000 ID 6 vid 0 mac 6c:b1:58:0f:7d:3b
01-01 09:51:32.584 0 0 I [soft_i][0x7d81a007b][03:51:03.672270] wlan: [0:I:DP] dp_peer_find_add_id: ref_cnt: 2
01-01 09:51:32.584 0 0 E [soft_i][0x7d81a0155][03:51:03.672282] wlan: [0:E:DP] dp_peer_map_ast: peer 0000000000000000 ID 38 vid 0 mac 6c:b1:58:0f:7d:3b
01-01 09:51:32.706 0 0 I [schedu][0x7d83dd77e][03:51:03.794604] wlan: [6876:I:PE] Auth TX: seq 1 seq num 2049 status 0 WEP 0 to 6c:b1:58:0f:7d:3b
01-01 09:51:32.707 0 0 I [schedu][0x7d83e400e][03:51:03.795998] wlan: [6876:I:PE] Auth TX: success
01-01 09:51:32.716 0 0 I [schedu][0x7d840ba3a][03:51:03.804453] wlan: [6876:I:PE] Auth RX: vdev 0 sys role 3 lim_state 5 from 6c:b1:58:0f:7d:3b rssi -14 auth_alg 0 seq 0
01-01 09:51:32.716 0 0 I [schedu][0x7d840d22a][03:51:03.804773] wlan: [6876:I:PE] Assoc req TX: vdev 0 to 6c:b1:58:0f:7d:3b seq num 2050
01-01 09:51:32.718 0 0 I [schedu][0x7d8414bf9][03:51:03.806397] wlan: [6876:I:PE] Assoc req TX: success
01-01 09:51:32.747 0 0 I [schedu][0x7d849d5e7][03:51:03.835543] wlan: [6876:I:PE] Assoc rsp RX: subtype 0 vdev 0 sys role 3 lim state 10 rssi -13 from 6c:b1:58:0f:7d:3b
01-01 09:51:32.755 0 0 E [schedu][0x7d84c23cb][03:51:03.843408] wlan: [6876:E:QDF] Cannot malloc 0 bytes @ csr_get_cfg_max_tx_power:14199
01-01 09:51:32.755 0 0 E [schedu][0x7d84c262c][03:51:03.843439] wlan: [6876:E:QDF] Cannot malloc 0 bytes @ csr_get_cfg_max_tx_power:14199
01-01 09:51:32.756 0 0 E [soft_i][0x7d84c91a4][03:51:03.844872] wlan: [0:E:DP] dp_tx_initialize_threshold: tx flow control threshold is set, pool size is 4096
01-01 09:51:32.757 0 0 I [schedu][0x7d84caad6][03:51:03.845208] wlan: [6876:I:HDD] wlan0(vdevid-0): be:d4:30:99:35:ec connected to 6c:b1:58:0f:7d:3b
01-01 09:51:32.769 0 0 I [dp_rx_][0x7d85051f8][03:51:03.857677] wlan: [6878:I:QDF] EAPOL-1 RX: SA:6c:b1:58:0f:7d:3b DA:be:d4:30:99:35:ec
01-01 09:51:32.792 0 0 I [soft_i][0x7d856e8be][03:51:03.880168] wlan: [0:I:QDF] EAPOL-2 TX: SA:be:d4:30:99:35:ec DA:6c:b1:58:0f:7d:3b msdu_id:0 status: succ
01-01 09:51:32.793 0 0 I [soft_i][0x7d8573afb][03:51:03.881264] wlan: [0:I:DP] dp_addba_requestprocess_wifi3 restore BA win 64 based on addba req
01-01 09:51:32.796 0 0 I [dp_rx_][0x7d85833b9][03:51:03.884580] wlan: [6878:I:QDF] EAPOL-3 RX: SA:6c:b1:58:0f:7d:3b DA:be:d4:30:99:35:ec
01-01 09:51:32.798 0 0 I [soft_i][0x7d858d620][03:51:03.886746] wlan: [0:I:QDF] EAPOL-4 TX: SA:be:d4:30:99:35:ec DA:6c:b1:58:0f:7d:3b msdu_id:0 status: succ
01-01 09:51:32.816 0 0 E [schedu][0x7d85e1b8c][03:51:03.904738] wlan: [6876:E:QDF] Cannot malloc 0 bytes @ csr_get_cfg_max_tx_power:14199
01-01 09:51:32.827 0 0 I [schedu][0x7d8615ebd][03:51:03.915874] wlan: [6876:I:WMI] LFR3:OKC enabled
01-01 09:51:32.827 0 0 I [schedu][0x7d861600d][03:51:03.915891] wlan: [6876:I:WMI] LFR3:PMKSA caching enabled
12-14 03:51:04.002 1503 5601 D CompatibilityChangeReporter: Compat change id reported: 171306433; UID 1073; state: ENABLED
01-01 09:51:32.935 0 0 E [wifi@1][0x7d88115cf][03:51:04.024128] wlan: [835:E:HDD] hdd_enable_ns_offload: 484: Failed to cache ns request; status:4
01-01 09:51:32.958 0 0 D : mv2112_read_status
01-01 09:51:32.959 0 0 D mv2112_update_link: 3.0x901(1G): 0x80
01-01 09:51:32.959 0 0 D mv2112_update_link: 3.0x8109(100M): 0x8
01-01 09:51:32.959 0 0 D mv2112_update_link: link 0x0
01-01 09:51:32.959 0 0 D mv2112_read_status: autoneg is disabled
01-01 09:51:32.982 0 0 I [soft_i][0x7d88ebb7f][03:51:04.070711] wlan: [0:I:QDF] DHCP-D TX: SA:be:d4:30:99:35:ec DA:ff:ff:ff:ff:ff:ff msdu_id:1 status: succ
01-01 09:51:32.982 0 0 I [dp_rx_][0x7d88ec821][03:51:04.070879] wlan: [6878:I:QDF] DHCP-D RX: SA:be:d4:30:99:35:ec DA:ff:ff:ff:ff:ff:ff
01-01 09:51:33.287 0 0 I : read descriptors
01-01 09:51:33.287 0 0 I : read strings
01-01 09:51:33.580 0 0 I [dp_rx_][0x7d93deb51][03:51:04.668683] wlan: [6878:I:QDF] DHCP-O RX: SA:6c:b1:58:0f:7d:39 DA:be:d4:30:99:35:ec
01-01 09:51:33.600 0 0 I [soft_i][0x7d943a58d][03:51:04.688231] wlan: [0:I:QDF] DHCP-R TX: SA:be:d4:30:99:35:ec DA:ff:ff:ff:ff:ff:ff msdu_id:1 status: succ
01-01 09:51:33.601 0 0 I [dp_rx_][0x7d94400b5][03:51:04.689447] wlan: [6878:I:QDF] DHCP-R RX: SA:be:d4:30:99:35:ec DA:ff:ff:ff:ff:ff:ff
01-01 09:51:33.601 0 0 I [dp_rx_][0x7d944325e][03:51:04.690109] wlan: [6878:I:QDF] DHCP-A RX: SA:6c:b1:58:0f:7d:39 DA:be:d4:30:99:35:ec
12-14 03:51:04.740 1503 1503 D CompatibilityChangeReporter: Compat change id reported: 175319604; UID 1000; state: ENABLED
12-14 03:51:04.741 1503 1503 D CompatibilityChangeReporter: Compat change id reported: 175319604; UID 1000; state: DISABLED
12-14 03:51:04.795 667 733 E NetlinkEvent: NetlinkEvent::FindParam(): Parameter 'INTERFACE' not found
12-14 03:51:04.795 667 733 E NetlinkEvent: NetlinkEvent::FindParam(): Parameter 'STATE' not found
12-14 03:51:04.795 667 733 E NetlinkEvent: NetlinkEvent::FindParam(): Parameter 'TIME_NS' not found
12-14 03:51:04.795 667 733 E NetlinkEvent: NetlinkEvent::FindParam(): Parameter 'UID' not found
