12-14 03:22:34.242 1503 1591 D CompatibilityChangeReporter: Compat change id reported: 168419799; UID 1000; state: DISABLED
12-14 03:22:34.244 1503 1590 D CompatibilityChangeReporter: Compat change id reported: 168419799; UID 1068; state: DISABLED
12-14 03:22:34.247 1503 1730 W ActivityManager: Unable to start service Intent { act=com.thundercomm.microsettings.EOL_SERVICE pkg=com.thundercomm.microsettings } U=0: not found
12-14 03:22:34.247 1503 1613 W ActivityManager: Slow operation: 175ms so far, now at startProcess: returned from zygote!
12-14 03:22:34.248 1503 1613 W ActivityManager: Slow operation: 175ms so far, now at startProcess: done updating battery stats
12-14 03:22:34.248 1503 1613 W ActivityManager: Slow operation: 175ms so far, now at startProcess: building log message
12-14 03:22:34.248 1503 1613 I ActivityManager: Start proc 2774:com.thundercomm.tcservice/1000 for added application com.thundercomm.tcservice
12-14 03:22:34.248 1503 1613 W ActivityManager: Slow operation: 175ms so far, now at startProcess: starting to update pids map
12-14 03:22:34.248 1503 1613 W ActivityManager: Slow operation: 175ms so far, now at startProcess: done updating pids map
12-14 03:22:34.248 1503 1613 W ActivityManager: Slow operation: 174ms so far, now at startProcess: asking zygote to start proc
12-14 03:22:34.248 1503 1613 D CompatibilityChangeReporter: Compat change id reported: 143937733; UID 10069; state: ENABLED
12-14 03:22:34.248 1503 1613 W ActivityManager: com.qualcomm.qti.devicestatisticsservice inode == 0 (b/152760674)
01-01 09:23:03.159 0 0 I binder : 2737:2737 ioctl 40046210 7fe38dfb64 returned -22
12-14 03:22:34.253 1503 1591 D CompatibilityChangeReporter: Compat change id reported: 168419799; UID 1000; state: DISABLED
12-14 03:22:34.261 1503 1613 W ActivityManager: Slow operation: 187ms so far, now at startProcess: returned from zygote!
12-14 03:22:34.261 1503 1613 W ActivityManager: Slow operation: 188ms so far, now at startProcess: done updating battery stats
12-14 03:22:34.261 1503 1613 W ActivityManager: Slow operation: 188ms so far, now at startProcess: building log message
12-14 03:22:34.261 1503 1613 I ActivityManager: Start proc 2783:com.qualcomm.qti.devicestatisticsservice/u0a69 for added application com.qualcomm.qti.devicestatisticsservice
12-14 03:22:34.261 1503 1613 W ActivityManager: Slow operation: 188ms so far, now at startProcess: starting to update pids map
12-14 03:22:34.262 1503 1613 W ActivityManager: Slow operation: 188ms so far, now at startProcess: done updating pids map
12-14 03:22:34.262 1503 1613 W ActivityManager: Slow operation: 187ms so far, now at startProcess: asking zygote to start proc
12-14 03:22:34.262 1503 1613 W ActivityManager: com.android.server.telecom inode == 0 (b/152760674)
12-14 03:22:34.276 2578 2578 D MicroServiceManager: add linkToDeath
12-14 03:22:34.276 2578 2578 D MicroServiceManager: bindMicroService: called already get service
12-14 03:22:34.277 1503 1613 W ActivityManager: Slow operation: 202ms so far, now at startProcess: returned from zygote!
12-14 03:22:34.278 1503 1613 W ActivityManager: Slow operation: 203ms so far, now at startProcess: done updating battery stats
12-14 03:22:34.278 1503 1613 W ActivityManager: Slow operation: 203ms so far, now at startProcess: building log message
12-14 03:22:34.278 1503 1613 I ActivityManager: Start proc 2789:com.qualcomm.qti.qdma/1000 for added application com.qualcomm.qti.qdma
12-14 03:22:34.278 1503 1613 W ActivityManager: Slow operation: 203ms so far, now at startProcess: starting to update pids map
12-14 03:22:34.278 1503 1613 W ActivityManager: Slow operation: 203ms so far, now at startProcess: done updating pids map
12-14 03:22:34.278 1503 1613 W ActivityManager: Slow operation: 159ms so far, now at startProcess: asking zygote to start proc
12-14 03:22:34.278 1503 1613 W ActivityManager: com.android.server.telecom inode == 0 (b/152760674)
01-01 09:23:03.210 0 0 I binder : 2783:2783 ioctl 40046210 7fe38dfb64 returned -22
01-01 09:23:03.213 0 0 I binder : 2704:2704 ioctl 40046210 7fe38deb14 returned -22
12-14 03:22:34.288 1503 1613 W ActivityManager: Slow operation: 169ms so far, now at startProcess: returned from zygote!
12-14 03:22:34.289 1503 1613 W ActivityManager: Slow operation: 170ms so far, now at startProcess: done updating battery stats
12-14 03:22:34.289 1503 1613 W ActivityManager: Slow operation: 170ms so far, now at startProcess: building log message
12-14 03:22:34.289 1503 1613 I ActivityManager: Start proc 2807:com.android.settings:CryptKeeper/1000 for top-activity {com.android.settings/com.android.settings.CryptKeeper}
12-14 03:22:34.289 1503 1613 W ActivityManager: Slow operation: 170ms so far, now at startProcess: starting to update pids map
12-14 03:22:34.289 1503 1613 W ActivityManager: Slow operation: 170ms so far, now at startProcess: done updating pids map
12-14 03:22:34.289 1503 1613 W ActivityManager: Slow operation: 83ms so far, now at startProcess: asking zygote to start proc
12-14 03:22:34.289 1503 1613 D CompatibilityChangeReporter: Compat change id reported: 143937733; UID 10080; state: ENABLED
12-14 03:22:34.289 1503 1613 W ActivityManager: com.android.launcher3 inode == 0 (b/152760674)
12-14 03:22:34.298 2578 2578 I MicroServiceManager: addCommonCallbackListener add listener
12-14 03:22:34.298 2578 2578 I MicroServiceManager: addConnectChangedListener add listener
12-14 03:22:34.303 2578 2578 W ContextImpl: Calling a method in the system process without a qualified user: android.app.ContextImpl.sendBroadcast:1173 android.content.ContextWrapper.sendBroadcast:479 com.thundercomm.microsettings.service.SettingsService.sendSystemUI:59 com.thundercomm.microsettings.service.SettingsService.onCreate:50 android.app.ActivityThread.handleCreateService:4488
12-14 03:22:34.303 1503 1613 W ActivityManager: Slow operation: 97ms so far, now at startProcess: returned from zygote!
12-14 03:22:34.303 1503 1730 D CompatibilityChangeReporter: Compat change id reported: 168419799; UID 10069; state: DISABLED
12-14 03:22:34.305 1503 1613 W ActivityManager: Slow operation: 100ms so far, now at startProcess: done updating battery stats
12-14 03:22:34.306 1503 1613 W ActivityManager: Slow operation: 100ms so far, now at startProcess: building log message
12-14 03:22:34.306 1503 1613 I ActivityManager: Start proc 2822:com.android.launcher3/u0a80 for service {com.android.launcher3/com.android.quickstep.TouchInteractionService}
12-14 03:22:34.306 1503 1613 W ActivityManager: Slow operation: 100ms so far, now at startProcess: starting to update pids map
12-14 03:22:34.306 1503 1613 W ActivityManager: Slow operation: 100ms so far, now at startProcess: done updating pids map
12-14 03:22:34.306 2578 2578 W ContextImpl: Calling a method in the system process without a qualified user: android.app.ContextImpl.bindService:1895 android.content.ContextWrapper.bindService:810 com.thundercomm.microsettings.manager.SoundManager.bindService:206 com.thundercomm.microsettings.manager.SoundManager.connect:197 com.thundercomm.microsettings.service.SettingsService.onStartCommand:80
12-14 03:22:34.310 2578 2578 W ContextImpl: Calling a method in the system process without a qualified user: android.app.ContextImpl.bindService:1895 android.content.ContextWrapper.bindService:810 com.thundercomm.microsettings.manager.DisplayManager.bindService:188 com.thundercomm.microsettings.manager.DisplayManager.connect:179 com.thundercomm.microsettings.service.SettingsService.onStartCommand:81
01-01 09:23:03.225 0 0 I binder : 2774:2774 ioctl 40046210 7fe38dfb64 returned -22
01-01 09:23:03.230 0 0 I binder : 2789:2789 ioctl 40046210 7fe38dfb64 returned -22
12-14 03:22:34.323 1503 1590 D CompatibilityChangeReporter: Compat change id reported: 168419799; UID 1000; state: DISABLED
01-01 09:23:03.236 0 0 I binder : 2807:2807 ioctl 40046210 7fe38dfb64 returned -22
01-01 09:23:03.241 0 0 I binder : 2822:2822 ioctl 40046210 7fe38dfb64 returned -22
12-14 03:22:34.326 1503 1591 D CompatibilityChangeReporter: Compat change id reported: 168419799; UID 1000; state: DISABLED
12-14 03:22:34.334 1503 1590 D CompatibilityChangeReporter: Compat change id reported: 168419799; UID 10080; state: DISABLED
12-14 03:22:34.341 1503 1591 D CompatibilityChangeReporter: Compat change id reported: 168419799; UID 1000; state: DISABLED
01-01 09:23:03.278 0 0 I binder : 2774:2774 ioctl 40046210 7fe38de6d4 returned -22
12-14 03:22:34.373 2774 2774 W ContextImpl: Calling a method in the system process without a qualified user: android.app.ContextImpl.startService:1816 android.content.ContextWrapper.startService:774 com.thundercomm.tcservice.TCService.init:46 com.thundercomm.tcservice.TCService.onCreate:33 android.app.ActivityThread.handleCreateService:4488
01-01 09:23:03.292 0 0 I : Wifi Turning On from UI
12-14 03:22:34.381 835 835 I android.hardware.wifi@1.0-service: Wifi HAL started
01-01 09:23:03.298 0 0 I : Wifi Turning On from UI
01-01 09:23:03.299 0 0 I [wifi@1][0x33fb1403][03:22:34.387838] wlan: [835:I:DP] dp_vdev_attach_wifi3: wlan_cfg_ap_bridge_enabled 0
01-01 09:23:03.299 0 0 I [wifi@1][0x33fb1606][03:22:34.387865] wlan: [835:I:DP] 00000000: a9 a3 48 6d d6 c2 fe f4 e3 a6 26 fc c5 26 d2 45
01-01 09:23:03.299 0 0 I [wifi@1][0x33fb1645][03:22:34.387868] wlan: [835:I:DP] 00000010: 0a 6b 69 51
01-01 09:23:03.299 0 0 I [wifi@1][0x33fb16a6][03:22:34.387873] wlan: [835:I:DP] 00000000: 13 b7 99 43 ee cd 0c d2 45 ca 9c cb 05 c0 fd ad
01-01 09:23:03.299 0 0 I [wifi@1][0x33fb16df][03:22:34.387876] wlan: [835:I:DP] 00000010: 3e 47 89 ff 2e 3d 0d f3 57 b4 5c 40 60 77 81 40
01-01 09:23:03.299 0 0 I [wifi@1][0x33fb1715][03:22:34.387879] wlan: [835:I:DP] 00000020: 4e e3 e9 d6 0a 9d 48 2e df 85 44 1d
01-01 09:23:03.303 0 0 I IPv6 : ADDRCONF(NETDEV_UP): wlan0: link is not ready
01-01 09:23:03.306 0 0 I binder : 2789:2789 ioctl 40046210 7fe38dd804 returned -22
12-14 03:22:34.395 835 835 I android.hardware.wifi@1.0-service: Adding interface handle for p2p0
12-14 03:22:34.395 835 835 I android.hardware.wifi@1.0-service: Adding interface handle for wifi-aware0
12-14 03:22:34.395 835 835 I android.hardware.wifi@1.0-service: Adding interface handle for wlan0
12-14 03:22:34.395 835 835 W android.hardware.wifi@1.0-service: No active wlan interfaces in use! Using default
12-14 03:22:34.395 835 835 W android.hardware.wifi@1.0-service: No active wlan interfaces in use! Using default
12-14 03:22:34.397 835 835 I android.hardware.wifi@1.0-service: Configured chip in mode 3
12-14 03:22:34.397 835 835 W android.hardware.wifi@1.0-service: No active wlan interfaces in use! Using default
12-14 03:22:34.398 1503 2577 W ContextImpl: Calling a method in the system process without a qualified user: android.app.ContextImpl.bindService:1895 android.content.ContextWrapper.bindService:810 com.qualcomm.qti.activityextension.ActivityNotifier.bindToDynamicDDSService:103 com.qualcomm.qti.activityextension.ActivityNotifier.handleSendActivitySuspendNotification:154 com.qualcomm.qti.activityextension.ActivityNotifier.access$400:26
01-01 09:23:03.314 0 0 I [lowi-s][0x33ff53b9][03:22:34.402341] wlan: [1401:I:wifipos] wifi_pos_get_ch_info: 461: num channels: 26
12-14 03:22:34.403 835 835 W android.hardware.wifi@1.0-service: No active wlan interfaces in use! Using default
01-01 09:23:03.317 0 0 E [wifi@1][0x34002ae1][03:22:34.405209] wlan: [2908:E:wifipos] wifi_pos_process_app_reg_req: 608: Received App Req Req pid(343933763), len(16)
01-01 09:23:03.317 0 0 I [wifi@1][0x340067de][03:22:34.406023] wlan: [2908:I:wifipos] wifi_pos_get_ch_info: 461: num channels: 26
01-01 09:23:03.318 0 0 I [wifi@1][0x3400829b][03:22:34.406379] wlan: [2908:I:wifipos] wifi_pos_get_ch_info: 461: num channels: 26
12-14 03:22:34.407 1503 1590 I ActivityTaskManager: START u0 {act=android.intent.action.MAIN cat=[android.intent.category.HOME] flg=0x10000100 cmp=com.android.settings/.FallbackHome (has extras)} from uid 0
12-14 03:22:34.409 1503 2577 W ContextImpl: Calling a method in the system process without a qualified user: android.app.ContextImpl.bindService:1895 android.content.ContextWrapper.bindService:810 com.qualcomm.qti.activityextension.ActivityNotifier.bindToDynamicDDSService:103 com.qualcomm.qti.activityextension.ActivityNotifier.handleSendActivityInvokeNotification:184 com.qualcomm.qti.activityextension.ActivityNotifier.access$300:26
12-14 03:22:34.410 1503 1590 I ActivityTaskManager: FOREGROUND_APPLICATION_CHANGED to com.android.settings.FallbackHome
12-14 03:22:34.411 1503 2577 W ContextImpl: Calling a method in the system process without a qualified user: android.app.ContextImpl.bindService:1895 android.content.ContextWrapper.bindService:810 com.qualcomm.qti.activityextension.ActivityNotifier.bindToDynamicDDSService:103 com.qualcomm.qti.activityextension.ActivityNotifier.handleSendActivityInvokeNotification:184 com.qualcomm.qti.activityextension.ActivityNotifier.access$300:26
12-14 03:22:34.414 1503 2577 W ContextImpl: Calling a method in the system process without a qualified user: android.app.ContextImpl.bindService:1895 android.content.ContextWrapper.bindService:810 com.qualcomm.qti.activityextension.ActivityNotifier.bindToDynamicDDSService:103 com.qualcomm.qti.activityextension.ActivityNotifier.handleSendActivityInvokeNotification:184 com.qualcomm.qti.activityextension.ActivityNotifier.access$300:26
12-14 03:22:34.415 1185 1185 I wificond: createClientInterface: wiphy_index 0 iface_name wlan0
12-14 03:22:34.416 1185 1185 I wificond: create scanner for interface with index: 17
12-14 03:22:34.416 1185 1185 I wificond: subscribe scan result for interface with index: 17
12-14 03:22:34.416 1503 1604 D CompatibilityChangeReporter: Compat change id reported: 135634846; UID 1000; state: DISABLED
12-14 03:22:34.416 1503 1604 D CompatibilityChangeReporter: Compat change id reported: 177438394; UID 1000; state: DISABLED
12-14 03:22:34.417 1503 1604 D CompatibilityChangeReporter: Compat change id reported: 135772972; UID 1000; state: DISABLED
12-14 03:22:34.417 1503 1604 D CompatibilityChangeReporter: Compat change id reported: 135754954; UID 1000; state: ENABLED
12-14 03:22:34.417 1185 1185 I wificond: add channel type 0 support at wiphy index: 0
12-14 03:22:34.417 1185 1185 I wificond: add channel type 1 support at wiphy index: 0
12-14 03:22:34.417 1503 1613 W ActivityManager: com.android.server.telecom inode == 0 (b/152760674)
12-14 03:22:34.423 1503 1613 I ActivityManager: Start proc 2919:com.android.settings/1000 for top-activity {com.android.settings/com.android.settings.FallbackHome}
01-01 09:23:03.359 0 0 I binder : 2919:2919 ioctl 40046210 7fe38dfb64 returned -22
12-14 03:22:34.456 1503 2452 I StatusBarManagerService: registerStatusBar bar=com.android.internal.statusbar.IStatusBar$Stub$Proxy@5177079
12-14 03:22:34.459 1503 2453 D CompatibilityChangeReporter: Compat change id reported: 135634846; UID 10085; state: DISABLED
12-14 03:22:34.459 1503 2453 D CompatibilityChangeReporter: Compat change id reported: 177438394; UID 10085; state: DISABLED
12-14 03:22:34.459 1503 2453 D CompatibilityChangeReporter: Compat change id reported: 135772972; UID 10085; state: DISABLED
12-14 03:22:34.460 1503 2453 D CompatibilityChangeReporter: Compat change id reported: 135754954; UID 10085; state: ENABLED
12-14 03:22:34.460 1503 1613 D CompatibilityChangeReporter: Compat change id reported: 143937733; UID 10085; state: ENABLED
12-14 03:22:34.460 1503 1613 W ActivityManager: com.qualcomm.qti.qccauthmgr inode == 0 (b/152760674)
12-14 03:22:34.467 1503 1503 D BluetoothManagerService: Bluetooth Adapter name changed to QCOM-BTD by android
01-01 09:23:03.382 0 0 D qbt : qbt_open: entry minor_no=0 fd_available=1
01-01 09:23:03.382 0 0 D qbt : qbt_open: exit : 0 fd_available=0
01-01 09:23:03.382 0 0 D qbt : qbt_open: entry minor_no=1 fd_available=0
01-01 09:23:03.382 0 0 D qbt : qbt_open: exit : 0 fd_available=0
01-01 09:23:03.382 0 0 D qbt : qbt_ioctl: cmd received 107
01-01 09:23:03.382 0 0 D qbt : qbt_ioctl: Acquiring wakelock
12-14 03:22:34.467 1503 1503 D BluetoothManagerService: Stored Bluetooth name: QCOM-BTD
12-14 03:22:34.469 1503 1503 D BiometricScheduler/Fingerprint21: [Added] {[0] FingerprintUpdateActiveUserClient, proto=1, owner=android, cookie=0, requestId=-1, userId=0}, new queue size: 1
12-14 03:22:34.469 1503 1503 D BiometricScheduler/Fingerprint21: [Polled] {[0] FingerprintUpdateActiveUserClient, proto=1, owner=android, cookie=0, requestId=-1, userId=0}, State: 0
12-14 03:22:34.469 1503 1503 D BiometricScheduler/Fingerprint21: [Starting] {[0] FingerprintUpdateActiveUserClient, proto=1, owner=android, cookie=0, requestId=-1, userId=0}, State: 0
12-14 03:22:34.469 1503 1503 D BiometricScheduler/Fingerprint21: [Started] {[0] FingerprintUpdateActiveUserClient, proto=1, owner=android, cookie=0, requestId=-1, userId=0}
12-14 03:22:34.478 1503 1613 I ActivityManager: Start proc 2942:com.qualcomm.qti.qccauthmgr/u0a85 for content provider {com.qualcomm.qti.qccauthmgr/com.qualcomm.qti.qccauthmgr.providers.SMQContentProvider}
01-01 09:23:03.391 0 0 W QSEECOM : qseecom_load_app: App (fingerpr) does'nt exist, loading apps for first time
01-01 09:23:03.415 0 0 I binder : 2942:2942 ioctl 40046210 7fe38dfb64 returned -22
12-14 03:22:34.509 1503 2452 D CompatibilityChangeReporter: Compat change id reported: 168419799; UID 10085; state: DISABLED
12-14 03:22:34.537 1503 2452 W WindowManager: Failed looking up window session=Session{948f4cd 2919:1000} callers=com.android.server.wm.WindowManagerService.windowForClientLocked:5628 com.android.server.wm.Session.insetsModified:629 android.view.IWindowSession$Stub.onTransact:1151
01-01 09:23:03.469 0 0 W F2FS-fs (dm-10): Unexpected flush for atomic writes: ino=1661, npages=3
01-01 09:23:03.478 0 0 I binder : 2919:2958 ioctl 40046210 760b7f91f4 returned -22
12-14 03:22:34.568 1503 2452 D CompatibilityChangeReporter: Compat change id reported: 171306433; UID 1000; state: ENABLED
12-14 03:22:34.580 1503 1604 I ActivityManagerTiming: FinishBooting
12-14 03:22:34.585 1503 1604 W KeyguardServiceDelegate: onScreenTurningOn(): no keyguard service!
01-01 09:23:03.503 0 0 W QSEECOM : qseecom_load_app: App with id 7 (fingerpr) now loaded
12-14 03:22:34.633 1503 1730 D CompatibilityChangeReporter: Compat change id reported: 168419799; UID 10082; state: DISABLED
12-14 03:22:34.694 2372 2688 W ActivityThread: Failed to find provider info for com.android.contacts (user not unlocked)
12-14 03:22:34.709 1503 1503 W Looper : Slow dispatch took 240ms main h=android.os.Handler c=com.android.server.biometrics.sensors.fingerprint.hidl.Fingerprint21$$ExternalSyntheticLambda2@aca9426 m=0
12-14 03:22:34.709 1503 1503 D BiometricScheduler/Fingerprint21: [Added] {[1] FingerprintUpdateActiveUserClient, proto=1, owner=android, cookie=0, requestId=-1, userId=0}, new queue size: 1
12-14 03:22:34.709 1503 1503 V BiometricScheduler/Fingerprint21: Not idle, current operation: {[0] FingerprintUpdateActiveUserClient, proto=1, owner=android, cookie=0, requestId=-1, userId=0}, State: 2
12-14 03:22:34.709 1503 1503 D BiometricScheduler/Fingerprint21: [Added] {[2] FingerprintInternalCleanupClient, proto=7, owner=android, cookie=0, requestId=-1, userId=0}, new queue size: 2
12-14 03:22:34.709 1503 1503 V BiometricScheduler/Fingerprint21: Not idle, current operation: {[0] FingerprintUpdateActiveUserClient, proto=1, owner=android, cookie=0, requestId=-1, userId=0}, State: 2
01-01 09:23:03.619 0 0 W QSEECOM : __qseecom_unload_app: App (7) is unloaded
01-01 09:23:03.620 0 0 D qbt : qbt_release: entry minor_no=0 fd_available=0
01-01 09:23:03.620 0 0 D qbt : qbt_release: Releasing wakelock
01-01 09:23:03.620 0 0 D qbt : qbt_release: exit : fd_available=1
01-01 09:23:03.620 0 0 D qbt : qbt_release: entry minor_no=1 fd_available=1
01-01 09:23:03.620 0 0 D qbt : qbt_release: exit : fd_available=1
12-14 03:22:34.710 1503 1503 D BluetoothManagerService: BluetoothServiceConnection: com.android.bluetooth.btservice.AdapterService
12-14 03:22:34.710 1503 1603 D BluetoothManagerService: MESSAGE_BLUETOOTH_SERVICE_CONNECTED: 1
12-14 03:22:34.710 1503 1503 I PackageWatchdog: Syncing health check requests for packages: {}
12-14 03:22:34.711 1503 1503 I ExplicitHealthCheckController: Service not ready to get health check supported packages. Binding...
12-14 03:22:34.711 1503 1503 I ExplicitHealthCheckController: Explicit health check service is bound
12-14 03:22:34.714 1503 1603 D BluetoothManagerService: MESSAGE_GET_NAME_AND_ADDRESS
12-14 03:22:34.716 1503 1603 D BluetoothManagerService: Stored Bluetooth name: QCOM-BTD
12-14 03:22:34.716 1503 1603 D BluetoothManagerService: MESSAGE_INFORM_ADAPTER_SERVICE_UP
12-14 03:22:34.716 1503 1603 D BluetoothManagerService: Broadcasting onBluetoothServiceUp() to 3 receivers.
12-14 03:22:34.719 1503 1603 D BluetoothManagerService: MESSAGE_BLUETOOTH_STATE_CHANGE: OFF > BLE_TURNING_ON
12-14 03:22:34.719 1503 1603 D BluetoothManagerService: Sending BLE State Change: OFF > BLE_TURNING_ON
12-14 03:22:34.721 1503 1730 D CompatibilityChangeReporter: Compat change id reported: 168419799; UID 1002; state: DISABLED
01-01 09:23:03.647 0 0 E bt_ioctl: BT_CMD_PWR_CTRL pwr_cntrl:0
01-01 09:23:03.647 0 0 E bt_ioctl: BT state already:0 no change done
01-01 09:23:03.647 0 0 E bt_ioctl: BT_CMD_PWR_CTRL pwr_cntrl:1
01-01 09:23:03.647 0 0 I bt_power vendor: bt_qca6390: Linked as a consumer to regulator.9
01-01 09:23:03.647 0 0 E bt_vreg_enable: vreg_en successful for : qca,bt-vdd-aon
01-01 09:23:03.647 0 0 I bt_power vendor: bt_qca6390: Linked as a consumer to regulator.51
01-01 09:23:03.647 0 0 E bt_vreg_enable: vreg_en successful for : qca,bt-vdd-dig
01-01 09:23:03.647 0 0 I bt_power vendor: bt_qca6390: Linked as a consumer to regulator.8
01-01 09:23:03.647 0 0 E bt_vreg_enable: vreg_en successful for : qca,bt-vdd-rfa1
01-01 09:23:03.647 0 0 I bt_power vendor: bt_qca6390: Linked as a consumer to regulator.36
01-01 09:23:03.647 0 0 E bt_vreg_enable: vreg_en successful for : qca,bt-vdd-rfa2
01-01 09:23:03.647 0 0 I bt_power vendor: bt_qca6390: Linked as a consumer to regulator.27
01-01 09:23:03.648 0 0 E bt_vreg_enable: vreg_en successful for : qca,bt-vdd-asd
12-14 03:22:34.760 1503 1503 I ConnectivityModuleConnector: Networking module service connected
12-14 03:22:34.764 1503 1503 I SystemServerTiming: ManagedServices.unbindOtherUserServices_current0
12-14 03:22:34.764 1503 1503 I SystemServerTiming: ManagedServices.unbindOtherUserServices_current0
12-14 03:22:34.764 1503 1503 I SystemServerTiming: ManagedServices.unbindOtherUserServices_current0
12-14 03:22:34.764 1503 1503 V NotificationAssistants: enabling notification assistant for 0: ComponentInfo{android.ext.services/android.ext.services.notification.Assistant}
12-14 03:22:34.764 1503 1503 V NotificationAssistants: Not registering ComponentInfo{android.ext.services/android.ext.services.notification.Assistant} is already bound
01-01 09:23:03.702 0 0 I bt_configure_gpios: BTON:Turn Bt Off bt-reset-gpio(1121) value(0)
01-01 09:23:03.702 0 0 I bt_configure_gpios: BTON:Turn Bt Off
01-01 09:23:03.702 0 0 I bt_configure_gpios: bt-sw-ctrl-gpio(1224) value(1)
01-01 09:23:03.702 0 0 I bt_enable_bt_reset_gpios_safely: bt_enable_bt_reset_gpios_safely: BTON:Turn Bt On
01-01 09:23:03.702 0 0 I bt_enable_bt_reset_gpios_safely: bt_enable_bt_reset_gpios_safely: wl-reset-gpio(1120) value(1)
01-01 09:23:03.702 0 0 I bt_enable_bt_reset_gpios_safely: bt_enable_bt_reset_gpios_safely: BTON: Asserting BT_EN
12-14 03:22:34.800 1503 1503 I ConnectivityModuleConnector: Networking module service connected
12-14 03:22:34.803 1503 1503 D ConditionProviders.SCP: onSubscribe condition://android/schedule?days=1.2.3.4.5.6.7&start=22.0&end=7.0&exitAtAlarm=true
12-14 03:22:34.803 1503 1503 D ConditionProviders.SCP: setRegistered true
12-14 03:22:34.807 1503 2314 W ActivityThread: Failed to find provider info for com.android.calendar (user not unlocked)
12-14 03:22:34.807 1503 2314 W ActivityThread: Failed to find provider info for com.android.calendar (user not unlocked)
12-14 03:22:34.809 1503 1503 D ConditionProviders.SCP: evaluateSubscriptionLocked cal=ScheduleCalendar[mDays={1, 2, 3, 4, 5, 6, 7}, mSchedule=ScheduleInfo{days=[1, 2, 3, 4, 5, 6, 7], startHour=22, startMinute=0, endHour=7, endMinute=0, exitAtAlarm=true, nextAlarm=Thu Jan 01 08:00:00 GMT+08:00 1970 (0)}], now=Wed Dec 14 03:22:34 GMT+08:00 2022 (1670959354803), nextUserAlarmTime=Thu Jan 01 08:00:00 GMT+08:00 1970 (0)
12-14 03:22:34.809 1503 1503 D ConditionProviders.SCP: notifyCondition condition://android/schedule?days=1.2.3.4.5.6.7&start=22.0&end=7.0&exitAtAlarm=true STATE_TRUE reason=meetsSchedule
12-14 03:22:34.810 1503 1503 D ConditionProviders.SCP: Scheduling evaluate for Wed Dec 14 07:00:00 GMT+08:00 2022 (1670972400000), in +3h37m25s197ms, now=Wed Dec 14 03:22:34 GMT+08:00 2022 (1670959354803)
12-14 03:22:34.820 1503 1503 W BluetoothManagerService: bindBluetoothProfileService:Trying to bind to profile: 1, while Bluetooth is disabled
12-14 03:22:34.822 1503 3006 I Telecom : BluetoothRouteManager: getBluetoothAudioConnectedDevice: no service available.
12-14 03:22:34.822 1503 1503 I Telecom : SystemStateHelper: Registering broadcast receiver: android.content.IntentFilter@a4e5af: TS.init@AAA
12-14 03:22:34.822 1503 1503 I Telecom : SystemStateHelper: Registering broadcast receiver: android.content.IntentFilter@88b4dbc: TS.init@AAA
12-14 03:22:34.825 1503 3008 I Telecom : Logging.Events: Non-call EVENT: AUDIO_ROUTE, Entering state QuiescentEarpieceRoute
12-14 03:22:34.825 1503 3008 I Telecom : BluetoothRouteManager: getBluetoothAudioConnectedDevice: no service available.
12-14 03:22:34.827 1503 3011 I Telecom : CallAudioModeStateMachine: Message received: null.: TS.init->CAMSM.pM_1@AAA
12-14 03:22:34.828 1503 1503 I Telecom : MissedCallNotifierImpl: reloadFromDatabase: Boot not yet complete -- call log db may not be available. Deferring loading until boot complete for user 0: TS.init@AAA
12-14 03:22:34.830 1503 1503 I Telecom : MissedCallNotifierImpl: reloadFromDatabase: Boot not yet complete -- call log db may not be available. Deferring loading until boot complete for user 0: TS.init@AAA
12-14 03:22:34.831 1503 1503 I Telecom : Class: TelecomSystem.INSTANCE being set
12-14 03:22:34.832 1503 1503 I Telecom : PhoneAccountRegistrar: getSimCallManager: SimCallManager for subId -1 queried, returning: null: TSI.gSCM@AAE
12-14 03:22:34.834 1503 1503 I GameModeConfig: isGameModeOn = false
12-14 03:22:34.836 1503 1503 W NotificationHistory: Attempted to add notif for locked/gone/disabled user 0
01-01 09:23:03.757 0 0 I [schedu][0x34811896][03:22:34.845286] wlan: [1972:I:HIF] Deinitializing Runtime PM wakelock &vdev->vdev_set_key_runtime_wakelock
01-01 09:23:03.757 0 0 I [schedu][0x348126dd][03:22:34.845476] wlan: [1972:I:HIF] Initializing Runtime PM wakelock &vdev->vdev_set_key_runtime_wakelock
01-01 09:23:03.758 0 0 I bt_configure_gpios: BTON:Turn Bt On bt-reset-gpio(1121) value(1)
01-01 09:23:03.758 0 0 I bt_configure_gpios: BTON:Turn Bt On
01-01 09:23:03.758 0 0 I bt_configure_gpios: bt-sw-ctrl-gpio(1224) value(1)
01-01 09:23:03.758 0 0 I bt_configure_gpios: bt_gpio= 1121 on: 1 is successful
01-01 09:23:03.758 0 0 I [wifi@1][0x3481a1b4][03:22:34.847114] wlan: [835:I:DP] dp_vdev_attach_wifi3: wlan_cfg_ap_bridge_enabled 0
01-01 09:23:03.766 0 0 E [wifi@1][0x3483be7f][03:22:34.854324] wlan: [2908:E:wifipos] wifi_pos_process_app_reg_req: 608: Received App Req Req pid(343933763), len(16)
01-01 09:23:03.766 0 0 I [wifi@1][0x3483de64][03:22:34.854750] wlan: [2908:I:wifipos] wifi_pos_get_ch_info: 461: num channels: 26
12-14 03:22:34.867 2372 2465 W ActivityThread: Failed to find provider info for com.android.contacts (user not unlocked)
01-01 09:23:03.785 0 0 E bt_ioctl: unified Current SOC Version : 400a0200
12-14 03:22:34.885 2372 2465 W ActivityThread: Failed to find provider info for com.android.contacts (user not unlocked)
12-14 03:22:34.889 2372 2465 W ActivityThread: Failed to find provider info for com.android.contacts (user not unlocked)
12-14 03:22:34.953 1503 2453 D CompatibilityChangeReporter: Compat change id reported: 135634846; UID 10066; state: DISABLED
12-14 03:22:34.953 1503 2453 D CompatibilityChangeReporter: Compat change id reported: 177438394; UID 10066; state: DISABLED
12-14 03:22:34.953 1503 2453 D CompatibilityChangeReporter: Compat change id reported: 135772972; UID 10066; state: DISABLED
12-14 03:22:34.953 1503 2453 D CompatibilityChangeReporter: Compat change id reported: 135754954; UID 10066; state: ENABLED
12-14 03:22:34.953 1503 1613 D CompatibilityChangeReporter: Compat change id reported: 143937733; UID 10066; state: ENABLED
12-14 03:22:34.954 1503 1613 W ActivityManager: com.thundercomm.gamemode.provider inode == 0 (b/152760674)
12-14 03:22:34.959 1503 1613 I ActivityManager: Start proc 3030:com.thundercomm.gamemode.provider/u0a66 for content provider {com.thundercomm.gamemode.provider/com.thundercomm.gamemode.provider.SettingsProvider}
01-01 09:23:03.878 0 0 I binder : 3030:3030 ioctl 40046210 7fe38dfb64 returned -22
12-14 03:22:34.968 1503 2453 D CompatibilityChangeReporter: Compat change id reported: 168419799; UID 10066; state: DISABLED
01-01 09:23:03.893 0 0 W F2FS-fs (dm-10): Unexpected flush for atomic writes: ino=1682, npages=3
01-01 09:23:03.897 0 0 I [wifi@1][0x34aa1ef6][03:22:34.985317] wlan: [2908:I:wifipos] wifi_pos_get_ch_info: 461: num channels: 26
12-14 03:22:34.988 1503 1503 W Looper : Slow dispatch took 152ms main h=android.app.ActivityThread$H c=android.app.LoadedApk$ReceiverDispatcher$Args$$ExternalSyntheticLambda0@3bff064 m=0
12-14 03:22:34.989 1503 1503 D BiometricScheduler/Fingerprint21: [Finishing] {[0] FingerprintUpdateActiveUserClient, proto=1, owner=android, cookie=0, requestId=-1, userId=0}, success: true
12-14 03:22:34.989 1503 1503 D BiometricScheduler/Fingerprint21: [Polled] {[1] FingerprintUpdateActiveUserClient, proto=1, owner=android, cookie=0, requestId=-1, userId=0}, State: 0
12-14 03:22:34.989 1503 1503 D BiometricScheduler/Fingerprint21: [Starting] {[1] FingerprintUpdateActiveUserClient, proto=1, owner=android, cookie=0, requestId=-1, userId=0}, State: 0
12-14 03:22:34.989 1503 1503 D BiometricScheduler/Fingerprint21: [Started] {[1] FingerprintUpdateActiveUserClient, proto=1, owner=android, cookie=0, requestId=-1, userId=0}
01-01 09:23:03.901 0 0 D qbt : qbt_open: entry minor_no=0 fd_available=1
01-01 09:23:03.901 0 0 D qbt : qbt_open: exit : 0 fd_available=0
01-01 09:23:03.901 0 0 D qbt : qbt_open: entry minor_no=1 fd_available=0
01-01 09:23:03.901 0 0 D qbt : qbt_open: exit : 0 fd_available=0
01-01 09:23:03.901 0 0 D qbt : qbt_ioctl: cmd received 107
01-01 09:23:03.901 0 0 D qbt : qbt_ioctl: Acquiring wakelock
01-01 09:23:03.902 0 0 D : mv2112_read_status
01-01 09:23:03.902 0 0 D mv2112_update_link: 3.0x901(1G): 0x80
01-01 09:23:03.903 0 0 D mv2112_update_link: 3.0x8109(100M): 0x8
01-01 09:23:03.903 0 0 D mv2112_update_link: link 0x0
01-01 09:23:03.903 0 0 D mv2112_read_status: autoneg is disabled
01-01 09:23:03.905 0 0 W QSEECOM : qseecom_load_app: App (fingerpr) does'nt exist, loading apps for first time
01-01 09:23:03.953 0 0 I [schedu][0x34bac6ee][03:22:35.042170] wlan: [1972:I:OSIF] scan start scan id 40961
01-01 09:23:03.991 0 0 W QSEECOM : qseecom_load_app: App with id 8 (fingerpr) now loaded
12-14 03:22:35.138 1503 1604 I ActivityManagerTiming: FinishBooting
12-14 03:22:35.140 1503 1604 I ActivityManager: About to commit checkpoint
12-14 03:22:35.186 517 517 I Checkpoint: Marked slot as booted successfully.
01-01 09:23:04.101 0 0 I F2FS-fs (dm-10): Preserve previous reserve_root=32768
01-01 09:23:04.102 0 0 W QSEECOM : __qseecom_unload_app: App (8) is unloaded
12-14 03:22:35.191 1503 1503 W Looper : Slow dispatch took 202ms main h=android.os.Handler c=com.android.server.biometrics.sensors.BiometricScheduler$InternalCallback$$ExternalSyntheticLambda0@981d7fe m=0
12-14 03:22:35.191 1503 1503 D CompanionDeviceManagerService: Received BT state transition broadcast: OFF -> BLE_TURNING_ON
12-14 03:22:35.192 1503 1503 I AutofillManagerService: Updating for user 0: disabled=false
12-14 03:22:35.193 517 517 I Checkpoint: Checkpoint has been committed.
01-01 09:23:04.102 0 0 D qbt : qbt_release: entry minor_no=0 fd_available=0
01-01 09:23:04.102 0 0 D qbt : qbt_release: Releasing wakelock
01-01 09:23:04.102 0 0 D qbt : qbt_release: exit : fd_available=1
01-01 09:23:04.102 0 0 D qbt : qbt_release: entry minor_no=1 fd_available=1
01-01 09:23:04.102 0 0 D qbt : qbt_release: exit : fd_available=1
12-14 03:22:35.193 1503 1604 W ActivityManager: FinishBooting sync begin
12-14 03:22:35.196 1503 1604 W ActivityManager: FinishBooting sync end
12-14 03:22:35.196 1503 1604 I SystemServiceManager: Starting phase 1000
12-14 03:22:35.196 1503 1604 I ActivityManagerTiming: OnBootPhase_1000
12-14 03:22:35.196 1503 1503 I Telecom : WiredHeadsetManager: ACTION_HEADSET_PLUG event, plugged in: false, : WHC.oADA@AAQ
12-14 03:22:35.196 1503 1604 I ActivityManagerTiming: OnBootPhase_1000_com.android.server.security.FileIntegrityService
12-14 03:22:35.196 1503 1604 I ActivityManagerTiming: OnBootPhase_1000_com.android.server.pm.Installer
12-14 03:22:35.196 1503 1604 I ActivityManagerTiming: OnBootPhase_1000_com.android.server.os.DeviceIdentifiersPolicyService
12-14 03:22:35.196 1503 1604 I ActivityManagerTiming: OnBootPhase_1000_com.android.server.uri.UriGrantsManagerService$Lifecycle
12-14 03:22:35.196 1503 1604 I ActivityManagerTiming: OnBootPhase_1000_com.android.server.powerstats.PowerStatsService
12-14 03:22:35.196 1503 1604 E PowerStatsService: Failed to start PowerStatsService loggers
12-14 03:22:35.196 1503 1604 I ActivityManagerTiming: OnBootPhase_1000_com.android.server.wm.ActivityTaskManagerService$Lifecycle
12-14 03:22:35.196 1503 1604 I ActivityManagerTiming: OnBootPhase_1000_com.android.server.am.ActivityManagerService$Lifecycle
12-14 03:22:35.196 1503 1604 I ActivityManagerTiming: OnBootPhase_1000_com.android.server.pm.DataLoaderManagerService
12-14 03:22:35.196 1503 1604 I ActivityManagerTiming: OnBootPhase_1000_com.android.server.power.PowerManagerService
12-14 03:22:35.196 1503 1604 I ActivityManagerTiming: OnBootPhase_1000_com.android.server.power.ThermalManagerService
12-14 03:22:35.196 1503 1604 I ActivityManagerTiming: OnBootPhase_1000_com.android.server.power.hint.HintManagerService
12-14 03:22:35.196 1503 1604 I ActivityManagerTiming: OnBootPhase_1000_com.android.server.recoverysystem.RecoverySystemService$Lifecycle
12-14 03:22:35.196 1503 1604 I ActivityManagerTiming: OnBootPhase_1000_com.android.server.lights.LightsService
12-14 03:22:35.196 1503 1604 I ActivityManagerTiming: OnBootPhase_1000_com.android.server.display.DisplayManagerService
12-14 03:22:35.198 1503 1503 D BiometricScheduler/Fingerprint21: [Finishing] {[1] FingerprintUpdateActiveUserClient, proto=1, owner=android, cookie=0, requestId=-1, userId=0}, success: true
12-14 03:22:35.198 1503 1503 D BiometricScheduler/Fingerprint21: [Polled] {[2] FingerprintInternalCleanupClient, proto=7, owner=android, cookie=0, requestId=-1, userId=0}, State: 0
12-14 03:22:35.198 1503 1503 D BiometricScheduler/Fingerprint21: [Starting] {[2] FingerprintInternalCleanupClient, proto=7, owner=android, cookie=0, requestId=-1, userId=0}, State: 0
12-14 03:22:35.198 1503 1503 D BiometricScheduler/Fingerprint21: [Started] {[2] FingerprintInternalCleanupClient, proto=7, owner=android, cookie=0, requestId=-1, userId=0}
12-14 03:22:35.198 1503 1503 D Biometrics/InternalCleanupClient: Starting enumerate: {[3] FingerprintInternalEnumerateClient, proto=6, owner=android, cookie=0, requestId=-1, userId=0}
12-14 03:22:35.198 1503 1604 I ActivityManagerTiming: OnBootPhase_1000_com.android.server.pm.verify.domain.DomainVerificationService
12-14 03:22:35.198 1503 1604 I ActivityManagerTiming: OnBootPhase_1000_com.android.server.pm.PackageInstallerService$Lifecycle
12-14 03:22:35.198 1503 1604 I ActivityManagerTiming: OnBootPhase_1000_com.android.server.pm.UserManagerService$LifeCycle
12-14 03:22:35.198 1503 1604 I ActivityManagerTiming: OnBootPhase_1000_com.android.server.om.OverlayManagerService
12-14 03:22:35.198 1503 1604 I ActivityManagerTiming: OnBootPhase_1000_com.android.server.SensorPrivacyService
12-14 03:22:35.199 1503 1604 I ActivityManagerTiming: OnBootPhase_1000_com.android.server.sensors.SensorService
12-14 03:22:35.199 1503 1604 I ActivityManagerTiming: OnBootPhase_1000_com.android.server.SystemConfigService
12-14 03:22:35.199 1503 1604 I ActivityManagerTiming: OnBootPhase_1000_com.android.server.BatteryService
12-14 03:22:35.199 1503 1604 I ActivityManagerTiming: OnBootPhase_1000_com.android.server.usage.UsageStatsService
12-14 03:22:35.199 1503 1649 V DisplayPowerController[0]: Brightness [1.0] reason changing to: 'manual', previous reason: 'override'.
12-14 03:22:35.199 1503 1604 I ActivityManagerTiming: OnBootPhase_1000_com.android.server.webkit.WebViewUpdateService
12-14 03:22:35.199 1503 1604 I ActivityManagerTiming: OnBootPhase_1000_com.android.server.CachedDeviceStateService
12-14 03:22:35.199 1503 1604 I ActivityManagerTiming: OnBootPhase_1000_com.android.server.BinderCallsStatsService$LifeCycle
12-14 03:22:35.199 1503 1604 I ActivityManagerTiming: OnBootPhase_1000_com.android.server.LooperStatsService$Lifecycle
12-14 03:22:35.199 1503 1604 I ActivityManagerTiming: OnBootPhase_1000_com.android.server.rollback.RollbackManagerService
12-14 03:22:35.199 1503 1604 I ActivityManagerTiming: OnBootPhase_1000_com.android.server.os.NativeTombstoneManagerService
12-14 03:22:35.199 1503 1604 I ActivityManagerTiming: OnBootPhase_1000_com.android.server.os.BugreportManagerService
12-14 03:22:35.199 1503 1604 I ActivityManagerTiming: OnBootPhase_1000_com.android.server.gpu.GpuService
12-14 03:22:35.199 1503 1735 D RollbackManager: mRollbackLifetimeDurationInMillis=1209600000
12-14 03:22:35.199 1503 1503 W Looper : Drained
12-14 03:22:35.200 1503 1729 D AppStandbyController: Loading headless system app cache. appIdleEnabled=false
01-01 09:23:04.114 0 0 D qbt : qbt_open: entry minor_no=0 fd_available=1
01-01 09:23:04.114 0 0 D qbt : qbt_open: exit : 0 fd_available=0
01-01 09:23:04.114 0 0 D qbt : qbt_open: entry minor_no=1 fd_available=0
12-14 03:22:35.202 1503 1604 I ActivityManagerTiming: OnBootPhase_1000_com.android.server.security.KeyChainSystemService
01-01 09:23:04.114 0 0 D qbt : qbt_open: exit : 0 fd_available=0
12-14 03:22:35.202 1503 1604 I ActivityManagerTiming: OnBootPhase_1000_com.android.server.telecom.TelecomLoaderService
12-14 03:22:35.202 1503 1604 I ActivityManagerTiming: OnBootPhase_1000_com.android.server.accounts.AccountManagerService$Lifecycle
12-14 03:22:35.202 1503 1604 I ActivityManagerTiming: OnBootPhase_1000_com.android.server.content.ContentService$Lifecycle
12-14 03:22:35.202 1503 1503 I GameModeConfig: isGameModeOn = false
01-01 09:23:04.114 0 0 D qbt : qbt_ioctl: cmd received 107
12-14 03:22:35.202 1503 1604 I ActivityManagerTiming: OnBootPhase_1000_com.android.server.DropBoxManagerService
12-14 03:22:35.202 1503 1604 I ActivityManagerTiming: OnBootPhase_1000_com.android.role.RoleService
12-14 03:22:35.202 1503 1604 I ActivityManagerTiming: OnBootPhase_1000_com.android.server.vibrator.VibratorManagerService$Lifecycle
01-01 09:23:04.114 0 0 D qbt : qbt_ioctl: Acquiring wakelock
12-14 03:22:35.202 1503 1604 I ActivityManagerTiming: OnBootPhase_1000_com.android.server.alarm.AlarmManagerService
12-14 03:22:35.202 1503 1604 I ActivityManagerTiming: OnBootPhase_1000_com.android.server.devicestate.DeviceStateManagerService
12-14 03:22:35.202 1503 1604 I ActivityManagerTiming: OnBootPhase_1000_com.android.server.camera.CameraServiceProxy
12-14 03:22:35.203 1503 1503 I GameModeConfig: isGameModeOn = false
12-14 03:22:35.203 1503 1604 I ActivityManagerTiming: OnBootPhase_1000_com.android.server.BluetoothService
12-14 03:22:35.203 1503 1604 I ActivityManagerTiming: OnBootPhase_1000_com.android.server.connectivity.IpConnectivityMetrics
12-14 03:22:35.203 1503 1604 I ActivityManagerTiming: OnBootPhase_1000_com.android.server.net.watchlist.NetworkWatchlistService$Lifecycle
12-14 03:22:35.203 1503 1604 I ActivityManagerTiming: OnBootPhase_1000_com.android.server.PinnerService
12-14 03:22:35.203 1503 1604 I ActivityManagerTiming: OnBootPhase_1000_com.google.android.startop.iorap.IorapForwardingService
12-14 03:22:35.204 1503 1604 I ActivityManagerTiming: OnBootPhase_1000_com.android.server.ActivityTriggerService
12-14 03:22:35.204 1503 1604 I ActivityManagerTiming: OnBootPhase_1000_com.android.server.integrity.AppIntegrityManagerService
12-14 03:22:35.204 1503 1604 I ActivityManagerTiming: OnBootPhase_1000_com.android.server.inputmethod.InputMethodManagerService$Lifecycle
12-14 03:22:35.204 1503 1604 I ActivityManagerTiming: OnBootPhase_1000_com.android.server.accessibility.AccessibilityManagerService$Lifecycle
12-14 03:22:35.204 1503 1604 I ActivityManagerTiming: OnBootPhase_1000_com.android.server.StorageManagerService$Lifecycle
12-14 03:22:35.204 1503 1604 I ActivityManagerTiming: OnBootPhase_1000_com.android.server.usage.StorageStatsService$Lifecycle
12-14 03:22:35.204 1503 1604 I ActivityManagerTiming: OnBootPhase_1000_com.android.server.UiModeManagerService
12-14 03:22:35.204 1503 1604 I ActivityManagerTiming: OnBootPhase_1000_com.android.server.locksettings.LockSettingsService$Lifecycle
12-14 03:22:35.204 1503 1604 I ActivityManagerTiming: OnBootPhase_1000_com.android.server.PersistentDataBlockService
12-14 03:22:35.204 1503 1604 I ActivityManagerTiming: OnBootPhase_1000_com.android.server.testharness.TestHarnessModeService
12-14 03:22:35.204 1503 1604 D TestHarnessModeService: Completing Test Harness Mode setup.
12-14 03:22:35.204 1503 2011 D StorageManagerService: Thinking about init, mBootCompleted=true, mDaemonConnected=true
12-14 03:22:35.204 1503 2011 D StorageManagerService: Thinking about reset, mBootCompleted=true, mDaemonConnected=true
12-14 03:22:35.204 1503 2011 I StorageSessionController: Started resetting external storage service...
12-14 03:22:35.204 1503 2011 I StorageSessionController: Finished resetting external storage service
12-14 03:22:35.204 1503 2011 I StorageManagerService: Resetting vold...
12-14 03:22:35.205 1503 2011 I StorageManagerService: Reset vold
12-14 03:22:35.205 517 517 I vold : onUserAdded: 0
01-01 09:23:04.127 0 0 W QSEECOM : qseecom_load_app: App (fingerpr) does'nt exist, loading apps for first time
12-14 03:22:35.226 1503 1604 I ActivityManagerTiming: OnBootPhase_1000_com.android.server.oemlock.OemLockService
12-14 03:22:35.226 1503 1604 I ActivityManagerTiming: OnBootPhase_1000_com.android.server.DeviceIdleController
12-14 03:22:35.226 1503 1604 I ActivityManagerTiming: OnBootPhase_1000_com.android.server.devicepolicy.DevicePolicyManagerService$Lifecycle
12-14 03:22:35.226 1503 1604 I ActivityManagerTiming: OnBootPhase_1000_com.android.server.texttospeech.TextToSpeechManagerService
12-14 03:22:35.226 1503 1604 I ActivityManagerTiming: OnBootPhase_1000_com.android.server.speech.SpeechRecognitionManagerService
12-14 03:22:35.226 1503 1604 I ActivityManagerTiming: OnBootPhase_1000_com.android.server.searchui.SearchUiManagerService
12-14 03:22:35.226 1503 1604 I ActivityManagerTiming: OnBootPhase_1000_com.android.server.smartspace.SmartspaceManagerService
12-14 03:22:35.226 1503 1604 I ActivityManagerTiming: OnBootPhase_1000_com.android.server.graphics.fonts.FontManagerService$Lifecycle
12-14 03:22:35.226 1503 1604 I ActivityManagerTiming: OnBootPhase_1000_com.android.server.textservices.TextServicesManagerService$Lifecycle
12-14 03:22:35.226 1503 1604 I ActivityManagerTiming: OnBootPhase_1000_com.android.server.textclassifier.TextClassificationManagerService$Lifecycle
12-14 03:22:35.226 1503 1604 I ActivityManagerTiming: OnBootPhase_1000_com.android.server.NetworkScoreService$Lifecycle
12-14 03:22:35.226 1503 1604 I ActivityManagerTiming: OnBootPhase_1000_com.android.server.wifi.WifiService
12-14 03:22:35.226 1503 1604 I ActivityManagerTiming: OnBootPhase_1000_com.android.server.wifi.scanner.WifiScanningService
12-14 03:22:35.226 1503 1604 I ActivityManagerTiming: OnBootPhase_1000_com.android.server.wifi.rtt.RttService
12-14 03:22:35.226 1503 1604 I ActivityManagerTiming: OnBootPhase_1000_com.android.server.wifi.aware.WifiAwareService
12-14 03:22:35.226 1503 1604 I ActivityManagerTiming: OnBootPhase_1000_com.android.server.wifi.p2p.WifiP2pService
12-14 03:22:35.226 1503 1604 I ActivityManagerTiming: OnBootPhase_1000_com.android.server.ethernet.EthernetService
12-14 03:22:35.226 1503 1604 I ActivityManagerTiming: OnBootPhase_1000_com.android.server.ConnectivityServiceInitializer
12-14 03:22:35.226 1503 1604 I ActivityManagerTiming: OnBootPhase_1000_com.android.server.notification.NotificationManagerService
12-14 03:22:35.226 1503 1604 I ActivityManagerTiming: OnBootPhase_1000_com.android.server.storage.DeviceStorageMonitorService
12-14 03:22:35.226 1503 1604 I ActivityManagerTiming: OnBootPhase_1000_com.android.server.location.LocationManagerService$Lifecycle
12-14 03:22:35.226 1503 1604 I ActivityManagerTiming: OnBootPhase_1000_com.android.server.timedetector.TimeDetectorService$Lifecycle
12-14 03:22:35.226 1503 1604 I ActivityManagerTiming: OnBootPhase_1000_com.android.server.timezonedetector.TimeZoneDetectorService$Lifecycle
12-14 03:22:35.226 1503 1604 I ActivityManagerTiming: OnBootPhase_1000_com.android.server.timezonedetector.location.LocationTimeZoneManagerService$Lifecycle
12-14 03:22:35.226 1503 1604 I ActivityManagerTiming: OnBootPhase_1000_com.android.server.search.SearchManagerService$Lifecycle
12-14 03:22:35.226 1503 1604 I ActivityManagerTiming: OnBootPhase_1000_com.android.server.wallpaper.WallpaperManagerService$Lifecycle
12-14 03:22:35.226 1503 1604 I ActivityManagerTiming: OnBootPhase_1000_com.android.server.audio.AudioService$Lifecycle
12-14 03:22:35.226 1503 1604 I ActivityManagerTiming: OnBootPhase_1000_com.android.server.soundtrigger_middleware.SoundTriggerMiddlewareService$Lifecycle
12-14 03:22:35.226 1503 1604 I ActivityManagerTiming: OnBootPhase_1000_com.android.server.DockObserver
12-14 03:22:35.226 1503 1604 I ActivityManagerTiming: OnBootPhase_1000_com.android.server.midi.MidiService$Lifecycle
12-14 03:22:35.226 1503 1604 I ActivityManagerTiming: OnBootPhase_1000_com.android.server.adb.AdbService$Lifecycle
12-14 03:22:35.226 1503 1604 I ActivityManagerTiming: OnBootPhase_1000_com.android.server.usb.UsbService$Lifecycle
12-14 03:22:35.226 1503 1604 I ActivityManagerTiming: OnBootPhase_1000_com.android.server.twilight.TwilightService
12-14 03:22:35.227 1503 1601 I UsbDeviceManager: Setting USB config to mtp
12-14 03:22:35.228 1503 1604 I ActivityManagerTiming: OnBootPhase_1000_com.android.server.display.color.ColorDisplayService
12-14 03:22:35.228 1503 1604 I ActivityManagerTiming: OnBootPhase_1000_com.android.server.job.JobSchedulerService
12-14 03:22:35.228 1503 1604 I ActivityManagerTiming: OnBootPhase_1000_com.android.server.soundtrigger.SoundTriggerService
12-14 03:22:35.228 1503 1604 D SoundTriggerService: onBootPhase: 1000 : false
12-14 03:22:35.228 1503 1604 I ActivityManagerTiming: OnBootPhase_1000_com.android.server.trust.TrustManagerService
12-14 03:22:35.229 1503 1604 I ActivityManagerTiming: OnBootPhase_1000_com.android.server.backup.BackupManagerService$Lifecycle
12-14 03:22:35.229 1503 1604 I ActivityManagerTiming: OnBootPhase_1000_com.android.server.appwidget.AppWidgetService
12-14 03:22:35.229 1503 1604 I ActivityManagerTiming: OnBootPhase_1000_com.android.server.voiceinteraction.VoiceInteractionManagerService
12-14 03:22:35.229 1503 1604 I ActivityManagerTiming: OnBootPhase_1000_com.android.server.apphibernation.AppHibernationService
12-14 03:22:35.229 1503 1604 I ActivityManagerTiming: OnBootPhase_1000_com.android.server.GestureLauncherService
12-14 03:22:35.229 1503 1604 I ActivityManagerTiming: OnBootPhase_1000_com.android.server.SensorNotificationService
12-14 03:22:35.232 1503 3076 I HibernationStateDiskStore: No hibernation file on disk for file /data/system/hibernation/states
12-14 03:22:35.233 1503 1604 D CompatibilityChangeReporter: Compat change id reported: 168936375; UID 1000; state: ENABLED
12-14 03:22:35.233 1503 1604 D CompatibilityChangeReporter: Compat change id reported: 168936375; UID 1000; state: DISABLED
12-14 03:22:35.235 1503 1604 D CompatibilityChangeReporter: Compat change id reported: 73144566; UID 1000; state: ENABLED
12-14 03:22:35.236 1503 1604 D CompatibilityChangeReporter: Compat change id reported: 73144566; UID 1000; state: DISABLED
12-14 03:22:35.236 1503 1604 I ActivityManagerTiming: OnBootPhase_1000_com.android.server.emergency.EmergencyAffordanceService
12-14 03:22:35.236 1503 1604 I ActivityManagerTiming: OnBootPhase_1000_com.android.server.blob.BlobStoreManagerService
12-14 03:22:35.236 1503 1604 I ActivityManagerTiming: OnBootPhase_1000_com.android.server.dreams.DreamManagerService
12-14 03:22:35.236 1503 1604 I ActivityManagerTiming: OnBootPhase_1000_com.android.server.companion.CompanionDeviceManagerService
12-14 03:22:35.236 1503 1604 I ActivityManagerTiming: OnBootPhase_1000_com.android.server.restrictions.RestrictionsManagerService
12-14 03:22:35.236 1503 1604 I ActivityManagerTiming: OnBootPhase_1000_com.android.server.media.MediaSessionService
01-01 09:23:04.148 0 0 I [wifi@1][0x34f3d6a7][03:22:35.236940] wlan: [835:I:DP] dp_vdev_attach_wifi3: wlan_cfg_ap_bridge_enabled 1
12-14 03:22:35.237 1503 1604 I ActivityManagerTiming: OnBootPhase_1000_com.android.server.media.MediaResourceMonitorService
12-14 03:22:35.237 1503 1604 I ActivityManagerTiming: OnBootPhase_1000_com.android.server.biometrics.sensors.fingerprint.FingerprintService
12-14 03:22:35.237 1503 1604 I ActivityManagerTiming: OnBootPhase_1000_com.android.server.biometrics.BiometricService
12-14 03:22:35.237 1503 1604 I ActivityManagerTiming: OnBootPhase_1000_com.android.server.biometrics.AuthService
