01-01 09:22:53.484 0 0 D cnss : Number of clients is 2
01-01 09:22:53.484 0 0 D cnss : Assign MSI to user: WAKE, num_vectors: 1, user_base_data: 813, base_vector: 13
01-01 09:22:53.484 0 0 D cnss : WAKE MSI base data is 813
01-01 09:22:53.484 0 0 D cnss : Calibration done is 1
01-01 09:22:53.484 0 0 D cnss : Sending iova starting 0xa0000000 with size 0x10010000
01-01 09:22:53.486 0 0 D cnss : PM relax, state: 0x11, count: 0
01-01 09:22:53.563 0 0 I init : Service 'exec 21 (/vendor/bin/modprobe -a -d /vendor/lib/modules/ qca_cld3_qca6390 qca_cld3_qca6490)' (pid 1140) exited with status 0 oneshot service took 5.409000 seconds in background
01-01 09:22:53.563 0 0 I init : Sending signal 9 to service 'exec 21 (/vendor/bin/modprobe -a -d /vendor/lib/modules/ qca_cld3_qca6390 qca_cld3_qca6490)' (pid 1140) process group...
01-01 09:22:53.563 0 0 I libprocessgroup: Successfully killed process cgroup uid 0 pid 1140 in 0ms
01-01 09:22:53.617 0 0 E init : Control message: Could not find 'android.frameworks.sensorservice@1.0::ISensorManager/default' for ctl.interface_start from pid: 503 (/system/bin/hwservicemanager)
01-01 09:22:53.631 0 0 E init : Control message: Could not find 'android.frameworks.sensorservice@1.0::ISensorManager/default' for ctl.interface_start from pid: 503 (/system/bin/hwservicemanager)
01-01 09:22:53.662 0 0 D : mv2112_read_status
01-01 09:22:53.662 0 0 D mv2112_update_link: 3.0x901(1G): 0x80
01-01 09:22:53.663 0 0 D mv2112_update_link: 3.0x8109(100M): 0x8
01-01 09:22:53.663 0 0 D mv2112_update_link: link 0x0
01-01 09:22:53.663 0 0 D mv2112_read_status: autoneg is disabled
01-01 09:22:53.808 0 0 E init : Control message: Could not find 'android.hardware.sensors@2.0::ISensors/default' for ctl.interface_start from pid: 503 (/system/bin/hwservicemanager)
01-01 09:22:54.557 0 0 W cnss-daemon: DMS thread joined succesfully
01-01 09:22:54.557 0 0 W cnss-daemon: wlfw_stop: Stop done: 0
01-01 09:22:54.557 0 0 W cnss-daemon: wlfw_start: Starting
01-01 09:22:54.557 0 0 W cnss-daemon: wlfw_service_request: Start the pthread: 0x0K
01-01 09:22:54.557 0 0 W cnss-daemon: ro.baseband : [apq]
01-01 09:22:54.557 0 0 W cnss-daemon: Hardware supports external modem
01-01 09:22:54.562 0 0 W cnss-daemon: pm_release_vote: pm_handle is NULL
01-01 09:22:54.562 0 0 W cnss-daemon: pm_release_vote: pm_handle is NULL
01-01 09:22:54.562 0 0 W cnss-daemon: wlfw_build_cal_table: not read /data/vendor/wifi/wlfw_cal_00.bin
01-01 09:22:54.563 0 0 W cnss-daemon: wlfw_build_cal_table: not read /data/vendor/wifi/wlfw_cal_02.bin
01-01 09:22:54.565 0 0 D cnss : Received QMI WLFW request memory indication
01-01 09:22:54.565 0 0 D cnss : FW requests for memory, size: 0x5e0000, type: 1
01-01 09:22:54.565 0 0 D cnss : FW requests for memory, size: 0xd8000, type: 4
01-01 09:22:54.565 0 0 D cnss : Posting event: REQUEST_MEM(2), state: 0x11 flags: 0x0
01-01 09:22:54.565 0 0 D cnss : PM stay awake, state: 0x11, count: 1
01-01 09:22:54.565 0 0 D cnss : PM relax, state: 0x11, count: 0
01-01 09:22:54.565 0 0 D cnss : PM stay awake, state: 0x11, count: 1
01-01 09:22:54.565 0 0 D cnss : Processing driver event: REQUEST_MEM(2), state: 0x11
01-01 09:22:54.565 0 0 D cnss : Sending respond memory message, state: 0x11
01-01 09:22:54.565 0 0 D cnss : Memory for FW, va: 0x0000000000000000, pa: 0x00000000a1000000, size: 0x5e0000, type: 1
01-01 09:22:54.565 0 0 D cnss : Memory for FW, va: 0x0000000000000000, pa: 0x00000000a1600000, size: 0xd8000, type: 4
01-01 09:22:54.568 0 0 D cnss : PM relax, state: 0x11, count: 0
01-01 09:22:54.569 0 0 D cnss : Received QMI WLFW FW memory ready indication
01-01 09:22:54.569 0 0 D cnss : Posting event: FW_MEM_READY(3), state: 0x11 flags: 0x0
01-01 09:22:54.569 0 0 D cnss : PM stay awake, state: 0x11, count: 1
01-01 09:22:54.569 0 0 D cnss : PM relax, state: 0x11, count: 0
01-01 09:22:54.569 0 0 D cnss : PM stay awake, state: 0x11, count: 1
01-01 09:22:54.569 0 0 D cnss : Processing driver event: FW_MEM_READY(3), state: 0x11
01-01 09:22:54.569 0 0 D cnss : Sending target capability message, state: 0x13
01-01 09:22:54.579 0 0 D cnss : Voltage for CPR: 948mV
01-01 09:22:54.579 0 0 D cnss : Update TCS CMD data address 0x000000000b2e5844 with voltage 950mV
01-01 09:22:54.579 0 0 D cnss : Device frequency is 24000000 HZ
01-01 09:22:54.579 0 0 D cnss : Target capability: chip_id: 0x0, chip_family: 0xb, board_id: 0xff, soc_id: 0xffffffff, fw_version: 0x101a0521, fw_build_timestamp: 2021-12-20 07:54, fw_build_id: QC_IMAGE_VERSION_STRING=WLAN.HST.1.0.1.r1-01313-QCAHSTSWPL_SILICONZ-1, otp_version: 0x0
01-01 09:22:54.579 0 0 D cnss : Sending BDF download message, state: 0x13, type: 4
01-01 09:22:54.579 0 0 D cnss : FW name added with prefix: qca6390/regdb.bin
01-01 09:22:54.579 0 0 W cnss2 b0000000.qcom,cnss-qca6390: Falling back to syfs fallback for: qca6390/regdb.bin
01-01 09:22:54.581 0 0 I ueventd : firmware: loading 'qca6390/regdb.bin' for '/devices/platform/soc/b0000000.qcom,cnss-qca6390/firmware/qca6390!regdb.bin'
01-01 09:22:54.581 0 0 E ueventd : firmware: could not find firmware for qca6390/regdb.bin
01-01 09:22:54.581 0 0 E ueventd : firmware: attempted /etc/firmware/qca6390/regdb.bin, open failed: No such file or directory
01-01 09:22:54.581 0 0 E ueventd : firmware: attempted /odm/firmware/qca6390/regdb.bin, open failed: No such file or directory
01-01 09:22:54.581 0 0 E ueventd : firmware: attempted /vendor/firmware/qca6390/regdb.bin, open failed: No such file or directory
01-01 09:22:54.581 0 0 E ueventd : firmware: attempted /firmware/image/qca6390/regdb.bin, open failed: No such file or directory
01-01 09:22:54.581 0 0 E ueventd : firmware: attempted /vendor/firmware_mnt/image/qca6390/regdb.bin, open failed: No such file or directory
01-01 09:22:54.581 0 0 I ueventd : loading /devices/platform/soc/b0000000.qcom,cnss-qca6390/firmware/qca6390!regdb.bin took 0ms
01-01 09:22:54.581 0 0 E cnss : Failed to load BDF: qca6390/regdb.bin
01-01 09:22:54.581 0 0 D cnss : Sending BDF download message, state: 0x13, type: 1
01-01 09:22:54.581 0 0 D cnss : FW name added with prefix: qca6390/bdwlan.elf
01-01 09:22:54.581 0 0 W cnss2 b0000000.qcom,cnss-qca6390: Falling back to syfs fallback for: qca6390/bdwlan.elf
01-01 09:22:54.582 0 0 D cnss : Downloading BDF: qca6390/bdwlan.elf, size: 57908
01-01 09:22:54.606 0 0 D cnss : Sending M3 information message, state: 0x13
01-01 09:22:54.606 0 0 D cnss : M3 memory, va: 0x0000000000000000, pa: 0x00000000a1800000, size: 0x411bc
01-01 09:22:54.608 0 0 D cnss : PM relax, state: 0x13, count: 0
01-01 09:22:54.608 0 0 D cnss : Received QMI WLFW FW initialization done indication
01-01 09:22:54.608 0 0 D cnss : Posting event: FW_READY(4), state: 0x13 flags: 0x0
01-01 09:22:54.608 0 0 D cnss : PM stay awake, state: 0x13, count: 1
01-01 09:22:54.608 0 0 D cnss : PM relax, state: 0x13, count: 0
01-01 09:22:54.608 0 0 D cnss : PM stay awake, state: 0x13, count: 1
01-01 09:22:54.608 0 0 D cnss : Processing driver event: FW_READY(4), state: 0x13
01-01 09:22:54.608 0 0 D cnss : PCIE Gen speed not setup
01-01 09:22:54.611 0 0 W : (NULL device *): Falling back to syfs fallback for: wlan/qca_cld/qca6390/WCNSS_qcom_cfg.ini
01-01 09:22:54.616 0 0 I [kworke][0x2a0b3abf][03:22:25.704834] wlan: [335:I:HDD] hdd_pm_qos_add_request: 9360: Set cpu_mask 0f for affine_cores
01-01 09:22:54.616 0 0 I [kworke][0x2a0b3b00][03:22:25.704838] wlan: [335:I:HDD] hdd_pm_qos_add_request: 9362: Set cpu_mask 0f for affine_cores
01-01 09:22:54.616 0 0 D cnss : Sending ini sync request, state: 0x17, fw_log_mode: 1
01-01 09:22:54.621 0 0 I [kworke][0x2a0c95db][03:22:25.709463] wlan: [335:I:HIF] Initializing Runtime PM wakelock &sc->prevent_linkdown_lock
01-01 09:22:54.621 0 0 I [kworke][0x2a0c9656][03:22:25.709469] wlan: [335:I:HIF] hif_pci_enable_bus: con_mode = 0x0, WLAN_SOC_device_id = 0x1101
01-01 09:22:54.621 0 0 I [kworke][0x2a0c96bc][03:22:25.709474] wlan: [335:I:HIF] hif_pci_enable_bus: hif_enable_pci done
01-01 09:22:54.621 0 0 I [kworke][0x2a0ca08a][03:22:25.709605] wlan: [335:I:HIF] *********** QCA6390 *************
01-01 09:22:54.621 0 0 I [kworke][0x2a0ca11b][03:22:25.709613] wlan: [335:I:HIF] hif_pci_enable_bus: hif_type = 0x12, target_type = 0x17
01-01 09:22:54.621 0 0 I [kworke][0x2a0ca161][03:22:25.709616] wlan: [335:I:HIF] hif_register_tbl_attach: HIF_TYPE_QCA6390
01-01 09:22:54.621 0 0 I [kworke][0x2a0ca19a][03:22:25.709619] wlan: [335:I:HIF] hif_target_register_tbl_attach: TARGET_TYPE_QCA6390
01-01 09:22:54.621 0 0 I [kworke][0x2a0ca1d6][03:22:25.709622] wlan: [335:I:HIF] hif_pci_enable_bus:Skip tgt_wake up for srng devices
01-01 09:22:54.621 0 0 E [kworke][0x2a0ca978][03:22:25.709724] wlan: [335:E:TXRX] hif_print_hal_shadow_register_cfg: num_config 28
01-01 09:22:54.621 0 0 I [kworke][0x2a0ca9ea][03:22:25.709730] wlan: [335:I:TXRX] hif_print_hal_shadow_register_cfg: i 0, val a3b034
01-01 09:22:54.621 0 0 I [kworke][0x2a0caa08][03:22:25.709731] wlan: [335:I:TXRX] hif_print_hal_shadow_register_cfg: i 1, val a3b03c
01-01 09:22:54.621 0 0 I [kworke][0x2a0caa45][03:22:25.709735] wlan: [335:I:TXRX] hif_print_hal_shadow_register_cfg: i 2, val a3b044
01-01 09:22:54.621 0 0 I [kworke][0x2a0caa60][03:22:25.709736] wlan: [335:I:TXRX] hif_print_hal_shadow_register_cfg: i 3, val a3b04c
01-01 09:22:54.621 0 0 I [kworke][0x2a0caab4][03:22:25.709740] wlan: [335:I:TXRX] hif_print_hal_shadow_register_cfg: i 4, val a3b054
01-01 09:22:54.621 0 0 I [kworke][0x2a0cab01][03:22:25.709744] wlan: [335:I:TXRX] hif_print_hal_shadow_register_cfg: i 5, val a3b028
01-01 09:22:54.621 0 0 I [kworke][0x2a0cab1e][03:22:25.709746] wlan: [335:I:TXRX] hif_print_hal_shadow_register_cfg: i 6, val a3b020
01-01 09:22:54.621 0 0 I [kworke][0x2a0cab39][03:22:25.709747] wlan: [335:I:TXRX] hif_print_hal_shadow_register_cfg: i 7, val a3b06c
01-01 09:22:54.621 0 0 I [kworke][0x2a0cab54][03:22:25.709749] wlan: [335:I:TXRX] hif_print_hal_shadow_register_cfg: i 8, val a46000
01-01 09:22:54.621 0 0 I [kworke][0x2a0cab6f][03:22:25.709750] wlan: [335:I:TXRX] hif_print_hal_shadow_register_cfg: i 9, val a46008
01-01 09:22:54.621 0 0 I [kworke][0x2a0cab8b][03:22:25.709752] wlan: [335:I:TXRX] hif_print_hal_shadow_register_cfg: i 10, val a46010
01-01 09:22:54.621 0 0 I [kworke][0x2a0caba8][03:22:25.709753] wlan: [335:I:TXRX] hif_print_hal_shadow_register_cfg: i 11, val a46018
01-01 09:22:54.621 0 0 I [kworke][0x2a0cabc3][03:22:25.709755] wlan: [335:I:TXRX] hif_print_hal_shadow_register_cfg: i 12, val a46034
01-01 09:22:54.621 0 0 I [kworke][0x2a0cabdf][03:22:25.709756] wlan: [335:I:TXRX] hif_print_hal_shadow_register_cfg: i 13, val a370b0
01-01 09:22:54.621 0 0 I [kworke][0x2a0cabfa][03:22:25.709757] wlan: [335:I:TXRX] hif_print_hal_shadow_register_cfg: i 14, val a37018
01-01 09:22:54.621 0 0 I [kworke][0x2a0cac15][03:22:25.709759] wlan: [335:I:TXRX] hif_print_hal_shadow_register_cfg: i 15, val a370c4
01-01 09:22:54.621 0 0 I [kworke][0x2a0cac30][03:22:25.709760] wlan: [335:I:TXRX] hif_print_hal_shadow_register_cfg: i 16, val a370cc
01-01 09:22:54.621 0 0 I [kworke][0x2a0cac4b][03:22:25.709762] wlan: [335:I:TXRX] hif_print_hal_shadow_register_cfg: i 17, val a370d4
01-01 09:22:54.621 0 0 I [kworke][0x2a0cac66][03:22:25.709763] wlan: [335:I:TXRX] hif_print_hal_shadow_register_cfg: i 18, val a370dc
01-01 09:22:54.621 0 0 I [kworke][0x2a0cac82][03:22:25.709764] wlan: [335:I:TXRX] hif_print_hal_shadow_register_cfg: i 19, val a00400
01-01 09:22:54.621 0 0 I [kworke][0x2a0cacc1][03:22:25.709768] wlan: [335:I:TXRX] hif_print_hal_shadow_register_cfg: i 20, val a03400
01-01 09:22:54.621 0 0 I [kworke][0x2a0cacde][03:22:25.709769] wlan: [335:I:TXRX] hif_print_hal_shadow_register_cfg: i 21, val a0340c
01-01 09:22:54.621 0 0 I [kworke][0x2a0cacfc][03:22:25.709771] wlan: [335:I:TXRX] hif_print_hal_shadow_register_cfg: i 22, val a05400
01-01 09:22:54.621 0 0 I [kworke][0x2a0cad19][03:22:25.709772] wlan: [335:I:TXRX] hif_print_hal_shadow_register_cfg: i 23, val a0540c
01-01 09:22:54.621 0 0 I [kworke][0x2a0cad34][03:22:25.709774] wlan: [335:I:TXRX] hif_print_hal_shadow_register_cfg: i 24, val a06400
01-01 09:22:54.621 0 0 I [kworke][0x2a0cad6f][03:22:25.709777] wlan: [335:I:TXRX] hif_print_hal_shadow_register_cfg: i 25, val a08400
01-01 09:22:54.621 0 0 I [kworke][0x2a0cada9][03:22:25.709780] wlan: [335:I:TXRX] hif_print_hal_shadow_register_cfg: i 26, val a0b400
01-01 09:22:54.621 0 0 I [kworke][0x2a0cade0][03:22:25.709783] wlan: [335:I:TXRX] hif_print_hal_shadow_register_cfg: i 27, val a0b40c
01-01 09:22:54.621 0 0 D cnss : Mode: 0, config: 0000000000000000, host_version: 5.2.022.10G
01-01 09:22:54.621 0 0 D cnss : Sending WLAN config message, state: 0x17
01-01 09:22:54.622 0 0 D cnss : Sending mode message, mode: MISSION(0), state: 0x17
01-01 09:22:54.646 0 0 D cnss : Received QMI WLFW pin connect result indication
01-01 09:22:54.646 0 0 D cnss : Pin connect Result: pwr_pin: 0x1 phy_io_pin: 0x0 rf_io_pin: 0x0
01-01 09:22:54.646 0 0 D cnss : Assign MSI to user: CE, num_vectors: 10, user_base_data: 803, base_vector: 3
01-01 09:22:54.646 0 0 I [kworke][0x2a13e5e2][03:22:25.734423] wlan: [335:I:HIF] ce_srng_dest_ring_setup: ce_id 1
01-01 09:22:54.646 0 0 D cnss : Assign MSI to user: CE, num_vectors: 10, user_base_data: 803, base_vector: 3
01-01 09:22:54.646 0 0 I [kworke][0x2a13ec06][03:22:25.734505] wlan: [335:I:HIF] ce_srng_status_ring_setup: ce_id 1
01-01 09:22:54.646 0 0 D cnss : Assign MSI to user: CE, num_vectors: 10, user_base_data: 803, base_vector: 3
01-01 09:22:54.646 0 0 I [kworke][0x2a13f07c][03:22:25.734564] wlan: [335:I:HIF] ce_srng_dest_ring_setup: ce_id 2
01-01 09:22:54.646 0 0 D cnss : Assign MSI to user: CE, num_vectors: 10, user_base_data: 803, base_vector: 3
01-01 09:22:54.646 0 0 I [kworke][0x2a13f5df][03:22:25.734636] wlan: [335:I:HIF] ce_srng_status_ring_setup: ce_id 2
01-01 09:22:54.646 0 0 D cnss : Assign MSI to user: CE, num_vectors: 10, user_base_data: 803, base_vector: 3
01-01 09:22:54.646 0 0 D cnss : Assign MSI to user: CE, num_vectors: 10, user_base_data: 803, base_vector: 3
01-01 09:22:54.646 0 0 I [kworke][0x2a1402bb][03:22:25.734807] wlan: [335:I:HIF] ce_srng_dest_ring_setup: ce_id 5
01-01 09:22:54.646 0 0 D cnss : Assign MSI to user: CE, num_vectors: 10, user_base_data: 803, base_vector: 3
01-01 09:22:54.646 0 0 I [kworke][0x2a140850][03:22:25.734882] wlan: [335:I:HIF] ce_srng_status_ring_setup: ce_id 5
01-01 09:22:54.646 0 0 D cnss : Assign MSI to user: CE, num_vectors: 10, user_base_data: 803, base_vector: 3
01-01 09:22:54.646 0 0 I [kworke][0x2a140ddf][03:22:25.734956] wlan: [335:I:HIF] hif_configure_irq: E
01-01 09:22:54.646 0 0 D cnss : Assign MSI to user: WAKE, num_vectors: 1, user_base_data: 813, base_vector: 13
01-01 09:22:54.646 0 0 D cnss : Get IRQ number 363 for vector index 13
01-01 09:22:54.646 0 0 D cnss : Assign MSI to user: CE, num_vectors: 10, user_base_data: 803, base_vector: 3
01-01 09:22:54.646 0 0 D cnss : Get IRQ number 353 for vector index 3
01-01 09:22:54.646 0 0 D cnss : Get IRQ number 354 for vector index 4
01-01 09:22:54.646 0 0 D cnss : Get IRQ number 355 for vector index 5
01-01 09:22:54.646 0 0 D cnss : Get IRQ number 356 for vector index 6
01-01 09:22:54.646 0 0 D cnss : Get IRQ number 358 for vector index 8
01-01 09:22:54.646 0 0 D cnss : Get IRQ number 359 for vector index 9
01-01 09:22:54.646 0 0 D cnss : Get IRQ number 361 for vector index 11
01-01 09:22:54.646 0 0 E [kworke][0x2a141865][03:22:25.735096] wlan: [335:E:mlme] mlme_init_reg_cfg: 2374: null pdev
01-01 09:22:54.646 0 0 E [kworke][0x2a141991][03:22:25.735112] wlan: [335:E:WMI] WMI handle is NULL
01-01 09:22:54.646 0 0 I [kworke][0x2a141a3c][03:22:25.735121] wlan: [335:I:HIF] Initializing Runtime PM wakelock &p2p_soc_obj->roc_runtime_lock
01-01 09:22:54.646 0 0 D cnss : Platform cap_flag is 0x4
01-01 09:22:54.646 0 0 E [kworke][0x2a141ad6][03:22:25.735129] wlan: [335:E:QDF] cds_get_context: 1486: Module ID 66 context is Null
01-01 09:22:54.647 0 0 E [kworke][0x2a143985][03:22:25.735538] wlan: [335:E:QDF] cds_get_context: 1486: Module ID 66 context is Null
01-01 09:22:54.652 0 0 I [kworke][0x2a15ac16][03:22:25.740479] wlan: [335:I:HIF] Initializing Runtime PM wakelock &psoc_wakelock->wmi_cmd_rsp_runtime_lock
01-01 09:22:54.652 0 0 F [kworke][0x2a15b02e][03:22:25.740534] wlan: [335:F:WMA] WMA --> wmi_unified_attach - success
01-01 09:22:54.652 0 0 I [kworke][0x2a15d096][03:22:25.740966] wlan: [335:I:HIF] Initializing Runtime PM wakelock &vdev->vdev_set_key_runtime_wakelock
01-01 09:22:54.653 0 0 I [kworke][0x2a15efa4][03:22:25.741380] wlan: [335:I:HIF] Initializing Runtime PM wakelock &vdev->vdev_set_key_runtime_wakelock
01-01 09:22:54.653 0 0 I [kworke][0x2a160e8a][03:22:25.741792] wlan: [335:I:HIF] Initializing Runtime PM wakelock &vdev->vdev_set_key_runtime_wakelock
01-01 09:22:54.653 0 0 I [kworke][0x2a162dce][03:22:25.742209] wlan: [335:I:HIF] Initializing Runtime PM wakelock &vdev->vdev_set_key_runtime_wakelock
01-01 09:22:54.654 0 0 I [kworke][0x2a164cba][03:22:25.742621] wlan: [335:I:HIF] Initializing Runtime PM wakelock &vdev->vdev_set_key_runtime_wakelock
01-01 09:22:54.654 0 0 I [kworke][0x2a166db5][03:22:25.743061] wlan: [335:I:HIF] Initializing Runtime PM wakelock &vdev->vdev_set_key_runtime_wakelock
01-01 09:22:54.655 0 0 I [kworke][0x2a1690b8][03:22:25.743527] wlan: [335:I:HIF] Initializing Runtime PM wakelock &wma_handle->wmi_cmd_rsp_runtime_lock
01-01 09:22:54.655 0 0 I [kworke][0x2a16914f][03:22:25.743535] wlan: [335:I:HIF] Initializing Runtime PM wakelock &wma_handle->sap_prevent_runtime_pm_lock
01-01 09:22:54.656 0 0 E [kworke][0x2a16d7a1][03:22:25.744473] wlan: [335:E:QDF] htc_wait_target: 684: Target Ready! TX resource : 1 size:2176, MaxMsgsPerHTCBundle = 1
01-01 09:22:54.656 0 0 E [kworke][0x2a16d805][03:22:25.744478] wlan: [335:E:QDF] htc_setup_target_buffer_assignments: 576: SVS Index : 1 TX : 0x100 : alloc:1
01-01 09:22:54.656 0 0 D cnss : Assign MSI to user: DP, num_vectors: 18, user_base_data: 814, base_vector: 14
01-01 09:22:54.656 0 0 I [kworke][0x2a16e098][03:22:25.744592] wlan: [335:I:HIF] +hif_update_pipe_callback pipeid 5
01-01 09:22:54.656 0 0 I [kworke][0x2a16e0e4][03:22:25.744596] wlan: [335:I:HIF] -hif_update_pipe_callback
01-01 09:22:54.656 0 0 D cnss : Assign MSI to user: DP, num_vectors: 18, user_base_data: 814, base_vector: 14
01-01 09:22:54.656 0 0 E [kworke][0x2a16f4ec][03:22:25.744863] wlan: [335:E:DP] dp_srng_get_str_from_hal_ring_type: 7726: Invalid ring type
01-01 09:22:54.656 0 0 D cnss : Assign MSI to user: DP, num_vectors: 18, user_base_data: 814, base_vector: 14
01-01 09:22:54.656 0 0 D cnss : Assign MSI to user: DP, num_vectors: 18, user_base_data: 814, base_vector: 14
01-01 09:22:54.656 0 0 D cnss : Assign MSI to user: DP, num_vectors: 18, user_base_data: 814, base_vector: 14
01-01 09:22:54.656 0 0 D cnss : Assign MSI to user: DP, num_vectors: 18, user_base_data: 814, base_vector: 14
01-01 09:22:54.657 0 0 D cnss : Assign MSI to user: DP, num_vectors: 18, user_base_data: 814, base_vector: 14
01-01 09:22:54.657 0 0 D cnss : Assign MSI to user: DP, num_vectors: 18, user_base_data: 814, base_vector: 14
01-01 09:22:54.657 0 0 D cnss : Assign MSI to user: DP, num_vectors: 18, user_base_data: 814, base_vector: 14
01-01 09:22:54.657 0 0 D cnss : Assign MSI to user: DP, num_vectors: 18, user_base_data: 814, base_vector: 14
01-01 09:22:54.657 0 0 I [kworke][0x2a171df3][03:22:25.745410] wlan: [335:I:DP] dp_tx_soc_attach Tx Desc Alloc num_pool = 4, descs = 4096
01-01 09:22:54.657 0 0 I [kworke][0x2a1727f7][03:22:25.745544] wlan: [335:I:DP] dp_tx_soc_attach MSDU Ext Desc Alloc 4, descs = 4096
01-01 09:22:54.657 0 0 I [kworke][0x2a173b23][03:22:25.745800] wlan: [335:I:DP] dp_tx_soc_attach HAL Tx init Success
01-01 09:22:54.657 0 0 D cnss : Assign MSI to user: DP, num_vectors: 18, user_base_data: 814, base_vector: 14
01-01 09:22:54.657 0 0 D cnss : Assign MSI to user: DP, num_vectors: 18, user_base_data: 814, base_vector: 14
01-01 09:22:54.657 0 0 I [kworke][0x2a174326][03:22:25.745906] wlan: [335:I:DP] dp_soc_cmn_setup: 3274: num_reo_dest_rings 4
01-01 09:22:54.657 0 0 D cnss : Assign MSI to user: DP, num_vectors: 18, user_base_data: 814, base_vector: 14
01-01 09:22:54.657 0 0 D cnss : Assign MSI to user: DP, num_vectors: 18, user_base_data: 814, base_vector: 14
01-01 09:22:54.657 0 0 D cnss : Assign MSI to user: DP, num_vectors: 18, user_base_data: 814, base_vector: 14
01-01 09:22:54.657 0 0 D cnss : Assign MSI to user: DP, num_vectors: 18, user_base_data: 814, base_vector: 14
01-01 09:22:54.657 0 0 D cnss : Assign MSI to user: DP, num_vectors: 18, user_base_data: 814, base_vector: 14
01-01 09:22:54.657 0 0 D cnss : Assign MSI to user: DP, num_vectors: 18, user_base_data: 814, base_vector: 14
01-01 09:22:54.657 0 0 D cnss : Assign MSI to user: DP, num_vectors: 18, user_base_data: 814, base_vector: 14
01-01 09:22:54.657 0 0 D cnss : Assign MSI to user: DP, num_vectors: 18, user_base_data: 814, base_vector: 14
01-01 09:22:54.658 0 0 D cnss : Assign MSI to user: DP, num_vectors: 18, user_base_data: 814, base_vector: 14
01-01 09:22:54.658 0 0 D cnss : Assign MSI to user: DP, num_vectors: 18, user_base_data: 814, base_vector: 14
01-01 09:22:54.658 0 0 D cnss : Assign MSI to user: DP, num_vectors: 18, user_base_data: 814, base_vector: 14
01-01 09:22:54.658 0 0 I [kworke][0x2a176efc][03:22:25.746491] wlan: [335:I:HAL] hal_reo_set_err_dst_remap_6390: 1024: HWIO_REO_R0_ERROR_DESTINATION_MAPPING_IX_0 0x28005b6d
01-01 09:22:54.658 0 0 D cnss : Assign MSI to user: DP, num_vectors: 18, user_base_data: 814, base_vector: 14
01-01 09:22:54.658 0 0 D cnss : Assign MSI to user: DP, num_vectors: 18, user_base_data: 814, base_vector: 14
01-01 09:22:54.658 0 0 D cnss : Assign MSI to user: DP, num_vectors: 18, user_base_data: 814, base_vector: 14
01-01 09:22:54.658 0 0 D cnss : Assign MSI to user: DP, num_vectors: 18, user_base_data: 814, base_vector: 14
01-01 09:22:54.658 0 0 D cnss : Assign MSI to user: DP, num_vectors: 18, user_base_data: 814, base_vector: 14
01-01 09:22:54.658 0 0 D cnss : Assign MSI to user: DP, num_vectors: 18, user_base_data: 814, base_vector: 14
01-01 09:22:54.660 0 0 I [kworke][0x2a181431][03:22:25.748694] wlan: [335:I:DP] Peer pool init
01-01 09:22:54.660 0 0 W [kworke][0x2a181b5f][03:22:25.748789] wlan: [335:W:DP] dp_rx_pdev_mon_attach: pdev attach id=0
01-01 09:22:54.661 0 0 D cnss : Assign MSI to user: DP, num_vectors: 18, user_base_data: 814, base_vector: 14
01-01 09:22:54.661 0 0 D cnss : Get IRQ number 364 for vector index 14
01-01 09:22:54.661 0 0 D cnss : Assign MSI to user: DP, num_vectors: 18, user_base_data: 814, base_vector: 14
01-01 09:22:54.661 0 0 D cnss : Get IRQ number 365 for vector index 15
01-01 09:22:54.661 0 0 D cnss : Assign MSI to user: DP, num_vectors: 18, user_base_data: 814, base_vector: 14
01-01 09:22:54.661 0 0 D cnss : Get IRQ number 366 for vector index 16
01-01 09:22:54.661 0 0 D cnss : Assign MSI to user: DP, num_vectors: 18, user_base_data: 814, base_vector: 14
01-01 09:22:54.661 0 0 D cnss : Get IRQ number 367 for vector index 17
01-01 09:22:54.661 0 0 D cnss : Assign MSI to user: DP, num_vectors: 18, user_base_data: 814, base_vector: 14
01-01 09:22:54.661 0 0 D cnss : Assign MSI to user: DP, num_vectors: 18, user_base_data: 814, base_vector: 14
01-01 09:22:54.661 0 0 D cnss : Get IRQ number 369 for vector index 19
01-01 09:22:54.661 0 0 D cnss : Assign MSI to user: DP, num_vectors: 18, user_base_data: 814, base_vector: 14
01-01 09:22:54.661 0 0 D cnss : Get IRQ number 370 for vector index 20
01-01 09:22:54.663 0 0 I [kworke][0x2a18d76d][03:22:25.751297] wlan: [333:I:WMA] wma_rx_service_ready_event: Firmware build version : 101a0521
01-01 09:22:54.663 0 0 I [kworke][0x2a18d85b][03:22:25.751309] wlan: [333:I:WMA] wma_rx_service_ready_event: Board id: 0, Board version: 8 0 0 0 6
01-01 09:22:54.663 0 0 I [kworke][0x2a190583][03:22:25.751911] wlan: [333:I:WMA] wma_is_dbs_mandatory: 5417: MAC0 does not support both bands 2 DBS is mandatory
01-01 09:22:54.663 0 0 E [kworke][0x2a1906d9][03:22:25.751929] wlan: [333:E:QDF] copy_fw_abi_version_tlv: 6979: copy_fw_abi_version_tlv: INIT_CMD version: 1, 0, 0x5f414351, 0x4c4d, 0x0, 0x0
01-01 09:22:54.686 0 0 D : mv2112_read_status
01-01 09:22:54.686 0 0 D mv2112_update_link: 3.0x901(1G): 0x80
01-01 09:22:54.687 0 0 D mv2112_update_link: 3.0x8109(100M): 0x8
01-01 09:22:54.687 0 0 D mv2112_update_link: link 0x0
01-01 09:22:54.687 0 0 D mv2112_read_status: autoneg is disabled
01-01 09:22:54.857 0 0 E [kworke][0x2a51b79c][03:22:25.945433] wlan: [333:E:QDF] ready_extract_init_status_tlv: 8884: ready_extract_init_status_tlv:0
01-01 09:22:54.857 0 0 E [kworke][0x2a51b9ba][03:22:25.945461] wlan: [333:E:QDF] cds_get_context: 1486: Module ID 65 context is Null
01-01 09:22:54.857 0 0 F [kworke][0x2a51b9fa][03:22:25.945464] wlan: [333:F:DP] cdp_ipa_set_uc_tx_partition_base invalid instance
01-01 09:22:54.857 0 0 I [kworke][0x2a51ba4e][03:22:25.945469] wlan: [333:I:WMA] wma_he_update_tgt_services: 996: 11ax is enabled
01-01 09:22:54.857 0 0 I [kworke][0x2a51cbc3][03:22:25.945701] wlan: [333:I:HIF] Initializing Runtime PM wakelock &mgmt_txrx_pdev_ctx->wakelock_tx_runtime_cmp
01-01 09:22:54.857 0 0 I [kworke][0x2a51cfb2][03:22:25.945754] wlan: [333:I:dfs] WLAN_DEBUG_DFS_ALWAYS : wlan_dfs_pdev_obj_create_notification: 421: dfs_offload 1
01-01 09:22:54.857 0 0 I [kworke][0x2a51d033][03:22:25.945760] wlan: [333:I:SPECTRAL] null_get_capability: 1715: SPECTRAL : get_capability not registered
01-01 09:22:54.857 0 0 I [kworke][0x2a51d072][03:22:25.945764] wlan: [333:I:SPECTRAL] target_if_pdev_spectral_init: 2249: HAL_CAP_PHYDIAG : Capable
01-01 09:22:54.857 0 0 I [kworke][0x2a51d0aa][03:22:25.945767] wlan: [333:I:SPECTRAL] null_get_capability: 1715: SPECTRAL : get_capability not registered
01-01 09:22:54.857 0 0 I [kworke][0x2a51d0c7][03:22:25.945768] wlan: [333:I:SPECTRAL] target_if_pdev_spectral_init: 2253: HAL_CAP_RADAR : Capable
01-01 09:22:54.857 0 0 I [kworke][0x2a51d0e2][03:22:25.945769] wlan: [333:I:SPECTRAL] null_get_capability: 1715: SPECTRAL : get_capability not registered
01-01 09:22:54.857 0 0 I [kworke][0x2a51d0fa][03:22:25.945771] wlan: [333:I:SPECTRAL] target_if_pdev_spectral_init: 2258: HAL_CAP_SPECTRAL_SCAN : Capable
01-01 09:22:54.857 0 0 I [kworke][0x2a51d116][03:22:25.945772] wlan: [333:I:SPECTRAL] null_get_tsf64: 1703: SPECTRAL : get_tsf64 not registered
01-01 09:22:54.857 0 0 I [kworke][0x2a51d155][03:22:25.945775] wlan: [333:I:GREEN_AP] wlan_green_ap_pdev_obj_create_notification: 106: Green AP creation successful, green ap ctx: 0000000000000000, pdev: 0000000000000000
01-01 09:22:54.857 0 0 I [kworke][0x2a51d208][03:22:25.945785] wlan: [333:I:IPA] wlan_ipa_wdi_init: 540: ipa_over_gsi: 1, is_smmu_enabled: 1
01-01 09:22:54.857 0 0 I [kworke][0x2a51d9a6][03:22:25.945886] wlan: [333:I:REGULATORY] reg_set_band: 483: set band bitmap: 3
01-01 09:22:54.857 0 0 I [kworke][0x2a51df14][03:22:25.945959] wlan: [333:I:HIF] Initializing Runtime PM wakelock &ctx->dfs
01-01 09:22:54.857 0 0 I [kworke][0x2a51df2f][03:22:25.945960] wlan: [333:I:HIF] Initializing Runtime PM wakelock &ctx->connect
01-01 09:22:54.857 0 0 I [kworke][0x2a51df6a][03:22:25.945963] wlan: [333:I:HIF] Initializing Runtime PM wakelock &ctx->user
01-01 09:22:54.857 0 0 I [kworke][0x2a51df85][03:22:25.945965] wlan: [333:I:HIF] Initializing Runtime PM wakelock &scan_priv->runtime_pm_lock
01-01 09:22:54.857 0 0 I [kworke][0x2a51dffd][03:22:25.945971] wlan: [333:I:GREEN_AP] target_if_green_ap_register_egap_event_handler: 131: Set the Enhance Green AP event handler
01-01 09:22:54.857 0 0 E [kworke][0x2a51e04b][03:22:25.945975] wlan: [333:E:QDF] dp_peer_map_attach_wifi3: 10048: dp_peer_map_attach_wifi3 max_peers 55, max_ast_index: 144
01-01 09:22:54.857 0 0 I [kworke][0x2a51e097][03:22:25.945979] wlan: [333:I:DP]
01-01 09:22:54.857 0 0 I : <=== cfg max peer id 55 ====>
01-01 09:22:54.857 0 0 I [kworke][0x2a51e0c3][03:22:25.945981] wlan: [333:I:DP]
01-01 09:22:54.857 0 0 I : <=== cfg max ast idx 144 ====>
01-01 09:22:54.857 0 0 I [kworke][0x2a51e104][03:22:25.945985] wlan: [333:I:DP] ast hash_elems: 512, max_ast_idx: 144
01-01 09:22:54.857 0 0 I [kworke][0x2a51e22b][03:22:25.946000] wlan: [335:I:WMA] wma_wait_for_ready_event: 6926: FW ready event received
01-01 09:22:54.858 0 0 E [kworke][0x2a5208c4][03:22:25.946515] wlan: [335:E:WMI] send_action_oui_cmd_tlv: 220: Invalid action id
01-01 09:22:54.858 0 0 E [kworke][0x2a520931][03:22:25.946520] wlan: [335:E:action_oui] ucfg_action_oui_send: 160: Failed to send: 7
01-01 09:22:54.858 0 0 E [kworke][0x2a520988][03:22:25.946525] wlan: [335:E:WMI] send_action_oui_cmd_tlv: 220: Invalid action id
01-01 09:22:54.858 0 0 E [kworke][0x2a5209d0][03:22:25.946529] wlan: [335:E:action_oui] ucfg_action_oui_send: 160: Failed to send: 9
01-01 09:22:54.858 0 0 E [kworke][0x2a520a08][03:22:25.946532] wlan: [335:E:HDD] hdd_action_oui_send: 13281: Failed to send one or all action_ouis
01-01 09:22:54.859 0 0 D cnss : dma-coherent is enabled
01-01 09:22:54.859 0 0 D cnss : IOMMU map: iova b0000000, len 4096
01-01 09:22:54.859 0 0 D cnss : IOMMU map: iova_addr b0000040
01-01 09:22:54.859 0 0 D cnss : dma-coherent is enabled
01-01 09:22:54.859 0 0 D cnss : IOMMU map: iova b0001000, len 4096
01-01 09:22:54.859 0 0 D cnss : IOMMU map: iova_addr b0001018
01-01 09:22:54.859 0 0 I [kworke][0x2a52500d][03:22:25.947465] wlan: [335:I:SYS] Creating periodic timer for OLBC UPDATE CACHE TIMEOUT
01-01 09:22:54.859 0 0 E [kworke][0x2a5255a3][03:22:25.947540] wlan: [335:E:TXRX] dp_rxdma_ring_config: 5022: DBS enabled max_mac_rings 2
01-01 09:22:54.859 0 0 E [kworke][0x2a5255ed][03:22:25.947543] wlan: [335:E:TXRX] dp_rxdma_ring_config: 5033: pdev_id 0 max_mac_rings 2
01-01 09:22:54.859 0 0 E [kworke][0x2a52561f][03:22:25.947546] wlan: [335:E:TXRX] dp_rxdma_ring_config: 5050: mac_id 0
01-01 09:22:54.859 0 0 E [kworke][0x2a5257ce][03:22:25.947568] wlan: [335:E:TXRX] dp_rxdma_ring_config: 5050: mac_id 1
01-01 09:22:54.859 0 0 I [kworke][0x2a525e0e][03:22:25.947652] wlan: [335:I:POLICY_MGR] policy_mgr_update_5g_scc_prefer: 398: overwrite pm_second_connection_pcl_dbs_2x2_table, index 2 mode 3 system prefer 0 new pcl 6
01-01 09:22:54.859 0 0 I [kworke][0x2a525e55][03:22:25.947656] wlan: [335:I:POLICY_MGR] policy_mgr_update_5g_scc_prefer: 404: overwrite pm_second_connection_pcl_dbs_2x2_table, index 3 mode 3 system prefer 0 new pcl 6
01-01 09:22:54.859 0 0 E [kworke][0x2a5263db][03:22:25.947729] wlan: [335:E:REGULATORY] reg_freq_width_to_chan_op_class: 512: no op class for frequency 5745
01-01 09:22:54.859 0 0 I [kworke][0x2a526b86][03:22:25.947831] wlan: [335:I:HIF] hif_pm_runtime_start: Enabling RUNTIME PM, Delay: 500 ms
01-01 09:22:54.860 0 0 E cnss_utils: WLAN MAC address is not set, type 0
01-01 09:22:54.860 0 0 W cnss_pci 0000: 01:00.0: Falling back to syfs fallback for: wlan/qca_cld/qca6390/wlan_mac.bin
01-01 09:22:54.862 0 0 I [kworke][0x2a533330][03:22:25.950494] wlan: [335:I:HDD] hdd_initialize_mac_address: 12589: using default MAC address
01-01 09:22:54.869 0 0 D cnss : Host time = 36991500 us, device time = 1845260 us, offset = 35146240 us
01-01 09:22:54.869 0 0 D cnss : Updated time sync regs [0x984] = 0x2184a00, [0x988] = 0x0
01-01 09:22:54.869 0 0 D cnss : Removing vote for Regulator vdd-wlan-rfa2
01-01 09:22:54.869 0 0 D cnss : Removing vote for Regulator vdd-wlan-rfa1
01-01 09:22:54.869 0 0 D cnss : Removing vote for Regulator vdd-wlan-dig
01-01 09:22:54.869 0 0 D cnss : Removing vote for Regulator vdd-wlan-aon
01-01 09:22:54.869 0 0 D cnss : Removing vote for Regulator vdd-wlan-io
01-01 09:22:54.869 0 0 D cnss : PM relax, state: 0x107, count: 0
01-01 09:22:55.710 0 0 D : mv2112_read_status
01-01 09:22:55.710 0 0 D mv2112_update_link: 3.0x901(1G): 0x80
01-01 09:22:55.711 0 0 D mv2112_update_link: 3.0x8109(100M): 0x8
01-01 09:22:55.711 0 0 D mv2112_update_link: link 0x0
01-01 09:22:55.711 0 0 D mv2112_read_status: autoneg is disabled
12-14 03:22:26.920 1503 1503 I SystemServerTiming: StartCameraServiceProxy
12-14 03:22:26.920 1503 1503 I SystemServiceManager: Starting com.android.server.camera.CameraServiceProxy
12-14 03:22:26.921 1503 1503 I SystemServerTiming: StartWindowManagerService
12-14 03:22:26.921 1503 1503 I SystemServiceManager: Starting phase 200
12-14 03:22:26.921 1503 1503 I SystemServerTiming: OnBootPhase_200
12-14 03:22:26.921 1503 1503 I SystemServerTiming: OnBootPhase_200_com.android.server.security.FileIntegrityService
12-14 03:22:26.921 1503 1503 I SystemServerTiming: OnBootPhase_200_com.android.server.pm.Installer
12-14 03:22:26.921 1503 1503 I SystemServerTiming: OnBootPhase_200_com.android.server.os.DeviceIdentifiersPolicyService
12-14 03:22:26.921 1503 1503 I SystemServerTiming: OnBootPhase_200_com.android.server.uri.UriGrantsManagerService$Lifecycle
12-14 03:22:26.921 1503 1503 I SystemServerTiming: OnBootPhase_200_com.android.server.powerstats.PowerStatsService
12-14 03:22:26.921 1503 1503 I SystemServerTiming: OnBootPhase_200_com.android.server.wm.ActivityTaskManagerService$Lifecycle
12-14 03:22:26.921 1503 1503 I SystemServerTiming: OnBootPhase_200_com.android.server.am.ActivityManagerService$Lifecycle
12-14 03:22:26.921 1503 1503 I SystemServerTiming: OnBootPhase_200_com.android.server.pm.DataLoaderManagerService
12-14 03:22:26.921 1503 1503 I SystemServerTiming: OnBootPhase_200_com.android.server.power.PowerManagerService
12-14 03:22:26.921 1503 1503 I SystemServerTiming: OnBootPhase_200_com.android.server.power.ThermalManagerService
12-14 03:22:26.921 1503 1503 I SystemServerTiming: OnBootPhase_200_com.android.server.power.hint.HintManagerService
12-14 03:22:26.921 1503 1503 I SystemServerTiming: OnBootPhase_200_com.android.server.recoverysystem.RecoverySystemService$Lifecycle
12-14 03:22:26.921 1503 1503 I SystemServerTiming: OnBootPhase_200_com.android.server.lights.LightsService
12-14 03:22:26.921 1503 1503 I SystemServerTiming: OnBootPhase_200_com.android.server.display.DisplayManagerService
12-14 03:22:26.921 1503 1503 I SystemServerTiming: OnBootPhase_200_com.android.server.pm.verify.domain.DomainVerificationService
12-14 03:22:26.921 1503 1503 I SystemServerTiming: OnBootPhase_200_com.android.server.pm.PackageInstallerService$Lifecycle
12-14 03:22:26.921 1503 1503 I SystemServerTiming: OnBootPhase_200_com.android.server.pm.UserManagerService$LifeCycle
12-14 03:22:26.921 1503 1503 I SystemServerTiming: OnBootPhase_200_com.android.server.om.OverlayManagerService
12-14 03:22:26.921 1503 1503 I SystemServerTiming: OnBootPhase_200_com.android.server.SensorPrivacyService
12-14 03:22:26.921 1503 1503 I SystemServerTiming: OnBootPhase_200_com.android.server.sensors.SensorService
12-14 03:22:26.921 1503 1503 I SystemServerTiming: OnBootPhase_200_com.android.server.SystemConfigService
12-14 03:22:26.921 1503 1503 I SystemServerTiming: OnBootPhase_200_com.android.server.BatteryService
12-14 03:22:26.921 1503 1503 I SystemServerTiming: OnBootPhase_200_com.android.server.usage.UsageStatsService
12-14 03:22:26.921 1503 1503 I SystemServerTiming: OnBootPhase_200_com.android.server.webkit.WebViewUpdateService
12-14 03:22:26.921 1503 1503 I SystemServerTiming: OnBootPhase_200_com.android.server.CachedDeviceStateService
12-14 03:22:26.921 1503 1503 I SystemServerTiming: OnBootPhase_200_com.android.server.BinderCallsStatsService$LifeCycle
12-14 03:22:26.921 1503 1503 I SystemServerTiming: OnBootPhase_200_com.android.server.LooperStatsService$Lifecycle
12-14 03:22:26.921 1503 1503 I SystemServerTiming: OnBootPhase_200_com.android.server.rollback.RollbackManagerService
12-14 03:22:26.921 1503 1503 I SystemServerTiming: OnBootPhase_200_com.android.server.os.NativeTombstoneManagerService
12-14 03:22:26.921 1503 1503 I SystemServerTiming: OnBootPhase_200_com.android.server.os.BugreportManagerService
12-14 03:22:26.921 1503 1503 I SystemServerTiming: OnBootPhase_200_com.android.server.gpu.GpuService
12-14 03:22:26.921 1503 1503 I SystemServerTiming: OnBootPhase_200_com.android.server.security.KeyChainSystemService
12-14 03:22:26.921 1503 1503 I SystemServerTiming: OnBootPhase_200_com.android.server.telecom.TelecomLoaderService
12-14 03:22:26.921 1503 1503 I SystemServerTiming: OnBootPhase_200_com.android.server.accounts.AccountManagerService$Lifecycle
12-14 03:22:26.921 1503 1503 I SystemServerTiming: OnBootPhase_200_com.android.server.content.ContentService$Lifecycle
12-14 03:22:26.921 1503 1503 I SystemServerTiming: OnBootPhase_200_com.android.server.DropBoxManagerService
12-14 03:22:26.921 1503 1503 I SystemServerTiming: OnBootPhase_200_com.android.role.RoleService
12-14 03:22:26.921 1503 1503 I SystemServerTiming: OnBootPhase_200_com.android.server.vibrator.VibratorManagerService$Lifecycle
12-14 03:22:26.921 1503 1503 I SystemServerTiming: OnBootPhase_200_com.android.server.alarm.AlarmManagerService
12-14 03:22:26.921 1503 1503 I SystemServerTiming: OnBootPhase_200_com.android.server.devicestate.DeviceStateManagerService
12-14 03:22:26.921 1503 1503 I SystemServerTiming: OnBootPhase_200_com.android.server.camera.CameraServiceProxy
12-14 03:22:26.922 1503 1503 I WindowManager: No existing display settings, starting empty
12-14 03:22:26.922 1503 1503 I WindowManager: No existing display settings, starting empty
12-14 03:22:26.926 1503 1503 I SystemServerTiming: SetWindowManagerService
12-14 03:22:26.937 1503 1503 I ActivityTaskManager: Loaded persisted task ids for user 0
12-14 03:22:26.937 1503 1503 I SystemServerTiming: WindowManagerServiceOnInitReady
12-14 03:22:26.943 1503 1503 I SystemServerTiming: StartInputManager
12-14 03:22:26.943 1503 1503 I InputManager: Starting input manager
12-14 03:22:26.943 1503 1997 I SystemServerTimingAsync: InitThreadPoolExec:StartHidlServices
12-14 03:22:26.943 1503 1997 I SystemServerTimingAsync: StartHidlServices
12-14 03:22:26.944 1503 1503 I SystemServerTiming: DisplayManagerWindowManagerAndInputReady
12-14 03:22:26.944 1503 1503 I SystemServerTiming: StartBluetoothService
12-14 03:22:26.944 1503 1604 I LogicalDisplayMapper: Requesting Transition to state: 0
12-14 03:22:26.944 1503 1503 I SystemServiceManager: Starting com.android.server.BluetoothService
12-14 03:22:26.944 1503 1604 I LogicalDisplayMapper: Applying layout: [{addr: {port=129, model=0x40446d3026322d}, dispId: 0(ON)}], Previous layout: [{addr: {port=129, model=0x40446d3026322d}, dispId: 0(ON)}]
12-14 03:22:26.945 1503 1503 D BluetoothManagerService: Loading stored name and address
12-14 03:22:26.946 1503 1503 D BluetoothManagerService: Stored bluetooth Name=null,Address=null
12-14 03:22:26.946 1503 1503 D BluetoothManagerService: Bluetooth persisted state: 1
12-14 03:22:26.946 1503 1503 D BluetoothManagerService: Startup: Bluetooth persisted state is ON.
12-14 03:22:26.946 1503 1503 D BluetoothManagerService: Detected SystemUiUid: 10082
12-14 03:22:26.946 1503 1503 I SystemServerTiming: IpConnectivityMetrics
12-14 03:22:26.946 1503 1503 I SystemServiceManager: Starting com.android.server.connectivity.IpConnectivityMetrics
12-14 03:22:26.946 1503 1503 I SystemServerTiming: NetworkWatchlistService
12-14 03:22:26.946 1503 1503 I SystemServiceManager: Starting com.android.server.net.watchlist.NetworkWatchlistService$Lifecycle
12-14 03:22:26.948 1503 2007 I WatchlistLoggingHandler: Start aggregating watchlist records.
01-01 09:22:55.861 0 0 W F2FS-fs (dm-10): Unexpected flush for atomic writes: ino=1438, npages=3
12-14 03:22:26.950 1503 1503 I SystemServerTiming: PinnerService
12-14 03:22:26.950 1503 1503 I SystemServiceManager: Starting com.android.server.PinnerService
12-14 03:22:26.951 1503 1503 V HistoricalRegistry: Interaction before persistence initialized
12-14 03:22:26.951 1503 1503 I SystemServerTiming: IorapForwardingService
12-14 03:22:26.951 1503 1503 I SystemServiceManager: Starting com.google.android.startop.iorap.IorapForwardingService
12-14 03:22:26.952 1503 1611 D PinnerService: pinRangeStream: null
12-14 03:22:26.952 1503 1503 W BackgroundDexOptService: SysProp pm.dexopt.downgrade_after_inactive_days not set
12-14 03:22:26.952 1503 1503 I SystemServiceManager: Starting com.android.server.ActivityTriggerService
12-14 03:22:26.952 1503 1503 I ActivityTriggerService: Starting ActivityTriggerService
12-14 03:22:26.953 1503 1611 D PinnerService: pinRangeStream: null
12-14 03:22:26.953 1503 1503 I SystemServerTiming: SignedConfigService
12-14 03:22:26.953 1503 1611 D PinnerService: pinRangeStream: null
12-14 03:22:26.953 1503 1611 D PinnerService: pinRangeStream: null
12-14 03:22:26.953 1503 1503 I SystemServerTiming: AppIntegrityService
12-14 03:22:26.953 1503 1503 I SystemServiceManager: Starting com.android.server.integrity.AppIntegrityManagerService
12-14 03:22:26.955 1503 1503 I WindowManager: SAFE MODE not enabled
12-14 03:22:26.955 1503 1503 I SystemServerTiming: StartInputMethodManagerLifecycle
12-14 03:22:26.955 1503 1503 I SystemServiceManager: Starting com.android.server.inputmethod.InputMethodManagerService$Lifecycle
12-14 03:22:26.956 1503 1503 I SystemServerTiming: StartAccessibilityManagerService
12-14 03:22:26.956 1503 1503 I SystemServiceManager: Starting com.android.server.accessibility.AccessibilityManagerService$Lifecycle
12-14 03:22:26.957 1503 1503 I SystemServerTiming: MakeDisplayReady
12-14 03:22:26.958 1503 1503 I ActivityTaskManager: Config changes=20005df8 {1.0 ?mcc?mnc [zh_CN] ldltr sw680dp w1586dp h584dp 240dpi lrg long land ?uimode ?night -touch -keyb/v/h -nav/h winConfig={ mBounds=Rect(0, 0 - 2380, 1020) mAppBounds=Rect(0, 0 - 2380, 948) mMaxBounds=Rect(0, 0 - 2380, 1020) mWindowingMode=fullscreen mDisplayWindowingMode=fullscreen mActivityType=undefined mAlwaysOnTop=undefined mRotation=ROTATION_0} s.2 ?fontWeightAdjustment}
12-14 03:22:26.959 1503 1503 I WindowManager: Override config changes=60007dfc {1.0 ?mcc?mnc [zh_CN] ldltr sw680dp w1586dp h584dp 240dpi lrg long land ?uimode ?night -touch -keyb/v/h -nav/h winConfig={ mBounds=Rect(0, 0 - 2380, 1020) mAppBounds=Rect(0, 0 - 2380, 948) mMaxBounds=Rect(0, 0 - 2380, 1020) mWindowingMode=fullscreen mDisplayWindowingMode=fullscreen mActivityType=undefined mAlwaysOnTop=undefined mRotation=ROTATION_0} s.2 ?fontWeightAdjustment} for displayId=0
12-14 03:22:26.961 1503 1503 I ActivityTaskManager: Config changes=8 {1.0 ?mcc?mnc [zh_CN] ldltr sw680dp w1586dp h584dp 240dpi lrg long land ?uimode ?night finger -keyb/v/h -nav/h winConfig={ mBounds=Rect(0, 0 - 2380, 1020) mAppBounds=Rect(0, 0 - 2380, 948) mMaxBounds=Rect(0, 0 - 2380, 1020) mWindowingMode=fullscreen mDisplayWindowingMode=fullscreen mActivityType=undefined mAlwaysOnTop=undefined mRotation=ROTATION_0} s.4 ?fontWeightAdjustment}
12-14 03:22:26.961 1503 1503 I WindowManager: Override config changes=8 {1.0 ?mcc?mnc [zh_CN] ldltr sw680dp w1586dp h584dp 240dpi lrg long land ?uimode ?night finger -keyb/v/h -nav/h winConfig={ mBounds=Rect(0, 0 - 2380, 1020) mAppBounds=Rect(0, 0 - 2380, 948) mMaxBounds=Rect(0, 0 - 2380, 1020) mWindowingMode=fullscreen mDisplayWindowingMode=fullscreen mActivityType=undefined mAlwaysOnTop=undefined mRotation=ROTATION_0} s.4 ?fontWeightAdjustment} for displayId=0
12-14 03:22:26.962 1503 1503 I SystemServerTiming: StartStorageManagerService
12-14 03:22:26.962 1503 1503 I SystemServiceManager: Starting com.android.server.StorageManagerService$Lifecycle
12-14 03:22:26.964 1503 1611 D PinnerService: pinRangeStream: null
12-14 03:22:26.964 1503 1611 D PinnerService: pinRangeStream: null
12-14 03:22:26.964 1503 1611 D PinnerService: pinRangeStream: null
12-14 03:22:26.964 1503 2011 D StorageManagerService: Thinking about init, mBootCompleted=false, mDaemonConnected=true
12-14 03:22:26.964 1503 2011 D StorageManagerService: Thinking about reset, mBootCompleted=false, mDaemonConnected=true
12-14 03:22:26.966 1503 1503 D StorageManagerService: CE storage for users [0] is already unlocked
12-14 03:22:26.967 1503 2011 D StorageManagerService: Thinking about init, mBootCompleted=false, mDaemonConnected=true
12-14 03:22:26.967 1503 2011 D StorageManagerService: Thinking about reset, mBootCompleted=false, mDaemonConnected=true
12-14 03:22:26.967 1503 1503 I SystemServerTiming: StartStorageStatsService
12-14 03:22:26.967 1503 1503 I SystemServiceManager: Starting com.android.server.usage.StorageStatsService$Lifecycle
12-14 03:22:26.969 1503 1503 I SystemServerTiming: StartUiModeManager
12-14 03:22:26.969 1503 1503 I SystemServiceManager: Starting com.android.server.UiModeManagerService
12-14 03:22:26.969 1503 2012 I SystemServerTimingAsync: InitThreadPoolExec:UiModeManager.onStart
12-14 03:22:26.970 1503 1503 I SystemServerTiming: UpdatePackagesIfNeeded
12-14 03:22:26.970 1503 1503 I Watchdog: Pausing HandlerChecker: main thread for reason: dexopt. Pause count: 1
12-14 03:22:26.971 1503 1611 D PinnerService: pinRangeStream: null
12-14 03:22:26.973 1503 1611 D PinnerService: pinRangeStream: null
12-14 03:22:26.973 1503 1611 D PinnerService: pinRangeStream: null
12-14 03:22:26.974 1503 1611 D PinnerService: pinRangeStream: null
12-14 03:22:26.974 1503 1611 D PinnerService: pinRangeStream: null
12-14 03:22:26.975 1503 1611 E PinnerService: Could not pin file /system/lib64/libsurfaceflinger.so
12-14 03:22:26.975 1503 1611 E PinnerService: android.system.ErrnoException: open failed: ENOENT (No such file or directory)
12-14 03:22:26.975 1503 1611 E PinnerService: at libcore.io.Linux.open(Native Method)
12-14 03:22:26.975 1503 1611 E PinnerService: at libcore.io.ForwardingOs.open(ForwardingOs.java:567)
12-14 03:22:26.975 1503 1611 E PinnerService: at libcore.io.BlockGuardOs.open(BlockGuardOs.java:273)
12-14 03:22:26.975 1503 1611 E PinnerService: at android.system.Os.open(Os.java:501)
12-14 03:22:26.975 1503 1611 E PinnerService: at com.android.server.PinnerService.pinFileRanges(PinnerService.java:939)
12-14 03:22:26.975 1503 1611 E PinnerService: at com.android.server.PinnerService.pinFile(PinnerService.java:814)
12-14 03:22:26.975 1503 1611 E PinnerService: at com.android.server.PinnerService.handlePinOnStart(PinnerService.java:273)
12-14 03:22:26.975 1503 1611 E PinnerService: at com.android.server.PinnerService.access$1600(PinnerService.java:91)
12-14 03:22:26.975 1503 1611 E PinnerService: at com.android.server.PinnerService$PinnerHandler.handleMessage(PinnerService.java:1183)
12-14 03:22:26.975 1503 1611 E PinnerService: at android.os.Handler.dispatchMessage(Handler.java:106)
12-14 03:22:26.975 1503 1611 E PinnerService: at android.os.Looper.loopOnce(Looper.java:201)
12-14 03:22:26.975 1503 1611 E PinnerService: at android.os.Looper.loop(Looper.java:288)
12-14 03:22:26.975 1503 1611 E PinnerService: at android.os.HandlerThread.run(HandlerThread.java:67)
12-14 03:22:26.975 1503 1611 E PinnerService: Failed to pin file = /system/lib64/libsurfaceflinger.so
01-01 09:22:56.734 0 0 D : mv2112_read_status
01-01 09:22:56.734 0 0 D mv2112_update_link: 3.0x901(1G): 0x80
01-01 09:22:56.735 0 0 D mv2112_update_link: 3.0x8109(100M): 0x8
01-01 09:22:56.735 0 0 D mv2112_update_link: link 0x0
01-01 09:22:56.735 0 0 D mv2112_read_status: autoneg is disabled
12-14 03:22:28.824 1503 2007 I WatchlistLoggingHandler: Milliseconds spent on tryAggregateRecords(): 1876
01-01 09:22:57.758 0 0 D : mv2112_read_status
01-01 09:22:57.758 0 0 D mv2112_update_link: 3.0x901(1G): 0x80
01-01 09:22:57.759 0 0 D mv2112_update_link: 3.0x8109(100M): 0x8
01-01 09:22:57.759 0 0 D mv2112_update_link: link 0x0
01-01 09:22:57.759 0 0 D mv2112_read_status: autoneg is disabled
01-01 09:22:58.782 0 0 D : mv2112_read_status
01-01 09:22:58.782 0 0 D mv2112_update_link: 3.0x901(1G): 0x80
01-01 09:22:58.783 0 0 D mv2112_update_link: 3.0x8109(100M): 0x8
01-01 09:22:58.783 0 0 D mv2112_update_link: link 0x0
01-01 09:22:58.783 0 0 D mv2112_read_status: autoneg is disabled
01-01 09:22:59.806 0 0 D : mv2112_read_status
01-01 09:22:59.806 0 0 D mv2112_update_link: 3.0x901(1G): 0x80
01-01 09:22:59.807 0 0 D mv2112_update_link: 3.0x8109(100M): 0x8
01-01 09:22:59.807 0 0 D mv2112_update_link: link 0x0
01-01 09:22:59.807 0 0 D mv2112_read_status: autoneg is disabled
01-01 09:23:00.830 0 0 D : mv2112_read_status
01-01 09:23:00.830 0 0 D mv2112_update_link: 3.0x901(1G): 0x80
01-01 09:23:00.831 0 0 D mv2112_update_link: 3.0x8109(100M): 0x8
01-01 09:23:00.831 0 0 D mv2112_update_link: link 0x0
01-01 09:23:00.831 0 0 D mv2112_read_status: autoneg is disabled
01-01 09:23:00.890 0 0 I init : Sending signal 9 to service 'idmap2d' (pid 1171) process group...
12-14 03:22:31.983 1503 1591 W OverlayManager: service 'idmap' died
01-01 09:23:00.895 0 0 I libprocessgroup: Successfully killed process cgroup uid 1000 pid 1171 in 5ms
01-01 09:23:00.896 0 0 I init : Control message: Processed ctl.stop for 'idmap2d' from pid: 1503 (system_server)
01-01 09:23:00.896 0 0 I init : Service 'idmap2d' (pid 1171) received signal 9
01-01 09:23:01.854 0 0 D : mv2112_read_status
01-01 09:23:01.854 0 0 D mv2112_update_link: 3.0x901(1G): 0x80
01-01 09:23:01.855 0 0 D mv2112_update_link: 3.0x8109(100M): 0x8
01-01 09:23:01.855 0 0 D mv2112_update_link: link 0x0
01-01 09:23:01.855 0 0 D mv2112_read_status: autoneg is disabled
12-14 03:22:33.074 1503 1503 I Watchdog: Resuming HandlerChecker: main thread for reason: dexopt. Pause count: 0
12-14 03:22:33.074 1503 1503 I SystemServerTiming: PerformFstrimIfNeeded
12-14 03:22:33.074 1503 1503 W PackageManager: No disk maintenance in 1670959353074; running immediately
12-14 03:22:33.074 1503 1503 I SystemServerTiming: StartLockSettingsService
12-14 03:22:33.074 1503 1503 I SystemServiceManager: Starting com.android.server.locksettings.LockSettingsService$Lifecycle
12-14 03:22:33.074 1503 2011 I StorageManagerService: Running fstrim idle maintenance
12-14 03:22:33.075 517 2293 D vold : Starting trim of /metadata
12-14 03:22:33.076 517 2293 I vold : Trimmed 7716864 bytes on /metadata in 0ms
12-14 03:22:33.076 517 2293 D vold : Starting trim of /data
12-14 03:22:33.076 517 2293 I vold : Trimmed 0 bytes on /data in 0ms
12-14 03:22:33.076 517 2293 D vold : Starting trim of /mnt/vendor/persist
