01-01 09:22:49.400 1503 1608 I SystemConfig: Reading permissions from /system_ext/etc/permissions/com.qualcomm.qmapbridge.xml
01-01 09:22:49.401 1503 1608 I SystemConfig: Reading permissions from /system_ext/etc/permissions/com.android.emergency.xml
01-01 09:22:49.401 1503 1608 I SystemConfig: Reading permissions from /system_ext/etc/permissions/vendor.qti.ims.rcsservice.xml
01-01 09:22:49.401 1503 1503 I ActivityManager: Memory class: 512
01-01 09:22:49.401 1503 1608 I SystemConfig: Reading permissions from /system_ext/etc/permissions/privapp-permissions-com.qualcomm.location.xml
01-01 09:22:49.402 1503 1608 I SystemConfig: Reading permissions from /system_ext/etc/permissions/embms-noship_product_privapp_permissions_qti.xml
01-01 09:22:49.402 1503 1612 I Binder : Setting heavy hitter watcher config: false, 0, 0.0
01-01 09:22:49.402 1503 1608 I SystemConfig: Reading permissions from /system_ext/etc/permissions/com.thundercomm.microsettings.xml
01-01 09:22:49.403 1503 1608 I SystemConfig: Reading permissions from /system_ext/etc/permissions/com.qti.dpmframework.xml
01-01 09:22:49.403 1503 1608 I SystemConfig: Reading permissions from /system_ext/etc/permissions/com.android.storagemanager.xml
01-01 09:22:49.403 1503 1608 I SystemConfig: Reading permissions from /system_ext/etc/permissions/audiosphere.xml
01-01 09:22:49.405 1503 1608 I SystemConfig: Reading permissions from /system_ext/etc/permissions/com.android.launcher3.xml
01-01 09:22:49.405 1503 1608 I SystemConfig: Reading permissions from /system_ext/etc/permissions/com.android.provision.xml
01-01 09:22:49.406 1503 1608 I SystemConfig: Reading permissions from /system_ext/etc/permissions/com.qualcomm.location.xml
01-01 09:22:49.406 1503 1608 I SystemConfig: Reading permissions from /system_ext/etc/permissions/izat.xt.srv.xml
01-01 09:22:49.406 1503 1608 I SystemConfig: Reading permissions from /system_ext/etc/permissions/qti_supplicant_interface.xml
01-01 09:22:49.407 1503 1608 I SystemConfig: Reading permissions from /system_ext/etc/permissions/com.qti.location.sdk.xml
01-01 09:22:49.407 1503 1608 I SystemConfig: Reading permissions from /system_ext/etc/permissions/privapp-permissions-qti-system-ext.xml
01-01 09:22:49.407 1503 1608 I SystemConfig: Reading permissions from /system_ext/etc/permissions/embms.xml
01-01 09:22:49.408 1503 1608 I SystemConfig: Reading permissions from /system_ext/etc/permissions/com.qualcomm.qti.imscmservice-V2.0-java.xml
01-01 09:22:49.408 1503 1608 I SystemConfig: Reading permissions from /system_ext/etc/permissions/android.software.verified_boot.xml
01-01 09:22:49.408 1503 1608 I SystemConfig: Reading permissions from /system_ext/etc/permissions/com.qualcomm.qti.izattools.xml
01-01 09:22:49.408 1503 1608 I SystemConfig: Reading permissions from /system_ext/etc/permissions/dpmapi.xml
01-01 09:22:49.409 1503 1608 I SystemConfig: Reading permissions from /system_ext/etc/permissions/privapp-permissions-aptxals.xml
01-01 09:22:49.409 1503 1608 I SystemConfig: Reading permissions from /system_ext/etc/permissions/qti_libpermissions.xml
01-01 09:22:49.409 1503 1608 I SystemConfig: Reading permissions from /system_ext/etc/permissions/com.android.settings.xml
01-01 09:22:49.410 1503 1608 I SystemConfig: Reading permissions from /system_ext/etc/permissions/com.nxp.nfc.nq.xml
01-01 09:22:49.411 1503 1608 I SystemConfig: Reading permissions from /apex/com.android.ipsec/etc/permissions/android.net.ipsec.ike.xml
01-01 09:22:49.422 1503 1503 D BatteryStatsImpl: Reading daily items from /data/system/batterystats-daily.xml
01-01 09:22:49.426 1503 1620 I KernelCpuUidFreqTimeReader: mPerClusterTimesAvailable=false
01-01 09:22:49.428 1503 1620 E KernelCpuSpeedReader: Failed to read cpu-freq: /sys/devices/system/cpu/cpu4/cpufreq/stats/time_in_state: open failed: ENOENT (No such file or directory)
01-01 09:22:49.428 1503 1620 E KernelCpuSpeedReader: Failed to read cpu-freq: /sys/devices/system/cpu/cpu0/cpufreq/stats/time_in_state: open failed: ENOENT (No such file or directory)
01-01 09:22:49.429 0 0 W QSEECOM : qseecom_load_app: App with id 6 (fingerpr) now loaded
01-01 09:22:49.431 0 0 W subsys-pil-tz soc: qcom,kgsl-hyp: Falling back to syfs fallback for: a650_zap.b02
01-01 09:22:49.435 1503 1620 W KernelMemoryBandwidthStats: No kernel memory bandwidth stats available
01-01 09:22:49.443 0 0 I subsys-pil-tz soc: qcom,kgsl-hyp: a650_zap: Brought out of reset
01-01 09:22:49.451 1503 1503 I AppOps : No existing app ops /data/system/appops.xml; starting empty
01-01 09:22:49.451 1503 1503 I IntentFirewall: Read new rules (A:0 B:0 S:0)
01-01 09:22:49.455 1503 1503 D AppOps : AppOpsService published
01-01 09:22:49.455 1503 1503 I SystemServerTiming: StartDataLoaderManagerService
01-01 09:22:49.455 1503 1503 I SystemServiceManager: Starting com.android.server.pm.DataLoaderManagerService
01-01 09:22:49.455 1503 1503 I SystemServerTiming: StartIncrementalService
01-01 09:22:49.457 1503 1503 I SystemServerTiming: StartPowerManager
01-01 09:22:49.457 1503 1503 I SystemServiceManager: Starting com.android.server.power.PowerManagerService
01-01 09:22:49.456 0 0 I binder : 1106:1135 ioctl 40046210 7045c8f144 returned -22
01-01 09:22:49.459 0 0 W : ------------[ cut here ]------------
01-01 09:22:49.459 0 0 W : Unbalanced enable for IRQ 401
01-01 09:22:49.459 0 0 W : WARNING: CPU: 2 PID: 430 at kernel/irq/manage.c:621 enable_irq+0x90/0xe8
01-01 09:22:49.459 0 0 W : Modules linked in: wlan(O+) tsnv(O) machine_dlkm(O) wcd938x_slave_dlkm(O) wcd938x_dlkm(O) wcd9xxx_dlkm(O) mbhc_dlkm(O) tx_macro_dlkm(O) rx_macro_dlkm(O) va_macro_dlkm(O) wsa_macro_dlkm(O) swr_ctrl_dlkm(O) bolero_cdc_dlkm(O) wsa881x_dlkm(O) wcd_core_dlkm(O) stub_dlkm(O) hdmi_dlkm(O) swr_dlkm(O) pinctrl_lpi_dlkm(O) pinctrl_wcd_dlkm(O) usf_dlkm(O) native_dlkm(O) platform_dlkm(O) q6_dlkm(O) adsp_loader_dlkm(O) apr_dlkm(O) snd_event_dlkm(O) q6_notifier_dlkm(O) q6_pdr_dlkm(O) msm_11ad_proxy
01-01 09:22:49.459 0 0 W : CPU: 2 PID: 430 Comm: kworker/2:3 Tainted: G S O 4.19.157-perf+ #1
01-01 09:22:49.459 0 0 W Hardware name: Qualcomm Technologies, Inc. kona MTP-RmPM8150b. VX1(MCE) EVT2 (DT)
01-01 09:22:49.459 0 0 W Workqueue: pm pm_runtime_work
01-01 09:22:49.459 0 0 W pstate : 60c00085 (nZCv daIf +PAN +UAO)
01-01 09:22:49.459 0 0 W pc : enable_irq+0x90/0xe8
01-01 09:22:49.459 0 0 W lr : enable_irq+0x90/0xe8
01-01 09:22:49.459 0 0 W sp : ffffff801649bb60
01-01 09:22:49.459 0 0 W : x29: ffffff801649bb70 x28: 0000000000000002
01-01 09:22:49.459 0 0 W : x27: 0000000000000160 x26: 0000000000000000
01-01 09:22:49.459 0 0 W : x25: 0000000000000000 x24: ffffffecae31f37d
01-01 09:22:49.459 0 0 W : x23: ffffffecae31dca1 x22: ffffffecae31f248
01-01 09:22:49.459 0 0 W : x21: ffffffecd59a3410 x20: 0000000000000191
01-01 09:22:49.459 0 0 W : x19: ffffffec91d62800 x18: 0000000000000030
01-01 09:22:49.459 0 0 W : x17: ffffff9dc1820000 x16: 00000000fffc26cc
01-01 09:22:49.459 0 0 W : x15: 00000000000c26cc x14: 0000000000000086
01-01 09:22:49.459 0 0 W : x13: 0000000000000030 x12: 0000000000000000
01-01 09:22:49.459 0 0 W : x11: 0000000000000000 x10: 0000000000000007
01-01 09:22:49.459 0 0 W : x9 : 4e62f00e9042bc00 x8 : 4e62f00e9042bc00
01-01 09:22:49.459 0 0 W : x7 : 0000000000000000 x6 : ffffffecf987d961
01-01 09:22:49.459 0 0 W : x5 : 0000000000000000 x4 : 0000000000000006
01-01 09:22:49.459 0 0 W : x3 : 0000000000000031 x2 : 0000000000000007
01-01 09:22:49.459 0 0 W : x1 : 0000000000000007 x0 : 000000000000001d
01-01 09:22:49.459 0 0 W Call trace:
01-01 09:22:49.459 0 0 W : enable_irq+0x90/0xe8
01-01 09:22:49.459 0 0 W : swrm_runtime_suspend+0x428/0x4d8 [swr_ctrl_dlkm]
01-01 09:22:49.459 0 0 W : pm_generic_runtime_suspend+0x24/0x38
01-01 09:22:49.459 0 0 W : __rpm_callback+0x124/0x228
01-01 09:22:49.459 0 0 W : rpm_suspend+0x464/0x818
01-01 09:22:49.459 0 0 W : rpm_idle+0x5b8/0x5f8
01-01 09:22:49.459 0 0 W : pm_runtime_work+0x78/0xa0
01-01 09:22:49.459 0 0 W : process_one_work+0x278/0x440
01-01 09:22:49.459 0 0 W : worker_thread+0x260/0x4a8
01-01 09:22:49.459 0 0 W : kthread+0x140/0x150
01-01 09:22:49.459 0 0 W : ret_from_fork+0x10/0x18
01-01 09:22:49.459 0 0 W : ---[ end trace b7b043b5ecca16c1 ]---
01-01 09:22:49.465 0 0 W QSEECOM : __qseecom_reentrancy_process_incomplete_cmd: send lsr 11 rsp, but app 5 block on lsr 10
01-01 09:22:49.465 0 0 W QSEECOM : __qseecom_process_reentrancy_blocked_on_listener: Lsntr 10 in_use 1, block session(1) app(5)
01-01 09:22:49.470 1503 1503 I SystemServerTiming: StartThermalManager
01-01 09:22:49.470 1503 1503 I SystemServiceManager: Starting com.android.server.power.ThermalManagerService
01-01 09:22:49.470 1503 1503 I SystemServerTiming: StartHintManager
01-01 09:22:49.470 1503 1503 I SystemServiceManager: Starting com.android.server.power.hint.HintManagerService
01-01 09:22:49.471 1503 1503 I SystemServerTiming: InitPowerManagement
01-01 09:22:49.471 1503 1503 I SystemServerTiming: StartRecoverySystemService
01-01 09:22:49.471 1503 1503 I SystemServiceManager: Starting com.android.server.recoverysystem.RecoverySystemService$Lifecycle
01-01 09:22:49.472 1503 1503 I PackageWatchdog: Syncing state, reason: added new observer
01-01 09:22:49.472 1503 1503 I PackageWatchdog: Not pruning observers, elapsed time: 0ms
01-01 09:22:49.472 1503 1503 I PackageWatchdog: Cancelling state sync, nothing to sync
01-01 09:22:49.473 1503 1611 I PackageWatchdog: Saving observer state to file
01-01 09:22:49.473 1503 1503 I SystemServerTiming: StartLightsService
01-01 09:22:49.473 1503 1503 I SystemServiceManager: Starting com.android.server.lights.LightsService
01-01 09:22:49.475 1503 1503 I SystemServerTiming: StartSidekickService
01-01 09:22:49.475 1503 1503 I SystemServerTiming: StartDisplayManager
01-01 09:22:49.475 1503 1503 I SystemServiceManager: Starting com.android.server.display.DisplayManagerService
01-01 09:22:49.478 1503 1503 I SystemServerTiming: WaitForDisplay
01-01 09:22:49.478 1503 1503 I SystemServiceManager: Starting phase 100
01-01 09:22:49.478 1503 1503 I SystemServerTiming: OnBootPhase_100
01-01 09:22:49.478 1503 1503 I SystemServerTiming: OnBootPhase_100_com.android.server.security.FileIntegrityService
01-01 09:22:49.478 1503 1503 I SystemServerTiming: OnBootPhase_100_com.android.server.pm.Installer
01-01 09:22:49.478 1503 1503 I SystemServerTiming: OnBootPhase_100_com.android.server.os.DeviceIdentifiersPolicyService
01-01 09:22:49.478 1503 1503 I SystemServerTiming: OnBootPhase_100_com.android.server.uri.UriGrantsManagerService$Lifecycle
01-01 09:22:49.478 1503 1503 I SystemServerTiming: OnBootPhase_100_com.android.server.powerstats.PowerStatsService
01-01 09:22:49.478 1503 1503 I SystemServerTiming: OnBootPhase_100_com.android.server.wm.ActivityTaskManagerService$Lifecycle
01-01 09:22:49.478 1503 1503 I SystemServerTiming: OnBootPhase_100_com.android.server.am.ActivityManagerService$Lifecycle
01-01 09:22:49.478 1503 1503 I SystemServerTiming: OnBootPhase_100_com.android.server.pm.DataLoaderManagerService
01-01 09:22:49.478 1503 1503 I SystemServerTiming: OnBootPhase_100_com.android.server.power.PowerManagerService
01-01 09:22:49.478 1503 1503 I SystemServerTiming: OnBootPhase_100_com.android.server.power.ThermalManagerService
01-01 09:22:49.478 1503 1503 I SystemServerTiming: OnBootPhase_100_com.android.server.power.hint.HintManagerService
01-01 09:22:49.478 1503 1503 I SystemServerTiming: OnBootPhase_100_com.android.server.recoverysystem.RecoverySystemService$Lifecycle
01-01 09:22:49.478 1503 1503 I SystemServerTiming: OnBootPhase_100_com.android.server.lights.LightsService
01-01 09:22:49.478 1503 1503 I SystemServerTiming: OnBootPhase_100_com.android.server.display.DisplayManagerService
01-01 09:22:49.484 1503 1604 I DisplayDeviceRepository: Display device added: DisplayDeviceInfo{"内置屏幕": uniqueId="local:4630946370410392961", 2380 x 1020, modeId 1, defaultModeId 1, supportedModes [{id=1, width=2380, height=1020, fps=60.000004, alternativeRefreshRates=[]}], colorMode 0, supportedColorModes [0], hdrCapabilities HdrCapabilities{mSupportedHdrTypes=[2, 3, 4], mMaxLuminance=500.0, mMaxAverageLuminance=500.0, mMinLuminance=0.0}, allmSupported false, gameContentTypeSupported false, density 240, 319.851 x 319.851 dpi, appVsyncOff 1000000, presDeadline 16666666, touch INTERNAL, rotation 0, type INTERNAL, address {port=129, model=0x40446d3026322d}, deviceProductInfo DeviceProductInfo{name=, manufacturerPnpId=QCM, productId=1, modelYear=null, manufactureDate=ManufactureDate{week=27, year=2006}, connectionToSinkType=0}, state UNKNOWN, frameRateOverride , brightnessMinimum 0.0, brightnessMaximum 1.0, brightnessDefault 1.0, FLAG_DEFAULT_DISPLAY, FLAG_ROTATES_WITH_CONTENT, FLAG_SECURE, FLAG_SUPPORTS_PROTECTED_BUFFERS}
01-01 09:22:49.484 1503 1604 I LogicalDisplayMapper: Applying layout: [{addr: {port=129, model=0x40446d3026322d}, dispId: 0(ON)}], Previous layout: null
01-01 09:22:49.485 1503 1604 I LogicalDisplayMapper: Adding new display: 0: DisplayInfo{"内置屏幕", displayId 0", displayGroupId -1, FLAG_SECURE, FLAG_SUPPORTS_PROTECTED_BUFFERS, FLAG_TRUSTED, real 2380 x 1020, largest app 2380 x 1020, smallest app 2380 x 1020, appVsyncOff 1000000, presDeadline 16666666, mode 1, defaultMode 1, modes [{id=1, width=2380, height=1020, fps=60.000004, alternativeRefreshRates=[]}], hdrCapabilities HdrCapabilities{mSupportedHdrTypes=[2, 3, 4], mMaxLuminance=500.0, mMaxAverageLuminance=500.0, mMinLuminance=0.0}, userDisabledHdrTypes [], minimalPostProcessingSupported false, rotation 0, state UNKNOWN, type INTERNAL, uniqueId "local:4630946370410392961", app 2380 x 1020, density 240 (319.851 x 319.851) dpi, layerStack 0, colorMode 0, supportedColorModes [0], address {port=129, model=0x40446d3026322d}, deviceProductInfo DeviceProductInfo{name=, manufacturerPnpId=QCM, productId=1, modelYear=null, manufactureDate=ManufactureDate{week=27, year=2006}, connectionToSinkType=0}, removeMode 0, refreshRateOverride 0.0, brightnessMinimum 0.0, brightnessMaximum 1.0, brightnessDefault 1.0}
01-01 09:22:49.485 1503 1604 I LogicalDisplayMapper: Setting new display group 0 for display 0, from previous group: null
01-01 09:22:49.486 1503 1604 E DisplayDeviceConfig: requesting nits when no mapping exists.
01-01 09:22:49.490 1503 1604 E DisplayDeviceConfig: requesting nits when no mapping exists.
01-01 09:22:49.489 0 0 E swr-wcd rx_swr_ctrl: swrm_get_logical_dev_num: device 0xd01170224 is not ready
01-01 09:22:49.489 0 0 E swr_get_logical_dev_num: Error -22 to get logical addr for device d01170224
01-01 09:22:49.489 0 0 E swr-wcd rx_swr_ctrl: swrm_get_logical_dev_num: device 0xd01170224 is not ready
01-01 09:22:49.489 0 0 E swr_get_logical_dev_num: Error -22 to get logical addr for device d01170224
01-01 09:22:49.489 0 0 E swr-wcd rx_swr_ctrl: swrm_get_logical_dev_num: device 0xd01170224 is not ready
01-01 09:22:49.489 0 0 E swr_get_logical_dev_num: Error -22 to get logical addr for device d01170224
01-01 09:22:49.489 0 0 E swr-wcd rx_swr_ctrl: swrm_get_logical_dev_num: device 0xd01170224 is not ready
01-01 09:22:49.489 0 0 E swr_get_logical_dev_num: Error -22 to get logical addr for device d01170224
01-01 09:22:49.489 0 0 E swr-wcd rx_swr_ctrl: swrm_get_logical_dev_num: device 0xd01170224 is not ready
01-01 09:22:49.489 0 0 E swr_get_logical_dev_num: Error -22 to get logical addr for device d01170224
01-01 09:22:49.489 0 0 E wcd938x_codec wcd938x-codec: wcd938x_bind: Slave bind failed, ret = -517
01-01 09:22:49.491 1503 1503 I SystemServerTiming: StartDomainVerificationService
01-01 09:22:49.491 1503 1604 I DisplayDeviceRepository: Display device changed state: "内置屏幕", ON
01-01 09:22:49.493 1503 1503 I SystemServerTiming: StartPackageManagerService
01-01 09:22:49.493 1503 1503 I Watchdog: Pausing HandlerChecker: main thread for reason: packagemanagermain. Pause count: 1
01-01 09:22:49.495 1503 1503 I PackageManagerTiming: create package manager
01-01 09:22:49.497 1503 1503 I PackageManagerTiming: readListOfPackagesToBeDisabled
01-01 09:22:49.497 1503 1503 D PackageManager: Disabling packages for wifi-only device, source: /vendor/etc/telephony_packages.xml
01-01 09:22:49.498 1503 1503 I PackageManagerTiming: createSubComponents
01-01 09:22:49.504 1503 1503 W FileUtils: Failed to chmod(/data/system/packages.list): android.system.ErrnoException: chmod failed: ENOENT (No such file or directory)
01-01 09:22:49.506 1503 1503 I PackageManagerTiming: addSharedUsers
01-01 09:22:49.507 1503 1503 I PackageManagerTiming: get system config
01-01 09:22:49.508 1503 1503 D PackageManager: Directories scanned as system partitions: [/system:0, /vendor:524288, /odm:4194304, /oem:262144, /product:1048576, /system_ext:2097152, /apex/com.android.vndk.v30:8388608, /apex/com.android.wifi:8388608, /apex/com.android.vndk.v31:8388608, /apex/com.android.tzdata:8388608, /apex/com.android.tethering:8388608, /apex/com.android.sdkext:8388608, /apex/com.android.scheduling:8388608, /apex/com.android.runtime:8388608, /apex/com.android.resolv:8388608, /apex/com.android.permission:8388608, /apex/com.android.os.statsd:8388608, /apex/com.android.neuralnetworks:8388608, /apex/com.android.mediaprovider:8388608, /apex/com.android.media.swcodec:8388608, /apex/com.android.media:8388608, /apex/com.android.ipsec:8388608, /apex/com.android.i18n:8388608, /apex/com.android.extservices:8388608, /apex/com.android.conscrypt:8388608, /apex/com.android.art:8388608, /apex/com.android.appsearch:8388608, /apex/com.android.adbd:8388608]
01-01 09:22:49.509 1503 1503 D SELinuxMMAC: Using policy file /system/etc/selinux/plat_mac_permissions.xml
01-01 09:22:49.515 1503 1503 D SELinuxMMAC: Using policy file /system_ext/etc/selinux/system_ext_mac_permissions.xml
01-01 09:22:49.516 1503 1503 D SELinuxMMAC: Using policy file /product/etc/selinux/product_mac_permissions.xml
01-01 09:22:49.516 1503 1503 D SELinuxMMAC: Using policy file /vendor/etc/selinux/vendor_mac_permissions.xml
01-01 09:22:49.517 1503 1503 D SELinuxMMAC: Using policy file /odm/etc/selinux/odm_mac_permissions.xml
01-01 09:22:49.517 1503 1503 I PackageManagerTiming: loadFallbacks
01-01 09:22:49.518 1503 1503 I PackageManagerTiming: read user settings
01-01 09:22:49.518 1503 1503 I PackageManager: No settings file; creating initial state
01-01 09:22:49.520 1503 1503 W android.permission.PermissionManager: Missing ActivityManager; assuming 1000 holds android.permission.WATCH_APPOPS
01-01 09:22:49.521 1503 1503 W android.permission.PermissionManager: Missing ActivityManager; assuming 1000 holds android.permission.WATCH_APPOPS
01-01 09:22:49.524 1503 1503 I PackageManager: /product/overlay/NavigationBarModeGesturalExtraWideBack changed; collecting certs
01-01 09:22:49.526 1503 1503 D CompatibilityChangeReporter: Compat change id reported: 143539591; UID -1; state: ENABLED
01-01 09:22:49.535 1503 1503 I PackageManager: /product/overlay/OneHandedModeGestural changed; collecting certs
01-01 09:22:49.536 1503 1503 I PackageManager: /product/overlay/SettingsResCommon_Sys.apk changed; collecting certs
01-01 09:22:49.538 1503 1503 I PackageManager: /product/overlay/WifiResCommon_Sys.apk changed; collecting certs
01-01 09:22:49.539 1503 1503 I PackageManager: /product/overlay/DisplayCutoutEmulationWaterfall changed; collecting certs
01-01 09:22:49.540 1503 1503 I PackageManager: /product/overlay/NavigationBarModeGesturalNarrowBack changed; collecting certs
01-01 09:22:49.541 1503 1503 I PackageManager: /product/overlay/FrameworksResCommon_Sys.apk changed; collecting certs
01-01 09:22:49.542 1503 1503 I PackageManager: /product/overlay/NavigationBarModeGesturalWideBack changed; collecting certs
01-01 09:22:49.543 1503 1503 I PackageManager: /product/overlay/NavigationBarModeGestural changed; collecting certs
01-01 09:22:49.545 1503 1503 I PackageManager: /product/overlay/CellBroadcastReceiverResCommon_Sys.apk changed; collecting certs
01-01 09:22:49.546 1503 1503 I PackageManager: /product/overlay/SettingsProviderResource changed; collecting certs
01-01 09:22:49.547 1503 1503 I PackageManager: /product/overlay/FrameworksResCommonQva_Sys.apk changed; collecting certs
01-01 09:22:49.548 1503 1503 I PackageManager: /product/overlay/FontNotoSerifSource changed; collecting certs
01-01 09:22:49.549 1503 1503 I PackageManager: /product/overlay/FrameworkResource changed; collecting certs
01-01 09:22:49.550 1503 1503 I PackageManager: /product/overlay/SystemUIResCommon_Sys.apk changed; collecting certs
01-01 09:22:49.552 0 0 D cnss : Received QMI WLFW pin connect result indication
01-01 09:22:49.552 0 0 D cnss : Pin connect Result: pwr_pin: 0x1 phy_io_pin: 0x0 rf_io_pin: 0x0
01-01 09:22:49.552 0 0 D cnss : Removing vote for Regulator vdd-wlan-rfa2
01-01 09:22:49.552 0 0 D cnss : Removing vote for Regulator vdd-wlan-rfa1
01-01 09:22:49.552 0 0 D cnss : Removing vote for Regulator vdd-wlan-dig
01-01 09:22:49.552 0 0 D cnss : Removing vote for Regulator vdd-wlan-aon
01-01 09:22:49.552 0 0 D cnss : Removing vote for Regulator vdd-wlan-io
01-01 09:22:49.552 0 0 D cnss : PM relax, state: 0xf, count: 0
01-01 09:22:49.560 1503 1503 I PackageManager: /vendor/overlay/FrameworksResTarget.apk changed; collecting certs
01-01 09:22:49.561 1503 1503 D CompatibilityChangeReporter: Compat change id reported: 143539591; UID -1; state: DISABLED
01-01 09:22:49.561 1503 1503 D CompatibilityChangeReporter: Compat change id reported: 168782947; UID -1; state: ENABLED
01-01 09:22:49.561 1503 1503 I PackageManager: /vendor/overlay/WifiResTarget.apk changed; collecting certs
01-01 09:22:49.564 1503 1503 W PackageManager: Failed to parse /system/framework/arm64: Missing base APK in /system/framework/arm64
01-01 09:22:49.564 1503 1503 W PackageManager: Failed to parse /system/framework/oat: Missing base APK in /system/framework/oat
01-01 09:22:49.564 1503 1503 W PackageManager: Failed to parse /system/framework/arm: Missing base APK in /system/framework/arm
01-01 09:22:49.569 0 0 W QSEECOM : __qseecom_process_reentrancy_blocked_on_listener: Lsntr 10 is available, unblock session(1) app(5)
01-01 09:22:49.584 1503 1503 I PackageManager: /system/framework/framework-res.apk changed; collecting certs
01-01 09:22:49.587 1503 1503 W PackageManager: Adding duplicate shared id: 1000 name=android
01-01 09:22:49.595 1503 1503 I PackageManager: /system/priv-app/LocalTransport changed; collecting certs
01-01 09:22:49.598 1503 1503 W PackageManager: Adding duplicate shared id: 1000 name=com.android.localtransport
01-01 09:22:49.599 1503 1503 I PackageManager: /system/priv-app/ProxyHandler changed; collecting certs
01-01 09:22:49.603 1503 1503 I PackageManager: /system/priv-app/DownloadProviderUi changed; collecting certs
01-01 09:22:49.609 1503 1503 W PackageManager: Adding duplicate app id: 10018 name=com.android.providers.downloads.ui
01-01 09:22:49.610 0 0 W QSEECOM : __qseecom_unload_app: App (6) is unloaded
01-01 09:22:49.611 0 0 D qbt : qbt_release: entry minor_no=0 fd_available=0
01-01 09:22:49.611 0 0 D qbt : qbt_release: Releasing wakelock
01-01 09:22:49.611 0 0 D qbt : qbt_release: exit : fd_available=1
01-01 09:22:49.611 0 0 D qbt : qbt_release: entry minor_no=1 fd_available=1
01-01 09:22:49.611 0 0 D qbt : qbt_release: exit : fd_available=1
01-01 09:22:49.613 1503 1503 I PackageManager: /system/priv-app/CalendarProvider changed; collecting certs
01-01 09:22:49.615 1503 1503 W PackageManager: Adding duplicate app id: 10019 name=com.android.providers.calendar
01-01 09:22:49.616 1503 1503 I PackageManager: /system/priv-app/NetworkStack changed; collecting certs
01-01 09:22:49.618 1503 1503 W PackageManager: Adding duplicate shared id: 1073 name=com.android.networkstack
01-01 09:22:49.619 1503 1503 I PackageManager: /system/priv-app/InputDevices changed; collecting certs
01-01 09:22:49.620 1503 1503 W PackageManager: Adding duplicate shared id: 1000 name=com.android.inputdevices
01-01 09:22:49.621 1503 1503 I PackageManager: /system/priv-app/Telecom changed; collecting certs
01-01 09:22:49.623 1503 1503 W PackageManager: Adding duplicate shared id: 1000 name=com.android.server.telecom
01-01 09:22:49.623 1503 1503 I PackageManager: /system/priv-app/SharedStorageBackup changed; collecting certs
01-01 09:22:49.625 1503 1503 I PackageManager: /system/priv-app/FusedLocation changed; collecting certs
01-01 09:22:49.626 1503 1503 W PackageManager: Adding duplicate shared id: 1000 name=com.android.location.fused
01-01 09:22:49.626 1503 1503 I PackageManager: /system/priv-app/ContactsProvider changed; collecting certs
01-01 09:22:49.631 1503 1503 W PackageManager: Adding duplicate app id: 10021 name=com.android.providers.contacts
01-01 09:22:49.632 1503 1503 I PackageManager: /system/priv-app/McuUpdate changed; collecting certs
01-01 09:22:49.635 1503 1503 W PackageManager: Adding duplicate shared id: 1000 name=com.thundercomm.mcuupgrade
01-01 09:22:49.637 1503 1503 I PackageManager: /system/priv-app/MediaProviderLegacy changed; collecting certs
01-01 09:22:49.641 1503 1503 W PackageManager: Adding duplicate app id: 10018 name=com.android.providers.media
01-01 09:22:49.641 1503 1503 I PackageManager: /system/priv-app/NetworkPermissionConfig changed; collecting certs
01-01 09:22:49.643 1503 1503 W PackageManager: Adding duplicate shared id: 1073 name=com.android.networkstack.permissionconfig
01-01 09:22:49.644 1503 1503 I PackageManager: /system/priv-app/MusicFX changed; collecting certs
01-01 09:22:49.647 1503 1503 I PackageManager: /system/priv-app/DownloadProvider changed; collecting certs
01-01 09:22:49.648 1503 1503 W PackageManager: Adding duplicate app id: 10018 name=com.android.providers.downloads
01-01 09:22:49.649 1503 1503 I PackageManager: /system/priv-app/Shell changed; collecting certs
01-01 09:22:49.652 1503 1663 D CompatibilityChangeReporter: Compat change id reported: 150232615; UID -1; state: DISABLED
01-01 09:22:49.654 1503 1503 W PackageManager: Adding duplicate shared id: 2000 name=com.android.shell
01-01 09:22:49.656 1503 1503 I PackageManager: /system/priv-app/CtsShimPrivPrebuilt changed; collecting certs
01-01 09:22:49.661 1503 1662 W PackageParsing: No actions in intent-filter at /system/priv-app/baidu_ime-mainLine-release/baidu_ime-mainLine-release.apk Binary XML file line #388
01-01 09:22:49.663 1503 1503 D CompatibilityChangeReporter: Compat change id reported: 168782947; UID -1; state: DISABLED
01-01 09:22:49.664 1503 1503 I PackageManager: /system/priv-app/BackupRestoreConfirmation changed; collecting certs
01-01 09:22:49.670 1503 1503 I PackageManager: /system/priv-app/PackageInstaller changed; collecting certs
01-01 09:22:49.675 1503 1503 I PackageManager: /system/priv-app/ManagedProvisioning changed; collecting certs
01-01 09:22:49.680 1503 1503 I PackageManager: /system/priv-app/SettingsProvider changed; collecting certs
01-01 09:22:49.682 1503 1503 W PackageManager: Adding duplicate shared id: 1000 name=com.android.providers.settings
01-01 09:22:49.683 1503 1503 I PackageManager: /system/priv-app/VpnDialogs changed; collecting certs
01-01 09:22:49.683 1503 1661 W PackageParsing: Ignoring duplicate uses-permissions/uses-permissions-sdk-m: android.permission.ACCESS_WIFI_STATE in package: com.microsoft.emmx at: Binary XML file line #105
01-01 09:22:49.684 1503 1664 W PackageParsing: No actions in intent-filter at /system/priv-app/BuiltInPrintService/BuiltInPrintService.apk Binary XML file line #53
01-01 09:22:49.686 1503 1503 I PackageManager: /system/priv-app/UserDictionaryProvider changed; collecting certs
01-01 09:22:49.688 1503 1503 W PackageManager: Adding duplicate app id: 10021 name=com.android.providers.userdictionary
01-01 09:22:49.689 1503 1503 I PackageManager: /system/priv-app/Tag changed; collecting certs
01-01 09:22:49.691 1503 1503 I PackageManager: /system/priv-app/ExternalStorageProvider changed; collecting certs
01-01 09:22:49.693 1503 1503 I PackageManager: /system/priv-app/SoundPicker changed; collecting certs
01-01 09:22:49.694 1503 1503 W PackageManager: Adding duplicate app id: 10018 name=com.android.soundpicker
01-01 09:22:49.695 1503 1503 I PackageManager: /system/priv-app/SogouInput_huaren_1.0.0.255_Build_14302_20210415 changed; collecting certs
01-01 09:22:49.713 1503 1503 I PackageManager: /system/priv-app/DocumentsUI changed; collecting certs
01-01 09:22:49.715 1503 1503 I PackageManager: /system/priv-app/baidu_ime-mainLine-release changed; collecting certs
01-01 09:22:49.969 0 0 E : msm_qti_pp_get_rms_value_control, back not active to query rms be_idx:3
01-01 09:22:49.979 0 0 I core_get_license_status: cmdrsp_license_result.result = 0x15 for module 0x131ff
01-01 09:22:49.980 0 0 E msm_ext_disp_update_audio_ops: Display not found (EXT_DISPLAY_TYPE_DP) ctld (0) stream (0)
01-01 09:22:49.980 0 0 E msm_ext_disp_update_audio_ops: Display not found (EXT_DISPLAY_TYPE_HDMI) ctld (0) stream (0)
01-01 09:22:49.980 0 0 E msm_ext_disp_update_audio_ops: Display not found (EXT_DISPLAY_TYPE_DP) ctld (0) stream (0)
01-01 09:22:49.980 0 0 E msm_ext_disp_update_audio_ops: Display not found (EXT_DISPLAY_TYPE_DP) ctld (0) stream (0)
01-01 09:22:49.980 0 0 E msm_ext_disp_update_audio_ops: Display not found (EXT_DISPLAY_TYPE_DP) ctld (0) stream (0)
01-01 09:22:49.980 0 0 E msm-ext-disp-audio-codec-rx soc: qcom,msm-ext-disp:qcom,msm-ext-disp-audio-codec-rx: msm_ext_disp_audio_type_get: get_audio_edid_blk() or get_intf_id is NULL
01-01 09:22:49.981 0 0 E msm_ext_disp_update_audio_ops: Display not found (EXT_DISPLAY_TYPE_DP) ctld (0) stream (0)
01-01 09:22:49.981 0 0 E msm-ext-disp-audio-codec-rx soc: qcom,msm-ext-disp:qcom,msm-ext-disp-audio-codec-rx: msm_ext_disp_audio_type_get: get_audio_edid_blk() or get_intf_id is NULL
01-01 09:22:49.981 0 0 E msm_ext_disp_update_audio_ops: Display not found (EXT_DISPLAY_TYPE_DP) ctld (0) stream (0)
01-01 09:22:49.981 0 0 E msm-ext-disp-audio-codec-rx soc: qcom,msm-ext-disp:qcom,msm-ext-disp-audio-codec-rx: msm_ext_disp_audio_type_get: get_audio_edid_blk() or get_intf_id is NULL
01-01 09:22:49.982 0 0 E msm-ext-disp-audio-codec-rx soc: qcom,msm-ext-disp:qcom,msm-ext-disp-audio-codec-rx: msm_ext_disp_audio_device_get: invalid dai id: 4
01-01 09:22:50.022 0 0 E : msm_pcm_volume_ctl_get substream not found
01-01 09:22:50.032 0 0 E : msm_qti_pp_get_rms_value_control, back not active to query rms be_idx:3
01-01 09:22:50.043 0 0 I core_get_license_status: cmdrsp_license_result.result = 0x15 for module 0x131ff
01-01 09:22:50.044 0 0 E msm_ext_disp_update_audio_ops: Display not found (EXT_DISPLAY_TYPE_DP) ctld (0) stream (0)
01-01 09:22:50.044 0 0 E msm_ext_disp_update_audio_ops: Display not found (EXT_DISPLAY_TYPE_HDMI) ctld (0) stream (0)
01-01 09:22:50.044 0 0 E msm_ext_disp_update_audio_ops: Display not found (EXT_DISPLAY_TYPE_DP) ctld (0) stream (0)
01-01 09:22:50.044 0 0 E msm_ext_disp_update_audio_ops: Display not found (EXT_DISPLAY_TYPE_DP) ctld (0) stream (0)
01-01 09:22:50.044 0 0 E msm_ext_disp_update_audio_ops: Display not found (EXT_DISPLAY_TYPE_DP) ctld (0) stream (0)
01-01 09:22:50.044 0 0 E msm-ext-disp-audio-codec-rx soc: qcom,msm-ext-disp:qcom,msm-ext-disp-audio-codec-rx: msm_ext_disp_audio_type_get: get_audio_edid_blk() or get_intf_id is NULL
01-01 09:22:50.044 0 0 E msm_ext_disp_update_audio_ops: Display not found (EXT_DISPLAY_TYPE_DP) ctld (0) stream (0)
01-01 09:22:50.044 0 0 E msm-ext-disp-audio-codec-rx soc: qcom,msm-ext-disp:qcom,msm-ext-disp-audio-codec-rx: msm_ext_disp_audio_type_get: get_audio_edid_blk() or get_intf_id is NULL
01-01 09:22:50.045 0 0 E msm_ext_disp_update_audio_ops: Display not found (EXT_DISPLAY_TYPE_DP) ctld (0) stream (0)
01-01 09:22:50.045 0 0 E msm-ext-disp-audio-codec-rx soc: qcom,msm-ext-disp:qcom,msm-ext-disp-audio-codec-rx: msm_ext_disp_audio_type_get: get_audio_edid_blk() or get_intf_id is NULL
01-01 09:22:50.046 0 0 E msm-ext-disp-audio-codec-rx soc: qcom,msm-ext-disp:qcom,msm-ext-disp-audio-codec-rx: msm_ext_disp_audio_device_get: invalid dai id: 4
01-01 09:22:50.091 0 0 E : msm_pcm_volume_ctl_get substream not found
01-01 09:22:50.095 1503 1503 I PackageManager: /system/priv-app/HiphiShowFSEControl-MCE-1.0.10.22-11-18-14_48_36.39d265a-10-debug changed; collecting certs
01-01 09:22:50.099 1503 1503 I PackageManager: /system/priv-app/MtpService changed; collecting certs
01-01 09:22:50.100 1503 1503 W PackageManager: Adding duplicate app id: 10018 name=com.android.mtp
01-01 09:22:50.101 1503 1503 I PackageManager: /system/priv-app/Traceur changed; collecting certs
01-01 09:22:50.103 1503 1503 I PackageManager: /system/priv-app/TcService changed; collecting certs
01-01 09:22:50.104 1503 1503 W PackageManager: Adding duplicate shared id: 1000 name=com.thundercomm.tcservice
01-01 09:22:50.105 1503 1503 I PackageManager: /system/priv-app/DynamicSystemInstallationService changed; collecting certs
01-01 09:22:50.106 1503 1503 W PackageManager: Adding duplicate shared id: 1000 name=com.android.dynsystem
01-01 09:22:50.107 1503 1503 I PackageManager: /system/priv-app/BuiltInPrintService changed; collecting certs
01-01 09:22:50.109 1503 1503 I PackageManager: /system/priv-app/com.microsoft.emmx_134305015 changed; collecting certs
01-01 09:22:50.344 1503 1503 I PackageManager: /system/app/WallpaperBackup changed; collecting certs
01-01 09:22:50.345 1503 1503 W PackageManager: Adding duplicate shared id: 1000 name=com.android.wallpaperbackup
01-01 09:22:50.346 1503 1503 I PackageManager: /system/app/HTMLViewer changed; collecting certs
01-01 09:22:50.347 1503 1503 I PackageManager: /system/app/BluetoothMidiService changed; collecting certs
01-01 09:22:50.350 1503 1503 I PackageManager: /system/app/CaptivePortalLogin changed; collecting certs
01-01 09:22:50.352 1503 1503 I PackageManager: /system/app/BasicDreams changed; collecting certs
01-01 09:22:50.353 1503 1503 I PackageManager: /system/app/PacProcessor changed; collecting certs
01-01 09:22:50.354 1503 1663 W PackageParsing: No actions in intent-filter at /system/app/Bluetooth/Bluetooth.apk Binary XML file line #186
01-01 09:22:50.354 1503 1663 W PackageParsing: No actions in intent-filter at /system/app/Bluetooth/Bluetooth.apk Binary XML file line #210
01-01 09:22:50.354 1503 1663 W PackageParsing: No actions in intent-filter at /system/app/Bluetooth/Bluetooth.apk Binary XML file line #284
01-01 09:22:50.355 1503 1503 I PackageManager: /system/app/LiveWallpapersPicker changed; collecting certs
01-01 09:22:50.357 1503 1503 I PackageManager: /system/app/ExtShared changed; collecting certs
01-01 09:22:50.358 1503 1503 I PackageManager: /system/app/LogClient changed; collecting certs
01-01 09:22:50.360 1503 1503 W PackageManager: Adding duplicate shared id: 1000 name=com.tc.logclient
01-01 09:22:50.363 1503 1503 I PackageManager: /system/app/Stk changed; collecting certs
01-01 09:22:50.365 1503 1503 W PackageManager: Adding duplicate shared id: 1001 name=com.android.stk
01-01 09:22:50.366 1503 1503 I PackageManager: /system/app/Bluetooth changed; collecting certs
01-01 09:22:50.368 1503 1503 W PackageManager: Adding duplicate shared id: 1002 name=com.android.bluetooth
01-01 09:22:50.369 1503 1503 I PackageManager: /system/app/BookmarkProvider changed; collecting certs
01-01 09:22:50.370 1503 1503 I PackageManager: /system/app/SecureElement changed; collecting certs
01-01 09:22:50.372 1503 1503 W PackageManager: Adding duplicate shared id: 1068 name=com.android.se
01-01 09:22:50.372 1503 1503 I PackageManager: /system/app/CameraExtensionsProxy changed; collecting certs
01-01 09:22:50.373 1503 1503 I PackageManager: /system/app/KeyChain changed; collecting certs
01-01 09:22:50.374 1503 1661 W PackageParsing: Ignoring duplicate uses-permissions/uses-permissions-sdk-m: android.permission.READ_EXTERNAL_STORAGE in package: com.thundercomm.screensaver at: Binary XML file line #19
01-01 09:22:50.375 1503 1503 W PackageManager: Adding duplicate shared id: 1000 name=com.android.keychain
01-01 09:22:50.375 1503 1503 I PackageManager: /system/app/PrintRecommendationService changed; collecting certs
01-01 09:22:50.377 1503 1503 I PackageManager: /system/app/CtsShimPrebuilt changed; collecting certs
01-01 09:22:50.379 1503 1503 I PackageManager: /system/app/EasterEgg changed; collecting certs
01-01 09:22:50.380 1503 1503 I PackageManager: /system/app/CertInstaller changed; collecting certs
01-01 09:22:50.381 1503 1503 I PackageManager: /system/app/PrintSpooler changed; collecting certs
01-01 09:22:50.383 1503 1503 I PackageManager: /system/app/CompanionDeviceManager changed; collecting certs
01-01 09:22:50.384 1503 1503 I PackageManager: /system/app/TCHttpServer changed; collecting certs
01-01 09:22:50.385 1503 1503 W PackageManager: Adding duplicate shared id: 1000 name=com.thundercomm.tchttpserver
01-01 09:22:50.385 1503 1503 I PackageManager: /system/app/ScreenSaver changed; collecting certs
01-01 09:22:50.390 1503 1503 I PackageManager: /vendor/app/pasrservice changed; collecting certs
01-01 09:22:50.392 1503 1503 I PackageManager: /vendor/app/CACertService changed; collecting certs
01-01 09:22:50.393 1503 1503 W PackageManager: Adding duplicate app id: 10054 name=vendor.qti.hardware.cacert.server
01-01 09:22:50.394 1503 1503 I PackageManager: /vendor/app/TrustZoneAccessService changed; collecting certs
01-01 09:22:50.395 1503 1503 I PackageManager: /vendor/app/com.qualcomm.qti.gpudrivers.kona.api30 changed; collecting certs
01-01 09:22:50.397 1503 1503 I PackageManager: /vendor/app/TimeService changed; collecting certs
01-01 09:22:50.398 1503 1503 I PackageManager: /vendor/app/ConnectionSecurityService changed; collecting certs
01-01 09:22:50.402 1503 1503 I PackageManager: /vendor/app/TsUartService changed; collecting certs
01-01 09:22:50.403 1503 1503 W PackageManager: Failed to parse /vendor/app/CneApp: Missing base APK in /vendor/app/CneApp/lib/arm64
01-01 09:22:50.403 1503 1503 I PackageManager: /vendor/app/IWlanService changed; collecting certs
01-01 09:22:50.404 1503 1503 W PackageManager: Adding duplicate app id: 10054 name=vendor.qti.iwlan
01-01 09:22:50.407 1503 1503 I PackageManager: /product/priv-app/OneTimeInitializer changed; collecting certs
01-01 09:22:50.409 1503 1503 I PackageManager: /product/priv-app/QtiSoundRecorder changed; collecting certs
01-01 09:22:50.411 1503 1503 I PackageManager: /product/priv-app/SettingsIntelligence changed; collecting certs
01-01 09:22:50.424 1503 1503 I PackageManager: /product/app/Gallery2 changed; collecting certs
01-01 09:22:50.427 1503 1503 I PackageManager: /product/app/DeskClock changed; collecting certs
01-01 09:22:50.429 1503 1503 I PackageManager: /product/app/webview changed; collecting certs
01-01 09:22:50.434 1503 1503 I PackageManager: /product/app/GameModeProvider changed; collecting certs
01-01 09:22:50.435 1503 1503 I PackageManager: /product/app/ModuleMetadata changed; collecting certs
01-01 09:22:50.437 1503 1503 I PackageManager: /product/app/Calendar changed; collecting certs
01-01 09:22:50.438 1503 1503 I PackageManager: /product/app/DeviceStatisticsService changed; collecting certs
01-01 09:22:50.440 1503 1503 I PackageManager: /product/app/PhotoTable changed; collecting certs
01-01 09:22:50.441 1503 1503 I PackageManager: /product/app/LatinIME changed; collecting certs
01-01 09:22:50.447 1503 1503 I PackageManager: /system_ext/priv-app/WfdService changed; collecting certs
01-01 09:22:50.448 1503 1503 I PackageManager: /system_ext/priv-app/dpmserviceapp changed; collecting certs
01-01 09:22:50.449 1503 1503 W PackageManager: Adding duplicate shared id: 1001 name=com.qti.dpmserviceapp
01-01 09:22:50.450 1503 1503 I PackageManager: /system_ext/priv-app/xtra_t_app changed; collecting certs
01-01 09:22:50.451 1503 1503 W PackageManager: Adding duplicate app id: 10073 name=com.qualcomm.location.XT
01-01 09:22:50.451 1503 1503 I PackageManager: /system_ext/priv-app/com.qualcomm.qti.services.systemhelper changed; collecting certs
01-01 09:22:50.453 1503 1503 I PackageManager: /system_ext/priv-app/xrcbservice changed; collecting certs
01-01 09:22:50.454 1503 1503 I PackageManager: /system_ext/priv-app/WallpaperCropper changed; collecting certs
01-01 09:22:50.455 1503 1503 I PackageManager: /system_ext/priv-app/GameMode changed; collecting certs
01-01 09:22:50.457 1503 1503 W PackageManager: Adding duplicate shared id: 1000 name=com.thundercomm.gamemode
01-01 09:22:50.457 1503 1503 I PackageManager: /system_ext/priv-app/QAS_DVC_MSP changed; collecting certs
01-01 09:22:50.458 1503 1503 I PackageManager: /system_ext/priv-app/StorageManager changed; collecting certs
01-01 09:22:50.462 1503 1503 I PackageManager: /system_ext/priv-app/xrvdservice changed; collecting certs
01-01 09:22:50.463 1503 1503 W PackageManager: Adding duplicate shared id: 1000 name=com.qualcomm.qti.xrvd.service
01-01 09:22:50.466 1503 1503 I PackageManager: /system_ext/priv-app/com.qualcomm.location changed; collecting certs
01-01 09:22:50.476 1503 1503 I PackageManager: /system_ext/priv-app/Launcher3QuickStep changed; collecting certs
01-01 09:22:50.480 1503 1503 I PackageManager: /system_ext/priv-app/Provision changed; collecting certs
01-01 09:22:50.482 1503 1503 W PackageManager: Adding duplicate shared id: 1000 name=com.android.provision
01-01 09:22:50.490 1503 1503 I PackageManager: /system_ext/priv-app/EmergencyInfo changed; collecting certs
01-01 09:22:50.491 1503 1503 W PackageManager: Adding duplicate app id: 10081 name=com.android.emergency
01-01 09:22:50.495 1503 1661 W PackageParsing: Ignoring duplicate uses-permissions/uses-permissions-sdk-m: android.permission.CONFIGURE_WIFI_DISPLAY in package: com.android.systemui at: Binary XML file line #160
01-01 09:22:50.503 1503 1503 I PackageManager: /system_ext/priv-app/SystemUI changed; collecting certs
01-01 09:22:50.505 1503 1503 W PackageManager: Adding duplicate app id: 10082 name=com.android.systemui
01-01 09:22:50.593 1503 1503 I PackageManager: /system_ext/priv-app/Settings changed; collecting certs
01-01 09:22:50.595 1503 1503 W PackageManager: Adding duplicate shared id: 1000 name=com.android.settings
01-01 09:22:50.597 0 0 W mv2112_read_status: autoneg not complete
01-01 09:22:50.597 0 0 I : mv2112_disable_aneg
01-01 09:22:50.597 0 0 I : mv2112_setup_forced
01-01 09:22:50.598 0 0 I lan743x 0001: 01:00.0 eth0: Link is Down
01-01 09:22:50.599 1503 1503 I PackageManager: /system_ext/app/MStatsSystemService changed; collecting certs
01-01 09:22:50.601 1503 1503 I PackageManager: /system_ext/app/workloadclassifier changed; collecting certs
01-01 09:22:50.602 1503 1503 I PackageManager: /system_ext/app/QCC-AUTHMGR changed; collecting certs
01-01 09:22:50.603 1503 1503 I PackageManager: /system_ext/app/QTIDiagServices changed; collecting certs
01-01 09:22:50.604 1503 1503 W PackageManager: Adding duplicate shared id: 1000 name=com.qti.diagservices
01-01 09:22:50.605 1503 1503 I PackageManager: /system_ext/app/RemoteControlServer changed; collecting certs
01-01 09:22:50.606 1503 1503 W PackageManager: Adding duplicate shared id: 1000 name=com.thundercomm.remotecontrolservice
01-01 09:22:50.606 1503 1503 I PackageManager: /system_ext/app/aptxui changed; collecting certs
01-01 09:22:50.608 1503 1503 I PackageManager: /system_ext/app/uceShimService changed; collecting certs
01-01 09:22:50.609 1503 1503 W PackageManager: Adding duplicate shared id: 1001 name=com.qualcomm.qti.uceShimService
01-01 09:22:50.609 1503 1503 I PackageManager: /system_ext/app/QCC-Netstat changed; collecting certs
01-01 09:22:50.610 1503 1503 I PackageManager: /system_ext/app/MircoService changed; collecting certs
01-01 09:22:50.611 1503 1663 W PackageParsing: Ignoring duplicate uses-permissions/uses-permissions-sdk-m: android.permission.INTERACT_ACROSS_USERS in package: com.thundercomm.microsettings at: Binary XML file line #13
01-01 09:22:50.612 1503 1663 W PackageParsing: Ignoring duplicate uses-permissions/uses-permissions-sdk-m: android.permission.SET_TIME_ZONE in package: com.thundercomm.microsettings at: Binary XML file line #31
01-01 09:22:50.612 1503 1663 W PackageParsing: Ignoring duplicate uses-permissions/uses-permissions-sdk-m: android.permission.WRITE_EXTERNAL_STORAGE in package: com.thundercomm.microsettings at: Binary XML file line #37
01-01 09:22:50.612 1503 1503 W PackageManager: Adding duplicate shared id: 1000 name=com.thundercomm.microservice
01-01 09:22:50.613 1503 1503 I PackageManager: /system_ext/app/QesdkSysService changed; collecting certs
01-01 09:22:50.614 1503 1503 W PackageManager: Adding duplicate shared id: 1000 name=vendor.qti.qesdk.sysservice
01-01 09:22:50.615 1503 1503 I PackageManager: /system_ext/app/embms changed; collecting certs
01-01 09:22:50.616 1503 1662 W PackageParsing: No actions in intent-filter at /system_ext/app/SnapdragonMusic/SnapdragonMusic.apk Binary XML file line #82
01-01 09:22:50.616 1503 1662 W PackageParsing: No actions in intent-filter at /system_ext/app/SnapdragonMusic/SnapdragonMusic.apk Binary XML file line #205
01-01 09:22:50.616 1503 1503 I PackageManager: /system_ext/app/NQNfcNci changed; collecting certs
01-01 09:22:50.618 1503 1503 W PackageManager: Adding duplicate shared id: 1027 name=com.android.nfc
01-01 09:22:50.618 1503 1503 I PackageManager: /system_ext/app/MicroSettings changed; collecting certs
01-01 09:22:50.620 1503 1503 W PackageManager: Adding duplicate shared id: 1000 name=com.thundercomm.microsettings
01-01 09:22:50.620 1503 1503 I PackageManager: /system_ext/app/TCCast changed; collecting certs
01-01 09:22:50.623 1503 1503 I PackageManager: /system_ext/app/SnapdragonMusic changed; collecting certs
01-01 09:22:50.624 1503 1503 I PackageManager: /system_ext/app/QdcmFF changed; collecting certs
01-01 09:22:50.624 1503 1503 W PackageManager: Adding duplicate shared id: 1000 name=com.qti.snapdragon.qdcm_ff
01-01 09:22:50.625 1503 1503 I PackageManager: /system_ext/app/DynamicDDSService changed; collecting certs
01-01 09:22:50.625 1503 1503 W PackageManager: Adding duplicate shared id: 1001 name=com.qualcomm.qti.dynamicddsservice
01-01 09:22:50.626 1503 1503 I PackageManager: /system_ext/app/TCSetupWizard changed; collecting certs
01-01 09:22:50.627 1503 1503 W PackageManager: Adding duplicate shared id: 1000 name=com.thundercomm.tcsetupwizard
01-01 09:22:50.627 1503 1503 I PackageManager: /system_ext/app/QCC changed; collecting certs
01-01 09:22:50.628 1503 1503 W PackageManager: Adding duplicate shared id: 1000 name=com.qualcomm.qti.qdma
01-01 09:22:50.633 1503 1503 I PackageManager: /apex/com.android.wifi/priv-app/ServiceWifiResources changed; collecting certs
01-01 09:22:50.637 1503 1503 I PackageManager: /apex/com.android.wifi/app/OsuLogin changed; collecting certs
01-01 09:22:50.641 1503 1503 I PackageManager: /apex/com.android.tethering/priv-app/ServiceConnectivityResources changed; collecting certs
01-01 09:22:50.643 1503 1503 I PackageManager: /apex/com.android.tethering/priv-app/Tethering changed; collecting certs
01-01 09:22:50.644 1503 1503 W PackageManager: Adding duplicate shared id: 1073 name=com.android.networkstack.tethering
01-01 09:22:50.657 1503 1503 I PackageManager: /apex/com.android.permission/priv-app/PermissionController changed; collecting certs
01-01 09:22:50.665 1503 1503 I PackageManager: /apex/com.android.mediaprovider/priv-app/MediaProvider changed; collecting certs
01-01 09:22:50.670 1503 1503 I PackageManager: /apex/com.android.extservices/priv-app/ExtServices changed; collecting certs
01-01 09:22:50.673 1503 1503 I PackageManager: Finished scanning system apps. Time: 1154 ms, packageCount: 139 , timePerPackage: 8 , cached: 0
01-01 09:22:50.673 1503 1503 I PackageManager: Finished scanning non-system apps. Time: 1 ms, packageCount: 0 , timePerPackage: 0 , cached: 0
01-01 09:22:50.674 1503 1503 E PackageManager: updateAllSharedLibrariesLPw failed: Package com.qualcomm.embms requires unavailable shared library com.qualcomm.qcrilhook; failing!
01-01 09:22:50.674 1503 1503 E PackageManager: updateAllSharedLibrariesLPw failed: Package com.android.systemui requires unavailable shared library com.qti.extphone.extphonelib; failing!
01-01 09:22:50.674 1503 1503 E PackageManager: updateAllSharedLibrariesLPw failed: Package com.android.settings requires unavailable shared library com.qti.extphone.extphonelib; failing!
01-01 09:22:50.674 1503 1503 E PackageManager: updateAllSharedLibrariesLPw failed: Package com.qualcomm.qti.devicestatisticsservice requires unavailable shared library qti-telephony-hidl-wrapper-prd; failing!
01-01 09:22:50.674 1503 1503 E PackageManager: updateAllSharedLibrariesLPw failed: Package com.qti.snapdragon.qdcm_ff requires unavailable shared library vendor.display.color.V1_0.IDisplayColor; failing!
01-01 09:22:50.674 1503 1503 E PackageManager: updateAllSharedLibrariesLPw failed: Package com.qti.pasrservice requires unavailable shared library vendor.qti.power.pasrmanager.V1_0.IPasrManager; failing!
01-01 09:22:50.674 1503 1503 E PackageManager: updateAllSharedLibrariesLPw failed: Package com.qualcomm.wfd.service requires unavailable shared library .WfdService; failing!
01-01 09:22:50.676 1503 1503 I PackageManager: Time to scan packages: 1.158 seconds
01-01 09:22:50.676 1503 1503 I PackageManager: Permission ownership changed. Updating all permissions.
01-01 09:22:50.686 1503 1503 V PackageManager: reconcileAppsData for null u0 0x1 migrateAppData=true
01-01 09:22:50.711 1503 1503 V PackageManager: reconcileAppsData finished 27 packages
01-01 09:22:50.712 1503 1503 I PackageManagerTiming: write settings
01-01 09:22:50.712 1503 1718 I SystemServerTimingAsync: InitThreadPoolExec:prepareAppData
01-01 09:22:50.727 1503 1503 W PackageManager: Intent filter verifier not found
01-01 09:22:50.727 1503 1503 W PackageManager: Domain verification agent not found
01-01 09:22:50.728 1503 1503 I PackageManagerTiming: GC
01-01 09:22:50.728 1503 1503 I PackageManager: Fix for b/169414761 is applied
01-01 09:22:50.728 1503 1503 V UserManagerService: Checking that all system packages are whitelisted.
01-01 09:22:50.730 1503 1503 W UserManagerService: checkWhitelistedSystemPackages(mode=ENFORCE|IMPLICIT_WHITELIST|IMPLICIT_WHITELIST_SYSTEM) has 68 warnings:
