01-01 08:43:14.254 0 0 D mv2112_update_link: link 0x0
01-01 08:43:14.254 0 0 D mv2112_read_status: autoneg is disabled
01-01 08:43:14.379 0 0 I : read descriptors
01-01 08:43:14.379 0 0 I : read strings
01-01 08:43:14.575 0 0 I init : Untracked pid 4493 exited with status 0
12-14 03:22:46.488 1468 2313 I GameModeConfig: isGameModeOn = false
01-01 08:43:15.278 0 0 D : mv2112_read_status
01-01 08:43:15.279 0 0 D mv2112_update_link: 3.0x901(1G): 0x80
01-01 08:43:15.279 0 0 D mv2112_update_link: 3.0x8109(100M): 0x8
01-01 08:43:15.279 0 0 D mv2112_update_link: link 0x0
01-01 08:43:15.279 0 0 D mv2112_read_status: autoneg is disabled
01-01 08:43:15.399 0 0 I : read descriptors
01-01 08:43:15.399 0 0 I : read strings
01-01 08:43:16.302 0 0 D : mv2112_read_status
01-01 08:43:16.302 0 0 D mv2112_update_link: 3.0x901(1G): 0x80
01-01 08:43:16.302 0 0 D mv2112_update_link: 3.0x8109(100M): 0x8
01-01 08:43:16.302 0 0 D mv2112_update_link: link 0x0
01-01 08:43:16.302 0 0 D mv2112_read_status: autoneg is disabled
01-01 08:43:16.423 0 0 I : read descriptors
01-01 08:43:16.423 0 0 I : read strings
01-01 08:43:17.326 0 0 D : mv2112_read_status
01-01 08:43:17.326 0 0 D mv2112_update_link: 3.0x901(1G): 0x80
01-01 08:43:17.326 0 0 D mv2112_update_link: 3.0x8109(100M): 0x8
01-01 08:43:17.326 0 0 D mv2112_update_link: link 0x0
01-01 08:43:17.326 0 0 D mv2112_read_status: autoneg is disabled
01-01 08:43:17.443 0 0 I : read descriptors
01-01 08:43:17.443 0 0 I : read strings
01-01 08:43:18.350 0 0 D : mv2112_read_status
01-01 08:43:18.350 0 0 D mv2112_update_link: 3.0x901(1G): 0x80
01-01 08:43:18.351 0 0 D mv2112_update_link: 3.0x8109(100M): 0x8
01-01 08:43:18.351 0 0 D mv2112_update_link: link 0x0
01-01 08:43:18.351 0 0 D mv2112_read_status: autoneg is disabled
01-01 08:43:18.463 0 0 I : read descriptors
01-01 08:43:18.463 0 0 I : read strings
12-14 03:22:50.289 1468 2313 I GameModeConfig: isGameModeOn = false
01-01 08:43:19.374 0 0 D : mv2112_read_status
01-01 08:43:19.374 0 0 D mv2112_update_link: 3.0x901(1G): 0x80
01-01 08:43:19.374 0 0 D mv2112_update_link: 3.0x8109(100M): 0x8
01-01 08:43:19.374 0 0 D mv2112_update_link: link 0x0
01-01 08:43:19.374 0 0 D mv2112_read_status: autoneg is disabled
01-01 08:43:19.479 0 0 I : read descriptors
01-01 08:43:19.479 0 0 I : read strings
01-01 08:43:20.398 0 0 D : mv2112_read_status
01-01 08:43:20.398 0 0 D mv2112_update_link: 3.0x901(1G): 0x80
01-01 08:43:20.399 0 0 D mv2112_update_link: 3.0x8109(100M): 0x8
01-01 08:43:20.399 0 0 D mv2112_update_link: link 0x0
01-01 08:43:20.399 0 0 D mv2112_read_status: autoneg is disabled
01-01 08:43:20.499 0 0 I : read descriptors
01-01 08:43:20.499 0 0 I : read strings
12-14 03:22:53.228 1468 1642 I ActivityManager: Waited long enough for: ServiceRecord{6d6f600 u0 com.qti.diagservices/.QTIDiagServices}
01-01 08:43:21.422 0 0 D : mv2112_read_status
01-01 08:43:21.422 0 0 D mv2112_update_link: 3.0x901(1G): 0x80
01-01 08:43:21.422 0 0 D mv2112_update_link: 3.0x8109(100M): 0x8
01-01 08:43:21.422 0 0 D mv2112_update_link: link 0x0
01-01 08:43:21.422 0 0 D mv2112_read_status: autoneg is disabled
01-01 08:43:21.519 0 0 I : read descriptors
01-01 08:43:21.519 0 0 I : read strings
01-01 08:43:21.639 0 0 I msm_vidc: high: 00000001: h264d: Closed video instance: 0000000000000000
01-01 08:43:21.656 0 0 E q6asm_callback: cmd = 0x10bce returned error = 0xa
01-01 08:43:21.657 0 0 E __q6asm_cmd: DSP returned error[ADSP_ENOTREADY] opcode 68558
01-01 08:43:21.671 0 0 E q6asm_callback: Session ID is invalid, session = 0
01-01 08:43:21.694 0 0 I init : Service 'bootanim' (pid 1100) exited with status 0 oneshot service took 34.780998 seconds in background
01-01 08:43:21.694 0 0 I init : Sending signal 9 to service 'bootanim' (pid 1100) process group...
01-01 08:43:21.694 0 0 I libprocessgroup: Successfully killed process cgroup uid 1003 pid 1100 in 0ms
01-01 08:43:22.446 0 0 D : mv2112_read_status
01-01 08:43:22.446 0 0 D mv2112_update_link: 3.0x901(1G): 0x80
01-01 08:43:22.446 0 0 D mv2112_update_link: 3.0x8109(100M): 0x8
01-01 08:43:22.446 0 0 D mv2112_update_link: link 0x0
01-01 08:43:22.447 0 0 D mv2112_read_status: autoneg is disabled
01-01 08:43:22.546 0 0 I : read descriptors
01-01 08:43:22.547 0 0 I : read strings
12-14 03:22:55.224 1468 1642 I ActivityManager: Waited long enough for: ServiceRecord{6126210 u0 com.thundercomm.gamemode/.ingame.services.ActivityMonitoringService}
12-14 03:22:55.254 1468 1642 I ActivityManager: Waited long enough for: ServiceRecord{873f6c u0 com.thundercomm.gamemode/.ingame.services.GameModeService}
01-01 08:43:23.470 0 0 D : mv2112_read_status
01-01 08:43:23.470 0 0 D mv2112_update_link: 3.0x901(1G): 0x80
01-01 08:43:23.471 0 0 D mv2112_update_link: 3.0x8109(100M): 0x8
01-01 08:43:23.471 0 0 D mv2112_update_link: link 0x0
01-01 08:43:23.471 0 0 D mv2112_read_status: autoneg is disabled
01-01 08:43:23.477 0 0 I init : Sending signal 9 to service 'idmap2d' (pid 4439) process group...
12-14 03:22:55.302 1468 3346 W OverlayManager: service 'idmap' died
01-01 08:43:23.483 0 0 I libprocessgroup: Successfully killed process cgroup uid 1000 pid 4439 in 5ms
01-01 08:43:23.484 0 0 I init : Control message: Processed ctl.stop for 'idmap2d' from pid: 1468 (system_server)
01-01 08:43:23.485 0 0 I init : Service 'idmap2d' (pid 4439) received signal 9
01-01 08:43:23.571 0 0 I : read descriptors
01-01 08:43:23.572 0 0 I : read strings
01-01 08:43:24.494 0 0 D : mv2112_read_status
01-01 08:43:24.494 0 0 D mv2112_update_link: 3.0x901(1G): 0x80
01-01 08:43:24.495 0 0 D mv2112_update_link: 3.0x8109(100M): 0x8
01-01 08:43:24.495 0 0 D mv2112_update_link: link 0x0
01-01 08:43:24.495 0 0 D mv2112_read_status: autoneg is disabled
01-01 08:43:24.595 0 0 I : read descriptors
01-01 08:43:24.595 0 0 I : read strings
01-01 08:43:25.518 0 0 D : mv2112_read_status
01-01 08:43:25.518 0 0 D mv2112_update_link: 3.0x901(1G): 0x80
01-01 08:43:25.518 0 0 D mv2112_update_link: 3.0x8109(100M): 0x8
01-01 08:43:25.518 0 0 D mv2112_update_link: link 0x0
01-01 08:43:25.518 0 0 D mv2112_read_status: autoneg is disabled
01-01 08:43:25.619 0 0 I : read descriptors
01-01 08:43:25.619 0 0 I : read strings
01-01 08:43:26.546 0 0 D : mv2112_read_status
01-01 08:43:26.546 0 0 D mv2112_update_link: 3.0x901(1G): 0x80
01-01 08:43:26.547 0 0 D mv2112_update_link: 3.0x8109(100M): 0x8
01-01 08:43:26.547 0 0 D mv2112_update_link: link 0x0
01-01 08:43:26.547 0 0 D mv2112_read_status: autoneg is disabled
01-01 08:43:26.647 0 0 I : read descriptors
01-01 08:43:26.647 0 0 I : read strings
01-01 08:43:27.566 0 0 D : mv2112_read_status
01-01 08:43:27.566 0 0 D mv2112_update_link: 3.0x901(1G): 0x80
01-01 08:43:27.566 0 0 D mv2112_update_link: 3.0x8109(100M): 0x8
01-01 08:43:27.566 0 0 D mv2112_update_link: link 0x0
01-01 08:43:27.566 0 0 D mv2112_read_status: autoneg is disabled
01-01 08:43:27.671 0 0 I : read descriptors
01-01 08:43:27.671 0 0 I : read strings
01-01 08:43:28.590 0 0 D : mv2112_read_status
01-01 08:43:28.590 0 0 D mv2112_update_link: 3.0x901(1G): 0x80
01-01 08:43:28.590 0 0 D mv2112_update_link: 3.0x8109(100M): 0x8
01-01 08:43:28.591 0 0 D mv2112_update_link: link 0x0
01-01 08:43:28.591 0 0 D mv2112_read_status: autoneg is disabled
01-01 08:43:28.687 0 0 I : read descriptors
01-01 08:43:28.687 0 0 I : read strings
01-01 08:43:29.614 0 0 D : mv2112_read_status
01-01 08:43:29.614 0 0 D mv2112_update_link: 3.0x901(1G): 0x80
01-01 08:43:29.615 0 0 D mv2112_update_link: 3.0x8109(100M): 0x8
01-01 08:43:29.615 0 0 D mv2112_update_link: link 0x0
01-01 08:43:29.615 0 0 D mv2112_read_status: autoneg is disabled
01-01 08:43:29.707 0 0 I : read descriptors
01-01 08:43:29.707 0 0 I : read strings
01-01 08:43:30.638 0 0 D : mv2112_read_status
01-01 08:43:30.638 0 0 D mv2112_update_link: 3.0x901(1G): 0x80
01-01 08:43:30.639 0 0 D mv2112_update_link: 3.0x8109(100M): 0x8
01-01 08:43:30.639 0 0 D mv2112_update_link: link 0x0
01-01 08:43:30.639 0 0 D mv2112_read_status: autoneg is disabled
01-01 08:43:30.735 0 0 I : read descriptors
01-01 08:43:30.735 0 0 I : read strings
01-01 08:43:31.662 0 0 D : mv2112_read_status
01-01 08:43:31.662 0 0 D mv2112_update_link: 3.0x901(1G): 0x80
01-01 08:43:31.662 0 0 D mv2112_update_link: 3.0x8109(100M): 0x8
01-01 08:43:31.662 0 0 D mv2112_update_link: link 0x0
01-01 08:43:31.662 0 0 D mv2112_read_status: autoneg is disabled
01-01 08:43:31.759 0 0 I : read descriptors
01-01 08:43:31.759 0 0 I : read strings
01-01 08:43:32.686 0 0 D : mv2112_read_status
01-01 08:43:32.686 0 0 D mv2112_update_link: 3.0x901(1G): 0x80
01-01 08:43:32.686 0 0 D mv2112_update_link: 3.0x8109(100M): 0x8
01-01 08:43:32.686 0 0 D mv2112_update_link: link 0x0
01-01 08:43:32.686 0 0 D mv2112_read_status: autoneg is disabled
01-01 08:43:32.783 0 0 I : read descriptors
01-01 08:43:32.783 0 0 I : read strings
01-01 08:43:33.710 0 0 D : mv2112_read_status
01-01 08:43:33.710 0 0 D mv2112_update_link: 3.0x901(1G): 0x80
01-01 08:43:33.711 0 0 D mv2112_update_link: 3.0x8109(100M): 0x8
01-01 08:43:33.711 0 0 D mv2112_update_link: link 0x0
01-01 08:43:33.711 0 0 D mv2112_read_status: autoneg is disabled
01-01 08:43:33.799 0 0 I : read descriptors
01-01 08:43:33.799 0 0 I : read strings
01-01 08:43:34.734 0 0 D : mv2112_read_status
01-01 08:43:34.734 0 0 D mv2112_update_link: 3.0x901(1G): 0x80
01-01 08:43:34.734 0 0 D mv2112_update_link: 3.0x8109(100M): 0x8
01-01 08:43:34.734 0 0 D mv2112_update_link: link 0x0
01-01 08:43:34.734 0 0 D mv2112_read_status: autoneg is disabled
01-01 08:43:34.827 0 0 I : read descriptors
01-01 08:43:34.827 0 0 I : read strings
01-01 08:43:35.758 0 0 D : mv2112_read_status
01-01 08:43:35.758 0 0 D mv2112_update_link: 3.0x901(1G): 0x80
01-01 08:43:35.759 0 0 D mv2112_update_link: 3.0x8109(100M): 0x8
01-01 08:43:35.759 0 0 D mv2112_update_link: link 0x0
01-01 08:43:35.759 0 0 D mv2112_read_status: autoneg is disabled
01-01 08:43:35.847 0 0 I : read descriptors
01-01 08:43:35.847 0 0 I : read strings
01-01 08:43:36.782 0 0 D : mv2112_read_status
01-01 08:43:36.782 0 0 D mv2112_update_link: 3.0x901(1G): 0x80
01-01 08:43:36.783 0 0 D mv2112_update_link: 3.0x8109(100M): 0x8
01-01 08:43:36.783 0 0 D mv2112_update_link: link 0x0
01-01 08:43:36.783 0 0 D mv2112_read_status: autoneg is disabled
01-01 08:43:36.867 0 0 I : read descriptors
01-01 08:43:36.867 0 0 I : read strings
01-01 08:43:37.806 0 0 D : mv2112_read_status
01-01 08:43:37.806 0 0 D mv2112_update_link: 3.0x901(1G): 0x80
01-01 08:43:37.806 0 0 D mv2112_update_link: 3.0x8109(100M): 0x8
01-01 08:43:37.806 0 0 D mv2112_update_link: link 0x0
01-01 08:43:37.806 0 0 D mv2112_read_status: autoneg is disabled
01-01 08:43:37.891 0 0 I : read descriptors
01-01 08:43:37.891 0 0 I : read strings
01-01 08:43:38.830 0 0 D : mv2112_read_status
01-01 08:43:38.830 0 0 D mv2112_update_link: 3.0x901(1G): 0x80
01-01 08:43:38.830 0 0 D mv2112_update_link: 3.0x8109(100M): 0x8
01-01 08:43:38.830 0 0 D mv2112_update_link: link 0x0
01-01 08:43:38.830 0 0 D mv2112_read_status: autoneg is disabled
01-01 08:43:38.911 0 0 I : read descriptors
01-01 08:43:38.911 0 0 I : read strings
01-01 08:43:39.854 0 0 D : mv2112_read_status
01-01 08:43:39.854 0 0 D mv2112_update_link: 3.0x901(1G): 0x80
01-01 08:43:39.854 0 0 D mv2112_update_link: 3.0x8109(100M): 0x8
01-01 08:43:39.854 0 0 D mv2112_update_link: link 0x0
01-01 08:43:39.854 0 0 D mv2112_read_status: autoneg is disabled
01-01 08:43:39.927 0 0 I : read descriptors
01-01 08:43:39.927 0 0 I : read strings
01-01 08:43:40.067 0 0 I [schedu][0x5f722107][03:23:11.886870] wlan: [1970:I:OSIF] scan start scan id 40962
12-14 03:23:12.196 1195 1195 I wificond: Regulatory domain changed to country: CN on wiphy_index: 0
12-14 03:23:12.202 1195 1195 I wificond: 2.4Ghz frequencies: 2412 2417 2422 2427 2432 2437 2442 2447 2452 2457 2462 2467 2472
12-14 03:23:12.202 1195 1195 I wificond: 5Ghz non-DFS frequencies: 5180 5200 5220 5240 5745 5765 5785 5805 5825
12-14 03:23:12.202 1195 1195 I wificond: 5Ghz DFS frequencies: 5260 5280 5300 5320
12-14 03:23:12.202 1195 1195 I wificond: 6Ghz frequencies:
12-14 03:23:12.202 1195 1195 I wificond: 60Ghz frequencies:
01-01 08:43:40.878 0 0 D : mv2112_read_status
01-01 08:43:40.878 0 0 D mv2112_update_link: 3.0x901(1G): 0x80
01-01 08:43:40.878 0 0 D mv2112_update_link: 3.0x8109(100M): 0x8
01-01 08:43:40.878 0 0 D mv2112_update_link: link 0x0
01-01 08:43:40.878 0 0 D mv2112_read_status: autoneg is disabled
01-01 08:43:40.943 0 0 I : read descriptors
01-01 08:43:40.943 0 0 I : read strings
01-01 08:43:41.259 0 0 I [schedu][0x60cf2ff7][03:23:13.078322] wlan: [1970:I:OSIF] vdev 0, scan id 40962 type COMPLETED(1) reason COMPLETED(1) scan found 91 bss
01-01 08:43:41.902 0 0 D : mv2112_read_status
01-01 08:43:41.902 0 0 D mv2112_update_link: 3.0x901(1G): 0x80
01-01 08:43:41.902 0 0 D mv2112_update_link: 3.0x8109(100M): 0x8
01-01 08:43:41.902 0 0 D mv2112_update_link: link 0x0
01-01 08:43:41.902 0 0 D mv2112_read_status: autoneg is disabled
01-01 08:43:41.963 0 0 I : read descriptors
01-01 08:43:41.963 0 0 I : read strings
01-01 08:43:42.926 0 0 D : mv2112_read_status
01-01 08:43:42.926 0 0 D mv2112_update_link: 3.0x901(1G): 0x80
01-01 08:43:42.926 0 0 D mv2112_update_link: 3.0x8109(100M): 0x8
01-01 08:43:42.926 0 0 D mv2112_update_link: link 0x0
01-01 08:43:42.926 0 0 D mv2112_read_status: autoneg is disabled
01-01 08:43:42.983 0 0 I : read descriptors
01-01 08:43:42.983 0 0 I : read strings
01-01 08:43:43.950 0 0 D : mv2112_read_status
01-01 08:43:43.950 0 0 D mv2112_update_link: 3.0x901(1G): 0x80
01-01 08:43:43.951 0 0 D mv2112_update_link: 3.0x8109(100M): 0x8
01-01 08:43:43.951 0 0 D mv2112_update_link: link 0x0
01-01 08:43:43.951 0 0 D mv2112_read_status: autoneg is disabled
01-01 08:43:43.999 0 0 I : read descriptors
01-01 08:43:43.999 0 0 I : read strings
01-01 08:43:44.974 0 0 D : mv2112_read_status
01-01 08:43:44.974 0 0 D mv2112_update_link: 3.0x901(1G): 0x80
01-01 08:43:44.975 0 0 D mv2112_update_link: 3.0x8109(100M): 0x8
01-01 08:43:44.975 0 0 D mv2112_update_link: link 0x0
01-01 08:43:44.975 0 0 D mv2112_read_status: autoneg is disabled
01-01 08:43:45.019 0 0 I : read descriptors
01-01 08:43:45.019 0 0 I : read strings
01-01 08:43:45.998 0 0 D : mv2112_read_status
01-01 08:43:45.998 0 0 D mv2112_update_link: 3.0x901(1G): 0x80
01-01 08:43:45.998 0 0 D mv2112_update_link: 3.0x8109(100M): 0x8
01-01 08:43:45.998 0 0 D mv2112_update_link: link 0x0
01-01 08:43:45.998 0 0 D mv2112_read_status: autoneg is disabled
01-01 08:43:46.039 0 0 I : read descriptors
01-01 08:43:46.039 0 0 I : read strings
01-01 08:43:47.022 0 0 D : mv2112_read_status
01-01 08:43:47.023 0 0 D mv2112_update_link: 3.0x901(1G): 0x80
01-01 08:43:47.023 0 0 D mv2112_update_link: 3.0x8109(100M): 0x8
01-01 08:43:47.023 0 0 D mv2112_update_link: link 0x0
01-01 08:43:47.023 0 0 D mv2112_read_status: autoneg is disabled
01-01 08:43:47.055 0 0 I : read descriptors
01-01 08:43:47.055 0 0 I : read strings
01-01 08:43:48.046 0 0 D : mv2112_read_status
01-01 08:43:48.046 0 0 D mv2112_update_link: 3.0x901(1G): 0x80
01-01 08:43:48.046 0 0 D mv2112_update_link: 3.0x8109(100M): 0x8
01-01 08:43:48.046 0 0 D mv2112_update_link: link 0x0
01-01 08:43:48.046 0 0 D mv2112_read_status: autoneg is disabled
01-01 08:43:48.078 0 0 I : read descriptors
01-01 08:43:48.079 0 0 I : read strings
01-01 08:43:49.070 0 0 D : mv2112_read_status
01-01 08:43:49.070 0 0 D mv2112_update_link: 3.0x901(1G): 0x80
01-01 08:43:49.071 0 0 D mv2112_update_link: 3.0x8109(100M): 0x8
01-01 08:43:49.071 0 0 D mv2112_update_link: link 0x0
01-01 08:43:49.071 0 0 D mv2112_read_status: autoneg is disabled
01-01 08:43:49.099 0 0 I : read descriptors
01-01 08:43:49.099 0 0 I : read strings
01-01 08:43:50.094 0 0 D : mv2112_read_status
01-01 08:43:50.094 0 0 D mv2112_update_link: 3.0x901(1G): 0x80
01-01 08:43:50.094 0 0 D mv2112_update_link: 3.0x8109(100M): 0x8
01-01 08:43:50.094 0 0 D mv2112_update_link: link 0x0
01-01 08:43:50.094 0 0 D mv2112_read_status: autoneg is disabled
01-01 08:43:50.119 0 0 I : read descriptors
01-01 08:43:50.119 0 0 I : read strings
01-01 08:43:51.118 0 0 D : mv2112_read_status
01-01 08:43:51.118 0 0 D mv2112_update_link: 3.0x901(1G): 0x80
01-01 08:43:51.119 0 0 D mv2112_update_link: 3.0x8109(100M): 0x8
01-01 08:43:51.119 0 0 D mv2112_update_link: link 0x0
01-01 08:43:51.119 0 0 D mv2112_read_status: autoneg is disabled
01-01 08:43:51.143 0 0 I : read descriptors
01-01 08:43:51.143 0 0 I : read strings
01-01 08:43:52.142 0 0 D : mv2112_read_status
01-01 08:43:52.142 0 0 D mv2112_update_link: 3.0x901(1G): 0x80
01-01 08:43:52.142 0 0 D mv2112_update_link: 3.0x8109(100M): 0x8
01-01 08:43:52.142 0 0 D mv2112_update_link: link 0x0
01-01 08:43:52.142 0 0 D mv2112_read_status: autoneg is disabled
01-01 08:43:52.159 0 0 I : read descriptors
01-01 08:43:52.159 0 0 I : read strings
01-01 08:43:53.166 0 0 D : mv2112_read_status
01-01 08:43:53.166 0 0 D mv2112_update_link: 3.0x901(1G): 0x80
01-01 08:43:53.166 0 0 D mv2112_update_link: 3.0x8109(100M): 0x8
01-01 08:43:53.166 0 0 D mv2112_update_link: link 0x0
01-01 08:43:53.166 0 0 D mv2112_read_status: autoneg is disabled
01-01 08:43:53.174 0 0 I : read descriptors
01-01 08:43:53.175 0 0 I : read strings
01-01 08:43:54.190 0 0 D : mv2112_read_status
01-01 08:43:54.190 0 0 D mv2112_update_link: 3.0x901(1G): 0x80
01-01 08:43:54.191 0 0 D mv2112_update_link: 3.0x8109(100M): 0x8
01-01 08:43:54.191 0 0 D mv2112_update_link: link 0x0
01-01 08:43:54.191 0 0 D mv2112_read_status: autoneg is disabled
01-01 08:43:54.191 0 0 I : read descriptors
01-01 08:43:54.192 0 0 I : read strings
01-01 08:43:55.211 0 0 I : read descriptors
01-01 08:43:55.211 0 0 I : read strings
01-01 08:43:55.214 0 0 D : mv2112_read_status
01-01 08:43:55.215 0 0 D mv2112_update_link: 3.0x901(1G): 0x80
01-01 08:43:55.215 0 0 D mv2112_update_link: 3.0x8109(100M): 0x8
01-01 08:43:55.215 0 0 D mv2112_update_link: link 0x0
01-01 08:43:55.215 0 0 D mv2112_read_status: autoneg is disabled
01-01 08:43:56.227 0 0 I : read descriptors
01-01 08:43:56.227 0 0 I : read strings
01-01 08:43:56.238 0 0 D : mv2112_read_status
01-01 08:43:56.238 0 0 D mv2112_update_link: 3.0x901(1G): 0x80
01-01 08:43:56.238 0 0 D mv2112_update_link: 3.0x8109(100M): 0x8
01-01 08:43:56.238 0 0 D mv2112_update_link: link 0x0
01-01 08:43:56.238 0 0 D mv2112_read_status: autoneg is disabled
01-01 08:43:57.255 0 0 I : read descriptors
01-01 08:43:57.255 0 0 I : read strings
01-01 08:43:57.262 0 0 D : mv2112_read_status
01-01 08:43:57.262 0 0 D mv2112_update_link: 3.0x901(1G): 0x80
01-01 08:43:57.262 0 0 D mv2112_update_link: 3.0x8109(100M): 0x8
01-01 08:43:57.263 0 0 D mv2112_update_link: link 0x0
01-01 08:43:57.263 0 0 D mv2112_read_status: autoneg is disabled
01-01 08:43:58.271 0 0 I : read descriptors
01-01 08:43:58.271 0 0 I : read strings
01-01 08:43:58.286 0 0 D : mv2112_read_status
01-01 08:43:58.286 0 0 D mv2112_update_link: 3.0x901(1G): 0x80
01-01 08:43:58.286 0 0 D mv2112_update_link: 3.0x8109(100M): 0x8
01-01 08:43:58.286 0 0 D mv2112_update_link: link 0x0
01-01 08:43:58.286 0 0 D mv2112_read_status: autoneg is disabled
01-01 08:43:59.295 0 0 I : read descriptors
01-01 08:43:59.295 0 0 I : read strings
01-01 08:43:59.310 0 0 D : mv2112_read_status
01-01 08:43:59.310 0 0 D mv2112_update_link: 3.0x901(1G): 0x80
01-01 08:43:59.310 0 0 D mv2112_update_link: 3.0x8109(100M): 0x8
01-01 08:43:59.310 0 0 D mv2112_update_link: link 0x0
01-01 08:43:59.310 0 0 D mv2112_read_status: autoneg is disabled
01-01 08:44:00.311 0 0 I : read descriptors
01-01 08:44:00.311 0 0 I : read strings
01-01 08:44:00.334 0 0 D : mv2112_read_status
01-01 08:44:00.334 0 0 D mv2112_update_link: 3.0x901(1G): 0x80
01-01 08:44:00.334 0 0 D mv2112_update_link: 3.0x8109(100M): 0x8
01-01 08:44:00.334 0 0 D mv2112_update_link: link 0x0
01-01 08:44:00.334 0 0 D mv2112_read_status: autoneg is disabled
01-01 08:44:01.337 0 0 I : read descriptors
01-01 08:44:01.337 0 0 I : read strings
01-01 08:44:01.358 0 0 D : mv2112_read_status
01-01 08:44:01.358 0 0 D mv2112_update_link: 3.0x901(1G): 0x80
01-01 08:44:01.358 0 0 D mv2112_update_link: 3.0x8109(100M): 0x8
01-01 08:44:01.358 0 0 D mv2112_update_link: link 0x0
01-01 08:44:01.358 0 0 D mv2112_read_status: autoneg is disabled
01-01 08:44:02.355 0 0 I : read descriptors
01-01 08:44:02.355 0 0 I : read strings
01-01 08:44:02.382 0 0 D : mv2112_read_status
01-01 08:44:02.382 0 0 D mv2112_update_link: 3.0x901(1G): 0x80
01-01 08:44:02.382 0 0 D mv2112_update_link: 3.0x8109(100M): 0x8
01-01 08:44:02.382 0 0 D mv2112_update_link: link 0x0
01-01 08:44:02.382 0 0 D mv2112_read_status: autoneg is disabled
01-01 08:44:03.374 0 0 I : read descriptors
01-01 08:44:03.374 0 0 I : read strings
01-01 08:44:03.406 0 0 D : mv2112_read_status
01-01 08:44:03.406 0 0 D mv2112_update_link: 3.0x901(1G): 0x80
01-01 08:44:03.406 0 0 D mv2112_update_link: 3.0x8109(100M): 0x8
01-01 08:44:03.406 0 0 D mv2112_update_link: link 0x0
01-01 08:44:03.406 0 0 D mv2112_read_status: autoneg is disabled
01-01 08:44:04.391 0 0 I : read descriptors
01-01 08:44:04.391 0 0 I : read strings
01-01 08:44:04.430 0 0 D : mv2112_read_status
01-01 08:44:04.431 0 0 D mv2112_update_link: 3.0x901(1G): 0x80
01-01 08:44:04.431 0 0 D mv2112_update_link: 3.0x8109(100M): 0x8
01-01 08:44:04.431 0 0 D mv2112_update_link: link 0x0
01-01 08:44:04.431 0 0 D mv2112_read_status: autoneg is disabled
01-01 08:44:05.411 0 0 I : read descriptors
01-01 08:44:05.411 0 0 I : read strings
01-01 08:44:05.454 0 0 D : mv2112_read_status
01-01 08:44:05.454 0 0 D mv2112_update_link: 3.0x901(1G): 0x80
01-01 08:44:05.454 0 0 D mv2112_update_link: 3.0x8109(100M): 0x8
01-01 08:44:05.454 0 0 D mv2112_update_link: link 0x0
01-01 08:44:05.454 0 0 D mv2112_read_status: autoneg is disabled
01-01 08:44:06.439 0 0 I : read descriptors
01-01 08:44:06.439 0 0 I : read strings
01-01 08:44:06.478 0 0 D : mv2112_read_status
01-01 08:44:06.478 0 0 D mv2112_update_link: 3.0x901(1G): 0x80
01-01 08:44:06.479 0 0 D mv2112_update_link: 3.0x8109(100M): 0x8
01-01 08:44:06.479 0 0 D mv2112_update_link: link 0x0
01-01 08:44:06.479 0 0 D mv2112_read_status: autoneg is disabled
01-01 08:44:07.459 0 0 I : read descriptors
01-01 08:44:07.459 0 0 I : read strings
01-01 08:44:07.502 0 0 D : mv2112_read_status
01-01 08:44:07.502 0 0 D mv2112_update_link: 3.0x901(1G): 0x80
01-01 08:44:07.503 0 0 D mv2112_update_link: 3.0x8109(100M): 0x8
01-01 08:44:07.503 0 0 D mv2112_update_link: link 0x0
01-01 08:44:07.503 0 0 D mv2112_read_status: autoneg is disabled
01-01 08:44:08.479 0 0 I : read descriptors
01-01 08:44:08.479 0 0 I : read strings
01-01 08:44:08.526 0 0 D : mv2112_read_status
01-01 08:44:08.526 0 0 D mv2112_update_link: 3.0x901(1G): 0x80
01-01 08:44:08.526 0 0 D mv2112_update_link: 3.0x8109(100M): 0x8
01-01 08:44:08.526 0 0 D mv2112_update_link: link 0x0
01-01 08:44:08.526 0 0 D mv2112_read_status: autoneg is disabled
01-01 08:44:09.499 0 0 I : read descriptors
01-01 08:44:09.499 0 0 I : read strings
01-01 08:44:09.550 0 0 D : mv2112_read_status
01-01 08:44:09.550 0 0 D mv2112_update_link: 3.0x901(1G): 0x80
01-01 08:44:09.551 0 0 D mv2112_update_link: 3.0x8109(100M): 0x8
01-01 08:44:09.551 0 0 D mv2112_update_link: link 0x0
01-01 08:44:09.551 0 0 D mv2112_read_status: autoneg is disabled
01-01 08:44:10.519 0 0 I : read descriptors
01-01 08:44:10.519 0 0 I : read strings
01-01 08:44:10.574 0 0 D : mv2112_read_status
01-01 08:44:10.574 0 0 D mv2112_update_link: 3.0x901(1G): 0x80
01-01 08:44:10.574 0 0 D mv2112_update_link: 3.0x8109(100M): 0x8
01-01 08:44:10.574 0 0 D mv2112_update_link: link 0x0
01-01 08:44:10.574 0 0 D mv2112_read_status: autoneg is disabled
01-01 08:44:11.546 0 0 I : read descriptors
01-01 08:44:11.547 0 0 I : read strings
01-01 08:44:11.598 0 0 D : mv2112_read_status
01-01 08:44:11.598 0 0 D mv2112_update_link: 3.0x901(1G): 0x80
01-01 08:44:11.598 0 0 D mv2112_update_link: 3.0x8109(100M): 0x8
01-01 08:44:11.598 0 0 D mv2112_update_link: link 0x0
01-01 08:44:11.598 0 0 D mv2112_read_status: autoneg is disabled
01-01 08:44:12.567 0 0 I : read descriptors
01-01 08:44:12.567 0 0 I : read strings
01-01 08:44:12.622 0 0 D : mv2112_read_status
01-01 08:44:12.623 0 0 D mv2112_update_link: 3.0x901(1G): 0x80
01-01 08:44:12.623 0 0 D mv2112_update_link: 3.0x8109(100M): 0x8
01-01 08:44:12.623 0 0 D mv2112_update_link: link 0x0
01-01 08:44:12.623 0 0 D mv2112_read_status: autoneg is disabled
01-01 08:44:13.587 0 0 I : read descriptors
01-01 08:44:13.587 0 0 I : read strings
01-01 08:44:13.646 0 0 D : mv2112_read_status
01-01 08:44:13.646 0 0 D mv2112_update_link: 3.0x901(1G): 0x80
01-01 08:44:13.646 0 0 D mv2112_update_link: 3.0x8109(100M): 0x8
01-01 08:44:13.646 0 0 D mv2112_update_link: link 0x0
01-01 08:44:13.646 0 0 D mv2112_read_status: autoneg is disabled
01-01 08:44:14.608 0 0 I : read descriptors
01-01 08:44:14.608 0 0 I : read strings
01-01 08:44:14.670 0 0 D : mv2112_read_status
01-01 08:44:14.670 0 0 D mv2112_update_link: 3.0x901(1G): 0x80
01-01 08:44:14.671 0 0 D mv2112_update_link: 3.0x8109(100M): 0x8
01-01 08:44:14.671 0 0 D mv2112_update_link: link 0x0
01-01 08:44:14.671 0 0 D mv2112_read_status: autoneg is disabled
01-01 08:44:15.627 0 0 I : read descriptors
01-01 08:44:15.627 0 0 I : read strings
01-01 08:44:15.694 0 0 D : mv2112_read_status
01-01 08:44:15.694 0 0 D mv2112_update_link: 3.0x901(1G): 0x80
01-01 08:44:15.695 0 0 D mv2112_update_link: 3.0x8109(100M): 0x8
01-01 08:44:15.695 0 0 D mv2112_update_link: link 0x0
01-01 08:44:15.695 0 0 D mv2112_read_status: autoneg is disabled
01-01 08:44:16.091 0 0 I : boot log copy done
01-01 08:44:16.651 0 0 I : read descriptors
01-01 08:44:16.651 0 0 I : read strings
01-01 08:44:16.718 0 0 D : mv2112_read_status
01-01 08:44:16.718 0 0 D mv2112_update_link: 3.0x901(1G): 0x80
01-01 08:44:16.718 0 0 D mv2112_update_link: 3.0x8109(100M): 0x8
01-01 08:44:16.718 0 0 D mv2112_update_link: link 0x0
01-01 08:44:16.718 0 0 D mv2112_read_status: autoneg is disabled
01-01 08:44:17.667 0 0 I : read descriptors
01-01 08:44:17.667 0 0 I : read strings
01-01 08:44:17.742 0 0 D : mv2112_read_status
01-01 08:44:17.742 0 0 D mv2112_update_link: 3.0x901(1G): 0x80
01-01 08:44:17.742 0 0 D mv2112_update_link: 3.0x8109(100M): 0x8
01-01 08:44:17.742 0 0 D mv2112_update_link: link 0x0
01-01 08:44:17.742 0 0 D mv2112_read_status: autoneg is disabled
01-01 08:44:18.687 0 0 I : read descriptors
01-01 08:44:18.687 0 0 I : read strings
01-01 08:44:18.766 0 0 D : mv2112_read_status
01-01 08:44:18.766 0 0 D mv2112_update_link: 3.0x901(1G): 0x80
01-01 08:44:18.766 0 0 D mv2112_update_link: 3.0x8109(100M): 0x8
01-01 08:44:18.766 0 0 D mv2112_update_link: link 0x0
01-01 08:44:18.766 0 0 D mv2112_read_status: autoneg is disabled
01-01 08:44:19.715 0 0 I : read descriptors
01-01 08:44:19.715 0 0 I : read strings
01-01 08:44:19.790 0 0 D : mv2112_read_status
01-01 08:44:19.790 0 0 D mv2112_update_link: 3.0x901(1G): 0x80
01-01 08:44:19.790 0 0 D mv2112_update_link: 3.0x8109(100M): 0x8
01-01 08:44:19.790 0 0 D mv2112_update_link: link 0x0
01-01 08:44:19.790 0 0 D mv2112_read_status: autoneg is disabled
01-01 08:44:20.735 0 0 I : read descriptors
01-01 08:44:20.735 0 0 I : read strings
01-01 08:44:20.818 0 0 D : mv2112_read_status
01-01 08:44:20.818 0 0 D mv2112_update_link: 3.0x901(1G): 0x80
01-01 08:44:20.818 0 0 D mv2112_update_link: 3.0x8109(100M): 0x8
01-01 08:44:20.818 0 0 D mv2112_update_link: link 0x0
01-01 08:44:20.818 0 0 D mv2112_read_status: autoneg is disabled
01-01 08:44:21.751 0 0 I : read descriptors
01-01 08:44:21.751 0 0 I : read strings
01-01 08:44:21.842 0 0 D : mv2112_read_status
01-01 08:44:21.842 0 0 D mv2112_update_link: 3.0x901(1G): 0x80
01-01 08:44:21.843 0 0 D mv2112_update_link: 3.0x8109(100M): 0x8
01-01 08:44:21.843 0 0 D mv2112_update_link: link 0x0
01-01 08:44:21.843 0 0 D mv2112_read_status: autoneg is disabled
01-01 08:44:22.763 0 0 I : read descriptors
01-01 08:44:22.763 0 0 I : read strings
01-01 08:44:22.862 0 0 D : mv2112_read_status
01-01 08:44:22.862 0 0 D mv2112_update_link: 3.0x901(1G): 0x80
01-01 08:44:22.862 0 0 D mv2112_update_link: 3.0x8109(100M): 0x8
01-01 08:44:22.862 0 0 D mv2112_update_link: link 0x0
01-01 08:44:22.862 0 0 D mv2112_read_status: autoneg is disabled
01-01 08:44:23.779 0 0 I : read descriptors
01-01 08:44:23.779 0 0 I : read strings
01-01 08:44:23.886 0 0 D : mv2112_read_status
01-01 08:44:23.886 0 0 D mv2112_update_link: 3.0x901(1G): 0x80
01-01 08:44:23.886 0 0 D mv2112_update_link: 3.0x8109(100M): 0x8
01-01 08:44:23.886 0 0 D mv2112_update_link: link 0x0
01-01 08:44:23.886 0 0 D mv2112_read_status: autoneg is disabled
01-01 08:44:24.799 0 0 I : read descriptors
01-01 08:44:24.799 0 0 I : read strings
01-01 08:44:24.910 0 0 D : mv2112_read_status
01-01 08:44:24.910 0 0 D mv2112_update_link: 3.0x901(1G): 0x80
01-01 08:44:24.910 0 0 D mv2112_update_link: 3.0x8109(100M): 0x8
01-01 08:44:24.910 0 0 D mv2112_update_link: link 0x0
01-01 08:44:24.910 0 0 D mv2112_read_status: autoneg is disabled
01-01 08:44:25.819 0 0 I : read descriptors
01-01 08:44:25.819 0 0 I : read strings
01-01 08:44:25.934 0 0 D : mv2112_read_status
01-01 08:44:25.934 0 0 D mv2112_update_link: 3.0x901(1G): 0x80
01-01 08:44:25.935 0 0 D mv2112_update_link: 3.0x8109(100M): 0x8
01-01 08:44:25.935 0 0 D mv2112_update_link: link 0x0
01-01 08:44:25.935 0 0 D mv2112_read_status: autoneg is disabled
01-01 08:44:26.839 0 0 I : read descriptors
01-01 08:44:26.839 0 0 I : read strings
01-01 08:44:26.958 0 0 D : mv2112_read_status
01-01 08:44:26.958 0 0 D mv2112_update_link: 3.0x901(1G): 0x80
01-01 08:44:26.959 0 0 D mv2112_update_link: 3.0x8109(100M): 0x8
01-01 08:44:26.959 0 0 D mv2112_update_link: link 0x0
01-01 08:44:26.959 0 0 D mv2112_read_status: autoneg is disabled
01-01 08:44:27.859 0 0 I : read descriptors
01-01 08:44:27.859 0 0 I : read strings
01-01 08:44:27.982 0 0 D : mv2112_read_status
01-01 08:44:27.982 0 0 D mv2112_update_link: 3.0x901(1G): 0x80
01-01 08:44:27.984 0 0 D mv2112_update_link: 3.0x8109(100M): 0x8
01-01 08:44:27.984 0 0 D mv2112_update_link: link 0x0
01-01 08:44:27.984 0 0 D mv2112_read_status: autoneg is disabled
01-01 08:44:28.875 0 0 I : read descriptors
01-01 08:44:28.875 0 0 I : read strings
01-01 08:44:29.006 0 0 D : mv2112_read_status
01-01 08:44:29.006 0 0 D mv2112_update_link: 3.0x901(1G): 0x80
01-01 08:44:29.006 0 0 D mv2112_update_link: 3.0x8109(100M): 0x8
01-01 08:44:29.006 0 0 D mv2112_update_link: link 0x0
01-01 08:44:29.006 0 0 D mv2112_read_status: autoneg is disabled
01-01 08:44:29.895 0 0 I : read descriptors
01-01 08:44:29.895 0 0 I : read strings
01-01 08:44:30.030 0 0 D : mv2112_read_status
01-01 08:44:30.030 0 0 D mv2112_update_link: 3.0x901(1G): 0x80
01-01 08:44:30.031 0 0 D mv2112_update_link: 3.0x8109(100M): 0x8
01-01 08:44:30.031 0 0 D mv2112_update_link: link 0x0
01-01 08:44:30.031 0 0 D mv2112_read_status: autoneg is disabled
01-01 08:44:30.919 0 0 I : read descriptors
01-01 08:44:30.919 0 0 I : read strings
01-01 08:44:31.060 0 0 D : mv2112_read_status
01-01 08:44:31.060 0 0 D mv2112_update_link: 3.0x901(1G): 0x80
01-01 08:44:31.061 0 0 D mv2112_update_link: 3.0x8109(100M): 0x8
01-01 08:44:31.061 0 0 D mv2112_update_link: link 0x0
01-01 08:44:31.061 0 0 D mv2112_read_status: autoneg is disabled
01-01 08:44:31.943 0 0 I : read descriptors
01-01 08:44:31.943 0 0 I : read strings
01-01 08:44:32.080 0 0 D : mv2112_read_status
01-01 08:44:32.080 0 0 D mv2112_update_link: 3.0x901(1G): 0x80
01-01 08:44:32.080 0 0 D mv2112_update_link: 3.0x8109(100M): 0x8
01-01 08:44:32.080 0 0 D mv2112_update_link: link 0x0
01-01 08:44:32.080 0 0 D mv2112_read_status: autoneg is disabled
01-01 08:44:32.959 0 0 I : read descriptors
01-01 08:44:32.959 0 0 I : read strings
01-01 08:44:33.102 0 0 D : mv2112_read_status
01-01 08:44:33.102 0 0 D mv2112_update_link: 3.0x901(1G): 0x80
01-01 08:44:33.103 0 0 D mv2112_update_link: 3.0x8109(100M): 0x8
01-01 08:44:33.103 0 0 D mv2112_update_link: link 0x0
01-01 08:44:33.103 0 0 D mv2112_read_status: autoneg is disabled
01-01 08:44:33.979 0 0 I : read descriptors
01-01 08:44:33.979 0 0 I : read strings
01-01 08:44:34.126 0 0 D : mv2112_read_status
01-01 08:44:34.126 0 0 D mv2112_update_link: 3.0x901(1G): 0x80
01-01 08:44:34.126 0 0 D mv2112_update_link: 3.0x8109(100M): 0x8
01-01 08:44:34.126 0 0 D mv2112_update_link: link 0x0
01-01 08:44:34.126 0 0 D mv2112_read_status: autoneg is disabled
01-01 08:44:35.006 0 0 I : read descriptors
01-01 08:44:35.007 0 0 I : read strings
01-01 08:44:35.150 0 0 D : mv2112_read_status
01-01 08:44:35.150 0 0 D mv2112_update_link: 3.0x901(1G): 0x80
01-01 08:44:35.151 0 0 D mv2112_update_link: 3.0x8109(100M): 0x8
01-01 08:44:35.151 0 0 D mv2112_update_link: link 0x0
01-01 08:44:35.151 0 0 D mv2112_read_status: autoneg is disabled
01-01 08:44:36.027 0 0 I : read descriptors
01-01 08:44:36.027 0 0 I : read strings
01-01 08:44:36.174 0 0 D : mv2112_read_status
01-01 08:44:36.174 0 0 D mv2112_update_link: 3.0x901(1G): 0x80
01-01 08:44:36.175 0 0 D mv2112_update_link: 3.0x8109(100M): 0x8
01-01 08:44:36.175 0 0 D mv2112_update_link: link 0x0
01-01 08:44:36.175 0 0 D mv2112_read_status: autoneg is disabled
01-01 08:44:37.047 0 0 I : read descriptors
01-01 08:44:37.047 0 0 I : read strings
01-01 08:44:37.198 0 0 D : mv2112_read_status
01-01 08:44:37.198 0 0 D mv2112_update_link: 3.0x901(1G): 0x80
01-01 08:44:37.198 0 0 D mv2112_update_link: 3.0x8109(100M): 0x8
01-01 08:44:37.198 0 0 D mv2112_update_link: link 0x0
01-01 08:44:37.198 0 0 D mv2112_read_status: autoneg is disabled
12-14 03:24:09.603 1468 1607 I ActivityTaskManager: START u0 {cmp=com.thundercomm.tcsetupwizard/.TcSetupSecondActivity} from uid 1000
12-14 03:24:09.606 1468 1607 D CompatibilityChangeReporter: Compat change id reported: 174042980; UID 1000; state: DISABLED
12-14 03:24:09.609 1468 1607 D CompatibilityChangeReporter: Compat change id reported: 168419799; UID 1000; state: DISABLED
12-14 03:24:09.617 1468 3346 I ActivityTaskManager: FOREGROUND_APPLICATION_CHANGED to com.thundercomm.tcsetupwizard.TcSetupSecondActivity
12-14 03:24:09.617 1468 3346 I ActivityTaskManager: The Process com.thundercomm.tcsetupwizard Already Exists in BG. So sending its PID: 2652
12-14 03:24:09.618 1468 3346 W ActivityTaskManager: Tried to set launchTime (0) < mLastActivityLaunchTime (31007)
12-14 03:24:09.732 4292 4310 W ContextImpl: Calling a method in the system process without a qualified user: android.app.ContextImpl.startService:1816 android.content.ContextWrapper.startService:774 com.thundercomm.gamemode.ingame.services.GameModeActionUtils.startGameModeService:99 com.thundercomm.gamemode.ingame.services.GameModeActionUtils.startGameModeEntry:22 com.thundercomm.gamemode.ingame.services.ActivityMonitoringService$1.onActivityLaunch:127
12-14 03:24:09.738 1468 1468 I GameModeConfig: Current uri is uri = content://com.thundercomm.gamemode.api/gamemode_settings/gamemode_isgaming
12-14 03:24:09.742 1468 1468 I GameModeConfig: isGameModeOn = false
12-14 03:24:09.742 1468 1468 I GameModeConfig: isGameModeOn = false
12-14 03:24:09.742 1468 1468 I GameModeConfig: isDisableVoice = true
01-01 08:44:37.967 0 0 I msm_vidc: high: 00000001: ....d: Opening video instance: 0000000000000000, 1
01-01 08:44:37.967 0 0 I msm_vidc: err : 00000001: ....d: Failed to create debugfs for msm_vidc
01-01 08:44:38.056 0 0 I msm_vidc: high: 00000001: h264d: Closed video instance: 0000000000000000
01-01 08:44:38.094 0 0 I msm_vidc: high: 00000001: ....d: Opening video instance: 0000000000000000, 1
01-01 08:44:38.094 0 0 I msm_vidc: err : 00000001: ....d: Failed to create debugfs for msm_vidc
01-01 08:44:38.102 0 0 I : read descriptors
01-01 08:44:38.102 0 0 I : read strings
01-01 08:44:38.164 0 0 I msm_vidc: high: 00000001: h264d: Closed video instance: 0000000000000000
01-01 08:44:38.210 0 0 I msm_vidc: high: 00000001: ....d: Opening video instance: 0000000000000000, 1
01-01 08:44:38.210 0 0 I msm_vidc: err : 00000001: ....d: Failed to create debugfs for msm_vidc
01-01 08:44:38.222 0 0 D : mv2112_read_status
01-01 08:44:38.222 0 0 D mv2112_update_link: 3.0x901(1G): 0x80
01-01 08:44:38.222 0 0 D mv2112_update_link: 3.0x8109(100M): 0x8
01-01 08:44:38.222 0 0 D mv2112_update_link: link 0x0
01-01 08:44:38.222 0 0 D mv2112_read_status: autoneg is disabled
01-01 08:44:38.271 0 0 I msm_vidc: high: 00000001: h264d: Closed video instance: 0000000000000000
12-14 03:24:10.116 1468 1468 I LockSettingsService: Reporting device setup complete to IGateKeeperService
12-14 03:24:10.165 1468 1634 D ColorDisplayService: setUp: currentUser=0
12-14 03:24:10.165 1468 1468 I DevicePolicyManager: Set ro.organization_owned property to false
12-14 03:24:10.167 1468 1641 D PinnerService: pinRangeStream: null
12-14 03:24:10.169 1468 1641 D PinnerService: pinRangeStream: null
12-14 03:24:10.169 1468 1641 D PinnerService: pinRangeStream: null
12-14 03:24:10.176 1468 1634 I ActivityTaskManager: Config changes=20000400 {1.0 ?mcc?mnc [zh_CN] ldltr sw680dp w1586dp h616dp 240dpi lrg long hdr land finger -keyb/v/h -nav/h winConfig={ mBounds=Rect(0, 0 - 2380, 1020) mAppBounds=Rect(0, 0 - 2380, 996) mMaxBounds=Rect(0, 0 - 2380, 1020) mWindowingMode=fullscreen mDisplayWindowingMode=fullscreen mActivityType=undefined mAlwaysOnTop=undefined mRotation=ROTATION_0} s.16 fontWeightAdjustment=0}
12-14 03:24:10.181 1468 1634 I WindowManager: Override config changes=20000400 {1.0 ?mcc?mnc [zh_CN] ldltr sw680dp w1586dp h616dp 240dpi lrg long hdr land finger -keyb/v/h -nav/h winConfig={ mBounds=Rect(0, 0 - 2380, 1020) mAppBounds=Rect(0, 0 - 2380, 996) mMaxBounds=Rect(0, 0 - 2380, 1020) mWindowingMode=fullscreen mDisplayWindowingMode=fullscreen mActivityType=undefined mAlwaysOnTop=undefined mRotation=ROTATION_0} s.16 fontWeightAdjustment=0} for displayId=0
12-14 03:24:10.187 1468 1634 D ColorDisplayService: onNightDisplayAutoModeChanged: autoMode=0
12-14 03:24:10.187 1468 1634 I ColorDisplayService: Turning off night display
12-14 03:24:10.187 1468 1634 D ColorDisplayService: Setting bright color reduction level: 50
12-14 03:24:10.195 1468 1642 W BroadcastQueue: Background execution not allowed: receiving Intent { act=android.intent.action.USER_PRESENT flg=0x24200010 } to com.microsoft.emmx/org.chromium.chrome.browser.sharing.click_to_call.ClickToCallMessageHandler$PhoneUnlockedReceiver
12-14 03:24:10.197 1468 1658 V DisplayPowerController[0]: Brightness [1.0] manual adjustment.
12-14 03:24:10.221 1468 1635 I ActivityRecord: real home.....com.thundercomm.tcsetupwizard/.TcSetupSecondActivity
12-14 03:24:10.221 1468 1635 I WindowManager: ******* TELLING SURFACE FLINGER WE ARE BOOTED!
01-01 08:44:38.426 0 0 I msm_vidc: high: 00000001: ....d: Opening video instance: 0000000000000000, 1
01-01 08:44:38.426 0 0 I msm_vidc: err : 00000001: ....d: Failed to create debugfs for msm_vidc
01-01 08:44:38.570 0 0 I IRQ 5 : no longer affine to CPU7
01-01 08:44:38.754 0 0 I msm_vidc: high: 00000001: h264d: Closed video instance: 0000000000000000
01-01 08:44:38.841 0 0 I msm_vidc: high: 00000002: h264d: Closed video instance: 0000000000000000
01-01 08:44:39.130 0 0 I : read descriptors
01-01 08:44:39.131 0 0 I : read strings
01-01 08:44:39.246 0 0 D : mv2112_read_status
01-01 08:44:39.246 0 0 D mv2112_update_link: 3.0x901(1G): 0x80
01-01 08:44:39.246 0 0 D mv2112_update_link: 3.0x8109(100M): 0x8
01-01 08:44:39.246 0 0 D mv2112_update_link: link 0x0
01-01 08:44:39.246 0 0 D mv2112_read_status: autoneg is disabled
01-01 08:44:39.250 0 0 I msm_vidc: high: 00000001: ....d: Opening video instance: 0000000000000000, 1
01-01 08:44:39.250 0 0 I msm_vidc: err : 00000001: ....d: Failed to create debugfs for msm_vidc
01-01 08:44:39.333 0 0 I msm_vidc: high: 00000002: ....d: Opening video instance: 0000000000000000, 1
01-01 08:44:39.333 0 0 I msm_vidc: err : 00000002: ....d: Failed to create debugfs for msm_vidc
01-01 08:44:39.376 0 0 I msm_vidc: high: 00000002: h264d: Closed video instance: 0000000000000000
01-01 08:44:39.546 0 0 I msm_vidc: high: 00000001: h264d: Closed video instance: 0000000000000000
01-01 08:44:40.071 0 0 I msm_vidc: high: 00000001: ....d: Opening video instance: 0000000000000000, 1
01-01 08:44:40.071 0 0 I msm_vidc: err : 00000001: ....d: Failed to create debugfs for msm_vidc
01-01 08:44:40.084 0 0 I msm_vidc: high: 00000002: ....d: Opening video instance: 0000000000000000, 1
01-01 08:44:40.085 0 0 I msm_vidc: err : 00000002: ....d: Failed to create debugfs for msm_vidc
01-01 08:44:40.154 0 0 I : read descriptors
01-01 08:44:40.154 0 0 I : read strings
12-14 03:24:12.085 1468 2373 I ActivityTaskManager: FOREGROUND_APPLICATION_CHANGED to com.thundercomm.tcsetupwizard.TcSetupStartActivity
01-01 08:44:40.270 0 0 D : mv2112_read_status
01-01 08:44:40.270 0 0 D mv2112_update_link: 3.0x901(1G): 0x80
01-01 08:44:40.270 0 0 D mv2112_update_link: 3.0x8109(100M): 0x8
01-01 08:44:40.270 0 0 D mv2112_update_link: link 0x0
01-01 08:44:40.270 0 0 D mv2112_read_status: autoneg is disabled
12-14 03:24:12.103 1468 2467 I ActivityTaskManager: FOREGROUND_APPLICATION_CHANGED to com.android.provision.DefaultActivity
12-14 03:24:12.116 4292 4310 W ContextImpl: Calling a method in the system process without a qualified user: android.app.ContextImpl.startService:1816 android.content.ContextWrapper.startService:774 com.thundercomm.gamemode.ingame.services.GameModeActionUtils.startGameModeService:99 com.thundercomm.gamemode.ingame.services.GameModeActionUtils.startGameModeEntry:22 com.thundercomm.gamemode.ingame.services.ActivityMonitoringService$1.onActivityLaunch:127
12-14 03:24:12.119 1468 1468 I GameModeConfig: Current uri is uri = content://com.thundercomm.gamemode.api/gamemode_settings/gamemode_isgaming
12-14 03:24:12.121 1468 1468 I GameModeConfig: isGameModeOn = false
12-14 03:24:12.121 1468 1468 I GameModeConfig: isGameModeOn = false
12-14 03:24:12.121 1468 1468 I GameModeConfig: isDisableVoice = true
12-14 03:24:12.136 1468 2318 I ActivityTaskManager: START u0 {act=android.intent.action.MAIN cat=[android.intent.category.HOME] flg=0x10000100 cmp=com.android.launcher3/.uioverrides.QuickstepLauncher (has extras)} from uid 0
12-14 03:24:12.137 1468 1641 D PinnerService: pinRangeStream: null
12-14 03:24:12.141 1468 2318 D CompatibilityChangeReporter: Compat change id reported: 184838306; UID 10080; state: DISABLED
12-14 03:24:12.142 1468 2318 D CompatibilityChangeReporter: Compat change id reported: 185004937; UID 10080; state: DISABLED
12-14 03:24:12.142 1468 2318 D CompatibilityChangeReporter: Compat change id reported: 181136395; UID 10080; state: DISABLED
12-14 03:24:12.143 1468 2318 D CompatibilityChangeReporter: Compat change id reported: 174042936; UID 10080; state: DISABLED
12-14 03:24:12.143 1468 2318 D CompatibilityChangeReporter: Compat change id reported: 174042980; UID 10080; state: DISABLED
12-14 03:24:12.148 1468 1641 D PinnerService: pinRangeStream: null
12-14 03:24:12.149 1468 1641 D PinnerService: pinRangeStream: null
12-14 03:24:12.151 1468 2318 I ActivityTaskManager: FOREGROUND_APPLICATION_CHANGED to com.android.launcher3.uioverrides.QuickstepLauncher
12-14 03:24:12.151 1468 2318 I ActivityTaskManager: The Process com.android.launcher3 Already Exists in BG. So sending its PID: 2819
12-14 03:24:12.166 4292 4310 W ContextImpl: Calling a method in the system process without a qualified user: android.app.ContextImpl.startService:1816 android.content.ContextWrapper.startService:774 com.thundercomm.gamemode.ingame.services.GameModeActionUtils.startGameModeService:99 com.thundercomm.gamemode.ingame.services.GameModeActionUtils.startGameModeEntry:22 com.thundercomm.gamemode.ingame.services.ActivityMonitoringService$1.onActivityLaunch:127
12-14 03:24:12.169 1468 1468 I GameModeConfig: Current uri is uri = content://com.thundercomm.gamemode.api/gamemode_settings/gamemode_isgaming
12-14 03:24:12.171 1468 1468 I GameModeConfig: isGameModeOn = false
12-14 03:24:12.171 1468 1468 I GameModeConfig: isGameModeOn = false
12-14 03:24:12.171 1468 1468 I GameModeConfig: isDisableVoice = true
01-01 08:44:40.370 0 0 I binder : 2819:4921 ioctl 40046210 73f9711254 returned -22
12-14 03:24:12.260 4292 4310 W ContextImpl: Calling a method in the system process without a qualified user: android.app.ContextImpl.startService:1816 android.content.ContextWrapper.startService:774 com.thundercomm.gamemode.ingame.services.GameModeActionUtils.startGameModeService:99 com.thundercomm.gamemode.ingame.services.GameModeActionUtils.startGameModeEntry:22 com.thundercomm.gamemode.ingame.services.ActivityMonitoringService$1.onActivityLaunch:127
12-14 03:24:12.265 1468 1468 I GameModeConfig: Current uri is uri = content://com.thundercomm.gamemode.api/gamemode_settings/gamemode_isgaming
12-14 03:24:12.267 1468 1468 I GameModeConfig: isGameModeOn = false
12-14 03:24:12.267 1468 1468 I GameModeConfig: isGameModeOn = false
12-14 03:24:12.267 1468 1468 I GameModeConfig: isDisableVoice = true
12-14 03:24:12.338 1468 3298 W FreeFormWindowHelper: getCurrentDisplayedFreeFormTask is null
12-14 03:24:12.361 2819 2913 D ActivityThread: Loading provider com.android.launcher3.settings: com.android.launcher3.LauncherProvider
12-14 03:24:12.380 1468 3298 W FreeFormWindowHelper: getCurrentDisplayedFreeFormTask is null
12-14 03:24:12.396 1468 3346 W FreeFormWindowHelper: getCurrentDisplayedFreeFormTask is null
12-14 03:24:12.426 1468 1635 I ActivityRecord: real home.....com.android.launcher3/.uioverrides.QuickstepLauncher
12-14 03:24:12.426 1468 1635 I WindowManager: ******* TELLING SURFACE FLINGER WE ARE BOOTED!
12-14 03:24:12.453 4292 4310 W ContextImpl: Calling a method in the system process without a qualified user: android.app.ContextImpl.startService:1816 android.content.ContextWrapper.startService:774 com.thundercomm.gamemode.ingame.services.GameModeActionUtils.startGameModeService:99 com.thundercomm.gamemode.ingame.services.GameModeActionUtils.startGameModeEntry:22 com.thundercomm.gamemode.ingame.services.ActivityMonitoringService$1.onActivityLaunch:127
12-14 03:24:12.458 1468 1468 I GameModeConfig: Current uri is uri = content://com.thundercomm.gamemode.api/gamemode_settings/gamemode_isgaming
12-14 03:24:12.459 1468 1468 I GameModeConfig: isGameModeOn = false
12-14 03:24:12.460 1468 1468 I GameModeConfig: isGameModeOn = false
12-14 03:24:12.460 1468 1468 I GameModeConfig: isDisableVoice = true
01-01 08:44:40.650 0 0 I IRQ 5 : no longer affine to CPU7
01-01 08:44:40.870 0 0 I msm_vidc: high: 00000001: h264d: Closed video instance: 0000000000000000
01-01 08:44:40.923 0 0 I msm_vidc: high: 00000002: h264d: Closed video instance: 0000000000000000
01-01 08:44:40.930 0 0 I IRQ 5 : no longer affine to CPU4
12-14 03:24:12.786 2652 2652 E ActivityThread: Activity com.thundercomm.tcsetupwizard.TcSetupStartActivity has leaked IntentReceiver com.thundercomm.tcsetupwizard.TcSetupStartActivity$1@e2e8f61 that was originally registered here. Are you missing a call to unregisterReceiver()?
12-14 03:24:12.786 2652 2652 E ActivityThread: android.app.IntentReceiverLeaked: Activity com.thundercomm.tcsetupwizard.TcSetupStartActivity has leaked IntentReceiver com.thundercomm.tcsetupwizard.TcSetupStartActivity$1@e2e8f61 that was originally registered here. Are you missing a call to unregisterReceiver()?
12-14 03:24:12.786 2652 2652 E ActivityThread: at android.app.LoadedApk$ReceiverDispatcher.(LoadedApk.java:1717)
12-14 03:24:12.786 2652 2652 E ActivityThread: at android.app.LoadedApk.getReceiverDispatcher(LoadedApk.java:1494)
12-14 03:24:12.786 2652 2652 E ActivityThread: at android.app.ContextImpl.registerReceiverInternal(ContextImpl.java:1757)
12-14 03:24:12.786 2652 2652 E ActivityThread: at android.app.ContextImpl.registerReceiver(ContextImpl.java:1723)
12-14 03:24:12.786 2652 2652 E ActivityThread: at android.app.ContextImpl.registerReceiver(ContextImpl.java:1711)
12-14 03:24:12.786 2652 2652 E ActivityThread: at android.content.ContextWrapper.registerReceiver(ContextWrapper.java:724)
12-14 03:24:12.786 2652 2652 E ActivityThread: at com.thundercomm.tcsetupwizard.TcSetupStartActivity.onCreate(TcSetupStartActivity.java:84)
12-14 03:24:12.786 2652 2652 E ActivityThread: at android.app.Activity.performCreate(Activity.java:8070)
12-14 03:24:12.786 2652 2652 E ActivityThread: at android.app.Activity.performCreate(Activity.java:8050)
12-14 03:24:12.786 2652 2652 E ActivityThread: at android.app.Instrumentation.callActivityOnCreate(Instrumentation.java:1330)
12-14 03:24:12.786 2652 2652 E ActivityThread: at android.app.ActivityThread.performLaunchActivity(ActivityThread.java:3609)
12-14 03:24:12.786 2652 2652 E ActivityThread: at android.app.ActivityThread.handleLaunchActivity(ActivityThread.java:3793)
12-14 03:24:12.786 2652 2652 E ActivityThread: at android.app.servertransaction.LaunchActivityItem.execute(LaunchActivityItem.java:103)
12-14 03:24:12.786 2652 2652 E ActivityThread: at android.app.servertransaction.TransactionExecutor.executeCallbacks(TransactionExecutor.java:135)
12-14 03:24:12.786 2652 2652 E ActivityThread: at android.app.servertransaction.TransactionExecutor.execute(TransactionExecutor.java:95)
12-14 03:24:12.786 2652 2652 E ActivityThread: at android.app.ActivityThread$H.handleMessage(ActivityThread.java:2211)
12-14 03:24:12.786 2652 2652 E ActivityThread: at android.os.Handler.dispatchMessage(Handler.java:106)
12-14 03:24:12.786 2652 2652 E ActivityThread: at android.os.Looper.loopOnce(Looper.java:201)
12-14 03:24:12.786 2652 2652 E ActivityThread: at android.os.Looper.loop(Looper.java:288)
12-14 03:24:12.786 2652 2652 E ActivityThread: at android.app.ActivityThread.main(ActivityThread.java:7880)
12-14 03:24:12.786 2652 2652 E ActivityThread: at java.lang.reflect.Method.invoke(Native Method)
12-14 03:24:12.786 2652 2652 E ActivityThread: at com.android.internal.os.RuntimeInit$MethodAndArgsCaller.run(RuntimeInit.java:548)
12-14 03:24:12.786 2652 2652 E ActivityThread: at com.android.internal.os.ZygoteInit.main(ZygoteInit.java:1009)
01-01 08:44:41.175 0 0 I : read descriptors
01-01 08:44:41.175 0 0 I : read strings
01-01 08:44:41.294 0 0 D : mv2112_read_status
01-01 08:44:41.294 0 0 D mv2112_update_link: 3.0x901(1G): 0x80
