12-14 03:26:26.502 1468 2349 E DisplayDeviceConfig: requesting nits when no mapping exists.
12-14 03:26:26.518 1468 2349 E DisplayDeviceConfig: requesting nits when no mapping exists.
12-14 03:26:26.519 1468 2349 E DisplayDeviceConfig: requesting nits when no mapping exists.
12-14 03:26:26.535 1468 2349 E DisplayDeviceConfig: requesting nits when no mapping exists.
12-14 03:26:26.536 1468 2349 E DisplayDeviceConfig: requesting nits when no mapping exists.
12-14 03:26:26.551 1468 2349 E DisplayDeviceConfig: requesting nits when no mapping exists.
12-14 03:26:26.552 1468 2349 E DisplayDeviceConfig: requesting nits when no mapping exists.
12-14 03:26:26.568 1468 2349 E DisplayDeviceConfig: requesting nits when no mapping exists.
12-14 03:26:26.569 1468 2349 E DisplayDeviceConfig: requesting nits when no mapping exists.
12-14 03:26:26.585 1468 2349 E DisplayDeviceConfig: requesting nits when no mapping exists.
12-14 03:26:26.585 1468 2349 E DisplayDeviceConfig: requesting nits when no mapping exists.
12-14 03:26:26.601 1468 2349 E DisplayDeviceConfig: requesting nits when no mapping exists.
12-14 03:26:26.602 1468 2349 E DisplayDeviceConfig: requesting nits when no mapping exists.
12-14 03:26:26.618 1468 2349 E DisplayDeviceConfig: requesting nits when no mapping exists.
12-14 03:26:26.619 1468 2349 E DisplayDeviceConfig: requesting nits when no mapping exists.
12-14 03:26:26.635 1468 2349 E DisplayDeviceConfig: requesting nits when no mapping exists.
12-14 03:26:26.635 1468 2349 E DisplayDeviceConfig: requesting nits when no mapping exists.
12-14 03:26:26.651 1468 2349 E DisplayDeviceConfig: requesting nits when no mapping exists.
12-14 03:26:26.652 1468 2349 E DisplayDeviceConfig: requesting nits when no mapping exists.
12-14 03:26:26.668 1468 2349 E DisplayDeviceConfig: requesting nits when no mapping exists.
12-14 03:26:26.669 1468 2349 E DisplayDeviceConfig: requesting nits when no mapping exists.
12-14 03:26:26.685 1468 2349 E DisplayDeviceConfig: requesting nits when no mapping exists.
12-14 03:26:26.685 1468 2349 E DisplayDeviceConfig: requesting nits when no mapping exists.
01-01 08:46:55.443 0 0 D : mv2112_read_status
01-01 08:46:55.443 0 0 D mv2112_update_link: 3.0x901(1G): 0x80
01-01 08:46:55.444 0 0 D mv2112_update_link: 3.0x8109(100M): 0x8
01-01 08:46:55.444 0 0 D mv2112_update_link: link 0x0
01-01 08:46:55.444 0 0 D mv2112_read_status: autoneg is disabled
01-01 08:46:55.503 0 0 I : read descriptors
01-01 08:46:55.503 0 0 I : read strings
01-01 08:46:56.462 0 0 D : mv2112_read_status
01-01 08:46:56.462 0 0 D mv2112_update_link: 3.0x901(1G): 0x80
01-01 08:46:56.462 0 0 D mv2112_update_link: 3.0x8109(100M): 0x8
01-01 08:46:56.462 0 0 D mv2112_update_link: link 0x0
01-01 08:46:56.462 0 0 D mv2112_read_status: autoneg is disabled
01-01 08:46:56.519 0 0 I : read descriptors
01-01 08:46:56.519 0 0 I : read strings
01-01 08:46:57.486 0 0 D : mv2112_read_status
01-01 08:46:57.486 0 0 D mv2112_update_link: 3.0x901(1G): 0x80
01-01 08:46:57.487 0 0 D mv2112_update_link: 3.0x8109(100M): 0x8
01-01 08:46:57.487 0 0 D mv2112_update_link: link 0x0
01-01 08:46:57.487 0 0 D mv2112_read_status: autoneg is disabled
01-01 08:46:57.535 0 0 I : read descriptors
01-01 08:46:57.535 0 0 I : read strings
01-01 08:46:58.510 0 0 D : mv2112_read_status
01-01 08:46:58.510 0 0 D mv2112_update_link: 3.0x901(1G): 0x80
01-01 08:46:58.511 0 0 D mv2112_update_link: 3.0x8109(100M): 0x8
01-01 08:46:58.511 0 0 D mv2112_update_link: link 0x0
01-01 08:46:58.511 0 0 D mv2112_read_status: autoneg is disabled
01-01 08:46:58.555 0 0 I : read descriptors
01-01 08:46:58.555 0 0 I : read strings
01-01 08:46:59.534 0 0 D : mv2112_read_status
01-01 08:46:59.534 0 0 D mv2112_update_link: 3.0x901(1G): 0x80
01-01 08:46:59.534 0 0 D mv2112_update_link: 3.0x8109(100M): 0x8
01-01 08:46:59.534 0 0 D mv2112_update_link: link 0x0
01-01 08:46:59.534 0 0 D mv2112_read_status: autoneg is disabled
01-01 08:46:59.575 0 0 I : read descriptors
01-01 08:46:59.575 0 0 I : read strings
01-01 08:47:00.558 0 0 D : mv2112_read_status
01-01 08:47:00.558 0 0 D mv2112_update_link: 3.0x901(1G): 0x80
01-01 08:47:00.559 0 0 D mv2112_update_link: 3.0x8109(100M): 0x8
01-01 08:47:00.559 0 0 D mv2112_update_link: link 0x0
01-01 08:47:00.559 0 0 D mv2112_read_status: autoneg is disabled
01-01 08:47:00.595 0 0 I : read descriptors
01-01 08:47:00.595 0 0 I : read strings
12-14 03:26:32.702 1468 1658 I PowerManagerService: Napping display group (groupId=0, uid=1000)...
12-14 03:26:32.702 1468 1658 I PowerManagerService: Nap time (uid 1000)...
12-14 03:26:32.704 1468 1658 I DreamManagerService: Entering dreamland.
12-14 03:26:32.706 1468 1658 I PowerManagerService: Dreaming...
12-14 03:26:32.719 1468 1631 I DreamController: Starting dream: name=ComponentInfo{com.thundercomm.screensaver/com.thundercomm.saverclock.service.ClockScreensaver}, isTest=false, canDoze=false, userId=0
12-14 03:26:32.726 1468 1631 D CompatibilityChangeReporter: Compat change id reported: 168419799; UID 10052; state: DISABLED
12-14 03:26:32.732 1468 1609 I ActivityTaskManager: START u0 {flg=0x10000000 pkg=com.thundercomm.screensaver cmp=com.thundercomm.screensaver/android.service.dreams.DreamActivity (has extras)} from uid 10052
12-14 03:26:32.735 1468 1609 W ActivityTaskManager: Can't find TaskDisplayArea to determine support for multi window. Task id=13 attached=false
12-14 03:26:32.754 1468 1609 I ActivityTaskManager: FOREGROUND_APPLICATION_CHANGED to android.service.dreams.DreamActivity
12-14 03:26:32.755 1468 1609 I ActivityTaskManager: The Process com.thundercomm.screensaver Already Exists in BG. So sending its PID: 5020
12-14 03:26:32.755 1468 1609 W ActivityTaskManager: Tried to set launchTime (0) < mLastActivityLaunchTime (186355)
12-14 03:26:32.772 1468 2373 W WindowManager: Failed looking up window session=Session{8b8c5b3 5020:u0a10052} callers=com.android.server.wm.WindowManagerService.windowForClientLocked:5628 com.android.server.wm.Session.insetsModified:629 android.view.IWindowSession$Stub.onTransact:1151
12-14 03:26:32.775 4292 4310 W ContextImpl: Calling a method in the system process without a qualified user: android.app.ContextImpl.startService:1816 android.content.ContextWrapper.startService:774 com.thundercomm.gamemode.ingame.services.GameModeActionUtils.startGameModeService:99 com.thundercomm.gamemode.ingame.services.GameModeActionUtils.startGameModeEntry:22 com.thundercomm.gamemode.ingame.services.ActivityMonitoringService$1.onActivityLaunch:127
12-14 03:26:32.781 1468 1468 I GameModeConfig: Current uri is uri = content://com.thundercomm.gamemode.api/gamemode_settings/gamemode_isgaming
12-14 03:26:32.784 1468 1468 I GameModeConfig: isGameModeOn = false
12-14 03:26:32.784 1468 1468 I GameModeConfig: isGameModeOn = false
12-14 03:26:32.784 1468 1468 I GameModeConfig: isDisableVoice = true
12-14 03:26:32.805 1468 2313 I GameModeConfig: isGameModeOn = false
12-14 03:26:32.806 1468 2313 I GameModeConfig: isGameModeOn = false
12-14 03:26:32.806 1468 2313 I GameModeConfig: isGameModeOn = false
12-14 03:26:32.806 1468 2313 I GameModeConfig: isGameModeOn = false
12-14 03:26:32.840 1468 1658 V DisplayPowerController[0]: Brightness [1.0] reason changing to: 'manual', previous reason: 'manual [ dim ]'.
12-14 03:26:32.850 1468 2349 E DisplayDeviceConfig: requesting nits when no mapping exists.
12-14 03:26:32.850 1468 2349 E DisplayDeviceConfig: requesting nits when no mapping exists.
12-14 03:26:32.867 1468 2349 E DisplayDeviceConfig: requesting nits when no mapping exists.
12-14 03:26:32.867 1468 2349 E DisplayDeviceConfig: requesting nits when no mapping exists.
12-14 03:26:32.878 4292 4310 W ContextImpl: Calling a method in the system process without a qualified user: android.app.ContextImpl.startService:1816 android.content.ContextWrapper.startService:774 com.thundercomm.gamemode.ingame.services.GameModeActionUtils.startGameModeService:99 com.thundercomm.gamemode.ingame.services.GameModeActionUtils.startGameModeEntry:22 com.thundercomm.gamemode.ingame.services.ActivityMonitoringService$1.onActivityLaunch:127
12-14 03:26:32.883 1468 2349 E DisplayDeviceConfig: requesting nits when no mapping exists.
12-14 03:26:32.883 1468 2349 E DisplayDeviceConfig: requesting nits when no mapping exists.
12-14 03:26:32.887 1468 1468 I GameModeConfig: Current uri is uri = content://com.thundercomm.gamemode.api/gamemode_settings/gamemode_isgaming
12-14 03:26:32.889 1468 1468 I GameModeConfig: isGameModeOn = false
12-14 03:26:32.889 1468 1468 I GameModeConfig: isGameModeOn = false
12-14 03:26:32.889 1468 1468 I GameModeConfig: isDisableVoice = true
12-14 03:26:32.901 1468 2349 E DisplayDeviceConfig: requesting nits when no mapping exists.
12-14 03:26:32.902 1468 2349 E DisplayDeviceConfig: requesting nits when no mapping exists.
12-14 03:26:32.922 1468 2349 E DisplayDeviceConfig: requesting nits when no mapping exists.
12-14 03:26:32.922 1468 2349 E DisplayDeviceConfig: requesting nits when no mapping exists.
12-14 03:26:32.933 1468 2349 E DisplayDeviceConfig: requesting nits when no mapping exists.
12-14 03:26:32.934 1468 2349 E DisplayDeviceConfig: requesting nits when no mapping exists.
12-14 03:26:32.949 1468 2349 E DisplayDeviceConfig: requesting nits when no mapping exists.
12-14 03:26:32.950 1468 2349 E DisplayDeviceConfig: requesting nits when no mapping exists.
12-14 03:26:32.966 1468 2349 E DisplayDeviceConfig: requesting nits when no mapping exists.
12-14 03:26:32.967 1468 2349 E DisplayDeviceConfig: requesting nits when no mapping exists.
12-14 03:26:32.985 1468 2349 E DisplayDeviceConfig: requesting nits when no mapping exists.
12-14 03:26:32.986 1468 2349 E DisplayDeviceConfig: requesting nits when no mapping exists.
12-14 03:26:33.000 1468 2349 E DisplayDeviceConfig: requesting nits when no mapping exists.
12-14 03:26:33.000 1468 2349 E DisplayDeviceConfig: requesting nits when no mapping exists.
12-14 03:26:33.010 1468 1468 I GameModeConfig: isGameModeOn = false
12-14 03:26:33.016 1468 2349 E DisplayDeviceConfig: requesting nits when no mapping exists.
12-14 03:26:33.017 1468 2349 E DisplayDeviceConfig: requesting nits when no mapping exists.
12-14 03:26:33.035 1468 2349 E DisplayDeviceConfig: requesting nits when no mapping exists.
12-14 03:26:33.035 1468 2349 E DisplayDeviceConfig: requesting nits when no mapping exists.
12-14 03:26:33.050 1468 2349 E DisplayDeviceConfig: requesting nits when no mapping exists.
12-14 03:26:33.051 1468 2349 E DisplayDeviceConfig: requesting nits when no mapping exists.
12-14 03:26:33.068 1468 2349 E DisplayDeviceConfig: requesting nits when no mapping exists.
12-14 03:26:33.068 1468 2349 E DisplayDeviceConfig: requesting nits when no mapping exists.
12-14 03:26:33.084 1468 2349 E DisplayDeviceConfig: requesting nits when no mapping exists.
12-14 03:26:33.085 1468 2349 E DisplayDeviceConfig: requesting nits when no mapping exists.
12-14 03:26:33.100 1468 2349 E DisplayDeviceConfig: requesting nits when no mapping exists.
12-14 03:26:33.101 1468 2349 E DisplayDeviceConfig: requesting nits when no mapping exists.
12-14 03:26:33.118 1468 2349 E DisplayDeviceConfig: requesting nits when no mapping exists.
12-14 03:26:33.118 1468 2349 E DisplayDeviceConfig: requesting nits when no mapping exists.
12-14 03:26:33.134 1468 2349 E DisplayDeviceConfig: requesting nits when no mapping exists.
12-14 03:26:33.134 1468 2349 E DisplayDeviceConfig: requesting nits when no mapping exists.
12-14 03:26:33.150 1468 2349 E DisplayDeviceConfig: requesting nits when no mapping exists.
12-14 03:26:33.151 1468 2349 E DisplayDeviceConfig: requesting nits when no mapping exists.
12-14 03:26:33.168 1468 2349 E DisplayDeviceConfig: requesting nits when no mapping exists.
12-14 03:26:33.168 1468 2349 E DisplayDeviceConfig: requesting nits when no mapping exists.
12-14 03:26:33.186 1468 2349 E DisplayDeviceConfig: requesting nits when no mapping exists.
12-14 03:26:33.186 1468 2349 E DisplayDeviceConfig: requesting nits when no mapping exists.
12-14 03:26:33.200 1468 2349 E DisplayDeviceConfig: requesting nits when no mapping exists.
12-14 03:26:33.200 1468 2349 E DisplayDeviceConfig: requesting nits when no mapping exists.
12-14 03:26:33.218 1468 2349 E DisplayDeviceConfig: requesting nits when no mapping exists.
12-14 03:26:33.218 1468 2349 E DisplayDeviceConfig: requesting nits when no mapping exists.
12-14 03:26:33.234 1468 2349 E DisplayDeviceConfig: requesting nits when no mapping exists.
12-14 03:26:33.235 1468 2349 E DisplayDeviceConfig: requesting nits when no mapping exists.
12-14 03:26:33.251 1468 2349 E DisplayDeviceConfig: requesting nits when no mapping exists.
12-14 03:26:33.253 1468 2349 E DisplayDeviceConfig: requesting nits when no mapping exists.
12-14 03:26:33.268 1468 2349 E DisplayDeviceConfig: requesting nits when no mapping exists.
12-14 03:26:33.269 1468 2349 E DisplayDeviceConfig: requesting nits when no mapping exists.
12-14 03:26:33.284 1468 2349 E DisplayDeviceConfig: requesting nits when no mapping exists.
12-14 03:26:33.285 1468 2349 E DisplayDeviceConfig: requesting nits when no mapping exists.
12-14 03:26:33.301 1468 2349 E DisplayDeviceConfig: requesting nits when no mapping exists.
12-14 03:26:33.302 1468 2349 E DisplayDeviceConfig: requesting nits when no mapping exists.
12-14 03:26:33.319 1468 2349 E DisplayDeviceConfig: requesting nits when no mapping exists.
12-14 03:26:33.321 1468 2349 E DisplayDeviceConfig: requesting nits when no mapping exists.
12-14 03:26:33.336 1468 2349 E DisplayDeviceConfig: requesting nits when no mapping exists.
12-14 03:26:33.336 1468 2349 E DisplayDeviceConfig: requesting nits when no mapping exists.
12-14 03:26:33.352 1468 2349 E DisplayDeviceConfig: requesting nits when no mapping exists.
12-14 03:26:33.354 1468 2349 E DisplayDeviceConfig: requesting nits when no mapping exists.
12-14 03:26:33.370 1468 2349 E DisplayDeviceConfig: requesting nits when no mapping exists.
12-14 03:26:33.370 1468 2349 E DisplayDeviceConfig: requesting nits when no mapping exists.
12-14 03:26:33.384 1468 2349 E DisplayDeviceConfig: requesting nits when no mapping exists.
12-14 03:26:33.385 1468 2349 E DisplayDeviceConfig: requesting nits when no mapping exists.
12-14 03:26:33.398 4292 4310 W ContextImpl: Calling a method in the system process without a qualified user: android.app.ContextImpl.startService:1816 android.content.ContextWrapper.startService:774 com.thundercomm.gamemode.ingame.services.GameModeActionUtils.startGameModeService:99 com.thundercomm.gamemode.ingame.services.GameModeActionUtils.startGameModeEntry:22 com.thundercomm.gamemode.ingame.services.ActivityMonitoringService$1.onActivityLaunch:127
12-14 03:26:33.403 1468 2349 E DisplayDeviceConfig: requesting nits when no mapping exists.
12-14 03:26:33.403 1468 2349 E DisplayDeviceConfig: requesting nits when no mapping exists.
01-01 08:47:01.582 0 0 D : mv2112_read_status
01-01 08:47:01.582 0 0 D mv2112_update_link: 3.0x901(1G): 0x80
01-01 08:47:01.583 0 0 D mv2112_update_link: 3.0x8109(100M): 0x8
01-01 08:47:01.583 0 0 D mv2112_update_link: link 0x0
01-01 08:47:01.583 0 0 D mv2112_read_status: autoneg is disabled
12-14 03:26:33.405 1468 1468 I GameModeConfig: Current uri is uri = content://com.thundercomm.gamemode.api/gamemode_settings/gamemode_isgaming
12-14 03:26:33.406 1468 1468 I GameModeConfig: isGameModeOn = false
12-14 03:26:33.406 1468 1468 I GameModeConfig: isGameModeOn = false
12-14 03:26:33.406 1468 1468 I GameModeConfig: isDisableVoice = true
12-14 03:26:33.419 1468 2349 E DisplayDeviceConfig: requesting nits when no mapping exists.
12-14 03:26:33.419 1468 2349 E DisplayDeviceConfig: requesting nits when no mapping exists.
12-14 03:26:33.435 1468 2349 E DisplayDeviceConfig: requesting nits when no mapping exists.
12-14 03:26:33.436 1468 2349 E DisplayDeviceConfig: requesting nits when no mapping exists.
01-01 08:47:01.622 0 0 I : read descriptors
01-01 08:47:01.622 0 0 I : read strings
12-14 03:26:33.451 1468 2349 E DisplayDeviceConfig: requesting nits when no mapping exists.
12-14 03:26:33.452 1468 2349 E DisplayDeviceConfig: requesting nits when no mapping exists.
12-14 03:26:33.468 1468 2349 E DisplayDeviceConfig: requesting nits when no mapping exists.
12-14 03:26:33.468 1468 2349 E DisplayDeviceConfig: requesting nits when no mapping exists.
12-14 03:26:33.487 1468 2349 E DisplayDeviceConfig: requesting nits when no mapping exists.
12-14 03:26:33.487 1468 2349 E DisplayDeviceConfig: requesting nits when no mapping exists.
12-14 03:26:33.502 1468 2349 E DisplayDeviceConfig: requesting nits when no mapping exists.
12-14 03:26:33.503 1468 2349 E DisplayDeviceConfig: requesting nits when no mapping exists.
12-14 03:26:33.525 1468 2349 E DisplayDeviceConfig: requesting nits when no mapping exists.
12-14 03:26:33.526 1468 2349 E DisplayDeviceConfig: requesting nits when no mapping exists.
12-14 03:26:33.535 1468 2349 E DisplayDeviceConfig: requesting nits when no mapping exists.
12-14 03:26:33.540 1468 2349 E DisplayDeviceConfig: requesting nits when no mapping exists.
12-14 03:26:33.552 1468 2349 E DisplayDeviceConfig: requesting nits when no mapping exists.
12-14 03:26:33.553 1468 2349 E DisplayDeviceConfig: requesting nits when no mapping exists.
12-14 03:26:33.568 1468 2349 E DisplayDeviceConfig: requesting nits when no mapping exists.
12-14 03:26:33.569 1468 2349 E DisplayDeviceConfig: requesting nits when no mapping exists.
12-14 03:26:33.585 1468 2349 E DisplayDeviceConfig: requesting nits when no mapping exists.
12-14 03:26:33.586 1468 2349 E DisplayDeviceConfig: requesting nits when no mapping exists.
12-14 03:26:33.602 1468 2349 E DisplayDeviceConfig: requesting nits when no mapping exists.
12-14 03:26:33.602 1468 2349 E DisplayDeviceConfig: requesting nits when no mapping exists.
12-14 03:26:33.618 1468 2349 E DisplayDeviceConfig: requesting nits when no mapping exists.
12-14 03:26:33.620 1468 2349 E DisplayDeviceConfig: requesting nits when no mapping exists.
12-14 03:26:33.635 1468 2349 E DisplayDeviceConfig: requesting nits when no mapping exists.
12-14 03:26:33.636 1468 2349 E DisplayDeviceConfig: requesting nits when no mapping exists.
12-14 03:26:33.652 1468 2349 E DisplayDeviceConfig: requesting nits when no mapping exists.
12-14 03:26:33.653 1468 2349 E DisplayDeviceConfig: requesting nits when no mapping exists.
12-14 03:26:33.669 1468 2349 E DisplayDeviceConfig: requesting nits when no mapping exists.
12-14 03:26:33.671 1468 2349 E DisplayDeviceConfig: requesting nits when no mapping exists.
12-14 03:26:33.686 1468 2349 E DisplayDeviceConfig: requesting nits when no mapping exists.
12-14 03:26:33.687 1468 2349 E DisplayDeviceConfig: requesting nits when no mapping exists.
12-14 03:26:33.702 1468 2349 E DisplayDeviceConfig: requesting nits when no mapping exists.
12-14 03:26:33.702 1468 2349 E DisplayDeviceConfig: requesting nits when no mapping exists.
12-14 03:26:33.719 1468 2349 E DisplayDeviceConfig: requesting nits when no mapping exists.
12-14 03:26:33.720 1468 2349 E DisplayDeviceConfig: requesting nits when no mapping exists.
12-14 03:26:33.735 1468 2349 E DisplayDeviceConfig: requesting nits when no mapping exists.
12-14 03:26:33.736 1468 2349 E DisplayDeviceConfig: requesting nits when no mapping exists.
12-14 03:26:33.758 1468 2349 E DisplayDeviceConfig: requesting nits when no mapping exists.
12-14 03:26:33.758 1468 2349 E DisplayDeviceConfig: requesting nits when no mapping exists.
12-14 03:26:33.769 1468 2349 E DisplayDeviceConfig: requesting nits when no mapping exists.
12-14 03:26:33.770 1468 2349 E DisplayDeviceConfig: requesting nits when no mapping exists.
12-14 03:26:33.786 1468 2349 E DisplayDeviceConfig: requesting nits when no mapping exists.
12-14 03:26:33.787 1468 2349 E DisplayDeviceConfig: requesting nits when no mapping exists.
12-14 03:26:33.804 1468 2349 E DisplayDeviceConfig: requesting nits when no mapping exists.
12-14 03:26:33.804 1468 2349 E DisplayDeviceConfig: requesting nits when no mapping exists.
01-01 08:47:02.606 0 0 D : mv2112_read_status
01-01 08:47:02.606 0 0 D mv2112_update_link: 3.0x901(1G): 0x80
01-01 08:47:02.607 0 0 D mv2112_update_link: 3.0x8109(100M): 0x8
01-01 08:47:02.607 0 0 D mv2112_update_link: link 0x0
01-01 08:47:02.607 0 0 D mv2112_read_status: autoneg is disabled
01-01 08:47:02.643 0 0 I : read descriptors
01-01 08:47:02.643 0 0 I : read strings
01-01 08:47:03.630 0 0 D : mv2112_read_status
01-01 08:47:03.630 0 0 D mv2112_update_link: 3.0x901(1G): 0x80
01-01 08:47:03.630 0 0 D mv2112_update_link: 3.0x8109(100M): 0x8
01-01 08:47:03.630 0 0 D mv2112_update_link: link 0x0
01-01 08:47:03.630 0 0 D mv2112_read_status: autoneg is disabled
01-01 08:47:03.663 0 0 I : read descriptors
01-01 08:47:03.663 0 0 I : read strings
01-01 08:47:04.654 0 0 D : mv2112_read_status
01-01 08:47:04.654 0 0 D mv2112_update_link: 3.0x901(1G): 0x80
01-01 08:47:04.654 0 0 D mv2112_update_link: 3.0x8109(100M): 0x8
01-01 08:47:04.654 0 0 D mv2112_update_link: link 0x0
01-01 08:47:04.654 0 0 D mv2112_read_status: autoneg is disabled
01-01 08:47:04.683 0 0 I : read descriptors
01-01 08:47:04.683 0 0 I : read strings
01-01 08:47:05.678 0 0 D : mv2112_read_status
01-01 08:47:05.678 0 0 D mv2112_update_link: 3.0x901(1G): 0x80
01-01 08:47:05.679 0 0 D mv2112_update_link: 3.0x8109(100M): 0x8
01-01 08:47:05.679 0 0 D mv2112_update_link: link 0x0
01-01 08:47:05.679 0 0 D mv2112_read_status: autoneg is disabled
01-01 08:47:05.698 0 0 I : read descriptors
01-01 08:47:05.699 0 0 I : read strings
01-01 08:47:06.702 0 0 D : mv2112_read_status
01-01 08:47:06.702 0 0 D mv2112_update_link: 3.0x901(1G): 0x80
01-01 08:47:06.702 0 0 D mv2112_update_link: 3.0x8109(100M): 0x8
01-01 08:47:06.702 0 0 D mv2112_update_link: link 0x0
01-01 08:47:06.702 0 0 D mv2112_read_status: autoneg is disabled
01-01 08:47:06.715 0 0 I : read descriptors
01-01 08:47:06.715 0 0 I : read strings
01-01 08:47:07.726 0 0 D : mv2112_read_status
01-01 08:47:07.726 0 0 D mv2112_update_link: 3.0x901(1G): 0x80
01-01 08:47:07.726 0 0 D mv2112_update_link: 3.0x8109(100M): 0x8
01-01 08:47:07.726 0 0 D mv2112_update_link: link 0x0
01-01 08:47:07.726 0 0 D mv2112_read_status: autoneg is disabled
01-01 08:47:07.735 0 0 I : read descriptors
01-01 08:47:07.735 0 0 I : read strings
01-01 08:47:08.750 0 0 D : mv2112_read_status
01-01 08:47:08.750 0 0 D mv2112_update_link: 3.0x901(1G): 0x80
01-01 08:47:08.750 0 0 D mv2112_update_link: 3.0x8109(100M): 0x8
01-01 08:47:08.750 0 0 D mv2112_update_link: link 0x0
01-01 08:47:08.750 0 0 D mv2112_read_status: autoneg is disabled
01-01 08:47:08.755 0 0 I : read descriptors
01-01 08:47:08.755 0 0 I : read strings
01-01 08:47:09.771 0 0 I : read descriptors
01-01 08:47:09.771 0 0 I : read strings
01-01 08:47:09.774 0 0 D : mv2112_read_status
01-01 08:47:09.774 0 0 D mv2112_update_link: 3.0x901(1G): 0x80
01-01 08:47:09.774 0 0 D mv2112_update_link: 3.0x8109(100M): 0x8
01-01 08:47:09.774 0 0 D mv2112_update_link: link 0x0
01-01 08:47:09.774 0 0 D mv2112_read_status: autoneg is disabled
01-01 08:47:10.068 0 0 I [schedu][0x14fc5a2e1][03:26:41.887108] wlan: [1970:I:OSIF] scan start scan id 40965
01-01 08:47:10.791 0 0 I : read descriptors
01-01 08:47:10.791 0 0 I : read strings
01-01 08:47:10.798 0 0 D : mv2112_read_status
01-01 08:47:10.798 0 0 D mv2112_update_link: 3.0x901(1G): 0x80
01-01 08:47:10.798 0 0 D mv2112_update_link: 3.0x8109(100M): 0x8
01-01 08:47:10.798 0 0 D mv2112_update_link: link 0x0
01-01 08:47:10.798 0 0 D mv2112_read_status: autoneg is disabled
12-14 03:26:43.057 1468 2313 I GameModeConfig: isGameModeOn = false
01-01 08:47:11.260 0 0 I [schedu][0x15122e6b2][03:26:43.079265] wlan: [1970:I:OSIF] vdev 0, scan id 40965 type COMPLETED(1) reason COMPLETED(1) scan found 109 bss
01-01 08:47:11.807 0 0 I : read descriptors
01-01 08:47:11.807 0 0 I : read strings
01-01 08:47:11.822 0 0 D : mv2112_read_status
01-01 08:47:11.822 0 0 D mv2112_update_link: 3.0x901(1G): 0x80
01-01 08:47:11.822 0 0 D mv2112_update_link: 3.0x8109(100M): 0x8
01-01 08:47:11.822 0 0 D mv2112_update_link: link 0x0
01-01 08:47:11.822 0 0 D mv2112_read_status: autoneg is disabled
01-01 08:47:12.823 0 0 I : read descriptors
01-01 08:47:12.823 0 0 I : read strings
01-01 08:47:12.846 0 0 D : mv2112_read_status
01-01 08:47:12.846 0 0 D mv2112_update_link: 3.0x901(1G): 0x80
01-01 08:47:12.846 0 0 D mv2112_update_link: 3.0x8109(100M): 0x8
01-01 08:47:12.846 0 0 D mv2112_update_link: link 0x0
01-01 08:47:12.846 0 0 D mv2112_read_status: autoneg is disabled
01-01 08:47:13.839 0 0 I : read descriptors
01-01 08:47:13.839 0 0 I : read strings
01-01 08:47:13.870 0 0 D : mv2112_read_status
01-01 08:47:13.870 0 0 D mv2112_update_link: 3.0x901(1G): 0x80
01-01 08:47:13.870 0 0 D mv2112_update_link: 3.0x8109(100M): 0x8
01-01 08:47:13.870 0 0 D mv2112_update_link: link 0x0
01-01 08:47:13.870 0 0 D mv2112_read_status: autoneg is disabled
01-01 08:47:14.855 0 0 I : read descriptors
01-01 08:47:14.855 0 0 I : read strings
01-01 08:47:14.894 0 0 D : mv2112_read_status
01-01 08:47:14.894 0 0 D mv2112_update_link: 3.0x901(1G): 0x80
01-01 08:47:14.894 0 0 D mv2112_update_link: 3.0x8109(100M): 0x8
01-01 08:47:14.894 0 0 D mv2112_update_link: link 0x0
01-01 08:47:14.894 0 0 D mv2112_read_status: autoneg is disabled
01-01 08:47:15.867 0 0 I : read descriptors
01-01 08:47:15.867 0 0 I : read strings
01-01 08:47:15.918 0 0 D : mv2112_read_status
01-01 08:47:15.918 0 0 D mv2112_update_link: 3.0x901(1G): 0x80
01-01 08:47:15.918 0 0 D mv2112_update_link: 3.0x8109(100M): 0x8
01-01 08:47:15.918 0 0 D mv2112_update_link: link 0x0
01-01 08:47:15.918 0 0 D mv2112_read_status: autoneg is disabled
01-01 08:47:16.883 0 0 I : read descriptors
01-01 08:47:16.883 0 0 I : read strings
01-01 08:47:16.942 0 0 D : mv2112_read_status
01-01 08:47:16.942 0 0 D mv2112_update_link: 3.0x901(1G): 0x80
01-01 08:47:16.942 0 0 D mv2112_update_link: 3.0x8109(100M): 0x8
01-01 08:47:16.942 0 0 D mv2112_update_link: link 0x0
01-01 08:47:16.942 0 0 D mv2112_read_status: autoneg is disabled
01-01 08:47:17.899 0 0 I : read descriptors
01-01 08:47:17.899 0 0 I : read strings
01-01 08:47:17.966 0 0 D : mv2112_read_status
01-01 08:47:17.966 0 0 D mv2112_update_link: 3.0x901(1G): 0x80
01-01 08:47:17.966 0 0 D mv2112_update_link: 3.0x8109(100M): 0x8
01-01 08:47:17.966 0 0 D mv2112_update_link: link 0x0
01-01 08:47:17.966 0 0 D mv2112_read_status: autoneg is disabled
01-01 08:47:18.915 0 0 I : read descriptors
01-01 08:47:18.915 0 0 I : read strings
01-01 08:47:18.990 0 0 D : mv2112_read_status
01-01 08:47:18.990 0 0 D mv2112_update_link: 3.0x901(1G): 0x80
01-01 08:47:18.990 0 0 D mv2112_update_link: 3.0x8109(100M): 0x8
01-01 08:47:18.990 0 0 D mv2112_update_link: link 0x0
01-01 08:47:18.990 0 0 D mv2112_read_status: autoneg is disabled
01-01 08:47:19.931 0 0 I : read descriptors
01-01 08:47:19.931 0 0 I : read strings
01-01 08:47:20.014 0 0 D : mv2112_read_status
01-01 08:47:20.014 0 0 D mv2112_update_link: 3.0x901(1G): 0x80
01-01 08:47:20.014 0 0 D mv2112_update_link: 3.0x8109(100M): 0x8
01-01 08:47:20.014 0 0 D mv2112_update_link: link 0x0
01-01 08:47:20.014 0 0 D mv2112_read_status: autoneg is disabled
01-01 08:47:20.947 0 0 I : read descriptors
01-01 08:47:20.947 0 0 I : read strings
01-01 08:47:21.038 0 0 D : mv2112_read_status
01-01 08:47:21.038 0 0 D mv2112_update_link: 3.0x901(1G): 0x80
01-01 08:47:21.038 0 0 D mv2112_update_link: 3.0x8109(100M): 0x8
01-01 08:47:21.038 0 0 D mv2112_update_link: link 0x0
01-01 08:47:21.038 0 0 D mv2112_read_status: autoneg is disabled
01-01 08:47:21.963 0 0 I : read descriptors
01-01 08:47:21.963 0 0 I : read strings
01-01 08:47:22.062 0 0 D : mv2112_read_status
01-01 08:47:22.062 0 0 D mv2112_update_link: 3.0x901(1G): 0x80
01-01 08:47:22.062 0 0 D mv2112_update_link: 3.0x8109(100M): 0x8
01-01 08:47:22.062 0 0 D mv2112_update_link: link 0x0
01-01 08:47:22.062 0 0 D mv2112_read_status: autoneg is disabled
01-01 08:47:22.979 0 0 I : read descriptors
01-01 08:47:22.979 0 0 I : read strings
01-01 08:47:23.086 0 0 D : mv2112_read_status
01-01 08:47:23.086 0 0 D mv2112_update_link: 3.0x901(1G): 0x80
01-01 08:47:23.086 0 0 D mv2112_update_link: 3.0x8109(100M): 0x8
01-01 08:47:23.086 0 0 D mv2112_update_link: link 0x0
01-01 08:47:23.086 0 0 D mv2112_read_status: autoneg is disabled
01-01 08:47:23.995 0 0 I : read descriptors
01-01 08:47:23.995 0 0 I : read strings
01-01 08:47:24.110 0 0 D : mv2112_read_status
01-01 08:47:24.110 0 0 D mv2112_update_link: 3.0x901(1G): 0x80
01-01 08:47:24.110 0 0 D mv2112_update_link: 3.0x8109(100M): 0x8
01-01 08:47:24.110 0 0 D mv2112_update_link: link 0x0
01-01 08:47:24.110 0 0 D mv2112_read_status: autoneg is disabled
01-01 08:47:25.015 0 0 I : read descriptors
01-01 08:47:25.015 0 0 I : read strings
01-01 08:47:25.134 0 0 D : mv2112_read_status
01-01 08:47:25.134 0 0 D mv2112_update_link: 3.0x901(1G): 0x80
01-01 08:47:25.134 0 0 D mv2112_update_link: 3.0x8109(100M): 0x8
01-01 08:47:25.134 0 0 D mv2112_update_link: link 0x0
01-01 08:47:25.134 0 0 D mv2112_read_status: autoneg is disabled
01-01 08:47:26.035 0 0 I : read descriptors
01-01 08:47:26.035 0 0 I : read strings
01-01 08:47:26.164 0 0 D : mv2112_read_status
01-01 08:47:26.165 0 0 D mv2112_update_link: 3.0x901(1G): 0x80
01-01 08:47:26.165 0 0 D mv2112_update_link: 3.0x8109(100M): 0x8
01-01 08:47:26.165 0 0 D mv2112_update_link: link 0x0
01-01 08:47:26.165 0 0 D mv2112_read_status: autoneg is disabled
01-01 08:47:27.059 0 0 I : read descriptors
01-01 08:47:27.059 0 0 I : read strings
01-01 08:47:27.182 0 0 D : mv2112_read_status
01-01 08:47:27.182 0 0 D mv2112_update_link: 3.0x901(1G): 0x80
01-01 08:47:27.183 0 0 D mv2112_update_link: 3.0x8109(100M): 0x8
01-01 08:47:27.183 0 0 D mv2112_update_link: link 0x0
01-01 08:47:27.183 0 0 D mv2112_read_status: autoneg is disabled
01-01 08:47:28.086 0 0 I : read descriptors
01-01 08:47:28.087 0 0 I : read strings
01-01 08:47:28.206 0 0 D : mv2112_read_status
01-01 08:47:28.206 0 0 D mv2112_update_link: 3.0x901(1G): 0x80
01-01 08:47:28.206 0 0 D mv2112_update_link: 3.0x8109(100M): 0x8
01-01 08:47:28.206 0 0 D mv2112_update_link: link 0x0
01-01 08:47:28.206 0 0 D mv2112_read_status: autoneg is disabled
01-01 08:47:29.107 0 0 I : read descriptors
01-01 08:47:29.107 0 0 I : read strings
01-01 08:47:29.230 0 0 D : mv2112_read_status
01-01 08:47:29.230 0 0 D mv2112_update_link: 3.0x901(1G): 0x80
01-01 08:47:29.230 0 0 D mv2112_update_link: 3.0x8109(100M): 0x8
01-01 08:47:29.230 0 0 D mv2112_update_link: link 0x0
01-01 08:47:29.230 0 0 D mv2112_read_status: autoneg is disabled
01-01 08:47:30.127 0 0 I : read descriptors
01-01 08:47:30.127 0 0 I : read strings
01-01 08:47:30.254 0 0 D : mv2112_read_status
01-01 08:47:30.254 0 0 D mv2112_update_link: 3.0x901(1G): 0x80
01-01 08:47:30.254 0 0 D mv2112_update_link: 3.0x8109(100M): 0x8
01-01 08:47:30.254 0 0 D mv2112_update_link: link 0x0
01-01 08:47:30.254 0 0 D mv2112_read_status: autoneg is disabled
01-01 08:47:31.147 0 0 I : read descriptors
01-01 08:47:31.147 0 0 I : read strings
01-01 08:47:31.278 0 0 D : mv2112_read_status
01-01 08:47:31.278 0 0 D mv2112_update_link: 3.0x901(1G): 0x80
01-01 08:47:31.278 0 0 D mv2112_update_link: 3.0x8109(100M): 0x8
01-01 08:47:31.278 0 0 D mv2112_update_link: link 0x0
01-01 08:47:31.278 0 0 D mv2112_read_status: autoneg is disabled
01-01 08:47:32.163 0 0 I : read descriptors
01-01 08:47:32.163 0 0 I : read strings
01-01 08:47:32.302 0 0 D : mv2112_read_status
01-01 08:47:32.302 0 0 D mv2112_update_link: 3.0x901(1G): 0x80
01-01 08:47:32.302 0 0 D mv2112_update_link: 3.0x8109(100M): 0x8
01-01 08:47:32.302 0 0 D mv2112_update_link: link 0x0
01-01 08:47:32.302 0 0 D mv2112_read_status: autoneg is disabled
01-01 08:47:33.179 0 0 I : read descriptors
01-01 08:47:33.179 0 0 I : read strings
01-01 08:47:33.326 0 0 D : mv2112_read_status
01-01 08:47:33.326 0 0 D mv2112_update_link: 3.0x901(1G): 0x80
01-01 08:47:33.326 0 0 D mv2112_update_link: 3.0x8109(100M): 0x8
01-01 08:47:33.326 0 0 D mv2112_update_link: link 0x0
01-01 08:47:33.326 0 0 D mv2112_read_status: autoneg is disabled
01-01 08:47:34.191 0 0 I : read descriptors
01-01 08:47:34.191 0 0 I : read strings
01-01 08:47:34.350 0 0 D : mv2112_read_status
01-01 08:47:34.350 0 0 D mv2112_update_link: 3.0x901(1G): 0x80
01-01 08:47:34.350 0 0 D mv2112_update_link: 3.0x8109(100M): 0x8
01-01 08:47:34.350 0 0 D mv2112_update_link: link 0x0
01-01 08:47:34.350 0 0 D mv2112_read_status: autoneg is disabled
01-01 08:47:35.207 0 0 I : read descriptors
01-01 08:47:35.207 0 0 I : read strings
01-01 08:47:35.374 0 0 D : mv2112_read_status
01-01 08:47:35.374 0 0 D mv2112_update_link: 3.0x901(1G): 0x80
01-01 08:47:35.374 0 0 D mv2112_update_link: 3.0x8109(100M): 0x8
01-01 08:47:35.374 0 0 D mv2112_update_link: link 0x0
01-01 08:47:35.374 0 0 D mv2112_read_status: autoneg is disabled
01-01 08:47:36.219 0 0 I : read descriptors
01-01 08:47:36.219 0 0 I : read strings
01-01 08:47:36.398 0 0 D : mv2112_read_status
01-01 08:47:36.398 0 0 D mv2112_update_link: 3.0x901(1G): 0x80
01-01 08:47:36.398 0 0 D mv2112_update_link: 3.0x8109(100M): 0x8
01-01 08:47:36.398 0 0 D mv2112_update_link: link 0x0
01-01 08:47:36.398 0 0 D mv2112_read_status: autoneg is disabled
12-14 03:27:08.853 1468 3345 I DreamManagerService: Gently waking up from dream.
12-14 03:27:08.854 1468 1631 I DreamManagerService: Performing gentle wake from dream.
12-14 03:27:08.858 1468 2464 I ActivityTaskManager: FOREGROUND_APPLICATION_CHANGED to com.android.settings.homepage.SettingsHomepageActivity
12-14 03:27:08.884 4292 4310 W ContextImpl: Calling a method in the system process without a qualified user: android.app.ContextImpl.startService:1816 android.content.ContextWrapper.startService:774 com.thundercomm.gamemode.ingame.services.GameModeActionUtils.startGameModeService:99 com.thundercomm.gamemode.ingame.services.GameModeActionUtils.startGameModeEntry:22 com.thundercomm.gamemode.ingame.services.ActivityMonitoringService$1.onActivityLaunch:127
12-14 03:27:08.889 1468 1468 I GameModeConfig: Current uri is uri = content://com.thundercomm.gamemode.api/gamemode_settings/gamemode_isgaming
12-14 03:27:08.892 1468 1468 I GameModeConfig: isGameModeOn = false
12-14 03:27:08.892 1468 1468 I GameModeConfig: isGameModeOn = false
12-14 03:27:08.892 1468 1468 I GameModeConfig: isDisableVoice = true
12-14 03:27:08.949 1468 1658 I PowerManagerService: Powering on display group fromDreaming (groupId=0, uid=1000, reason=WAKE_REASON_UNKNOWN, details=android.server.power:DREAM_FINISHED)...
12-14 03:27:08.949 1468 1658 I PowerManagerService: Waking up from Dreaming (uid=1000, reason=WAKE_REASON_UNKNOWN, details=android.server.power:DREAM_FINISHED)...
12-14 03:27:08.970 4292 4310 W ContextImpl: Calling a method in the system process without a qualified user: android.app.ContextImpl.startService:1816 android.content.ContextWrapper.startService:774 com.thundercomm.gamemode.ingame.services.GameModeActionUtils.startGameModeService:99 com.thundercomm.gamemode.ingame.services.GameModeActionUtils.startGameModeEntry:22 com.thundercomm.gamemode.ingame.services.ActivityMonitoringService$1.onActivityLaunch:127
12-14 03:27:08.976 1468 1468 I GameModeConfig: Current uri is uri = content://com.thundercomm.gamemode.api/gamemode_settings/gamemode_isgaming
12-14 03:27:08.978 1468 1468 I GameModeConfig: isGameModeOn = false
12-14 03:27:08.978 1468 1468 I GameModeConfig: isGameModeOn = false
12-14 03:27:08.978 1468 1468 I GameModeConfig: isDisableVoice = true
01-01 08:47:37.247 0 0 I : read descriptors
01-01 08:47:37.247 0 0 I : read strings
01-01 08:47:37.422 0 0 D : mv2112_read_status
01-01 08:47:37.422 0 0 D mv2112_update_link: 3.0x901(1G): 0x80
01-01 08:47:37.422 0 0 D mv2112_update_link: 3.0x8109(100M): 0x8
01-01 08:47:37.422 0 0 D mv2112_update_link: link 0x0
01-01 08:47:37.422 0 0 D mv2112_read_status: autoneg is disabled
12-14 03:27:09.497 4292 4310 W ContextImpl: Calling a method in the system process without a qualified user: android.app.ContextImpl.startService:1816 android.content.ContextWrapper.startService:774 com.thundercomm.gamemode.ingame.services.GameModeActionUtils.startGameModeService:99 com.thundercomm.gamemode.ingame.services.GameModeActionUtils.startGameModeEntry:22 com.thundercomm.gamemode.ingame.services.ActivityMonitoringService$1.onActivityLaunch:127
12-14 03:27:09.501 1468 1468 I GameModeConfig: Current uri is uri = content://com.thundercomm.gamemode.api/gamemode_settings/gamemode_isgaming
12-14 03:27:09.504 1468 2464 I DreamManagerService: Leaving dreamland.
12-14 03:27:09.505 1468 1631 I DreamManagerService: Performing gentle wake from dream.
12-14 03:27:09.505 1468 1631 I DreamController: Stopping dream: name=ComponentInfo{com.thundercomm.screensaver/com.thundercomm.saverclock.service.ClockScreensaver}, isTest=false, canDoze=false, userId=0, reason='finished self'(from 'finished self')
12-14 03:27:09.505 1468 1468 I GameModeConfig: isGameModeOn = false
12-14 03:27:09.506 1468 1468 I GameModeConfig: isGameModeOn = false
12-14 03:27:09.506 1468 1468 I GameModeConfig: isDisableVoice = true
12-14 03:27:09.520 1468 1635 W ActivityTaskManager: Can't find TaskDisplayArea to determine support for multi window. Task id=13 attached=false
01-01 08:47:38.275 0 0 I : read descriptors
01-01 08:47:38.275 0 0 I : read strings
01-01 08:47:38.446 0 0 D : mv2112_read_status
01-01 08:47:38.446 0 0 D mv2112_update_link: 3.0x901(1G): 0x80
01-01 08:47:38.447 0 0 D mv2112_update_link: 3.0x8109(100M): 0x8
01-01 08:47:38.447 0 0 D mv2112_update_link: link 0x0
01-01 08:47:38.447 0 0 D mv2112_read_status: autoneg is disabled
01-01 08:47:39.294 0 0 I : read descriptors
01-01 08:47:39.295 0 0 I : read strings
01-01 08:47:39.481 0 0 D : mv2112_read_status
01-01 08:47:39.481 0 0 D mv2112_update_link: 3.0x901(1G): 0x80
01-01 08:47:39.481 0 0 D mv2112_update_link: 3.0x8109(100M): 0x8
01-01 08:47:39.481 0 0 D mv2112_update_link: link 0x0
01-01 08:47:39.481 0 0 D mv2112_read_status: autoneg is disabled
12-14 03:27:11.372 1468 3298 E UserRestrictionsUtils: Unknown restriction queried by uid 1000 (com.android.location.fused et al): null
01-01 08:47:39.707 0 0 I [schedu][0x171b10b79][03:27:11.526476] wlan: [1970:I:OSIF] scan start scan id 40966
01-01 08:47:40.315 0 0 I : read descriptors
01-01 08:47:40.315 0 0 I : read strings
01-01 08:47:40.494 0 0 D : mv2112_read_status
01-01 08:47:40.494 0 0 D mv2112_update_link: 3.0x901(1G): 0x80
01-01 08:47:40.494 0 0 D mv2112_update_link: 3.0x8109(100M): 0x8
01-01 08:47:40.494 0 0 D mv2112_update_link: link 0x0
01-01 08:47:40.494 0 0 D mv2112_read_status: autoneg is disabled
01-01 08:47:40.891 0 0 I [schedu][0x1730bc61c][03:27:12.709977] wlan: [1970:I:OSIF] vdev 0, scan id 40966 type COMPLETED(1) reason COMPLETED(1) scan found 114 bss
01-01 08:47:41.331 0 0 I : read descriptors
01-01 08:47:41.331 0 0 I : read strings
01-01 08:47:41.518 0 0 D : mv2112_read_status
01-01 08:47:41.518 0 0 D mv2112_update_link: 3.0x901(1G): 0x80
01-01 08:47:41.519 0 0 D mv2112_update_link: 3.0x8109(100M): 0x8
01-01 08:47:41.519 0 0 D mv2112_update_link: link 0x0
01-01 08:47:41.519 0 0 D mv2112_read_status: autoneg is disabled
01-01 08:47:42.353 0 0 I : read descriptors
01-01 08:47:42.353 0 0 I : read strings
01-01 08:47:42.542 0 0 D : mv2112_read_status
01-01 08:47:42.542 0 0 D mv2112_update_link: 3.0x901(1G): 0x80
01-01 08:47:42.543 0 0 D mv2112_update_link: 3.0x8109(100M): 0x8
01-01 08:47:42.543 0 0 D mv2112_update_link: link 0x0
01-01 08:47:42.543 0 0 D mv2112_read_status: autoneg is disabled
01-01 08:47:43.375 0 0 I : read descriptors
01-01 08:47:43.375 0 0 I : read strings
01-01 08:47:43.571 0 0 D : mv2112_read_status
01-01 08:47:43.571 0 0 D mv2112_update_link: 3.0x901(1G): 0x80
01-01 08:47:43.571 0 0 D mv2112_update_link: 3.0x8109(100M): 0x8
01-01 08:47:43.571 0 0 D mv2112_update_link: link 0x0
01-01 08:47:43.571 0 0 D mv2112_read_status: autoneg is disabled
01-01 08:47:44.391 0 0 I : read descriptors
01-01 08:47:44.391 0 0 I : read strings
01-01 08:47:44.590 0 0 D : mv2112_read_status
01-01 08:47:44.591 0 0 D mv2112_update_link: 3.0x901(1G): 0x80
01-01 08:47:44.591 0 0 D mv2112_update_link: 3.0x8109(100M): 0x8
01-01 08:47:44.591 0 0 D mv2112_update_link: link 0x0
01-01 08:47:44.591 0 0 D mv2112_read_status: autoneg is disabled
01-01 08:47:45.411 0 0 I : read descriptors
01-01 08:47:45.411 0 0 I : read strings
01-01 08:47:45.614 0 0 D : mv2112_read_status
01-01 08:47:45.614 0 0 D mv2112_update_link: 3.0x901(1G): 0x80
01-01 08:47:45.615 0 0 D mv2112_update_link: 3.0x8109(100M): 0x8
01-01 08:47:45.615 0 0 D mv2112_update_link: link 0x0
01-01 08:47:45.615 0 0 D mv2112_read_status: autoneg is disabled
01-01 08:47:46.427 0 0 I : read descriptors
01-01 08:47:46.427 0 0 I : read strings
01-01 08:47:46.638 0 0 D : mv2112_read_status
01-01 08:47:46.638 0 0 D mv2112_update_link: 3.0x901(1G): 0x80
01-01 08:47:46.639 0 0 D mv2112_update_link: 3.0x8109(100M): 0x8
01-01 08:47:46.639 0 0 D mv2112_update_link: link 0x0
01-01 08:47:46.639 0 0 D mv2112_read_status: autoneg is disabled
12-14 03:27:18.900 1468 2464 I ActivityTaskManager: START u0 {act=android.intent.action.MAIN cmp=com.android.settings/.SubSettings (has extras)} from uid 1000
12-14 03:27:18.925 1468 2464 I ActivityTaskManager: FOREGROUND_APPLICATION_CHANGED to com.android.settings.SubSettings
12-14 03:27:18.926 1468 2464 I ActivityTaskManager: The Process com.android.settings Already Exists in BG. So sending its PID: 2925
12-14 03:27:18.926 1468 2464 W ActivityTaskManager: Tried to set launchTime (0) < mLastActivityLaunchTime (197006)
12-14 03:27:18.974 1468 2464 I ActivityTaskManager: START u0 {act=android.intent.action.MAIN cmp=com.android.settings/.homepage.SettingsHomepageActivity (has extras)} from uid 1000
12-14 03:27:18.992 1468 2464 W ActivityTaskManager: Duplicate finish request for r=ActivityRecord{d3f62b1 u0 com.android.settings/.SubSettings t12 f}}
12-14 03:27:18.999 1468 2464 I ActivityTaskManager: FOREGROUND_APPLICATION_CHANGED to com.android.settings.homepage.SettingsHomepageActivity
12-14 03:27:19.110 4292 4310 W ContextImpl: Calling a method in the system process without a qualified user: android.app.ContextImpl.startService:1816 android.content.ContextWrapper.startService:774 com.thundercomm.gamemode.ingame.services.GameModeActionUtils.startGameModeService:99 com.thundercomm.gamemode.ingame.services.GameModeActionUtils.startGameModeEntry:22 com.thundercomm.gamemode.ingame.services.ActivityMonitoringService$1.onActivityLaunch:127
12-14 03:27:19.118 1468 1468 I GameModeConfig: Current uri is uri = content://com.thundercomm.gamemode.api/gamemode_settings/gamemode_isgaming
12-14 03:27:19.122 1468 1468 I GameModeConfig: isGameModeOn = false
12-14 03:27:19.123 1468 1468 I GameModeConfig: isGameModeOn = false
12-14 03:27:19.123 1468 1468 I GameModeConfig: isDisableVoice = true
01-01 08:47:47.450 0 0 I : read descriptors
01-01 08:47:47.451 0 0 I : read strings
01-01 08:47:47.550 0 0 I [schedu][0x17aaabf7a][03:27:19.369302] wlan: [1970:I:OSIF] scan start scan id 40967
01-01 08:47:47.662 0 0 D : mv2112_read_status
01-01 08:47:47.662 0 0 D mv2112_update_link: 3.0x901(1G): 0x80
01-01 08:47:47.662 0 0 D mv2112_update_link: 3.0x8109(100M): 0x8
01-01 08:47:47.662 0 0 D mv2112_update_link: link 0x0
01-01 08:47:47.662 0 0 D mv2112_read_status: autoneg is disabled
01-01 08:47:48.299 0 0 I binder : 3725:4108 ioctl 40046210 7375ac31f4 returned -22
12-14 03:27:20.262 1468 2318 W UriGrantsManagerService: No permission grants found for com.baidu.input
01-01 08:47:48.475 0 0 I : read descriptors
01-01 08:47:48.475 0 0 I : read strings
12-14 03:27:20.382 3725 5316 E ActivityThread: Failed to find provider info for telephony
12-14 03:27:20.385 1468 2373 D CompatibilityChangeReporter: Compat change id reported: 171306433; UID 10033; state: DISABLED
12-14 03:27:20.423 1468 2373 D CompatibilityChangeReporter: Compat change id reported: 135634846; UID 10065; state: DISABLED
12-14 03:27:20.423 1468 1643 D CompatibilityChangeReporter: Compat change id reported: 143937733; UID 10065; state: ENABLED
12-14 03:27:20.427 1468 1643 I ActivityManager: Start proc 5364:com.android.webview:webview_service/u0a65 for service {com.android.webview/org.chromium.android_webview.services.VariationsSeedServer}
01-01 08:47:48.620 0 0 I binder : 5364:5364 ioctl 40046210 ffc07fb8 returned -22
12-14 03:27:20.446 1468 2373 D CompatibilityChangeReporter: Compat change id reported: 168419799; UID 10065; state: DISABLED
01-01 08:47:48.686 0 0 D : mv2112_read_status
01-01 08:47:48.686 0 0 D mv2112_update_link: 3.0x901(1G): 0x80
01-01 08:47:48.686 0 0 D mv2112_update_link: 3.0x8109(100M): 0x8
01-01 08:47:48.686 0 0 D mv2112_update_link: link 0x0
01-01 08:47:48.686 0 0 D mv2112_read_status: autoneg is disabled
01-01 08:47:48.726 0 0 I [schedu][0x17c035d7c][03:27:20.545596] wlan: [1970:I:OSIF] vdev 0, scan id 40967 type COMPLETED(1) reason COMPLETED(1) scan found 108 bss
12-14 03:27:21.283 1468 1631 D CompanionDeviceManagerService: onPackageModified(packageName = com.baidu.input)
12-14 03:27:21.298 1468 1468 I Telecom : DefaultDialerCache: Refreshing default dialer for user 0: now null: DDC.oR@ACE
12-14 03:27:21.336 1468 1641 W VoiceInteractionManager: no available voice recognition services found for user 0
01-01 08:47:49.519 0 0 I : read descriptors
01-01 08:47:49.519 0 0 I : read strings
01-01 08:47:49.710 0 0 D : mv2112_read_status
01-01 08:47:49.710 0 0 D mv2112_update_link: 3.0x901(1G): 0x80
01-01 08:47:49.710 0 0 D mv2112_update_link: 3.0x8109(100M): 0x8
01-01 08:47:49.711 0 0 D mv2112_update_link: link 0x0
01-01 08:47:49.711 0 0 D mv2112_read_status: autoneg is disabled
01-01 08:47:50.547 0 0 I : read descriptors
01-01 08:47:50.547 0 0 I : read strings
12-14 03:27:22.416 1468 3841 E TaskPersister: File error accessing recents directory (directory doesn't exist?).
01-01 08:47:50.719 0 0 I [schedu][0x17e4b40c7][03:27:22.538600] wlan: [1970:I:OSIF] scan start scan id 40968
01-01 08:47:50.734 0 0 D : mv2112_read_status
01-01 08:47:50.735 0 0 D mv2112_update_link: 3.0x901(1G): 0x80
01-01 08:47:50.735 0 0 D mv2112_update_link: 3.0x8109(100M): 0x8
01-01 08:47:50.735 0 0 D mv2112_update_link: link 0x0
01-01 08:47:50.735 0 0 D mv2112_read_status: autoneg is disabled
12-14 03:27:22.873 564 564 E spcomlib: [spcom_wait_for_event] event [1] [nvm_ready] EVENT_STATUS_TIMEOUT
12-14 03:27:22.873 564 564 E spdaemon: spcom_wait_for_nvm_ready() failed. ret [-110] [Connection timed out].
12-14 03:27:22.873 564 564 E spdaemon: Initial SP initialization failed. ret [-110].
12-14 03:27:22.873 564 564 D spdaemon: going to sleep for a day.
01-01 08:47:51.054 0 0 E spss_utils [spss_wait_for_event]: wait for event [1] timeout [300] sec expired
01-01 08:47:51.559 0 0 I : read descriptors
01-01 08:47:51.559 0 0 I : read strings
01-01 08:47:51.758 0 0 D : mv2112_read_status
01-01 08:47:51.759 0 0 D mv2112_update_link: 3.0x901(1G): 0x80
01-01 08:47:51.759 0 0 D mv2112_update_link: 3.0x8109(100M): 0x8
01-01 08:47:51.759 0 0 D mv2112_update_link: link 0x0
01-01 08:47:51.759 0 0 D mv2112_read_status: autoneg is disabled
01-01 08:47:51.888 0 0 I [schedu][0x17fa18c2b][03:27:23.706965] wlan: [1970:I:OSIF] vdev 0, scan id 40968 type COMPLETED(1) reason COMPLETED(1) scan found 112 bss
01-01 08:47:52.578 0 0 I : read descriptors
01-01 08:47:52.579 0 0 I : read strings
01-01 08:47:52.782 0 0 D : mv2112_read_status
01-01 08:47:52.782 0 0 D mv2112_update_link: 3.0x901(1G): 0x80
01-01 08:47:52.782 0 0 D mv2112_update_link: 3.0x8109(100M): 0x8
01-01 08:47:52.782 0 0 D mv2112_update_link: link 0x0
01-01 08:47:52.782 0 0 D mv2112_read_status: autoneg is disabled
01-01 08:47:53.595 0 0 I : read descriptors
01-01 08:47:53.595 0 0 I : read strings
01-01 08:47:53.806 0 0 D : mv2112_read_status
01-01 08:47:53.806 0 0 D mv2112_update_link: 3.0x901(1G): 0x80
01-01 08:47:53.807 0 0 D mv2112_update_link: 3.0x8109(100M): 0x8
01-01 08:47:53.807 0 0 D mv2112_update_link: link 0x0
01-01 08:47:53.807 0 0 D mv2112_read_status: autoneg is disabled
01-01 08:47:54.611 0 0 I : read descriptors
01-01 08:47:54.611 0 0 I : read strings
01-01 08:47:54.830 0 0 D : mv2112_read_status
01-01 08:47:54.831 0 0 D mv2112_update_link: 3.0x901(1G): 0x80
01-01 08:47:54.831 0 0 D mv2112_update_link: 3.0x8109(100M): 0x8
01-01 08:47:54.831 0 0 D mv2112_update_link: link 0x0
01-01 08:47:54.831 0 0 D mv2112_read_status: autoneg is disabled
01-01 08:47:55.627 0 0 I : read descriptors
01-01 08:47:55.627 0 0 I : read strings
01-01 08:47:55.854 0 0 D : mv2112_read_status
01-01 08:47:55.854 0 0 D mv2112_update_link: 3.0x901(1G): 0x80
01-01 08:47:55.854 0 0 D mv2112_update_link: 3.0x8109(100M): 0x8
01-01 08:47:55.854 0 0 D mv2112_update_link: link 0x0
01-01 08:47:55.854 0 0 D mv2112_read_status: autoneg is disabled
12-14 03:27:27.739 1468 2301 W ContextImpl: Calling a method in the system process without a qualified user: android.app.ContextImpl.sendBroadcastMultiplePermissions:1206 android.content.Context.sendBroadcastWithMultiplePermissions:2262 com.android.server.wifi.WifiServiceImpl.broadcastWifiCredentialChanged:4925 com.android.server.wifi.WifiServiceImpl.lambda$connect$106:4975 com.android.server.wifi.WifiServiceImpl.$r8$lambda$k_VbQ0XctrStvVsieclZczsvs-g:0
01-01 08:47:55.997 0 0 I [schedu][0x184556870][03:27:27.816142] wlan: [1970:I:HIF] Deinitializing Runtime PM wakelock &vdev->vdev_set_key_runtime_wakelock
01-01 08:47:55.998 0 0 I [schedu][0x18455da73][03:27:27.817662] wlan: [1970:I:HIF] Initializing Runtime PM wakelock &vdev->vdev_set_key_runtime_wakelock
12-14 03:27:27.830 830 830 D android.hardware.wifi@1.0-service: Successfully SetMacAddress.
01-01 08:47:56.012 0 0 I [wifi@1][0x18459c0d0][03:27:27.830973] wlan: [830:I:DP] dp_vdev_attach_wifi3: wlan_cfg_ap_bridge_enabled 0
12-14 03:27:27.839 1195 1195 W wificond: Scan is not started. Ignore abort request
01-01 08:47:56.023 0 0 E [wifi@1][0x1845d0f60][03:27:27.842261] wlan: [2899:E:wifipos] wifi_pos_process_app_reg_req: 608: Received App Req Req pid(339739454), len(16)
