12-14 03:47:47.139 4292 4305 I GameMode_ActivityMonitoringService: onForegroundActivitiesChanged uid 10063 pid 6774 fg false
12-14 03:47:47.142 1468 2313 I GameModeConfig: isGameModeOn = true
12-14 03:47:47.142 1468 2313 I GameModeConfig: isGaming = false
12-14 03:47:47.142 4292 4310 I GameMode_ActivityMonitoringService: Updating top task to: TaskInfoContainer [topActivity=ComponentInfo{com.android.launcher3/com.android.launcher3.uioverrides.QuickstepLauncher}, taskId=10, stackId=1, userId=0, displayId=0, position=8
12-14 03:47:47.142 4292 4310 I GameMode_ActivityMonitoringService: Notifying about top task: TaskInfoContainer [topActivity=ComponentInfo{com.android.launcher3/com.android.launcher3.uioverrides.QuickstepLauncher}, taskId=10, stackId=1, userId=0, displayId=0, position=8
12-14 03:47:47.143 4292 4310 E GameMode_ActivityMonitoringService: onActivityLaunch:com.android.launcher3
12-14 03:47:47.143 4292 4310 V GameMode_GameTypeUtils: judge isGame:com.android.launcher3
12-14 03:47:47.143 4292 4310 V GameMode_GpuUtils: fps:60
12-14 03:47:47.144 1468 2313 I GameModeConfig: isGameModeOn = true
12-14 03:47:47.144 1468 2313 I GameModeConfig: isGaming = false
12-14 03:47:47.144 4292 4310 D GameMode_GameModeActionUtils: Show GameMode entry by service!
12-14 03:47:47.145 4292 4310 W ContextImpl: Calling a method in the system process without a qualified user: android.app.ContextImpl.startService:1816 android.content.ContextWrapper.startService:774 com.thundercomm.gamemode.ingame.services.GameModeActionUtils.startGameModeService:99 com.thundercomm.gamemode.ingame.services.GameModeActionUtils.startGameModeEntry:22 com.thundercomm.gamemode.ingame.services.ActivityMonitoringService$1.onActivityLaunch:127
12-14 03:47:47.145 1468 1635 W Choreographer: Frame time is 0.264536 ms in the future! Check that graphics HAL is generating vsync timestamps using the correct timebase.
12-14 03:47:47.145 2819 2819 W Choreographer: Frame time is 0.192036 ms in the future! Check that graphics HAL is generating vsync timestamps using the correct timebase.
12-14 03:47:47.145 2371 2371 W Choreographer: Frame time is 0.184068 ms in the future! Check that graphics HAL is generating vsync timestamps using the correct timebase.
12-14 03:47:47.149 4292 4292 D GameMode_GameModeService: type=hide_entry
12-14 03:47:47.150 4292 4310 D GameModeIF_GameModeSettings: getUriFor setting_content_uri_root = content://com.thundercomm.gamemode.api/gamemode_settings , name = gamemode_isgaming
12-14 03:47:47.151 1468 1468 I GameModeConfig: Current uri is uri = content://com.thundercomm.gamemode.api/gamemode_settings/gamemode_isgaming
12-14 03:47:47.151 1468 1468 D GameModeIF_GameModeSettings: getUriFor setting_content_uri_root = content://com.thundercomm.gamemode.api/gamemode_settings , name = gamemode_isgaming
12-14 03:47:47.152 4292 4310 D GameModeIF_GameModeSettings: gamemode_isgaming set to 0
12-14 03:47:47.153 1468 1468 I GameModeConfig: isGameModeOn = true
12-14 03:47:47.153 1468 1468 I GameModeConfig: isGaming = false
12-14 03:47:47.153 1468 1468 I GameModeConfig: isGameModeOn = true
12-14 03:47:47.153 1468 1468 I GameModeConfig: isGaming = false
12-14 03:47:47.153 1468 1468 I GameModeConfig: isDisableVoice = true
12-14 03:47:47.154 918 1758 D AF::TrackHandle: OpPlayAudio: track:71 usage:13 not muted
12-14 03:47:47.154 918 1769 D AF::TrackHandle: OpPlayAudio: track:71 usage:13 not muted
12-14 03:47:47.154 918 1769 D AF::TrackHandle: OpPlayAudio: track:71 usage:13 not muted
12-14 03:47:47.154 918 1769 D AF::TrackHandle: OpPlayAudio: track:71 usage:13 not muted
12-14 03:47:47.154 918 1769 D AF::TrackHandle: OpPlayAudio: track:71 usage:13 not muted
12-14 03:47:47.154 918 1769 D AF::TrackHandle: OpPlayAudio: track:71 usage:13 not muted
12-14 03:47:47.155 918 1769 D AF::TrackHandle: OpPlayAudio: track:71 usage:13 not muted
12-14 03:47:47.155 918 1769 D AF::TrackHandle: OpPlayAudio: track:71 usage:13 not muted
12-14 03:47:47.155 918 1769 D AF::TrackHandle: OpPlayAudio: track:71 usage:13 not muted
12-14 03:47:47.155 918 1769 D AF::TrackHandle: OpPlayAudio: track:71 usage:13 not muted
12-14 03:47:47.155 918 1758 D AF::TrackHandle: OpPlayAudio: track:71 usage:13 not muted
12-14 03:47:47.155 918 1769 D AF::TrackHandle: OpPlayAudio: track:71 usage:13 not muted
12-14 03:47:47.156 918 1769 D AF::TrackHandle: OpPlayAudio: track:71 usage:13 not muted
12-14 03:47:47.156 918 1769 D AF::TrackHandle: OpPlayAudio: track:71 usage:13 not muted
12-14 03:47:47.156 918 1769 D AF::TrackHandle: OpPlayAudio: track:71 usage:13 not muted
12-14 03:47:47.156 918 1769 D AF::TrackHandle: OpPlayAudio: track:71 usage:13 not muted
12-14 03:47:47.157 4292 4292 D GameMode_GameSettingsObserver: Game Data change!!!! uri = content://com.thundercomm.gamemode.api/gamemode_settings/gamemode_isgaming
12-14 03:47:47.157 4292 4292 D GameModeIF_GameModeSettings: getUriFor setting_content_uri_root = content://com.thundercomm.gamemode.api/gamemode_settings , name = gamemode_isgaming
12-14 03:47:47.158 1468 2313 I GameModeConfig: isGameModeOn = true
12-14 03:47:47.158 1468 2313 I GameModeConfig: isGaming = false
12-14 03:47:47.159 4292 4292 D GameMode_GameModeService: updateGlobalSettings = gamemode_isgaming
12-14 03:47:47.160 1468 2313 I GameModeConfig: isGameModeOn = true
12-14 03:47:47.160 1468 2313 I GameModeConfig: isGaming = false
12-14 03:47:47.176 1468 2313 I GameModeConfig: isGameModeOn = true
12-14 03:47:47.176 1468 2313 I GameModeConfig: isGaming = false
12-14 03:47:47.178 1468 2313 I GameModeConfig: isGameModeOn = true
12-14 03:47:47.178 1468 2313 I GameModeConfig: isGaming = false
12-14 03:47:47.194 1468 2313 I GameModeConfig: isGameModeOn = true
12-14 03:47:47.194 1468 2313 I GameModeConfig: isGaming = false
12-14 03:47:47.203 4292 4305 I GameMode_ActivityMonitoringService: onTaskStackChanged
12-14 03:47:47.208 4292 4310 I GameMode_ActivityMonitoringService: Updating top task to: TaskInfoContainer [topActivity=ComponentInfo{com.android.launcher3/com.android.launcher3.uioverrides.QuickstepLauncher}, taskId=10, stackId=1, userId=0, displayId=0, position=8
12-14 03:47:47.208 4292 4310 I GameMode_ActivityMonitoringService: Notifying about top task: TaskInfoContainer [topActivity=ComponentInfo{com.android.launcher3/com.android.launcher3.uioverrides.QuickstepLauncher}, taskId=10, stackId=1, userId=0, displayId=0, position=8
12-14 03:47:47.208 4292 4310 E GameMode_ActivityMonitoringService: onActivityLaunch:com.android.launcher3
12-14 03:47:47.208 4292 4310 V GameMode_GameTypeUtils: judge isGame:com.android.launcher3
12-14 03:47:47.208 4292 4310 V GameMode_GpuUtils: fps:60
12-14 03:47:47.210 4292 4310 D GameMode_GameModeActionUtils: Show GameMode entry by service!
12-14 03:47:47.211 1468 2313 I GameModeConfig: isGameModeOn = true
12-14 03:47:47.211 1468 2313 I GameModeConfig: isGaming = false
12-14 03:47:47.211 4292 4310 W ContextImpl: Calling a method in the system process without a qualified user: android.app.ContextImpl.startService:1816 android.content.ContextWrapper.startService:774 com.thundercomm.gamemode.ingame.services.GameModeActionUtils.startGameModeService:99 com.thundercomm.gamemode.ingame.services.GameModeActionUtils.startGameModeEntry:22 com.thundercomm.gamemode.ingame.services.ActivityMonitoringService$1.onActivityLaunch:127
12-14 03:47:47.213 4292 4292 D GameMode_GameModeService: type=hide_entry
12-14 03:47:47.213 4292 4310 D GameModeIF_GameModeSettings: getUriFor setting_content_uri_root = content://com.thundercomm.gamemode.api/gamemode_settings , name = gamemode_isgaming
12-14 03:47:47.215 1468 1468 I GameModeConfig: Current uri is uri = content://com.thundercomm.gamemode.api/gamemode_settings/gamemode_isgaming
12-14 03:47:47.215 1468 1468 D GameModeIF_GameModeSettings: getUriFor setting_content_uri_root = content://com.thundercomm.gamemode.api/gamemode_settings , name = gamemode_isgaming
12-14 03:47:47.216 4292 4310 D GameModeIF_GameModeSettings: gamemode_isgaming set to 0
12-14 03:47:47.217 1468 1468 I GameModeConfig: isGameModeOn = true
12-14 03:47:47.217 1468 1468 I GameModeConfig: isGaming = false
12-14 03:47:47.218 1468 1468 I GameModeConfig: isGameModeOn = true
12-14 03:47:47.218 1468 1468 I GameModeConfig: isGaming = false
12-14 03:47:47.218 1468 1468 I GameModeConfig: isDisableVoice = true
12-14 03:47:47.218 918 1769 D AF::TrackHandle: OpPlayAudio: track:71 usage:13 not muted
12-14 03:47:47.218 918 1769 D AF::TrackHandle: OpPlayAudio: track:71 usage:13 not muted
12-14 03:47:47.219 4292 4292 D GameMode_GameSettingsObserver: Game Data change!!!! uri = content://com.thundercomm.gamemode.api/gamemode_settings/gamemode_isgaming
12-14 03:47:47.219 918 1769 D AF::TrackHandle: OpPlayAudio: track:71 usage:13 not muted
12-14 03:47:47.219 4292 4292 D GameModeIF_GameModeSettings: getUriFor setting_content_uri_root = content://com.thundercomm.gamemode.api/gamemode_settings , name = gamemode_isgaming
12-14 03:47:47.219 918 1769 D AF::TrackHandle: OpPlayAudio: track:71 usage:13 not muted
12-14 03:47:47.219 918 1769 D AF::TrackHandle: OpPlayAudio: track:71 usage:13 not muted
12-14 03:47:47.220 918 1769 D AF::TrackHandle: OpPlayAudio: track:71 usage:13 not muted
12-14 03:47:47.220 918 1769 D AF::TrackHandle: OpPlayAudio: track:71 usage:13 not muted
12-14 03:47:47.220 918 1769 D AF::TrackHandle: OpPlayAudio: track:71 usage:13 not muted
12-14 03:47:47.221 918 1769 D AF::TrackHandle: OpPlayAudio: track:71 usage:13 not muted
12-14 03:47:47.221 918 1769 D AF::TrackHandle: OpPlayAudio: track:71 usage:13 not muted
12-14 03:47:47.221 4292 4292 D GameMode_GameModeService: updateGlobalSettings = gamemode_isgaming
12-14 03:47:47.221 918 1769 D AF::TrackHandle: OpPlayAudio: track:71 usage:13 not muted
12-14 03:47:47.221 918 1769 D AF::TrackHandle: OpPlayAudio: track:71 usage:13 not muted
12-14 03:47:47.222 918 1769 D AF::TrackHandle: OpPlayAudio: track:71 usage:13 not muted
12-14 03:47:47.222 918 1769 D AF::TrackHandle: OpPlayAudio: track:71 usage:13 not muted
12-14 03:47:47.222 918 1769 D AF::TrackHandle: OpPlayAudio: track:71 usage:13 not muted
12-14 03:47:47.222 918 1769 D AF::TrackHandle: OpPlayAudio: track:71 usage:13 not muted
12-14 03:47:47.228 1468 2313 I GameModeConfig: isGameModeOn = true
12-14 03:47:47.228 1468 2313 I GameModeConfig: isGaming = false
12-14 03:47:47.244 1468 2313 I GameModeConfig: isGameModeOn = true
12-14 03:47:47.245 1468 2313 I GameModeConfig: isGaming = false
01-01 09:08:15.438 0 0 D : mv2112_read_status
01-01 09:08:15.438 0 0 D mv2112_update_link: 3.0x901(1G): 0x80
01-01 09:08:15.438 0 0 D mv2112_update_link: 3.0x8109(100M): 0x8
01-01 09:08:15.438 0 0 D mv2112_update_link: link 0x0
01-01 09:08:15.438 0 0 D mv2112_read_status: autoneg is disabled
12-14 03:47:47.261 1468 2313 I GameModeConfig: isGameModeOn = true
12-14 03:47:47.261 1468 2313 I GameModeConfig: isGaming = false
12-14 03:47:47.278 1468 2313 I GameModeConfig: isGameModeOn = true
12-14 03:47:47.278 1468 2313 I GameModeConfig: isGaming = false
12-14 03:47:47.294 1468 2313 I GameModeConfig: isGameModeOn = true
12-14 03:47:47.294 1468 2313 I GameModeConfig: isGaming = false
12-14 03:47:47.310 1468 2313 I GameModeConfig: isGameModeOn = true
12-14 03:47:47.311 1468 2313 I GameModeConfig: isGaming = false
12-14 03:47:47.335 1468 2313 I GameModeConfig: isGameModeOn = true
12-14 03:47:47.335 1468 2313 I GameModeConfig: isGaming = false
12-14 03:47:47.342 1468 2313 I GameModeConfig: isGameModeOn = true
12-14 03:47:47.343 1468 2313 I GameModeConfig: isGaming = false
12-14 03:47:47.366 1468 2313 I GameModeConfig: isGameModeOn = true
12-14 03:47:47.366 1468 2313 I GameModeConfig: isGaming = false
12-14 03:47:47.379 1468 2313 I GameModeConfig: isGameModeOn = true
12-14 03:47:47.380 1468 2313 I GameModeConfig: isGaming = false
12-14 03:47:47.407 0 0 W swapper/0: type=1400 audit(0.0:1872): avc: denied { kill } for capability=5 scontext=u:r:kernel:s0 tcontext=u:r:kernel:s0 tclass=capability permissive=0
12-14 03:47:47.946 649 664 I mpu_uart: [MSG-P:RECV]:No message received in 1000 ms
12-14 03:47:48.265 1468 2313 I GameModeConfig: isGameModeOn = true
12-14 03:47:48.265 1468 2313 I GameModeConfig: isGaming = false
01-01 09:08:16.462 0 0 D : mv2112_read_status
01-01 09:08:16.463 0 0 D mv2112_update_link: 3.0x901(1G): 0x80
01-01 09:08:16.463 0 0 D mv2112_update_link: 3.0x8109(100M): 0x8
01-01 09:08:16.463 0 0 D mv2112_update_link: link 0x0
01-01 09:08:16.463 0 0 D mv2112_read_status: autoneg is disabled
12-14 03:47:48.319 1468 2313 I GameModeConfig: isGameModeOn = true
12-14 03:47:48.319 1468 2313 I GameModeConfig: isGaming = false
12-14 03:47:48.353 1468 2313 I GameModeConfig: isGameModeOn = true
12-14 03:47:48.354 1468 2313 I GameModeConfig: isGaming = false
12-14 03:47:48.370 1468 2313 I GameModeConfig: isGameModeOn = true
12-14 03:47:48.370 1468 2313 I GameModeConfig: isGaming = false
12-14 03:47:48.385 1468 2313 I GameModeConfig: isGameModeOn = true
12-14 03:47:48.385 1468 2313 I GameModeConfig: isGaming = false
12-14 03:47:48.401 1468 2313 I GameModeConfig: isGameModeOn = true
12-14 03:47:48.401 1468 2313 I GameModeConfig: isGaming = false
12-14 03:47:48.407 0 0 W swapper/0: type=1400 audit(0.0:1873): avc: denied { kill } for capability=5 scontext=u:r:kernel:s0 tcontext=u:r:kernel:s0 tclass=capability permissive=0
12-14 03:47:48.416 1468 2313 I GameModeConfig: isGameModeOn = true
12-14 03:47:48.416 1468 2313 I GameModeConfig: isGaming = false
12-14 03:47:48.427 1468 2313 I GameModeConfig: isGameModeOn = true
12-14 03:47:48.428 1468 2313 I GameModeConfig: isGaming = false
12-14 03:47:48.443 1468 2313 I GameModeConfig: isGameModeOn = true
12-14 03:47:48.443 1468 2313 I GameModeConfig: isGaming = false
12-14 03:47:48.459 1468 2313 I GameModeConfig: isGameModeOn = true
12-14 03:47:48.459 1468 2313 I GameModeConfig: isGaming = false
12-14 03:47:48.468 1468 2313 I GameModeConfig: isGameModeOn = true
12-14 03:47:48.468 1468 2313 I GameModeConfig: isGaming = false
12-14 03:47:48.478 1468 2313 I GameModeConfig: isGameModeOn = true
12-14 03:47:48.478 1468 2313 I GameModeConfig: isGaming = false
12-14 03:47:48.494 1468 2313 I GameModeConfig: isGameModeOn = true
12-14 03:47:48.494 1468 2313 I GameModeConfig: isGaming = false
12-14 03:47:48.509 1468 2313 I GameModeConfig: isGameModeOn = true
12-14 03:47:48.509 1468 2313 I GameModeConfig: isGaming = false
12-14 03:47:48.522 1468 2313 I GameModeConfig: isGameModeOn = true
12-14 03:47:48.522 1468 2313 I GameModeConfig: isGaming = false
12-14 03:47:48.525 1468 2313 I GameModeConfig: isGameModeOn = true
12-14 03:47:48.525 1468 2313 I GameModeConfig: isGaming = false
12-14 03:47:48.543 1468 2313 I GameModeConfig: isGameModeOn = true
12-14 03:47:48.543 1468 2313 I GameModeConfig: isGaming = false
12-14 03:47:48.556 1468 2313 I GameModeConfig: isGameModeOn = true
12-14 03:47:48.556 1468 2313 I GameModeConfig: isGaming = false
12-14 03:47:48.560 1468 2313 I GameModeConfig: isGameModeOn = true
12-14 03:47:48.560 1468 2313 I GameModeConfig: isGaming = false
12-14 03:47:48.572 1468 2313 I GameModeConfig: isGameModeOn = true
12-14 03:47:48.572 1468 2313 I GameModeConfig: isGaming = false
12-14 03:47:48.576 1468 2313 I GameModeConfig: isGameModeOn = true
12-14 03:47:48.576 1468 2313 I GameModeConfig: isGaming = false
12-14 03:47:48.587 1468 2313 I GameModeConfig: isGameModeOn = true
12-14 03:47:48.587 1468 2313 I GameModeConfig: isGaming = false
12-14 03:47:48.593 1468 2313 I GameModeConfig: isGameModeOn = true
12-14 03:47:48.593 1468 2313 I GameModeConfig: isGaming = false
12-14 03:47:48.604 1468 2313 I GameModeConfig: isGameModeOn = true
12-14 03:47:48.604 1468 2313 I GameModeConfig: isGaming = false
12-14 03:47:48.616 1468 2313 I GameModeConfig: isGameModeOn = true
12-14 03:47:48.617 1468 2313 I GameModeConfig: isGaming = false
12-14 03:47:48.618 1468 2313 I GameModeConfig: isGameModeOn = true
12-14 03:47:48.618 1468 2313 I GameModeConfig: isGaming = false
12-14 03:47:48.630 1468 2313 I GameModeConfig: isGameModeOn = true
12-14 03:47:48.630 1468 2313 I GameModeConfig: isGaming = false
12-14 03:47:48.649 1468 2313 I GameModeConfig: isGameModeOn = true
12-14 03:47:48.649 1468 2313 I GameModeConfig: isGaming = false
12-14 03:47:48.666 1468 2313 I GameModeConfig: isGameModeOn = true
12-14 03:47:48.666 1468 2313 I GameModeConfig: isGaming = false
12-14 03:47:48.678 1468 2313 I GameModeConfig: isGameModeOn = true
12-14 03:47:48.678 1468 2313 I GameModeConfig: isGaming = false
12-14 03:47:48.700 1468 2313 I GameModeConfig: isGameModeOn = true
12-14 03:47:48.700 1468 2313 I GameModeConfig: isGaming = false
12-14 03:47:48.711 1468 2313 I GameModeConfig: isGameModeOn = true
12-14 03:47:48.711 1468 2313 I GameModeConfig: isGaming = false
12-14 03:47:48.729 1468 2313 I GameModeConfig: isGameModeOn = true
12-14 03:47:48.729 1468 2313 I GameModeConfig: isGaming = false
12-14 03:47:48.748 1468 2313 I GameModeConfig: isGameModeOn = true
12-14 03:47:48.749 1468 2313 I GameModeConfig: isGaming = false
12-14 03:47:48.761 1468 2313 I GameModeConfig: isGameModeOn = true
12-14 03:47:48.761 1468 2313 I GameModeConfig: isGaming = false
12-14 03:47:48.777 1468 2313 I GameModeConfig: isGameModeOn = true
12-14 03:47:48.777 1468 2313 I GameModeConfig: isGaming = false
12-14 03:47:48.796 1468 2313 I GameModeConfig: isGameModeOn = true
12-14 03:47:48.796 1468 2313 I GameModeConfig: isGaming = false
12-14 03:47:48.820 1468 2313 I GameModeConfig: isGameModeOn = true
12-14 03:47:48.820 1468 2313 I GameModeConfig: isGaming = false
12-14 03:47:48.946 649 664 I mpu_uart: [MSG-P:RECV]:No message received in 1000 ms
01-01 09:08:17.486 0 0 D : mv2112_read_status
01-01 09:08:17.486 0 0 D mv2112_update_link: 3.0x901(1G): 0x80
01-01 09:08:17.487 0 0 D mv2112_update_link: 3.0x8109(100M): 0x8
01-01 09:08:17.487 0 0 D mv2112_update_link: link 0x0
01-01 09:08:17.487 0 0 D mv2112_read_status: autoneg is disabled
12-14 03:47:49.350 806 3395 I vendor.qti.bluetooth@1.0-ibs_handler: ProcessIbsCmd: Received IBS_WAKE_IND: 0xFD
12-14 03:47:49.350 806 3395 D vendor.qti.bluetooth@1.0-ibs_handler: SerialClockVote: vote for UART CLK ON
12-14 03:47:49.351 806 3395 D vendor.qti.bluetooth@1.0-wake_lock: Acquire wakelock is acquired
12-14 03:47:49.351 806 3395 I vendor.qti.bluetooth@1.0-ibs_handler: ProcessIbsCmd: Writing IBS_WAKE_ACK
12-14 03:47:49.407 6739 6739 W kworker/0:1: type=1400 audit(0.0:1874): avc: denied { kill } for capability=5 scontext=u:r:kernel:s0 tcontext=u:r:kernel:s0 tclass=capability permissive=0
12-14 03:47:49.432 806 3395 I vendor.qti.bluetooth@1.0-ibs_handler: ProcessIbsCmd: Received IBS_SLEEP_IND: 0xFE
12-14 03:47:49.432 806 3395 D vendor.qti.bluetooth@1.0-ibs_handler: SerialClockVote: vote for UART CLK OFF
12-14 03:47:49.496 1468 6921 I ActivityTaskManager: START u0 {act=android.intent.action.MAIN cat=[android.intent.category.LAUNCHER] flg=0x10200000 cmp=com.android.settings/.Settings bnds=[2128,710][2314,910]} from uid 10080
12-14 03:47:49.496 1468 1634 I EventSequenceValidator: Transition from ACTIVITY_FINISHED to INTENT_STARTED
12-14 03:47:49.506 1468 6921 D CompatibilityInfo: mCompatibilityFlags - 4
12-14 03:47:49.506 1468 6921 D CompatibilityInfo: applicationDensity - 240
12-14 03:47:49.506 1468 6921 D CompatibilityInfo: applicationScale - 1.0
12-14 03:47:49.507 1468 6921 D ActivityTrigger: ActivityTrigger activityPauseTrigger
12-14 03:47:49.523 1468 7732 I ActivityTaskManager: FOREGROUND_APPLICATION_CHANGED to com.android.settings.homepage.SettingsHomepageActivity
12-14 03:47:49.538 1468 1634 I EventSequenceValidator: Transition from INTENT_STARTED to ACTIVITY_LAUNCHED
12-14 03:47:49.541 4292 4304 I GameMode_ActivityMonitoringService: onForegroundActivitiesChanged uid 1000 pid 2925 fg true
12-14 03:47:49.548 2925 2925 W BatteryBroadcastRcvr: Problem reading the battery meter.
12-14 03:47:49.549 4292 4310 I GameMode_ActivityMonitoringService: Updating top task to: TaskInfoContainer [topActivity=ComponentInfo{com.android.settings/com.android.settings.Settings}, taskId=12, stackId=12, userId=0, displayId=0, position=8
12-14 03:47:49.550 4292 4310 I GameMode_ActivityMonitoringService: Notifying about top task: TaskInfoContainer [topActivity=ComponentInfo{com.android.settings/com.android.settings.Settings}, taskId=12, stackId=12, userId=0, displayId=0, position=8
12-14 03:47:49.550 4292 4310 E GameMode_ActivityMonitoringService: onActivityLaunch:com.android.settings
12-14 03:47:49.550 4292 4310 V GameMode_GameTypeUtils: judge isGame:com.android.settings
12-14 03:47:49.550 1468 6970 D ConnectivityService: requestNetwork for uid/pid:1000/2925 activeRequest: null callbackRequest: 110 [NetworkRequest [ REQUEST id=111, [ Capabilities: INTERNET&NOT_RESTRICTED&TRUSTED&NOT_VCN_MANAGED Uid: 1000 RequestorUid: 1000 RequestorPkg: com.android.settings] ]] callback flags: 0 priority: 2147483647
12-14 03:47:49.550 4292 4310 V GameMode_GpuUtils: fps:60
12-14 03:47:49.551 1468 2308 D ConnectivityService: NetReassign [no changes]
12-14 03:47:49.553 1468 2373 I WifiService: allowConnectOnPartialScanResults=true uid=1000
12-14 03:47:49.559 1468 3318 D ConnectivityService: requestNetwork for uid/pid:1000/2925 activeRequest: null callbackRequest: 113 [NetworkRequest [ REQUEST id=114, [ Capabilities: INTERNET&NOT_RESTRICTED&TRUSTED&NOT_VCN_MANAGED Uid: 1000 RequestorUid: 1000 RequestorPkg: com.android.settings] ]] callback flags: 0 priority: 2147483647
12-14 03:47:49.559 4292 4310 D GameMode_GameModeActionUtils: Show GameMode entry by service!
12-14 03:47:49.560 1468 2308 D ConnectivityService: NetReassign [111 : null → 102]
12-14 03:47:49.560 4292 4310 W ContextImpl: Calling a method in the system process without a qualified user: android.app.ContextImpl.startService:1816 android.content.ContextWrapper.startService:774 com.thundercomm.gamemode.ingame.services.GameModeActionUtils.startGameModeService:99 com.thundercomm.gamemode.ingame.services.GameModeActionUtils.startGameModeEntry:22 com.thundercomm.gamemode.ingame.services.ActivityMonitoringService$1.onActivityLaunch:127
12-14 03:47:49.561 1468 2341 D Ethernet: got request NetworkRequest [ REQUEST id=111, [ Capabilities: INTERNET&NOT_RESTRICTED&TRUSTED&NOT_VCN_MANAGED Uid: 1000 RequestorUid: 1000 RequestorPkg: com.android.settings] ]
12-14 03:47:49.561 1468 2341 D EthernetNetworkFactory: acceptRequest, request: NetworkRequest [ REQUEST id=111, [ Capabilities: INTERNET&NOT_RESTRICTED&TRUSTED&NOT_VCN_MANAGED Uid: 1000 RequestorUid: 1000 RequestorPkg: com.android.settings] ]
12-14 03:47:49.561 1468 2341 I EthernetNetworkFactory: networkForRequest, request: NetworkRequest [ REQUEST id=111, [ Capabilities: INTERNET&NOT_RESTRICTED&TRUSTED&NOT_VCN_MANAGED Uid: 1000 RequestorUid: 1000 RequestorPkg: com.android.settings] ], network: null
12-14 03:47:49.561 4292 4310 D GameModeIF_GameModeSettings: getUriFor setting_content_uri_root = content://com.thundercomm.gamemode.api/gamemode_settings , name = gamemode_isgaming
12-14 03:47:49.562 1468 2308 D ConnectivityService: NetReassign [no changes]
12-14 03:47:49.564 4292 4292 D GameMode_GameModeService: type=hide_entry
12-14 03:47:49.564 1468 1468 I GameModeConfig: Current uri is uri = content://com.thundercomm.gamemode.api/gamemode_settings/gamemode_isgaming
12-14 03:47:49.564 1468 1468 D GameModeIF_GameModeSettings: getUriFor setting_content_uri_root = content://com.thundercomm.gamemode.api/gamemode_settings , name = gamemode_isgaming
12-14 03:47:49.565 1468 2301 D WifiNetworkFactory: got request NetworkRequest [ REQUEST id=111, [ Capabilities: INTERNET&NOT_RESTRICTED&TRUSTED&NOT_VCN_MANAGED Uid: 1000 RequestorUid: 1000 RequestorPkg: com.android.settings] ]
12-14 03:47:49.565 1468 2301 D UntrustedWifiNetworkFactory: got request NetworkRequest [ REQUEST id=111, [ Capabilities: INTERNET&NOT_RESTRICTED&TRUSTED&NOT_VCN_MANAGED Uid: 1000 RequestorUid: 1000 RequestorPkg: com.android.settings] ]
12-14 03:47:49.566 1468 2301 D OemPaidWifiNetworkFactory: got request NetworkRequest [ REQUEST id=111, [ Capabilities: INTERNET&NOT_RESTRICTED&TRUSTED&NOT_VCN_MANAGED Uid: 1000 RequestorUid: 1000 RequestorPkg: com.android.settings] ]
12-14 03:47:49.567 2925 2925 D WifiDetailsPrefCtrl2: Update UI!
12-14 03:47:49.569 2925 2925 D WifiDetailsPrefCtrl2: Wifi Type 4
12-14 03:47:49.569 4292 4310 D GameModeIF_GameModeSettings: gamemode_isgaming set to 0
12-14 03:47:49.570 1468 1468 I GameModeConfig: isGameModeOn = true
12-14 03:47:49.570 1468 1468 I GameModeConfig: isGaming = false
12-14 03:47:49.570 1468 1468 I GameModeConfig: isGameModeOn = true
12-14 03:47:49.570 1468 1468 I GameModeConfig: isGaming = false
12-14 03:47:49.570 1468 1468 I GameModeConfig: isDisableVoice = true
12-14 03:47:49.570 2925 2925 D DashboardFragment: Preference key is null in Controller WifiDetailPreferenceController2
12-14 03:47:49.572 918 1769 D AF::TrackHandle: OpPlayAudio: track:71 usage:13 not muted
12-14 03:47:49.572 918 1769 D AF::TrackHandle: OpPlayAudio: track:71 usage:13 not muted
12-14 03:47:49.573 918 1769 D AF::TrackHandle: OpPlayAudio: track:71 usage:13 not muted
12-14 03:47:49.573 2925 8153 D UsageGraph: No enabled state changed, skipping updateCategory call
12-14 03:47:49.573 918 1769 D AF::TrackHandle: OpPlayAudio: track:71 usage:13 not muted
12-14 03:47:49.573 918 1769 D AF::TrackHandle: OpPlayAudio: track:71 usage:13 not muted
12-14 03:47:49.573 918 1769 D AF::TrackHandle: OpPlayAudio: track:71 usage:13 not muted
12-14 03:47:49.574 918 1769 D AF::TrackHandle: OpPlayAudio: track:71 usage:13 not muted
12-14 03:47:49.574 918 1769 D AF::TrackHandle: OpPlayAudio: track:71 usage:13 not muted
12-14 03:47:49.574 918 1769 D AF::TrackHandle: OpPlayAudio: track:71 usage:13 not muted
12-14 03:47:49.574 918 1769 D AF::TrackHandle: OpPlayAudio: track:71 usage:13 not muted
12-14 03:47:49.574 918 1769 D AF::TrackHandle: OpPlayAudio: track:71 usage:13 not muted
12-14 03:47:49.575 918 1769 D AF::TrackHandle: OpPlayAudio: track:71 usage:13 not muted
12-14 03:47:49.575 918 1769 D AF::TrackHandle: OpPlayAudio: track:71 usage:13 not muted
12-14 03:47:49.575 918 1769 D AF::TrackHandle: OpPlayAudio: track:71 usage:13 not muted
12-14 03:47:49.575 918 1769 D AF::TrackHandle: OpPlayAudio: track:71 usage:13 not muted
12-14 03:47:49.575 918 1769 D AF::TrackHandle: OpPlayAudio: track:71 usage:13 not muted
12-14 03:47:49.575 2925 7730 D BatteryInfo: time for getStats: 0ms
12-14 03:47:49.575 1468 2308 D ConnectivityService: NetReassign [114 : null → 102]
12-14 03:47:49.575 2925 7730 D BatteryInfo: time for regular BatteryInfo: 0ms
12-14 03:47:49.576 2925 7730 D BatteryInfo: time for getBatteryInfo: 1ms
12-14 03:47:49.577 1468 2341 D Ethernet: got request NetworkRequest [ REQUEST id=114, [ Capabilities: INTERNET&NOT_RESTRICTED&TRUSTED&NOT_VCN_MANAGED Uid: 1000 RequestorUid: 1000 RequestorPkg: com.android.settings] ]
12-14 03:47:49.577 1468 2341 D EthernetNetworkFactory: acceptRequest, request: NetworkRequest [ REQUEST id=114, [ Capabilities: INTERNET&NOT_RESTRICTED&TRUSTED&NOT_VCN_MANAGED Uid: 1000 RequestorUid: 1000 RequestorPkg: com.android.settings] ]
12-14 03:47:49.577 1468 2341 I EthernetNetworkFactory: networkForRequest, request: NetworkRequest [ REQUEST id=114, [ Capabilities: INTERNET&NOT_RESTRICTED&TRUSTED&NOT_VCN_MANAGED Uid: 1000 RequestorUid: 1000 RequestorPkg: com.android.settings] ], network: null
12-14 03:47:49.577 1468 2301 D WifiNetworkFactory: got request NetworkRequest [ REQUEST id=114, [ Capabilities: INTERNET&NOT_RESTRICTED&TRUSTED&NOT_VCN_MANAGED Uid: 1000 RequestorUid: 1000 RequestorPkg: com.android.settings] ]
12-14 03:47:49.578 1468 2301 D UntrustedWifiNetworkFactory: got request NetworkRequest [ REQUEST id=114, [ Capabilities: INTERNET&NOT_RESTRICTED&TRUSTED&NOT_VCN_MANAGED Uid: 1000 RequestorUid: 1000 RequestorPkg: com.android.settings] ]
12-14 03:47:49.578 1468 2301 D OemPaidWifiNetworkFactory: got request NetworkRequest [ REQUEST id=114, [ Capabilities: INTERNET&NOT_RESTRICTED&TRUSTED&NOT_VCN_MANAGED Uid: 1000 RequestorUid: 1000 RequestorPkg: com.android.settings] ]
12-14 03:47:49.578 1468 2308 D ConnectivityService: NetReassign [no changes]
12-14 03:47:49.579 4292 4292 D GameMode_GameSettingsObserver: Game Data change!!!! uri = content://com.thundercomm.gamemode.api/gamemode_settings/gamemode_isgaming
12-14 03:47:49.579 4292 4292 D GameModeIF_GameModeSettings: getUriFor setting_content_uri_root = content://com.thundercomm.gamemode.api/gamemode_settings , name = gamemode_isgaming
12-14 03:47:49.580 2925 5086 D BatteryTipLoader: BatteryInfoLoader post query: 0ms
12-14 03:47:49.581 2925 5086 D BatteryInfo: time for getBatteryInfo: 1ms
12-14 03:47:49.581 2925 5086 D BatteryTipLoader: BatteryInfoLoader.loadInBackground: 1ms
12-14 03:47:49.581 4292 4292 D GameMode_GameModeService: updateGlobalSettings = gamemode_isgaming
12-14 03:47:49.582 806 2968 D vendor.qti.bluetooth@1.0-wake_lock: Release wakelock is released
12-14 03:47:49.596 2925 2925 W BatteryBroadcastRcvr: Problem reading the battery meter.
12-14 03:47:49.598 2925 2925 D BatteryInfo: time for callback: 0ms
12-14 03:47:49.598 1468 1634 I EventSequenceValidator: Transition from ACTIVITY_LAUNCHED to ACTIVITY_FINISHED
12-14 03:47:49.599 1468 3318 I WifiService: startScan uid=1000
12-14 03:47:49.600 2925 2925 D WifiDetailsPrefCtrl2: Update UI!
12-14 03:47:49.600 2925 5092 D BatteryTipLoader: BatteryInfoLoader post query: 0ms
12-14 03:47:49.600 2925 5092 D BatteryInfo: time for getBatteryInfo: 0ms
12-14 03:47:49.600 2925 5092 D BatteryTipLoader: BatteryInfoLoader.loadInBackground: 0ms
12-14 03:47:49.601 2925 2925 D WifiDetailsPrefCtrl2: Wifi Type 4
12-14 03:47:49.601 2925 2925 D DashboardFragment: Preference key is null in Controller WifiDetailPreferenceController2
12-14 03:47:49.602 1468 2373 W ScanResultUtil: Empty or null ScanResult list
12-14 03:47:49.602 1468 2373 W WifiService: Attempt to retrieve WifiConfiguration with invalid scanResult List
12-14 03:47:49.602 1468 2373 W ScanResultUtil: Empty or null ScanResult list
12-14 03:47:49.602 1468 2373 E WifiService: Attempt to retrieve passpoint with invalid scanResult List
12-14 03:47:49.602 1468 2373 W ScanResultUtil: Empty or null ScanResult list
12-14 03:47:49.602 1468 2373 W WifiService: Attempt to retrieve OsuProviders with invalid scanResult List
12-14 03:47:49.608 2925 8153 D BatteryInfo: time for getStats: 0ms
12-14 03:47:49.608 2925 8153 D BatteryInfo: time for regular BatteryInfo: 0ms
12-14 03:47:49.609 2925 8153 D BatteryInfo: time for getBatteryInfo: 1ms
12-14 03:47:49.609 1346 7365 D LOWI-9.0.0.87.a: [LOWI-Scan] wait_event:Wait done with Cmd 33
12-14 03:47:49.609 1346 7365 D LOWI-9.0.0.87.a: [LOWI-Scan] do_listen_events: Rcvd valid Netlink Cmd 0 Err 0
12-14 03:47:49.614 1468 2373 I WifiService: startScan uid=1000
12-14 03:47:49.620 2925 2925 D WifiDetailsPrefCtrl2: Update UI!
12-14 03:47:49.621 2925 2925 D WifiDetailsPrefCtrl2: Wifi Type 4
12-14 03:47:49.621 2925 2925 D DashboardFragment: Preference key is null in Controller WifiDetailPreferenceController2
12-14 03:47:49.622 1468 2373 W ScanResultUtil: Empty or null ScanResult list
12-14 03:47:49.622 1468 2373 W WifiService: Attempt to retrieve WifiConfiguration with invalid scanResult List
12-14 03:47:49.623 1468 2373 W ScanResultUtil: Empty or null ScanResult list
12-14 03:47:49.623 1468 2373 E WifiService: Attempt to retrieve passpoint with invalid scanResult List
12-14 03:47:49.623 1468 2373 W ScanResultUtil: Empty or null ScanResult list
12-14 03:47:49.623 1468 2373 W WifiService: Attempt to retrieve OsuProviders with invalid scanResult List
12-14 03:47:49.627 4292 4304 I GameMode_ActivityMonitoringService: onTaskStackChanged
12-14 03:47:49.629 2925 2925 D WifiDetailsPrefCtrl2: Update UI!
12-14 03:47:49.630 2925 2925 D WifiDetailsPrefCtrl2: Wifi Type 4
12-14 03:47:49.630 2925 2925 D DashboardFragment: Preference key is null in Controller WifiDetailPreferenceController2
12-14 03:47:49.631 4292 4310 I GameMode_ActivityMonitoringService: Updating top task to: TaskInfoContainer [topActivity=ComponentInfo{com.android.settings/com.android.settings.Settings}, taskId=12, stackId=12, userId=0, displayId=0, position=8
12-14 03:47:49.631 4292 4310 I GameMode_ActivityMonitoringService: Notifying about top task: TaskInfoContainer [topActivity=ComponentInfo{com.android.settings/com.android.settings.Settings}, taskId=12, stackId=12, userId=0, displayId=0, position=8
12-14 03:47:49.631 4292 4310 E GameMode_ActivityMonitoringService: onActivityLaunch:com.android.settings
12-14 03:47:49.631 4292 4310 V GameMode_GameTypeUtils: judge isGame:com.android.settings
12-14 03:47:49.631 4292 4310 V GameMode_GpuUtils: fps:60
12-14 03:47:49.633 4292 4310 D GameMode_GameModeActionUtils: Show GameMode entry by service!
12-14 03:47:49.633 4292 4310 W ContextImpl: Calling a method in the system process without a qualified user: android.app.ContextImpl.startService:1816 android.content.ContextWrapper.startService:774 com.thundercomm.gamemode.ingame.services.GameModeActionUtils.startGameModeService:99 com.thundercomm.gamemode.ingame.services.GameModeActionUtils.startGameModeEntry:22 com.thundercomm.gamemode.ingame.services.ActivityMonitoringService$1.onActivityLaunch:127
12-14 03:47:49.634 2925 2925 D WifiDetailsPrefCtrl2: Update UI!
12-14 03:47:49.635 4292 4292 D GameMode_GameModeService: type=hide_entry
12-14 03:47:49.635 4292 4310 D GameModeIF_GameModeSettings: getUriFor setting_content_uri_root = content://com.thundercomm.gamemode.api/gamemode_settings , name = gamemode_isgaming
12-14 03:47:49.636 2925 2925 D WifiDetailsPrefCtrl2: Wifi Type 4
12-14 03:47:49.636 2925 2925 D DashboardFragment: Preference key is null in Controller WifiDetailPreferenceController2
01-01 09:08:17.818 0 0 I [schedu][0x6fa98f9f6][03:47:49.637815] wlan: [7018:I:OSIF] scan start scan id 40981
12-14 03:47:49.639 1468 1468 I GameModeConfig: Current uri is uri = content://com.thundercomm.gamemode.api/gamemode_settings/gamemode_isgaming
12-14 03:47:49.639 1468 1468 D GameModeIF_GameModeSettings: getUriFor setting_content_uri_root = content://com.thundercomm.gamemode.api/gamemode_settings , name = gamemode_isgaming
12-14 03:47:49.639 4292 4310 D GameModeIF_GameModeSettings: gamemode_isgaming set to 0
12-14 03:47:49.640 1468 1468 I GameModeConfig: isGameModeOn = true
12-14 03:47:49.640 1468 1468 I GameModeConfig: isGaming = false
12-14 03:47:49.640 1468 1468 I GameModeConfig: isGameModeOn = true
12-14 03:47:49.641 1468 1468 I GameModeConfig: isGaming = false
12-14 03:47:49.641 1468 1468 I GameModeConfig: isDisableVoice = true
12-14 03:47:49.641 918 1769 D AF::TrackHandle: OpPlayAudio: track:71 usage:13 not muted
12-14 03:47:49.641 918 1769 D AF::TrackHandle: OpPlayAudio: track:71 usage:13 not muted
12-14 03:47:49.641 918 1769 D AF::TrackHandle: OpPlayAudio: track:71 usage:13 not muted
12-14 03:47:49.641 918 1769 D AF::TrackHandle: OpPlayAudio: track:71 usage:13 not muted
12-14 03:47:49.641 918 1769 D AF::TrackHandle: OpPlayAudio: track:71 usage:13 not muted
12-14 03:47:49.641 918 1769 D AF::TrackHandle: OpPlayAudio: track:71 usage:13 not muted
12-14 03:47:49.642 918 1769 D AF::TrackHandle: OpPlayAudio: track:71 usage:13 not muted
12-14 03:47:49.642 918 1769 D AF::TrackHandle: OpPlayAudio: track:71 usage:13 not muted
12-14 03:47:49.642 918 1769 D AF::TrackHandle: OpPlayAudio: track:71 usage:13 not muted
12-14 03:47:49.642 918 1769 D AF::TrackHandle: OpPlayAudio: track:71 usage:13 not muted
12-14 03:47:49.642 918 1769 D AF::TrackHandle: OpPlayAudio: track:71 usage:13 not muted
12-14 03:47:49.642 918 1769 D AF::TrackHandle: OpPlayAudio: track:71 usage:13 not muted
12-14 03:47:49.642 918 1769 D AF::TrackHandle: OpPlayAudio: track:71 usage:13 not muted
12-14 03:47:49.642 4292 4292 D GameMode_GameSettingsObserver: Game Data change!!!! uri = content://com.thundercomm.gamemode.api/gamemode_settings/gamemode_isgaming
12-14 03:47:49.642 918 1769 D AF::TrackHandle: OpPlayAudio: track:71 usage:13 not muted
12-14 03:47:49.642 4292 4292 D GameModeIF_GameModeSettings: getUriFor setting_content_uri_root = content://com.thundercomm.gamemode.api/gamemode_settings , name = gamemode_isgaming
12-14 03:47:49.642 918 1769 D AF::TrackHandle: OpPlayAudio: track:71 usage:13 not muted
12-14 03:47:49.642 918 1769 D AF::TrackHandle: OpPlayAudio: track:71 usage:13 not muted
12-14 03:47:49.644 4292 4292 D GameMode_GameModeService: updateGlobalSettings = gamemode_isgaming
12-14 03:47:49.645 2819 2917 I OpenGLRenderer: Davey! duration=9223370493759ms; Flags=0, FrameTimelineVsyncId=52501, IntendedVsync=1543095173725, Vsync=1543128507057, InputEventId=0, HandleInputStart=1543142962117, AnimationStart=1543142963419, PerformTraversalsStart=1543143382742, DrawStart=1543143428888, FrameDeadline=1543111840391, FrameInterval=1543142958575, FrameStartTime=16666666, SyncQueued=1543143499096, SyncStart=1543143536909, IssueDrawCommandsStart=1543143650034, SwapBuffers=1543144647429, FrameCompleted=9223372036854775807, DequeueBufferDuration=13438, QueueBufferDuration=515573, GpuCompleted=9223372036854775807, SwapBuffersCompleted=1543145468054, DisplayPresentTime=0,
12-14 03:47:49.646 2925 2925 D WifiDetailsPrefCtrl2: Update UI!
12-14 03:47:49.647 2925 2925 D WifiDetailsPrefCtrl2: Wifi Type 4
12-14 03:47:49.648 2925 2925 D DashboardFragment: Preference key is null in Controller WifiDetailPreferenceController2
12-14 03:47:49.652 2925 2925 D WifiDetailsPrefCtrl2: Update UI!
12-14 03:47:49.653 2925 2925 D WifiDetailsPrefCtrl2: Wifi Type 4
12-14 03:47:49.653 2925 2925 D DashboardFragment: Preference key is null in Controller WifiDetailPreferenceController2
12-14 03:47:49.662 2925 2925 D BatteryInfo: time for callback: 0ms
12-14 03:47:49.667 2925 2925 D WifiDetailsPrefCtrl2: Update UI!
12-14 03:47:49.669 2925 2925 D WifiDetailsPrefCtrl2: Wifi Type 4
12-14 03:47:49.669 2925 2925 D DashboardFragment: Preference key is null in Controller WifiDetailPreferenceController2
12-14 03:47:49.676 2925 2925 D WifiDetailsPrefCtrl2: Update UI!
12-14 03:47:49.677 2925 2925 D WifiDetailsPrefCtrl2: Wifi Type 4
12-14 03:47:49.677 2925 2925 D DashboardFragment: Preference key is null in Controller WifiDetailPreferenceController2
12-14 03:47:49.682 2925 2925 D WifiDetailsPrefCtrl2: Update UI!
12-14 03:47:49.683 2925 2925 D WifiDetailsPrefCtrl2: Wifi Type 4
12-14 03:47:49.683 2925 2925 D DashboardFragment: Preference key is null in Controller WifiDetailPreferenceController2
12-14 03:47:49.690 2925 2925 D WifiDetailsPrefCtrl2: Update UI!
12-14 03:47:49.691 2925 2925 D WifiDetailsPrefCtrl2: Wifi Type 4
12-14 03:47:49.691 2925 2925 D DashboardFragment: Preference key is null in Controller WifiDetailPreferenceController2
12-14 03:47:49.697 1468 2373 W InputManager-JNI: Input channel object '47099c9 SnapshotStartingWindow for taskId=12 (client)' was disposed without first being removed with the input manager!
12-14 03:47:49.802 649 663 I mpu_uart: [MSG-P:R]:recv sync frame timeout
12-14 03:47:49.946 649 664 I mpu_uart: [MSG-P:RECV]:No message received in 1000 ms
12-14 03:47:50.094 2819 2819 D StateManager: goToState: Normal
12-14 03:47:50.108 4292 4304 I GameMode_ActivityMonitoringService: onForegroundActivitiesChanged uid 10080 pid 2819 fg false
12-14 03:47:50.113 4292 4310 I GameMode_ActivityMonitoringService: Updating top task to: TaskInfoContainer [topActivity=ComponentInfo{com.android.settings/com.android.settings.Settings}, taskId=12, stackId=12, userId=0, displayId=0, position=8
12-14 03:47:50.113 4292 4310 I GameMode_ActivityMonitoringService: Notifying about top task: TaskInfoContainer [topActivity=ComponentInfo{com.android.settings/com.android.settings.Settings}, taskId=12, stackId=12, userId=0, displayId=0, position=8
12-14 03:47:50.113 4292 4310 E GameMode_ActivityMonitoringService: onActivityLaunch:com.android.settings
12-14 03:47:50.113 4292 4310 V GameMode_GameTypeUtils: judge isGame:com.android.settings
12-14 03:47:50.114 4292 4310 V GameMode_GpuUtils: fps:60
12-14 03:47:50.116 4292 4310 D GameMode_GameModeActionUtils: Show GameMode entry by service!
12-14 03:47:50.116 4292 4310 W ContextImpl: Calling a method in the system process without a qualified user: android.app.ContextImpl.startService:1816 android.content.ContextWrapper.startService:774 com.thundercomm.gamemode.ingame.services.GameModeActionUtils.startGameModeService:99 com.thundercomm.gamemode.ingame.services.GameModeActionUtils.startGameModeEntry:22 com.thundercomm.gamemode.ingame.services.ActivityMonitoringService$1.onActivityLaunch:127
12-14 03:47:50.119 4292 4310 D GameModeIF_GameModeSettings: getUriFor setting_content_uri_root = content://com.thundercomm.gamemode.api/gamemode_settings , name = gamemode_isgaming
12-14 03:47:50.119 4292 4292 D GameMode_GameModeService: type=hide_entry
12-14 03:47:50.122 1468 1468 I GameModeConfig: Current uri is uri = content://com.thundercomm.gamemode.api/gamemode_settings/gamemode_isgaming
12-14 03:47:50.122 1468 1468 D GameModeIF_GameModeSettings: getUriFor setting_content_uri_root = content://com.thundercomm.gamemode.api/gamemode_settings , name = gamemode_isgaming
12-14 03:47:50.124 1468 1468 I GameModeConfig: isGameModeOn = true
12-14 03:47:50.124 1468 1468 I GameModeConfig: isGaming = false
12-14 03:47:50.124 1468 1468 I GameModeConfig: isGameModeOn = true
12-14 03:47:50.124 1468 1468 I GameModeConfig: isGaming = false
12-14 03:47:50.124 1468 1468 I GameModeConfig: isDisableVoice = true
12-14 03:47:50.125 4292 4292 D GameMode_GameSettingsObserver: Game Data change!!!! uri = content://com.thundercomm.gamemode.api/gamemode_settings/gamemode_isgaming
12-14 03:47:50.125 4292 4292 D GameModeIF_GameModeSettings: getUriFor setting_content_uri_root = content://com.thundercomm.gamemode.api/gamemode_settings , name = gamemode_isgaming
12-14 03:47:50.125 4292 4310 D GameModeIF_GameModeSettings: gamemode_isgaming set to 0
12-14 03:47:50.125 918 4939 D AF::TrackHandle: OpPlayAudio: track:71 usage:13 not muted
12-14 03:47:50.126 918 4939 D AF::TrackHandle: OpPlayAudio: track:71 usage:13 not muted
12-14 03:47:50.126 918 4939 D AF::TrackHandle: OpPlayAudio: track:71 usage:13 not muted
12-14 03:47:50.126 918 4939 D AF::TrackHandle: OpPlayAudio: track:71 usage:13 not muted
12-14 03:47:50.126 918 1769 D AF::TrackHandle: OpPlayAudio: track:71 usage:13 not muted
12-14 03:47:50.127 918 1769 D AF::TrackHandle: OpPlayAudio: track:71 usage:13 not muted
12-14 03:47:50.127 918 1769 D AF::TrackHandle: OpPlayAudio: track:71 usage:13 not muted
12-14 03:47:50.127 918 1769 D AF::TrackHandle: OpPlayAudio: track:71 usage:13 not muted
12-14 03:47:50.128 918 1769 D AF::TrackHandle: OpPlayAudio: track:71 usage:13 not muted
12-14 03:47:50.128 918 1769 D AF::TrackHandle: OpPlayAudio: track:71 usage:13 not muted
12-14 03:47:50.128 918 1769 D AF::TrackHandle: OpPlayAudio: track:71 usage:13 not muted
12-14 03:47:50.128 918 1769 D AF::TrackHandle: OpPlayAudio: track:71 usage:13 not muted
12-14 03:47:50.129 918 1769 D AF::TrackHandle: OpPlayAudio: track:71 usage:13 not muted
12-14 03:47:50.129 918 1769 D AF::TrackHandle: OpPlayAudio: track:71 usage:13 not muted
12-14 03:47:50.129 918 1769 D AF::TrackHandle: OpPlayAudio: track:71 usage:13 not muted
12-14 03:47:50.130 918 1769 D AF::TrackHandle: OpPlayAudio: track:71 usage:13 not muted
12-14 03:47:50.130 4292 4292 D GameMode_GameModeService: updateGlobalSettings = gamemode_isgaming
12-14 03:47:50.136 2819 2819 W Choreographer: Frame time is 0.217045 ms in the future! Check that graphics HAL is generating vsync timestamps using the correct timebase.
12-14 03:47:50.136 1468 1635 W Choreographer: Frame time is 0.22194 ms in the future! Check that graphics HAL is generating vsync timestamps using the correct timebase.
01-01 09:08:18.510 0 0 D : mv2112_read_status
01-01 09:08:18.510 0 0 D mv2112_update_link: 3.0x901(1G): 0x80
01-01 09:08:18.511 0 0 D mv2112_update_link: 3.0x8109(100M): 0x8
01-01 09:08:18.511 0 0 D mv2112_update_link: link 0x0
01-01 09:08:18.511 0 0 D mv2112_read_status: autoneg is disabled
12-14 03:47:50.407 0 0 W swapper/0: type=1400 audit(0.0:1875): avc: denied { kill } for capability=5 scontext=u:r:kernel:s0 tcontext=u:r:kernel:s0 tclass=capability permissive=0
12-14 03:47:50.452 1468 1634 I EventSequenceValidator: Transition from ACTIVITY_FINISHED to INTENT_STARTED
12-14 03:47:50.458 932 1664 I BpBinder: onLastStrongRef automatically unlinking death recipients:
12-14 03:47:50.463 1468 1634 I EventSequenceValidator: Transition from INTENT_STARTED to ACTIVITY_LAUNCHED
12-14 03:47:50.464 4292 4304 I GameMode_ActivityMonitoringService: onForegroundActivitiesChanged uid 10080 pid 2819 fg true
12-14 03:47:50.467 4292 4310 I GameMode_ActivityMonitoringService: Updating top task to: TaskInfoContainer [topActivity=ComponentInfo{com.android.settings/com.android.settings.Settings}, taskId=12, stackId=12, userId=0, displayId=0, position=8
12-14 03:47:50.467 4292 4310 I GameMode_ActivityMonitoringService: Notifying about top task: TaskInfoContainer [topActivity=ComponentInfo{com.android.settings/com.android.settings.Settings}, taskId=12, stackId=12, userId=0, displayId=0, position=8
12-14 03:47:50.467 4292 4310 E GameMode_ActivityMonitoringService: onActivityLaunch:com.android.settings
12-14 03:47:50.467 4292 4310 V GameMode_GameTypeUtils: judge isGame:com.android.settings
12-14 03:47:50.468 4292 4310 V GameMode_GpuUtils: fps:60
12-14 03:47:50.469 4292 4310 D GameMode_GameModeActionUtils: Show GameMode entry by service!
12-14 03:47:50.469 4292 4310 W ContextImpl: Calling a method in the system process without a qualified user: android.app.ContextImpl.startService:1816 android.content.ContextWrapper.startService:774 com.thundercomm.gamemode.ingame.services.GameModeActionUtils.startGameModeService:99 com.thundercomm.gamemode.ingame.services.GameModeActionUtils.startGameModeEntry:22 com.thundercomm.gamemode.ingame.services.ActivityMonitoringService$1.onActivityLaunch:127
12-14 03:47:50.472 4292 4310 D GameModeIF_GameModeSettings: getUriFor setting_content_uri_root = content://com.thundercomm.gamemode.api/gamemode_settings , name = gamemode_isgaming
12-14 03:47:50.473 4292 4292 D GameMode_GameModeService: type=hide_entry
12-14 03:47:50.475 1468 1468 I GameModeConfig: Current uri is uri = content://com.thundercomm.gamemode.api/gamemode_settings/gamemode_isgaming
12-14 03:47:50.475 1468 1468 D GameModeIF_GameModeSettings: getUriFor setting_content_uri_root = content://com.thundercomm.gamemode.api/gamemode_settings , name = gamemode_isgaming
12-14 03:47:50.477 1468 1468 I GameModeConfig: isGameModeOn = true
12-14 03:47:50.477 4292 4310 D GameModeIF_GameModeSettings: gamemode_isgaming set to 0
12-14 03:47:50.477 1468 1468 I GameModeConfig: isGaming = false
12-14 03:47:50.477 1468 1468 I GameModeConfig: isGameModeOn = true
12-14 03:47:50.477 1468 1468 I GameModeConfig: isGaming = false
12-14 03:47:50.477 1468 1468 I GameModeConfig: isDisableVoice = true
12-14 03:47:50.478 918 1769 D AF::TrackHandle: OpPlayAudio: track:71 usage:13 not muted
12-14 03:47:50.478 918 1769 D AF::TrackHandle: OpPlayAudio: track:71 usage:13 not muted
12-14 03:47:50.479 918 1769 D AF::TrackHandle: OpPlayAudio: track:71 usage:13 not muted
12-14 03:47:50.479 918 1769 D AF::TrackHandle: OpPlayAudio: track:71 usage:13 not muted
12-14 03:47:50.479 918 1769 D AF::TrackHandle: OpPlayAudio: track:71 usage:13 not muted
12-14 03:47:50.479 918 1769 D AF::TrackHandle: OpPlayAudio: track:71 usage:13 not muted
12-14 03:47:50.480 2819 2819 D StateManager: goToState: Background
12-14 03:47:50.480 918 1769 D AF::TrackHandle: OpPlayAudio: track:71 usage:13 not muted
12-14 03:47:50.480 918 1769 D AF::TrackHandle: OpPlayAudio: track:71 usage:13 not muted
12-14 03:47:50.480 918 1769 D AF::TrackHandle: OpPlayAudio: track:71 usage:13 not muted
12-14 03:47:50.480 1468 3318 W FreeFormWindowHelper: getCurrentDisplayedFreeFormTask is null
12-14 03:47:50.480 2819 2819 D FreeWindowContainer: reloadTask: null
12-14 03:47:50.480 918 1769 D AF::TrackHandle: OpPlayAudio: track:71 usage:13 not muted
12-14 03:47:50.480 918 1769 D AF::TrackHandle: OpPlayAudio: track:71 usage:13 not muted
12-14 03:47:50.481 918 1769 D AF::TrackHandle: OpPlayAudio: track:71 usage:13 not muted
12-14 03:47:50.481 918 1769 D AF::TrackHandle: OpPlayAudio: track:71 usage:13 not muted
12-14 03:47:50.481 918 1769 D AF::TrackHandle: OpPlayAudio: track:71 usage:13 not muted
12-14 03:47:50.481 1468 2373 I InputDispatcher: Monitor swipe-up (server) is stealing touch from [dc102c6 com.android.settings/com.android.settings.Settings (server), ]
12-14 03:47:50.481 918 1769 D AF::TrackHandle: OpPlayAudio: track:71 usage:13 not muted
12-14 03:47:50.482 918 1769 D AF::TrackHandle: OpPlayAudio: track:71 usage:13 not muted
12-14 03:47:50.482 2371 2371 V ShadeControllerImpl: NotificationShadeWindow: com.android.systemui.statusbar.phone.NotificationShadeWindowView{8a2d59e I.E...... ......ID 0,0-2380,1020} canPanelBeCollapsed(): false
12-14 03:47:50.486 4292 4292 D GameMode_GameSettingsObserver: Game Data change!!!! uri = content://com.thundercomm.gamemode.api/gamemode_settings/gamemode_isgaming
12-14 03:47:50.486 4292 4292 D GameModeIF_GameModeSettings: getUriFor setting_content_uri_root = content://com.thundercomm.gamemode.api/gamemode_settings , name = gamemode_isgaming
12-14 03:47:50.493 4292 4292 D GameMode_GameModeService: updateGlobalSettings = gamemode_isgaming
12-14 03:47:50.496 2819 2819 D EditModeHelper: setHotseatVisibility: 8
12-14 03:47:50.501 2819 5839 D BaseIconFactory: normalizeAndWrapToAdaptiveIcon: scale=0.8095241
12-14 03:47:50.503 2819 5839 D BaseIconFactory: normalizeAndWrapToAdaptiveIcon: scale=0.8095241
12-14 03:47:50.504 1468 3298 W ActivityTaskManager: getTaskSnapshot: taskId=3025 not found
12-14 03:47:50.505 2819 5839 D BaseIconFactory: normalizeAndWrapToAdaptiveIcon: scale=0.8095241
12-14 03:47:50.507 1468 8131 W ActivityTaskManager: getTaskSnapshot: taskId=2025 not found
12-14 03:47:50.509 2819 5839 D BaseIconFactory: normalizeAndWrapToAdaptiveIcon: scale=0.8095241
12-14 03:47:50.509 1468 3298 W ActivityTaskManager: getTaskSnapshot: taskId=1025 not found
