12-14 03:25:23.466 1468 2467 I ActivityTaskManager: START u0 {act=android.intent.action.MAIN cat=[android.intent.category.LAUNCHER] flg=0x10200000 cmp=com.android.settings/.Settings bnds=[2128,710][2314,910]} from uid 10080
12-14 03:25:23.473 1468 2467 W ActivityTaskManager: Can't find TaskDisplayArea to determine support for multi window. Task id=12 attached=false
12-14 03:25:23.489 1468 2464 I ActivityTaskManager: FOREGROUND_APPLICATION_CHANGED to com.android.settings.homepage.SettingsHomepageActivity
12-14 03:25:23.492 2371 2446 W StartingSurfaceDrawer: Window background is transparent, fill background with black color
12-14 03:25:23.493 1468 2464 I ActivityTaskManager: The Process com.android.settings Already Exists in BG. So sending its PID: 2925
12-14 03:25:23.494 1468 2464 W ActivityTaskManager: Tried to set launchTime (0) < mLastActivityLaunchTime (29574)
12-14 03:25:23.521 4292 4310 W ContextImpl: Calling a method in the system process without a qualified user: android.app.ContextImpl.startService:1816 android.content.ContextWrapper.startService:774 com.thundercomm.gamemode.ingame.services.GameModeActionUtils.startGameModeService:99 com.thundercomm.gamemode.ingame.services.GameModeActionUtils.startGameModeEntry:22 com.thundercomm.gamemode.ingame.services.ActivityMonitoringService$1.onActivityLaunch:127
12-14 03:25:23.525 1468 1468 I GameModeConfig: Current uri is uri = content://com.thundercomm.gamemode.api/gamemode_settings/gamemode_isgaming
12-14 03:25:23.526 1468 1468 I GameModeConfig: isGameModeOn = false
12-14 03:25:23.527 1468 1468 I GameModeConfig: isGameModeOn = false
12-14 03:25:23.527 1468 1468 I GameModeConfig: isDisableVoice = true
12-14 03:25:23.606 4292 4310 W ContextImpl: Calling a method in the system process without a qualified user: android.app.ContextImpl.startService:1816 android.content.ContextWrapper.startService:774 com.thundercomm.gamemode.ingame.services.GameModeActionUtils.startGameModeService:99 com.thundercomm.gamemode.ingame.services.GameModeActionUtils.startGameModeEntry:22 com.thundercomm.gamemode.ingame.services.ActivityMonitoringService$1.onActivityLaunch:127
12-14 03:25:23.610 1468 1468 I GameModeConfig: Current uri is uri = content://com.thundercomm.gamemode.api/gamemode_settings/gamemode_isgaming
12-14 03:25:23.611 1468 1468 I GameModeConfig: isGameModeOn = false
12-14 03:25:23.612 1468 1468 I GameModeConfig: isGameModeOn = false
12-14 03:25:23.612 1468 1468 I GameModeConfig: isDisableVoice = true
12-14 03:25:23.691 1468 3298 E UserRestrictionsUtils: Unknown restriction queried by uid 1000 (com.android.location.fused et al): null
12-14 03:25:23.691 1468 3298 E UserRestrictionsUtils: Unknown restriction queried by uid 1000 (com.android.location.fused et al): null
12-14 03:25:23.692 1468 3298 E UserRestrictionsUtils: Unknown restriction queried by uid 1000 (com.android.location.fused et al): null
12-14 03:25:23.692 1468 3298 E UserRestrictionsUtils: Unknown restriction queried by uid 1000 (com.android.location.fused et al): null
12-14 03:25:23.692 1468 3298 E UserRestrictionsUtils: Unknown restriction queried by uid 1000 (com.android.location.fused et al): null
12-14 03:25:23.692 1468 3298 E UserRestrictionsUtils: Unknown restriction queried by uid 1000 (com.android.location.fused et al): null
12-14 03:25:23.693 1468 3298 E UserRestrictionsUtils: Unknown restriction queried by uid 1000 (com.android.location.fused et al): null
12-14 03:25:23.693 1468 3298 E UserRestrictionsUtils: Unknown restriction queried by uid 1000 (com.android.location.fused et al): null
12-14 03:25:23.693 1468 3298 E UserRestrictionsUtils: Unknown restriction queried by uid 1000 (com.android.location.fused et al): null
12-14 03:25:23.693 1468 3298 E UserRestrictionsUtils: Unknown restriction queried by uid 1000 (com.android.location.fused et al): null
12-14 03:25:23.693 1468 3298 E UserRestrictionsUtils: Unknown restriction queried by uid 1000 (com.android.location.fused et al): null
12-14 03:25:23.694 1468 3298 E UserRestrictionsUtils: Unknown restriction queried by uid 1000 (com.android.location.fused et al): null
12-14 03:25:23.694 1468 3298 E UserRestrictionsUtils: Unknown restriction queried by uid 1000 (com.android.location.fused et al): null
12-14 03:25:23.694 1468 3298 E UserRestrictionsUtils: Unknown restriction queried by uid 1000 (com.android.location.fused et al): null
12-14 03:25:23.694 1468 3298 E UserRestrictionsUtils: Unknown restriction queried by uid 1000 (com.android.location.fused et al): null
12-14 03:25:23.694 1468 3298 E UserRestrictionsUtils: Unknown restriction queried by uid 1000 (com.android.location.fused et al): null
12-14 03:25:23.695 1468 3298 E UserRestrictionsUtils: Unknown restriction queried by uid 1000 (com.android.location.fused et al): null
12-14 03:25:23.695 1468 3298 E UserRestrictionsUtils: Unknown restriction queried by uid 1000 (com.android.location.fused et al): null
01-01 08:45:51.950 0 0 D : mv2112_read_status
01-01 08:45:51.950 0 0 D mv2112_update_link: 3.0x901(1G): 0x80
01-01 08:45:51.950 0 0 D mv2112_update_link: 3.0x8109(100M): 0x8
01-01 08:45:51.950 0 0 D mv2112_update_link: link 0x0
01-01 08:45:51.950 0 0 D mv2112_read_status: autoneg is disabled
12-14 03:25:23.909 1468 2449 E UserRestrictionsUtils: Unknown restriction queried by uid 1000 (com.android.location.fused et al): null
01-01 08:45:52.225 0 0 I [schedu][0xf6b00ecc][03:25:24.044067] wlan: [1970:I:OSIF] scan start scan id 40964
12-14 03:25:24.130 4292 4310 W ContextImpl: Calling a method in the system process without a qualified user: android.app.ContextImpl.startService:1816 android.content.ContextWrapper.startService:774 com.thundercomm.gamemode.ingame.services.GameModeActionUtils.startGameModeService:99 com.thundercomm.gamemode.ingame.services.GameModeActionUtils.startGameModeEntry:22 com.thundercomm.gamemode.ingame.services.ActivityMonitoringService$1.onActivityLaunch:127
12-14 03:25:24.137 1468 1468 I GameModeConfig: Current uri is uri = content://com.thundercomm.gamemode.api/gamemode_settings/gamemode_isgaming
12-14 03:25:24.139 1468 1468 I GameModeConfig: isGameModeOn = false
12-14 03:25:24.139 1468 1468 I GameModeConfig: isGameModeOn = false
12-14 03:25:24.139 1468 1468 I GameModeConfig: isDisableVoice = true
01-01 08:45:52.423 0 0 I : read descriptors
01-01 08:45:52.423 0 0 I : read strings
12-14 03:25:24.748 1468 1631 D CompanionDeviceManagerService: onPackageModified(packageName = com.android.settings)
01-01 08:45:52.940 0 0 I init : starting service 'idmap2d'...
01-01 08:45:52.945 0 0 I init : Control message: Processed ctl.start for 'idmap2d' from pid: 1468 (system_server)
12-14 03:25:24.770 1468 1468 I Telecom : DefaultDialerCache: Refreshing default dialer for user 0: now null: DDC.oR@ACA
12-14 03:25:24.788 1468 1641 W VoiceInteractionManager: no available voice recognition services found for user 0
01-01 08:45:52.974 0 0 D : mv2112_read_status
01-01 08:45:52.974 0 0 D mv2112_update_link: 3.0x901(1G): 0x80
01-01 08:45:52.974 0 0 D mv2112_update_link: 3.0x8109(100M): 0x8
01-01 08:45:52.974 0 0 D mv2112_update_link: link 0x0
01-01 08:45:52.974 0 0 D mv2112_read_status: autoneg is disabled
01-01 08:45:52.979 0 0 I binder : 5120:5120 ioctl 40046210 7fc50e0514 returned -22
01-01 08:45:53.395 0 0 I [schedu][0xf80703cc][03:25:25.214693] wlan: [1970:I:OSIF] vdev 0, scan id 40964 type COMPLETED(1) reason COMPLETED(1) scan found 99 bss
01-01 08:45:53.442 0 0 I : read descriptors
01-01 08:45:53.442 0 0 I : read strings
01-01 08:45:53.998 0 0 D : mv2112_read_status
01-01 08:45:53.998 0 0 D mv2112_update_link: 3.0x901(1G): 0x80
01-01 08:45:53.998 0 0 D mv2112_update_link: 3.0x8109(100M): 0x8
01-01 08:45:53.998 0 0 D mv2112_update_link: link 0x0
01-01 08:45:53.998 0 0 D mv2112_read_status: autoneg is disabled
01-01 08:45:54.463 0 0 I : read descriptors
01-01 08:45:54.463 0 0 I : read strings
12-14 03:25:26.494 1468 3841 E TaskPersister: File error accessing recents directory (directory doesn't exist?).
01-01 08:45:55.022 0 0 D : mv2112_read_status
01-01 08:45:55.022 0 0 D mv2112_update_link: 3.0x901(1G): 0x80
01-01 08:45:55.022 0 0 D mv2112_update_link: 3.0x8109(100M): 0x8
01-01 08:45:55.022 0 0 D mv2112_update_link: link 0x0
01-01 08:45:55.022 0 0 D mv2112_read_status: autoneg is disabled
01-01 08:45:55.483 0 0 I : read descriptors
01-01 08:45:55.483 0 0 I : read strings
01-01 08:45:56.046 0 0 D : mv2112_read_status
01-01 08:45:56.046 0 0 D mv2112_update_link: 3.0x901(1G): 0x80
01-01 08:45:56.046 0 0 D mv2112_update_link: 3.0x8109(100M): 0x8
01-01 08:45:56.046 0 0 D mv2112_update_link: link 0x0
01-01 08:45:56.046 0 0 D mv2112_read_status: autoneg is disabled
01-01 08:45:56.498 0 0 I : read descriptors
01-01 08:45:56.499 0 0 I : read strings
01-01 08:45:57.070 0 0 D : mv2112_read_status
01-01 08:45:57.070 0 0 D mv2112_update_link: 3.0x901(1G): 0x80
01-01 08:45:57.070 0 0 D mv2112_update_link: 3.0x8109(100M): 0x8
01-01 08:45:57.071 0 0 D mv2112_update_link: link 0x0
01-01 08:45:57.071 0 0 D mv2112_read_status: autoneg is disabled
01-01 08:45:57.523 0 0 I : read descriptors
01-01 08:45:57.523 0 0 I : read strings
01-01 08:45:58.094 0 0 D : mv2112_read_status
01-01 08:45:58.094 0 0 D mv2112_update_link: 3.0x901(1G): 0x80
01-01 08:45:58.095 0 0 D mv2112_update_link: 3.0x8109(100M): 0x8
01-01 08:45:58.095 0 0 D mv2112_update_link: link 0x0
01-01 08:45:58.095 0 0 D mv2112_read_status: autoneg is disabled
01-01 08:45:58.547 0 0 I : read descriptors
01-01 08:45:58.547 0 0 I : read strings
01-01 08:45:59.118 0 0 D : mv2112_read_status
01-01 08:45:59.118 0 0 D mv2112_update_link: 3.0x901(1G): 0x80
01-01 08:45:59.118 0 0 D mv2112_update_link: 3.0x8109(100M): 0x8
01-01 08:45:59.118 0 0 D mv2112_update_link: link 0x0
01-01 08:45:59.118 0 0 D mv2112_read_status: autoneg is disabled
01-01 08:45:59.567 0 0 I : read descriptors
01-01 08:45:59.567 0 0 I : read strings
01-01 08:46:00.142 0 0 D : mv2112_read_status
01-01 08:46:00.142 0 0 D mv2112_update_link: 3.0x901(1G): 0x80
01-01 08:46:00.142 0 0 D mv2112_update_link: 3.0x8109(100M): 0x8
01-01 08:46:00.142 0 0 D mv2112_update_link: link 0x0
01-01 08:46:00.142 0 0 D mv2112_read_status: autoneg is disabled
01-01 08:46:00.583 0 0 I : read descriptors
01-01 08:46:00.583 0 0 I : read strings
01-01 08:46:01.166 0 0 D : mv2112_read_status
01-01 08:46:01.166 0 0 D mv2112_update_link: 3.0x901(1G): 0x80
01-01 08:46:01.166 0 0 D mv2112_update_link: 3.0x8109(100M): 0x8
01-01 08:46:01.166 0 0 D mv2112_update_link: link 0x0
01-01 08:46:01.166 0 0 D mv2112_read_status: autoneg is disabled
01-01 08:46:01.599 0 0 I : read descriptors
01-01 08:46:01.599 0 0 I : read strings
01-01 08:46:02.190 0 0 D : mv2112_read_status
01-01 08:46:02.190 0 0 D mv2112_update_link: 3.0x901(1G): 0x80
01-01 08:46:02.191 0 0 D mv2112_update_link: 3.0x8109(100M): 0x8
01-01 08:46:02.191 0 0 D mv2112_update_link: link 0x0
01-01 08:46:02.191 0 0 D mv2112_read_status: autoneg is disabled
01-01 08:46:02.615 0 0 I : read descriptors
01-01 08:46:02.615 0 0 I : read strings
01-01 08:46:02.995 0 0 I init : Sending signal 9 to service 'idmap2d' (pid 5120) process group...
12-14 03:25:34.819 1468 3345 W OverlayManager: service 'idmap' died
01-01 08:46:03.001 0 0 I libprocessgroup: Successfully killed process cgroup uid 1000 pid 5120 in 5ms
01-01 08:46:03.002 0 0 I init : Control message: Processed ctl.stop for 'idmap2d' from pid: 1468 (system_server)
01-01 08:46:03.003 0 0 I init : Service 'idmap2d' (pid 5120) received signal 9
01-01 08:46:03.214 0 0 D : mv2112_read_status
01-01 08:46:03.214 0 0 D mv2112_update_link: 3.0x901(1G): 0x80
01-01 08:46:03.214 0 0 D mv2112_update_link: 3.0x8109(100M): 0x8
01-01 08:46:03.214 0 0 D mv2112_update_link: link 0x0
01-01 08:46:03.214 0 0 D mv2112_read_status: autoneg is disabled
01-01 08:46:03.631 0 0 I : read descriptors
01-01 08:46:03.631 0 0 I : read strings
01-01 08:46:04.238 0 0 D : mv2112_read_status
01-01 08:46:04.238 0 0 D mv2112_update_link: 3.0x901(1G): 0x80
01-01 08:46:04.239 0 0 D mv2112_update_link: 3.0x8109(100M): 0x8
01-01 08:46:04.239 0 0 D mv2112_update_link: link 0x0
01-01 08:46:04.239 0 0 D mv2112_read_status: autoneg is disabled
01-01 08:46:04.651 0 0 I : read descriptors
01-01 08:46:04.651 0 0 I : read strings
01-01 08:46:05.262 0 0 D : mv2112_read_status
01-01 08:46:05.262 0 0 D mv2112_update_link: 3.0x901(1G): 0x80
01-01 08:46:05.262 0 0 D mv2112_update_link: 3.0x8109(100M): 0x8
01-01 08:46:05.262 0 0 D mv2112_update_link: link 0x0
01-01 08:46:05.262 0 0 D mv2112_read_status: autoneg is disabled
01-01 08:46:05.671 0 0 I : read descriptors
01-01 08:46:05.671 0 0 I : read strings
01-01 08:46:06.286 0 0 D : mv2112_read_status
01-01 08:46:06.286 0 0 D mv2112_update_link: 3.0x901(1G): 0x80
01-01 08:46:06.286 0 0 D mv2112_update_link: 3.0x8109(100M): 0x8
01-01 08:46:06.286 0 0 D mv2112_update_link: link 0x0
01-01 08:46:06.286 0 0 D mv2112_read_status: autoneg is disabled
01-01 08:46:06.687 0 0 I : read descriptors
01-01 08:46:06.687 0 0 I : read strings
01-01 08:46:07.310 0 0 D : mv2112_read_status
01-01 08:46:07.310 0 0 D mv2112_update_link: 3.0x901(1G): 0x80
01-01 08:46:07.311 0 0 D mv2112_update_link: 3.0x8109(100M): 0x8
01-01 08:46:07.311 0 0 D mv2112_update_link: link 0x0
01-01 08:46:07.311 0 0 D mv2112_read_status: autoneg is disabled
01-01 08:46:07.703 0 0 I : read descriptors
01-01 08:46:07.703 0 0 I : read strings
01-01 08:46:08.334 0 0 D : mv2112_read_status
01-01 08:46:08.334 0 0 D mv2112_update_link: 3.0x901(1G): 0x80
01-01 08:46:08.334 0 0 D mv2112_update_link: 3.0x8109(100M): 0x8
01-01 08:46:08.334 0 0 D mv2112_update_link: link 0x0
01-01 08:46:08.335 0 0 D mv2112_read_status: autoneg is disabled
01-01 08:46:08.719 0 0 I : read descriptors
01-01 08:46:08.719 0 0 I : read strings
01-01 08:46:09.358 0 0 D : mv2112_read_status
01-01 08:46:09.358 0 0 D mv2112_update_link: 3.0x901(1G): 0x80
01-01 08:46:09.358 0 0 D mv2112_update_link: 3.0x8109(100M): 0x8
01-01 08:46:09.358 0 0 D mv2112_update_link: link 0x0
01-01 08:46:09.358 0 0 D mv2112_read_status: autoneg is disabled
01-01 08:46:09.739 0 0 I : read descriptors
01-01 08:46:09.739 0 0 I : read strings
01-01 08:46:10.382 0 0 D : mv2112_read_status
01-01 08:46:10.382 0 0 D mv2112_update_link: 3.0x901(1G): 0x80
01-01 08:46:10.382 0 0 D mv2112_update_link: 3.0x8109(100M): 0x8
01-01 08:46:10.382 0 0 D mv2112_update_link: link 0x0
01-01 08:46:10.382 0 0 D mv2112_read_status: autoneg is disabled
01-01 08:46:10.751 0 0 I : read descriptors
01-01 08:46:10.751 0 0 I : read strings
01-01 08:46:11.406 0 0 D : mv2112_read_status
01-01 08:46:11.406 0 0 D mv2112_update_link: 3.0x901(1G): 0x80
01-01 08:46:11.406 0 0 D mv2112_update_link: 3.0x8109(100M): 0x8
01-01 08:46:11.406 0 0 D mv2112_update_link: link 0x0
01-01 08:46:11.406 0 0 D mv2112_read_status: autoneg is disabled
01-01 08:46:11.763 0 0 I : read descriptors
01-01 08:46:11.763 0 0 I : read strings
01-01 08:46:12.430 0 0 D : mv2112_read_status
01-01 08:46:12.430 0 0 D mv2112_update_link: 3.0x901(1G): 0x80
01-01 08:46:12.430 0 0 D mv2112_update_link: 3.0x8109(100M): 0x8
01-01 08:46:12.430 0 0 D mv2112_update_link: link 0x0
01-01 08:46:12.430 0 0 D mv2112_read_status: autoneg is disabled
01-01 08:46:12.783 0 0 I : read descriptors
01-01 08:46:12.783 0 0 I : read strings
01-01 08:46:13.454 0 0 D : mv2112_read_status
01-01 08:46:13.454 0 0 D mv2112_update_link: 3.0x901(1G): 0x80
01-01 08:46:13.454 0 0 D mv2112_update_link: 3.0x8109(100M): 0x8
01-01 08:46:13.454 0 0 D mv2112_update_link: link 0x0
01-01 08:46:13.454 0 0 D mv2112_read_status: autoneg is disabled
01-01 08:46:13.799 0 0 I : read descriptors
01-01 08:46:13.799 0 0 I : read strings
01-01 08:46:14.478 0 0 D : mv2112_read_status
01-01 08:46:14.478 0 0 D mv2112_update_link: 3.0x901(1G): 0x80
01-01 08:46:14.478 0 0 D mv2112_update_link: 3.0x8109(100M): 0x8
01-01 08:46:14.478 0 0 D mv2112_update_link: link 0x0
01-01 08:46:14.478 0 0 D mv2112_read_status: autoneg is disabled
01-01 08:46:14.815 0 0 I : read descriptors
01-01 08:46:14.815 0 0 I : read strings
01-01 08:46:15.502 0 0 D : mv2112_read_status
01-01 08:46:15.502 0 0 D mv2112_update_link: 3.0x901(1G): 0x80
01-01 08:46:15.503 0 0 D mv2112_update_link: 3.0x8109(100M): 0x8
01-01 08:46:15.503 0 0 D mv2112_update_link: link 0x0
01-01 08:46:15.503 0 0 D mv2112_read_status: autoneg is disabled
01-01 08:46:15.831 0 0 I : read descriptors
01-01 08:46:15.831 0 0 I : read strings
01-01 08:46:16.526 0 0 D : mv2112_read_status
01-01 08:46:16.526 0 0 D mv2112_update_link: 3.0x901(1G): 0x80
01-01 08:46:16.526 0 0 D mv2112_update_link: 3.0x8109(100M): 0x8
01-01 08:46:16.526 0 0 D mv2112_update_link: link 0x0
01-01 08:46:16.526 0 0 D mv2112_read_status: autoneg is disabled
01-01 08:46:16.843 0 0 I : read descriptors
01-01 08:46:16.843 0 0 I : read strings
01-01 08:46:17.550 0 0 D : mv2112_read_status
01-01 08:46:17.550 0 0 D mv2112_update_link: 3.0x901(1G): 0x80
01-01 08:46:17.551 0 0 D mv2112_update_link: 3.0x8109(100M): 0x8
01-01 08:46:17.551 0 0 D mv2112_update_link: link 0x0
01-01 08:46:17.551 0 0 D mv2112_read_status: autoneg is disabled
01-01 08:46:17.855 0 0 I : read descriptors
01-01 08:46:17.855 0 0 I : read strings
01-01 08:46:18.574 0 0 D : mv2112_read_status
01-01 08:46:18.574 0 0 D mv2112_update_link: 3.0x901(1G): 0x80
01-01 08:46:18.574 0 0 D mv2112_update_link: 3.0x8109(100M): 0x8
01-01 08:46:18.574 0 0 D mv2112_update_link: link 0x0
01-01 08:46:18.574 0 0 D mv2112_read_status: autoneg is disabled
01-01 08:46:18.875 0 0 I : read descriptors
01-01 08:46:18.875 0 0 I : read strings
01-01 08:46:19.598 0 0 D : mv2112_read_status
01-01 08:46:19.598 0 0 D mv2112_update_link: 3.0x901(1G): 0x80
01-01 08:46:19.598 0 0 D mv2112_update_link: 3.0x8109(100M): 0x8
01-01 08:46:19.598 0 0 D mv2112_update_link: link 0x0
01-01 08:46:19.598 0 0 D mv2112_read_status: autoneg is disabled
01-01 08:46:19.895 0 0 I : read descriptors
01-01 08:46:19.895 0 0 I : read strings
01-01 08:46:20.622 0 0 D : mv2112_read_status
01-01 08:46:20.622 0 0 D mv2112_update_link: 3.0x901(1G): 0x80
01-01 08:46:20.622 0 0 D mv2112_update_link: 3.0x8109(100M): 0x8
01-01 08:46:20.622 0 0 D mv2112_update_link: link 0x0
01-01 08:46:20.623 0 0 D mv2112_read_status: autoneg is disabled
01-01 08:46:20.915 0 0 I : read descriptors
01-01 08:46:20.915 0 0 I : read strings
01-01 08:46:21.646 0 0 D : mv2112_read_status
01-01 08:46:21.646 0 0 D mv2112_update_link: 3.0x901(1G): 0x80
01-01 08:46:21.646 0 0 D mv2112_update_link: 3.0x8109(100M): 0x8
01-01 08:46:21.646 0 0 D mv2112_update_link: link 0x0
01-01 08:46:21.646 0 0 D mv2112_read_status: autoneg is disabled
01-01 08:46:21.931 0 0 I : read descriptors
01-01 08:46:21.931 0 0 I : read strings
01-01 08:46:22.670 0 0 D : mv2112_read_status
01-01 08:46:22.670 0 0 D mv2112_update_link: 3.0x901(1G): 0x80
01-01 08:46:22.670 0 0 D mv2112_update_link: 3.0x8109(100M): 0x8
01-01 08:46:22.670 0 0 D mv2112_update_link: link 0x0
01-01 08:46:22.670 0 0 D mv2112_read_status: autoneg is disabled
01-01 08:46:22.951 0 0 I : read descriptors
01-01 08:46:22.951 0 0 I : read strings
01-01 08:46:23.694 0 0 D : mv2112_read_status
01-01 08:46:23.694 0 0 D mv2112_update_link: 3.0x901(1G): 0x80
01-01 08:46:23.694 0 0 D mv2112_update_link: 3.0x8109(100M): 0x8
01-01 08:46:23.694 0 0 D mv2112_update_link: link 0x0
01-01 08:46:23.694 0 0 D mv2112_read_status: autoneg is disabled
01-01 08:46:23.967 0 0 I : read descriptors
01-01 08:46:23.967 0 0 I : read strings
01-01 08:46:24.718 0 0 D : mv2112_read_status
01-01 08:46:24.718 0 0 D mv2112_update_link: 3.0x901(1G): 0x80
01-01 08:46:24.718 0 0 D mv2112_update_link: 3.0x8109(100M): 0x8
01-01 08:46:24.718 0 0 D mv2112_update_link: link 0x0
01-01 08:46:24.718 0 0 D mv2112_read_status: autoneg is disabled
01-01 08:46:24.991 0 0 I : read descriptors
01-01 08:46:24.991 0 0 I : read strings
01-01 08:46:25.742 0 0 D : mv2112_read_status
01-01 08:46:25.742 0 0 D mv2112_update_link: 3.0x901(1G): 0x80
01-01 08:46:25.742 0 0 D mv2112_update_link: 3.0x8109(100M): 0x8
01-01 08:46:25.742 0 0 D mv2112_update_link: link 0x0
01-01 08:46:25.742 0 0 D mv2112_read_status: autoneg is disabled
01-01 08:46:26.007 0 0 I : read descriptors
01-01 08:46:26.007 0 0 I : read strings
01-01 08:46:26.766 0 0 D : mv2112_read_status
01-01 08:46:26.766 0 0 D mv2112_update_link: 3.0x901(1G): 0x80
01-01 08:46:26.767 0 0 D mv2112_update_link: 3.0x8109(100M): 0x8
01-01 08:46:26.767 0 0 D mv2112_update_link: link 0x0
01-01 08:46:26.767 0 0 D mv2112_read_status: autoneg is disabled
01-01 08:46:27.023 0 0 I : read descriptors
01-01 08:46:27.023 0 0 I : read strings
01-01 08:46:27.790 0 0 D : mv2112_read_status
01-01 08:46:27.790 0 0 D mv2112_update_link: 3.0x901(1G): 0x80
01-01 08:46:27.790 0 0 D mv2112_update_link: 3.0x8109(100M): 0x8
01-01 08:46:27.790 0 0 D mv2112_update_link: link 0x0
01-01 08:46:27.790 0 0 D mv2112_read_status: autoneg is disabled
01-01 08:46:28.039 0 0 I : read descriptors
01-01 08:46:28.039 0 0 I : read strings
01-01 08:46:28.814 0 0 D : mv2112_read_status
01-01 08:46:28.814 0 0 D mv2112_update_link: 3.0x901(1G): 0x80
01-01 08:46:28.815 0 0 D mv2112_update_link: 3.0x8109(100M): 0x8
01-01 08:46:28.815 0 0 D mv2112_update_link: link 0x0
01-01 08:46:28.815 0 0 D mv2112_read_status: autoneg is disabled
01-01 08:46:29.051 0 0 I : read descriptors
01-01 08:46:29.051 0 0 I : read strings
01-01 08:46:29.838 0 0 D : mv2112_read_status
01-01 08:46:29.838 0 0 D mv2112_update_link: 3.0x901(1G): 0x80
01-01 08:46:29.839 0 0 D mv2112_update_link: 3.0x8109(100M): 0x8
01-01 08:46:29.839 0 0 D mv2112_update_link: link 0x0
01-01 08:46:29.839 0 0 D mv2112_read_status: autoneg is disabled
01-01 08:46:30.067 0 0 I : read descriptors
01-01 08:46:30.067 0 0 I : read strings
01-01 08:46:30.862 0 0 D : mv2112_read_status
01-01 08:46:30.862 0 0 D mv2112_update_link: 3.0x901(1G): 0x80
01-01 08:46:30.862 0 0 D mv2112_update_link: 3.0x8109(100M): 0x8
01-01 08:46:30.862 0 0 D mv2112_update_link: link 0x0
01-01 08:46:30.862 0 0 D mv2112_read_status: autoneg is disabled
01-01 08:46:31.083 0 0 I : read descriptors
01-01 08:46:31.083 0 0 I : read strings
01-01 08:46:31.886 0 0 D : mv2112_read_status
01-01 08:46:31.886 0 0 D mv2112_update_link: 3.0x901(1G): 0x80
01-01 08:46:31.886 0 0 D mv2112_update_link: 3.0x8109(100M): 0x8
01-01 08:46:31.886 0 0 D mv2112_update_link: link 0x0
01-01 08:46:31.886 0 0 D mv2112_read_status: autoneg is disabled
01-01 08:46:32.103 0 0 I : read descriptors
01-01 08:46:32.103 0 0 I : read strings
01-01 08:46:32.910 0 0 D : mv2112_read_status
01-01 08:46:32.910 0 0 D mv2112_update_link: 3.0x901(1G): 0x80
01-01 08:46:32.910 0 0 D mv2112_update_link: 3.0x8109(100M): 0x8
01-01 08:46:32.910 0 0 D mv2112_update_link: link 0x0
01-01 08:46:32.910 0 0 D mv2112_read_status: autoneg is disabled
01-01 08:46:33.123 0 0 I : read descriptors
01-01 08:46:33.123 0 0 I : read strings
01-01 08:46:33.356 0 0 W usb_extcon_detect_cable@108: vbus=0
01-01 08:46:33.356 0 0 E msm-dwc3 a600000.ssusb: Could not get usb psy
01-01 08:46:33.357 0 0 I : mtp_release
01-01 08:46:33.357 0 0 I msm-dwc3 a800000.ssusb: DWC3 in low power mode
01-01 08:46:33.357 0 0 I android_work: sent uevent USB_STATE=DISCONNECTED
01-01 08:46:33.358 0 0 I msm-dwc3 a600000.ssusb: DWC3 in low power mode
01-01 08:46:33.418 0 0 I msm-dwc3 a800000.ssusb: DWC3 exited from low power mode
01-01 08:46:33.419 0 0 I msm-dwc3 a600000.ssusb: DWC3 exited from low power mode
01-01 08:46:33.422 0 0 I xhci-hcd.1.auto: xHCI Host Controller
01-01 08:46:33.422 0 0 I xhci-hcd.1.auto: new USB bus registered, assigned bus number 1
01-01 08:46:33.422 0 0 I xhci-hcd.0.auto: xHCI Host Controller
01-01 08:46:33.422 0 0 I xhci-hcd.0.auto: new USB bus registered, assigned bus number 2
01-01 08:46:33.422 0 0 I xhci-hcd.1.auto: hcc params 0x0230ffe5 hci version 0x110 quirks 0x0000000000010010
01-01 08:46:33.422 0 0 I xhci-hcd.1.auto: irq 347, io mem 0x0a600000
01-01 08:46:33.422 0 0 I xhci-hcd.0.auto: hcc params 0x0230ffe5 hci version 0x110 quirks 0x0000000000010810
01-01 08:46:33.422 0 0 I xhci-hcd.0.auto: irq 349, io mem 0x0a800000
01-01 08:46:33.422 0 0 I usb1 : New USB device found, idVendor=1d6b, idProduct=0002, bcdDevice= 4.19
01-01 08:46:33.422 0 0 I usb1 : New USB device strings: Mfr=3, Product=2, SerialNumber=1
01-01 08:46:33.422 0 0 I usb1 : Product: xHCI Host Controller
01-01 08:46:33.422 0 0 I usb1 : Manufacturer: Linux 4.19.157-perf+ xhci-hcd
01-01 08:46:33.422 0 0 I usb1 : SerialNumber: xhci-hcd.1.auto
01-01 08:46:33.423 0 0 I hub 1-0 : 1.0: USB hub found
01-01 08:46:33.423 0 0 I hub 1-0 : 1.0: 1 port detected
01-01 08:46:33.425 0 0 E : [drm:dp_display_init_aux_switch][msm-dp-err][1533]failed to register notifier (-22)
01-01 08:46:33.426 0 0 E register_client_adhoc: find path.src 1 dest 589
01-01 08:46:33.426 0 0 E register_client_adhoc: Failed to find path.src 1 dest 589
01-01 08:46:33.428 0 0 I xhci-hcd.1.auto: xHCI Host Controller
01-01 08:46:33.428 0 0 I usb2 : New USB device found, idVendor=1d6b, idProduct=0002, bcdDevice= 4.19
01-01 08:46:33.428 0 0 I usb2 : New USB device strings: Mfr=3, Product=2, SerialNumber=1
01-01 08:46:33.428 0 0 I usb2 : Product: xHCI Host Controller
01-01 08:46:33.428 0 0 I usb2 : Manufacturer: Linux 4.19.157-perf+ xhci-hcd
01-01 08:46:33.428 0 0 I usb2 : SerialNumber: xhci-hcd.0.auto
01-01 08:46:33.429 0 0 I hub 2-0 : 1.0: USB hub found
01-01 08:46:33.429 0 0 I hub 2-0 : 1.0: 1 port detected
01-01 08:46:33.430 0 0 I xhci-hcd.0.auto: xHCI Host Controller
01-01 08:46:33.430 0 0 I xhci-hcd.1.auto: new USB bus registered, assigned bus number 3
01-01 08:46:33.430 0 0 I xhci-hcd.0.auto: new USB bus registered, assigned bus number 4
01-01 08:46:33.430 0 0 I xhci-hcd.1.auto: Host supports USB 3.1 Enhanced SuperSpeed
01-01 08:46:33.430 0 0 I xhci-hcd.0.auto: Host supports USB 3.1 Enhanced SuperSpeed
01-01 08:46:33.430 0 0 I usb3 : We don't know the algorithms for LPM for this host, disabling LPM.
01-01 08:46:33.431 0 0 I usb3 : New USB device found, idVendor=1d6b, idProduct=0003, bcdDevice= 4.19
01-01 08:46:33.431 0 0 I usb3 : New USB device strings: Mfr=3, Product=2, SerialNumber=1
01-01 08:46:33.431 0 0 I usb3 : Product: xHCI Host Controller
01-01 08:46:33.431 0 0 I usb3 : Manufacturer: Linux 4.19.157-perf+ xhci-hcd
01-01 08:46:33.431 0 0 I usb3 : SerialNumber: xhci-hcd.1.auto
01-01 08:46:33.432 0 0 I hub 3-0 : 1.0: USB hub found
01-01 08:46:33.432 0 0 I hub 3-0 : 1.0: 1 port detected
01-01 08:46:33.434 0 0 I usb4 : New USB device found, idVendor=1d6b, idProduct=0003, bcdDevice= 4.19
01-01 08:46:33.434 0 0 I usb4 : New USB device strings: Mfr=3, Product=2, SerialNumber=1
01-01 08:46:33.434 0 0 I usb4 : Product: xHCI Host Controller
01-01 08:46:33.434 0 0 I usb4 : Manufacturer: Linux 4.19.157-perf+ xhci-hcd
01-01 08:46:33.434 0 0 I usb4 : SerialNumber: xhci-hcd.0.auto
01-01 08:46:33.436 0 0 I hub 4-0 : 1.0: USB hub found
01-01 08:46:33.436 0 0 E swr-wcd rx_swr_ctrl: swrm_get_logical_dev_num: device 0xd01170224 is not ready
01-01 08:46:33.436 0 0 E swr_get_logical_dev_num: Error -22 to get logical addr for device d01170224
01-01 08:46:33.436 0 0 I hub 4-0 : 1.0: 1 port detected
01-01 08:46:33.436 0 0 E swr-wcd rx_swr_ctrl: swrm_get_logical_dev_num: device 0xd01170224 is not ready
01-01 08:46:33.436 0 0 E swr_get_logical_dev_num: Error -22 to get logical addr for device d01170224
01-01 08:46:33.436 0 0 E swr-wcd rx_swr_ctrl: swrm_get_logical_dev_num: device 0xd01170224 is not ready
01-01 08:46:33.436 0 0 E swr_get_logical_dev_num: Error -22 to get logical addr for device d01170224
01-01 08:46:33.436 0 0 E swr-wcd rx_swr_ctrl: swrm_get_logical_dev_num: device 0xd01170224 is not ready
01-01 08:46:33.436 0 0 E swr_get_logical_dev_num: Error -22 to get logical addr for device d01170224
01-01 08:46:33.436 0 0 E swr-wcd rx_swr_ctrl: swrm_get_logical_dev_num: device 0xd01170224 is not ready
01-01 08:46:33.436 0 0 E swr_get_logical_dev_num: Error -22 to get logical addr for device d01170224
01-01 08:46:33.436 0 0 E wcd938x_codec wcd938x-codec: wcd938x_bind: Slave bind failed, ret = -517
01-01 08:46:33.437 0 0 E : [drm:dp_display_init_aux_switch][msm-dp-err][1533]failed to register notifier (-22)
01-01 08:46:33.437 0 0 E register_client_adhoc: find path.src 1 dest 589
01-01 08:46:33.438 0 0 E register_client_adhoc: Failed to find path.src 1 dest 589
01-01 08:46:33.443 0 0 E swr-wcd rx_swr_ctrl: swrm_get_logical_dev_num: device 0xd01170224 is not ready
01-01 08:46:33.443 0 0 E swr_get_logical_dev_num: Error -22 to get logical addr for device d01170224
01-01 08:46:33.443 0 0 E swr-wcd rx_swr_ctrl: swrm_get_logical_dev_num: device 0xd01170224 is not ready
01-01 08:46:33.443 0 0 E swr_get_logical_dev_num: Error -22 to get logical addr for device d01170224
01-01 08:46:33.443 0 0 E swr-wcd rx_swr_ctrl: swrm_get_logical_dev_num: device 0xd01170224 is not ready
01-01 08:46:33.443 0 0 E swr_get_logical_dev_num: Error -22 to get logical addr for device d01170224
01-01 08:46:33.443 0 0 E swr-wcd rx_swr_ctrl: swrm_get_logical_dev_num: device 0xd01170224 is not ready
01-01 08:46:33.443 0 0 E swr_get_logical_dev_num: Error -22 to get logical addr for device d01170224
01-01 08:46:33.444 0 0 E swr-wcd rx_swr_ctrl: swrm_get_logical_dev_num: device 0xd01170224 is not ready
01-01 08:46:33.444 0 0 E swr_get_logical_dev_num: Error -22 to get logical addr for device d01170224
01-01 08:46:33.444 0 0 E wcd938x_codec wcd938x-codec: wcd938x_bind: Slave bind failed, ret = -517
01-01 08:46:33.444 0 0 E : [drm:dp_display_init_aux_switch][msm-dp-err][1533]failed to register notifier (-22)
01-01 08:46:33.934 0 0 D : mv2112_read_status
01-01 08:46:33.934 0 0 D mv2112_update_link: 3.0x901(1G): 0x80
01-01 08:46:33.934 0 0 D mv2112_update_link: 3.0x8109(100M): 0x8
01-01 08:46:33.934 0 0 D mv2112_update_link: link 0x0
01-01 08:46:33.934 0 0 D mv2112_read_status: autoneg is disabled
01-01 08:46:34.147 0 0 I : read descriptors
01-01 08:46:34.147 0 0 I : read strings
01-01 08:46:34.531 0 0 I msm-dwc3 a600000.ssusb: DWC3 in low power mode
01-01 08:46:34.535 0 0 I qcom_rpmh DRV: apps_rsc TCS Busy, retrying RPMH message send: addr=0x50000
01-01 08:46:34.535 0 0 I msm-dwc3 a800000.ssusb: DWC3 in low power mode
01-01 08:46:34.958 0 0 D : mv2112_read_status
01-01 08:46:34.958 0 0 D mv2112_update_link: 3.0x901(1G): 0x80
01-01 08:46:34.959 0 0 D mv2112_update_link: 3.0x8109(100M): 0x8
01-01 08:46:34.959 0 0 D mv2112_update_link: link 0x0
01-01 08:46:34.959 0 0 D mv2112_read_status: autoneg is disabled
01-01 08:46:35.163 0 0 I : read descriptors
01-01 08:46:35.163 0 0 I : read strings
01-01 08:46:35.982 0 0 D : mv2112_read_status
01-01 08:46:35.982 0 0 D mv2112_update_link: 3.0x901(1G): 0x80
01-01 08:46:35.983 0 0 D mv2112_update_link: 3.0x8109(100M): 0x8
01-01 08:46:35.983 0 0 D mv2112_update_link: link 0x0
01-01 08:46:35.983 0 0 D mv2112_read_status: autoneg is disabled
01-01 08:46:36.175 0 0 I : read descriptors
01-01 08:46:36.175 0 0 I : read strings
12-14 03:26:08.184 1468 1631 D UsbDeviceManager: Clear notification
12-14 03:26:08.201 1468 1468 D CompatibilityChangeReporter: Compat change id reported: 175319604; UID 1000; state: ENABLED
12-14 03:26:08.201 1468 1468 D CompatibilityChangeReporter: Compat change id reported: 175319604; UID 1000; state: DISABLED
01-01 08:46:37.006 0 0 D : mv2112_read_status
01-01 08:46:37.006 0 0 D mv2112_update_link: 3.0x901(1G): 0x80
01-01 08:46:37.007 0 0 D mv2112_update_link: 3.0x8109(100M): 0x8
01-01 08:46:37.007 0 0 D mv2112_update_link: link 0x0
01-01 08:46:37.007 0 0 D mv2112_read_status: autoneg is disabled
01-01 08:46:37.195 0 0 I : read descriptors
01-01 08:46:37.195 0 0 I : read strings
01-01 08:46:38.030 0 0 D : mv2112_read_status
01-01 08:46:38.030 0 0 D mv2112_update_link: 3.0x901(1G): 0x80
01-01 08:46:38.030 0 0 D mv2112_update_link: 3.0x8109(100M): 0x8
01-01 08:46:38.030 0 0 D mv2112_update_link: link 0x0
01-01 08:46:38.030 0 0 D mv2112_read_status: autoneg is disabled
01-01 08:46:38.211 0 0 I : read descriptors
01-01 08:46:38.211 0 0 I : read strings
01-01 08:46:39.054 0 0 D : mv2112_read_status
01-01 08:46:39.054 0 0 D mv2112_update_link: 3.0x901(1G): 0x80
01-01 08:46:39.055 0 0 D mv2112_update_link: 3.0x8109(100M): 0x8
01-01 08:46:39.055 0 0 D mv2112_update_link: link 0x0
01-01 08:46:39.055 0 0 D mv2112_read_status: autoneg is disabled
01-01 08:46:39.227 0 0 I : read descriptors
01-01 08:46:39.227 0 0 I : read strings
01-01 08:46:40.078 0 0 D : mv2112_read_status
01-01 08:46:40.078 0 0 D mv2112_update_link: 3.0x901(1G): 0x80
01-01 08:46:40.079 0 0 D mv2112_update_link: 3.0x8109(100M): 0x8
01-01 08:46:40.079 0 0 D mv2112_update_link: link 0x0
01-01 08:46:40.079 0 0 D mv2112_read_status: autoneg is disabled
01-01 08:46:40.243 0 0 I : read descriptors
01-01 08:46:40.243 0 0 I : read strings
01-01 08:46:41.102 0 0 D : mv2112_read_status
01-01 08:46:41.102 0 0 D mv2112_update_link: 3.0x901(1G): 0x80
01-01 08:46:41.103 0 0 D mv2112_update_link: 3.0x8109(100M): 0x8
01-01 08:46:41.103 0 0 D mv2112_update_link: link 0x0
01-01 08:46:41.103 0 0 D mv2112_read_status: autoneg is disabled
01-01 08:46:41.259 0 0 I : read descriptors
01-01 08:46:41.259 0 0 I : read strings
01-01 08:46:42.126 0 0 D : mv2112_read_status
01-01 08:46:42.126 0 0 D mv2112_update_link: 3.0x901(1G): 0x80
01-01 08:46:42.127 0 0 D mv2112_update_link: 3.0x8109(100M): 0x8
01-01 08:46:42.127 0 0 D mv2112_update_link: link 0x0
01-01 08:46:42.127 0 0 D mv2112_read_status: autoneg is disabled
01-01 08:46:42.275 0 0 I : read descriptors
01-01 08:46:42.275 0 0 I : read strings
01-01 08:46:43.150 0 0 D : mv2112_read_status
01-01 08:46:43.150 0 0 D mv2112_update_link: 3.0x901(1G): 0x80
01-01 08:46:43.151 0 0 D mv2112_update_link: 3.0x8109(100M): 0x8
01-01 08:46:43.151 0 0 D mv2112_update_link: link 0x0
01-01 08:46:43.151 0 0 D mv2112_read_status: autoneg is disabled
01-01 08:46:43.295 0 0 I : read descriptors
01-01 08:46:43.295 0 0 I : read strings
01-01 08:46:44.174 0 0 D : mv2112_read_status
01-01 08:46:44.174 0 0 D mv2112_update_link: 3.0x901(1G): 0x80
01-01 08:46:44.175 0 0 D mv2112_update_link: 3.0x8109(100M): 0x8
01-01 08:46:44.175 0 0 D mv2112_update_link: link 0x0
01-01 08:46:44.175 0 0 D mv2112_read_status: autoneg is disabled
01-01 08:46:44.315 0 0 I : read descriptors
01-01 08:46:44.315 0 0 I : read strings
01-01 08:46:45.198 0 0 D : mv2112_read_status
01-01 08:46:45.198 0 0 D mv2112_update_link: 3.0x901(1G): 0x80
01-01 08:46:45.199 0 0 D mv2112_update_link: 3.0x8109(100M): 0x8
01-01 08:46:45.199 0 0 D mv2112_update_link: link 0x0
01-01 08:46:45.199 0 0 D mv2112_read_status: autoneg is disabled
01-01 08:46:45.331 0 0 I : read descriptors
01-01 08:46:45.331 0 0 I : read strings
01-01 08:46:46.222 0 0 D : mv2112_read_status
01-01 08:46:46.222 0 0 D mv2112_update_link: 3.0x901(1G): 0x80
01-01 08:46:46.222 0 0 D mv2112_update_link: 3.0x8109(100M): 0x8
01-01 08:46:46.222 0 0 D mv2112_update_link: link 0x0
01-01 08:46:46.222 0 0 D mv2112_read_status: autoneg is disabled
01-01 08:46:46.351 0 0 I : read descriptors
01-01 08:46:46.351 0 0 I : read strings
01-01 08:46:46.358 0 0 W usb_extcon_detect_cable@108: vbus=1
01-01 08:46:46.359 0 0 E msm-dwc3 a600000.ssusb: Could not get usb psy
01-01 08:46:46.360 0 0 I msm-dwc3 a600000.ssusb: DWC3 exited from low power mode
01-01 08:46:46.360 0 0 I xhci-hcd.1.auto: remove, state 4
01-01 08:46:46.360 0 0 I usb3 : USB disconnect, device number 1
01-01 08:46:46.361 0 0 I msm-dwc3 a800000.ssusb: DWC3 exited from low power mode
01-01 08:46:46.361 0 0 I xhci-hcd.0.auto: remove, state 4
01-01 08:46:46.364 0 0 I xhci-hcd.1.auto: USB bus 3 deregistered
01-01 08:46:46.364 0 0 I xhci-hcd.1.auto: remove, state 4
01-01 08:46:46.364 0 0 I usb1 : USB disconnect, device number 1
01-01 08:46:46.366 0 0 I usb4 : USB disconnect, device number 1
01-01 08:46:46.368 0 0 I xhci-hcd.0.auto: USB bus 4 deregistered
01-01 08:46:46.368 0 0 I xhci-hcd.0.auto: remove, state 4
01-01 08:46:46.368 0 0 I usb2 : USB disconnect, device number 1
12-14 03:26:18.189 1468 2372 D UsbHostManager: Removed device at /dev/bus/usb/003/001 was already gone
12-14 03:26:18.191 1468 2372 D UsbHostManager: Removed device at /dev/bus/usb/001/001 was already gone
12-14 03:26:18.192 1468 2372 D UsbHostManager: Removed device at /dev/bus/usb/004/001 was already gone
01-01 08:46:46.371 0 0 I xhci-hcd.1.auto: USB bus 1 deregistered
01-01 08:46:46.371 0 0 I xhci-hcd.0.auto: USB bus 2 deregistered
01-01 08:46:46.373 0 0 I msm-dwc3 a600000.ssusb: DWC3 in low power mode
01-01 08:46:46.373 0 0 E msm-dwc3 a600000.ssusb: Could not get usb psy
01-01 08:46:46.373 0 0 E msm-dwc3 a600000.ssusb: Could not get usb psy
12-14 03:26:18.194 1468 2372 D UsbHostManager: Removed device at /dev/bus/usb/002/001 was already gone
01-01 08:46:46.374 0 0 I msm-dwc3 a800000.ssusb: DWC3 in low power mode
01-01 08:46:46.434 0 0 I msm-dwc3 a800000.ssusb: DWC3 exited from low power mode
01-01 08:46:46.434 0 0 I msm-dwc3 a600000.ssusb: DWC3 exited from low power mode
01-01 08:46:46.554 0 0 E msm-dwc3 a600000.ssusb: Could not get usb psy
01-01 08:46:46.649 0 0 E msm-dwc3 a600000.ssusb: Could not get usb psy
01-01 08:46:46.738 0 0 I android_work: sent uevent USB_STATE=CONNECTED
12-14 03:26:18.560 1468 1631 D UsbDeviceManager: push notification:正在通过 USB 为此设备充电
01-01 08:46:46.757 0 0 E msm-dwc3 a600000.ssusb: Could not get usb psy
12-14 03:26:18.763 1468 1468 I GameModeConfig: isGameModeOn = false
12-14 03:26:18.765 1468 1468 W NotificationHistory: Attempted to add notif for locked/gone/disabled user 0
01-01 08:46:47.169 0 0 I configfs-gadget gadget: high-speed config #1: b
01-01 08:46:47.170 0 0 E msm-dwc3 a600000.ssusb: Could not get usb psy
01-01 08:46:47.171 0 0 I android_work: sent uevent USB_STATE=CONFIGURED
01-01 08:46:47.196 0 0 I : mtp_open
01-01 08:46:47.246 0 0 D : mv2112_read_status
01-01 08:46:47.246 0 0 D mv2112_update_link: 3.0x901(1G): 0x80
01-01 08:46:47.246 0 0 D mv2112_update_link: 3.0x8109(100M): 0x8
01-01 08:46:47.246 0 0 D mv2112_update_link: link 0x0
01-01 08:46:47.246 0 0 D mv2112_read_status: autoneg is disabled
01-01 08:46:47.371 0 0 I : read descriptors
01-01 08:46:47.371 0 0 I : read strings
01-01 08:46:48.270 0 0 D : mv2112_read_status
01-01 08:46:48.270 0 0 D mv2112_update_link: 3.0x901(1G): 0x80
01-01 08:46:48.270 0 0 D mv2112_update_link: 3.0x8109(100M): 0x8
01-01 08:46:48.270 0 0 D mv2112_update_link: link 0x0
01-01 08:46:48.270 0 0 D mv2112_read_status: autoneg is disabled
01-01 08:46:48.387 0 0 I : read descriptors
01-01 08:46:48.387 0 0 I : read strings
01-01 08:46:49.294 0 0 D : mv2112_read_status
01-01 08:46:49.294 0 0 D mv2112_update_link: 3.0x901(1G): 0x80
01-01 08:46:49.295 0 0 D mv2112_update_link: 3.0x8109(100M): 0x8
01-01 08:46:49.295 0 0 D mv2112_update_link: link 0x0
01-01 08:46:49.295 0 0 D mv2112_read_status: autoneg is disabled
01-01 08:46:49.407 0 0 I : read descriptors
01-01 08:46:49.407 0 0 I : read strings
01-01 08:46:50.318 0 0 D : mv2112_read_status
01-01 08:46:50.318 0 0 D mv2112_update_link: 3.0x901(1G): 0x80
01-01 08:46:50.319 0 0 D mv2112_update_link: 3.0x8109(100M): 0x8
01-01 08:46:50.319 0 0 D mv2112_update_link: link 0x0
01-01 08:46:50.319 0 0 D mv2112_read_status: autoneg is disabled
01-01 08:46:50.429 0 0 I : read descriptors
01-01 08:46:50.429 0 0 I : read strings
01-01 08:46:51.342 0 0 D : mv2112_read_status
01-01 08:46:51.342 0 0 D mv2112_update_link: 3.0x901(1G): 0x80
01-01 08:46:51.343 0 0 D mv2112_update_link: 3.0x8109(100M): 0x8
01-01 08:46:51.343 0 0 D mv2112_update_link: link 0x0
01-01 08:46:51.343 0 0 D mv2112_read_status: autoneg is disabled
01-01 08:46:51.443 0 0 I : read descriptors
01-01 08:46:51.443 0 0 I : read strings
01-01 08:46:52.366 0 0 D : mv2112_read_status
01-01 08:46:52.366 0 0 D mv2112_update_link: 3.0x901(1G): 0x80
01-01 08:46:52.366 0 0 D mv2112_update_link: 3.0x8109(100M): 0x8
01-01 08:46:52.366 0 0 D mv2112_update_link: link 0x0
01-01 08:46:52.366 0 0 D mv2112_read_status: autoneg is disabled
01-01 08:46:52.459 0 0 I : read descriptors
01-01 08:46:52.459 0 0 I : read strings
01-01 08:46:53.390 0 0 D : mv2112_read_status
01-01 08:46:53.390 0 0 D mv2112_update_link: 3.0x901(1G): 0x80
01-01 08:46:53.390 0 0 D mv2112_update_link: 3.0x8109(100M): 0x8
01-01 08:46:53.390 0 0 D mv2112_update_link: link 0x0
01-01 08:46:53.390 0 0 D mv2112_read_status: autoneg is disabled
01-01 08:46:53.471 0 0 I : read descriptors
01-01 08:46:53.471 0 0 I : read strings
12-14 03:26:25.724 1468 1658 V DisplayPowerController[0]: Brightness [0.05] reason changing to: 'manual [ dim ]', previous reason: 'manual'.
12-14 03:26:25.724 1468 1658 W PowerManagerService: Screen on took 63943 ms
12-14 03:26:25.733 1468 2349 E DisplayDeviceConfig: requesting nits when no mapping exists.
12-14 03:26:25.734 1468 2349 E DisplayDeviceConfig: requesting nits when no mapping exists.
12-14 03:26:25.737 1468 1642 I DropBoxManagerService: add tag=system_server_wtf isTagEnabled=true flags=0x2
12-14 03:26:25.740 1468 1642 I DropBoxManagerService: add tag=system_server_wtf isTagEnabled=true flags=0x2
12-14 03:26:25.752 1468 2349 E DisplayDeviceConfig: requesting nits when no mapping exists.
12-14 03:26:25.753 1468 2349 E DisplayDeviceConfig: requesting nits when no mapping exists.
12-14 03:26:25.754 1468 1642 I DropBoxManagerService: add tag=system_server_wtf isTagEnabled=true flags=0x2
12-14 03:26:25.756 1468 1642 I DropBoxManagerService: add tag=system_server_wtf isTagEnabled=true flags=0x2
12-14 03:26:25.766 1468 2349 E DisplayDeviceConfig: requesting nits when no mapping exists.
12-14 03:26:25.767 1468 2349 E DisplayDeviceConfig: requesting nits when no mapping exists.
12-14 03:26:25.768 1468 1642 I DropBoxManagerService: add tag=system_server_wtf isTagEnabled=true flags=0x2
12-14 03:26:25.783 1468 2349 E DisplayDeviceConfig: requesting nits when no mapping exists.
12-14 03:26:25.784 1468 2349 E DisplayDeviceConfig: requesting nits when no mapping exists.
12-14 03:26:25.799 1468 2349 E DisplayDeviceConfig: requesting nits when no mapping exists.
12-14 03:26:25.800 1468 2349 E DisplayDeviceConfig: requesting nits when no mapping exists.
12-14 03:26:25.817 1468 2349 E DisplayDeviceConfig: requesting nits when no mapping exists.
12-14 03:26:25.817 1468 2349 E DisplayDeviceConfig: requesting nits when no mapping exists.
12-14 03:26:25.833 1468 2349 E DisplayDeviceConfig: requesting nits when no mapping exists.
12-14 03:26:25.833 1468 2349 E DisplayDeviceConfig: requesting nits when no mapping exists.
12-14 03:26:25.850 1468 2349 E DisplayDeviceConfig: requesting nits when no mapping exists.
12-14 03:26:25.850 1468 2349 E DisplayDeviceConfig: requesting nits when no mapping exists.
12-14 03:26:25.866 1468 2349 E DisplayDeviceConfig: requesting nits when no mapping exists.
12-14 03:26:25.867 1468 2349 E DisplayDeviceConfig: requesting nits when no mapping exists.
12-14 03:26:25.883 1468 2349 E DisplayDeviceConfig: requesting nits when no mapping exists.
12-14 03:26:25.884 1468 2349 E DisplayDeviceConfig: requesting nits when no mapping exists.
12-14 03:26:25.900 1468 2349 E DisplayDeviceConfig: requesting nits when no mapping exists.
12-14 03:26:25.901 1468 2349 E DisplayDeviceConfig: requesting nits when no mapping exists.
12-14 03:26:25.916 1468 2349 E DisplayDeviceConfig: requesting nits when no mapping exists.
12-14 03:26:25.917 1468 2349 E DisplayDeviceConfig: requesting nits when no mapping exists.
12-14 03:26:25.934 1468 2349 E DisplayDeviceConfig: requesting nits when no mapping exists.
12-14 03:26:25.934 1468 2349 E DisplayDeviceConfig: requesting nits when no mapping exists.
12-14 03:26:25.950 1468 2349 E DisplayDeviceConfig: requesting nits when no mapping exists.
12-14 03:26:25.951 1468 2349 E DisplayDeviceConfig: requesting nits when no mapping exists.
12-14 03:26:25.967 1468 2349 E DisplayDeviceConfig: requesting nits when no mapping exists.
12-14 03:26:25.968 1468 2349 E DisplayDeviceConfig: requesting nits when no mapping exists.
12-14 03:26:25.984 1468 2349 E DisplayDeviceConfig: requesting nits when no mapping exists.
12-14 03:26:25.984 1468 2349 E DisplayDeviceConfig: requesting nits when no mapping exists.
12-14 03:26:26.000 1468 2349 E DisplayDeviceConfig: requesting nits when no mapping exists.
12-14 03:26:26.001 1468 2349 E DisplayDeviceConfig: requesting nits when no mapping exists.
12-14 03:26:26.017 1468 2349 E DisplayDeviceConfig: requesting nits when no mapping exists.
12-14 03:26:26.018 1468 2349 E DisplayDeviceConfig: requesting nits when no mapping exists.
12-14 03:26:26.034 1468 2349 E DisplayDeviceConfig: requesting nits when no mapping exists.
12-14 03:26:26.034 1468 2349 E DisplayDeviceConfig: requesting nits when no mapping exists.
12-14 03:26:26.050 1468 2349 E DisplayDeviceConfig: requesting nits when no mapping exists.
12-14 03:26:26.051 1468 2349 E DisplayDeviceConfig: requesting nits when no mapping exists.
12-14 03:26:26.067 1468 2349 E DisplayDeviceConfig: requesting nits when no mapping exists.
12-14 03:26:26.068 1468 2349 E DisplayDeviceConfig: requesting nits when no mapping exists.
12-14 03:26:26.084 1468 2349 E DisplayDeviceConfig: requesting nits when no mapping exists.
12-14 03:26:26.084 1468 2349 E DisplayDeviceConfig: requesting nits when no mapping exists.
12-14 03:26:26.101 1468 2349 E DisplayDeviceConfig: requesting nits when no mapping exists.
12-14 03:26:26.101 1468 2349 E DisplayDeviceConfig: requesting nits when no mapping exists.
12-14 03:26:26.117 1468 2349 E DisplayDeviceConfig: requesting nits when no mapping exists.
12-14 03:26:26.118 1468 2349 E DisplayDeviceConfig: requesting nits when no mapping exists.
12-14 03:26:26.134 1468 2349 E DisplayDeviceConfig: requesting nits when no mapping exists.
12-14 03:26:26.134 1468 2349 E DisplayDeviceConfig: requesting nits when no mapping exists.
12-14 03:26:26.151 1468 2349 E DisplayDeviceConfig: requesting nits when no mapping exists.
12-14 03:26:26.151 1468 2349 E DisplayDeviceConfig: requesting nits when no mapping exists.
12-14 03:26:26.167 1468 2349 E DisplayDeviceConfig: requesting nits when no mapping exists.
12-14 03:26:26.168 1468 2349 E DisplayDeviceConfig: requesting nits when no mapping exists.
12-14 03:26:26.184 1468 2349 E DisplayDeviceConfig: requesting nits when no mapping exists.
12-14 03:26:26.185 1468 2349 E DisplayDeviceConfig: requesting nits when no mapping exists.
12-14 03:26:26.201 1468 2349 E DisplayDeviceConfig: requesting nits when no mapping exists.
12-14 03:26:26.202 1468 2349 E DisplayDeviceConfig: requesting nits when no mapping exists.
12-14 03:26:26.218 1468 2349 E DisplayDeviceConfig: requesting nits when no mapping exists.
12-14 03:26:26.218 1468 2349 E DisplayDeviceConfig: requesting nits when no mapping exists.
12-14 03:26:26.234 1468 2349 E DisplayDeviceConfig: requesting nits when no mapping exists.
12-14 03:26:26.235 1468 2349 E DisplayDeviceConfig: requesting nits when no mapping exists.
01-01 08:46:54.414 0 0 D : mv2112_read_status
01-01 08:46:54.414 0 0 D mv2112_update_link: 3.0x901(1G): 0x80
01-01 08:46:54.414 0 0 D mv2112_update_link: 3.0x8109(100M): 0x8
01-01 08:46:54.414 0 0 D mv2112_update_link: link 0x0
01-01 08:46:54.414 0 0 D mv2112_read_status: autoneg is disabled
12-14 03:26:26.251 1468 2349 E DisplayDeviceConfig: requesting nits when no mapping exists.
12-14 03:26:26.252 1468 2349 E DisplayDeviceConfig: requesting nits when no mapping exists.
12-14 03:26:26.267 1468 2349 E DisplayDeviceConfig: requesting nits when no mapping exists.
12-14 03:26:26.267 1468 2349 E DisplayDeviceConfig: requesting nits when no mapping exists.
12-14 03:26:26.284 1468 2349 E DisplayDeviceConfig: requesting nits when no mapping exists.
12-14 03:26:26.284 1468 2349 E DisplayDeviceConfig: requesting nits when no mapping exists.
12-14 03:26:26.301 1468 2349 E DisplayDeviceConfig: requesting nits when no mapping exists.
12-14 03:26:26.302 1468 2349 E DisplayDeviceConfig: requesting nits when no mapping exists.
01-01 08:46:54.487 0 0 I : read descriptors
01-01 08:46:54.487 0 0 I : read strings
12-14 03:26:26.318 1468 2349 E DisplayDeviceConfig: requesting nits when no mapping exists.
12-14 03:26:26.319 1468 2349 E DisplayDeviceConfig: requesting nits when no mapping exists.
12-14 03:26:26.334 1468 2349 E DisplayDeviceConfig: requesting nits when no mapping exists.
12-14 03:26:26.335 1468 2349 E DisplayDeviceConfig: requesting nits when no mapping exists.
12-14 03:26:26.351 1468 2349 E DisplayDeviceConfig: requesting nits when no mapping exists.
12-14 03:26:26.352 1468 2349 E DisplayDeviceConfig: requesting nits when no mapping exists.
12-14 03:26:26.368 1468 2349 E DisplayDeviceConfig: requesting nits when no mapping exists.
12-14 03:26:26.368 1468 2349 E DisplayDeviceConfig: requesting nits when no mapping exists.
12-14 03:26:26.384 1468 2349 E DisplayDeviceConfig: requesting nits when no mapping exists.
12-14 03:26:26.385 1468 2349 E DisplayDeviceConfig: requesting nits when no mapping exists.
12-14 03:26:26.401 1468 2349 E DisplayDeviceConfig: requesting nits when no mapping exists.
12-14 03:26:26.402 1468 2349 E DisplayDeviceConfig: requesting nits when no mapping exists.
12-14 03:26:26.418 1468 2349 E DisplayDeviceConfig: requesting nits when no mapping exists.
12-14 03:26:26.418 1468 2349 E DisplayDeviceConfig: requesting nits when no mapping exists.
12-14 03:26:26.435 1468 2349 E DisplayDeviceConfig: requesting nits when no mapping exists.
12-14 03:26:26.435 1468 2349 E DisplayDeviceConfig: requesting nits when no mapping exists.
12-14 03:26:26.451 1468 2349 E DisplayDeviceConfig: requesting nits when no mapping exists.
12-14 03:26:26.452 1468 2349 E DisplayDeviceConfig: requesting nits when no mapping exists.
12-14 03:26:26.468 1468 2349 E DisplayDeviceConfig: requesting nits when no mapping exists.
12-14 03:26:26.468 1468 2349 E DisplayDeviceConfig: requesting nits when no mapping exists.
12-14 03:26:26.484 1468 2349 E DisplayDeviceConfig: requesting nits when no mapping exists.
12-14 03:26:26.485 1468 2349 E DisplayDeviceConfig: requesting nits when no mapping exists.
12-14 03:26:26.502 1468 2349 E DisplayDeviceConfig: requesting nits when no mapping exists.
