01-01 08:44:41.294 0 0 D mv2112_update_link: 3.0x8109(100M): 0x8
01-01 08:44:41.294 0 0 D mv2112_update_link: link 0x0
01-01 08:44:41.294 0 0 D mv2112_read_status: autoneg is disabled
12-14 03:24:13.139 1468 1631 D CompanionDeviceManagerService: onPackageModified(packageName = com.android.provision)
12-14 03:24:13.148 1468 1468 I Telecom : DefaultDialerCache: Refreshing default dialer for user 0: now null: DDC.oR@AB0
12-14 03:24:13.171 1468 1641 W VoiceInteractionManager: no available voice recognition services found for user 0
12-14 03:24:13.215 1468 1634 D ColorDisplayService: NightDisplayTintController Animation cancelled: false to matrix:
12-14 03:24:13.215 1468 1634 D ColorDisplayService: 1.000000 0.000000 0.000000 0.000000 0.000000 1.000000 0.000000 0.000000 0.000000 0.000000 1.000000 0.000000 0.000000 0.000000 0.000000 1.000000 min matrix coefficients:
12-14 03:24:13.215 1468 1634 D ColorDisplayService: 1.000000 0.000000 0.000000 0.000000 0.000000 1.000000 0.000000 0.000000 0.000000 0.000000 1.000000 0.000000 0.000000 0.000000 0.000000 1.000000 max matrix coefficients:
12-14 03:24:13.215 1468 1634 D ColorDisplayService: 1.000000 0.000000 0.000000 0.000000 0.000000 1.000000 0.000000 0.000000 0.000000 0.000000 1.000000 0.000000 0.000000 0.000000 0.000000 1.000000
12-14 03:24:13.221 1468 1468 I Telecom : PhoneAccountRegistrar: getSimCallManager: SimCallManager for subId -1 queried, returning: null: TSI.gSCMFU@AB4
12-14 03:24:13.223 1468 1468 I Telecom : PhoneAccountRegistrar: getSimCallManager: SimCallManager for subId -1 queried, returning: null: TSI.gSCMFU@AB8
12-14 03:24:13.240 4292 4310 W ContextImpl: Calling a method in the system process without a qualified user: android.app.ContextImpl.startService:1816 android.content.ContextWrapper.startService:774 com.thundercomm.gamemode.ingame.services.GameModeActionUtils.startGameModeService:99 com.thundercomm.gamemode.ingame.services.GameModeActionUtils.startGameModeEntry:22 com.thundercomm.gamemode.ingame.services.ActivityMonitoringService$1.onActivityLaunch:127
12-14 03:24:13.243 1468 1468 I GameModeConfig: Current uri is uri = content://com.thundercomm.gamemode.api/gamemode_settings/gamemode_isgaming
12-14 03:24:13.244 1468 1468 I GameModeConfig: isGameModeOn = false
12-14 03:24:13.244 1468 1468 I GameModeConfig: isGameModeOn = false
12-14 03:24:13.244 1468 1468 I GameModeConfig: isDisableVoice = true
01-01 08:44:42.195 0 0 I : read descriptors
01-01 08:44:42.195 0 0 I : read strings
01-01 08:44:42.318 0 0 D : mv2112_read_status
01-01 08:44:42.318 0 0 D mv2112_update_link: 3.0x901(1G): 0x80
01-01 08:44:42.319 0 0 D mv2112_update_link: 3.0x8109(100M): 0x8
01-01 08:44:42.319 0 0 D mv2112_update_link: link 0x0
01-01 08:44:42.319 0 0 D mv2112_read_status: autoneg is disabled
01-01 08:44:43.215 0 0 I : read descriptors
01-01 08:44:43.215 0 0 I : read strings
01-01 08:44:43.342 0 0 D : mv2112_read_status
01-01 08:44:43.342 0 0 D mv2112_update_link: 3.0x901(1G): 0x80
01-01 08:44:43.342 0 0 D mv2112_update_link: 3.0x8109(100M): 0x8
01-01 08:44:43.342 0 0 D mv2112_update_link: link 0x0
01-01 08:44:43.342 0 0 D mv2112_read_status: autoneg is disabled
01-01 08:44:44.031 0 0 I afe_close: port_id = 0x9000
01-01 08:44:44.235 0 0 I : read descriptors
01-01 08:44:44.235 0 0 I : read strings
01-01 08:44:44.366 0 0 D : mv2112_read_status
01-01 08:44:44.366 0 0 D mv2112_update_link: 3.0x901(1G): 0x80
01-01 08:44:44.366 0 0 D mv2112_update_link: 3.0x8109(100M): 0x8
01-01 08:44:44.366 0 0 D mv2112_update_link: link 0x0
01-01 08:44:44.366 0 0 D mv2112_read_status: autoneg is disabled
01-01 08:44:45.255 0 0 I : read descriptors
01-01 08:44:45.255 0 0 I : read strings
01-01 08:44:45.390 0 0 D : mv2112_read_status
01-01 08:44:45.390 0 0 D mv2112_update_link: 3.0x901(1G): 0x80
01-01 08:44:45.390 0 0 D mv2112_update_link: 3.0x8109(100M): 0x8
01-01 08:44:45.390 0 0 D mv2112_update_link: link 0x0
01-01 08:44:45.390 0 0 D mv2112_read_status: autoneg is disabled
01-01 08:44:46.283 0 0 I : read descriptors
01-01 08:44:46.283 0 0 I : read strings
01-01 08:44:46.414 0 0 D : mv2112_read_status
01-01 08:44:46.415 0 0 D mv2112_update_link: 3.0x901(1G): 0x80
01-01 08:44:46.415 0 0 D mv2112_update_link: 3.0x8109(100M): 0x8
01-01 08:44:46.415 0 0 D mv2112_update_link: link 0x0
01-01 08:44:46.415 0 0 D mv2112_read_status: autoneg is disabled
01-01 08:44:47.299 0 0 I : read descriptors
01-01 08:44:47.299 0 0 I : read strings
01-01 08:44:47.438 0 0 D : mv2112_read_status
01-01 08:44:47.438 0 0 D mv2112_update_link: 3.0x901(1G): 0x80
01-01 08:44:47.438 0 0 D mv2112_update_link: 3.0x8109(100M): 0x8
01-01 08:44:47.438 0 0 D mv2112_update_link: link 0x0
01-01 08:44:47.438 0 0 D mv2112_read_status: autoneg is disabled
01-01 08:44:48.319 0 0 I : read descriptors
01-01 08:44:48.319 0 0 I : read strings
01-01 08:44:48.462 0 0 D : mv2112_read_status
01-01 08:44:48.462 0 0 D mv2112_update_link: 3.0x901(1G): 0x80
01-01 08:44:48.463 0 0 D mv2112_update_link: 3.0x8109(100M): 0x8
01-01 08:44:48.463 0 0 D mv2112_update_link: link 0x0
01-01 08:44:48.463 0 0 D mv2112_read_status: autoneg is disabled
01-01 08:44:49.335 0 0 I : read descriptors
01-01 08:44:49.335 0 0 I : read strings
01-01 08:44:49.486 0 0 D : mv2112_read_status
01-01 08:44:49.486 0 0 D mv2112_update_link: 3.0x901(1G): 0x80
01-01 08:44:49.487 0 0 D mv2112_update_link: 3.0x8109(100M): 0x8
01-01 08:44:49.487 0 0 D mv2112_update_link: link 0x0
01-01 08:44:49.487 0 0 D mv2112_read_status: autoneg is disabled
01-01 08:44:50.064 0 0 I [schedu][0xaf8ceaaa][03:24:21.883372] wlan: [1970:I:OSIF] scan start scan id 40963
01-01 08:44:50.355 0 0 I : read descriptors
01-01 08:44:50.355 0 0 I : read strings
01-01 08:44:50.510 0 0 D : mv2112_read_status
01-01 08:44:50.510 0 0 D mv2112_update_link: 3.0x901(1G): 0x80
01-01 08:44:50.510 0 0 D mv2112_update_link: 3.0x8109(100M): 0x8
01-01 08:44:50.510 0 0 D mv2112_update_link: link 0x0
01-01 08:44:50.510 0 0 D mv2112_read_status: autoneg is disabled
01-01 08:44:51.240 0 0 I [schedu][0xb0e56870][03:24:23.059235] wlan: [1970:I:OSIF] vdev 0, scan id 40963 type COMPLETED(1) reason COMPLETED(1) scan found 94 bss
01-01 08:44:51.371 0 0 I : read descriptors
01-01 08:44:51.371 0 0 I : read strings
01-01 08:44:51.534 0 0 D : mv2112_read_status
01-01 08:44:51.534 0 0 D mv2112_update_link: 3.0x901(1G): 0x80
01-01 08:44:51.534 0 0 D mv2112_update_link: 3.0x8109(100M): 0x8
01-01 08:44:51.534 0 0 D mv2112_update_link: link 0x0
01-01 08:44:51.534 0 0 D mv2112_read_status: autoneg is disabled
01-01 08:44:52.391 0 0 I : read descriptors
01-01 08:44:52.391 0 0 I : read strings
01-01 08:44:52.558 0 0 D : mv2112_read_status
01-01 08:44:52.558 0 0 D mv2112_update_link: 3.0x901(1G): 0x80
01-01 08:44:52.559 0 0 D mv2112_update_link: 3.0x8109(100M): 0x8
01-01 08:44:52.559 0 0 D mv2112_update_link: link 0x0
01-01 08:44:52.559 0 0 D mv2112_read_status: autoneg is disabled
01-01 08:44:53.411 0 0 I : read descriptors
01-01 08:44:53.411 0 0 I : read strings
01-01 08:44:53.582 0 0 D : mv2112_read_status
01-01 08:44:53.582 0 0 D mv2112_update_link: 3.0x901(1G): 0x80
01-01 08:44:53.582 0 0 D mv2112_update_link: 3.0x8109(100M): 0x8
01-01 08:44:53.582 0 0 D mv2112_update_link: link 0x0
01-01 08:44:53.582 0 0 D mv2112_read_status: autoneg is disabled
01-01 08:44:54.427 0 0 I : read descriptors
01-01 08:44:54.427 0 0 I : read strings
01-01 08:44:54.606 0 0 D : mv2112_read_status
01-01 08:44:54.606 0 0 D mv2112_update_link: 3.0x901(1G): 0x80
01-01 08:44:54.606 0 0 D mv2112_update_link: 3.0x8109(100M): 0x8
01-01 08:44:54.606 0 0 D mv2112_update_link: link 0x0
01-01 08:44:54.606 0 0 D mv2112_read_status: autoneg is disabled
01-01 08:44:55.443 0 0 I : read descriptors
01-01 08:44:55.443 0 0 I : read strings
01-01 08:44:55.630 0 0 D : mv2112_read_status
01-01 08:44:55.630 0 0 D mv2112_update_link: 3.0x901(1G): 0x80
01-01 08:44:55.630 0 0 D mv2112_update_link: 3.0x8109(100M): 0x8
01-01 08:44:55.630 0 0 D mv2112_update_link: link 0x0
01-01 08:44:55.630 0 0 D mv2112_read_status: autoneg is disabled
01-01 08:44:56.459 0 0 I : read descriptors
01-01 08:44:56.459 0 0 I : read strings
01-01 08:44:56.654 0 0 D : mv2112_read_status
01-01 08:44:56.654 0 0 D mv2112_update_link: 3.0x901(1G): 0x80
01-01 08:44:56.654 0 0 D mv2112_update_link: 3.0x8109(100M): 0x8
01-01 08:44:56.654 0 0 D mv2112_update_link: link 0x0
01-01 08:44:56.654 0 0 D mv2112_read_status: autoneg is disabled
01-01 08:44:57.479 0 0 I : read descriptors
01-01 08:44:57.479 0 0 I : read strings
01-01 08:44:57.678 0 0 D : mv2112_read_status
01-01 08:44:57.678 0 0 D mv2112_update_link: 3.0x901(1G): 0x80
01-01 08:44:57.678 0 0 D mv2112_update_link: 3.0x8109(100M): 0x8
01-01 08:44:57.678 0 0 D mv2112_update_link: link 0x0
01-01 08:44:57.678 0 0 D mv2112_read_status: autoneg is disabled
01-01 08:44:58.495 0 0 I : read descriptors
01-01 08:44:58.495 0 0 I : read strings
01-01 08:44:58.702 0 0 D : mv2112_read_status
01-01 08:44:58.702 0 0 D mv2112_update_link: 3.0x901(1G): 0x80
01-01 08:44:58.702 0 0 D mv2112_update_link: 3.0x8109(100M): 0x8
01-01 08:44:58.702 0 0 D mv2112_update_link: link 0x0
01-01 08:44:58.702 0 0 D mv2112_read_status: autoneg is disabled
01-01 08:44:59.515 0 0 I : read descriptors
01-01 08:44:59.515 0 0 I : read strings
01-01 08:44:59.726 0 0 D : mv2112_read_status
01-01 08:44:59.726 0 0 D mv2112_update_link: 3.0x901(1G): 0x80
01-01 08:44:59.726 0 0 D mv2112_update_link: 3.0x8109(100M): 0x8
01-01 08:44:59.726 0 0 D mv2112_update_link: link 0x0
01-01 08:44:59.726 0 0 D mv2112_read_status: autoneg is disabled
01-01 08:45:00.535 0 0 I : read descriptors
01-01 08:45:00.535 0 0 I : read strings
01-01 08:45:00.750 0 0 D : mv2112_read_status
01-01 08:45:00.750 0 0 D mv2112_update_link: 3.0x901(1G): 0x80
01-01 08:45:00.750 0 0 D mv2112_update_link: 3.0x8109(100M): 0x8
01-01 08:45:00.750 0 0 D mv2112_update_link: link 0x0
01-01 08:45:00.750 0 0 D mv2112_read_status: autoneg is disabled
01-01 08:45:01.555 0 0 I : read descriptors
01-01 08:45:01.555 0 0 I : read strings
01-01 08:45:01.774 0 0 D : mv2112_read_status
01-01 08:45:01.774 0 0 D mv2112_update_link: 3.0x901(1G): 0x80
01-01 08:45:01.775 0 0 D mv2112_update_link: 3.0x8109(100M): 0x8
01-01 08:45:01.775 0 0 D mv2112_update_link: link 0x0
01-01 08:45:01.775 0 0 D mv2112_read_status: autoneg is disabled
01-01 08:45:02.571 0 0 I : read descriptors
01-01 08:45:02.571 0 0 I : read strings
01-01 08:45:02.798 0 0 D : mv2112_read_status
01-01 08:45:02.798 0 0 D mv2112_update_link: 3.0x901(1G): 0x80
01-01 08:45:02.798 0 0 D mv2112_update_link: 3.0x8109(100M): 0x8
01-01 08:45:02.798 0 0 D mv2112_update_link: link 0x0
01-01 08:45:02.798 0 0 D mv2112_read_status: autoneg is disabled
01-01 08:45:03.591 0 0 I : read descriptors
01-01 08:45:03.591 0 0 I : read strings
01-01 08:45:03.822 0 0 D : mv2112_read_status
01-01 08:45:03.822 0 0 D mv2112_update_link: 3.0x901(1G): 0x80
01-01 08:45:03.822 0 0 D mv2112_update_link: 3.0x8109(100M): 0x8
01-01 08:45:03.822 0 0 D mv2112_update_link: link 0x0
01-01 08:45:03.822 0 0 D mv2112_read_status: autoneg is disabled
01-01 08:45:04.607 0 0 I : read descriptors
01-01 08:45:04.607 0 0 I : read strings
01-01 08:45:04.846 0 0 D : mv2112_read_status
01-01 08:45:04.846 0 0 D mv2112_update_link: 3.0x901(1G): 0x80
01-01 08:45:04.846 0 0 D mv2112_update_link: 3.0x8109(100M): 0x8
01-01 08:45:04.846 0 0 D mv2112_update_link: link 0x0
01-01 08:45:04.846 0 0 D mv2112_read_status: autoneg is disabled
01-01 08:45:05.623 0 0 I : read descriptors
01-01 08:45:05.623 0 0 I : read strings
01-01 08:45:05.870 0 0 D : mv2112_read_status
01-01 08:45:05.870 0 0 D mv2112_update_link: 3.0x901(1G): 0x80
01-01 08:45:05.870 0 0 D mv2112_update_link: 3.0x8109(100M): 0x8
01-01 08:45:05.870 0 0 D mv2112_update_link: link 0x0
01-01 08:45:05.871 0 0 D mv2112_read_status: autoneg is disabled
01-01 08:45:06.647 0 0 I : read descriptors
01-01 08:45:06.647 0 0 I : read strings
01-01 08:45:06.894 0 0 D : mv2112_read_status
01-01 08:45:06.894 0 0 D mv2112_update_link: 3.0x901(1G): 0x80
01-01 08:45:06.894 0 0 D mv2112_update_link: 3.0x8109(100M): 0x8
01-01 08:45:06.894 0 0 D mv2112_update_link: link 0x0
01-01 08:45:06.894 0 0 D mv2112_read_status: autoneg is disabled
01-01 08:45:07.667 0 0 I : read descriptors
01-01 08:45:07.667 0 0 I : read strings
01-01 08:45:07.918 0 0 D : mv2112_read_status
01-01 08:45:07.918 0 0 D mv2112_update_link: 3.0x901(1G): 0x80
01-01 08:45:07.918 0 0 D mv2112_update_link: 3.0x8109(100M): 0x8
01-01 08:45:07.918 0 0 D mv2112_update_link: link 0x0
01-01 08:45:07.918 0 0 D mv2112_read_status: autoneg is disabled
01-01 08:45:08.683 0 0 I : read descriptors
01-01 08:45:08.683 0 0 I : read strings
01-01 08:45:08.942 0 0 D : mv2112_read_status
01-01 08:45:08.942 0 0 D mv2112_update_link: 3.0x901(1G): 0x80
01-01 08:45:08.942 0 0 D mv2112_update_link: 3.0x8109(100M): 0x8
01-01 08:45:08.942 0 0 D mv2112_update_link: link 0x0
01-01 08:45:08.942 0 0 D mv2112_read_status: autoneg is disabled
01-01 08:45:09.699 0 0 I : read descriptors
01-01 08:45:09.699 0 0 I : read strings
01-01 08:45:09.966 0 0 D : mv2112_read_status
01-01 08:45:09.966 0 0 D mv2112_update_link: 3.0x901(1G): 0x80
01-01 08:45:09.966 0 0 D mv2112_update_link: 3.0x8109(100M): 0x8
01-01 08:45:09.966 0 0 D mv2112_update_link: link 0x0
01-01 08:45:09.966 0 0 D mv2112_read_status: autoneg is disabled
01-01 08:45:10.715 0 0 I : read descriptors
01-01 08:45:10.715 0 0 I : read strings
01-01 08:45:10.990 0 0 D : mv2112_read_status
01-01 08:45:10.990 0 0 D mv2112_update_link: 3.0x901(1G): 0x80
01-01 08:45:10.991 0 0 D mv2112_update_link: 3.0x8109(100M): 0x8
01-01 08:45:10.991 0 0 D mv2112_update_link: link 0x0
01-01 08:45:10.991 0 0 D mv2112_read_status: autoneg is disabled
01-01 08:45:11.731 0 0 I : read descriptors
01-01 08:45:11.731 0 0 I : read strings
01-01 08:45:12.014 0 0 D : mv2112_read_status
01-01 08:45:12.014 0 0 D mv2112_update_link: 3.0x901(1G): 0x80
01-01 08:45:12.015 0 0 D mv2112_update_link: 3.0x8109(100M): 0x8
01-01 08:45:12.015 0 0 D mv2112_update_link: link 0x0
01-01 08:45:12.015 0 0 D mv2112_read_status: autoneg is disabled
01-01 08:45:12.746 0 0 I : read descriptors
01-01 08:45:12.747 0 0 I : read strings
01-01 08:45:13.038 0 0 D : mv2112_read_status
01-01 08:45:13.038 0 0 D mv2112_update_link: 3.0x901(1G): 0x80
01-01 08:45:13.038 0 0 D mv2112_update_link: 3.0x8109(100M): 0x8
01-01 08:45:13.038 0 0 D mv2112_update_link: link 0x0
01-01 08:45:13.038 0 0 D mv2112_read_status: autoneg is disabled
01-01 08:45:13.763 0 0 I : read descriptors
01-01 08:45:13.763 0 0 I : read strings
01-01 08:45:14.062 0 0 D : mv2112_read_status
01-01 08:45:14.062 0 0 D mv2112_update_link: 3.0x901(1G): 0x80
01-01 08:45:14.063 0 0 D mv2112_update_link: 3.0x8109(100M): 0x8
01-01 08:45:14.063 0 0 D mv2112_update_link: link 0x0
01-01 08:45:14.063 0 0 D mv2112_read_status: autoneg is disabled
01-01 08:45:14.778 0 0 I : read descriptors
01-01 08:45:14.779 0 0 I : read strings
01-01 08:45:15.086 0 0 D : mv2112_read_status
01-01 08:45:15.086 0 0 D mv2112_update_link: 3.0x901(1G): 0x80
01-01 08:45:15.086 0 0 D mv2112_update_link: 3.0x8109(100M): 0x8
01-01 08:45:15.086 0 0 D mv2112_update_link: link 0x0
01-01 08:45:15.086 0 0 D mv2112_read_status: autoneg is disabled
01-01 08:45:15.795 0 0 I : read descriptors
01-01 08:45:15.795 0 0 I : read strings
01-01 08:45:16.110 0 0 D : mv2112_read_status
01-01 08:45:16.110 0 0 D mv2112_update_link: 3.0x901(1G): 0x80
01-01 08:45:16.110 0 0 D mv2112_update_link: 3.0x8109(100M): 0x8
01-01 08:45:16.110 0 0 D mv2112_update_link: link 0x0
01-01 08:45:16.110 0 0 D mv2112_read_status: autoneg is disabled
01-01 08:45:16.811 0 0 I : read descriptors
01-01 08:45:16.811 0 0 I : read strings
01-01 08:45:17.134 0 0 D : mv2112_read_status
01-01 08:45:17.134 0 0 D mv2112_update_link: 3.0x901(1G): 0x80
01-01 08:45:17.134 0 0 D mv2112_update_link: 3.0x8109(100M): 0x8
01-01 08:45:17.134 0 0 D mv2112_update_link: link 0x0
01-01 08:45:17.134 0 0 D mv2112_read_status: autoneg is disabled
01-01 08:45:17.827 0 0 I : read descriptors
01-01 08:45:17.827 0 0 I : read strings
01-01 08:45:18.158 0 0 D : mv2112_read_status
01-01 08:45:18.158 0 0 D mv2112_update_link: 3.0x901(1G): 0x80
01-01 08:45:18.159 0 0 D mv2112_update_link: 3.0x8109(100M): 0x8
01-01 08:45:18.159 0 0 D mv2112_update_link: link 0x0
01-01 08:45:18.159 0 0 D mv2112_read_status: autoneg is disabled
01-01 08:45:18.843 0 0 I : read descriptors
01-01 08:45:18.843 0 0 I : read strings
01-01 08:45:19.182 0 0 D : mv2112_read_status
01-01 08:45:19.182 0 0 D mv2112_update_link: 3.0x901(1G): 0x80
01-01 08:45:19.183 0 0 D mv2112_update_link: 3.0x8109(100M): 0x8
01-01 08:45:19.183 0 0 D mv2112_update_link: link 0x0
01-01 08:45:19.183 0 0 D mv2112_read_status: autoneg is disabled
01-01 08:45:19.859 0 0 I : read descriptors
01-01 08:45:19.859 0 0 I : read strings
01-01 08:45:20.206 0 0 D : mv2112_read_status
01-01 08:45:20.206 0 0 D mv2112_update_link: 3.0x901(1G): 0x80
01-01 08:45:20.206 0 0 D mv2112_update_link: 3.0x8109(100M): 0x8
01-01 08:45:20.206 0 0 D mv2112_update_link: link 0x0
01-01 08:45:20.206 0 0 D mv2112_read_status: autoneg is disabled
01-01 08:45:20.875 0 0 I : read descriptors
01-01 08:45:20.875 0 0 I : read strings
01-01 08:45:21.230 0 0 D : mv2112_read_status
01-01 08:45:21.230 0 0 D mv2112_update_link: 3.0x901(1G): 0x80
01-01 08:45:21.230 0 0 D mv2112_update_link: 3.0x8109(100M): 0x8
01-01 08:45:21.230 0 0 D mv2112_update_link: link 0x0
01-01 08:45:21.230 0 0 D mv2112_read_status: autoneg is disabled
01-01 08:45:21.895 0 0 I : read descriptors
01-01 08:45:21.895 0 0 I : read strings
01-01 08:45:22.254 0 0 D : mv2112_read_status
01-01 08:45:22.254 0 0 D mv2112_update_link: 3.0x901(1G): 0x80
01-01 08:45:22.254 0 0 D mv2112_update_link: 3.0x8109(100M): 0x8
01-01 08:45:22.254 0 0 D mv2112_update_link: link 0x0
01-01 08:45:22.254 0 0 D mv2112_read_status: autoneg is disabled
01-01 08:45:22.915 0 0 I : read descriptors
01-01 08:45:22.915 0 0 I : read strings
01-01 08:45:23.278 0 0 D : mv2112_read_status
01-01 08:45:23.278 0 0 D mv2112_update_link: 3.0x901(1G): 0x80
01-01 08:45:23.278 0 0 D mv2112_update_link: 3.0x8109(100M): 0x8
01-01 08:45:23.278 0 0 D mv2112_update_link: link 0x0
01-01 08:45:23.278 0 0 D mv2112_read_status: autoneg is disabled
01-01 08:45:23.931 0 0 I : read descriptors
01-01 08:45:23.931 0 0 I : read strings
01-01 08:45:24.302 0 0 D : mv2112_read_status
01-01 08:45:24.302 0 0 D mv2112_update_link: 3.0x901(1G): 0x80
01-01 08:45:24.302 0 0 D mv2112_update_link: 3.0x8109(100M): 0x8
01-01 08:45:24.302 0 0 D mv2112_update_link: link 0x0
01-01 08:45:24.302 0 0 D mv2112_read_status: autoneg is disabled
01-01 08:45:24.947 0 0 I : read descriptors
01-01 08:45:24.947 0 0 I : read strings
01-01 08:45:25.326 0 0 D : mv2112_read_status
01-01 08:45:25.326 0 0 D mv2112_update_link: 3.0x901(1G): 0x80
01-01 08:45:25.326 0 0 D mv2112_update_link: 3.0x8109(100M): 0x8
01-01 08:45:25.326 0 0 D mv2112_update_link: link 0x0
01-01 08:45:25.326 0 0 D mv2112_read_status: autoneg is disabled
01-01 08:45:25.963 0 0 I : read descriptors
01-01 08:45:25.963 0 0 I : read strings
01-01 08:45:26.350 0 0 D : mv2112_read_status
01-01 08:45:26.350 0 0 D mv2112_update_link: 3.0x901(1G): 0x80
01-01 08:45:26.350 0 0 D mv2112_update_link: 3.0x8109(100M): 0x8
01-01 08:45:26.350 0 0 D mv2112_update_link: link 0x0
01-01 08:45:26.350 0 0 D mv2112_read_status: autoneg is disabled
01-01 08:45:26.975 0 0 I : read descriptors
01-01 08:45:26.975 0 0 I : read strings
01-01 08:45:27.374 0 0 D : mv2112_read_status
01-01 08:45:27.374 0 0 D mv2112_update_link: 3.0x901(1G): 0x80
01-01 08:45:27.374 0 0 D mv2112_update_link: 3.0x8109(100M): 0x8
01-01 08:45:27.374 0 0 D mv2112_update_link: link 0x0
01-01 08:45:27.374 0 0 D mv2112_read_status: autoneg is disabled
01-01 08:45:27.991 0 0 I : read descriptors
01-01 08:45:27.991 0 0 I : read strings
01-01 08:45:28.398 0 0 D : mv2112_read_status
01-01 08:45:28.398 0 0 D mv2112_update_link: 3.0x901(1G): 0x80
01-01 08:45:28.399 0 0 D mv2112_update_link: 3.0x8109(100M): 0x8
01-01 08:45:28.399 0 0 D mv2112_update_link: link 0x0
01-01 08:45:28.399 0 0 D mv2112_read_status: autoneg is disabled
01-01 08:45:29.011 0 0 I : read descriptors
01-01 08:45:29.011 0 0 I : read strings
01-01 08:45:29.422 0 0 D : mv2112_read_status
01-01 08:45:29.422 0 0 D mv2112_update_link: 3.0x901(1G): 0x80
01-01 08:45:29.422 0 0 D mv2112_update_link: 3.0x8109(100M): 0x8
01-01 08:45:29.422 0 0 D mv2112_update_link: link 0x0
01-01 08:45:29.422 0 0 D mv2112_read_status: autoneg is disabled
01-01 08:45:30.027 0 0 I : read descriptors
01-01 08:45:30.027 0 0 I : read strings
01-01 08:45:30.446 0 0 D : mv2112_read_status
01-01 08:45:30.446 0 0 D mv2112_update_link: 3.0x901(1G): 0x80
01-01 08:45:30.446 0 0 D mv2112_update_link: 3.0x8109(100M): 0x8
01-01 08:45:30.446 0 0 D mv2112_update_link: link 0x0
01-01 08:45:30.447 0 0 D mv2112_read_status: autoneg is disabled
01-01 08:45:31.043 0 0 I : read descriptors
01-01 08:45:31.043 0 0 I : read strings
01-01 08:45:31.470 0 0 D : mv2112_read_status
01-01 08:45:31.470 0 0 D mv2112_update_link: 3.0x901(1G): 0x80
01-01 08:45:31.471 0 0 D mv2112_update_link: 3.0x8109(100M): 0x8
01-01 08:45:31.471 0 0 D mv2112_update_link: link 0x0
01-01 08:45:31.471 0 0 D mv2112_read_status: autoneg is disabled
01-01 08:45:32.059 0 0 I : read descriptors
01-01 08:45:32.059 0 0 I : read strings
01-01 08:45:32.494 0 0 D : mv2112_read_status
01-01 08:45:32.494 0 0 D mv2112_update_link: 3.0x901(1G): 0x80
01-01 08:45:32.494 0 0 D mv2112_update_link: 3.0x8109(100M): 0x8
01-01 08:45:32.494 0 0 D mv2112_update_link: link 0x0
01-01 08:45:32.495 0 0 D mv2112_read_status: autoneg is disabled
01-01 08:45:33.079 0 0 I : read descriptors
01-01 08:45:33.079 0 0 I : read strings
12-14 03:25:04.987 1468 1658 V DisplayPowerController[0]: Brightness [0.05] reason changing to: 'manual [ dim ]', previous reason: 'manual'.
12-14 03:25:04.988 1468 2349 E DisplayDeviceConfig: requesting nits when no mapping exists.
12-14 03:25:04.990 1468 2349 E DisplayDeviceConfig: requesting nits when no mapping exists.
12-14 03:25:04.991 1468 1642 I DropBoxManagerService: add tag=system_server_wtf isTagEnabled=true flags=0x2
12-14 03:25:04.994 1468 1642 I DropBoxManagerService: add tag=system_server_wtf isTagEnabled=true flags=0x2
01-01 08:45:33.518 0 0 D : mv2112_read_status
01-01 08:45:33.518 0 0 D mv2112_update_link: 3.0x901(1G): 0x80
01-01 08:45:33.518 0 0 D mv2112_update_link: 3.0x8109(100M): 0x8
01-01 08:45:33.518 0 0 D mv2112_update_link: link 0x0
01-01 08:45:33.518 0 0 D mv2112_read_status: autoneg is disabled
01-01 08:45:34.095 0 0 I : read descriptors
01-01 08:45:34.095 0 0 I : read strings
01-01 08:45:34.542 0 0 D : mv2112_read_status
01-01 08:45:34.542 0 0 D mv2112_update_link: 3.0x901(1G): 0x80
01-01 08:45:34.542 0 0 D mv2112_update_link: 3.0x8109(100M): 0x8
01-01 08:45:34.542 0 0 D mv2112_update_link: link 0x0
01-01 08:45:34.542 0 0 D mv2112_read_status: autoneg is disabled
01-01 08:45:35.111 0 0 I : read descriptors
01-01 08:45:35.111 0 0 I : read strings
01-01 08:45:35.566 0 0 D : mv2112_read_status
01-01 08:45:35.566 0 0 D mv2112_update_link: 3.0x901(1G): 0x80
01-01 08:45:35.566 0 0 D mv2112_update_link: 3.0x8109(100M): 0x8
01-01 08:45:35.566 0 0 D mv2112_update_link: link 0x0
01-01 08:45:35.566 0 0 D mv2112_read_status: autoneg is disabled
01-01 08:45:36.127 0 0 I : read descriptors
01-01 08:45:36.127 0 0 I : read strings
01-01 08:45:36.590 0 0 D : mv2112_read_status
01-01 08:45:36.590 0 0 D mv2112_update_link: 3.0x901(1G): 0x80
01-01 08:45:36.590 0 0 D mv2112_update_link: 3.0x8109(100M): 0x8
01-01 08:45:36.590 0 0 D mv2112_update_link: link 0x0
01-01 08:45:36.590 0 0 D mv2112_read_status: autoneg is disabled
01-01 08:45:37.143 0 0 I : read descriptors
01-01 08:45:37.143 0 0 I : read strings
01-01 08:45:37.614 0 0 D : mv2112_read_status
01-01 08:45:37.614 0 0 D mv2112_update_link: 3.0x901(1G): 0x80
01-01 08:45:37.615 0 0 D mv2112_update_link: 3.0x8109(100M): 0x8
01-01 08:45:37.615 0 0 D mv2112_update_link: link 0x0
01-01 08:45:37.615 0 0 D mv2112_read_status: autoneg is disabled
01-01 08:45:38.159 0 0 I : read descriptors
01-01 08:45:38.159 0 0 I : read strings
01-01 08:45:38.638 0 0 D : mv2112_read_status
01-01 08:45:38.638 0 0 D mv2112_update_link: 3.0x901(1G): 0x80
01-01 08:45:38.638 0 0 D mv2112_update_link: 3.0x8109(100M): 0x8
01-01 08:45:38.638 0 0 D mv2112_update_link: link 0x0
01-01 08:45:38.638 0 0 D mv2112_read_status: autoneg is disabled
01-01 08:45:39.175 0 0 I : read descriptors
01-01 08:45:39.175 0 0 I : read strings
01-01 08:45:39.662 0 0 D : mv2112_read_status
01-01 08:45:39.662 0 0 D mv2112_update_link: 3.0x901(1G): 0x80
01-01 08:45:39.662 0 0 D mv2112_update_link: 3.0x8109(100M): 0x8
01-01 08:45:39.662 0 0 D mv2112_update_link: link 0x0
01-01 08:45:39.662 0 0 D mv2112_read_status: autoneg is disabled
01-01 08:45:40.191 0 0 I : read descriptors
01-01 08:45:40.191 0 0 I : read strings
01-01 08:45:40.686 0 0 D : mv2112_read_status
01-01 08:45:40.686 0 0 D mv2112_update_link: 3.0x901(1G): 0x80
01-01 08:45:40.686 0 0 D mv2112_update_link: 3.0x8109(100M): 0x8
01-01 08:45:40.686 0 0 D mv2112_update_link: link 0x0
01-01 08:45:40.686 0 0 D mv2112_read_status: autoneg is disabled
12-14 03:25:12.648 1468 1658 I PowerManagerService: Napping display group (groupId=0, uid=1000)...
12-14 03:25:12.648 1468 1658 I PowerManagerService: Nap time (uid 1000)...
12-14 03:25:12.651 1468 1658 I DreamManagerService: Entering dreamland.
12-14 03:25:12.653 1468 1658 I PowerManagerService: Dreaming...
12-14 03:25:12.667 1468 1631 I DreamController: Starting dream: name=ComponentInfo{com.thundercomm.screensaver/com.thundercomm.saverclock.service.ClockScreensaver}, isTest=false, canDoze=false, userId=0
12-14 03:25:12.673 1468 1631 D CompatibilityChangeReporter: Compat change id reported: 135634846; UID 10052; state: DISABLED
12-14 03:25:12.673 1468 1631 D CompatibilityChangeReporter: Compat change id reported: 177438394; UID 10052; state: DISABLED
12-14 03:25:12.673 1468 1631 D CompatibilityChangeReporter: Compat change id reported: 135772972; UID 10052; state: DISABLED
12-14 03:25:12.674 1468 1631 D CompatibilityChangeReporter: Compat change id reported: 135754954; UID 10052; state: ENABLED
12-14 03:25:12.674 1468 1643 D CompatibilityChangeReporter: Compat change id reported: 143937733; UID 10052; state: ENABLED
12-14 03:25:12.694 1468 1643 I ActivityManager: Start proc 5020:com.thundercomm.screensaver/u0a52 for service {com.thundercomm.screensaver/com.thundercomm.saverclock.service.ClockScreensaver}
01-01 08:45:40.902 0 0 I binder : 5020:5020 ioctl 40046210 7fe6d7b254 returned -22
12-14 03:25:12.727 1468 3345 D CompatibilityChangeReporter: Compat change id reported: 168419799; UID 10052; state: DISABLED
12-14 03:25:12.816 5020 5020 D MicroServiceManager: add linkToDeath
12-14 03:25:12.816 5020 5020 D MicroServiceManager: bindMicroService: called already get service
12-14 03:25:12.816 5020 5020 I MicroServiceManager: addCommonCallbackListener add listener
12-14 03:25:12.816 5020 5020 I MicroServiceManager: addConnectChangedListener add listener
12-14 03:25:12.821 1468 3345 I ActivityTaskManager: START u0 {flg=0x10000000 pkg=com.thundercomm.screensaver cmp=com.thundercomm.screensaver/android.service.dreams.DreamActivity (has extras)} from uid 10052
12-14 03:25:12.824 1468 3345 D CompatibilityChangeReporter: Compat change id reported: 184838306; UID 10052; state: DISABLED
12-14 03:25:12.825 1468 3345 D CompatibilityChangeReporter: Compat change id reported: 185004937; UID 10052; state: DISABLED
12-14 03:25:12.826 1468 3345 D CompatibilityChangeReporter: Compat change id reported: 181136395; UID 10052; state: DISABLED
12-14 03:25:12.827 1468 3345 D CompatibilityChangeReporter: Compat change id reported: 174042936; UID 10052; state: DISABLED
12-14 03:25:12.828 1468 3345 D CompatibilityChangeReporter: Compat change id reported: 174042980; UID 10052; state: DISABLED
12-14 03:25:12.830 1468 3345 W ActivityTaskManager: Can't find TaskDisplayArea to determine support for multi window. Task id=11 attached=false
12-14 03:25:12.843 1468 2373 I ActivityTaskManager: FOREGROUND_APPLICATION_CHANGED to android.service.dreams.DreamActivity
12-14 03:25:12.843 1468 2373 I ActivityTaskManager: The Process com.thundercomm.screensaver Already Exists in BG. So sending its PID: 5020
12-14 03:25:12.865 4292 4310 W ContextImpl: Calling a method in the system process without a qualified user: android.app.ContextImpl.startService:1816 android.content.ContextWrapper.startService:774 com.thundercomm.gamemode.ingame.services.GameModeActionUtils.startGameModeService:99 com.thundercomm.gamemode.ingame.services.GameModeActionUtils.startGameModeEntry:22 com.thundercomm.gamemode.ingame.services.ActivityMonitoringService$1.onActivityLaunch:127
12-14 03:25:12.870 1468 1468 I GameModeConfig: Current uri is uri = content://com.thundercomm.gamemode.api/gamemode_settings/gamemode_isgaming
12-14 03:25:12.874 1468 1468 I GameModeConfig: isGameModeOn = false
12-14 03:25:12.874 1468 1468 I GameModeConfig: isGameModeOn = false
12-14 03:25:12.874 1468 1468 I GameModeConfig: isDisableVoice = true
12-14 03:25:12.877 1468 2464 W WindowManager: Failed looking up window session=Session{8b8c5b3 5020:u0a10052} callers=com.android.server.wm.WindowManagerService.windowForClientLocked:5628 com.android.server.wm.Session.insetsModified:629 android.view.IWindowSession$Stub.onTransact:1151
12-14 03:25:12.959 4292 4310 W ContextImpl: Calling a method in the system process without a qualified user: android.app.ContextImpl.startService:1816 android.content.ContextWrapper.startService:774 com.thundercomm.gamemode.ingame.services.GameModeActionUtils.startGameModeService:99 com.thundercomm.gamemode.ingame.services.GameModeActionUtils.startGameModeEntry:22 com.thundercomm.gamemode.ingame.services.ActivityMonitoringService$1.onActivityLaunch:127
12-14 03:25:12.963 1468 1468 I GameModeConfig: Current uri is uri = content://com.thundercomm.gamemode.api/gamemode_settings/gamemode_isgaming
01-01 08:45:41.145 0 0 I binder : 5020:5040 ioctl 40046210 73f27171f4 returned -22
12-14 03:25:12.968 1468 1468 I GameModeConfig: isGameModeOn = false
12-14 03:25:12.968 1468 1468 I GameModeConfig: isGameModeOn = false
12-14 03:25:12.968 1468 1468 I GameModeConfig: isDisableVoice = true
12-14 03:25:12.979 1468 5053 I DropBoxManagerService: add tag=system_app_wtf isTagEnabled=true flags=0x2
12-14 03:25:13.004 1468 1658 V DisplayPowerController[0]: Brightness [1.0] reason changing to: 'manual', previous reason: 'manual [ dim ]'.
12-14 03:25:13.009 1468 2349 E DisplayDeviceConfig: requesting nits when no mapping exists.
12-14 03:25:13.009 1468 2349 E DisplayDeviceConfig: requesting nits when no mapping exists.
12-14 03:25:13.010 1468 1642 I DropBoxManagerService: add tag=system_server_wtf isTagEnabled=true flags=0x2
12-14 03:25:13.012 1468 1642 I DropBoxManagerService: add tag=system_server_wtf isTagEnabled=true flags=0x2
12-14 03:25:13.025 1468 2349 E DisplayDeviceConfig: requesting nits when no mapping exists.
12-14 03:25:13.025 1468 2349 E DisplayDeviceConfig: requesting nits when no mapping exists.
01-01 08:45:41.218 0 0 I : read descriptors
01-01 08:45:41.218 0 0 I : read strings
12-14 03:25:13.041 1468 2349 E DisplayDeviceConfig: requesting nits when no mapping exists.
12-14 03:25:13.041 1468 2349 E DisplayDeviceConfig: requesting nits when no mapping exists.
12-14 03:25:13.057 1468 2349 E DisplayDeviceConfig: requesting nits when no mapping exists.
12-14 03:25:13.057 1468 2349 E DisplayDeviceConfig: requesting nits when no mapping exists.
12-14 03:25:13.079 1468 2349 E DisplayDeviceConfig: requesting nits when no mapping exists.
12-14 03:25:13.079 1468 2349 E DisplayDeviceConfig: requesting nits when no mapping exists.
12-14 03:25:13.092 1468 2349 E DisplayDeviceConfig: requesting nits when no mapping exists.
12-14 03:25:13.092 1468 2349 E DisplayDeviceConfig: requesting nits when no mapping exists.
12-14 03:25:13.107 1468 2349 E DisplayDeviceConfig: requesting nits when no mapping exists.
12-14 03:25:13.108 1468 2349 E DisplayDeviceConfig: requesting nits when no mapping exists.
12-14 03:25:13.124 1468 2349 E DisplayDeviceConfig: requesting nits when no mapping exists.
12-14 03:25:13.125 1468 2349 E DisplayDeviceConfig: requesting nits when no mapping exists.
12-14 03:25:13.142 1468 2349 E DisplayDeviceConfig: requesting nits when no mapping exists.
12-14 03:25:13.142 1468 2349 E DisplayDeviceConfig: requesting nits when no mapping exists.
12-14 03:25:13.151 1468 1468 I GameModeConfig: isGameModeOn = false
12-14 03:25:13.154 1468 1468 W NotificationHistory: Attempted to add notif for locked/gone/disabled user 0
12-14 03:25:13.158 1468 2349 E DisplayDeviceConfig: requesting nits when no mapping exists.
12-14 03:25:13.158 1468 2349 E DisplayDeviceConfig: requesting nits when no mapping exists.
12-14 03:25:13.175 1468 2349 E DisplayDeviceConfig: requesting nits when no mapping exists.
12-14 03:25:13.175 1468 2349 E DisplayDeviceConfig: requesting nits when no mapping exists.
12-14 03:25:13.193 1468 2349 E DisplayDeviceConfig: requesting nits when no mapping exists.
12-14 03:25:13.193 1468 2349 E DisplayDeviceConfig: requesting nits when no mapping exists.
12-14 03:25:13.208 1468 2349 E DisplayDeviceConfig: requesting nits when no mapping exists.
12-14 03:25:13.209 1468 2349 E DisplayDeviceConfig: requesting nits when no mapping exists.
12-14 03:25:13.225 1468 2349 E DisplayDeviceConfig: requesting nits when no mapping exists.
12-14 03:25:13.225 1468 2349 E DisplayDeviceConfig: requesting nits when no mapping exists.
12-14 03:25:13.241 1468 2349 E DisplayDeviceConfig: requesting nits when no mapping exists.
12-14 03:25:13.242 1468 2349 E DisplayDeviceConfig: requesting nits when no mapping exists.
12-14 03:25:13.258 1468 2349 E DisplayDeviceConfig: requesting nits when no mapping exists.
12-14 03:25:13.258 1468 2349 E DisplayDeviceConfig: requesting nits when no mapping exists.
12-14 03:25:13.275 1468 2349 E DisplayDeviceConfig: requesting nits when no mapping exists.
12-14 03:25:13.276 1468 2349 E DisplayDeviceConfig: requesting nits when no mapping exists.
12-14 03:25:13.292 1468 2349 E DisplayDeviceConfig: requesting nits when no mapping exists.
12-14 03:25:13.294 1468 2349 E DisplayDeviceConfig: requesting nits when no mapping exists.
12-14 03:25:13.309 1468 2349 E DisplayDeviceConfig: requesting nits when no mapping exists.
12-14 03:25:13.309 1468 2349 E DisplayDeviceConfig: requesting nits when no mapping exists.
12-14 03:25:13.328 1468 2349 E DisplayDeviceConfig: requesting nits when no mapping exists.
12-14 03:25:13.329 1468 2349 E DisplayDeviceConfig: requesting nits when no mapping exists.
12-14 03:25:13.342 1468 2349 E DisplayDeviceConfig: requesting nits when no mapping exists.
12-14 03:25:13.342 1468 2349 E DisplayDeviceConfig: requesting nits when no mapping exists.
12-14 03:25:13.352 4292 4310 W ContextImpl: Calling a method in the system process without a qualified user: android.app.ContextImpl.startService:1816 android.content.ContextWrapper.startService:774 com.thundercomm.gamemode.ingame.services.GameModeActionUtils.startGameModeService:99 com.thundercomm.gamemode.ingame.services.GameModeActionUtils.startGameModeEntry:22 com.thundercomm.gamemode.ingame.services.ActivityMonitoringService$1.onActivityLaunch:127
12-14 03:25:13.357 1468 1468 I GameModeConfig: Current uri is uri = content://com.thundercomm.gamemode.api/gamemode_settings/gamemode_isgaming
12-14 03:25:13.360 1468 1468 I GameModeConfig: isGameModeOn = false
12-14 03:25:13.360 1468 1468 I GameModeConfig: isGameModeOn = false
12-14 03:25:13.360 1468 1468 I GameModeConfig: isDisableVoice = true
12-14 03:25:13.362 1468 2349 E DisplayDeviceConfig: requesting nits when no mapping exists.
12-14 03:25:13.363 1468 2349 E DisplayDeviceConfig: requesting nits when no mapping exists.
12-14 03:25:13.375 1468 2349 E DisplayDeviceConfig: requesting nits when no mapping exists.
12-14 03:25:13.375 1468 2349 E DisplayDeviceConfig: requesting nits when no mapping exists.
12-14 03:25:13.392 1468 2349 E DisplayDeviceConfig: requesting nits when no mapping exists.
12-14 03:25:13.393 1468 2349 E DisplayDeviceConfig: requesting nits when no mapping exists.
12-14 03:25:13.410 1468 2349 E DisplayDeviceConfig: requesting nits when no mapping exists.
12-14 03:25:13.411 1468 2349 E DisplayDeviceConfig: requesting nits when no mapping exists.
12-14 03:25:13.426 1468 2349 E DisplayDeviceConfig: requesting nits when no mapping exists.
12-14 03:25:13.426 1468 2349 E DisplayDeviceConfig: requesting nits when no mapping exists.
12-14 03:25:13.443 1468 2349 E DisplayDeviceConfig: requesting nits when no mapping exists.
12-14 03:25:13.443 1468 2349 E DisplayDeviceConfig: requesting nits when no mapping exists.
12-14 03:25:13.459 1468 2349 E DisplayDeviceConfig: requesting nits when no mapping exists.
12-14 03:25:13.459 1468 2349 E DisplayDeviceConfig: requesting nits when no mapping exists.
12-14 03:25:13.476 1468 2349 E DisplayDeviceConfig: requesting nits when no mapping exists.
12-14 03:25:13.477 1468 2349 E DisplayDeviceConfig: requesting nits when no mapping exists.
12-14 03:25:13.492 1468 2349 E DisplayDeviceConfig: requesting nits when no mapping exists.
12-14 03:25:13.494 1468 2349 E DisplayDeviceConfig: requesting nits when no mapping exists.
12-14 03:25:13.509 1468 2349 E DisplayDeviceConfig: requesting nits when no mapping exists.
12-14 03:25:13.511 1468 2349 E DisplayDeviceConfig: requesting nits when no mapping exists.
12-14 03:25:13.526 1468 2349 E DisplayDeviceConfig: requesting nits when no mapping exists.
12-14 03:25:13.527 1468 2349 E DisplayDeviceConfig: requesting nits when no mapping exists.
01-01 08:45:41.710 0 0 D : mv2112_read_status
01-01 08:45:41.710 0 0 D mv2112_update_link: 3.0x901(1G): 0x80
01-01 08:45:41.710 0 0 D mv2112_update_link: 3.0x8109(100M): 0x8
01-01 08:45:41.710 0 0 D mv2112_update_link: link 0x0
01-01 08:45:41.710 0 0 D mv2112_read_status: autoneg is disabled
12-14 03:25:13.542 1468 2349 E DisplayDeviceConfig: requesting nits when no mapping exists.
12-14 03:25:13.543 1468 2349 E DisplayDeviceConfig: requesting nits when no mapping exists.
12-14 03:25:13.559 1468 2349 E DisplayDeviceConfig: requesting nits when no mapping exists.
12-14 03:25:13.560 1468 2349 E DisplayDeviceConfig: requesting nits when no mapping exists.
12-14 03:25:13.577 1468 2349 E DisplayDeviceConfig: requesting nits when no mapping exists.
12-14 03:25:13.577 1468 2349 E DisplayDeviceConfig: requesting nits when no mapping exists.
12-14 03:25:13.593 1468 2349 E DisplayDeviceConfig: requesting nits when no mapping exists.
12-14 03:25:13.594 1468 2349 E DisplayDeviceConfig: requesting nits when no mapping exists.
12-14 03:25:13.611 1468 2349 E DisplayDeviceConfig: requesting nits when no mapping exists.
12-14 03:25:13.611 1468 2349 E DisplayDeviceConfig: requesting nits when no mapping exists.
12-14 03:25:13.626 1468 2349 E DisplayDeviceConfig: requesting nits when no mapping exists.
12-14 03:25:13.626 1468 2349 E DisplayDeviceConfig: requesting nits when no mapping exists.
12-14 03:25:13.643 1468 2349 E DisplayDeviceConfig: requesting nits when no mapping exists.
12-14 03:25:13.643 1468 2349 E DisplayDeviceConfig: requesting nits when no mapping exists.
12-14 03:25:13.659 1468 2349 E DisplayDeviceConfig: requesting nits when no mapping exists.
12-14 03:25:13.659 1468 2349 E DisplayDeviceConfig: requesting nits when no mapping exists.
12-14 03:25:13.676 1468 2349 E DisplayDeviceConfig: requesting nits when no mapping exists.
12-14 03:25:13.676 1468 2349 E DisplayDeviceConfig: requesting nits when no mapping exists.
12-14 03:25:13.693 1468 2349 E DisplayDeviceConfig: requesting nits when no mapping exists.
12-14 03:25:13.693 1468 2349 E DisplayDeviceConfig: requesting nits when no mapping exists.
12-14 03:25:13.710 1468 2349 E DisplayDeviceConfig: requesting nits when no mapping exists.
12-14 03:25:13.710 1468 2349 E DisplayDeviceConfig: requesting nits when no mapping exists.
12-14 03:25:13.726 1468 2349 E DisplayDeviceConfig: requesting nits when no mapping exists.
12-14 03:25:13.727 1468 2349 E DisplayDeviceConfig: requesting nits when no mapping exists.
12-14 03:25:13.743 1468 2349 E DisplayDeviceConfig: requesting nits when no mapping exists.
12-14 03:25:13.743 1468 2349 E DisplayDeviceConfig: requesting nits when no mapping exists.
12-14 03:25:13.760 1468 2349 E DisplayDeviceConfig: requesting nits when no mapping exists.
12-14 03:25:13.761 1468 2349 E DisplayDeviceConfig: requesting nits when no mapping exists.
12-14 03:25:13.776 1468 2349 E DisplayDeviceConfig: requesting nits when no mapping exists.
12-14 03:25:13.778 1468 2349 E DisplayDeviceConfig: requesting nits when no mapping exists.
12-14 03:25:13.793 1468 2349 E DisplayDeviceConfig: requesting nits when no mapping exists.
12-14 03:25:13.794 1468 2349 E DisplayDeviceConfig: requesting nits when no mapping exists.
12-14 03:25:13.810 1468 2349 E DisplayDeviceConfig: requesting nits when no mapping exists.
12-14 03:25:13.811 1468 2349 E DisplayDeviceConfig: requesting nits when no mapping exists.
12-14 03:25:13.827 1468 2349 E DisplayDeviceConfig: requesting nits when no mapping exists.
12-14 03:25:13.828 1468 2349 E DisplayDeviceConfig: requesting nits when no mapping exists.
12-14 03:25:13.843 1468 2349 E DisplayDeviceConfig: requesting nits when no mapping exists.
12-14 03:25:13.844 1468 2349 E DisplayDeviceConfig: requesting nits when no mapping exists.
12-14 03:25:13.860 1468 2349 E DisplayDeviceConfig: requesting nits when no mapping exists.
12-14 03:25:13.861 1468 2349 E DisplayDeviceConfig: requesting nits when no mapping exists.
12-14 03:25:13.878 1468 2349 E DisplayDeviceConfig: requesting nits when no mapping exists.
12-14 03:25:13.879 1468 2349 E DisplayDeviceConfig: requesting nits when no mapping exists.
12-14 03:25:13.894 1468 2349 E DisplayDeviceConfig: requesting nits when no mapping exists.
12-14 03:25:13.895 1468 2349 E DisplayDeviceConfig: requesting nits when no mapping exists.
12-14 03:25:13.912 1468 2349 E DisplayDeviceConfig: requesting nits when no mapping exists.
12-14 03:25:13.913 1468 2349 E DisplayDeviceConfig: requesting nits when no mapping exists.
12-14 03:25:13.928 1468 2349 E DisplayDeviceConfig: requesting nits when no mapping exists.
12-14 03:25:13.929 1468 2349 E DisplayDeviceConfig: requesting nits when no mapping exists.
12-14 03:25:13.943 1468 2349 E DisplayDeviceConfig: requesting nits when no mapping exists.
12-14 03:25:13.944 1468 2349 E DisplayDeviceConfig: requesting nits when no mapping exists.
12-14 03:25:13.962 1468 2349 E DisplayDeviceConfig: requesting nits when no mapping exists.
12-14 03:25:13.962 1468 2349 E DisplayDeviceConfig: requesting nits when no mapping exists.
01-01 08:45:42.239 0 0 I : read descriptors
01-01 08:45:42.239 0 0 I : read strings
01-01 08:45:42.734 0 0 D : mv2112_read_status
01-01 08:45:42.734 0 0 D mv2112_update_link: 3.0x901(1G): 0x80
01-01 08:45:42.734 0 0 D mv2112_update_link: 3.0x8109(100M): 0x8
01-01 08:45:42.734 0 0 D mv2112_update_link: link 0x0
01-01 08:45:42.734 0 0 D mv2112_read_status: autoneg is disabled
01-01 08:45:43.259 0 0 I : read descriptors
01-01 08:45:43.259 0 0 I : read strings
01-01 08:45:43.758 0 0 D : mv2112_read_status
01-01 08:45:43.758 0 0 D mv2112_update_link: 3.0x901(1G): 0x80
01-01 08:45:43.758 0 0 D mv2112_update_link: 3.0x8109(100M): 0x8
01-01 08:45:43.758 0 0 D mv2112_update_link: link 0x0
01-01 08:45:43.758 0 0 D mv2112_read_status: autoneg is disabled
01-01 08:45:44.275 0 0 I : read descriptors
01-01 08:45:44.275 0 0 I : read strings
01-01 08:45:44.782 0 0 D : mv2112_read_status
01-01 08:45:44.782 0 0 D mv2112_update_link: 3.0x901(1G): 0x80
01-01 08:45:44.782 0 0 D mv2112_update_link: 3.0x8109(100M): 0x8
01-01 08:45:44.782 0 0 D mv2112_update_link: link 0x0
01-01 08:45:44.782 0 0 D mv2112_read_status: autoneg is disabled
01-01 08:45:45.287 0 0 I : read descriptors
01-01 08:45:45.287 0 0 I : read strings
01-01 08:45:45.806 0 0 D : mv2112_read_status
01-01 08:45:45.806 0 0 D mv2112_update_link: 3.0x901(1G): 0x80
01-01 08:45:45.806 0 0 D mv2112_update_link: 3.0x8109(100M): 0x8
01-01 08:45:45.806 0 0 D mv2112_update_link: link 0x0
01-01 08:45:45.806 0 0 D mv2112_read_status: autoneg is disabled
01-01 08:45:46.303 0 0 I : read descriptors
01-01 08:45:46.303 0 0 I : read strings
01-01 08:45:46.830 0 0 D : mv2112_read_status
01-01 08:45:46.830 0 0 D mv2112_update_link: 3.0x901(1G): 0x80
01-01 08:45:46.830 0 0 D mv2112_update_link: 3.0x8109(100M): 0x8
01-01 08:45:46.830 0 0 D mv2112_update_link: link 0x0
01-01 08:45:46.830 0 0 D mv2112_read_status: autoneg is disabled
01-01 08:45:47.319 0 0 I : read descriptors
01-01 08:45:47.319 0 0 I : read strings
01-01 08:45:47.854 0 0 D : mv2112_read_status
01-01 08:45:47.854 0 0 D mv2112_update_link: 3.0x901(1G): 0x80
01-01 08:45:47.855 0 0 D mv2112_update_link: 3.0x8109(100M): 0x8
01-01 08:45:47.855 0 0 D mv2112_update_link: link 0x0
01-01 08:45:47.855 0 0 D mv2112_read_status: autoneg is disabled
01-01 08:45:48.338 0 0 I : read descriptors
01-01 08:45:48.338 0 0 I : read strings
01-01 08:45:48.878 0 0 D : mv2112_read_status
01-01 08:45:48.878 0 0 D mv2112_update_link: 3.0x901(1G): 0x80
01-01 08:45:48.878 0 0 D mv2112_update_link: 3.0x8109(100M): 0x8
01-01 08:45:48.878 0 0 D mv2112_update_link: link 0x0
01-01 08:45:48.878 0 0 D mv2112_read_status: autoneg is disabled
01-01 08:45:49.355 0 0 I : read descriptors
01-01 08:45:49.355 0 0 I : read strings
01-01 08:45:49.905 0 0 D : mv2112_read_status
01-01 08:45:49.905 0 0 D mv2112_update_link: 3.0x901(1G): 0x80
01-01 08:45:49.905 0 0 D mv2112_update_link: 3.0x8109(100M): 0x8
01-01 08:45:49.905 0 0 D mv2112_update_link: link 0x0
01-01 08:45:49.905 0 0 D mv2112_read_status: autoneg is disabled
12-14 03:25:21.727 1468 2373 I DreamManagerService: Gently waking up from dream.
12-14 03:25:21.729 1468 1631 I DreamManagerService: Performing gentle wake from dream.
12-14 03:25:21.730 1468 2373 I ActivityTaskManager: FOREGROUND_APPLICATION_CHANGED to com.android.launcher3.uioverrides.QuickstepLauncher
12-14 03:25:21.755 4292 4310 W ContextImpl: Calling a method in the system process without a qualified user: android.app.ContextImpl.startService:1816 android.content.ContextWrapper.startService:774 com.thundercomm.gamemode.ingame.services.GameModeActionUtils.startGameModeService:99 com.thundercomm.gamemode.ingame.services.GameModeActionUtils.startGameModeEntry:22 com.thundercomm.gamemode.ingame.services.ActivityMonitoringService$1.onActivityLaunch:127
12-14 03:25:21.760 1468 1468 I GameModeConfig: Current uri is uri = content://com.thundercomm.gamemode.api/gamemode_settings/gamemode_isgaming
12-14 03:25:21.766 1468 1468 I GameModeConfig: isGameModeOn = false
12-14 03:25:21.767 1468 1468 I GameModeConfig: isGameModeOn = false
12-14 03:25:21.767 1468 1468 I GameModeConfig: isDisableVoice = true
12-14 03:25:21.781 1468 1658 I PowerManagerService: Powering on display group fromDreaming (groupId=0, uid=1000, reason=WAKE_REASON_UNKNOWN, details=android.server.power:DREAM_FINISHED)...
12-14 03:25:21.781 1468 1658 I PowerManagerService: Waking up from Dreaming (uid=1000, reason=WAKE_REASON_UNKNOWN, details=android.server.power:DREAM_FINISHED)...
12-14 03:25:21.840 4292 4310 W ContextImpl: Calling a method in the system process without a qualified user: android.app.ContextImpl.startService:1816 android.content.ContextWrapper.startService:774 com.thundercomm.gamemode.ingame.services.GameModeActionUtils.startGameModeService:99 com.thundercomm.gamemode.ingame.services.GameModeActionUtils.startGameModeEntry:22 com.thundercomm.gamemode.ingame.services.ActivityMonitoringService$1.onActivityLaunch:127
12-14 03:25:21.843 1468 1468 I GameModeConfig: Current uri is uri = content://com.thundercomm.gamemode.api/gamemode_settings/gamemode_isgaming
12-14 03:25:21.844 1468 1468 I GameModeConfig: isGameModeOn = false
12-14 03:25:21.845 1468 1468 I GameModeConfig: isGameModeOn = false
12-14 03:25:21.845 1468 1468 I GameModeConfig: isDisableVoice = true
12-14 03:25:22.062 4292 4310 W ContextImpl: Calling a method in the system process without a qualified user: android.app.ContextImpl.startService:1816 android.content.ContextWrapper.startService:774 com.thundercomm.gamemode.ingame.services.GameModeActionUtils.startGameModeService:99 com.thundercomm.gamemode.ingame.services.GameModeActionUtils.startGameModeEntry:22 com.thundercomm.gamemode.ingame.services.ActivityMonitoringService$1.onActivityLaunch:127
12-14 03:25:22.069 1468 1468 I GameModeConfig: Current uri is uri = content://com.thundercomm.gamemode.api/gamemode_settings/gamemode_isgaming
12-14 03:25:22.072 1468 1468 I GameModeConfig: isGameModeOn = false
12-14 03:25:22.072 1468 1468 I GameModeConfig: isGameModeOn = false
12-14 03:25:22.072 1468 1468 I GameModeConfig: isDisableVoice = true
12-14 03:25:22.080 1468 2373 I DreamManagerService: Leaving dreamland.
12-14 03:25:22.081 1468 1631 I DreamManagerService: Performing gentle wake from dream.
12-14 03:25:22.081 1468 1631 I DreamController: Stopping dream: name=ComponentInfo{com.thundercomm.screensaver/com.thundercomm.saverclock.service.ClockScreensaver}, isTest=false, canDoze=false, userId=0, reason='finished self'(from 'finished self')
12-14 03:25:22.096 1468 1635 W ActivityTaskManager: Can't find TaskDisplayArea to determine support for multi window. Task id=11 attached=false
01-01 08:45:50.375 0 0 I : read descriptors
01-01 08:45:50.375 0 0 I : read strings
01-01 08:45:50.926 0 0 D : mv2112_read_status
01-01 08:45:50.926 0 0 D mv2112_update_link: 3.0x901(1G): 0x80
01-01 08:45:50.926 0 0 D mv2112_update_link: 3.0x8109(100M): 0x8
01-01 08:45:50.926 0 0 D mv2112_update_link: link 0x0
01-01 08:45:50.926 0 0 D mv2112_read_status: autoneg is disabled
12-14 03:25:23.165 1468 2313 I GameModeConfig: isGameModeOn = false
01-01 08:45:51.403 0 0 I : read descriptors
01-01 08:45:51.403 0 0 I : read strings
