12-14 03:41:30.073 1468 2313 I GameModeConfig: isGaming = false
01-01 09:01:58.606 0 0 D : mv2112_read_status
01-01 09:01:58.606 0 0 D mv2112_update_link: 3.0x901(1G): 0x80
01-01 09:01:58.606 0 0 D mv2112_update_link: 3.0x8109(100M): 0x8
01-01 09:01:58.606 0 0 D mv2112_update_link: link 0x0
01-01 09:01:58.606 0 0 D mv2112_read_status: autoneg is disabled
01-01 09:01:59.630 0 0 D : mv2112_read_status
01-01 09:01:59.631 0 0 D mv2112_update_link: 3.0x901(1G): 0x80
01-01 09:01:59.631 0 0 D mv2112_update_link: 3.0x8109(100M): 0x8
01-01 09:01:59.631 0 0 D mv2112_update_link: link 0x0
01-01 09:01:59.631 0 0 D mv2112_read_status: autoneg is disabled
12-14 03:41:31.682 1468 2313 I GameModeConfig: isGameModeOn = true
12-14 03:41:31.682 1468 2313 I GameModeConfig: isGaming = false
12-14 03:41:31.693 1468 2313 I GameModeConfig: isGameModeOn = true
12-14 03:41:31.693 1468 2313 I GameModeConfig: isGaming = false
12-14 03:41:31.703 1468 2313 I GameModeConfig: isGameModeOn = true
12-14 03:41:31.703 1468 2313 I GameModeConfig: isGaming = false
12-14 03:41:31.721 1468 2313 I GameModeConfig: isGameModeOn = true
12-14 03:41:31.721 1468 2313 I GameModeConfig: isGaming = false
12-14 03:41:31.738 1468 2313 I GameModeConfig: isGameModeOn = true
12-14 03:41:31.738 1468 2313 I GameModeConfig: isGaming = false
12-14 03:41:31.753 1468 2313 I GameModeConfig: isGameModeOn = true
12-14 03:41:31.753 1468 2313 I GameModeConfig: isGaming = false
12-14 03:41:31.771 1468 2313 I GameModeConfig: isGameModeOn = true
12-14 03:41:31.771 1468 2313 I GameModeConfig: isGaming = false
12-14 03:41:31.788 1468 2313 I GameModeConfig: isGameModeOn = true
12-14 03:41:31.788 1468 2313 I GameModeConfig: isGaming = false
12-14 03:41:31.804 1468 2313 I GameModeConfig: isGameModeOn = true
12-14 03:41:31.804 1468 2313 I GameModeConfig: isGaming = false
12-14 03:41:31.821 1468 2313 I GameModeConfig: isGameModeOn = true
12-14 03:41:31.821 1468 2313 I GameModeConfig: isGaming = false
12-14 03:41:31.838 1468 2313 I GameModeConfig: isGameModeOn = true
12-14 03:41:31.838 1468 2313 I GameModeConfig: isGaming = false
12-14 03:41:31.855 1468 2313 I GameModeConfig: isGameModeOn = true
12-14 03:41:31.856 1468 2313 I GameModeConfig: isGaming = false
12-14 03:41:31.871 1468 2313 I GameModeConfig: isGameModeOn = true
12-14 03:41:31.871 1468 2313 I GameModeConfig: isGaming = false
12-14 03:41:31.875 1468 2313 I GameModeConfig: isGameModeOn = true
12-14 03:41:31.875 1468 2313 I GameModeConfig: isGaming = false
12-14 03:41:31.887 1468 2313 I GameModeConfig: isGameModeOn = true
12-14 03:41:31.887 1468 2313 I GameModeConfig: isGaming = false
12-14 03:41:31.897 1468 2313 I GameModeConfig: isGameModeOn = true
12-14 03:41:31.897 1468 2313 I GameModeConfig: isGaming = false
12-14 03:41:31.910 1468 2313 I GameModeConfig: isGameModeOn = true
12-14 03:41:31.910 1468 2313 I GameModeConfig: isGaming = false
12-14 03:41:31.910 1468 2313 I GameModeConfig: isGameModeOn = true
12-14 03:41:31.910 1468 2313 I GameModeConfig: isGaming = false
12-14 03:41:31.926 1468 2313 I GameModeConfig: isGameModeOn = true
12-14 03:41:31.926 1468 2313 I GameModeConfig: isGaming = false
12-14 03:41:31.926 1468 2313 I GameModeConfig: isGameModeOn = true
12-14 03:41:31.926 1468 2313 I GameModeConfig: isGaming = false
12-14 03:41:31.940 1468 2313 I GameModeConfig: isGameModeOn = true
12-14 03:41:31.940 1468 2313 I GameModeConfig: isGaming = false
12-14 03:41:31.953 1468 2313 I GameModeConfig: isGameModeOn = true
12-14 03:41:31.954 1468 2313 I GameModeConfig: isGaming = false
12-14 03:41:31.957 1468 2313 I GameModeConfig: isGameModeOn = true
12-14 03:41:31.957 1468 2313 I GameModeConfig: isGaming = false
12-14 03:41:31.973 1468 2313 I GameModeConfig: isGameModeOn = true
12-14 03:41:31.973 1468 2313 I GameModeConfig: isGaming = false
12-14 03:41:31.988 1468 2313 I GameModeConfig: isGameModeOn = true
12-14 03:41:31.989 1468 2313 I GameModeConfig: isGaming = false
12-14 03:41:32.007 1468 2313 I GameModeConfig: isGameModeOn = true
12-14 03:41:32.007 1468 2313 I GameModeConfig: isGaming = false
12-14 03:41:32.024 1468 2313 I GameModeConfig: isGameModeOn = true
12-14 03:41:32.024 1468 2313 I GameModeConfig: isGaming = false
12-14 03:41:32.039 1468 2313 I GameModeConfig: isGameModeOn = true
12-14 03:41:32.040 1468 2313 I GameModeConfig: isGaming = false
12-14 03:41:32.056 1468 2313 I GameModeConfig: isGameModeOn = true
12-14 03:41:32.056 1468 2313 I GameModeConfig: isGaming = false
12-14 03:41:32.074 1468 2313 I GameModeConfig: isGameModeOn = true
12-14 03:41:32.074 1468 2313 I GameModeConfig: isGaming = false
12-14 03:41:32.095 1468 2313 I GameModeConfig: isGameModeOn = true
12-14 03:41:32.095 1468 2313 I GameModeConfig: isGaming = false
12-14 03:41:32.113 1468 2313 I GameModeConfig: isGameModeOn = true
12-14 03:41:32.113 1468 2313 I GameModeConfig: isGaming = false
12-14 03:41:32.130 1468 2313 I GameModeConfig: isGameModeOn = true
12-14 03:41:32.130 1468 2313 I GameModeConfig: isGaming = false
12-14 03:41:32.160 1468 2313 I GameModeConfig: isGameModeOn = true
12-14 03:41:32.160 1468 2313 I GameModeConfig: isGaming = false
01-01 09:02:00.654 0 0 D : mv2112_read_status
01-01 09:02:00.655 0 0 D mv2112_update_link: 3.0x901(1G): 0x80
01-01 09:02:00.655 0 0 D mv2112_update_link: 3.0x8109(100M): 0x8
01-01 09:02:00.655 0 0 D mv2112_update_link: link 0x0
01-01 09:02:00.655 0 0 D mv2112_read_status: autoneg is disabled
01-01 09:02:01.678 0 0 D : mv2112_read_status
01-01 09:02:01.678 0 0 D mv2112_update_link: 3.0x901(1G): 0x80
01-01 09:02:01.679 0 0 D mv2112_update_link: 3.0x8109(100M): 0x8
01-01 09:02:01.679 0 0 D mv2112_update_link: link 0x0
01-01 09:02:01.679 0 0 D mv2112_read_status: autoneg is disabled
12-14 03:41:34.359 1468 2318 W ActivityManager: Receiver with filter android.content.IntentFilter@9c30e7b already registered for pid 3725, callerPackage is com.baidu.input
12-14 03:41:34.359 1468 1642 W BroadcastQueue: Permission Denial: broadcasting Intent { act=android.net.conn.CONNECTIVITY_CHANGE flg=0x4200010 (has extras) } from null (pid=-1, uid=-1) requires com.baidu.input.permission.sofire.RECEIVE due to registered receiver BroadcastFilter{498d498 10033/u0 ReceiverList{e895a79 3725 com.baidu.input/10033/u0 remote:e266b40}}
01-01 09:02:02.702 0 0 D : mv2112_read_status
01-01 09:02:02.703 0 0 D mv2112_update_link: 3.0x901(1G): 0x80
01-01 09:02:02.703 0 0 D mv2112_update_link: 3.0x8109(100M): 0x8
01-01 09:02:02.703 0 0 D mv2112_update_link: link 0x0
01-01 09:02:02.703 0 0 D mv2112_read_status: autoneg is disabled
01-01 09:02:03.726 0 0 D : mv2112_read_status
01-01 09:02:03.726 0 0 D mv2112_update_link: 3.0x901(1G): 0x80
01-01 09:02:03.726 0 0 D mv2112_update_link: 3.0x8109(100M): 0x8
01-01 09:02:03.726 0 0 D mv2112_update_link: link 0x0
01-01 09:02:03.726 0 0 D mv2112_read_status: autoneg is disabled
01-01 09:02:04.750 0 0 D : mv2112_read_status
01-01 09:02:04.750 0 0 D mv2112_update_link: 3.0x901(1G): 0x80
01-01 09:02:04.751 0 0 D mv2112_update_link: 3.0x8109(100M): 0x8
01-01 09:02:04.751 0 0 D mv2112_update_link: link 0x0
01-01 09:02:04.751 0 0 D mv2112_read_status: autoneg is disabled
01-01 09:02:05.382 0 0 W usb_extcon_detect_cable@108: vbus=0
01-01 09:02:05.382 0 0 E msm-dwc3 a600000.ssusb: Could not get usb psy
01-01 09:02:05.385 0 0 I android_work: sent uevent USB_STATE=DISCONNECTED
01-01 09:02:05.385 0 0 I msm-dwc3 a600000.ssusb: DWC3 in low power mode
01-01 09:02:05.386 0 0 I msm-dwc3 a800000.ssusb: DWC3 in low power mode
01-01 09:02:05.386 0 0 E msm-dwc3 a600000.ssusb: Could not get usb psy
01-01 09:02:05.446 0 0 I msm-dwc3 a800000.ssusb: DWC3 exited from low power mode
01-01 09:02:05.446 0 0 I msm-dwc3 a600000.ssusb: DWC3 exited from low power mode
01-01 09:02:05.448 0 0 I xhci-hcd.0.auto: xHCI Host Controller
01-01 09:02:05.448 0 0 I xhci-hcd.0.auto: new USB bus registered, assigned bus number 1
01-01 09:02:05.448 0 0 I xhci-hcd.0.auto: hcc params 0x0230ffe5 hci version 0x110 quirks 0x0000000000010810
01-01 09:02:05.448 0 0 I xhci-hcd.0.auto: irq 349, io mem 0x0a800000
01-01 09:02:05.449 0 0 I usb1 : New USB device found, idVendor=1d6b, idProduct=0002, bcdDevice= 4.19
01-01 09:02:05.449 0 0 I usb1 : New USB device strings: Mfr=3, Product=2, SerialNumber=1
01-01 09:02:05.449 0 0 I usb1 : Product: xHCI Host Controller
01-01 09:02:05.449 0 0 I usb1 : Manufacturer: Linux 4.19.157-perf+ xhci-hcd
01-01 09:02:05.449 0 0 I usb1 : SerialNumber: xhci-hcd.0.auto
01-01 09:02:05.451 0 0 I xhci-hcd.1.auto: xHCI Host Controller
01-01 09:02:05.452 0 0 I hub 1-0 : 1.0: USB hub found
01-01 09:02:05.452 0 0 I hub 1-0 : 1.0: 1 port detected
01-01 09:02:05.455 0 0 E : [drm:dp_display_init_aux_switch][msm-dp-err][6225]failed to register notifier (-22)
01-01 09:02:05.455 0 0 E register_client_adhoc: find path.src 1 dest 589
01-01 09:02:05.455 0 0 E register_client_adhoc: Failed to find path.src 1 dest 589
01-01 09:02:05.457 0 0 I xhci-hcd.1.auto: new USB bus registered, assigned bus number 2
01-01 09:02:05.457 0 0 I xhci-hcd.1.auto: hcc params 0x0230ffe5 hci version 0x110 quirks 0x0000000000010010
01-01 09:02:05.457 0 0 I xhci-hcd.1.auto: irq 347, io mem 0x0a600000
01-01 09:02:05.457 0 0 I usb2 : New USB device found, idVendor=1d6b, idProduct=0002, bcdDevice= 4.19
01-01 09:02:05.457 0 0 I usb2 : New USB device strings: Mfr=3, Product=2, SerialNumber=1
01-01 09:02:05.457 0 0 I usb2 : Product: xHCI Host Controller
01-01 09:02:05.457 0 0 I usb2 : Manufacturer: Linux 4.19.157-perf+ xhci-hcd
01-01 09:02:05.457 0 0 I usb2 : SerialNumber: xhci-hcd.1.auto
01-01 09:02:05.459 0 0 I hub 2-0 : 1.0: USB hub found
01-01 09:02:05.459 0 0 I hub 2-0 : 1.0: 1 port detected
01-01 09:02:05.460 0 0 I xhci-hcd.1.auto: xHCI Host Controller
01-01 09:02:05.460 0 0 I xhci-hcd.1.auto: new USB bus registered, assigned bus number 3
01-01 09:02:05.460 0 0 I xhci-hcd.1.auto: Host supports USB 3.1 Enhanced SuperSpeed
01-01 09:02:05.460 0 0 I usb3 : We don't know the algorithms for LPM for this host, disabling LPM.
01-01 09:02:05.461 0 0 I usb3 : New USB device found, idVendor=1d6b, idProduct=0003, bcdDevice= 4.19
01-01 09:02:05.461 0 0 I usb3 : New USB device strings: Mfr=3, Product=2, SerialNumber=1
01-01 09:02:05.461 0 0 I usb3 : Product: xHCI Host Controller
01-01 09:02:05.461 0 0 I usb3 : Manufacturer: Linux 4.19.157-perf+ xhci-hcd
01-01 09:02:05.461 0 0 I usb3 : SerialNumber: xhci-hcd.1.auto
01-01 09:02:05.462 0 0 I hub 3-0 : 1.0: USB hub found
01-01 09:02:05.462 0 0 I hub 3-0 : 1.0: 1 port detected
01-01 09:02:05.464 0 0 I xhci-hcd.0.auto: xHCI Host Controller
01-01 09:02:05.464 0 0 I xhci-hcd.0.auto: new USB bus registered, assigned bus number 4
01-01 09:02:05.464 0 0 I xhci-hcd.0.auto: Host supports USB 3.1 Enhanced SuperSpeed
01-01 09:02:05.464 0 0 I usb4 : New USB device found, idVendor=1d6b, idProduct=0003, bcdDevice= 4.19
01-01 09:02:05.464 0 0 I usb4 : New USB device strings: Mfr=3, Product=2, SerialNumber=1
01-01 09:02:05.464 0 0 I usb4 : Product: xHCI Host Controller
01-01 09:02:05.464 0 0 I usb4 : Manufacturer: Linux 4.19.157-perf+ xhci-hcd
01-01 09:02:05.464 0 0 I usb4 : SerialNumber: xhci-hcd.0.auto
01-01 09:02:05.466 0 0 I hub 4-0 : 1.0: USB hub found
01-01 09:02:05.466 0 0 I hub 4-0 : 1.0: 1 port detected
01-01 09:02:05.470 0 0 E swr-wcd rx_swr_ctrl: swrm_get_logical_dev_num: device 0xd01170224 is not ready
01-01 09:02:05.470 0 0 E swr_get_logical_dev_num: Error -22 to get logical addr for device d01170224
01-01 09:02:05.470 0 0 E swr-wcd rx_swr_ctrl: swrm_get_logical_dev_num: device 0xd01170224 is not ready
01-01 09:02:05.470 0 0 E swr_get_logical_dev_num: Error -22 to get logical addr for device d01170224
01-01 09:02:05.470 0 0 E swr-wcd rx_swr_ctrl: swrm_get_logical_dev_num: device 0xd01170224 is not ready
01-01 09:02:05.470 0 0 E swr_get_logical_dev_num: Error -22 to get logical addr for device d01170224
01-01 09:02:05.470 0 0 E swr-wcd rx_swr_ctrl: swrm_get_logical_dev_num: device 0xd01170224 is not ready
01-01 09:02:05.470 0 0 E swr_get_logical_dev_num: Error -22 to get logical addr for device d01170224
01-01 09:02:05.470 0 0 E swr-wcd rx_swr_ctrl: swrm_get_logical_dev_num: device 0xd01170224 is not ready
01-01 09:02:05.470 0 0 E swr_get_logical_dev_num: Error -22 to get logical addr for device d01170224
01-01 09:02:05.470 0 0 E wcd938x_codec wcd938x-codec: wcd938x_bind: Slave bind failed, ret = -517
01-01 09:02:05.471 0 0 E : [drm:dp_display_init_aux_switch][msm-dp-err][6225]failed to register notifier (-22)
01-01 09:02:05.471 0 0 E register_client_adhoc: find path.src 1 dest 589
01-01 09:02:05.471 0 0 E register_client_adhoc: Failed to find path.src 1 dest 589
01-01 09:02:05.477 0 0 E swr-wcd rx_swr_ctrl: swrm_get_logical_dev_num: device 0xd01170224 is not ready
01-01 09:02:05.477 0 0 E swr_get_logical_dev_num: Error -22 to get logical addr for device d01170224
01-01 09:02:05.477 0 0 E swr-wcd rx_swr_ctrl: swrm_get_logical_dev_num: device 0xd01170224 is not ready
01-01 09:02:05.477 0 0 E swr_get_logical_dev_num: Error -22 to get logical addr for device d01170224
01-01 09:02:05.477 0 0 E swr-wcd rx_swr_ctrl: swrm_get_logical_dev_num: device 0xd01170224 is not ready
01-01 09:02:05.477 0 0 E swr_get_logical_dev_num: Error -22 to get logical addr for device d01170224
01-01 09:02:05.477 0 0 E swr-wcd rx_swr_ctrl: swrm_get_logical_dev_num: device 0xd01170224 is not ready
01-01 09:02:05.477 0 0 E swr_get_logical_dev_num: Error -22 to get logical addr for device d01170224
01-01 09:02:05.477 0 0 E swr-wcd rx_swr_ctrl: swrm_get_logical_dev_num: device 0xd01170224 is not ready
01-01 09:02:05.477 0 0 E swr_get_logical_dev_num: Error -22 to get logical addr for device d01170224
01-01 09:02:05.477 0 0 E wcd938x_codec wcd938x-codec: wcd938x_bind: Slave bind failed, ret = -517
01-01 09:02:05.499 0 0 I : read descriptors
01-01 09:02:05.499 0 0 I : read strings
01-01 09:02:05.501 0 0 I init : processing action (sys.usb.config=adb && sys.usb.configfs=1 && sys.usb.ffs.ready=1) from (/system/etc/init/hw/init.usb.configfs.rc:20)
01-01 09:02:05.503 0 0 I init : Command 'symlink /config/usb_gadget/g1/functions/ffs.adb /config/usb_gadget/g1/configs/b.1/f1' action=sys.usb.config=adb && sys.usb.configfs=1 && sys.usb.ffs.ready=1 (/system/etc/init/hw/init.usb.configfs.rc:22) took 0ms and failed: symlink() failed: File exists
01-01 09:02:05.503 0 0 I android_work: did not send uevent (0 0 0000000000000000)
01-01 09:02:05.774 0 0 D : mv2112_read_status
01-01 09:02:05.774 0 0 D mv2112_update_link: 3.0x901(1G): 0x80
01-01 09:02:05.775 0 0 D mv2112_update_link: 3.0x8109(100M): 0x8
01-01 09:02:05.775 0 0 D mv2112_update_link: link 0x0
01-01 09:02:05.775 0 0 D mv2112_read_status: autoneg is disabled
01-01 09:02:06.563 0 0 I msm-dwc3 a600000.ssusb: DWC3 in low power mode
01-01 09:02:06.567 0 0 I msm-dwc3 a800000.ssusb: DWC3 in low power mode
01-01 09:02:06.798 0 0 D : mv2112_read_status
01-01 09:02:06.799 0 0 D mv2112_update_link: 3.0x901(1G): 0x80
01-01 09:02:06.799 0 0 D mv2112_update_link: 3.0x8109(100M): 0x8
01-01 09:02:06.799 0 0 D mv2112_update_link: link 0x0
01-01 09:02:06.799 0 0 D mv2112_read_status: autoneg is disabled
01-01 09:02:07.214 0 0 W usb_extcon_detect_cable@108: vbus=1
01-01 09:02:07.215 0 0 E msm-dwc3 a600000.ssusb: Could not get usb psy
01-01 09:02:07.216 0 0 I msm-dwc3 a600000.ssusb: DWC3 exited from low power mode
01-01 09:02:07.216 0 0 I msm-dwc3 a800000.ssusb: DWC3 exited from low power mode
01-01 09:02:07.217 0 0 I xhci-hcd.1.auto: remove, state 4
01-01 09:02:07.217 0 0 I xhci-hcd.0.auto: remove, state 4
01-01 09:02:07.217 0 0 I usb3 : USB disconnect, device number 1
01-01 09:02:07.220 0 0 I xhci-hcd.1.auto: USB bus 3 deregistered
01-01 09:02:07.221 0 0 I usb4 : USB disconnect, device number 1
01-01 09:02:07.224 0 0 I xhci-hcd.0.auto: USB bus 4 deregistered
01-01 09:02:07.224 0 0 I xhci-hcd.1.auto: remove, state 4
01-01 09:02:07.224 0 0 I xhci-hcd.0.auto: remove, state 4
01-01 09:02:07.224 0 0 I usb2 : USB disconnect, device number 1
12-14 03:41:39.049 1468 2372 D UsbHostManager: Removed device at /dev/bus/usb/003/001 was already gone
01-01 09:02:07.228 0 0 I usb1 : USB disconnect, device number 1
01-01 09:02:07.228 0 0 I xhci-hcd.1.auto: USB bus 2 deregistered
12-14 03:41:39.051 1468 2372 D UsbHostManager: Removed device at /dev/bus/usb/004/001 was already gone
12-14 03:41:39.053 1468 2372 D UsbHostManager: Removed device at /dev/bus/usb/002/001 was already gone
01-01 09:02:07.232 0 0 I xhci-hcd.0.auto: USB bus 1 deregistered
12-14 03:41:39.055 1468 2372 D UsbHostManager: Removed device at /dev/bus/usb/001/001 was already gone
01-01 09:02:07.235 0 0 I msm-dwc3 a600000.ssusb: DWC3 in low power mode
01-01 09:02:07.235 0 0 E msm-dwc3 a600000.ssusb: Could not get usb psy
01-01 09:02:07.235 0 0 E msm-dwc3 a600000.ssusb: Could not get usb psy
01-01 09:02:07.236 0 0 I msm-dwc3 a800000.ssusb: DWC3 in low power mode
01-01 09:02:07.294 0 0 I msm-dwc3 a800000.ssusb: DWC3 exited from low power mode
01-01 09:02:07.294 0 0 I msm-dwc3 a600000.ssusb: DWC3 exited from low power mode
01-01 09:02:07.414 0 0 E msm-dwc3 a600000.ssusb: Could not get usb psy
01-01 09:02:07.509 0 0 E msm-dwc3 a600000.ssusb: Could not get usb psy
01-01 09:02:07.598 0 0 I android_work: sent uevent USB_STATE=CONNECTED
12-14 03:41:39.421 1468 1642 D CompatibilityChangeReporter: Compat change id reported: 135634846; UID 10019; state: DISABLED
12-14 03:41:39.422 1468 1642 D CompatibilityChangeReporter: Compat change id reported: 177438394; UID 10019; state: DISABLED
12-14 03:41:39.422 1468 1642 D CompatibilityChangeReporter: Compat change id reported: 135772972; UID 10019; state: DISABLED
12-14 03:41:39.422 1468 1642 D CompatibilityChangeReporter: Compat change id reported: 135754954; UID 10019; state: ENABLED
12-14 03:41:39.423 1468 1643 D CompatibilityChangeReporter: Compat change id reported: 143937733; UID 10019; state: ENABLED
01-01 09:02:07.617 0 0 E msm-dwc3 a600000.ssusb: Could not get usb psy
12-14 03:41:39.448 1468 1643 I ActivityManager: Start proc 6975:android.process.media/u0a19 for broadcast {com.android.mtp/com.android.mtp.MtpReceiver}
01-01 09:02:07.658 0 0 I binder : 6975:6975 ioctl 40046210 7fe6d7b254 returned -22
12-14 03:41:39.516 1468 2313 I GameModeConfig: isGameModeOn = true
12-14 03:41:39.516 1468 2313 I GameModeConfig: isGaming = false
12-14 03:41:39.517 1468 2313 I GameModeConfig: isGameModeOn = true
12-14 03:41:39.517 1468 2313 I GameModeConfig: isGaming = false
12-14 03:41:39.517 1468 2313 I GameModeConfig: isGameModeOn = true
12-14 03:41:39.517 1468 2313 I GameModeConfig: isGaming = false
12-14 03:41:39.517 1468 2313 I GameModeConfig: isGameModeOn = true
12-14 03:41:39.517 1468 2313 I GameModeConfig: isGaming = false
01-01 09:02:07.703 0 0 I configfs-gadget gadget: high-speed config #1: b
01-01 09:02:07.703 0 0 E msm-dwc3 a600000.ssusb: Could not get usb psy
01-01 09:02:07.703 0 0 I android_work: sent uevent USB_STATE=CONFIGURED
01-01 09:02:07.822 0 0 D : mv2112_read_status
01-01 09:02:07.823 0 0 D mv2112_update_link: 3.0x901(1G): 0x80
01-01 09:02:07.823 0 0 D mv2112_update_link: 3.0x8109(100M): 0x8
01-01 09:02:07.823 0 0 D mv2112_update_link: link 0x0
01-01 09:02:07.823 0 0 D mv2112_read_status: autoneg is disabled
12-14 03:41:40.360 1468 5753 D AdbDebuggingManager: Received disconnected message: QAAAAMemufAJxc7IwKlL+i367PJwh1y9blDzG98IjR/WCF9drjGNx8NWD+gEW8HnW5z6jN2v1LUcwfpfb/vSvN47HkFlpgC2gH9Q+/5Sgfbbso0ferKlsufa1Zo+XmiGjlpBOB/NpA6VqnAFmjB3n/9OWFXSnms/eCNGurZByuGb/8udiAz4y2NslemtsRSX1H+bLx6kJX6+MlEU5RXGtvItAgsL4I6xQrKQrNgNx4bVcl0+L+31+04WXLCQBsoSILtgzH4/J3+yuYWrC0Oi21f2d3DfD7sWKtvdGRTFzvK9LqPkVc3uoI4lni651LtGGLHMgBlWrTy9My5WjgrX98DZaDS9GrzqdJa4DPbOEmmd8QeaD9TCg74dBWdEIDXiQ7/8e99vwFpxpwZcWJAzSL/X1frCFcOy45saFJ/NVNhmrNdguEeEok7qziiOMsJLCpJqyJz7NEL3yuSpwb5sIZ5sqi32akpEMZTEXTQnNmVxFAU9BMlcSTTyP2A4YXN1VM0qUDAo2RRn0xTlpV8i3npCXDLb8jgERgj5ov1sS8WgXv7Jx5XQUaDFvnt0Ulnh/AhV4R3S3jldPZaxzYC0gaKL8LFFleoflU/E8IDYNH0RM4251ZZhsD95Mm6POhOWWj/47OmIgYd9zMYcp5AdBoH+18NKZPdb6clbPzDvyb5y54qga+C2pAEAAQA= thundersoft@DESKTOP-Q8GBBU4
12-14 03:41:40.360 1468 5753 D AdbDebuggingManager: Received public key: QAAAAOOUWvE1rygT0Ixj09RTp24JWgkxZV3u3V5jhSubR6C/WZQYa7ffTQdyuAiwoA8CIjxxaldaBT3yckdDduN8UKRA/N2VB7S4noZ+Y2n2yO5bbprEDw0ABkd2gtmQVJvQGkF/SsLYyleswkYJRYYK5EKrXFOuH92bfdfLj/KtLnr7T3v2AUdb23LBgCGP5DCECooEicIv/2hGURcyXHqsS/py+4zD4EXKEY1h3uIZKnWvNRVIilPspAK6sFwLMo/T5qcXjVgUuxq5YbmOEaHRe6TH2I+MJ3kzhy5lerS49XPfdThPy/of5E+0LSS2a/thu/nljtqM02hxPEbPUa2JcuCj0KWNIZZsDMV2SPBNxBiA7v+JNPojfE5gP0Jy7cMfO2SbC708x7p3HqU6ENqF5koA7sjcpK68qYfG0Fi6FDh+1XTnPGDk5AIo5eXy2hTc7hNdbURist5VKYTnYpEs4pz4Zj92FBpIiNj99gBzobpk75owQxis11c7bJZq1pCJiSmFEPTcDrv02X3oDIzj7Cs73UA0PD14oMkdQYK7uW+MASmqxEHa0+XnLi5mNXsp3dkaFdEMcDK6wSwC+0yOssdlETEpC4cZts9SQ37E7eMDKfF9m5Gju22KKv3T64iPrmBwhvngKOwxWqahWIHg3ajbUKAe0QY3sLgcEscEi0eFLWD+QgEAAQA= @unknown
12-14 03:41:40.360 1468 1631 D AdbDebuggingManager: Logging key QAAAAMemufAJxc7IwKlL+i367PJwh1y9blDzG98IjR/WCF9drjGNx8NWD+gEW8HnW5z6jN2v1LUcwfpfb/vSvN47HkFlpgC2gH9Q+/5Sgfbbso0ferKlsufa1Zo+XmiGjlpBOB/NpA6VqnAFmjB3n/9OWFXSnms/eCNGurZByuGb/8udiAz4y2NslemtsRSX1H+bLx6kJX6+MlEU5RXGtvItAgsL4I6xQrKQrNgNx4bVcl0+L+31+04WXLCQBsoSILtgzH4/J3+yuYWrC0Oi21f2d3DfD7sWKtvdGRTFzvK9LqPkVc3uoI4lni651LtGGLHMgBlWrTy9My5WjgrX98DZaDS9GrzqdJa4DPbOEmmd8QeaD9TCg74dBWdEIDXiQ7/8e99vwFpxpwZcWJAzSL/X1frCFcOy45saFJ/NVNhmrNdguEeEok7qziiOMsJLCpJqyJz7NEL3yuSpwb5sIZ5sqi32akpEMZTEXTQnNmVxFAU9BMlcSTTyP2A4YXN1VM0qUDAo2RRn0xTlpV8i3npCXDLb8jgERgj5ov1sS8WgXv7Jx5XQUaDFvnt0Ulnh/AhV4R3S3jldPZaxzYC0gaKL8LFFleoflU/E8IDYNH0RM4251ZZhsD95Mm6POhOWWj/47OmIgYd9zMYcp5AdBoH+18NKZPdb6clbPzDvyb5y54qga+C2pAEAAQA= thundersoft@DESKTOP-Q8GBBU4, state = 7, alwaysAllow = true, lastConnectionTime = 1670960500360, authWindow = 604800000
12-14 03:41:40.367 1468 1631 D AdbDebuggingManager: Logging key QAAAAOOUWvE1rygT0Ixj09RTp24JWgkxZV3u3V5jhSubR6C/WZQYa7ffTQdyuAiwoA8CIjxxaldaBT3yckdDduN8UKRA/N2VB7S4noZ+Y2n2yO5bbprEDw0ABkd2gtmQVJvQGkF/SsLYyleswkYJRYYK5EKrXFOuH92bfdfLj/KtLnr7T3v2AUdb23LBgCGP5DCECooEicIv/2hGURcyXHqsS/py+4zD4EXKEY1h3uIZKnWvNRVIilPspAK6sFwLMo/T5qcXjVgUuxq5YbmOEaHRe6TH2I+MJ3kzhy5lerS49XPfdThPy/of5E+0LSS2a/thu/nljtqM02hxPEbPUa2JcuCj0KWNIZZsDMV2SPBNxBiA7v+JNPojfE5gP0Jy7cMfO2SbC708x7p3HqU6ENqF5koA7sjcpK68qYfG0Fi6FDh+1XTnPGDk5AIo5eXy2hTc7hNdbURist5VKYTnYpEs4pz4Zj92FBpIiNj99gBzobpk75owQxis11c7bJZq1pCJiSmFEPTcDrv02X3oDIzj7Cs73UA0PD14oMkdQYK7uW+MASmqxEHa0+XnLi5mNXsp3dkaFdEMcDK6wSwC+0yOssdlETEpC4cZts9SQ37E7eMDKfF9m5Gju22KKv3T64iPrmBwhvngKOwxWqahWIHg3ajbUKAe0QY3sLgcEscEi0eFLWD+QgEAAQA= @unknown, state = 1, alwaysAllow = false, lastConnectionTime = 0, authWindow = 604800000
12-14 03:41:40.369 1468 1631 I ActivityTaskManager: START u0 {flg=0x10000000 cmp=com.android.systemui/.usb.UsbDebuggingActivity (has extras)} from uid 1000
12-14 03:41:40.378 1468 1631 W ActivityTaskManager: Can't find TaskDisplayArea to determine support for multi window. Task id=20 attached=false
12-14 03:41:40.384 1468 1631 D CompatibilityChangeReporter: Compat change id reported: 174042980; UID 10082; state: DISABLED
12-14 03:41:40.385 1468 1631 D CompatibilityChangeReporter: Compat change id reported: 184838306; UID 10082; state: DISABLED
12-14 03:41:40.386 1468 1631 D CompatibilityChangeReporter: Compat change id reported: 185004937; UID 10082; state: DISABLED
12-14 03:41:40.387 1468 1631 D CompatibilityChangeReporter: Compat change id reported: 181136395; UID 10082; state: DISABLED
12-14 03:41:40.388 1468 1631 D CompatibilityChangeReporter: Compat change id reported: 174042936; UID 10082; state: DISABLED
12-14 03:41:40.405 1468 3318 I ActivityTaskManager: FOREGROUND_APPLICATION_CHANGED to com.android.systemui.usb.UsbDebuggingActivity
12-14 03:41:40.405 1468 3318 I ActivityTaskManager: The Process com.android.systemui Already Exists in BG. So sending its PID: 2371
12-14 03:41:40.406 1468 3318 W ActivityTaskManager: Tried to set launchTime (0) < mLastActivityLaunchTime (430230)
12-14 03:41:40.525 4292 4310 W ContextImpl: Calling a method in the system process without a qualified user: android.app.ContextImpl.startService:1816 android.content.ContextWrapper.startService:774 com.thundercomm.gamemode.ingame.services.GameModeActionUtils.startGameModeService:99 com.thundercomm.gamemode.ingame.services.GameModeActionUtils.startGameModeEntry:22 com.thundercomm.gamemode.ingame.services.ActivityMonitoringService$1.onActivityLaunch:127
12-14 03:41:40.528 1468 1468 I GameModeConfig: Current uri is uri = content://com.thundercomm.gamemode.api/gamemode_settings/gamemode_isgaming
12-14 03:41:40.530 1468 1468 I GameModeConfig: isGameModeOn = true
12-14 03:41:40.530 1468 1468 I GameModeConfig: isGaming = false
12-14 03:41:40.530 1468 1468 I GameModeConfig: isGameModeOn = true
12-14 03:41:40.530 1468 1468 I GameModeConfig: isGaming = false
12-14 03:41:40.530 1468 1468 I GameModeConfig: isDisableVoice = true
01-01 09:02:08.846 0 0 D : mv2112_read_status
01-01 09:02:08.846 0 0 D mv2112_update_link: 3.0x901(1G): 0x80
01-01 09:02:08.846 0 0 D mv2112_update_link: 3.0x8109(100M): 0x8
01-01 09:02:08.846 0 0 D mv2112_update_link: link 0x0
01-01 09:02:08.846 0 0 D mv2112_read_status: autoneg is disabled
01-01 09:02:09.870 0 0 D : mv2112_read_status
01-01 09:02:09.870 0 0 D mv2112_update_link: 3.0x901(1G): 0x80
01-01 09:02:09.871 0 0 D mv2112_update_link: 3.0x8109(100M): 0x8
01-01 09:02:09.871 0 0 D mv2112_update_link: link 0x0
01-01 09:02:09.871 0 0 D mv2112_read_status: autoneg is disabled
01-01 09:02:10.894 0 0 D : mv2112_read_status
01-01 09:02:10.894 0 0 D mv2112_update_link: 3.0x901(1G): 0x80
01-01 09:02:10.894 0 0 D mv2112_update_link: 3.0x8109(100M): 0x8
01-01 09:02:10.894 0 0 D mv2112_update_link: link 0x0
01-01 09:02:10.894 0 0 D mv2112_read_status: autoneg is disabled
01-01 09:02:11.918 0 0 D : mv2112_read_status
01-01 09:02:11.918 0 0 D mv2112_update_link: 3.0x901(1G): 0x80
01-01 09:02:11.918 0 0 D mv2112_update_link: 3.0x8109(100M): 0x8
01-01 09:02:11.918 0 0 D mv2112_update_link: link 0x0
01-01 09:02:11.918 0 0 D mv2112_read_status: autoneg is disabled
01-01 09:02:12.942 0 0 D : mv2112_read_status
01-01 09:02:12.942 0 0 D mv2112_update_link: 3.0x901(1G): 0x80
01-01 09:02:12.943 0 0 D mv2112_update_link: 3.0x8109(100M): 0x8
01-01 09:02:12.943 0 0 D mv2112_update_link: link 0x0
01-01 09:02:12.943 0 0 D mv2112_read_status: autoneg is disabled
01-01 09:02:13.966 0 0 D : mv2112_read_status
01-01 09:02:13.966 0 0 D mv2112_update_link: 3.0x901(1G): 0x80
01-01 09:02:13.966 0 0 D mv2112_update_link: 3.0x8109(100M): 0x8
01-01 09:02:13.966 0 0 D mv2112_update_link: link 0x0
01-01 09:02:13.966 0 0 D mv2112_read_status: autoneg is disabled
01-01 09:02:14.990 0 0 D : mv2112_read_status
01-01 09:02:14.991 0 0 D mv2112_update_link: 3.0x901(1G): 0x80
01-01 09:02:14.991 0 0 D mv2112_update_link: 3.0x8109(100M): 0x8
01-01 09:02:14.991 0 0 D mv2112_update_link: link 0x0
01-01 09:02:14.991 0 0 D mv2112_read_status: autoneg is disabled
01-01 09:02:16.014 0 0 D : mv2112_read_status
01-01 09:02:16.014 0 0 D mv2112_update_link: 3.0x901(1G): 0x80
01-01 09:02:16.015 0 0 D mv2112_update_link: 3.0x8109(100M): 0x8
01-01 09:02:16.015 0 0 D mv2112_update_link: link 0x0
01-01 09:02:16.015 0 0 D mv2112_read_status: autoneg is disabled
01-01 09:02:17.038 0 0 D : mv2112_read_status
01-01 09:02:17.038 0 0 D mv2112_update_link: 3.0x901(1G): 0x80
01-01 09:02:17.038 0 0 D mv2112_update_link: 3.0x8109(100M): 0x8
01-01 09:02:17.038 0 0 D mv2112_update_link: link 0x0
01-01 09:02:17.038 0 0 D mv2112_read_status: autoneg is disabled
01-01 09:02:18.062 0 0 D : mv2112_read_status
01-01 09:02:18.062 0 0 D mv2112_update_link: 3.0x901(1G): 0x80
01-01 09:02:18.063 0 0 D mv2112_update_link: 3.0x8109(100M): 0x8
01-01 09:02:18.063 0 0 D mv2112_update_link: link 0x0
01-01 09:02:18.063 0 0 D mv2112_read_status: autoneg is disabled
01-01 09:02:19.086 0 0 D : mv2112_read_status
01-01 09:02:19.086 0 0 D mv2112_update_link: 3.0x901(1G): 0x80
01-01 09:02:19.086 0 0 D mv2112_update_link: 3.0x8109(100M): 0x8
01-01 09:02:19.086 0 0 D mv2112_update_link: link 0x0
01-01 09:02:19.086 0 0 D mv2112_read_status: autoneg is disabled
01-01 09:02:20.110 0 0 D : mv2112_read_status
01-01 09:02:20.111 0 0 D mv2112_update_link: 3.0x901(1G): 0x80
01-01 09:02:20.111 0 0 D mv2112_update_link: 3.0x8109(100M): 0x8
01-01 09:02:20.111 0 0 D mv2112_update_link: link 0x0
01-01 09:02:20.111 0 0 D mv2112_read_status: autoneg is disabled
01-01 09:02:21.134 0 0 D : mv2112_read_status
01-01 09:02:21.134 0 0 D mv2112_update_link: 3.0x901(1G): 0x80
01-01 09:02:21.135 0 0 D mv2112_update_link: 3.0x8109(100M): 0x8
01-01 09:02:21.135 0 0 D mv2112_update_link: link 0x0
01-01 09:02:21.135 0 0 D mv2112_read_status: autoneg is disabled
01-01 09:02:22.158 0 0 D : mv2112_read_status
01-01 09:02:22.158 0 0 D mv2112_update_link: 3.0x901(1G): 0x80
01-01 09:02:22.158 0 0 D mv2112_update_link: 3.0x8109(100M): 0x8
01-01 09:02:22.158 0 0 D mv2112_update_link: link 0x0
01-01 09:02:22.158 0 0 D mv2112_read_status: autoneg is disabled
01-01 09:02:23.182 0 0 D : mv2112_read_status
01-01 09:02:23.182 0 0 D mv2112_update_link: 3.0x901(1G): 0x80
01-01 09:02:23.183 0 0 D mv2112_update_link: 3.0x8109(100M): 0x8
01-01 09:02:23.183 0 0 D mv2112_update_link: link 0x0
01-01 09:02:23.183 0 0 D mv2112_read_status: autoneg is disabled
01-01 09:02:24.206 0 0 D : mv2112_read_status
01-01 09:02:24.207 0 0 D mv2112_update_link: 3.0x901(1G): 0x80
01-01 09:02:24.207 0 0 D mv2112_update_link: 3.0x8109(100M): 0x8
01-01 09:02:24.207 0 0 D mv2112_update_link: link 0x0
01-01 09:02:24.207 0 0 D mv2112_read_status: autoneg is disabled
01-01 09:02:25.230 0 0 D : mv2112_read_status
01-01 09:02:25.230 0 0 D mv2112_update_link: 3.0x901(1G): 0x80
01-01 09:02:25.231 0 0 D mv2112_update_link: 3.0x8109(100M): 0x8
01-01 09:02:25.231 0 0 D mv2112_update_link: link 0x0
01-01 09:02:25.231 0 0 D mv2112_read_status: autoneg is disabled
01-01 09:02:26.254 0 0 D : mv2112_read_status
01-01 09:02:26.254 0 0 D mv2112_update_link: 3.0x901(1G): 0x80
01-01 09:02:26.254 0 0 D mv2112_update_link: 3.0x8109(100M): 0x8
01-01 09:02:26.254 0 0 D mv2112_update_link: link 0x0
01-01 09:02:26.254 0 0 D mv2112_read_status: autoneg is disabled
01-01 09:02:27.278 0 0 D : mv2112_read_status
01-01 09:02:27.278 0 0 D mv2112_update_link: 3.0x901(1G): 0x80
01-01 09:02:27.278 0 0 D mv2112_update_link: 3.0x8109(100M): 0x8
01-01 09:02:27.278 0 0 D mv2112_update_link: link 0x0
01-01 09:02:27.278 0 0 D mv2112_read_status: autoneg is disabled
12-14 03:41:59.981 1468 1631 D AdbDebuggingManager: Logging key QAAAAOOUWvE1rygT0Ixj09RTp24JWgkxZV3u3V5jhSubR6C/WZQYa7ffTQdyuAiwoA8CIjxxaldaBT3yckdDduN8UKRA/N2VB7S4noZ+Y2n2yO5bbprEDw0ABkd2gtmQVJvQGkF/SsLYyleswkYJRYYK5EKrXFOuH92bfdfLj/KtLnr7T3v2AUdb23LBgCGP5DCECooEicIv/2hGURcyXHqsS/py+4zD4EXKEY1h3uIZKnWvNRVIilPspAK6sFwLMo/T5qcXjVgUuxq5YbmOEaHRe6TH2I+MJ3kzhy5lerS49XPfdThPy/of5E+0LSS2a/thu/nljtqM02hxPEbPUa2JcuCj0KWNIZZsDMV2SPBNxBiA7v+JNPojfE5gP0Jy7cMfO2SbC708x7p3HqU6ENqF5koA7sjcpK68qYfG0Fi6FDh+1XTnPGDk5AIo5eXy2hTc7hNdbURist5VKYTnYpEs4pz4Zj92FBpIiNj99gBzobpk75owQxis11c7bJZq1pCJiSmFEPTcDrv02X3oDIzj7Cs73UA0PD14oMkdQYK7uW+MASmqxEHa0+XnLi5mNXsp3dkaFdEMcDK6wSwC+0yOssdlETEpC4cZts9SQ37E7eMDKfF9m5Gju22KKv3T64iPrmBwhvngKOwxWqahWIHg3ajbUKAe0QY3sLgcEscEi0eFLWD+QgEAAQA= @unknown, state = 2, alwaysAllow = true, lastConnectionTime = 1670960519980, authWindow = 604800000
12-14 03:42:00.011 1468 1607 I ActivityTaskManager: FOREGROUND_APPLICATION_CHANGED to com.android.settings.homepage.SettingsHomepageActivity
12-14 03:42:00.122 4292 4310 W ContextImpl: Calling a method in the system process without a qualified user: android.app.ContextImpl.startService:1816 android.content.ContextWrapper.startService:774 com.thundercomm.gamemode.ingame.services.GameModeActionUtils.startGameModeService:99 com.thundercomm.gamemode.ingame.services.GameModeActionUtils.startGameModeEntry:22 com.thundercomm.gamemode.ingame.services.ActivityMonitoringService$1.onActivityLaunch:127
01-01 09:02:28.302 0 0 D : mv2112_read_status
01-01 09:02:28.302 0 0 D mv2112_update_link: 3.0x901(1G): 0x80
01-01 09:02:28.302 0 0 D mv2112_update_link: 3.0x8109(100M): 0x8
01-01 09:02:28.302 0 0 D mv2112_update_link: link 0x0
01-01 09:02:28.302 0 0 D mv2112_read_status: autoneg is disabled
12-14 03:42:00.126 1468 1468 I GameModeConfig: Current uri is uri = content://com.thundercomm.gamemode.api/gamemode_settings/gamemode_isgaming
12-14 03:42:00.128 1468 1468 I GameModeConfig: isGameModeOn = true
12-14 03:42:00.128 1468 1468 I GameModeConfig: isGaming = false
12-14 03:42:00.129 1468 1468 I GameModeConfig: isGameModeOn = true
12-14 03:42:00.129 1468 1468 I GameModeConfig: isGaming = false
12-14 03:42:00.129 1468 1468 I GameModeConfig: isDisableVoice = true
12-14 03:42:00.281 1468 1635 W ActivityTaskManager: Can't find TaskDisplayArea to determine support for multi window. Task id=20 attached=false
12-14 03:42:00.281 1468 1635 W ActivityTaskManager: Can't find TaskDisplayArea to determine support for multi window. Task id=20 attached=false
01-01 09:02:29.326 0 0 D : mv2112_read_status
01-01 09:02:29.326 0 0 D mv2112_update_link: 3.0x901(1G): 0x80
01-01 09:02:29.327 0 0 D mv2112_update_link: 3.0x8109(100M): 0x8
01-01 09:02:29.327 0 0 D mv2112_update_link: link 0x0
01-01 09:02:29.327 0 0 D mv2112_read_status: autoneg is disabled
01-01 09:02:30.350 0 0 D : mv2112_read_status
01-01 09:02:30.350 0 0 D mv2112_update_link: 3.0x901(1G): 0x80
01-01 09:02:30.350 0 0 D mv2112_update_link: 3.0x8109(100M): 0x8
01-01 09:02:30.350 0 0 D mv2112_update_link: link 0x0
01-01 09:02:30.350 0 0 D mv2112_read_status: autoneg is disabled
12-14 03:42:03.020 1468 3841 E TaskPersister: File error accessing recents directory (directory doesn't exist?).
01-01 09:02:31.374 0 0 D : mv2112_read_status
01-01 09:02:31.374 0 0 D mv2112_update_link: 3.0x901(1G): 0x80
01-01 09:02:31.375 0 0 D mv2112_update_link: 3.0x8109(100M): 0x8
01-01 09:02:31.375 0 0 D mv2112_update_link: link 0x0
01-01 09:02:31.375 0 0 D mv2112_read_status: autoneg is disabled
01-01 09:02:32.398 0 0 D : mv2112_read_status
01-01 09:02:32.398 0 0 D mv2112_update_link: 3.0x901(1G): 0x80
01-01 09:02:32.399 0 0 D mv2112_update_link: 3.0x8109(100M): 0x8
01-01 09:02:32.399 0 0 D mv2112_update_link: link 0x0
01-01 09:02:32.399 0 0 D mv2112_read_status: autoneg is disabled
12-14 03:42:04.316 1468 2313 I GameModeConfig: isGameModeOn = true
12-14 03:42:04.317 1468 2313 I GameModeConfig: isGaming = false
12-14 03:42:04.317 1468 2313 I GameModeConfig: isGameModeOn = true
12-14 03:42:04.317 1468 2313 I GameModeConfig: isGaming = false
12-14 03:42:04.317 1468 2313 I GameModeConfig: isGameModeOn = true
12-14 03:42:04.317 1468 2313 I GameModeConfig: isGaming = false
12-14 03:42:04.317 1468 2313 I GameModeConfig: isGameModeOn = true
12-14 03:42:04.317 1468 2313 I GameModeConfig: isGaming = false
12-14 03:42:04.357 1468 2313 I GameModeConfig: isGameModeOn = true
12-14 03:42:04.357 1468 2313 I GameModeConfig: isGaming = false
12-14 03:42:04.363 1468 2313 I GameModeConfig: isGameModeOn = true
12-14 03:42:04.363 1468 2313 I GameModeConfig: isGaming = false
12-14 03:42:04.363 1468 2313 I GameModeConfig: isGameModeOn = true
12-14 03:42:04.363 1468 2313 I GameModeConfig: isGaming = false
12-14 03:42:04.364 1468 2313 I GameModeConfig: isGameModeOn = true
12-14 03:42:04.364 1468 2313 I GameModeConfig: isGaming = false
12-14 03:42:04.395 1468 2313 I GameModeConfig: isGameModeOn = true
12-14 03:42:04.395 1468 2313 I GameModeConfig: isGaming = false
12-14 03:42:04.395 1468 2313 I GameModeConfig: isGameModeOn = true
12-14 03:42:04.395 1468 2313 I GameModeConfig: isGaming = false
12-14 03:42:04.395 1468 2313 I GameModeConfig: isGameModeOn = true
12-14 03:42:04.395 1468 2313 I GameModeConfig: isGaming = false
12-14 03:42:04.395 1468 2313 I GameModeConfig: isGameModeOn = true
12-14 03:42:04.395 1468 2313 I GameModeConfig: isGaming = false
12-14 03:42:04.411 1468 2313 I GameModeConfig: isGameModeOn = true
12-14 03:42:04.411 1468 2313 I GameModeConfig: isGaming = false
12-14 03:42:04.411 1468 2313 I GameModeConfig: isGameModeOn = true
12-14 03:42:04.411 1468 2313 I GameModeConfig: isGaming = false
12-14 03:42:04.412 1468 2313 I GameModeConfig: isGameModeOn = true
12-14 03:42:04.412 1468 2313 I GameModeConfig: isGaming = false
12-14 03:42:04.412 1468 2313 I GameModeConfig: isGameModeOn = true
12-14 03:42:04.412 1468 2313 I GameModeConfig: isGaming = false
12-14 03:42:04.423 1468 2313 I GameModeConfig: isGameModeOn = true
12-14 03:42:04.423 1468 2313 I GameModeConfig: isGaming = false
12-14 03:42:04.423 1468 2313 I GameModeConfig: isGameModeOn = true
12-14 03:42:04.423 1468 2313 I GameModeConfig: isGaming = false
12-14 03:42:04.424 1468 2313 I GameModeConfig: isGameModeOn = true
12-14 03:42:04.424 1468 2313 I GameModeConfig: isGaming = false
12-14 03:42:04.424 1468 2313 I GameModeConfig: isGameModeOn = true
12-14 03:42:04.424 1468 2313 I GameModeConfig: isGaming = false
12-14 03:42:04.447 1468 2313 I GameModeConfig: isGameModeOn = true
12-14 03:42:04.447 1468 2313 I GameModeConfig: isGaming = false
12-14 03:42:04.447 1468 2313 I GameModeConfig: isGameModeOn = true
12-14 03:42:04.447 1468 2313 I GameModeConfig: isGaming = false
12-14 03:42:04.448 1468 2313 I GameModeConfig: isGameModeOn = true
12-14 03:42:04.448 1468 2313 I GameModeConfig: isGaming = false
12-14 03:42:04.448 1468 2313 I GameModeConfig: isGameModeOn = true
12-14 03:42:04.448 1468 2313 I GameModeConfig: isGaming = false
12-14 03:42:04.456 1468 2313 I GameModeConfig: isGameModeOn = true
12-14 03:42:04.456 1468 2313 I GameModeConfig: isGaming = false
12-14 03:42:04.456 1468 2313 I GameModeConfig: isGameModeOn = true
12-14 03:42:04.457 1468 2313 I GameModeConfig: isGaming = false
12-14 03:42:04.457 1468 2313 I GameModeConfig: isGameModeOn = true
12-14 03:42:04.457 1468 2313 I GameModeConfig: isGaming = false
12-14 03:42:04.457 1468 2313 I GameModeConfig: isGameModeOn = true
12-14 03:42:04.457 1468 2313 I GameModeConfig: isGaming = false
12-14 03:42:04.473 1468 2313 I GameModeConfig: isGameModeOn = true
12-14 03:42:04.473 1468 2313 I GameModeConfig: isGaming = false
12-14 03:42:04.474 1468 2313 I GameModeConfig: isGameModeOn = true
12-14 03:42:04.474 1468 2313 I GameModeConfig: isGaming = false
12-14 03:42:04.474 1468 2313 I GameModeConfig: isGameModeOn = true
12-14 03:42:04.474 1468 2313 I GameModeConfig: isGaming = false
12-14 03:42:04.474 1468 2313 I GameModeConfig: isGameModeOn = true
12-14 03:42:04.474 1468 2313 I GameModeConfig: isGaming = false
12-14 03:42:04.490 1468 2313 I GameModeConfig: isGameModeOn = true
12-14 03:42:04.490 1468 2313 I GameModeConfig: isGaming = false
12-14 03:42:04.490 1468 2313 I GameModeConfig: isGameModeOn = true
12-14 03:42:04.490 1468 2313 I GameModeConfig: isGaming = false
12-14 03:42:04.491 1468 2313 I GameModeConfig: isGameModeOn = true
12-14 03:42:04.491 1468 2313 I GameModeConfig: isGaming = false
12-14 03:42:04.491 1468 2313 I GameModeConfig: isGameModeOn = true
12-14 03:42:04.491 1468 2313 I GameModeConfig: isGaming = false
12-14 03:42:04.506 1468 2313 I GameModeConfig: isGameModeOn = true
12-14 03:42:04.507 1468 2313 I GameModeConfig: isGaming = false
12-14 03:42:04.507 1468 2313 I GameModeConfig: isGameModeOn = true
12-14 03:42:04.507 1468 2313 I GameModeConfig: isGaming = false
12-14 03:42:04.507 1468 2313 I GameModeConfig: isGameModeOn = true
12-14 03:42:04.507 1468 2313 I GameModeConfig: isGaming = false
12-14 03:42:04.507 1468 2313 I GameModeConfig: isGameModeOn = true
12-14 03:42:04.507 1468 2313 I GameModeConfig: isGaming = false
12-14 03:42:04.520 1468 1468 I GameModeConfig: isGameModeOn = true
12-14 03:42:04.520 1468 1468 I GameModeConfig: isGaming = false
12-14 03:42:04.567 1468 1468 I GameModeConfig: isGameModeOn = true
12-14 03:42:04.567 1468 1468 I GameModeConfig: isGaming = false
12-14 03:42:04.568 1468 1468 E NotificationService: Muting recently noisy 0|com.android.systemui|2048|null|10082
12-14 03:42:04.597 1468 1468 I GameModeConfig: isGameModeOn = true
12-14 03:42:04.597 1468 1468 I GameModeConfig: isGaming = false
12-14 03:42:04.598 1468 1468 E NotificationService: Muting recently noisy 0|com.android.systemui|2048|null|10082
12-14 03:42:04.615 1468 1468 I GameModeConfig: isGameModeOn = true
12-14 03:42:04.615 1468 1468 I GameModeConfig: isGaming = false
12-14 03:42:04.615 1468 1468 E NotificationService: Muting recently noisy 0|com.android.systemui|2048|null|10082
12-14 03:42:04.627 1468 1468 I GameModeConfig: isGameModeOn = true
12-14 03:42:04.627 1468 1468 I GameModeConfig: isGaming = false
12-14 03:42:04.628 1468 1468 E NotificationService: Muting recently noisy 0|com.android.systemui|2048|null|10082
12-14 03:42:04.650 1468 1468 I GameModeConfig: isGameModeOn = true
12-14 03:42:04.651 1468 1468 I GameModeConfig: isGaming = false
12-14 03:42:04.651 1468 1468 E NotificationService: Muting recently noisy 0|com.android.systemui|2048|null|10082
12-14 03:42:04.660 1468 1468 I GameModeConfig: isGameModeOn = true
12-14 03:42:04.661 1468 1468 I GameModeConfig: isGaming = false
12-14 03:42:04.661 1468 1468 E NotificationService: Muting recently noisy 0|com.android.systemui|2048|null|10082
12-14 03:42:04.678 1468 1468 I GameModeConfig: isGameModeOn = true
12-14 03:42:04.678 1468 1468 I GameModeConfig: isGaming = false
12-14 03:42:04.678 1468 1468 E NotificationService: Muting recently noisy 0|com.android.systemui|2048|null|10082
12-14 03:42:04.694 1468 1468 I GameModeConfig: isGameModeOn = true
12-14 03:42:04.694 1468 1468 I GameModeConfig: isGaming = false
12-14 03:42:04.694 1468 1468 E NotificationService: Muting recently noisy 0|com.android.systemui|2048|null|10082
12-14 03:42:04.711 1468 1468 I GameModeConfig: isGameModeOn = true
12-14 03:42:04.711 1468 1468 I GameModeConfig: isGaming = false
12-14 03:42:04.711 1468 1468 E NotificationService: Muting recently noisy 0|com.android.systemui|2048|null|10082
01-01 09:02:33.422 0 0 D : mv2112_read_status
01-01 09:02:33.422 0 0 D mv2112_update_link: 3.0x901(1G): 0x80
01-01 09:02:33.422 0 0 D mv2112_update_link: 3.0x8109(100M): 0x8
01-01 09:02:33.422 0 0 D mv2112_update_link: link 0x0
01-01 09:02:33.422 0 0 D mv2112_read_status: autoneg is disabled
12-14 03:42:06.136 1468 2467 D CompatibilityChangeReporter: Compat change id reported: 183164979; UID 10082; state: ENABLED
01-01 09:02:34.451 0 0 D : mv2112_read_status
01-01 09:02:34.451 0 0 D mv2112_update_link: 3.0x901(1G): 0x80
01-01 09:02:34.451 0 0 D mv2112_update_link: 3.0x8109(100M): 0x8
01-01 09:02:34.451 0 0 D mv2112_update_link: link 0x0
01-01 09:02:34.451 0 0 D mv2112_read_status: autoneg is disabled
01-01 09:02:35.470 0 0 D : mv2112_read_status
01-01 09:02:35.470 0 0 D mv2112_update_link: 3.0x901(1G): 0x80
01-01 09:02:35.471 0 0 D mv2112_update_link: 3.0x8109(100M): 0x8
01-01 09:02:35.471 0 0 D mv2112_update_link: link 0x0
01-01 09:02:35.471 0 0 D mv2112_read_status: autoneg is disabled
12-14 03:42:07.789 830 830 D android.hardware.wifi@1.0-service: Initialize legacy HAL
12-14 03:42:07.790 830 830 I android.hardware.wifi@1.0-service: Wifi HAL started
01-01 09:02:35.970 0 0 I : Wifi Turning On from UI
12-14 03:42:07.794 830 830 D android.hardware.wifi@1.0-service: Waiting for the driver ready
12-14 03:42:07.795 830 830 D android.hardware.wifi@1.0-service: Starting legacy HAL
01-01 09:02:35.975 0 0 I : Wifi Turning On from UI
01-01 09:02:35.977 0 0 D cnss : Doing idle restart
01-01 09:02:35.977 0 0 D cnss : Posting event: IDLE_RESTART(13)-sync, state: 0x100 flags: 0x3
01-01 09:02:35.977 0 0 D cnss : PM stay awake, state: 0x100, count: 1
01-01 09:02:35.977 0 0 D cnss : Processing driver event: IDLE_RESTART-sync(13), state: 0x100
01-01 09:02:35.977 0 0 D cnss : Regulator vdd-wlan-io is being enabled
01-01 09:02:35.977 0 0 D cnss : Regulator wlan-ant-switch is being enabled
01-01 09:02:35.977 0 0 D cnss : Regulator vdd-wlan-aon is being enabled
01-01 09:02:35.977 0 0 D cnss : Regulator vdd-wlan-dig is being enabled
01-01 09:02:35.977 0 0 D cnss : Regulator vdd-wlan-rfa1 is being enabled
01-01 09:02:35.977 0 0 D cnss : Regulator vdd-wlan-rfa2 is being enabled
01-01 09:02:35.977 0 0 D cnss : BT_EN_GPIO State: On
01-01 09:02:35.978 0 0 D cnss : Assert WLAN_EN GPIO successfully
01-01 09:02:35.978 0 0 D cnss : Resuming PCI link
01-01 09:02:35.978 0 0 I msm_pcie_enable: PCIe: Assert the reset of endpoint of RC0.
01-01 09:02:35.985 0 0 I msm_pcie_enable: PCIe: RC0: PCIE20_PARF_INT_ALL_MASK: 0x7f80d202
01-01 09:02:35.987 0 0 I pcie_phy_init: PCIe RC0 PHY is ready!
01-01 09:02:35.997 0 0 I msm_pcie_enable: PCIe: Release the reset of endpoint of RC0.
01-01 09:02:36.014 0 0 I msm_pcie_link_train: PCIe RC0 link initialized
01-01 09:02:36.030 0 0 I cnss_pci 0000: 01:00.0: enabling device (0000 -> 0002)
01-01 09:02:36.031 0 0 D cnss : Config PCIe remap window register to 0x4000003f
01-01 09:02:36.031 0 0 D cnss : Read register offset 0x1f8031c, val = 0x6
01-01 09:02:36.031 0 0 D cnss : Write val 0x2 to register offset 0x1f8031c
01-01 09:02:36.031 0 0 D cnss : Setting MHI state: INIT(0)
01-01 09:02:36.031 0 0 D cnss : Setting MHI state: POWER_ON(2)
01-01 09:02:36.032 0 0 W cnss_pci 0000: 01:00.0: Falling back to syfs fallback for: qca6390/amss20.bin
01-01 09:02:36.044 0 0 I ueventd : firmware: loading 'qca6390/amss20.bin' for '/devices/platform/soc/1c00000.qcom,pcie/pci0000:00/0000:00:00.0/0000:01:00.0/firmware/qca6390!amss20.bin'
01-01 09:02:36.055 0 0 I ueventd : loading /devices/platform/soc/1c00000.qcom,pcie/pci0000:00/0000:00:00.0/0000:01:00.0/firmware/qca6390!amss20.bin took 11ms
01-01 09:02:36.436 0 0 D cnss : MHI status cb is called with reason MISSION_MODE(6)
01-01 09:02:36.436 0 0 D cnss : Completed event: IDLE_RESTART(13), state: 0x140, ret: 0/0
01-01 09:02:36.437 0 0 D cnss : PM relax, state: 0x140, count: 0
01-01 09:02:36.444 0 0 E : [drm:dp_display_init_aux_switch][msm-dp-err][6906]failed to register notifier (-22)
01-01 09:02:36.445 0 0 E register_client_adhoc: find path.src 1 dest 589
01-01 09:02:36.445 0 0 E register_client_adhoc: Failed to find path.src 1 dest 589
01-01 09:02:36.456 0 0 E swr-wcd rx_swr_ctrl: swrm_get_logical_dev_num: device 0xd01170224 is not ready
01-01 09:02:36.456 0 0 E swr_get_logical_dev_num: Error -22 to get logical addr for device d01170224
01-01 09:02:36.456 0 0 E swr-wcd rx_swr_ctrl: swrm_get_logical_dev_num: device 0xd01170224 is not ready
01-01 09:02:36.456 0 0 E swr_get_logical_dev_num: Error -22 to get logical addr for device d01170224
01-01 09:02:36.457 0 0 E swr-wcd rx_swr_ctrl: swrm_get_logical_dev_num: device 0xd01170224 is not ready
01-01 09:02:36.457 0 0 E swr_get_logical_dev_num: Error -22 to get logical addr for device d01170224
01-01 09:02:36.457 0 0 E swr-wcd rx_swr_ctrl: swrm_get_logical_dev_num: device 0xd01170224 is not ready
01-01 09:02:36.457 0 0 E swr_get_logical_dev_num: Error -22 to get logical addr for device d01170224
01-01 09:02:36.457 0 0 E swr-wcd rx_swr_ctrl: swrm_get_logical_dev_num: device 0xd01170224 is not ready
01-01 09:02:36.457 0 0 E swr_get_logical_dev_num: Error -22 to get logical addr for device d01170224
01-01 09:02:36.457 0 0 E wcd938x_codec wcd938x-codec: wcd938x_bind: Slave bind failed, ret = -517
01-01 09:02:36.487 0 0 D cnss : WLFW server arriving: node 7 port 1
01-01 09:02:36.488 0 0 D cnss : Posting event: SERVER_ARRIVE(0), state: 0x140 flags: 0x0
01-01 09:02:36.488 0 0 D cnss : PM stay awake, state: 0x140, count: 1
01-01 09:02:36.488 0 0 D cnss : PM relax, state: 0x140, count: 0
01-01 09:02:36.488 0 0 D cnss : PM stay awake, state: 0x140, count: 1
01-01 09:02:36.488 0 0 D cnss : Processing driver event: SERVER_ARRIVE(0), state: 0x140
01-01 09:02:36.488 0 0 I cnss : QMI WLFW service connected, state: 0x141
01-01 09:02:36.488 0 0 D cnss : Sending indication register message, state: 0x141
01-01 09:02:36.490 0 0 D cnss : Sending host capability message, state: 0x141
01-01 09:02:36.490 0 0 D cnss : Number of clients is 2
01-01 09:02:36.490 0 0 D cnss : Assign MSI to user: WAKE, num_vectors: 1, user_base_data: 813, base_vector: 13
01-01 09:02:36.490 0 0 D cnss : WAKE MSI base data is 813
01-01 09:02:36.490 0 0 D cnss : Calibration done is 1
01-01 09:02:36.490 0 0 D cnss : Sending iova starting 0xa0000000 with size 0x10010000
01-01 09:02:36.492 0 0 W cnss-daemon: pm_release_vote: pm_handle is NULL
01-01 09:02:36.492 0 0 W cnss-daemon: pm_release_vote: pm_handle is NULL
01-01 09:02:36.492 0 0 W cnss-daemon: wlfw_build_cal_table: not read /data/vendor/wifi/wlfw_cal_00.bin
01-01 09:02:36.494 0 0 D : mv2112_read_status
01-01 09:02:36.494 0 0 D cnss : PM relax, state: 0x141, count: 0
01-01 09:02:36.494 0 0 D mv2112_update_link: 3.0x901(1G): 0x80
01-01 09:02:36.494 0 0 W cnss-daemon: wlfw_build_cal_table: not read /data/vendor/wifi/wlfw_cal_02.bin
01-01 09:02:36.494 0 0 D mv2112_update_link: 3.0x8109(100M): 0x8
01-01 09:02:36.494 0 0 D mv2112_update_link: link 0x0
01-01 09:02:36.494 0 0 D mv2112_read_status: autoneg is disabled
01-01 09:02:36.494 0 0 W cnss-daemon: wlfw_build_cal_table: not read /data/vendor/wifi/wlfw_cal_03.bin
01-01 09:02:36.495 0 0 W cnss-daemon: wlfw_build_cal_table: not read /data/vendor/wifi/wlfw_cal_04.bin
01-01 09:02:36.502 0 0 D cnss : Received QMI WLFW request memory indication
01-01 09:02:36.502 0 0 D cnss : FW requests for memory, size: 0x5e0000, type: 1
01-01 09:02:36.502 0 0 D cnss : FW requests for memory, size: 0xd8000, type: 4
01-01 09:02:36.502 0 0 D cnss : Posting event: REQUEST_MEM(2), state: 0x141 flags: 0x0
01-01 09:02:36.502 0 0 D cnss : PM stay awake, state: 0x141, count: 1
01-01 09:02:36.502 0 0 D cnss : PM relax, state: 0x141, count: 0
01-01 09:02:36.502 0 0 D cnss : PM stay awake, state: 0x141, count: 1
01-01 09:02:36.502 0 0 D cnss : Processing driver event: REQUEST_MEM(2), state: 0x141
01-01 09:02:36.502 0 0 D cnss : Sending respond memory message, state: 0x141
01-01 09:02:36.502 0 0 D cnss : Memory for FW, va: 0x0000000000000000, pa: 0x00000000a1000000, size: 0x5e0000, type: 1
01-01 09:02:36.502 0 0 D cnss : Memory for FW, va: 0x0000000000000000, pa: 0x00000000a1600000, size: 0xd8000, type: 4
01-01 09:02:36.506 0 0 W cnss-daemon: wlfw_qmi_ind_cb: Receive Ind : 0x37
01-01 09:02:36.506 0 0 D cnss : PM relax, state: 0x141, count: 0
