01-01 08:55:57.134 0 0 D mv2112_update_link: 3.0x8109(100M): 0x8
01-01 08:55:57.134 0 0 D mv2112_update_link: link 0x0
01-01 08:55:57.134 0 0 D mv2112_read_status: autoneg is disabled
01-01 08:55:58.158 0 0 D : mv2112_read_status
01-01 08:55:58.158 0 0 D mv2112_update_link: 3.0x901(1G): 0x80
01-01 08:55:58.158 0 0 D mv2112_update_link: 3.0x8109(100M): 0x8
01-01 08:55:58.158 0 0 D mv2112_update_link: link 0x0
01-01 08:55:58.159 0 0 D mv2112_read_status: autoneg is disabled
01-01 08:55:59.182 0 0 D : mv2112_read_status
01-01 08:55:59.182 0 0 D mv2112_update_link: 3.0x901(1G): 0x80
01-01 08:55:59.183 0 0 D mv2112_update_link: 3.0x8109(100M): 0x8
01-01 08:55:59.183 0 0 D mv2112_update_link: link 0x0
01-01 08:55:59.183 0 0 D mv2112_read_status: autoneg is disabled
01-01 08:56:00.206 0 0 D : mv2112_read_status
01-01 08:56:00.206 0 0 D mv2112_update_link: 3.0x901(1G): 0x80
01-01 08:56:00.206 0 0 D mv2112_update_link: 3.0x8109(100M): 0x8
01-01 08:56:00.206 0 0 D mv2112_update_link: link 0x0
01-01 08:56:00.206 0 0 D mv2112_read_status: autoneg is disabled
01-01 08:56:01.230 0 0 D : mv2112_read_status
01-01 08:56:01.230 0 0 D mv2112_update_link: 3.0x901(1G): 0x80
01-01 08:56:01.231 0 0 D mv2112_update_link: 3.0x8109(100M): 0x8
01-01 08:56:01.231 0 0 D mv2112_update_link: link 0x0
01-01 08:56:01.231 0 0 D mv2112_read_status: autoneg is disabled
01-01 08:56:02.254 0 0 D : mv2112_read_status
01-01 08:56:02.254 0 0 D mv2112_update_link: 3.0x901(1G): 0x80
01-01 08:56:02.255 0 0 D mv2112_update_link: 3.0x8109(100M): 0x8
01-01 08:56:02.255 0 0 D mv2112_update_link: link 0x0
01-01 08:56:02.255 0 0 D mv2112_read_status: autoneg is disabled
01-01 08:56:03.278 0 0 D : mv2112_read_status
01-01 08:56:03.278 0 0 D mv2112_update_link: 3.0x901(1G): 0x80
01-01 08:56:03.278 0 0 D mv2112_update_link: 3.0x8109(100M): 0x8
01-01 08:56:03.278 0 0 D mv2112_update_link: link 0x0
01-01 08:56:03.278 0 0 D mv2112_read_status: autoneg is disabled
01-01 08:56:04.302 0 0 D : mv2112_read_status
01-01 08:56:04.302 0 0 D mv2112_update_link: 3.0x901(1G): 0x80
01-01 08:56:04.302 0 0 D mv2112_update_link: 3.0x8109(100M): 0x8
01-01 08:56:04.302 0 0 D mv2112_update_link: link 0x0
01-01 08:56:04.302 0 0 D mv2112_read_status: autoneg is disabled
01-01 08:56:05.326 0 0 D : mv2112_read_status
01-01 08:56:05.326 0 0 D mv2112_update_link: 3.0x901(1G): 0x80
01-01 08:56:05.326 0 0 D mv2112_update_link: 3.0x8109(100M): 0x8
01-01 08:56:05.326 0 0 D mv2112_update_link: link 0x0
01-01 08:56:05.326 0 0 D mv2112_read_status: autoneg is disabled
01-01 08:56:06.350 0 0 D : mv2112_read_status
01-01 08:56:06.350 0 0 D mv2112_update_link: 3.0x901(1G): 0x80
01-01 08:56:06.350 0 0 D mv2112_update_link: 3.0x8109(100M): 0x8
01-01 08:56:06.350 0 0 D mv2112_update_link: link 0x0
01-01 08:56:06.350 0 0 D mv2112_read_status: autoneg is disabled
01-01 08:56:07.374 0 0 D : mv2112_read_status
01-01 08:56:07.374 0 0 D mv2112_update_link: 3.0x901(1G): 0x80
01-01 08:56:07.375 0 0 D mv2112_update_link: 3.0x8109(100M): 0x8
01-01 08:56:07.375 0 0 D mv2112_update_link: link 0x0
01-01 08:56:07.375 0 0 D mv2112_read_status: autoneg is disabled
01-01 08:56:08.398 0 0 D : mv2112_read_status
01-01 08:56:08.398 0 0 D mv2112_update_link: 3.0x901(1G): 0x80
01-01 08:56:08.398 0 0 D mv2112_update_link: 3.0x8109(100M): 0x8
01-01 08:56:08.398 0 0 D mv2112_update_link: link 0x0
01-01 08:56:08.398 0 0 D mv2112_read_status: autoneg is disabled
01-01 08:56:09.422 0 0 D : mv2112_read_status
01-01 08:56:09.422 0 0 D mv2112_update_link: 3.0x901(1G): 0x80
01-01 08:56:09.422 0 0 D mv2112_update_link: 3.0x8109(100M): 0x8
01-01 08:56:09.423 0 0 D mv2112_update_link: link 0x0
01-01 08:56:09.423 0 0 D mv2112_read_status: autoneg is disabled
01-01 08:56:10.446 0 0 D : mv2112_read_status
01-01 08:56:10.446 0 0 D mv2112_update_link: 3.0x901(1G): 0x80
01-01 08:56:10.446 0 0 D mv2112_update_link: 3.0x8109(100M): 0x8
01-01 08:56:10.446 0 0 D mv2112_update_link: link 0x0
01-01 08:56:10.446 0 0 D mv2112_read_status: autoneg is disabled
01-01 08:56:11.470 0 0 D : mv2112_read_status
01-01 08:56:11.470 0 0 D mv2112_update_link: 3.0x901(1G): 0x80
01-01 08:56:11.470 0 0 D mv2112_update_link: 3.0x8109(100M): 0x8
01-01 08:56:11.470 0 0 D mv2112_update_link: link 0x0
01-01 08:56:11.470 0 0 D mv2112_read_status: autoneg is disabled
01-01 08:56:12.494 0 0 D : mv2112_read_status
01-01 08:56:12.494 0 0 D mv2112_update_link: 3.0x901(1G): 0x80
01-01 08:56:12.494 0 0 D mv2112_update_link: 3.0x8109(100M): 0x8
01-01 08:56:12.494 0 0 D mv2112_update_link: link 0x0
01-01 08:56:12.494 0 0 D mv2112_read_status: autoneg is disabled
01-01 08:56:13.518 0 0 D : mv2112_read_status
01-01 08:56:13.518 0 0 D mv2112_update_link: 3.0x901(1G): 0x80
01-01 08:56:13.519 0 0 D mv2112_update_link: 3.0x8109(100M): 0x8
01-01 08:56:13.519 0 0 D mv2112_update_link: link 0x0
01-01 08:56:13.519 0 0 D mv2112_read_status: autoneg is disabled
01-01 08:56:14.542 0 0 D : mv2112_read_status
01-01 08:56:14.542 0 0 D mv2112_update_link: 3.0x901(1G): 0x80
01-01 08:56:14.542 0 0 D mv2112_update_link: 3.0x8109(100M): 0x8
01-01 08:56:14.542 0 0 D mv2112_update_link: link 0x0
01-01 08:56:14.542 0 0 D mv2112_read_status: autoneg is disabled
01-01 08:56:15.566 0 0 D : mv2112_read_status
01-01 08:56:15.566 0 0 D mv2112_update_link: 3.0x901(1G): 0x80
01-01 08:56:15.566 0 0 D mv2112_update_link: 3.0x8109(100M): 0x8
01-01 08:56:15.566 0 0 D mv2112_update_link: link 0x0
01-01 08:56:15.566 0 0 D mv2112_read_status: autoneg is disabled
01-01 08:56:16.590 0 0 D : mv2112_read_status
01-01 08:56:16.590 0 0 D mv2112_update_link: 3.0x901(1G): 0x80
01-01 08:56:16.591 0 0 D mv2112_update_link: 3.0x8109(100M): 0x8
01-01 08:56:16.591 0 0 D mv2112_update_link: link 0x0
01-01 08:56:16.591 0 0 D mv2112_read_status: autoneg is disabled
01-01 08:56:17.614 0 0 D : mv2112_read_status
01-01 08:56:17.614 0 0 D mv2112_update_link: 3.0x901(1G): 0x80
01-01 08:56:17.614 0 0 D mv2112_update_link: 3.0x8109(100M): 0x8
01-01 08:56:17.614 0 0 D mv2112_update_link: link 0x0
01-01 08:56:17.614 0 0 D mv2112_read_status: autoneg is disabled
01-01 08:56:18.638 0 0 D : mv2112_read_status
01-01 08:56:18.638 0 0 D mv2112_update_link: 3.0x901(1G): 0x80
01-01 08:56:18.639 0 0 D mv2112_update_link: 3.0x8109(100M): 0x8
01-01 08:56:18.639 0 0 D mv2112_update_link: link 0x0
01-01 08:56:18.639 0 0 D mv2112_read_status: autoneg is disabled
01-01 08:56:19.662 0 0 D : mv2112_read_status
01-01 08:56:19.662 0 0 D mv2112_update_link: 3.0x901(1G): 0x80
01-01 08:56:19.662 0 0 D mv2112_update_link: 3.0x8109(100M): 0x8
01-01 08:56:19.662 0 0 D mv2112_update_link: link 0x0
01-01 08:56:19.663 0 0 D mv2112_read_status: autoneg is disabled
01-01 08:56:20.372 0 0 I binder : 6758:6758 ioctl 40046210 7ffcc94e44 returned -22
01-01 08:56:20.686 0 0 D : mv2112_read_status
01-01 08:56:20.686 0 0 D mv2112_update_link: 3.0x901(1G): 0x80
01-01 08:56:20.686 0 0 D mv2112_update_link: 3.0x8109(100M): 0x8
01-01 08:56:20.686 0 0 D mv2112_update_link: link 0x0
01-01 08:56:20.686 0 0 D mv2112_read_status: autoneg is disabled
01-01 08:56:21.710 0 0 D : mv2112_read_status
01-01 08:56:21.710 0 0 D mv2112_update_link: 3.0x901(1G): 0x80
01-01 08:56:21.710 0 0 D mv2112_update_link: 3.0x8109(100M): 0x8
01-01 08:56:21.710 0 0 D mv2112_update_link: link 0x0
01-01 08:56:21.710 0 0 D mv2112_read_status: autoneg is disabled
01-01 08:56:22.734 0 0 D : mv2112_read_status
01-01 08:56:22.734 0 0 D mv2112_update_link: 3.0x901(1G): 0x80
01-01 08:56:22.734 0 0 D mv2112_update_link: 3.0x8109(100M): 0x8
01-01 08:56:22.734 0 0 D mv2112_update_link: link 0x0
01-01 08:56:22.734 0 0 D mv2112_read_status: autoneg is disabled
01-01 08:56:23.758 0 0 D : mv2112_read_status
01-01 08:56:23.758 0 0 D mv2112_update_link: 3.0x901(1G): 0x80
01-01 08:56:23.758 0 0 D mv2112_update_link: 3.0x8109(100M): 0x8
01-01 08:56:23.758 0 0 D mv2112_update_link: link 0x0
01-01 08:56:23.758 0 0 D mv2112_read_status: autoneg is disabled
01-01 08:56:24.782 0 0 D : mv2112_read_status
01-01 08:56:24.782 0 0 D mv2112_update_link: 3.0x901(1G): 0x80
01-01 08:56:24.782 0 0 D mv2112_update_link: 3.0x8109(100M): 0x8
01-01 08:56:24.782 0 0 D mv2112_update_link: link 0x0
01-01 08:56:24.782 0 0 D mv2112_read_status: autoneg is disabled
01-01 08:56:25.806 0 0 D : mv2112_read_status
01-01 08:56:25.806 0 0 D mv2112_update_link: 3.0x901(1G): 0x80
01-01 08:56:25.806 0 0 D mv2112_update_link: 3.0x8109(100M): 0x8
01-01 08:56:25.806 0 0 D mv2112_update_link: link 0x0
01-01 08:56:25.806 0 0 D mv2112_read_status: autoneg is disabled
12-14 03:35:58.530 1468 2007 W PackageParsing: Ignoring duplicate uses-permissions/uses-permissions-sdk-m: android.permission.ACCESS_COARSE_LOCATION in package: com.duowan.kiwi at: Binary XML file line #36
12-14 03:35:58.534 1468 2007 W PackageParsing: Unknown element under : meta-data at /data/app/vmdl2054522561.tmp/base.apk Binary XML file line #73
12-14 03:35:58.570 1468 2007 W RuleEvaluation: Integrity rule files are not available.
12-14 03:35:58.570 1468 1668 I PackageManager: Integrity check passed for file:///data/app/vmdl2054522561.tmp
12-14 03:35:58.596 1468 1668 W PackageParsing: Ignoring duplicate uses-permissions/uses-permissions-sdk-m: android.permission.ACCESS_COARSE_LOCATION in package: com.duowan.kiwi at: Binary XML file line #36
12-14 03:35:58.597 1468 1668 W PackageParsing: Unknown element under : meta-data at /data/app/vmdl2054522561.tmp/base.apk Binary XML file line #73
01-01 08:56:26.830 0 0 D : mv2112_read_status
01-01 08:56:26.830 0 0 D mv2112_update_link: 3.0x901(1G): 0x80
01-01 08:56:26.830 0 0 D mv2112_update_link: 3.0x8109(100M): 0x8
01-01 08:56:26.830 0 0 D mv2112_update_link: link 0x0
01-01 08:56:26.830 0 0 D mv2112_read_status: autoneg is disabled
12-14 03:35:58.665 1468 1668 D CompatibilityChangeReporter: Compat change id reported: 133396946; UID -1; state: ENABLED
12-14 03:35:58.668 1468 1668 W PackageManager: Skipping provider name com.duowan.kiwi.fileprovider (in package com.duowan.kiwi): name already used by com.duowan.kiwi
12-14 03:35:58.668 1468 1668 W PackageManager: Skipping provider name com.duowan.kiwi.fileprovider (in package com.duowan.kiwi): name already used by com.duowan.kiwi
12-14 03:35:58.668 1468 1668 W PackageManager: Skipping provider name com.duowan.kiwi.fileprovider (in package com.duowan.kiwi): name already used by com.duowan.kiwi
12-14 03:35:58.670 1468 1668 I PackageManager: Permission ownership changed. Updating all permissions.
01-01 08:56:26.888 0 0 I logd : start watching /data/system/packages.list ...
01-01 08:56:26.890 0 0 I logd : ReadPackageList, total packages: 105
12-14 03:35:58.778 1468 1631 V StorageManagerService: Package null does not have legacy storage
01-01 08:56:27.854 0 0 D : mv2112_read_status
01-01 08:56:27.854 0 0 D mv2112_update_link: 3.0x901(1G): 0x80
01-01 08:56:27.854 0 0 D mv2112_update_link: 3.0x8109(100M): 0x8
01-01 08:56:27.854 0 0 D mv2112_update_link: link 0x0
01-01 08:56:27.854 0 0 D mv2112_read_status: autoneg is disabled
01-01 08:56:28.878 0 0 D : mv2112_read_status
01-01 08:56:28.878 0 0 D mv2112_update_link: 3.0x901(1G): 0x80
01-01 08:56:28.879 0 0 D mv2112_update_link: 3.0x8109(100M): 0x8
01-01 08:56:28.879 0 0 D mv2112_update_link: link 0x0
01-01 08:56:28.879 0 0 D mv2112_read_status: autoneg is disabled
12-14 03:36:01.461 1468 1668 V BackupManagerService: [UserID:0] restoreAtInstall pkg=com.duowan.kiwi token=1 restoreSet=0
12-14 03:36:01.461 1468 1668 V BackupManagerService: [UserID:0] Finishing install immediately
12-14 03:36:01.478 1468 1668 D CompatibilityChangeReporter: Compat change id reported: 168419799; UID 10097; state: DISABLED
12-14 03:36:01.484 1468 2310 D VcnManagementService: new snapshot: TelephonySubscriptionSnapshot{ mActiveDataSubId=-1, mSubIdToInfoMap={}, mPrivilegedPackages={} }
12-14 03:36:01.490 1468 2373 W BroadcastQueue: Background execution not allowed: receiving Intent { act=android.intent.action.PACKAGE_ADDED dat=package:com.duowan.kiwi flg=0x4000010 (has extras) } to com.android.packageinstaller/.PackageInstalledReceiver
12-14 03:36:01.491 1468 1642 W BroadcastQueue: Background execution not allowed: receiving Intent { act=android.intent.action.PACKAGE_ADDED dat=package:com.duowan.kiwi flg=0x4000010 (has extras) } to com.android.gallery3d/.app.PackagesMonitor
12-14 03:36:01.494 1468 1642 D CompatibilityChangeReporter: Compat change id reported: 168419799; UID 10025; state: DISABLED
12-14 03:36:01.496 1468 1468 I Telecom : DefaultDialerCache: Refreshing default dialer for user 0: now null: DDC.oR@ACo
12-14 03:36:01.511 1468 1631 D CompanionDeviceManagerService: onPackageModified(packageName = com.duowan.kiwi)
12-14 03:36:01.511 1468 1468 I Telecom : DefaultDialerCache: Refreshing default dialer for user 0: now null: DDC.oR@ACs
12-14 03:36:01.512 1468 2467 D CompatibilityChangeReporter: Compat change id reported: 135634846; UID 10063; state: DISABLED
12-14 03:36:01.512 1468 2467 D CompatibilityChangeReporter: Compat change id reported: 177438394; UID 10063; state: DISABLED
12-14 03:36:01.512 1468 2467 D CompatibilityChangeReporter: Compat change id reported: 135772972; UID 10063; state: DISABLED
12-14 03:36:01.512 1468 2467 D CompatibilityChangeReporter: Compat change id reported: 135754954; UID 10063; state: DISABLED
12-14 03:36:01.512 1468 1643 D CompatibilityChangeReporter: Compat change id reported: 143937733; UID 10063; state: DISABLED
12-14 03:36:01.517 1468 1643 I ActivityManager: Start proc 6774:com.android.gallery3d/u0a63 for broadcast {com.android.gallery3d/com.android.gallery3d.app.PackagesMonitor}
01-01 08:56:29.711 0 0 I binder : 6774:6774 ioctl 40046210 7fe6d7b254 returned -22
12-14 03:36:01.539 1468 1641 W PackageManager: Failed registering loading progress callback. Package is fully loaded.
12-14 03:36:01.539 1468 1641 W VoiceInteractionManager: no available voice recognition services found for user 0
12-14 03:36:01.552 1468 1641 W VoiceInteractionManager: no available voice recognition services found for user 0
01-01 08:56:29.902 0 0 D : mv2112_read_status
01-01 08:56:29.903 0 0 D mv2112_update_link: 3.0x901(1G): 0x80
01-01 08:56:29.903 0 0 D mv2112_update_link: 3.0x8109(100M): 0x8
01-01 08:56:29.903 0 0 D mv2112_update_link: link 0x0
01-01 08:56:29.903 0 0 D mv2112_read_status: autoneg is disabled
12-14 03:36:01.975 1468 1607 I DreamManagerService: Gently waking up from dream.
12-14 03:36:01.976 1468 1631 I DreamManagerService: Performing gentle wake from dream.
12-14 03:36:01.979 1468 6737 I ActivityTaskManager: FOREGROUND_APPLICATION_CHANGED to com.android.settings.homepage.SettingsHomepageActivity
12-14 03:36:02.004 2925 2925 E ActivityThread: Failed to find provider info for com.google.android.gms.nearby.fastpair
12-14 03:36:02.006 2925 6792 E ActivityThread: Failed to find provider info for com.google.android.gms.nearby.fastpair
12-14 03:36:02.007 1468 1649 W BatteryExternalStatsWorker: error reading modem stats:ERROR_PHONE_NOT_AVAILABLE
12-14 03:36:02.014 4292 4310 W ContextImpl: Calling a method in the system process without a qualified user: android.app.ContextImpl.startService:1816 android.content.ContextWrapper.startService:774 com.thundercomm.gamemode.ingame.services.GameModeActionUtils.startGameModeService:99 com.thundercomm.gamemode.ingame.services.GameModeActionUtils.startGameModeEntry:22 com.thundercomm.gamemode.ingame.services.ActivityMonitoringService$1.onActivityLaunch:127
12-14 03:36:02.020 1468 1468 I GameModeConfig: Current uri is uri = content://com.thundercomm.gamemode.api/gamemode_settings/gamemode_isgaming
12-14 03:36:02.026 1468 1468 I GameModeConfig: isGameModeOn = false
12-14 03:36:02.026 1468 1468 I GameModeConfig: isGameModeOn = false
12-14 03:36:02.026 1468 1468 I GameModeConfig: isDisableVoice = true
12-14 03:36:02.033 1468 1649 E KernelCpuSpeedReader: Failed to read cpu-freq: /sys/devices/system/cpu/cpu4/cpufreq/stats/time_in_state: open failed: ENOENT (No such file or directory)
12-14 03:36:02.037 1468 1649 E KernelCpuSpeedReader: Failed to read cpu-freq: /sys/devices/system/cpu/cpu0/cpufreq/stats/time_in_state: open failed: ENOENT (No such file or directory)
01-01 08:56:30.221 0 0 W audit : audit_lost=132 audit_rate_limit=5 audit_backlog_limit=64
01-01 08:56:30.221 0 0 E audit : rate limit exceeded
12-14 03:36:02.066 1468 1658 I PowerManagerService: Powering on display group fromDreaming (groupId=0, uid=1000, reason=WAKE_REASON_UNKNOWN, details=android.server.power:DREAM_FINISHED)...
12-14 03:36:02.067 1468 1658 I PowerManagerService: Waking up from Dreaming (uid=1000, reason=WAKE_REASON_UNKNOWN, details=android.server.power:DREAM_FINISHED)...
12-14 03:36:02.099 4292 4310 W ContextImpl: Calling a method in the system process without a qualified user: android.app.ContextImpl.startService:1816 android.content.ContextWrapper.startService:774 com.thundercomm.gamemode.ingame.services.GameModeActionUtils.startGameModeService:99 com.thundercomm.gamemode.ingame.services.GameModeActionUtils.startGameModeEntry:22 com.thundercomm.gamemode.ingame.services.ActivityMonitoringService$1.onActivityLaunch:127
12-14 03:36:02.105 1468 1468 I GameModeConfig: Current uri is uri = content://com.thundercomm.gamemode.api/gamemode_settings/gamemode_isgaming
12-14 03:36:02.105 1468 1468 I GameModeConfig: isGameModeOn = false
12-14 03:36:02.105 1468 1468 I GameModeConfig: isGameModeOn = false
12-14 03:36:02.105 1468 1468 I GameModeConfig: isDisableVoice = true
12-14 03:36:02.584 4292 4310 W ContextImpl: Calling a method in the system process without a qualified user: android.app.ContextImpl.startService:1816 android.content.ContextWrapper.startService:774 com.thundercomm.gamemode.ingame.services.GameModeActionUtils.startGameModeService:99 com.thundercomm.gamemode.ingame.services.GameModeActionUtils.startGameModeEntry:22 com.thundercomm.gamemode.ingame.services.ActivityMonitoringService$1.onActivityLaunch:127
12-14 03:36:02.589 1468 1468 I GameModeConfig: Current uri is uri = content://com.thundercomm.gamemode.api/gamemode_settings/gamemode_isgaming
12-14 03:36:02.591 1468 1468 I GameModeConfig: isGameModeOn = false
12-14 03:36:02.591 1468 1468 I GameModeConfig: isGameModeOn = false
12-14 03:36:02.591 1468 1468 I GameModeConfig: isDisableVoice = true
12-14 03:36:02.610 1468 2318 I DreamManagerService: Leaving dreamland.
12-14 03:36:02.611 1468 1631 I DreamManagerService: Performing gentle wake from dream.
12-14 03:36:02.611 1468 1631 I DreamController: Stopping dream: name=ComponentInfo{com.thundercomm.screensaver/com.thundercomm.saverclock.service.ClockScreensaver}, isTest=false, canDoze=false, userId=0, reason='finished self'(from 'finished self')
12-14 03:36:02.623 1468 1635 W ActivityTaskManager: Can't find TaskDisplayArea to determine support for multi window. Task id=18 attached=false
01-01 08:56:30.930 0 0 D : mv2112_read_status
01-01 08:56:30.930 0 0 D mv2112_update_link: 3.0x901(1G): 0x80
01-01 08:56:30.930 0 0 D mv2112_update_link: 3.0x8109(100M): 0x8
01-01 08:56:30.930 0 0 D mv2112_update_link: link 0x0
01-01 08:56:30.930 0 0 D mv2112_read_status: autoneg is disabled
12-14 03:36:03.276 4292 4310 W ContextImpl: Calling a method in the system process without a qualified user: android.app.ContextImpl.startService:1816 android.content.ContextWrapper.startService:774 com.thundercomm.gamemode.ingame.services.GameModeActionUtils.startGameModeService:99 com.thundercomm.gamemode.ingame.services.GameModeActionUtils.startGameModeEntry:22 com.thundercomm.gamemode.ingame.services.ActivityMonitoringService$1.onActivityLaunch:127
12-14 03:36:03.278 1468 1607 W FreeFormWindowHelper: getCurrentDisplayedFreeFormTask is null
12-14 03:36:03.283 1468 1468 I GameModeConfig: Current uri is uri = content://com.thundercomm.gamemode.api/gamemode_settings/gamemode_isgaming
12-14 03:36:03.285 1468 1468 I GameModeConfig: isGameModeOn = false
12-14 03:36:03.285 1468 1468 I GameModeConfig: isGameModeOn = false
12-14 03:36:03.285 1468 1468 I GameModeConfig: isDisableVoice = true
12-14 03:36:03.320 1468 2318 W ActivityTaskManager: getTaskSnapshot: taskId=5012 not found
12-14 03:36:03.329 1468 1935 W ActivityTaskManager: getTaskSnapshot: taskId=4012 not found
12-14 03:36:03.331 1468 1935 W ActivityTaskManager: getTaskSnapshot: taskId=3012 not found
12-14 03:36:03.333 1468 1935 W ActivityTaskManager: getTaskSnapshot: taskId=2012 not found
12-14 03:36:03.335 1468 2318 W ActivityTaskManager: getTaskSnapshot: taskId=1012 not found
12-14 03:36:03.344 1468 2318 W FreeFormWindowHelper: getCurrentDisplayedFreeFormTask is null
12-14 03:36:03.347 1468 1935 W ActivityTaskManager: getTaskSnapshot: taskId=1012 not found
12-14 03:36:03.348 1468 1935 W ActivityTaskManager: getTaskSnapshot: taskId=2012 not found
12-14 03:36:03.348 1468 1935 W ActivityTaskManager: getTaskSnapshot: taskId=3012 not found
12-14 03:36:03.348 1468 1935 W ActivityTaskManager: getTaskSnapshot: taskId=4012 not found
12-14 03:36:03.348 1468 1935 W ActivityTaskManager: getTaskSnapshot: taskId=5012 not found
12-14 03:36:03.353 1468 2318 W FreeFormWindowHelper: getCurrentDisplayedFreeFormTask is null
12-14 03:36:03.367 1468 1935 W FreeFormWindowHelper: getCurrentDisplayedFreeFormTask is null
12-14 03:36:03.406 1468 1607 W FreeFormWindowHelper: getCurrentDisplayedFreeFormTask is null
01-01 08:56:31.950 0 0 D : mv2112_read_status
01-01 08:56:31.950 0 0 D mv2112_update_link: 3.0x901(1G): 0x80
01-01 08:56:31.950 0 0 D mv2112_update_link: 3.0x8109(100M): 0x8
01-01 08:56:31.950 0 0 D mv2112_update_link: link 0x0
01-01 08:56:31.950 0 0 D mv2112_read_status: autoneg is disabled
12-14 03:36:03.969 1468 2373 W FreeFormWindowHelper: getCurrentDisplayedFreeFormTask is null
12-14 03:36:03.977 1468 1935 W FreeFormWindowHelper: getCurrentDisplayedFreeFormTask is null
12-14 03:36:03.984 1468 2373 I ActivityTaskManager: FOREGROUND_APPLICATION_CHANGED to com.android.launcher3.uioverrides.QuickstepLauncher
12-14 03:36:04.034 4292 4310 W ContextImpl: Calling a method in the system process without a qualified user: android.app.ContextImpl.startService:1816 android.content.ContextWrapper.startService:774 com.thundercomm.gamemode.ingame.services.GameModeActionUtils.startGameModeService:99 com.thundercomm.gamemode.ingame.services.GameModeActionUtils.startGameModeEntry:22 com.thundercomm.gamemode.ingame.services.ActivityMonitoringService$1.onActivityLaunch:127
12-14 03:36:04.037 1468 1468 I GameModeConfig: Current uri is uri = content://com.thundercomm.gamemode.api/gamemode_settings/gamemode_isgaming
12-14 03:36:04.039 1468 1468 I GameModeConfig: isGameModeOn = false
12-14 03:36:04.039 1468 1468 I GameModeConfig: isGameModeOn = false
12-14 03:36:04.039 1468 1468 I GameModeConfig: isDisableVoice = true
12-14 03:36:04.106 4292 4310 W ContextImpl: Calling a method in the system process without a qualified user: android.app.ContextImpl.startService:1816 android.content.ContextWrapper.startService:774 com.thundercomm.gamemode.ingame.services.GameModeActionUtils.startGameModeService:99 com.thundercomm.gamemode.ingame.services.GameModeActionUtils.startGameModeEntry:22 com.thundercomm.gamemode.ingame.services.ActivityMonitoringService$1.onActivityLaunch:127
12-14 03:36:04.110 1468 1468 I GameModeConfig: Current uri is uri = content://com.thundercomm.gamemode.api/gamemode_settings/gamemode_isgaming
12-14 03:36:04.112 1468 1468 I GameModeConfig: isGameModeOn = false
12-14 03:36:04.112 1468 1468 I GameModeConfig: isGameModeOn = false
12-14 03:36:04.112 1468 1468 I GameModeConfig: isDisableVoice = true
01-01 08:56:32.974 0 0 D : mv2112_read_status
01-01 08:56:32.974 0 0 D mv2112_update_link: 3.0x901(1G): 0x80
01-01 08:56:32.974 0 0 D mv2112_update_link: 3.0x8109(100M): 0x8
01-01 08:56:32.974 0 0 D mv2112_update_link: link 0x0
01-01 08:56:32.974 0 0 D mv2112_read_status: autoneg is disabled
01-01 08:56:33.998 0 0 D : mv2112_read_status
01-01 08:56:33.998 0 0 D mv2112_update_link: 3.0x901(1G): 0x80
01-01 08:56:33.999 0 0 D mv2112_update_link: 3.0x8109(100M): 0x8
01-01 08:56:33.999 0 0 D mv2112_update_link: link 0x0
01-01 08:56:33.999 0 0 D mv2112_read_status: autoneg is disabled
01-01 08:56:35.022 0 0 D : mv2112_read_status
01-01 08:56:35.022 0 0 D mv2112_update_link: 3.0x901(1G): 0x80
01-01 08:56:35.022 0 0 D mv2112_update_link: 3.0x8109(100M): 0x8
01-01 08:56:35.022 0 0 D mv2112_update_link: link 0x0
01-01 08:56:35.022 0 0 D mv2112_read_status: autoneg is disabled
01-01 08:56:36.046 0 0 D : mv2112_read_status
01-01 08:56:36.046 0 0 D mv2112_update_link: 3.0x901(1G): 0x80
01-01 08:56:36.047 0 0 D mv2112_update_link: 3.0x8109(100M): 0x8
01-01 08:56:36.047 0 0 D mv2112_update_link: link 0x0
01-01 08:56:36.047 0 0 D mv2112_read_status: autoneg is disabled
01-01 08:56:37.070 0 0 D : mv2112_read_status
01-01 08:56:37.070 0 0 D mv2112_update_link: 3.0x901(1G): 0x80
01-01 08:56:37.071 0 0 D mv2112_update_link: 3.0x8109(100M): 0x8
01-01 08:56:37.071 0 0 D mv2112_update_link: link 0x0
01-01 08:56:37.071 0 0 D mv2112_read_status: autoneg is disabled
01-01 08:56:38.094 0 0 D : mv2112_read_status
01-01 08:56:38.094 0 0 D mv2112_update_link: 3.0x901(1G): 0x80
01-01 08:56:38.094 0 0 D mv2112_update_link: 3.0x8109(100M): 0x8
01-01 08:56:38.094 0 0 D mv2112_update_link: link 0x0
01-01 08:56:38.094 0 0 D mv2112_read_status: autoneg is disabled
01-01 08:56:39.118 0 0 D : mv2112_read_status
01-01 08:56:39.118 0 0 D mv2112_update_link: 3.0x901(1G): 0x80
01-01 08:56:39.118 0 0 D mv2112_update_link: 3.0x8109(100M): 0x8
01-01 08:56:39.118 0 0 D mv2112_update_link: link 0x0
01-01 08:56:39.118 0 0 D mv2112_read_status: autoneg is disabled
01-01 08:56:40.142 0 0 D : mv2112_read_status
01-01 08:56:40.142 0 0 D mv2112_update_link: 3.0x901(1G): 0x80
01-01 08:56:40.142 0 0 D mv2112_update_link: 3.0x8109(100M): 0x8
01-01 08:56:40.142 0 0 D mv2112_update_link: link 0x0
01-01 08:56:40.142 0 0 D mv2112_read_status: autoneg is disabled
01-01 08:56:40.487 0 0 I binder : 6805:6805 ioctl 40046210 7fe9c64b84 returned -22
01-01 08:56:41.166 0 0 D : mv2112_read_status
01-01 08:56:41.166 0 0 D mv2112_update_link: 3.0x901(1G): 0x80
01-01 08:56:41.166 0 0 D mv2112_update_link: 3.0x8109(100M): 0x8
01-01 08:56:41.166 0 0 D mv2112_update_link: link 0x0
01-01 08:56:41.166 0 0 D mv2112_read_status: autoneg is disabled
01-01 08:56:42.190 0 0 D : mv2112_read_status
01-01 08:56:42.190 0 0 D mv2112_update_link: 3.0x901(1G): 0x80
01-01 08:56:42.190 0 0 D mv2112_update_link: 3.0x8109(100M): 0x8
01-01 08:56:42.190 0 0 D mv2112_update_link: link 0x0
01-01 08:56:42.190 0 0 D mv2112_read_status: autoneg is disabled
01-01 08:56:43.214 0 0 D : mv2112_read_status
01-01 08:56:43.214 0 0 D mv2112_update_link: 3.0x901(1G): 0x80
01-01 08:56:43.214 0 0 D mv2112_update_link: 3.0x8109(100M): 0x8
01-01 08:56:43.214 0 0 D mv2112_update_link: link 0x0
01-01 08:56:43.214 0 0 D mv2112_read_status: autoneg is disabled
01-01 08:56:44.238 0 0 D : mv2112_read_status
01-01 08:56:44.238 0 0 D mv2112_update_link: 3.0x901(1G): 0x80
01-01 08:56:44.239 0 0 D mv2112_update_link: 3.0x8109(100M): 0x8
01-01 08:56:44.239 0 0 D mv2112_update_link: link 0x0
01-01 08:56:44.239 0 0 D mv2112_read_status: autoneg is disabled
01-01 08:56:45.262 0 0 D : mv2112_read_status
01-01 08:56:45.262 0 0 D mv2112_update_link: 3.0x901(1G): 0x80
01-01 08:56:45.262 0 0 D mv2112_update_link: 3.0x8109(100M): 0x8
01-01 08:56:45.262 0 0 D mv2112_update_link: link 0x0
01-01 08:56:45.262 0 0 D mv2112_read_status: autoneg is disabled
01-01 08:56:46.286 0 0 D : mv2112_read_status
01-01 08:56:46.286 0 0 D mv2112_update_link: 3.0x901(1G): 0x80
01-01 08:56:46.287 0 0 D mv2112_update_link: 3.0x8109(100M): 0x8
01-01 08:56:46.287 0 0 D mv2112_update_link: link 0x0
01-01 08:56:46.287 0 0 D mv2112_read_status: autoneg is disabled
01-01 08:56:47.310 0 0 D : mv2112_read_status
01-01 08:56:47.310 0 0 D mv2112_update_link: 3.0x901(1G): 0x80
01-01 08:56:47.311 0 0 D mv2112_update_link: 3.0x8109(100M): 0x8
01-01 08:56:47.311 0 0 D mv2112_update_link: link 0x0
01-01 08:56:47.311 0 0 D mv2112_read_status: autoneg is disabled
01-01 08:56:48.334 0 0 D : mv2112_read_status
01-01 08:56:48.334 0 0 D mv2112_update_link: 3.0x901(1G): 0x80
01-01 08:56:48.334 0 0 D mv2112_update_link: 3.0x8109(100M): 0x8
01-01 08:56:48.334 0 0 D mv2112_update_link: link 0x0
01-01 08:56:48.334 0 0 D mv2112_read_status: autoneg is disabled
01-01 08:56:49.358 0 0 D : mv2112_read_status
01-01 08:56:49.358 0 0 D mv2112_update_link: 3.0x901(1G): 0x80
01-01 08:56:49.359 0 0 D mv2112_update_link: 3.0x8109(100M): 0x8
01-01 08:56:49.359 0 0 D mv2112_update_link: link 0x0
01-01 08:56:49.359 0 0 D mv2112_read_status: autoneg is disabled
01-01 08:56:50.382 0 0 D : mv2112_read_status
01-01 08:56:50.382 0 0 D mv2112_update_link: 3.0x901(1G): 0x80
01-01 08:56:50.383 0 0 D mv2112_update_link: 3.0x8109(100M): 0x8
01-01 08:56:50.383 0 0 D mv2112_update_link: link 0x0
01-01 08:56:50.383 0 0 D mv2112_read_status: autoneg is disabled
01-01 08:56:51.406 0 0 D : mv2112_read_status
01-01 08:56:51.406 0 0 D mv2112_update_link: 3.0x901(1G): 0x80
01-01 08:56:51.406 0 0 D mv2112_update_link: 3.0x8109(100M): 0x8
01-01 08:56:51.406 0 0 D mv2112_update_link: link 0x0
01-01 08:56:51.406 0 0 D mv2112_read_status: autoneg is disabled
01-01 08:56:52.430 0 0 D : mv2112_read_status
01-01 08:56:52.430 0 0 D mv2112_update_link: 3.0x901(1G): 0x80
01-01 08:56:52.431 0 0 D mv2112_update_link: 3.0x8109(100M): 0x8
01-01 08:56:52.431 0 0 D mv2112_update_link: link 0x0
01-01 08:56:52.431 0 0 D mv2112_read_status: autoneg is disabled
01-01 08:56:53.454 0 0 D : mv2112_read_status
01-01 08:56:53.454 0 0 D mv2112_update_link: 3.0x901(1G): 0x80
01-01 08:56:53.454 0 0 D mv2112_update_link: 3.0x8109(100M): 0x8
01-01 08:56:53.454 0 0 D mv2112_update_link: link 0x0
01-01 08:56:53.454 0 0 D mv2112_read_status: autoneg is disabled
01-01 08:56:54.478 0 0 D : mv2112_read_status
01-01 08:56:54.478 0 0 D mv2112_update_link: 3.0x901(1G): 0x80
01-01 08:56:54.479 0 0 D mv2112_update_link: 3.0x8109(100M): 0x8
01-01 08:56:54.479 0 0 D mv2112_update_link: link 0x0
01-01 08:56:54.479 0 0 D mv2112_read_status: autoneg is disabled
01-01 08:56:55.502 0 0 D : mv2112_read_status
01-01 08:56:55.502 0 0 D mv2112_update_link: 3.0x901(1G): 0x80
01-01 08:56:55.502 0 0 D mv2112_update_link: 3.0x8109(100M): 0x8
01-01 08:56:55.502 0 0 D mv2112_update_link: link 0x0
01-01 08:56:55.502 0 0 D mv2112_read_status: autoneg is disabled
01-01 08:56:56.526 0 0 D : mv2112_read_status
01-01 08:56:56.526 0 0 D mv2112_update_link: 3.0x901(1G): 0x80
01-01 08:56:56.527 0 0 D mv2112_update_link: 3.0x8109(100M): 0x8
01-01 08:56:56.527 0 0 D mv2112_update_link: link 0x0
01-01 08:56:56.527 0 0 D mv2112_read_status: autoneg is disabled
01-01 08:56:57.550 0 0 D : mv2112_read_status
01-01 08:56:57.550 0 0 D mv2112_update_link: 3.0x901(1G): 0x80
01-01 08:56:57.551 0 0 D mv2112_update_link: 3.0x8109(100M): 0x8
01-01 08:56:57.551 0 0 D mv2112_update_link: link 0x0
01-01 08:56:57.551 0 0 D mv2112_read_status: autoneg is disabled
01-01 08:56:58.574 0 0 D : mv2112_read_status
01-01 08:56:58.574 0 0 D mv2112_update_link: 3.0x901(1G): 0x80
01-01 08:56:58.574 0 0 D mv2112_update_link: 3.0x8109(100M): 0x8
01-01 08:56:58.574 0 0 D mv2112_update_link: link 0x0
01-01 08:56:58.574 0 0 D mv2112_read_status: autoneg is disabled
12-14 03:36:30.518 1468 2007 W PackageParsing: Ignoring duplicate uses-permissions/uses-permissions-sdk-m: com.android.launcher2.permission.READ_SETTINGS in package: com.tencent.mobileqq at: Binary XML file line #55
12-14 03:36:30.519 1468 2007 W PackageParsing: Ignoring duplicate uses-permissions/uses-permissions-sdk-m: android.permission.WRITE_CONTACTS in package: com.tencent.mobileqq at: Binary XML file line #79
12-14 03:36:30.520 1468 2007 W PackageParsing: Ignoring duplicate uses-permissions/uses-permissions-sdk-m: com.tencent.msf.permission.account.sync in package: com.tencent.mobileqq at: Binary XML file line #109
12-14 03:36:30.520 1468 2007 W PackageParsing: Ignoring duplicate uses-permissions/uses-permissions-sdk-m: android.permission.CHANGE_WIFI_STATE in package: com.tencent.mobileqq at: Binary XML file line #112
12-14 03:36:30.520 1468 2007 W PackageParsing: Ignoring duplicate uses-permissions/uses-permissions-sdk-m: android.permission.INTERNET in package: com.tencent.mobileqq at: Binary XML file line #113
12-14 03:36:30.520 1468 2007 W PackageParsing: Ignoring duplicate uses-permissions/uses-permissions-sdk-m: android.permission.ACCESS_WIFI_STATE in package: com.tencent.mobileqq at: Binary XML file line #114
12-14 03:36:30.520 1468 2007 W PackageParsing: Ignoring duplicate uses-permissions/uses-permissions-sdk-m: android.permission.ACCESS_NETWORK_STATE in package: com.tencent.mobileqq at: Binary XML file line #115
12-14 03:36:30.520 1468 2007 W PackageParsing: Ignoring duplicate uses-permissions/uses-permissions-sdk-m: android.permission.CAMERA in package: com.tencent.mobileqq at: Binary XML file line #119
12-14 03:36:30.520 1468 2007 W PackageParsing: Ignoring duplicate uses-permissions/uses-permissions-sdk-m: android.permission.WAKE_LOCK in package: com.tencent.mobileqq at: Binary XML file line #120
12-14 03:36:30.520 1468 2007 W PackageParsing: Ignoring duplicate uses-permissions/uses-permissions-sdk-m: com.android.launcher.permission.INSTALL_SHORTCUT in package: com.tencent.mobileqq at: Binary XML file line #121
12-14 03:36:30.520 1468 2007 W PackageParsing: Ignoring duplicate uses-permissions/uses-permissions-sdk-m: android.permission.RECEIVE_BOOT_COMPLETED in package: com.tencent.mobileqq at: Binary XML file line #122
12-14 03:36:30.520 1468 2007 W PackageParsing: Ignoring duplicate uses-permissions/uses-permissions-sdk-m: com.tencent.msf.permission.account.sync in package: com.tencent.mobileqq at: Binary XML file line #124
12-14 03:36:30.521 1468 2007 W PackageParsing: Ignoring duplicate uses-permissions/uses-permissions-sdk-m: android.permission.BROADCAST_STICKY in package: com.tencent.mobileqq at: Binary XML file line #145
12-14 03:36:30.531 1468 2007 W PackageParsing: No actions in intent-filter at /data/app/vmdl230035298.tmp/base.apk Binary XML file line #685
12-14 03:36:30.547 1468 2007 W RuleEvaluation: Integrity rule files are not available.
12-14 03:36:30.547 1468 1668 I PackageManager: Integrity check passed for file:///data/app/vmdl230035298.tmp
12-14 03:36:30.594 1468 1668 W PackageParsing: Ignoring duplicate uses-permissions/uses-permissions-sdk-m: com.android.launcher2.permission.READ_SETTINGS in package: com.tencent.mobileqq at: Binary XML file line #55
12-14 03:36:30.594 1468 1668 W PackageParsing: Ignoring duplicate uses-permissions/uses-permissions-sdk-m: android.permission.WRITE_CONTACTS in package: com.tencent.mobileqq at: Binary XML file line #79
12-14 03:36:30.595 1468 1668 W PackageParsing: Ignoring duplicate uses-permissions/uses-permissions-sdk-m: com.tencent.msf.permission.account.sync in package: com.tencent.mobileqq at: Binary XML file line #109
12-14 03:36:30.595 1468 1668 W PackageParsing: Ignoring duplicate uses-permissions/uses-permissions-sdk-m: android.permission.CHANGE_WIFI_STATE in package: com.tencent.mobileqq at: Binary XML file line #112
12-14 03:36:30.595 1468 1668 W PackageParsing: Ignoring duplicate uses-permissions/uses-permissions-sdk-m: android.permission.INTERNET in package: com.tencent.mobileqq at: Binary XML file line #113
12-14 03:36:30.595 1468 1668 W PackageParsing: Ignoring duplicate uses-permissions/uses-permissions-sdk-m: android.permission.ACCESS_WIFI_STATE in package: com.tencent.mobileqq at: Binary XML file line #114
12-14 03:36:30.595 1468 1668 W PackageParsing: Ignoring duplicate uses-permissions/uses-permissions-sdk-m: android.permission.ACCESS_NETWORK_STATE in package: com.tencent.mobileqq at: Binary XML file line #115
12-14 03:36:30.595 1468 1668 W PackageParsing: Ignoring duplicate uses-permissions/uses-permissions-sdk-m: android.permission.CAMERA in package: com.tencent.mobileqq at: Binary XML file line #119
12-14 03:36:30.595 1468 1668 W PackageParsing: Ignoring duplicate uses-permissions/uses-permissions-sdk-m: android.permission.WAKE_LOCK in package: com.tencent.mobileqq at: Binary XML file line #120
12-14 03:36:30.595 1468 1668 W PackageParsing: Ignoring duplicate uses-permissions/uses-permissions-sdk-m: com.android.launcher.permission.INSTALL_SHORTCUT in package: com.tencent.mobileqq at: Binary XML file line #121
12-14 03:36:30.595 1468 1668 W PackageParsing: Ignoring duplicate uses-permissions/uses-permissions-sdk-m: android.permission.RECEIVE_BOOT_COMPLETED in package: com.tencent.mobileqq at: Binary XML file line #122
12-14 03:36:30.595 1468 1668 W PackageParsing: Ignoring duplicate uses-permissions/uses-permissions-sdk-m: com.tencent.msf.permission.account.sync in package: com.tencent.mobileqq at: Binary XML file line #124
12-14 03:36:30.595 1468 1668 W PackageParsing: Ignoring duplicate uses-permissions/uses-permissions-sdk-m: android.permission.BROADCAST_STICKY in package: com.tencent.mobileqq at: Binary XML file line #145
12-14 03:36:30.599 1468 1668 W PackageParsing: No actions in intent-filter at /data/app/vmdl230035298.tmp/base.apk Binary XML file line #685
12-14 03:36:30.668 1468 1668 D CompatibilityChangeReporter: Compat change id reported: 133396946; UID -1; state: DISABLED
12-14 03:36:30.673 1468 1668 W PackageManager: Skipping provider name com.tencent.mobileqq.fileprovider (in package com.tencent.mobileqq): name already used by com.tencent.mobileqq
12-14 03:36:30.673 1468 1668 W PackageManager: Skipping provider name com.tencent.mobileqq.external.fileprovider (in package com.tencent.mobileqq): name already used by com.tencent.mobileqq
12-14 03:36:30.675 1468 1668 I PackageManager: Permission ownership changed. Updating all permissions.
01-01 08:56:58.893 0 0 I logd : start watching /data/system/packages.list ...
01-01 08:56:58.896 0 0 I logd : ReadPackageList, total packages: 106
12-14 03:36:30.791 1468 1631 V StorageManagerService: Package null has legacy storage
01-01 08:56:59.598 0 0 D : mv2112_read_status
01-01 08:56:59.598 0 0 D mv2112_update_link: 3.0x901(1G): 0x80
01-01 08:56:59.598 0 0 D mv2112_update_link: 3.0x8109(100M): 0x8
01-01 08:56:59.598 0 0 D mv2112_update_link: link 0x0
01-01 08:56:59.598 0 0 D mv2112_read_status: autoneg is disabled
01-01 08:57:00.622 0 0 D : mv2112_read_status
01-01 08:57:00.622 0 0 D mv2112_update_link: 3.0x901(1G): 0x80
01-01 08:57:00.622 0 0 D mv2112_update_link: 3.0x8109(100M): 0x8
01-01 08:57:00.622 0 0 D mv2112_update_link: link 0x0
01-01 08:57:00.622 0 0 D mv2112_read_status: autoneg is disabled
01-01 08:57:01.646 0 0 D : mv2112_read_status
01-01 08:57:01.646 0 0 D mv2112_update_link: 3.0x901(1G): 0x80
01-01 08:57:01.646 0 0 D mv2112_update_link: 3.0x8109(100M): 0x8
01-01 08:57:01.646 0 0 D mv2112_update_link: link 0x0
01-01 08:57:01.646 0 0 D mv2112_read_status: autoneg is disabled
01-01 08:57:02.670 0 0 D : mv2112_read_status
01-01 08:57:02.670 0 0 D mv2112_update_link: 3.0x901(1G): 0x80
01-01 08:57:02.670 0 0 D mv2112_update_link: 3.0x8109(100M): 0x8
01-01 08:57:02.670 0 0 D mv2112_update_link: link 0x0
01-01 08:57:02.670 0 0 D mv2112_read_status: autoneg is disabled
01-01 08:57:03.694 0 0 D : mv2112_read_status
01-01 08:57:03.694 0 0 D mv2112_update_link: 3.0x901(1G): 0x80
01-01 08:57:03.694 0 0 D mv2112_update_link: 3.0x8109(100M): 0x8
01-01 08:57:03.694 0 0 D mv2112_update_link: link 0x0
01-01 08:57:03.694 0 0 D mv2112_read_status: autoneg is disabled
01-01 08:57:04.718 0 0 D : mv2112_read_status
01-01 08:57:04.718 0 0 D mv2112_update_link: 3.0x901(1G): 0x80
01-01 08:57:04.718 0 0 D mv2112_update_link: 3.0x8109(100M): 0x8
01-01 08:57:04.718 0 0 D mv2112_update_link: link 0x0
01-01 08:57:04.718 0 0 D mv2112_read_status: autoneg is disabled
01-01 08:57:05.742 0 0 D : mv2112_read_status
01-01 08:57:05.742 0 0 D mv2112_update_link: 3.0x901(1G): 0x80
01-01 08:57:05.742 0 0 D mv2112_update_link: 3.0x8109(100M): 0x8
01-01 08:57:05.742 0 0 D mv2112_update_link: link 0x0
01-01 08:57:05.742 0 0 D mv2112_read_status: autoneg is disabled
01-01 08:57:06.766 0 0 D : mv2112_read_status
01-01 08:57:06.766 0 0 D mv2112_update_link: 3.0x901(1G): 0x80
01-01 08:57:06.767 0 0 D mv2112_update_link: 3.0x8109(100M): 0x8
01-01 08:57:06.767 0 0 D mv2112_update_link: link 0x0
01-01 08:57:06.767 0 0 D mv2112_read_status: autoneg is disabled
12-14 03:36:39.080 1468 1668 V BackupManagerService: [UserID:0] restoreAtInstall pkg=com.tencent.mobileqq token=2 restoreSet=0
12-14 03:36:39.080 1468 1668 V BackupManagerService: [UserID:0] Finishing install immediately
12-14 03:36:39.083 1468 1668 D CompatibilityChangeReporter: Compat change id reported: 168419799; UID 10098; state: DISABLED
12-14 03:36:39.098 1468 2458 W BroadcastQueue: Background execution not allowed: receiving Intent { act=android.intent.action.PACKAGE_ADDED dat=package:com.tencent.mobileqq flg=0x4000010 (has extras) } to com.android.packageinstaller/.PackageInstalledReceiver
12-14 03:36:39.099 1468 1642 W BroadcastQueue: Background execution not allowed: receiving Intent { act=android.intent.action.PACKAGE_ADDED dat=package:com.tencent.mobileqq flg=0x4000010 (has extras) } to com.android.gallery3d/.app.PackagesMonitor
12-14 03:36:39.101 1468 1468 I Telecom : DefaultDialerCache: Refreshing default dialer for user 0: now null: DDC.oR@ACw
12-14 03:36:39.123 1468 1631 D CompanionDeviceManagerService: onPackageModified(packageName = com.tencent.mobileqq)
12-14 03:36:39.124 1468 1468 I Telecom : DefaultDialerCache: Refreshing default dialer for user 0: now null: DDC.oR@AC0
12-14 03:36:39.128 1468 1642 D CompatibilityChangeReporter: Compat change id reported: 168419799; UID 10063; state: DISABLED
12-14 03:36:39.162 1468 1641 W PackageManager: Failed registering loading progress callback. Package is fully loaded.
12-14 03:36:39.162 1468 1641 W VoiceInteractionManager: no available voice recognition services found for user 0
12-14 03:36:39.173 1468 1641 W VoiceInteractionManager: no available voice recognition services found for user 0
01-01 08:57:07.790 0 0 D : mv2112_read_status
01-01 08:57:07.790 0 0 D mv2112_update_link: 3.0x901(1G): 0x80
01-01 08:57:07.790 0 0 D mv2112_update_link: 3.0x8109(100M): 0x8
01-01 08:57:07.790 0 0 D mv2112_update_link: link 0x0
01-01 08:57:07.790 0 0 D mv2112_read_status: autoneg is disabled
01-01 08:57:08.814 0 0 D : mv2112_read_status
01-01 08:57:08.814 0 0 D mv2112_update_link: 3.0x901(1G): 0x80
01-01 08:57:08.814 0 0 D mv2112_update_link: 3.0x8109(100M): 0x8
01-01 08:57:08.815 0 0 D mv2112_update_link: link 0x0
01-01 08:57:08.815 0 0 D mv2112_read_status: autoneg is disabled
01-01 08:57:09.838 0 0 D : mv2112_read_status
01-01 08:57:09.838 0 0 D mv2112_update_link: 3.0x901(1G): 0x80
01-01 08:57:09.838 0 0 D mv2112_update_link: 3.0x8109(100M): 0x8
01-01 08:57:09.838 0 0 D mv2112_update_link: link 0x0
01-01 08:57:09.838 0 0 D mv2112_read_status: autoneg is disabled
01-01 08:57:10.862 0 0 D : mv2112_read_status
01-01 08:57:10.862 0 0 D mv2112_update_link: 3.0x901(1G): 0x80
01-01 08:57:10.863 0 0 D mv2112_update_link: 3.0x8109(100M): 0x8
01-01 08:57:10.863 0 0 D mv2112_update_link: link 0x0
01-01 08:57:10.863 0 0 D mv2112_read_status: autoneg is disabled
01-01 08:57:11.886 0 0 D : mv2112_read_status
01-01 08:57:11.886 0 0 D mv2112_update_link: 3.0x901(1G): 0x80
01-01 08:57:11.887 0 0 D mv2112_update_link: 3.0x8109(100M): 0x8
01-01 08:57:11.887 0 0 D mv2112_update_link: link 0x0
01-01 08:57:11.887 0 0 D mv2112_read_status: autoneg is disabled
01-01 08:57:12.910 0 0 D : mv2112_read_status
01-01 08:57:12.910 0 0 D mv2112_update_link: 3.0x901(1G): 0x80
01-01 08:57:12.910 0 0 D mv2112_update_link: 3.0x8109(100M): 0x8
01-01 08:57:12.910 0 0 D mv2112_update_link: link 0x0
01-01 08:57:12.910 0 0 D mv2112_read_status: autoneg is disabled
01-01 08:57:13.934 0 0 D : mv2112_read_status
01-01 08:57:13.934 0 0 D mv2112_update_link: 3.0x901(1G): 0x80
01-01 08:57:13.934 0 0 D mv2112_update_link: 3.0x8109(100M): 0x8
01-01 08:57:13.934 0 0 D mv2112_update_link: link 0x0
01-01 08:57:13.934 0 0 D mv2112_read_status: autoneg is disabled
01-01 08:57:14.958 0 0 D : mv2112_read_status
01-01 08:57:14.958 0 0 D mv2112_update_link: 3.0x901(1G): 0x80
01-01 08:57:14.958 0 0 D mv2112_update_link: 3.0x8109(100M): 0x8
01-01 08:57:14.958 0 0 D mv2112_update_link: link 0x0
01-01 08:57:14.958 0 0 D mv2112_read_status: autoneg is disabled
01-01 08:57:15.982 0 0 D : mv2112_read_status
01-01 08:57:15.982 0 0 D mv2112_update_link: 3.0x901(1G): 0x80
01-01 08:57:15.982 0 0 D mv2112_update_link: 3.0x8109(100M): 0x8
01-01 08:57:15.982 0 0 D mv2112_update_link: link 0x0
01-01 08:57:15.982 0 0 D mv2112_read_status: autoneg is disabled
01-01 08:57:17.006 0 0 D : mv2112_read_status
01-01 08:57:17.006 0 0 D mv2112_update_link: 3.0x901(1G): 0x80
01-01 08:57:17.006 0 0 D mv2112_update_link: 3.0x8109(100M): 0x8
01-01 08:57:17.006 0 0 D mv2112_update_link: link 0x0
01-01 08:57:17.006 0 0 D mv2112_read_status: autoneg is disabled
01-01 08:57:18.030 0 0 D : mv2112_read_status
01-01 08:57:18.030 0 0 D mv2112_update_link: 3.0x901(1G): 0x80
01-01 08:57:18.030 0 0 D mv2112_update_link: 3.0x8109(100M): 0x8
01-01 08:57:18.030 0 0 D mv2112_update_link: link 0x0
01-01 08:57:18.030 0 0 D mv2112_read_status: autoneg is disabled
01-01 08:57:19.054 0 0 D : mv2112_read_status
01-01 08:57:19.054 0 0 D mv2112_update_link: 3.0x901(1G): 0x80
01-01 08:57:19.055 0 0 D mv2112_update_link: 3.0x8109(100M): 0x8
01-01 08:57:19.055 0 0 D mv2112_update_link: link 0x0
01-01 08:57:19.055 0 0 D mv2112_read_status: autoneg is disabled
01-01 08:57:20.078 0 0 D : mv2112_read_status
01-01 08:57:20.078 0 0 D mv2112_update_link: 3.0x901(1G): 0x80
01-01 08:57:20.079 0 0 D mv2112_update_link: 3.0x8109(100M): 0x8
01-01 08:57:20.079 0 0 D mv2112_update_link: link 0x0
01-01 08:57:20.079 0 0 D mv2112_read_status: autoneg is disabled
01-01 08:57:21.102 0 0 D : mv2112_read_status
01-01 08:57:21.102 0 0 D mv2112_update_link: 3.0x901(1G): 0x80
01-01 08:57:21.102 0 0 D mv2112_update_link: 3.0x8109(100M): 0x8
01-01 08:57:21.102 0 0 D mv2112_update_link: link 0x0
01-01 08:57:21.102 0 0 D mv2112_read_status: autoneg is disabled
01-01 08:57:22.126 0 0 D : mv2112_read_status
01-01 08:57:22.126 0 0 D mv2112_update_link: 3.0x901(1G): 0x80
01-01 08:57:22.126 0 0 D mv2112_update_link: 3.0x8109(100M): 0x8
01-01 08:57:22.126 0 0 D mv2112_update_link: link 0x0
01-01 08:57:22.126 0 0 D mv2112_read_status: autoneg is disabled
01-01 08:57:23.150 0 0 D : mv2112_read_status
01-01 08:57:23.150 0 0 D mv2112_update_link: 3.0x901(1G): 0x80
01-01 08:57:23.150 0 0 D mv2112_update_link: 3.0x8109(100M): 0x8
01-01 08:57:23.151 0 0 D mv2112_update_link: link 0x0
01-01 08:57:23.151 0 0 D mv2112_read_status: autoneg is disabled
01-01 08:57:24.174 0 0 D : mv2112_read_status
01-01 08:57:24.174 0 0 D mv2112_update_link: 3.0x901(1G): 0x80
01-01 08:57:24.174 0 0 D mv2112_update_link: 3.0x8109(100M): 0x8
01-01 08:57:24.174 0 0 D mv2112_update_link: link 0x0
01-01 08:57:24.174 0 0 D mv2112_read_status: autoneg is disabled
01-01 08:57:25.198 0 0 D : mv2112_read_status
01-01 08:57:25.198 0 0 D mv2112_update_link: 3.0x901(1G): 0x80
01-01 08:57:25.198 0 0 D mv2112_update_link: 3.0x8109(100M): 0x8
01-01 08:57:25.198 0 0 D mv2112_update_link: link 0x0
01-01 08:57:25.198 0 0 D mv2112_read_status: autoneg is disabled
01-01 08:57:26.222 0 0 D : mv2112_read_status
01-01 08:57:26.222 0 0 D mv2112_update_link: 3.0x901(1G): 0x80
01-01 08:57:26.222 0 0 D mv2112_update_link: 3.0x8109(100M): 0x8
01-01 08:57:26.223 0 0 D mv2112_update_link: link 0x0
01-01 08:57:26.223 0 0 D mv2112_read_status: autoneg is disabled
01-01 08:57:27.246 0 0 D : mv2112_read_status
01-01 08:57:27.246 0 0 D mv2112_update_link: 3.0x901(1G): 0x80
01-01 08:57:27.246 0 0 D mv2112_update_link: 3.0x8109(100M): 0x8
01-01 08:57:27.246 0 0 D mv2112_update_link: link 0x0
01-01 08:57:27.246 0 0 D mv2112_read_status: autoneg is disabled
01-01 08:57:28.270 0 0 D : mv2112_read_status
01-01 08:57:28.270 0 0 D mv2112_update_link: 3.0x901(1G): 0x80
01-01 08:57:28.271 0 0 D mv2112_update_link: 3.0x8109(100M): 0x8
01-01 08:57:28.271 0 0 D mv2112_update_link: link 0x0
01-01 08:57:28.271 0 0 D mv2112_read_status: autoneg is disabled
01-01 08:57:29.294 0 0 D : mv2112_read_status
01-01 08:57:29.294 0 0 D mv2112_update_link: 3.0x901(1G): 0x80
01-01 08:57:29.294 0 0 D mv2112_update_link: 3.0x8109(100M): 0x8
01-01 08:57:29.294 0 0 D mv2112_update_link: link 0x0
01-01 08:57:29.294 0 0 D mv2112_read_status: autoneg is disabled
01-01 08:57:30.318 0 0 D : mv2112_read_status
01-01 08:57:30.318 0 0 D mv2112_update_link: 3.0x901(1G): 0x80
01-01 08:57:30.319 0 0 D mv2112_update_link: 3.0x8109(100M): 0x8
01-01 08:57:30.319 0 0 D mv2112_update_link: link 0x0
01-01 08:57:30.319 0 0 D mv2112_read_status: autoneg is disabled
01-01 08:57:31.342 0 0 D : mv2112_read_status
01-01 08:57:31.342 0 0 D mv2112_update_link: 3.0x901(1G): 0x80
01-01 08:57:31.342 0 0 D mv2112_update_link: 3.0x8109(100M): 0x8
01-01 08:57:31.342 0 0 D mv2112_update_link: link 0x0
01-01 08:57:31.342 0 0 D mv2112_read_status: autoneg is disabled
01-01 08:57:32.366 0 0 D : mv2112_read_status
01-01 08:57:32.366 0 0 D mv2112_update_link: 3.0x901(1G): 0x80
01-01 08:57:32.366 0 0 D mv2112_update_link: 3.0x8109(100M): 0x8
01-01 08:57:32.366 0 0 D mv2112_update_link: link 0x0
01-01 08:57:32.366 0 0 D mv2112_read_status: autoneg is disabled
01-01 08:57:33.390 0 0 D : mv2112_read_status
01-01 08:57:33.390 0 0 D mv2112_update_link: 3.0x901(1G): 0x80
01-01 08:57:33.390 0 0 D mv2112_update_link: 3.0x8109(100M): 0x8
01-01 08:57:33.390 0 0 D mv2112_update_link: link 0x0
01-01 08:57:33.390 0 0 D mv2112_read_status: autoneg is disabled
01-01 08:57:34.414 0 0 D : mv2112_read_status
01-01 08:57:34.414 0 0 D mv2112_update_link: 3.0x901(1G): 0x80
01-01 08:57:34.415 0 0 D mv2112_update_link: 3.0x8109(100M): 0x8
01-01 08:57:34.415 0 0 D mv2112_update_link: link 0x0
01-01 08:57:34.415 0 0 D mv2112_read_status: autoneg is disabled
01-01 08:57:35.438 0 0 D : mv2112_read_status
01-01 08:57:35.438 0 0 D mv2112_update_link: 3.0x901(1G): 0x80
01-01 08:57:35.438 0 0 D mv2112_update_link: 3.0x8109(100M): 0x8
01-01 08:57:35.438 0 0 D mv2112_update_link: link 0x0
