01-01 09:06:32.015 0 0 D mv2112_read_status: autoneg is disabled
01-01 09:06:33.038 0 0 D : mv2112_read_status
01-01 09:06:33.038 0 0 D mv2112_update_link: 3.0x901(1G): 0x80
01-01 09:06:33.039 0 0 D mv2112_update_link: 3.0x8109(100M): 0x8
01-01 09:06:33.039 0 0 D mv2112_update_link: link 0x0
01-01 09:06:33.039 0 0 D mv2112_read_status: autoneg is disabled
01-01 09:06:34.062 0 0 D : mv2112_read_status
01-01 09:06:34.062 0 0 D mv2112_update_link: 3.0x901(1G): 0x80
01-01 09:06:34.062 0 0 D mv2112_update_link: 3.0x8109(100M): 0x8
01-01 09:06:34.062 0 0 D mv2112_update_link: link 0x0
01-01 09:06:34.062 0 0 D mv2112_read_status: autoneg is disabled
01-01 09:06:35.086 0 0 D : mv2112_read_status
01-01 09:06:35.086 0 0 D mv2112_update_link: 3.0x901(1G): 0x80
01-01 09:06:35.086 0 0 D mv2112_update_link: 3.0x8109(100M): 0x8
01-01 09:06:35.086 0 0 D mv2112_update_link: link 0x0
01-01 09:06:35.086 0 0 D mv2112_read_status: autoneg is disabled
01-01 09:06:36.110 0 0 D : mv2112_read_status
01-01 09:06:36.110 0 0 D mv2112_update_link: 3.0x901(1G): 0x80
01-01 09:06:36.111 0 0 D mv2112_update_link: 3.0x8109(100M): 0x8
01-01 09:06:36.111 0 0 D mv2112_update_link: link 0x0
01-01 09:06:36.111 0 0 D mv2112_read_status: autoneg is disabled
01-01 09:06:37.134 0 0 D : mv2112_read_status
01-01 09:06:37.135 0 0 D mv2112_update_link: 3.0x901(1G): 0x80
01-01 09:06:37.135 0 0 D mv2112_update_link: 3.0x8109(100M): 0x8
01-01 09:06:37.135 0 0 D mv2112_update_link: link 0x0
01-01 09:06:37.135 0 0 D mv2112_read_status: autoneg is disabled
01-01 09:06:38.158 0 0 D : mv2112_read_status
01-01 09:06:38.159 0 0 D mv2112_update_link: 3.0x901(1G): 0x80
01-01 09:06:38.159 0 0 D mv2112_update_link: 3.0x8109(100M): 0x8
01-01 09:06:38.159 0 0 D mv2112_update_link: link 0x0
01-01 09:06:38.159 0 0 D mv2112_read_status: autoneg is disabled
01-01 09:06:39.182 0 0 D : mv2112_read_status
01-01 09:06:39.182 0 0 D mv2112_update_link: 3.0x901(1G): 0x80
01-01 09:06:39.182 0 0 D mv2112_update_link: 3.0x8109(100M): 0x8
01-01 09:06:39.182 0 0 D mv2112_update_link: link 0x0
01-01 09:06:39.182 0 0 D mv2112_read_status: autoneg is disabled
01-01 09:06:40.206 0 0 D : mv2112_read_status
01-01 09:06:40.206 0 0 D mv2112_update_link: 3.0x901(1G): 0x80
01-01 09:06:40.207 0 0 D mv2112_update_link: 3.0x8109(100M): 0x8
01-01 09:06:40.207 0 0 D mv2112_update_link: link 0x0
01-01 09:06:40.207 0 0 D mv2112_read_status: autoneg is disabled
01-01 09:06:41.230 0 0 D : mv2112_read_status
01-01 09:06:41.231 0 0 D mv2112_update_link: 3.0x901(1G): 0x80
01-01 09:06:41.231 0 0 D mv2112_update_link: 3.0x8109(100M): 0x8
01-01 09:06:41.231 0 0 D mv2112_update_link: link 0x0
01-01 09:06:41.231 0 0 D mv2112_read_status: autoneg is disabled
01-01 09:06:42.254 0 0 D : mv2112_read_status
01-01 09:06:42.254 0 0 D mv2112_update_link: 3.0x901(1G): 0x80
01-01 09:06:42.255 0 0 D mv2112_update_link: 3.0x8109(100M): 0x8
01-01 09:06:42.255 0 0 D mv2112_update_link: link 0x0
01-01 09:06:42.255 0 0 D mv2112_read_status: autoneg is disabled
01-01 09:06:43.278 0 0 D : mv2112_read_status
01-01 09:06:43.278 0 0 D mv2112_update_link: 3.0x901(1G): 0x80
01-01 09:06:43.278 0 0 D mv2112_update_link: 3.0x8109(100M): 0x8
01-01 09:06:43.278 0 0 D mv2112_update_link: link 0x0
01-01 09:06:43.278 0 0 D mv2112_read_status: autoneg is disabled
01-01 09:06:44.302 0 0 D : mv2112_read_status
01-01 09:06:44.302 0 0 D mv2112_update_link: 3.0x901(1G): 0x80
01-01 09:06:44.302 0 0 D mv2112_update_link: 3.0x8109(100M): 0x8
01-01 09:06:44.302 0 0 D mv2112_update_link: link 0x0
01-01 09:06:44.302 0 0 D mv2112_read_status: autoneg is disabled
01-01 09:06:45.326 0 0 D : mv2112_read_status
01-01 09:06:45.326 0 0 D mv2112_update_link: 3.0x901(1G): 0x80
01-01 09:06:45.326 0 0 D mv2112_update_link: 3.0x8109(100M): 0x8
01-01 09:06:45.326 0 0 D mv2112_update_link: link 0x0
01-01 09:06:45.326 0 0 D mv2112_read_status: autoneg is disabled
12-14 03:46:18.053 1468 6737 I DreamManagerService: Gently waking up from dream.
12-14 03:46:18.054 1468 1631 I DreamManagerService: Performing gentle wake from dream.
12-14 03:46:18.056 1468 6737 I ActivityTaskManager: FOREGROUND_APPLICATION_CHANGED to com.android.settings.homepage.SettingsHomepageActivity
12-14 03:46:18.084 1468 1649 W BatteryExternalStatsWorker: error reading modem stats:ERROR_PHONE_NOT_AVAILABLE
12-14 03:46:18.086 4292 4310 W ContextImpl: Calling a method in the system process without a qualified user: android.app.ContextImpl.startService:1816 android.content.ContextWrapper.startService:774 com.thundercomm.gamemode.ingame.services.GameModeActionUtils.startGameModeService:99 com.thundercomm.gamemode.ingame.services.GameModeActionUtils.startGameModeEntry:22 com.thundercomm.gamemode.ingame.services.ActivityMonitoringService$1.onActivityLaunch:127
12-14 03:46:18.091 1468 1468 I GameModeConfig: Current uri is uri = content://com.thundercomm.gamemode.api/gamemode_settings/gamemode_isgaming
12-14 03:46:18.094 1468 1468 I GameModeConfig: isGameModeOn = true
12-14 03:46:18.094 1468 1468 I GameModeConfig: isGaming = false
12-14 03:46:18.094 1468 1468 I GameModeConfig: isGameModeOn = true
12-14 03:46:18.094 1468 1468 I GameModeConfig: isGaming = false
12-14 03:46:18.094 1468 1468 I GameModeConfig: isDisableVoice = true
12-14 03:46:18.099 1468 1649 E KernelCpuSpeedReader: Failed to read cpu-freq: /sys/devices/system/cpu/cpu4/cpufreq/stats/time_in_state: open failed: ENOENT (No such file or directory)
12-14 03:46:18.099 1468 1649 E KernelCpuSpeedReader: Failed to read cpu-freq: /sys/devices/system/cpu/cpu0/cpufreq/stats/time_in_state: open failed: ENOENT (No such file or directory)
01-01 09:06:46.288 0 0 W audit : audit_lost=179 audit_rate_limit=5 audit_backlog_limit=64
01-01 09:06:46.288 0 0 E audit : rate limit exceeded
01-01 09:06:46.325 0 0 I [schedu][0x691e4276a][03:46:18.144021] wlan: [7018:I:OSIF] scan start scan id 40978
12-14 03:46:18.166 4292 4310 W ContextImpl: Calling a method in the system process without a qualified user: android.app.ContextImpl.startService:1816 android.content.ContextWrapper.startService:774 com.thundercomm.gamemode.ingame.services.GameModeActionUtils.startGameModeService:99 com.thundercomm.gamemode.ingame.services.GameModeActionUtils.startGameModeEntry:22 com.thundercomm.gamemode.ingame.services.ActivityMonitoringService$1.onActivityLaunch:127
12-14 03:46:18.173 1468 1468 I GameModeConfig: Current uri is uri = content://com.thundercomm.gamemode.api/gamemode_settings/gamemode_isgaming
12-14 03:46:18.175 1468 1468 I GameModeConfig: isGameModeOn = true
12-14 03:46:18.175 1468 1468 I GameModeConfig: isGaming = false
12-14 03:46:18.175 1468 1468 I GameModeConfig: isGameModeOn = true
12-14 03:46:18.175 1468 1468 I GameModeConfig: isGaming = false
12-14 03:46:18.175 1468 1468 I GameModeConfig: isDisableVoice = true
01-01 09:06:46.354 0 0 D : mv2112_read_status
01-01 09:06:46.354 0 0 D mv2112_update_link: 3.0x901(1G): 0x80
01-01 09:06:46.354 0 0 D mv2112_update_link: 3.0x8109(100M): 0x8
01-01 09:06:46.354 0 0 D mv2112_update_link: link 0x0
01-01 09:06:46.354 0 0 D mv2112_read_status: autoneg is disabled
12-14 03:46:18.184 1468 1649 W BatteryExternalStatsWorker: error reading modem stats:ERROR_PHONE_NOT_AVAILABLE
12-14 03:46:18.187 1468 1649 E KernelCpuSpeedReader: Failed to read cpu-freq: /sys/devices/system/cpu/cpu4/cpufreq/stats/time_in_state: open failed: ENOENT (No such file or directory)
12-14 03:46:18.187 1468 1649 E KernelCpuSpeedReader: Failed to read cpu-freq: /sys/devices/system/cpu/cpu0/cpufreq/stats/time_in_state: open failed: ENOENT (No such file or directory)
12-14 03:46:18.334 1468 1658 I PowerManagerService: Powering on display group fromDreaming (groupId=0, uid=1000, reason=WAKE_REASON_UNKNOWN, details=android.server.power:DREAM_FINISHED)...
12-14 03:46:18.334 1468 1658 I PowerManagerService: Waking up from Dreaming (uid=1000, reason=WAKE_REASON_UNKNOWN, details=android.server.power:DREAM_FINISHED)...
12-14 03:46:18.791 4292 4310 W ContextImpl: Calling a method in the system process without a qualified user: android.app.ContextImpl.startService:1816 android.content.ContextWrapper.startService:774 com.thundercomm.gamemode.ingame.services.GameModeActionUtils.startGameModeService:99 com.thundercomm.gamemode.ingame.services.GameModeActionUtils.startGameModeEntry:22 com.thundercomm.gamemode.ingame.services.ActivityMonitoringService$1.onActivityLaunch:127
12-14 03:46:18.795 1468 1468 I GameModeConfig: Current uri is uri = content://com.thundercomm.gamemode.api/gamemode_settings/gamemode_isgaming
12-14 03:46:18.796 1468 3298 I DreamManagerService: Leaving dreamland.
12-14 03:46:18.797 1468 1631 I DreamManagerService: Performing gentle wake from dream.
12-14 03:46:18.797 1468 1631 I DreamController: Stopping dream: name=ComponentInfo{com.thundercomm.screensaver/com.thundercomm.saverclock.service.ClockScreensaver}, isTest=false, canDoze=false, userId=0, reason='finished self'(from 'finished self')
12-14 03:46:18.797 1468 1468 I GameModeConfig: isGameModeOn = true
12-14 03:46:18.797 1468 1468 I GameModeConfig: isGaming = false
12-14 03:46:18.797 1468 1468 I GameModeConfig: isGameModeOn = true
12-14 03:46:18.797 1468 1468 I GameModeConfig: isGaming = false
12-14 03:46:18.797 1468 1468 I GameModeConfig: isDisableVoice = true
12-14 03:46:18.812 1468 1635 W ActivityTaskManager: Can't find TaskDisplayArea to determine support for multi window. Task id=22 attached=false
01-01 09:06:47.378 0 0 D : mv2112_read_status
01-01 09:06:47.378 0 0 D mv2112_update_link: 3.0x901(1G): 0x80
01-01 09:06:47.379 0 0 D mv2112_update_link: 3.0x8109(100M): 0x8
01-01 09:06:47.379 0 0 D mv2112_update_link: link 0x0
01-01 09:06:47.379 0 0 D mv2112_read_status: autoneg is disabled
01-01 09:06:47.981 0 0 I [schedu][0x693c98ca0][03:46:19.800837] wlan: [7018:I:OSIF] vdev 0, scan id 40978 type COMPLETED(1) reason COMPLETED(1) scan found 94 bss
01-01 09:06:48.398 0 0 D : mv2112_read_status
01-01 09:06:48.398 0 0 D mv2112_update_link: 3.0x901(1G): 0x80
01-01 09:06:48.398 0 0 D mv2112_update_link: 3.0x8109(100M): 0x8
01-01 09:06:48.398 0 0 D mv2112_update_link: link 0x0
01-01 09:06:48.398 0 0 D mv2112_read_status: autoneg is disabled
01-01 09:06:49.422 0 0 D : mv2112_read_status
01-01 09:06:49.423 0 0 D mv2112_update_link: 3.0x901(1G): 0x80
01-01 09:06:49.423 0 0 D mv2112_update_link: 3.0x8109(100M): 0x8
01-01 09:06:49.423 0 0 D mv2112_update_link: link 0x0
01-01 09:06:49.423 0 0 D mv2112_read_status: autoneg is disabled
12-14 03:46:21.609 1468 2313 I GameModeConfig: isGameModeOn = true
12-14 03:46:21.609 1468 2313 I GameModeConfig: isGaming = false
12-14 03:46:21.609 1468 2313 I GameModeConfig: isGameModeOn = true
12-14 03:46:21.609 1468 2313 I GameModeConfig: isGaming = false
12-14 03:46:21.610 1468 2313 I GameModeConfig: isGameModeOn = true
12-14 03:46:21.610 1468 2313 I GameModeConfig: isGaming = false
12-14 03:46:21.610 1468 2313 I GameModeConfig: isGameModeOn = true
12-14 03:46:21.610 1468 2313 I GameModeConfig: isGaming = false
12-14 03:46:21.645 1468 2313 I GameModeConfig: isGameModeOn = true
12-14 03:46:21.645 1468 2313 I GameModeConfig: isGaming = false
12-14 03:46:21.646 1468 2313 I GameModeConfig: isGameModeOn = true
12-14 03:46:21.646 1468 2313 I GameModeConfig: isGaming = false
12-14 03:46:21.646 1468 2313 I GameModeConfig: isGameModeOn = true
12-14 03:46:21.646 1468 2313 I GameModeConfig: isGaming = false
12-14 03:46:21.646 1468 2313 I GameModeConfig: isGameModeOn = true
12-14 03:46:21.646 1468 2313 I GameModeConfig: isGaming = false
12-14 03:46:21.662 1468 2313 I GameModeConfig: isGameModeOn = true
12-14 03:46:21.662 1468 2313 I GameModeConfig: isGaming = false
12-14 03:46:21.662 1468 2313 I GameModeConfig: isGameModeOn = true
12-14 03:46:21.662 1468 2313 I GameModeConfig: isGaming = false
12-14 03:46:21.662 1468 2313 I GameModeConfig: isGameModeOn = true
12-14 03:46:21.662 1468 2313 I GameModeConfig: isGaming = false
12-14 03:46:21.662 1468 2313 I GameModeConfig: isGameModeOn = true
12-14 03:46:21.662 1468 2313 I GameModeConfig: isGaming = false
12-14 03:46:21.677 1468 2313 I GameModeConfig: isGameModeOn = true
12-14 03:46:21.677 1468 2313 I GameModeConfig: isGaming = false
12-14 03:46:21.677 1468 2313 I GameModeConfig: isGameModeOn = true
12-14 03:46:21.677 1468 2313 I GameModeConfig: isGaming = false
12-14 03:46:21.677 1468 2313 I GameModeConfig: isGameModeOn = true
12-14 03:46:21.677 1468 2313 I GameModeConfig: isGaming = false
12-14 03:46:21.677 1468 2313 I GameModeConfig: isGameModeOn = true
12-14 03:46:21.677 1468 2313 I GameModeConfig: isGaming = false
12-14 03:46:21.719 1468 2313 I GameModeConfig: isGameModeOn = true
12-14 03:46:21.719 1468 2313 I GameModeConfig: isGaming = false
12-14 03:46:21.719 1468 2313 I GameModeConfig: isGameModeOn = true
12-14 03:46:21.719 1468 2313 I GameModeConfig: isGaming = false
12-14 03:46:21.720 1468 2313 I GameModeConfig: isGameModeOn = true
12-14 03:46:21.720 1468 2313 I GameModeConfig: isGaming = false
12-14 03:46:21.720 1468 2313 I GameModeConfig: isGameModeOn = true
12-14 03:46:21.720 1468 2313 I GameModeConfig: isGaming = false
12-14 03:46:21.741 1468 2313 I GameModeConfig: isGameModeOn = true
12-14 03:46:21.741 1468 2313 I GameModeConfig: isGaming = false
12-14 03:46:21.741 1468 2313 I GameModeConfig: isGameModeOn = true
12-14 03:46:21.741 1468 2313 I GameModeConfig: isGaming = false
12-14 03:46:21.741 1468 2313 I GameModeConfig: isGameModeOn = true
12-14 03:46:21.741 1468 2313 I GameModeConfig: isGaming = false
12-14 03:46:21.742 1468 2313 I GameModeConfig: isGameModeOn = true
12-14 03:46:21.742 1468 2313 I GameModeConfig: isGaming = false
12-14 03:46:21.758 1468 2313 I GameModeConfig: isGameModeOn = true
12-14 03:46:21.758 1468 2313 I GameModeConfig: isGaming = false
12-14 03:46:21.758 1468 2313 I GameModeConfig: isGameModeOn = true
12-14 03:46:21.758 1468 2313 I GameModeConfig: isGaming = false
12-14 03:46:21.758 1468 2313 I GameModeConfig: isGameModeOn = true
12-14 03:46:21.758 1468 2313 I GameModeConfig: isGaming = false
12-14 03:46:21.758 1468 2313 I GameModeConfig: isGameModeOn = true
12-14 03:46:21.758 1468 2313 I GameModeConfig: isGaming = false
12-14 03:46:21.774 1468 2313 I GameModeConfig: isGameModeOn = true
12-14 03:46:21.775 1468 2313 I GameModeConfig: isGaming = false
12-14 03:46:21.775 1468 2313 I GameModeConfig: isGameModeOn = true
12-14 03:46:21.775 1468 2313 I GameModeConfig: isGaming = false
12-14 03:46:21.775 1468 2313 I GameModeConfig: isGameModeOn = true
12-14 03:46:21.775 1468 2313 I GameModeConfig: isGaming = false
12-14 03:46:21.775 1468 2313 I GameModeConfig: isGameModeOn = true
12-14 03:46:21.775 1468 2313 I GameModeConfig: isGaming = false
12-14 03:46:21.791 1468 2313 I GameModeConfig: isGameModeOn = true
12-14 03:46:21.791 1468 2313 I GameModeConfig: isGaming = false
12-14 03:46:21.791 1468 2313 I GameModeConfig: isGameModeOn = true
12-14 03:46:21.791 1468 2313 I GameModeConfig: isGaming = false
12-14 03:46:21.792 1468 2313 I GameModeConfig: isGameModeOn = true
12-14 03:46:21.792 1468 2313 I GameModeConfig: isGaming = false
12-14 03:46:21.792 1468 2313 I GameModeConfig: isGameModeOn = true
12-14 03:46:21.792 1468 2313 I GameModeConfig: isGaming = false
12-14 03:46:21.808 1468 2313 I GameModeConfig: isGameModeOn = true
12-14 03:46:21.808 1468 2313 I GameModeConfig: isGaming = false
12-14 03:46:21.808 1468 2313 I GameModeConfig: isGameModeOn = true
12-14 03:46:21.808 1468 2313 I GameModeConfig: isGaming = false
12-14 03:46:21.808 1468 2313 I GameModeConfig: isGameModeOn = true
12-14 03:46:21.808 1468 2313 I GameModeConfig: isGaming = false
12-14 03:46:21.809 1468 2313 I GameModeConfig: isGameModeOn = true
12-14 03:46:21.809 1468 2313 I GameModeConfig: isGaming = false
12-14 03:46:21.815 1468 1468 I GameModeConfig: isGameModeOn = true
12-14 03:46:21.815 1468 1468 I GameModeConfig: isGaming = false
12-14 03:46:21.827 1468 2313 I GameModeConfig: isGameModeOn = true
12-14 03:46:21.827 1468 2313 I GameModeConfig: isGaming = false
12-14 03:46:21.827 1468 2313 I GameModeConfig: isGameModeOn = true
12-14 03:46:21.827 1468 2313 I GameModeConfig: isGaming = false
12-14 03:46:21.828 1468 2313 I GameModeConfig: isGameModeOn = true
12-14 03:46:21.828 1468 2313 I GameModeConfig: isGaming = false
12-14 03:46:21.828 1468 2313 I GameModeConfig: isGameModeOn = true
12-14 03:46:21.828 1468 2313 I GameModeConfig: isGaming = false
12-14 03:46:21.841 1468 2313 I GameModeConfig: isGameModeOn = true
12-14 03:46:21.841 1468 2313 I GameModeConfig: isGaming = false
12-14 03:46:21.841 1468 2313 I GameModeConfig: isGameModeOn = true
12-14 03:46:21.841 1468 2313 I GameModeConfig: isGaming = false
12-14 03:46:21.841 1468 2313 I GameModeConfig: isGameModeOn = true
12-14 03:46:21.842 1468 2313 I GameModeConfig: isGaming = false
12-14 03:46:21.842 1468 2313 I GameModeConfig: isGameModeOn = true
12-14 03:46:21.842 1468 2313 I GameModeConfig: isGaming = false
12-14 03:46:21.848 1468 1468 I GameModeConfig: isGameModeOn = true
12-14 03:46:21.848 1468 1468 I GameModeConfig: isGaming = false
12-14 03:46:21.848 1468 1468 E NotificationService: Muting recently noisy 0|com.android.systemui|2048|null|10082
12-14 03:46:21.867 1468 1468 I GameModeConfig: isGameModeOn = true
12-14 03:46:21.867 1468 1468 I GameModeConfig: isGaming = false
12-14 03:46:21.868 1468 1468 E NotificationService: Muting recently noisy 0|com.android.systemui|2048|null|10082
12-14 03:46:21.878 1468 1468 I GameModeConfig: isGameModeOn = true
12-14 03:46:21.878 1468 1468 I GameModeConfig: isGaming = false
12-14 03:46:21.878 1468 1468 E NotificationService: Muting recently noisy 0|com.android.systemui|2048|null|10082
12-14 03:46:21.922 1468 1468 I GameModeConfig: isGameModeOn = true
12-14 03:46:21.922 1468 1468 I GameModeConfig: isGaming = false
12-14 03:46:21.922 1468 1468 E NotificationService: Muting recently noisy 0|com.android.systemui|2048|null|10082
12-14 03:46:21.945 1468 1468 I GameModeConfig: isGameModeOn = true
12-14 03:46:21.945 1468 1468 I GameModeConfig: isGaming = false
12-14 03:46:21.946 1468 1468 E NotificationService: Muting recently noisy 0|com.android.systemui|2048|null|10082
12-14 03:46:21.961 1468 1468 I GameModeConfig: isGameModeOn = true
12-14 03:46:21.961 1468 1468 I GameModeConfig: isGaming = false
12-14 03:46:21.961 1468 1468 E NotificationService: Muting recently noisy 0|com.android.systemui|2048|null|10082
12-14 03:46:21.978 1468 1468 I GameModeConfig: isGameModeOn = true
12-14 03:46:21.978 1468 1468 I GameModeConfig: isGaming = false
12-14 03:46:21.978 1468 1468 E NotificationService: Muting recently noisy 0|com.android.systemui|2048|null|10082
12-14 03:46:21.994 1468 1468 I GameModeConfig: isGameModeOn = true
12-14 03:46:21.994 1468 1468 I GameModeConfig: isGaming = false
12-14 03:46:21.994 1468 1468 E NotificationService: Muting recently noisy 0|com.android.systemui|2048|null|10082
12-14 03:46:22.012 1468 1468 I GameModeConfig: isGameModeOn = true
12-14 03:46:22.012 1468 1468 I GameModeConfig: isGaming = false
12-14 03:46:22.012 1468 1468 E NotificationService: Muting recently noisy 0|com.android.systemui|2048|null|10082
12-14 03:46:22.027 1468 1468 I GameModeConfig: isGameModeOn = true
12-14 03:46:22.027 1468 1468 I GameModeConfig: isGaming = false
12-14 03:46:22.027 1468 1468 E NotificationService: Muting recently noisy 0|com.android.systemui|2048|null|10082
12-14 03:46:22.045 1468 1468 I GameModeConfig: isGameModeOn = true
12-14 03:46:22.045 1468 1468 I GameModeConfig: isGaming = false
12-14 03:46:22.045 1468 1468 E NotificationService: Muting recently noisy 0|com.android.systemui|2048|null|10082
01-01 09:06:50.446 0 0 D : mv2112_read_status
01-01 09:06:50.446 0 0 D mv2112_update_link: 3.0x901(1G): 0x80
01-01 09:06:50.446 0 0 D mv2112_update_link: 3.0x8109(100M): 0x8
01-01 09:06:50.446 0 0 D mv2112_update_link: link 0x0
01-01 09:06:50.446 0 0 D mv2112_read_status: autoneg is disabled
01-01 09:06:51.471 0 0 D : mv2112_read_status
01-01 09:06:51.472 0 0 D mv2112_update_link: 3.0x901(1G): 0x80
01-01 09:06:51.472 0 0 D mv2112_update_link: 3.0x8109(100M): 0x8
01-01 09:06:51.472 0 0 D mv2112_update_link: link 0x0
01-01 09:06:51.472 0 0 D mv2112_read_status: autoneg is disabled
01-01 09:06:52.494 0 0 D : mv2112_read_status
01-01 09:06:52.494 0 0 D mv2112_update_link: 3.0x901(1G): 0x80
01-01 09:06:52.494 0 0 D mv2112_update_link: 3.0x8109(100M): 0x8
01-01 09:06:52.494 0 0 D mv2112_update_link: link 0x0
01-01 09:06:52.494 0 0 D mv2112_read_status: autoneg is disabled
01-01 09:06:53.518 0 0 D : mv2112_read_status
01-01 09:06:53.518 0 0 D mv2112_update_link: 3.0x901(1G): 0x80
01-01 09:06:53.519 0 0 D mv2112_update_link: 3.0x8109(100M): 0x8
01-01 09:06:53.519 0 0 D mv2112_update_link: link 0x0
01-01 09:06:53.519 0 0 D mv2112_read_status: autoneg is disabled
12-14 03:46:25.769 1468 2313 I GameModeConfig: isGameModeOn = true
12-14 03:46:25.769 1468 2313 I GameModeConfig: isGaming = false
12-14 03:46:25.770 1468 2313 I GameModeConfig: isGameModeOn = true
12-14 03:46:25.770 1468 2313 I GameModeConfig: isGaming = false
12-14 03:46:25.770 1468 2313 I GameModeConfig: isGameModeOn = true
12-14 03:46:25.770 1468 2313 I GameModeConfig: isGaming = false
12-14 03:46:25.770 1468 2313 I GameModeConfig: isGameModeOn = true
12-14 03:46:25.770 1468 2313 I GameModeConfig: isGaming = false
12-14 03:46:25.792 1468 2313 I GameModeConfig: isGameModeOn = true
12-14 03:46:25.792 1468 2313 I GameModeConfig: isGaming = false
12-14 03:46:25.793 1468 2313 I GameModeConfig: isGameModeOn = true
12-14 03:46:25.793 1468 2313 I GameModeConfig: isGaming = false
12-14 03:46:25.793 1468 2313 I GameModeConfig: isGameModeOn = true
12-14 03:46:25.793 1468 2313 I GameModeConfig: isGaming = false
12-14 03:46:25.793 1468 2313 I GameModeConfig: isGameModeOn = true
12-14 03:46:25.793 1468 2313 I GameModeConfig: isGaming = false
12-14 03:46:25.811 1468 2313 I GameModeConfig: isGameModeOn = true
12-14 03:46:25.811 1468 2313 I GameModeConfig: isGaming = false
12-14 03:46:25.811 1468 2313 I GameModeConfig: isGameModeOn = true
12-14 03:46:25.811 1468 2313 I GameModeConfig: isGaming = false
12-14 03:46:25.811 1468 2313 I GameModeConfig: isGameModeOn = true
12-14 03:46:25.811 1468 2313 I GameModeConfig: isGaming = false
12-14 03:46:25.811 1468 2313 I GameModeConfig: isGameModeOn = true
12-14 03:46:25.811 1468 2313 I GameModeConfig: isGaming = false
12-14 03:46:25.825 1468 2313 I GameModeConfig: isGameModeOn = true
12-14 03:46:25.825 1468 2313 I GameModeConfig: isGaming = false
12-14 03:46:25.825 1468 2313 I GameModeConfig: isGameModeOn = true
12-14 03:46:25.825 1468 2313 I GameModeConfig: isGaming = false
12-14 03:46:25.825 1468 2313 I GameModeConfig: isGameModeOn = true
12-14 03:46:25.825 1468 2313 I GameModeConfig: isGaming = false
12-14 03:46:25.826 1468 2313 I GameModeConfig: isGameModeOn = true
12-14 03:46:25.826 1468 2313 I GameModeConfig: isGaming = false
12-14 03:46:25.838 1468 2313 I GameModeConfig: isGameModeOn = true
12-14 03:46:25.838 1468 2313 I GameModeConfig: isGaming = false
12-14 03:46:25.838 1468 2313 I GameModeConfig: isGameModeOn = true
12-14 03:46:25.838 1468 2313 I GameModeConfig: isGaming = false
12-14 03:46:25.838 1468 2313 I GameModeConfig: isGameModeOn = true
12-14 03:46:25.838 1468 2313 I GameModeConfig: isGaming = false
12-14 03:46:25.838 1468 2313 I GameModeConfig: isGameModeOn = true
12-14 03:46:25.838 1468 2313 I GameModeConfig: isGaming = false
12-14 03:46:25.851 1468 2313 I GameModeConfig: isGameModeOn = true
12-14 03:46:25.851 1468 2313 I GameModeConfig: isGaming = false
12-14 03:46:25.851 1468 2313 I GameModeConfig: isGameModeOn = true
12-14 03:46:25.851 1468 2313 I GameModeConfig: isGaming = false
12-14 03:46:25.851 1468 2313 I GameModeConfig: isGameModeOn = true
12-14 03:46:25.851 1468 2313 I GameModeConfig: isGaming = false
12-14 03:46:25.851 1468 2313 I GameModeConfig: isGameModeOn = true
12-14 03:46:25.851 1468 2313 I GameModeConfig: isGaming = false
12-14 03:46:25.868 1468 2313 I GameModeConfig: isGameModeOn = true
12-14 03:46:25.868 1468 2313 I GameModeConfig: isGaming = false
12-14 03:46:25.868 1468 2313 I GameModeConfig: isGameModeOn = true
12-14 03:46:25.868 1468 2313 I GameModeConfig: isGaming = false
12-14 03:46:25.869 1468 2313 I GameModeConfig: isGameModeOn = true
12-14 03:46:25.869 1468 2313 I GameModeConfig: isGaming = false
12-14 03:46:25.869 1468 2313 I GameModeConfig: isGameModeOn = true
12-14 03:46:25.869 1468 2313 I GameModeConfig: isGaming = false
12-14 03:46:25.884 1468 2313 I GameModeConfig: isGameModeOn = true
12-14 03:46:25.884 1468 2313 I GameModeConfig: isGaming = false
12-14 03:46:25.885 1468 2313 I GameModeConfig: isGameModeOn = true
12-14 03:46:25.885 1468 2313 I GameModeConfig: isGaming = false
12-14 03:46:25.885 1468 2313 I GameModeConfig: isGameModeOn = true
12-14 03:46:25.885 1468 2313 I GameModeConfig: isGaming = false
12-14 03:46:25.885 1468 2313 I GameModeConfig: isGameModeOn = true
12-14 03:46:25.885 1468 2313 I GameModeConfig: isGaming = false
12-14 03:46:25.901 1468 2313 I GameModeConfig: isGameModeOn = true
12-14 03:46:25.901 1468 2313 I GameModeConfig: isGaming = false
12-14 03:46:25.902 1468 2313 I GameModeConfig: isGameModeOn = true
12-14 03:46:25.902 1468 2313 I GameModeConfig: isGaming = false
12-14 03:46:25.902 1468 2313 I GameModeConfig: isGameModeOn = true
12-14 03:46:25.902 1468 2313 I GameModeConfig: isGaming = false
12-14 03:46:25.902 1468 2313 I GameModeConfig: isGameModeOn = true
12-14 03:46:25.902 1468 2313 I GameModeConfig: isGaming = false
12-14 03:46:25.919 1468 2313 I GameModeConfig: isGameModeOn = true
12-14 03:46:25.919 1468 2313 I GameModeConfig: isGaming = false
12-14 03:46:25.919 1468 2313 I GameModeConfig: isGameModeOn = true
12-14 03:46:25.919 1468 2313 I GameModeConfig: isGaming = false
12-14 03:46:25.919 1468 2313 I GameModeConfig: isGameModeOn = true
12-14 03:46:25.919 1468 2313 I GameModeConfig: isGaming = false
12-14 03:46:25.919 1468 2313 I GameModeConfig: isGameModeOn = true
12-14 03:46:25.919 1468 2313 I GameModeConfig: isGaming = false
12-14 03:46:25.934 1468 2313 I GameModeConfig: isGameModeOn = true
12-14 03:46:25.934 1468 2313 I GameModeConfig: isGaming = false
12-14 03:46:25.935 1468 2313 I GameModeConfig: isGameModeOn = true
12-14 03:46:25.935 1468 2313 I GameModeConfig: isGaming = false
12-14 03:46:25.935 1468 2313 I GameModeConfig: isGameModeOn = true
12-14 03:46:25.935 1468 2313 I GameModeConfig: isGaming = false
12-14 03:46:25.935 1468 2313 I GameModeConfig: isGameModeOn = true
12-14 03:46:25.935 1468 2313 I GameModeConfig: isGaming = false
12-14 03:46:25.951 1468 2313 I GameModeConfig: isGameModeOn = true
12-14 03:46:25.951 1468 2313 I GameModeConfig: isGaming = false
12-14 03:46:25.951 1468 2313 I GameModeConfig: isGameModeOn = true
12-14 03:46:25.951 1468 2313 I GameModeConfig: isGaming = false
12-14 03:46:25.951 1468 2313 I GameModeConfig: isGameModeOn = true
12-14 03:46:25.951 1468 2313 I GameModeConfig: isGaming = false
12-14 03:46:25.951 1468 2313 I GameModeConfig: isGameModeOn = true
12-14 03:46:25.951 1468 2313 I GameModeConfig: isGaming = false
12-14 03:46:25.969 1468 2313 I GameModeConfig: isGameModeOn = true
12-14 03:46:25.969 1468 2313 I GameModeConfig: isGaming = false
12-14 03:46:25.969 1468 2313 I GameModeConfig: isGameModeOn = true
12-14 03:46:25.969 1468 2313 I GameModeConfig: isGaming = false
12-14 03:46:25.969 1468 2313 I GameModeConfig: isGameModeOn = true
12-14 03:46:25.969 1468 2313 I GameModeConfig: isGaming = false
12-14 03:46:25.970 1468 2313 I GameModeConfig: isGameModeOn = true
12-14 03:46:25.970 1468 2313 I GameModeConfig: isGaming = false
12-14 03:46:25.973 1468 1468 I GameModeConfig: isGameModeOn = true
12-14 03:46:25.973 1468 1468 I GameModeConfig: isGaming = false
12-14 03:46:25.986 1468 2313 I GameModeConfig: isGameModeOn = true
12-14 03:46:25.986 1468 2313 I GameModeConfig: isGaming = false
12-14 03:46:25.987 1468 2313 I GameModeConfig: isGameModeOn = true
12-14 03:46:25.987 1468 2313 I GameModeConfig: isGaming = false
12-14 03:46:25.987 1468 2313 I GameModeConfig: isGameModeOn = true
12-14 03:46:25.987 1468 2313 I GameModeConfig: isGaming = false
12-14 03:46:25.987 1468 2313 I GameModeConfig: isGameModeOn = true
12-14 03:46:25.987 1468 2313 I GameModeConfig: isGaming = false
12-14 03:46:25.996 1468 1468 I GameModeConfig: isGameModeOn = true
12-14 03:46:25.996 1468 1468 I GameModeConfig: isGaming = false
12-14 03:46:25.996 1468 1468 E NotificationService: Muting recently noisy 0|com.android.systemui|2048|null|10082
12-14 03:46:26.002 1468 2313 I GameModeConfig: isGameModeOn = true
12-14 03:46:26.002 1468 2313 I GameModeConfig: isGaming = false
12-14 03:46:26.002 1468 2313 I GameModeConfig: isGameModeOn = true
12-14 03:46:26.002 1468 2313 I GameModeConfig: isGaming = false
12-14 03:46:26.002 1468 2313 I GameModeConfig: isGameModeOn = true
12-14 03:46:26.002 1468 2313 I GameModeConfig: isGaming = false
12-14 03:46:26.002 1468 2313 I GameModeConfig: isGameModeOn = true
12-14 03:46:26.002 1468 2313 I GameModeConfig: isGaming = false
12-14 03:46:26.013 1468 1468 I GameModeConfig: isGameModeOn = true
12-14 03:46:26.013 1468 1468 I GameModeConfig: isGaming = false
12-14 03:46:26.013 1468 1468 E NotificationService: Muting recently noisy 0|com.android.systemui|2048|null|10082
12-14 03:46:26.018 1468 2313 I GameModeConfig: isGameModeOn = true
12-14 03:46:26.021 1468 2313 I GameModeConfig: isGaming = false
12-14 03:46:26.021 1468 2313 I GameModeConfig: isGameModeOn = true
12-14 03:46:26.021 1468 2313 I GameModeConfig: isGaming = false
12-14 03:46:26.021 1468 2313 I GameModeConfig: isGameModeOn = true
12-14 03:46:26.021 1468 2313 I GameModeConfig: isGaming = false
12-14 03:46:26.022 1468 2313 I GameModeConfig: isGameModeOn = true
12-14 03:46:26.022 1468 2313 I GameModeConfig: isGaming = false
12-14 03:46:26.028 1468 1468 I GameModeConfig: isGameModeOn = true
12-14 03:46:26.028 1468 1468 I GameModeConfig: isGaming = false
12-14 03:46:26.029 1468 1468 E NotificationService: Muting recently noisy 0|com.android.systemui|2048|null|10082
12-14 03:46:26.041 1468 1468 I GameModeConfig: isGameModeOn = true
12-14 03:46:26.041 1468 1468 I GameModeConfig: isGaming = false
12-14 03:46:26.041 1468 1468 E NotificationService: Muting recently noisy 0|com.android.systemui|2048|null|10082
12-14 03:46:26.045 1468 2313 I GameModeConfig: isGameModeOn = true
12-14 03:46:26.045 1468 2313 I GameModeConfig: isGaming = false
12-14 03:46:26.045 1468 2313 I GameModeConfig: isGameModeOn = true
12-14 03:46:26.045 1468 2313 I GameModeConfig: isGaming = false
12-14 03:46:26.045 1468 2313 I GameModeConfig: isGameModeOn = true
12-14 03:46:26.045 1468 2313 I GameModeConfig: isGaming = false
12-14 03:46:26.045 1468 2313 I GameModeConfig: isGameModeOn = true
12-14 03:46:26.045 1468 2313 I GameModeConfig: isGaming = false
12-14 03:46:26.053 1468 1468 I GameModeConfig: isGameModeOn = true
12-14 03:46:26.054 1468 1468 I GameModeConfig: isGaming = false
12-14 03:46:26.054 1468 1468 E NotificationService: Muting recently noisy 0|com.android.systemui|2048|null|10082
12-14 03:46:26.075 1468 1468 I GameModeConfig: isGameModeOn = true
12-14 03:46:26.075 1468 1468 I GameModeConfig: isGaming = false
12-14 03:46:26.075 1468 1468 E NotificationService: Muting recently noisy 0|com.android.systemui|2048|null|10082
12-14 03:46:26.091 1468 1468 I GameModeConfig: isGameModeOn = true
12-14 03:46:26.091 1468 1468 I GameModeConfig: isGaming = false
12-14 03:46:26.091 1468 1468 E NotificationService: Muting recently noisy 0|com.android.systemui|2048|null|10082
12-14 03:46:26.104 1468 1468 I GameModeConfig: isGameModeOn = true
12-14 03:46:26.104 1468 1468 I GameModeConfig: isGaming = false
12-14 03:46:26.104 1468 1468 E NotificationService: Muting recently noisy 0|com.android.systemui|2048|null|10082
12-14 03:46:26.119 1468 1468 I GameModeConfig: isGameModeOn = true
12-14 03:46:26.119 1468 1468 I GameModeConfig: isGaming = false
12-14 03:46:26.119 1468 1468 E NotificationService: Muting recently noisy 0|com.android.systemui|2048|null|10082
12-14 03:46:26.138 1468 1468 I GameModeConfig: isGameModeOn = true
12-14 03:46:26.138 1468 1468 I GameModeConfig: isGaming = false
12-14 03:46:26.138 1468 1468 E NotificationService: Muting recently noisy 0|com.android.systemui|2048|null|10082
12-14 03:46:26.154 1468 1468 I GameModeConfig: isGameModeOn = true
12-14 03:46:26.154 1468 1468 I GameModeConfig: isGaming = false
12-14 03:46:26.154 1468 1468 E NotificationService: Muting recently noisy 0|com.android.systemui|2048|null|10082
12-14 03:46:26.172 1468 1468 I GameModeConfig: isGameModeOn = true
12-14 03:46:26.172 1468 1468 I GameModeConfig: isGaming = false
12-14 03:46:26.172 1468 1468 E NotificationService: Muting recently noisy 0|com.android.systemui|2048|null|10082
12-14 03:46:26.188 1468 1468 I GameModeConfig: isGameModeOn = true
12-14 03:46:26.188 1468 1468 I GameModeConfig: isGaming = false
12-14 03:46:26.188 1468 1468 E NotificationService: Muting recently noisy 0|com.android.systemui|2048|null|10082
12-14 03:46:26.207 1468 1468 I GameModeConfig: isGameModeOn = true
12-14 03:46:26.207 1468 1468 I GameModeConfig: isGaming = false
12-14 03:46:26.207 1468 1468 E NotificationService: Muting recently noisy 0|com.android.systemui|2048|null|10082
12-14 03:46:26.223 1468 1468 I GameModeConfig: isGameModeOn = true
12-14 03:46:26.223 1468 1468 I GameModeConfig: isGaming = false
12-14 03:46:26.223 1468 1468 E NotificationService: Muting recently noisy 0|com.android.systemui|2048|null|10082
12-14 03:46:26.247 1468 1468 I GameModeConfig: isGameModeOn = true
12-14 03:46:26.247 1468 1468 I GameModeConfig: isGaming = false
12-14 03:46:26.247 1468 1468 E NotificationService: Muting recently noisy 0|com.android.systemui|2048|null|10082
01-01 09:06:54.546 0 0 D : mv2112_read_status
01-01 09:06:54.546 0 0 D mv2112_update_link: 3.0x901(1G): 0x80
01-01 09:06:54.546 0 0 D mv2112_update_link: 3.0x8109(100M): 0x8
01-01 09:06:54.546 0 0 D mv2112_update_link: link 0x0
01-01 09:06:54.546 0 0 D mv2112_read_status: autoneg is disabled
01-01 09:06:55.404 0 0 I btfm_slim_hw_init: PGD Enum Addr: 00:01:20:02:17: 02
01-01 09:06:55.404 0 0 I btfm_slim_hw_init: IFD Enum Addr: 00:00:20:02:17: 02
01-01 09:06:55.404 0 0 I btfm_slim_hw_init: chipset soc version:400a0200
01-01 09:06:55.404 0 0 I btfm_slim_hw_init: chipset is hastings 2.0, overwriting EA
01-01 09:06:55.404 0 0 I btfm_slim_hw_init: PGD Enum Addr: 00:01:20:02:17: 02
01-01 09:06:55.404 0 0 I btfm_slim_hw_init: IFD Enum Addr: 00:00:20:02:17: 02
01-01 09:06:55.404 0 0 I btfm_slim_alloc_port: chipset soc version:400a0200
01-01 09:06:55.413 0 0 I btfm_slim_enable_ch: chipset soc version:400a0200
01-01 09:06:55.413 0 0 I btfm_slim_enable_ch: channel define - prot:2, dataf:0, auxf:0
01-01 09:06:55.413 0 0 I btfm_slim_enable_ch: channel define - rates:44100, baser:2, ratem:4
01-01 09:06:55.413 0 0 I btfm_slim_enable_ch: slim_connect_sink(port: 16, ch: 157)
01-01 09:06:55.413 0 0 I btfm_slim_enable_ch: port: 16, ch: 157, grp: 0, ch->grph: 0x0, ch_hdl: 0x1d
01-01 09:06:55.414 0 0 I __afe_port_start: port id: 0x400e
01-01 09:06:55.414 0 0 I afe_find_cal_topo_id_by_port: port id: 0x400e, dev_acdb_id: 20
01-01 09:06:55.414 0 0 I afe_find_cal_topo_id_by_port: top_id:112fc acdb_id:20 afe_port_id:0x400e
01-01 09:06:55.414 0 0 I afe_get_cal_topology_id: port_id = 0x400e acdb_id = 20 topology_id = 0x112fc cal_type_index=8 ret=0
01-01 09:06:55.414 0 0 I afe_send_port_topology_id: AFE set topology id 0x112fc enable for port 0x400e ret 0
01-01 09:06:55.414 0 0 I send_afe_cal_type: cal_index is 0
01-01 09:06:55.414 0 0 I send_afe_cal_type: dev_acdb_id[119] is 20
01-01 09:06:55.414 0 0 I afe_find_cal: cal_index 0 port_id 0x400e port_index 119
01-01 09:06:55.414 0 0 I afe_find_cal: acdb_id 20 dev_acdb_id 20 sample_rate 48000 afe_sample_rates 44100
01-01 09:06:55.414 0 0 I afe_find_cal: no matching cal_block found
01-01 09:06:55.414 0 0 E : send_afe_cal_type cal_block not found!!
01-01 09:06:55.415 0 0 I afe_send_hw_delay: port_id 0x400e rate 44100 delay_usec 0 status 0
01-01 09:06:55.566 0 0 D : mv2112_read_status
01-01 09:06:55.566 0 0 D mv2112_update_link: 3.0x901(1G): 0x80
01-01 09:06:55.567 0 0 D mv2112_update_link: 3.0x8109(100M): 0x8
01-01 09:06:55.567 0 0 D mv2112_update_link: link 0x0
01-01 09:06:55.567 0 0 D mv2112_read_status: autoneg is disabled
12-14 03:46:28.040 1468 2318 W FreeFormWindowHelper: getCurrentDisplayedFreeFormTask is null
12-14 03:46:28.063 4292 4310 W ContextImpl: Calling a method in the system process without a qualified user: android.app.ContextImpl.startService:1816 android.content.ContextWrapper.startService:774 com.thundercomm.gamemode.ingame.services.GameModeActionUtils.startGameModeService:99 com.thundercomm.gamemode.ingame.services.GameModeActionUtils.startGameModeEntry:22 com.thundercomm.gamemode.ingame.services.ActivityMonitoringService$1.onActivityLaunch:127
12-14 03:46:28.068 1468 1468 I GameModeConfig: Current uri is uri = content://com.thundercomm.gamemode.api/gamemode_settings/gamemode_isgaming
12-14 03:46:28.072 1468 1468 I GameModeConfig: isGameModeOn = true
12-14 03:46:28.072 1468 1468 I GameModeConfig: isGaming = false
12-14 03:46:28.072 1468 1468 I GameModeConfig: isGameModeOn = true
12-14 03:46:28.073 1468 1468 I GameModeConfig: isGaming = false
12-14 03:46:28.073 1468 1468 I GameModeConfig: isDisableVoice = true
12-14 03:46:28.080 1468 6737 W ActivityTaskManager: getTaskSnapshot: taskId=5012 not found
12-14 03:46:28.085 1468 3298 W ActivityTaskManager: getTaskSnapshot: taskId=4012 not found
12-14 03:46:28.087 1468 6737 W ActivityTaskManager: getTaskSnapshot: taskId=3012 not found
12-14 03:46:28.087 1468 6737 W FreeFormWindowHelper: getCurrentDisplayedFreeFormTask is null
12-14 03:46:28.092 1468 6737 W ActivityTaskManager: getTaskSnapshot: taskId=1012 not found
12-14 03:46:28.094 1468 6737 W ActivityTaskManager: getTaskSnapshot: taskId=2012 not found
12-14 03:46:28.095 1468 6737 W ActivityTaskManager: getTaskSnapshot: taskId=3012 not found
12-14 03:46:28.095 1468 6737 W ActivityTaskManager: getTaskSnapshot: taskId=4012 not found
12-14 03:46:28.096 1468 6737 W ActivityTaskManager: getTaskSnapshot: taskId=5012 not found
12-14 03:46:28.103 1468 6737 W FreeFormWindowHelper: getCurrentDisplayedFreeFormTask is null
12-14 03:46:28.103 1468 3298 W ActivityTaskManager: getTaskSnapshot: taskId=5012 not found
12-14 03:46:28.103 1468 3298 W ActivityTaskManager: getTaskSnapshot: taskId=4012 not found
12-14 03:46:28.104 1468 3298 W ActivityTaskManager: getTaskSnapshot: taskId=3012 not found
12-14 03:46:28.104 1468 3298 W ActivityTaskManager: getTaskSnapshot: taskId=2012 not found
12-14 03:46:28.113 1468 2318 W ActivityTaskManager: getTaskSnapshot: taskId=1012 not found
12-14 03:46:28.115 1468 3298 W FreeFormWindowHelper: getCurrentDisplayedFreeFormTask is null
01-01 09:06:56.365 0 0 I [schedu][0x69d61a58b][03:46:28.184316] wlan: [7018:I:OSIF] scan start scan id 40979
12-14 03:46:28.193 1468 6736 W FreeFormWindowHelper: getCurrentDisplayedFreeFormTask is null
01-01 09:06:56.591 0 0 D : mv2112_read_status
01-01 09:06:56.591 0 0 D mv2112_update_link: 3.0x901(1G): 0x80
01-01 09:06:56.591 0 0 D mv2112_update_link: 3.0x8109(100M): 0x8
01-01 09:06:56.591 0 0 D mv2112_update_link: link 0x0
01-01 09:06:56.591 0 0 D mv2112_read_status: autoneg is disabled
12-14 03:46:28.851 1468 1935 W FreeFormWindowHelper: getCurrentDisplayedFreeFormTask is null
12-14 03:46:28.863 1468 1935 I ActivityTaskManager: FOREGROUND_APPLICATION_CHANGED to com.android.launcher3.uioverrides.QuickstepLauncher
12-14 03:46:28.922 4292 4310 W ContextImpl: Calling a method in the system process without a qualified user: android.app.ContextImpl.startService:1816 android.content.ContextWrapper.startService:774 com.thundercomm.gamemode.ingame.services.GameModeActionUtils.startGameModeService:99 com.thundercomm.gamemode.ingame.services.GameModeActionUtils.startGameModeEntry:22 com.thundercomm.gamemode.ingame.services.ActivityMonitoringService$1.onActivityLaunch:127
12-14 03:46:28.927 1468 1468 I GameModeConfig: Current uri is uri = content://com.thundercomm.gamemode.api/gamemode_settings/gamemode_isgaming
12-14 03:46:28.931 1468 1468 I GameModeConfig: isGameModeOn = true
12-14 03:46:28.931 1468 1468 I GameModeConfig: isGaming = false
12-14 03:46:28.931 1468 1468 I GameModeConfig: isGameModeOn = true
12-14 03:46:28.931 1468 1468 I GameModeConfig: isGaming = false
12-14 03:46:28.931 1468 1468 I GameModeConfig: isDisableVoice = true
12-14 03:46:28.984 4292 4310 W ContextImpl: Calling a method in the system process without a qualified user: android.app.ContextImpl.startService:1816 android.content.ContextWrapper.startService:774 com.thundercomm.gamemode.ingame.services.GameModeActionUtils.startGameModeService:99 com.thundercomm.gamemode.ingame.services.GameModeActionUtils.startGameModeEntry:22 com.thundercomm.gamemode.ingame.services.ActivityMonitoringService$1.onActivityLaunch:127
12-14 03:46:28.988 1468 1468 I GameModeConfig: Current uri is uri = content://com.thundercomm.gamemode.api/gamemode_settings/gamemode_isgaming
12-14 03:46:28.989 1468 1468 I GameModeConfig: isGameModeOn = true
12-14 03:46:28.989 1468 1468 I GameModeConfig: isGaming = false
12-14 03:46:28.989 1468 1468 I GameModeConfig: isGameModeOn = true
12-14 03:46:28.989 1468 1468 I GameModeConfig: isGaming = false
12-14 03:46:28.989 1468 1468 I GameModeConfig: isDisableVoice = true
01-01 09:06:57.614 0 0 D : mv2112_read_status
01-01 09:06:57.614 0 0 D mv2112_update_link: 3.0x901(1G): 0x80
01-01 09:06:57.614 0 0 D mv2112_update_link: 3.0x8109(100M): 0x8
01-01 09:06:57.614 0 0 D mv2112_update_link: link 0x0
01-01 09:06:57.614 0 0 D mv2112_read_status: autoneg is disabled
12-14 03:46:30.142 1468 3318 I ActivityTaskManager: START u0 {act=android.intent.action.MAIN cat=[android.intent.category.LAUNCHER] flg=0x10200000 cmp=com.android.gallery3d/.app.GalleryActivity bnds=[2128,110][2314,310]} from uid 10080
12-14 03:46:30.151 1468 3318 W ActivityTaskManager: Can't find TaskDisplayArea to determine support for multi window. Task id=23 attached=false
12-14 03:46:30.155 1468 3318 D CompatibilityChangeReporter: Compat change id reported: 174042980; UID 10063; state: DISABLED
12-14 03:46:30.155 1468 3318 D CompatibilityChangeReporter: Compat change id reported: 184838306; UID 10063; state: DISABLED
12-14 03:46:30.156 1468 3318 D CompatibilityChangeReporter: Compat change id reported: 185004937; UID 10063; state: DISABLED
12-14 03:46:30.156 1468 3318 D CompatibilityChangeReporter: Compat change id reported: 181136395; UID 10063; state: DISABLED
12-14 03:46:30.157 1468 3318 D CompatibilityChangeReporter: Compat change id reported: 174042936; UID 10063; state: DISABLED
12-14 03:46:30.181 1468 1935 I ActivityTaskManager: FOREGROUND_APPLICATION_CHANGED to com.android.gallery3d.app.GalleryActivity
12-14 03:46:30.181 1468 1935 I ActivityTaskManager: The Process com.android.gallery3d Already Exists in BG. So sending its PID: 6774
12-14 03:46:30.208 4292 4310 W ContextImpl: Calling a method in the system process without a qualified user: android.app.ContextImpl.startService:1816 android.content.ContextWrapper.startService:774 com.thundercomm.gamemode.ingame.services.GameModeActionUtils.startGameModeService:99 com.thundercomm.gamemode.ingame.services.GameModeActionUtils.startGameModeEntry:22 com.thundercomm.gamemode.ingame.services.ActivityMonitoringService$1.onActivityLaunch:127
12-14 03:46:30.216 1468 1468 I GameModeConfig: Current uri is uri = content://com.thundercomm.gamemode.api/gamemode_settings/gamemode_isgaming
12-14 03:46:30.219 1468 1468 I GameModeConfig: isGameModeOn = true
12-14 03:46:30.219 1468 1468 I GameModeConfig: isGaming = false
12-14 03:46:30.219 1468 1468 I GameModeConfig: isGameModeOn = true
12-14 03:46:30.219 1468 1468 I GameModeConfig: isGaming = false
12-14 03:46:30.219 1468 1468 I GameModeConfig: isDisableVoice = true
12-14 03:46:30.252 1468 1607 D CompatibilityChangeReporter: Compat change id reported: 149924527; UID 10063; state: ENABLED
12-14 03:46:30.252 1468 1607 D CompatibilityChangeReporter: Compat change id reported: 132649864; UID 10063; state: DISABLED
12-14 03:46:30.252 1468 1607 D CompatibilityChangeReporter: Compat change id reported: 182734110; UID 10063; state: DISABLED
12-14 03:46:30.275 1468 2313 I GameModeConfig: isGameModeOn = true
12-14 03:46:30.275 1468 2313 I GameModeConfig: isGaming = false
12-14 03:46:30.275 1468 2313 I GameModeConfig: isGameModeOn = true
12-14 03:46:30.275 1468 2313 I GameModeConfig: isGaming = false
12-14 03:46:30.275 1468 2313 I GameModeConfig: isGameModeOn = true
12-14 03:46:30.275 1468 2313 I GameModeConfig: isGaming = false
01-01 09:06:58.467 0 0 I binder : 6774:7815 ioctl 40046210 73f940bc94 returned -22
12-14 03:46:30.276 1468 2313 I GameModeConfig: isGameModeOn = true
12-14 03:46:30.276 1468 2313 I GameModeConfig: isGaming = false
12-14 03:46:30.300 4292 4310 W ContextImpl: Calling a method in the system process without a qualified user: android.app.ContextImpl.startService:1816 android.content.ContextWrapper.startService:774 com.thundercomm.gamemode.ingame.services.GameModeActionUtils.startGameModeService:99 com.thundercomm.gamemode.ingame.services.GameModeActionUtils.startGameModeEntry:22 com.thundercomm.gamemode.ingame.services.ActivityMonitoringService$1.onActivityLaunch:127
12-14 03:46:30.303 1468 1468 I GameModeConfig: Current uri is uri = content://com.thundercomm.gamemode.api/gamemode_settings/gamemode_isgaming
12-14 03:46:30.305 1468 1468 I GameModeConfig: isGameModeOn = true
12-14 03:46:30.305 1468 1468 I GameModeConfig: isGaming = false
12-14 03:46:30.305 1468 1468 I GameModeConfig: isGameModeOn = true
12-14 03:46:30.305 1468 1468 I GameModeConfig: isGaming = false
12-14 03:46:30.305 1468 1468 I GameModeConfig: isDisableVoice = true
01-01 09:06:58.638 0 0 D : mv2112_read_status
01-01 09:06:58.638 0 0 D mv2112_update_link: 3.0x901(1G): 0x80
01-01 09:06:58.639 0 0 D mv2112_update_link: 3.0x8109(100M): 0x8
01-01 09:06:58.639 0 0 D mv2112_update_link: link 0x0
01-01 09:06:58.639 0 0 D mv2112_read_status: autoneg is disabled
12-14 03:46:30.482 1468 1468 I GameModeConfig: isGameModeOn = true
12-14 03:46:30.482 1468 1468 I GameModeConfig: isGaming = false
01-01 09:06:58.895 0 0 I [schedu][0x6a046d01e][03:46:30.714164] wlan: [7018:I:OSIF] vdev 0, scan id 40979 type COMPLETED(1) reason COMPLETED(1) scan found 69 bss
12-14 03:46:30.797 4292 4310 W ContextImpl: Calling a method in the system process without a qualified user: android.app.ContextImpl.startService:1816 android.content.ContextWrapper.startService:774 com.thundercomm.gamemode.ingame.services.GameModeActionUtils.startGameModeService:99 com.thundercomm.gamemode.ingame.services.GameModeActionUtils.startGameModeEntry:22 com.thundercomm.gamemode.ingame.services.ActivityMonitoringService$1.onActivityLaunch:127
12-14 03:46:30.801 1468 1468 I GameModeConfig: Current uri is uri = content://com.thundercomm.gamemode.api/gamemode_settings/gamemode_isgaming
12-14 03:46:30.802 1468 1468 I GameModeConfig: isGameModeOn = true
12-14 03:46:30.802 1468 1468 I GameModeConfig: isGaming = false
12-14 03:46:30.802 1468 1468 I GameModeConfig: isGameModeOn = true
12-14 03:46:30.802 1468 1468 I GameModeConfig: isGaming = false
12-14 03:46:30.802 1468 1468 I GameModeConfig: isDisableVoice = true
01-01 09:06:59.276 0 0 I afe_close: port_id = 0x400e
01-01 09:06:59.283 0 0 I btfm_slim_disable_ch: port:16, grp: 0, ch->grph:0x0, ch->ch_hdl:0x1d
01-01 09:06:59.662 0 0 D : mv2112_read_status
01-01 09:06:59.662 0 0 D mv2112_update_link: 3.0x901(1G): 0x80
01-01 09:06:59.662 0 0 D mv2112_update_link: 3.0x8109(100M): 0x8
01-01 09:06:59.662 0 0 D mv2112_update_link: link 0x0
01-01 09:06:59.662 0 0 D mv2112_read_status: autoneg is disabled
12-14 03:46:31.671 1468 3318 W FreeFormWindowHelper: getCurrentDisplayedFreeFormTask is null
12-14 03:46:31.707 1468 1935 W FreeFormWindowHelper: getCurrentDisplayedFreeFormTask is null
12-14 03:46:31.710 4292 4310 W ContextImpl: Calling a method in the system process without a qualified user: android.app.ContextImpl.startService:1816 android.content.ContextWrapper.startService:774 com.thundercomm.gamemode.ingame.services.GameModeActionUtils.startGameModeService:99 com.thundercomm.gamemode.ingame.services.GameModeActionUtils.startGameModeEntry:22 com.thundercomm.gamemode.ingame.services.ActivityMonitoringService$1.onActivityLaunch:127
12-14 03:46:31.718 1468 1468 I GameModeConfig: Current uri is uri = content://com.thundercomm.gamemode.api/gamemode_settings/gamemode_isgaming
12-14 03:46:31.720 1468 1468 I GameModeConfig: isGameModeOn = true
12-14 03:46:31.720 1468 1468 I GameModeConfig: isGaming = false
12-14 03:46:31.720 1468 1468 I GameModeConfig: isGameModeOn = true
12-14 03:46:31.720 1468 1468 I GameModeConfig: isGaming = false
12-14 03:46:31.720 1468 1468 I GameModeConfig: isDisableVoice = true
12-14 03:46:31.741 1468 1935 W ActivityTaskManager: getTaskSnapshot: taskId=4012 not found
12-14 03:46:31.745 1468 2373 W ActivityTaskManager: getTaskSnapshot: taskId=3012 not found
12-14 03:46:31.747 1468 1935 W ActivityTaskManager: getTaskSnapshot: taskId=2012 not found
12-14 03:46:31.748 1468 1935 W FreeFormWindowHelper: getCurrentDisplayedFreeFormTask is null
12-14 03:46:31.752 1468 1935 W ActivityTaskManager: getTaskSnapshot: taskId=1012 not found
12-14 03:46:31.753 1468 1935 W ActivityTaskManager: getTaskSnapshot: taskId=2012 not found
12-14 03:46:31.753 1468 1935 W ActivityTaskManager: getTaskSnapshot: taskId=3012 not found
12-14 03:46:31.753 1468 1935 W ActivityTaskManager: getTaskSnapshot: taskId=4012 not found
12-14 03:46:31.764 1468 1935 W FreeFormWindowHelper: getCurrentDisplayedFreeFormTask is null
12-14 03:46:31.781 1468 2373 W FreeFormWindowHelper: getCurrentDisplayedFreeFormTask is null
12-14 03:46:31.822 1468 2313 I GameModeConfig: isGameModeOn = true
12-14 03:46:31.826 1468 2313 I GameModeConfig: isGaming = false
12-14 03:46:31.828 1468 2313 I GameModeConfig: isGameModeOn = true
12-14 03:46:31.828 1468 2313 I GameModeConfig: isGaming = false
