12-14 03:42:11.763 1468 1468 I GameModeConfig: isGameModeOn = true
12-14 03:42:11.763 1468 1468 I GameModeConfig: isGaming = false
12-14 03:42:11.775 1468 2313 I GameModeConfig: isGameModeOn = true
12-14 03:42:11.775 1468 2313 I GameModeConfig: isGaming = false
12-14 03:42:11.775 1468 2313 I GameModeConfig: isGameModeOn = true
12-14 03:42:11.776 1468 2313 I GameModeConfig: isGaming = false
12-14 03:42:11.776 1468 2313 I GameModeConfig: isGameModeOn = true
12-14 03:42:11.776 1468 2313 I GameModeConfig: isGaming = false
12-14 03:42:11.776 1468 2313 I GameModeConfig: isGameModeOn = true
12-14 03:42:11.776 1468 2313 I GameModeConfig: isGaming = false
12-14 03:42:11.781 1468 1468 I GameModeConfig: isGameModeOn = true
12-14 03:42:11.781 1468 1468 I GameModeConfig: isGaming = false
12-14 03:42:11.781 1468 1468 E NotificationService: Muting recently noisy 0|com.android.systemui|2048|null|10082
12-14 03:42:11.792 1468 1468 I GameModeConfig: isGameModeOn = true
12-14 03:42:11.792 1468 1468 I GameModeConfig: isGaming = false
12-14 03:42:11.792 1468 1468 E NotificationService: Muting recently noisy 0|com.android.systemui|2048|null|10082
12-14 03:42:11.794 1468 1635 W ActivityTaskManager: Can't find TaskDisplayArea to determine support for multi window. Task id=21 attached=false
12-14 03:42:11.794 1468 1635 W ActivityTaskManager: Can't find TaskDisplayArea to determine support for multi window. Task id=21 attached=false
12-14 03:42:11.796 1468 2313 I GameModeConfig: isGameModeOn = true
12-14 03:42:11.796 1468 2313 I GameModeConfig: isGaming = false
12-14 03:42:11.796 1468 2313 I GameModeConfig: isGameModeOn = true
12-14 03:42:11.796 1468 2313 I GameModeConfig: isGaming = false
12-14 03:42:11.796 1468 2313 I GameModeConfig: isGameModeOn = true
12-14 03:42:11.796 1468 2313 I GameModeConfig: isGaming = false
12-14 03:42:11.796 1468 2313 I GameModeConfig: isGameModeOn = true
12-14 03:42:11.796 1468 2313 I GameModeConfig: isGaming = false
12-14 03:42:11.807 1468 2313 I GameModeConfig: isGameModeOn = true
12-14 03:42:11.807 1468 2313 I GameModeConfig: isGaming = false
12-14 03:42:11.807 1468 2313 I GameModeConfig: isGameModeOn = true
12-14 03:42:11.807 1468 2313 I GameModeConfig: isGaming = false
12-14 03:42:11.807 1468 2313 I GameModeConfig: isGameModeOn = true
12-14 03:42:11.807 1468 2313 I GameModeConfig: isGaming = false
12-14 03:42:11.807 1468 2313 I GameModeConfig: isGameModeOn = true
12-14 03:42:11.807 1468 2313 I GameModeConfig: isGaming = false
12-14 03:42:11.810 1468 1468 I GameModeConfig: isGameModeOn = true
12-14 03:42:11.810 1468 1468 I GameModeConfig: isGaming = false
12-14 03:42:11.810 1468 1468 E NotificationService: Muting recently noisy 0|com.android.systemui|2048|null|10082
12-14 03:42:11.826 1468 1468 I GameModeConfig: isGameModeOn = true
12-14 03:42:11.826 1468 1468 I GameModeConfig: isGaming = false
12-14 03:42:11.827 1468 1468 E NotificationService: Muting recently noisy 0|com.android.systemui|2048|null|10082
12-14 03:42:11.836 1468 2313 I GameModeConfig: isGameModeOn = true
12-14 03:42:11.836 1468 2313 I GameModeConfig: isGaming = false
12-14 03:42:11.836 1468 2313 I GameModeConfig: isGameModeOn = true
12-14 03:42:11.836 1468 2313 I GameModeConfig: isGaming = false
12-14 03:42:11.836 1468 2313 I GameModeConfig: isGameModeOn = true
12-14 03:42:11.836 1468 2313 I GameModeConfig: isGaming = false
12-14 03:42:11.836 1468 2313 I GameModeConfig: isGameModeOn = true
12-14 03:42:11.836 1468 2313 I GameModeConfig: isGaming = false
12-14 03:42:11.844 1468 1468 I GameModeConfig: isGameModeOn = true
12-14 03:42:11.844 1468 1468 I GameModeConfig: isGaming = false
12-14 03:42:11.844 1468 1468 E NotificationService: Muting recently noisy 0|com.android.systemui|2048|null|10082
12-14 03:42:11.863 1468 1468 I GameModeConfig: isGameModeOn = true
12-14 03:42:11.863 1468 1468 I GameModeConfig: isGaming = false
12-14 03:42:11.864 1468 1468 E NotificationService: Muting recently noisy 0|com.android.systemui|2048|null|10082
12-14 03:42:11.882 1468 1468 I GameModeConfig: isGameModeOn = true
12-14 03:42:11.882 1468 1468 I GameModeConfig: isGaming = false
12-14 03:42:11.883 1468 1468 E NotificationService: Muting recently noisy 0|com.android.systemui|2048|null|10082
12-14 03:42:11.896 1468 1468 I GameModeConfig: isGameModeOn = true
12-14 03:42:11.896 1468 1468 I GameModeConfig: isGaming = false
12-14 03:42:11.897 1468 1468 E NotificationService: Muting recently noisy 0|com.android.systemui|2048|null|10082
12-14 03:42:11.912 1468 1468 I GameModeConfig: isGameModeOn = true
12-14 03:42:11.912 1468 1468 I GameModeConfig: isGaming = false
12-14 03:42:11.912 1468 1468 E NotificationService: Muting recently noisy 0|com.android.systemui|2048|null|10082
12-14 03:42:11.929 1468 1468 I GameModeConfig: isGameModeOn = true
12-14 03:42:11.929 1468 1468 I GameModeConfig: isGaming = false
12-14 03:42:11.930 1468 1468 E NotificationService: Muting recently noisy 0|com.android.systemui|2048|null|10082
12-14 03:42:11.947 1468 1468 I GameModeConfig: isGameModeOn = true
12-14 03:42:11.947 1468 1468 I GameModeConfig: isGaming = false
12-14 03:42:11.948 1468 1468 E NotificationService: Muting recently noisy 0|com.android.systemui|2048|null|10082
12-14 03:42:11.961 1468 1468 I GameModeConfig: isGameModeOn = true
12-14 03:42:11.961 1468 1468 I GameModeConfig: isGaming = false
12-14 03:42:11.962 1468 1468 E NotificationService: Muting recently noisy 0|com.android.systemui|2048|null|10082
12-14 03:42:11.979 1468 1468 I GameModeConfig: isGameModeOn = true
12-14 03:42:11.979 1468 1468 I GameModeConfig: isGaming = false
12-14 03:42:11.979 1468 1468 E NotificationService: Muting recently noisy 0|com.android.systemui|2048|null|10082
12-14 03:42:11.996 1468 1468 I GameModeConfig: isGameModeOn = true
12-14 03:42:11.996 1468 1468 I GameModeConfig: isGaming = false
12-14 03:42:11.997 1468 1468 E NotificationService: Muting recently noisy 0|com.android.systemui|2048|null|10082
12-14 03:42:12.010 1468 1468 I GameModeConfig: isGameModeOn = true
12-14 03:42:12.010 1468 1468 I GameModeConfig: isGaming = false
12-14 03:42:12.011 1468 1468 E NotificationService: Muting recently noisy 0|com.android.systemui|2048|null|10082
01-01 09:02:40.191 0 0 I IRQ 5 : no longer affine to CPU7
12-14 03:42:12.038 1468 1468 I GameModeConfig: isGameModeOn = true
12-14 03:42:12.038 1468 1468 I GameModeConfig: isGaming = false
12-14 03:42:12.038 1468 1468 E NotificationService: Muting recently noisy 0|com.android.systemui|2048|null|10082
01-01 09:02:40.590 0 0 D : mv2112_read_status
01-01 09:02:40.591 0 0 D mv2112_update_link: 3.0x901(1G): 0x80
01-01 09:02:40.591 0 0 D mv2112_update_link: 3.0x8109(100M): 0x8
01-01 09:02:40.591 0 0 D mv2112_update_link: link 0x0
01-01 09:02:40.591 0 0 D mv2112_read_status: autoneg is disabled
01-01 09:02:40.696 0 0 I [schedu][0x578ca9d85][03:42:12.515303] wlan: [7018:I:OSIF] vdev 0, scan id 40962 type COMPLETED(1) reason COMPLETED(1) scan found 104 bss
01-01 09:02:40.851 0 0 I [schedu][0x578f7fd9e][03:42:12.670184] wlan: [7018:I:HIF] Deinitializing Runtime PM wakelock &vdev->vdev_set_key_runtime_wakelock
01-01 09:02:40.852 0 0 I [schedu][0x578f83fac][03:42:12.671065] wlan: [7018:I:HIF] Initializing Runtime PM wakelock &vdev->vdev_set_key_runtime_wakelock
01-01 09:02:40.869 0 0 I [wifi@1][0x578fd3b97][03:42:12.688077] wlan: [830:I:DP] dp_vdev_attach_wifi3: wlan_cfg_ap_bridge_enabled 0
12-14 03:42:12.687 830 830 D android.hardware.wifi@1.0-service: Successfully SetMacAddress.
12-14 03:42:12.699 1195 1195 W wificond: Scan is not started. Ignore abort request
01-01 09:02:40.880 0 0 E [wifi@1][0x579007ac8][03:42:12.699159] wlan: [7024:E:wifipos] wifi_pos_process_app_reg_req: 608: Received App Req Req pid(1056965438), len(16)
01-01 09:02:40.881 0 0 I [wifi@1][0x57900c978][03:42:12.700209] wlan: [7024:I:wifipos] wifi_pos_get_ch_info: 461: num channels: 26
01-01 09:02:40.882 0 0 I [wifi@1][0x579010ea3][03:42:12.701131] wlan: [7024:I:wifipos] wifi_pos_get_ch_info: 461: num channels: 26
01-01 09:02:41.123 0 0 I [wpa_su][0x57947a7dd][03:42:12.942107] wlan: [7028:I:SME] vdev-0: Connecting to TP-LINK_Figure_6d0405 6c:b1:58:0f:7d:3b rssi: -6 freq: 5745 akm 9 cipher: uc 6 mc 6, CC: CN
01-01 09:02:41.123 0 0 E [wpa_su][0x57947affe][03:42:12.942215] wlan: [7028:E:QDF] Cannot malloc 0 bytes @ csr_get_cfg_max_tx_power:14199
01-01 09:02:41.124 0 0 I [schedu][0x57947f327][03:42:12.943111] wlan: [7018:I:WMI] send_vdev_start_cmd_tlv: 1062: send_vdev_start_cmd_tlv: vdev_id 0 freq 5745 chanmode 10 ch_info: 0xa is_dfs 0 beacon interval 100 dtim 0 center_chan 5775 center_freq2 0 reg_info_1: 0x180000 reg_info_2: 0x1800, req->max_txpow: 0x18 Tx SS 1, Rx SS 1, ldpc_rx: 0, cac 0, regd 4, HE ops: 0req->dis_hw_ack: 0
01-01 09:02:41.146 0 0 I [soft_i][0x5794e8704][03:42:12.965563] wlan: [0:I:TXRX] HTT_T2H_MSG_TYPE_PEER_MAP msg for peer id 11 vdev id 0 n
01-01 09:02:41.146 0 0 E [soft_i][0x5794e89d3][03:42:12.965600] wlan: [0:E:DP] dp_peer_find_add_id: peer 0000000000000000 ID 11 vid 0 mac 6c:b1:58:0f:7d:3b
01-01 09:02:41.146 0 0 I [soft_i][0x5794e8b14][03:42:12.965617] wlan: [0:I:DP] dp_peer_find_add_id: ref_cnt: 2
01-01 09:02:41.146 0 0 E [soft_i][0x5794e8cf9][03:42:12.965642] wlan: [0:E:DP] dp_peer_map_ast: peer 0000000000000000 ID 38 vid 0 mac 6c:b1:58:0f:7d:3b
01-01 09:02:41.281 0 0 I [schedu][0x57975e81f][03:42:13.099977] wlan: [7018:I:PE] Auth TX: seq 1 seq num 2051 status 0 WEP 0 to 6c:b1:58:0f:7d:3b
01-01 09:02:41.289 0 0 I [schedu][0x579783d16][03:42:13.107937] wlan: [7018:I:PE] Auth TX: fail
01-01 09:02:41.291 0 0 I [schedu][0x57979139a][03:42:13.110797] wlan: [7018:I:PE] Auth RX: vdev 0 sys role 3 lim_state 5 from 6c:b1:58:0f:7d:3b rssi -7 auth_alg 0 seq 0
01-01 09:02:41.292 0 0 I [schedu][0x5797927d5][03:42:13.111067] wlan: [7018:I:PE] Assoc req TX: vdev 0 to 6c:b1:58:0f:7d:3b seq num 2052
01-01 09:02:41.303 0 0 I [schedu][0x5797c8db9][03:42:13.122665] wlan: [7018:I:PE] Assoc req TX: fail
01-01 09:02:41.414 0 0 I [schedu][0x5799cde42][03:42:13.232966] wlan: [7018:I:PE] Assoc rsp RX: subtype 0 vdev 0 sys role 3 lim state 10 rssi -8 from 6c:b1:58:0f:7d:3b
01-01 09:02:41.422 0 0 E [schedu][0x5799f6cbc][03:42:13.241692] wlan: [7018:E:QDF] Cannot malloc 0 bytes @ csr_get_cfg_max_tx_power:14199
01-01 09:02:41.422 0 0 E [schedu][0x5799f6f03][03:42:13.241722] wlan: [7018:E:QDF] Cannot malloc 0 bytes @ csr_get_cfg_max_tx_power:14199
01-01 09:02:41.425 0 0 E [soft_i][0x579a03005][03:42:13.244296] wlan: [0:E:DP] dp_tx_initialize_threshold: tx flow control threshold is set, pool size is 4096
01-01 09:02:41.426 0 0 I [schedu][0x579a067e1][03:42:13.245041] wlan: [7018:I:HDD] wlan0(vdevid-0): a2:e9:b7:9b:b8:a6 connected to 6c:b1:58:0f:7d:3b
01-01 09:02:41.436 0 0 I [dp_rx_][0x579a3645c][03:42:13.255234] wlan: [7020:I:QDF] EAPOL-1 RX: SA:6c:b1:58:0f:7d:3b DA:a2:e9:b7:9b:b8:a6
01-01 09:02:41.475 0 0 I [soft_i][0x579aee8cd][03:42:13.294547] wlan: [0:I:QDF] EAPOL-2 TX: SA:a2:e9:b7:9b:b8:a6 DA:6c:b1:58:0f:7d:3b msdu_id:0 status: nack
01-01 09:02:41.502 0 0 I [dp_rx_][0x579b6dbba][03:42:13.321679] wlan: [7020:I:QDF] EAPOL-1 RX: SA:6c:b1:58:0f:7d:3b DA:a2:e9:b7:9b:b8:a6
01-01 09:02:41.521 0 0 I [soft_i][0x579bc4caa][03:42:13.340252] wlan: [0:I:QDF] EAPOL-2 TX: SA:a2:e9:b7:9b:b8:a6 DA:6c:b1:58:0f:7d:3b msdu_id:1 status: nack
01-01 09:02:41.539 0 0 I [dp_rx_][0x579c1bbe7][03:42:13.358801] wlan: [7020:I:QDF] EAPOL-1 RX: SA:6c:b1:58:0f:7d:3b DA:a2:e9:b7:9b:b8:a6
01-01 09:02:41.559 0 0 I [soft_i][0x579c765fd][03:42:13.378136] wlan: [0:I:QDF] EAPOL-2 TX: SA:a2:e9:b7:9b:b8:a6 DA:6c:b1:58:0f:7d:3b msdu_id:1 status: nack
01-01 09:02:41.615 0 0 D : mv2112_read_status
01-01 09:02:41.615 0 0 D mv2112_update_link: 3.0x901(1G): 0x80
01-01 09:02:41.616 0 0 D mv2112_update_link: 3.0x8109(100M): 0x8
01-01 09:02:41.616 0 0 D mv2112_update_link: link 0x0
01-01 09:02:41.616 0 0 D mv2112_read_status: autoneg is disabled
01-01 09:02:41.619 0 0 I [dp_rx_][0x579d903bf][03:42:13.438266] wlan: [7020:I:QDF] EAPOL-1 RX: SA:6c:b1:58:0f:7d:3b DA:a2:e9:b7:9b:b8:a6
01-01 09:02:41.638 0 0 I [soft_i][0x579de9073][03:42:13.457208] wlan: [0:I:QDF] EAPOL-2 TX: SA:a2:e9:b7:9b:b8:a6 DA:6c:b1:58:0f:7d:3b msdu_id:1 status: nack
01-01 09:02:41.655 0 0 I [dp_rx_][0x579e37bb4][03:42:13.473999] wlan: [7020:I:QDF] EAPOL-1 RX: SA:6c:b1:58:0f:7d:3b DA:a2:e9:b7:9b:b8:a6
01-01 09:02:41.673 0 0 I [soft_i][0x579e90303][03:42:13.492869] wlan: [0:I:QDF] EAPOL-2 TX: SA:a2:e9:b7:9b:b8:a6 DA:6c:b1:58:0f:7d:3b msdu_id:1 status: nack
01-01 09:02:41.776 0 0 I [dp_rx_][0x57a072ebc][03:42:13.595852] wlan: [7020:I:QDF] EAPOL-1 RX: SA:6c:b1:58:0f:7d:3b DA:a2:e9:b7:9b:b8:a6
01-01 09:02:41.795 0 0 I [soft_i][0x57a0cbe1d][03:42:13.614831] wlan: [0:I:QDF] EAPOL-2 TX: SA:a2:e9:b7:9b:b8:a6 DA:6c:b1:58:0f:7d:3b msdu_id:1 status: nack
01-01 09:02:41.809 0 0 I [dp_rx_][0x57a10dd9b][03:42:13.628904] wlan: [7020:I:QDF] EAPOL-1 RX: SA:6c:b1:58:0f:7d:3b DA:a2:e9:b7:9b:b8:a6
01-01 09:02:41.829 0 0 I [soft_i][0x57a169780][03:42:13.648450] wlan: [0:I:QDF] EAPOL-2 TX: SA:a2:e9:b7:9b:b8:a6 DA:6c:b1:58:0f:7d:3b msdu_id:1 status: nack
01-01 09:02:41.937 0 0 I [dp_rx_][0x57a362ec5][03:42:13.756280] wlan: [7020:I:QDF] EAPOL-1 RX: SA:6c:b1:58:0f:7d:3b DA:a2:e9:b7:9b:b8:a6
01-01 09:02:41.957 0 0 I [soft_i][0x57a3c314c][03:42:13.776793] wlan: [0:I:QDF] EAPOL-2 TX: SA:a2:e9:b7:9b:b8:a6 DA:6c:b1:58:0f:7d:3b msdu_id:0 status: nack
01-01 09:02:41.991 0 0 I [soft_i][0x57a46219a][03:42:13.810717] wlan: [0:I:QDF] EAPOL-2 TX: SA:a2:e9:b7:9b:b8:a6 DA:6c:b1:58:0f:7d:3b msdu_id:2 status: nack
01-01 09:02:42.638 0 0 D : mv2112_read_status
01-01 09:02:42.638 0 0 D mv2112_update_link: 3.0x901(1G): 0x80
01-01 09:02:42.638 0 0 D mv2112_update_link: 3.0x8109(100M): 0x8
01-01 09:02:42.638 0 0 D mv2112_update_link: link 0x0
01-01 09:02:42.638 0 0 D mv2112_read_status: autoneg is disabled
12-14 03:42:14.488 1468 2467 I ActivityTaskManager: START u0 {act=android.intent.action.MAIN cmp=com.android.settings/.SubSettings (has extras)} from uid 1000
12-14 03:42:14.508 1468 2464 I ActivityTaskManager: FOREGROUND_APPLICATION_CHANGED to com.android.settings.SubSettings
12-14 03:42:14.508 1468 2464 I ActivityTaskManager: The Process com.android.settings Already Exists in BG. So sending its PID: 2925
12-14 03:42:14.509 1468 2464 W ActivityTaskManager: Tried to set launchTime (0) < mLastActivityLaunchTime (1204710)
12-14 03:42:14.534 1468 2313 I GameModeConfig: isGameModeOn = true
12-14 03:42:14.534 1468 2313 I GameModeConfig: isGaming = false
12-14 03:42:14.543 1468 2467 I ActivityTaskManager: START u0 {act=android.intent.action.MAIN cmp=com.android.settings/.homepage.SettingsHomepageActivity (has extras)} from uid 1000
12-14 03:42:14.558 1468 2467 W ActivityTaskManager: Duplicate finish request for r=ActivityRecord{701ee88 u0 com.android.settings/.SubSettings t12 f}}
12-14 03:42:14.566 1468 2464 I ActivityTaskManager: FOREGROUND_APPLICATION_CHANGED to com.android.settings.homepage.SettingsHomepageActivity
12-14 03:42:14.567 1468 2313 I GameModeConfig: isGameModeOn = true
12-14 03:42:14.568 1468 2313 I GameModeConfig: isGaming = false
12-14 03:42:14.598 1468 2313 I GameModeConfig: isGameModeOn = true
12-14 03:42:14.598 1468 2313 I GameModeConfig: isGaming = false
12-14 03:42:14.615 1468 2313 I GameModeConfig: isGameModeOn = true
12-14 03:42:14.615 1468 2313 I GameModeConfig: isGaming = false
12-14 03:42:14.628 1468 2313 I GameModeConfig: isGameModeOn = true
12-14 03:42:14.628 1468 2313 I GameModeConfig: isGaming = false
12-14 03:42:14.651 1468 2313 I GameModeConfig: isGameModeOn = true
12-14 03:42:14.652 1468 2313 I GameModeConfig: isGaming = false
12-14 03:42:14.660 1468 2313 I GameModeConfig: isGameModeOn = true
12-14 03:42:14.660 1468 2313 I GameModeConfig: isGaming = false
12-14 03:42:14.678 1468 2313 I GameModeConfig: isGameModeOn = true
12-14 03:42:14.678 1468 2313 I GameModeConfig: isGaming = false
12-14 03:42:14.679 4292 4310 W ContextImpl: Calling a method in the system process without a qualified user: android.app.ContextImpl.startService:1816 android.content.ContextWrapper.startService:774 com.thundercomm.gamemode.ingame.services.GameModeActionUtils.startGameModeService:99 com.thundercomm.gamemode.ingame.services.GameModeActionUtils.startGameModeEntry:22 com.thundercomm.gamemode.ingame.services.ActivityMonitoringService$1.onActivityLaunch:127
12-14 03:42:14.687 1468 1468 I GameModeConfig: Current uri is uri = content://com.thundercomm.gamemode.api/gamemode_settings/gamemode_isgaming
12-14 03:42:14.689 1468 1468 I GameModeConfig: isGameModeOn = true
12-14 03:42:14.689 1468 1468 I GameModeConfig: isGaming = false
12-14 03:42:14.690 1468 1468 I GameModeConfig: isGameModeOn = true
12-14 03:42:14.690 1468 1468 I GameModeConfig: isGaming = false
12-14 03:42:14.690 1468 1468 I GameModeConfig: isDisableVoice = true
12-14 03:42:14.694 1468 2313 I GameModeConfig: isGameModeOn = true
12-14 03:42:14.695 1468 2313 I GameModeConfig: isGaming = false
12-14 03:42:14.710 1468 2313 I GameModeConfig: isGameModeOn = true
12-14 03:42:14.710 1468 2313 I GameModeConfig: isGaming = false
01-01 09:02:43.000 0 0 I [dp_rx_][0x57b6d9a1a][03:42:14.819257] wlan: [7020:I:QDF] EAPOL-3 RX: SA:6c:b1:58:0f:7d:3b DA:a2:e9:b7:9b:b8:a6
01-01 09:02:43.012 0 0 E [schedu][0x57b713e45][03:42:14.831686] wlan: [7018:E:QDF] Cannot malloc 0 bytes @ csr_get_cfg_max_tx_power:14199
01-01 09:02:43.019 0 0 I [soft_i][0x57b7338d8][03:42:14.838441] wlan: [0:I:QDF] EAPOL-4 TX: SA:a2:e9:b7:9b:b8:a6 DA:6c:b1:58:0f:7d:3b msdu_id:3 status: nack
01-01 09:02:43.023 0 0 I [schedu][0x57b746129][03:42:14.842391] wlan: [7018:I:WMI] LFR3:OKC enabled
01-01 09:02:43.023 0 0 I [schedu][0x57b746232][03:42:14.842405] wlan: [7018:I:WMI] LFR3:PMKSA caching enabled
01-01 09:02:43.099 0 0 E [wifi@1][0x57b8aae00][03:42:14.918509] wlan: [830:E:HDD] hdd_enable_ns_offload: 484: Failed to cache ns request; status:4
01-01 09:02:43.110 0 0 W cnss-daemon: Invalid mac address
01-01 09:02:43.110 0 0 W cnss-daemon: failed to update gateway
01-01 09:02:43.138 0 0 I [schedu][0x57b962c01][03:42:14.957736] wlan: [7018:I:OSIF] scan start scan id 40963
01-01 09:02:43.349 0 0 I [soft_i][0x57bd3ffa1][03:42:15.168771] wlan: [0:I:QDF] DHCP-R TX: SA:a2:e9:b7:9b:b8:a6 DA:ff:ff:ff:ff:ff:ff msdu_id:3 status: nack
01-01 09:02:43.662 0 0 D : mv2112_read_status
01-01 09:02:43.662 0 0 D mv2112_update_link: 3.0x901(1G): 0x80
01-01 09:02:43.662 0 0 D mv2112_update_link: 3.0x8109(100M): 0x8
01-01 09:02:43.662 0 0 D mv2112_update_link: link 0x0
01-01 09:02:43.662 0 0 D mv2112_read_status: autoneg is disabled
01-01 09:02:43.752 0 0 I [dp_rx_][0x57c4a145b][03:42:15.571821] wlan: [7020:I:QDF] DHCP-A RX: SA:6c:b1:58:0f:7d:39 DA:a2:e9:b7:9b:b8:a6
12-14 03:42:15.671 669 722 E NetlinkEvent: NetlinkEvent::FindParam(): Parameter 'INTERFACE' not found
12-14 03:42:15.671 669 722 E NetlinkEvent: NetlinkEvent::FindParam(): Parameter 'STATE' not found
12-14 03:42:15.671 669 722 E NetlinkEvent: NetlinkEvent::FindParam(): Parameter 'TIME_NS' not found
12-14 03:42:15.671 669 722 E NetlinkEvent: NetlinkEvent::FindParam(): Parameter 'UID' not found
12-14 03:42:15.694 1468 2308 W ContextImpl: Calling a method in the system process without a qualified user: android.app.ContextImpl.sendStickyBroadcast:1559 com.android.server.ConnectivityService.sendStickyBroadcast:2811 com.android.server.ConnectivityService.sendGeneralBroadcast:2786 com.android.server.ConnectivityService.sendConnectedBroadcast:2759 com.android.server.ConnectivityService.sendLegacyNetworkBroadcast:8704
12-14 03:42:15.705 1468 1468 D CompatibilityChangeReporter: Compat change id reported: 135634846; UID 10065; state: DISABLED
12-14 03:42:15.706 1468 1643 D CompatibilityChangeReporter: Compat change id reported: 143937733; UID 10065; state: ENABLED
12-14 03:42:15.710 1468 2308 W ContextImpl: Calling a method in the system process without a qualified user: android.app.ContextImpl.sendStickyBroadcast:1559 com.android.server.ConnectivityService.sendStickyBroadcast:2811 com.android.server.ConnectivityService.sendGeneralBroadcast:2786 com.android.server.ConnectivityService.sendInetConditionBroadcast:2763 com.android.server.ConnectivityService.updateInetCondition:8451
12-14 03:42:15.715 1468 1643 I ActivityManager: Start proc 7105:com.android.webview:webview_service/u0a65 for service {com.android.webview/org.chromium.android_webview.services.AwVariationsSeedFetcher}
12-14 03:42:15.718 1468 3841 E TaskPersister: File error accessing recents directory (directory doesn't exist?).
01-01 09:02:43.909 0 0 E [wifi@1][0x57c780fbb][03:42:15.728772] wlan: [830:E:QDF] Cannot malloc 0 bytes @ csr_get_cfg_max_tx_power:14199
01-01 09:02:43.909 0 0 E [wifi@1][0x57c78166a][03:42:15.728861] wlan: [830:E:QDF] Cannot malloc 0 bytes @ csr_get_cfg_max_tx_power:14199
01-01 09:02:43.910 0 0 I [schedu][0x57c7866e4][03:42:15.729934] wlan: [7018:I:WMI] LFR3:OKC enabled
01-01 09:02:43.911 0 0 I [schedu][0x57c78675d][03:42:15.729940] wlan: [7018:I:WMI] LFR3:PMKSA caching enabled
01-01 09:02:43.911 0 0 I [schedu][0x57c787df1][03:42:15.730241] wlan: [7018:I:WMI] LFR3:OKC enabled
01-01 09:02:43.911 0 0 I [schedu][0x57c787e5f][03:42:15.730247] wlan: [7018:I:WMI] LFR3:PMKSA caching enabled
01-01 09:02:43.915 0 0 I binder : 7105:7105 ioctl 40046210 ffc07fb8 returned -22
12-14 03:42:15.741 1468 6970 D CompatibilityChangeReporter: Compat change id reported: 168419799; UID 10065; state: DISABLED
01-01 09:02:43.975 0 0 I [soft_i][0x57c8b3c98][03:42:15.794224] wlan: [0:I:QDF] ARP-RQ TX: SA:a2:e9:b7:9b:b8:a6 DA:ff:ff:ff:ff:ff:ff msdu_id:1 status: nack
01-01 09:02:44.688 0 0 D : mv2112_read_status
01-01 09:02:44.688 0 0 D mv2112_update_link: 3.0x901(1G): 0x80
01-01 09:02:44.688 0 0 D mv2112_update_link: 3.0x8109(100M): 0x8
01-01 09:02:44.688 0 0 D mv2112_update_link: link 0x0
01-01 09:02:44.688 0 0 D mv2112_read_status: autoneg is disabled
01-01 09:02:44.800 0 0 I [soft_i][0x57d7cef5b][03:42:16.619221] wlan: [0:I:QDF] ARP-RQ TX: SA:a2:e9:b7:9b:b8:a6 DA:ff:ff:ff:ff:ff:ff msdu_id:2 status: nack
01-01 09:02:44.919 0 0 I [schedu][0x57d9fda6a][03:42:16.738408] wlan: [7018:I:OSIF] vdev 0, scan id 40963 type COMPLETED(1) reason CANCELLED(2) scan found 91 bss
12-14 03:42:16.737 1195 1195 W wificond: Scan aborted
01-01 09:02:45.056 0 0 I [soft_i][0x57dc8004f][03:42:16.875446] wlan: [0:I:QDF] DNS_Q TX: SA:a2:e9:b7:9b:b8:a6 DA:6c:b1:58:0f:7d:39 msdu_id:5 status: disc
01-01 09:02:45.370 0 0 I [schedu][0x57e241be9][03:42:17.189841] wlan: [7018:I:PE] Assoc rsp RX: subtype 1 vdev 0 sys role 3 lim state 1 rssi 0 from 6c:b1:58:0f:7d:39
01-01 09:02:45.373 0 0 E [schedu][0x57e24ed8f][03:42:17.192636] wlan: [7018:E:QDF] Cannot malloc 0 bytes @ csr_get_cfg_max_tx_power:14199
01-01 09:02:45.373 0 0 E [schedu][0x57e24f034][03:42:17.192672] wlan: [7018:E:QDF] Cannot malloc 0 bytes @ csr_get_cfg_max_tx_power:14199
01-01 09:02:45.375 0 0 I [schedu][0x57e257453][03:42:17.194433] wlan: [7018:I:HDD] wlan0(vdevid-0): a2:e9:b7:9b:b8:a6 connected to 6c:b1:58:0f:7d:39
01-01 09:02:45.389 0 0 I [schedu][0x57e299b03][03:42:17.208602] wlan: [7018:I:WMA] LFR3: Posting WMA_ROAM_OFFLOAD_SYNCH_CNF
01-01 09:02:45.392 0 0 I [soft_i][0x57e2a63bd][03:42:17.211279] wlan: [0:I:TXRX] HTT_T2H_MSG_TYPE_PEER_MAP msg for peer id 12 vdev id 0 n
01-01 09:02:45.392 0 0 E [soft_i][0x57e2a6576][03:42:17.211302] wlan: [0:E:DP] dp_peer_find_add_id: peer 0000000000000000 ID 12 vid 0 mac 6c:b1:58:0f:7d:39
01-01 09:02:45.392 0 0 I [soft_i][0x57e2a66ba][03:42:17.211319] wlan: [0:I:DP] dp_peer_find_add_id: ref_cnt: 2
01-01 09:02:45.392 0 0 E [soft_i][0x57e2a67d0][03:42:17.211333] wlan: [0:E:DP] dp_peer_map_ast: peer 0000000000000000 ID 112 vid 0 mac 6c:b1:58:0f:7d:39
01-01 09:02:45.392 0 0 E [schedu][0x57e2a685a][03:42:17.211340] wlan: [7018:E:QDF] Cannot malloc 0 bytes @ csr_get_cfg_max_tx_power:14199
01-01 09:02:45.392 0 0 I [soft_i][0x57e2a6b01][03:42:17.211376] wlan: [0:I:DP] dp_addba_requestprocess_wifi3 restore BA win 64 based on addba req
01-01 09:02:45.392 0 0 I [soft_i][0x57e2a6ebc][03:42:17.211425] wlan: [0:I:TXRX] dp_htt_t2h_msg_handler: 4045: PeerID 12 BAW 63 TID 0 stat 0
01-01 09:02:45.393 0 0 I [schedu][0x57e2aa07b][03:42:17.212089] wlan: [7018:I:WMA] [03:42:16.614000] [ROAM_TRIGGER]: VDEV[0] Reason: "BEACON MISS"
01-01 09:02:45.393 0 0 I [schedu][0x57e2aa19e][03:42:17.212104] wlan: [7018:I:WMA] [03:42:16.614000] [ROAM_SCAN]: VDEV[0] Scan_type: PARTIAL {2462 5745 }
01-01 09:02:45.393 0 0 I [schedu][0x57e2aa23f][03:42:17.212112] wlan: [7018:I:WMA] ============================================================================================================================
01-01 09:02:45.393 0 0 I [schedu][0x57e2aa318][03:42:17.212123] wlan: [7018:I:WMA] AP BSSID TSTAMP CH TY ETP RSSI/SCR CU%/SCR TOT_SCR BL_RSN BL_SRC BL_TSTAMP BL_TIMEOUT(ms)
01-01 09:02:45.393 0 0 I [schedu][0x57e2aa3b2][03:42:17.212131] wlan: [7018:I:WMA] ============================================================================================================================
01-01 09:02:45.393 0 0 I [schedu][0x57e2aa4be][03:42:17.212145] wlan: [7018:I:WMA] 6c:b1:58:0f:7d:3b [03:42:16.614000] 5745 P_AP 0 128/0 0/0 860 0 0 [00:00:00.000000] 0
01-01 09:02:45.393 0 0 I [schedu][0x57e2aa5b6][03:42:17.212158] wlan: [7018:I:WMA] 6c:b1:58:0f:7d:39 [03:42:16.702000] 2462 R_AP 96 5/0 27/0 4042 0 0 [00:00:00.000000] 0
01-01 09:02:45.393 0 0 I [schedu][0x57e2aa681][03:42:17.212169] wlan: [7018:I:WMA] [03:42:17.208000] [ROAM_RESULT]: VDEV[0] SUCCESS
01-01 09:02:45.394 0 0 I [schedu][0x57e2aea0c][03:42:17.213069] wlan: [7018:I:WMI] LFR3:OKC enabled
01-01 09:02:45.395 0 0 I [schedu][0x57e2aeac3][03:42:17.213079] wlan: [7018:I:WMI] LFR3:PMKSA caching enabled
12-14 03:42:17.254 1468 1642 I DropBoxManagerService: add tag=system_server_wtf isTagEnabled=true flags=0x2
01-01 09:02:45.710 0 0 D : mv2112_read_status
01-01 09:02:45.710 0 0 D mv2112_update_link: 3.0x901(1G): 0x80
01-01 09:02:45.710 0 0 D mv2112_update_link: 3.0x8109(100M): 0x8
01-01 09:02:45.710 0 0 D mv2112_update_link: link 0x0
01-01 09:02:45.710 0 0 D mv2112_read_status: autoneg is disabled
01-01 09:02:45.768 0 0 I [schedu][0x57e989e38][03:42:17.587525] wlan: [7018:I:PE] RX: [802.11 BCN_RPT] seq:41 SSID:TP-LINK_Figure_6d0405 BSSID:6c:b1:58:0f:7d:3b Token:86 op_class:125 ch:149 meas_mode:1 meas_duration:50 max_dur: 1 sign: 0 max_meas_dur: 100
01-01 09:02:45.862 0 0 I [schedu][0x57eb44193][03:42:17.681863] wlan: [7018:I:PE] TX: [802.11 BCN_RPT] seq_no:2053 dialog_token:86 no. of APs:1 is_last_rpt:1 num_report: 1 peer:6c:b1:58:0f:7d:39
01-01 09:02:46.734 0 0 D : mv2112_read_status
01-01 09:02:46.734 0 0 D mv2112_update_link: 3.0x901(1G): 0x80
01-01 09:02:46.734 0 0 D mv2112_update_link: 3.0x8109(100M): 0x8
01-01 09:02:46.734 0 0 D mv2112_update_link: link 0x0
01-01 09:02:46.734 0 0 D mv2112_read_status: autoneg is disabled
01-01 09:02:47.758 0 0 D : mv2112_read_status
01-01 09:02:47.758 0 0 D mv2112_update_link: 3.0x901(1G): 0x80
01-01 09:02:47.758 0 0 D mv2112_update_link: 3.0x8109(100M): 0x8
01-01 09:02:47.758 0 0 D mv2112_update_link: link 0x0
01-01 09:02:47.758 0 0 D mv2112_read_status: autoneg is disabled
01-01 09:02:47.916 0 0 W [schedu][0x5810df72d][03:42:19.735698] wlan: [7018:W:PE] lim_process_probe_rsp_frame: 201: Recved Probe Resp from AP,AP-alive
01-01 09:02:47.946 0 0 I [schedu][0x58116cfa1][03:42:19.765891] wlan: [7018:I:WMA] [03:42:19.698000] [ROAM_TRIGGER]: VDEV[0] Reason: "BTM TRIGGER" Req_mode: 1 Disassoc_timer: 0validity_interval: 25500 candidate_list_cnt: 1 resp_status: 0, bss_termination_timeout: 0, mbo_assoc_retry_timeout: 0
01-01 09:02:47.947 0 0 I [schedu][0x58116d36a][03:42:19.765941] wlan: [7018:I:WMA] [03:42:19.698000] [ROAM_SCAN]: VDEV[0] Scan_type: PARTIAL {2462 5745 }
01-01 09:02:47.947 0 0 I [schedu][0x58116d540][03:42:19.765966] wlan: [7018:I:WMA] ============================================================================================================================
01-01 09:02:47.947 0 0 I [schedu][0x58116d89f][03:42:19.766011] wlan: [7018:I:WMA] AP BSSID TSTAMP CH TY ETP RSSI/SCR CU%/SCR TOT_SCR BL_RSN BL_SRC BL_TSTAMP BL_TIMEOUT(ms)
01-01 09:02:47.947 0 0 I [schedu][0x58116da5c][03:42:19.766034] wlan: [7018:I:WMA] ============================================================================================================================
01-01 09:02:47.947 0 0 I [schedu][0x58116dc40][03:42:19.766059] wlan: [7018:I:WMA] 6c:b1:58:0f:7d:39 [03:42:19.698000] 2462 P_AP 0 2/0 0/0 4042 0 0 [00:00:00.000000] 0
01-01 09:02:47.947 0 0 I [schedu][0x58116df44][03:42:19.766099] wlan: [7018:I:WMA] [03:42:19.761000] [ROAM_RESULT]: VDEV[0] FAILED Reason: NO AP FOUND
01-01 09:02:48.634 0 0 I [soft_i][0x581e02d79][03:42:20.453222] wlan: [0:I:DP] dp_addba_requestprocess_wifi3 restore BA win 64 based on addba req
01-01 09:02:48.635 0 0 I [soft_i][0x581e07ac1][03:42:20.454252] wlan: [0:I:DP] dp_addba_requestprocess_wifi3 restore BA win 64 based on addba req
01-01 09:02:48.635 0 0 I [soft_i][0x581e0a9fe][03:42:20.454882] wlan: [0:I:DP] dp_addba_requestprocess_wifi3 restore BA win 64 based on addba req
01-01 09:02:48.656 0 0 E [schedu][0x581e6b9ba][03:42:20.475572] wlan: [7018:E:DP] dp_addba_resp_tx_completion_wifi3: 2706: RxTid- 2 addba rsp tx completion failed
01-01 09:02:48.782 0 0 D : mv2112_read_status
01-01 09:02:48.782 0 0 D mv2112_update_link: 3.0x901(1G): 0x80
01-01 09:02:48.782 0 0 D mv2112_update_link: 3.0x8109(100M): 0x8
01-01 09:02:48.782 0 0 D mv2112_update_link: link 0x0
01-01 09:02:48.782 0 0 D mv2112_read_status: autoneg is disabled
12-14 03:42:21.591 1468 2313 I GameModeConfig: isGameModeOn = true
12-14 03:42:21.591 1468 2313 I GameModeConfig: isGaming = false
12-14 03:42:21.592 1468 2313 I GameModeConfig: isGameModeOn = true
12-14 03:42:21.592 1468 2313 I GameModeConfig: isGaming = false
12-14 03:42:21.592 1468 2313 I GameModeConfig: isGameModeOn = true
12-14 03:42:21.592 1468 2313 I GameModeConfig: isGaming = false
12-14 03:42:21.606 1468 2313 I GameModeConfig: isGameModeOn = true
12-14 03:42:21.607 1468 2313 I GameModeConfig: isGaming = false
12-14 03:42:21.624 1468 2313 I GameModeConfig: isGameModeOn = true
12-14 03:42:21.624 1468 2313 I GameModeConfig: isGaming = false
01-01 09:02:49.806 0 0 D : mv2112_read_status
01-01 09:02:49.806 0 0 D mv2112_update_link: 3.0x901(1G): 0x80
01-01 09:02:49.807 0 0 D mv2112_update_link: 3.0x8109(100M): 0x8
01-01 09:02:49.807 0 0 D mv2112_update_link: link 0x0
01-01 09:02:49.807 0 0 D mv2112_read_status: autoneg is disabled
12-14 03:42:21.643 1468 2313 I GameModeConfig: isGameModeOn = true
12-14 03:42:21.643 1468 2313 I GameModeConfig: isGaming = false
12-14 03:42:21.657 1468 2313 I GameModeConfig: isGameModeOn = true
12-14 03:42:21.657 1468 2313 I GameModeConfig: isGaming = false
12-14 03:42:21.680 1468 2313 I GameModeConfig: isGameModeOn = true
12-14 03:42:21.680 1468 2313 I GameModeConfig: isGaming = false
12-14 03:42:21.692 1468 2313 I GameModeConfig: isGameModeOn = true
12-14 03:42:21.692 1468 2313 I GameModeConfig: isGaming = false
12-14 03:42:21.707 1468 2313 I GameModeConfig: isGameModeOn = true
12-14 03:42:21.707 1468 2313 I GameModeConfig: isGaming = false
12-14 03:42:21.725 1468 2313 I GameModeConfig: isGameModeOn = true
12-14 03:42:21.725 1468 2313 I GameModeConfig: isGaming = false
12-14 03:42:21.741 1468 2313 I GameModeConfig: isGameModeOn = true
12-14 03:42:21.741 1468 2313 I GameModeConfig: isGaming = false
12-14 03:42:21.757 1468 2313 I GameModeConfig: isGameModeOn = true
12-14 03:42:21.757 1468 2313 I GameModeConfig: isGaming = false
12-14 03:42:21.766 1468 2313 I GameModeConfig: isGameModeOn = true
12-14 03:42:21.766 1468 2313 I GameModeConfig: isGaming = false
12-14 03:42:21.776 1468 2313 I GameModeConfig: isGameModeOn = true
12-14 03:42:21.776 1468 2313 I GameModeConfig: isGaming = false
12-14 03:42:21.782 1468 2313 I GameModeConfig: isGameModeOn = true
12-14 03:42:21.782 1468 2313 I GameModeConfig: isGaming = false
12-14 03:42:21.793 1468 2313 I GameModeConfig: isGameModeOn = true
12-14 03:42:21.793 1468 2313 I GameModeConfig: isGaming = false
12-14 03:42:21.796 1468 2313 I GameModeConfig: isGameModeOn = true
12-14 03:42:21.796 1468 2313 I GameModeConfig: isGaming = false
12-14 03:42:21.808 1468 2313 I GameModeConfig: isGameModeOn = true
12-14 03:42:21.808 1468 2313 I GameModeConfig: isGaming = false
12-14 03:42:21.810 1468 2313 I GameModeConfig: isGameModeOn = true
12-14 03:42:21.810 1468 2313 I GameModeConfig: isGaming = false
12-14 03:42:21.827 1468 2313 I GameModeConfig: isGameModeOn = true
12-14 03:42:21.827 1468 2313 I GameModeConfig: isGaming = false
12-14 03:42:21.835 1468 2313 I GameModeConfig: isGameModeOn = true
12-14 03:42:21.835 1468 2313 I GameModeConfig: isGaming = false
12-14 03:42:21.844 1468 2313 I GameModeConfig: isGameModeOn = true
12-14 03:42:21.844 1468 2313 I GameModeConfig: isGaming = false
12-14 03:42:21.863 1468 2313 I GameModeConfig: isGameModeOn = true
12-14 03:42:21.863 1468 2313 I GameModeConfig: isGaming = false
12-14 03:42:21.883 1468 2313 I GameModeConfig: isGameModeOn = true
12-14 03:42:21.883 1468 2313 I GameModeConfig: isGaming = false
12-14 03:42:21.896 1468 2313 I GameModeConfig: isGameModeOn = true
12-14 03:42:21.897 1468 2313 I GameModeConfig: isGaming = false
12-14 03:42:21.913 1468 2313 I GameModeConfig: isGameModeOn = true
12-14 03:42:21.913 1468 2313 I GameModeConfig: isGaming = false
12-14 03:42:21.930 1468 2313 I GameModeConfig: isGameModeOn = true
12-14 03:42:21.930 1468 2313 I GameModeConfig: isGaming = false
12-14 03:42:21.947 1468 2313 I GameModeConfig: isGameModeOn = true
12-14 03:42:21.948 1468 2313 I GameModeConfig: isGaming = false
12-14 03:42:21.962 1468 2313 I GameModeConfig: isGameModeOn = true
12-14 03:42:21.962 1468 2313 I GameModeConfig: isGaming = false
12-14 03:42:21.980 1468 2313 I GameModeConfig: isGameModeOn = true
12-14 03:42:21.980 1468 2313 I GameModeConfig: isGaming = false
12-14 03:42:21.997 1468 2313 I GameModeConfig: isGameModeOn = true
12-14 03:42:21.997 1468 2313 I GameModeConfig: isGaming = false
12-14 03:42:22.010 1468 2313 I GameModeConfig: isGameModeOn = true
12-14 03:42:22.011 1468 2313 I GameModeConfig: isGaming = false
12-14 03:42:22.038 1468 2313 I GameModeConfig: isGameModeOn = true
12-14 03:42:22.038 1468 2313 I GameModeConfig: isGaming = false
01-01 09:02:50.343 0 0 I [schedu][0x583d5071f][03:42:22.162791] wlan: [7018:I:WMA] [03:42:19.765000] [ROAM_TRIGGER]: VDEV[0] Reason: "BTM TRIGGER" Sub-Reason: FULL SCANReq_mode: 1 Disassoc_timer: 0validity_interval: 25500 candidate_list_cnt: 1 resp_status: 0, bss_termination_timeout: 0, mbo_assoc_retry_timeout: 0
01-01 09:02:50.343 0 0 I [schedu][0x583d50abf][03:42:22.162839] wlan: [7018:I:WMA] [03:42:19.765000] [ROAM_SCAN]: VDEV[0] Scan_type: FULL
01-01 09:02:50.343 0 0 I [schedu][0x583d50c14][03:42:22.162857] wlan: [7018:I:WMA] ============================================================================================================================
01-01 09:02:50.343 0 0 I [schedu][0x583d50dd3][03:42:22.162880] wlan: [7018:I:WMA] AP BSSID TSTAMP CH TY ETP RSSI/SCR CU%/SCR TOT_SCR BL_RSN BL_SRC BL_TSTAMP BL_TIMEOUT(ms)
01-01 09:02:50.343 0 0 I [schedu][0x583d50f0c][03:42:22.162896] wlan: [7018:I:WMA] ============================================================================================================================
01-01 09:02:50.343 0 0 I [schedu][0x583d51142][03:42:22.162926] wlan: [7018:I:WMA] 6c:b1:58:0f:7d:39 [03:42:19.766000] 2462 P_AP 0 2/0 0/0 4042 0 0 [00:00:00.000000] 0
01-01 09:02:50.344 0 0 I [schedu][0x583d5130e][03:42:22.162950] wlan: [7018:I:WMA] [03:42:22.160000] [ROAM_RESULT]: VDEV[0] FAILED Reason: NO AP FOUND
01-01 09:02:50.348 0 0 I [schedu][0x583d643fd][03:42:22.167015] wlan: [7018:I:OSIF] scan start scan id 40965
01-01 09:02:50.830 0 0 D : mv2112_read_status
01-01 09:02:50.830 0 0 D mv2112_update_link: 3.0x901(1G): 0x80
01-01 09:02:50.831 0 0 D mv2112_update_link: 3.0x8109(100M): 0x8
01-01 09:02:50.831 0 0 D mv2112_update_link: link 0x0
01-01 09:02:50.831 0 0 D mv2112_read_status: autoneg is disabled
01-01 09:02:51.854 0 0 D : mv2112_read_status
01-01 09:02:51.854 0 0 D mv2112_update_link: 3.0x901(1G): 0x80
01-01 09:02:51.854 0 0 D mv2112_update_link: 3.0x8109(100M): 0x8
01-01 09:02:51.854 0 0 D mv2112_update_link: link 0x0
01-01 09:02:51.854 0 0 D mv2112_read_status: autoneg is disabled
01-01 09:02:52.138 0 0 I [schedu][0x585e2aa6c][03:42:23.956968] wlan: [7018:I:OSIF] vdev 0, scan id 40965 type COMPLETED(1) reason COMPLETED(1) scan found 82 bss
01-01 09:02:52.878 0 0 D : mv2112_read_status
01-01 09:02:52.878 0 0 D mv2112_update_link: 3.0x901(1G): 0x80
01-01 09:02:52.878 0 0 D mv2112_update_link: 3.0x8109(100M): 0x8
01-01 09:02:52.878 0 0 D mv2112_update_link: link 0x0
01-01 09:02:52.878 0 0 D mv2112_read_status: autoneg is disabled
01-01 09:02:53.902 0 0 D : mv2112_read_status
01-01 09:02:53.902 0 0 D mv2112_update_link: 3.0x901(1G): 0x80
01-01 09:02:53.902 0 0 D mv2112_update_link: 3.0x8109(100M): 0x8
01-01 09:02:53.902 0 0 D mv2112_update_link: link 0x0
01-01 09:02:53.902 0 0 D mv2112_read_status: autoneg is disabled
01-01 09:02:54.926 0 0 D : mv2112_read_status
01-01 09:02:54.926 0 0 D mv2112_update_link: 3.0x901(1G): 0x80
01-01 09:02:54.926 0 0 D mv2112_update_link: 3.0x8109(100M): 0x8
01-01 09:02:54.926 0 0 D mv2112_update_link: link 0x0
01-01 09:02:54.926 0 0 D mv2112_read_status: autoneg is disabled
12-14 03:42:26.806 1468 1641 I UsageStatsService: User[0] Flushing usage stats to disk
01-01 09:02:55.950 0 0 D : mv2112_read_status
01-01 09:02:55.950 0 0 D mv2112_update_link: 3.0x901(1G): 0x80
01-01 09:02:55.951 0 0 D mv2112_update_link: 3.0x8109(100M): 0x8
01-01 09:02:55.951 0 0 D mv2112_update_link: link 0x0
01-01 09:02:55.951 0 0 D mv2112_read_status: autoneg is disabled
01-01 09:02:56.974 0 0 D : mv2112_read_status
01-01 09:02:56.974 0 0 D mv2112_update_link: 3.0x901(1G): 0x80
01-01 09:02:56.975 0 0 D mv2112_update_link: 3.0x8109(100M): 0x8
01-01 09:02:56.975 0 0 D mv2112_update_link: link 0x0
01-01 09:02:56.975 0 0 D mv2112_read_status: autoneg is disabled
01-01 09:02:57.998 0 0 D : mv2112_read_status
01-01 09:02:57.998 0 0 D mv2112_update_link: 3.0x901(1G): 0x80
01-01 09:02:57.999 0 0 D mv2112_update_link: 3.0x8109(100M): 0x8
01-01 09:02:57.999 0 0 D mv2112_update_link: link 0x0
01-01 09:02:57.999 0 0 D mv2112_read_status: autoneg is disabled
01-01 09:02:59.022 0 0 D : mv2112_read_status
01-01 09:02:59.023 0 0 D mv2112_update_link: 3.0x901(1G): 0x80
01-01 09:02:59.023 0 0 D mv2112_update_link: 3.0x8109(100M): 0x8
01-01 09:02:59.023 0 0 D mv2112_update_link: link 0x0
01-01 09:02:59.023 0 0 D mv2112_read_status: autoneg is disabled
01-01 09:02:59.982 0 0 I [schedu][0x58edcc6f1][03:42:31.801188] wlan: [7018:I:OSIF] scan start scan id 40966
01-01 09:03:00.046 0 0 D : mv2112_read_status
01-01 09:03:00.046 0 0 D mv2112_update_link: 3.0x901(1G): 0x80
01-01 09:03:00.047 0 0 D mv2112_update_link: 3.0x8109(100M): 0x8
01-01 09:03:00.047 0 0 D mv2112_update_link: link 0x0
01-01 09:03:00.047 0 0 D mv2112_read_status: autoneg is disabled
01-01 09:03:01.070 0 0 D : mv2112_read_status
01-01 09:03:01.070 0 0 D mv2112_update_link: 3.0x901(1G): 0x80
01-01 09:03:01.070 0 0 D mv2112_update_link: 3.0x8109(100M): 0x8
01-01 09:03:01.070 0 0 D mv2112_update_link: link 0x0
01-01 09:03:01.070 0 0 D mv2112_read_status: autoneg is disabled
01-01 09:03:01.865 0 0 I [schedu][0x591045ede][03:42:33.683961] wlan: [7018:I:OSIF] vdev 0, scan id 40966 type COMPLETED(1) reason COMPLETED(1) scan found 98 bss
01-01 09:03:02.094 0 0 D : mv2112_read_status
01-01 09:03:02.094 0 0 D mv2112_update_link: 3.0x901(1G): 0x80
01-01 09:03:02.095 0 0 D mv2112_update_link: 3.0x8109(100M): 0x8
01-01 09:03:02.095 0 0 D mv2112_update_link: link 0x0
01-01 09:03:02.095 0 0 D mv2112_read_status: autoneg is disabled
01-01 09:03:03.118 0 0 D : mv2112_read_status
01-01 09:03:03.119 0 0 D mv2112_update_link: 3.0x901(1G): 0x80
01-01 09:03:03.119 0 0 D mv2112_update_link: 3.0x8109(100M): 0x8
01-01 09:03:03.119 0 0 D mv2112_update_link: link 0x0
01-01 09:03:03.119 0 0 D mv2112_read_status: autoneg is disabled
01-01 09:03:04.142 0 0 D : mv2112_read_status
01-01 09:03:04.143 0 0 D mv2112_update_link: 3.0x901(1G): 0x80
01-01 09:03:04.143 0 0 D mv2112_update_link: 3.0x8109(100M): 0x8
01-01 09:03:04.143 0 0 D mv2112_update_link: link 0x0
01-01 09:03:04.143 0 0 D mv2112_read_status: autoneg is disabled
01-01 09:03:05.166 0 0 D : mv2112_read_status
01-01 09:03:05.166 0 0 D mv2112_update_link: 3.0x901(1G): 0x80
01-01 09:03:05.166 0 0 D mv2112_update_link: 3.0x8109(100M): 0x8
01-01 09:03:05.166 0 0 D mv2112_update_link: link 0x0
01-01 09:03:05.166 0 0 D mv2112_read_status: autoneg is disabled
01-01 09:03:06.190 0 0 D : mv2112_read_status
01-01 09:03:06.190 0 0 D mv2112_update_link: 3.0x901(1G): 0x80
01-01 09:03:06.191 0 0 D mv2112_update_link: 3.0x8109(100M): 0x8
01-01 09:03:06.191 0 0 D mv2112_update_link: link 0x0
01-01 09:03:06.191 0 0 D mv2112_read_status: autoneg is disabled
01-01 09:03:07.214 0 0 D : mv2112_read_status
01-01 09:03:07.214 0 0 D mv2112_update_link: 3.0x901(1G): 0x80
01-01 09:03:07.214 0 0 D mv2112_update_link: 3.0x8109(100M): 0x8
01-01 09:03:07.215 0 0 D mv2112_update_link: link 0x0
01-01 09:03:07.215 0 0 D mv2112_read_status: autoneg is disabled
01-01 09:03:08.238 0 0 D : mv2112_read_status
01-01 09:03:08.238 0 0 D mv2112_update_link: 3.0x901(1G): 0x80
01-01 09:03:08.239 0 0 D mv2112_update_link: 3.0x8109(100M): 0x8
01-01 09:03:08.239 0 0 D mv2112_update_link: link 0x0
01-01 09:03:08.239 0 0 D mv2112_read_status: autoneg is disabled
01-01 09:03:09.262 0 0 D : mv2112_read_status
01-01 09:03:09.263 0 0 D mv2112_update_link: 3.0x901(1G): 0x80
01-01 09:03:09.263 0 0 D mv2112_update_link: 3.0x8109(100M): 0x8
01-01 09:03:09.263 0 0 D mv2112_update_link: link 0x0
01-01 09:03:09.263 0 0 D mv2112_read_status: autoneg is disabled
01-01 09:03:10.023 0 0 I [schedu][0x59a5a8773][03:42:41.842368] wlan: [7018:I:OSIF] scan start scan id 40967
01-01 09:03:10.286 0 0 D : mv2112_read_status
01-01 09:03:10.286 0 0 D mv2112_update_link: 3.0x901(1G): 0x80
01-01 09:03:10.286 0 0 D mv2112_update_link: 3.0x8109(100M): 0x8
01-01 09:03:10.286 0 0 D mv2112_update_link: link 0x0
01-01 09:03:10.286 0 0 D mv2112_read_status: autoneg is disabled
01-01 09:03:11.310 0 0 D : mv2112_read_status
01-01 09:03:11.310 0 0 D mv2112_update_link: 3.0x901(1G): 0x80
01-01 09:03:11.311 0 0 D mv2112_update_link: 3.0x8109(100M): 0x8
01-01 09:03:11.311 0 0 D mv2112_update_link: link 0x0
01-01 09:03:11.311 0 0 D mv2112_read_status: autoneg is disabled
01-01 09:03:11.594 0 0 I [schedu][0x59c26cf99][03:42:43.413464] wlan: [7018:I:OSIF] vdev 0, scan id 40967 type COMPLETED(1) reason COMPLETED(1) scan found 92 bss
01-01 09:03:12.339 0 0 D : mv2112_read_status
01-01 09:03:12.340 0 0 D mv2112_update_link: 3.0x901(1G): 0x80
01-01 09:03:12.340 0 0 D mv2112_update_link: 3.0x8109(100M): 0x8
01-01 09:03:12.340 0 0 D mv2112_update_link: link 0x0
01-01 09:03:12.340 0 0 D mv2112_read_status: autoneg is disabled
01-01 09:03:13.358 0 0 D : mv2112_read_status
01-01 09:03:13.358 0 0 D mv2112_update_link: 3.0x901(1G): 0x80
01-01 09:03:13.359 0 0 D mv2112_update_link: 3.0x8109(100M): 0x8
01-01 09:03:13.359 0 0 D mv2112_update_link: link 0x0
01-01 09:03:13.359 0 0 D mv2112_read_status: autoneg is disabled
01-01 09:03:14.382 0 0 D : mv2112_read_status
01-01 09:03:14.382 0 0 D mv2112_update_link: 3.0x901(1G): 0x80
01-01 09:03:14.383 0 0 D mv2112_update_link: 3.0x8109(100M): 0x8
01-01 09:03:14.383 0 0 D mv2112_update_link: link 0x0
01-01 09:03:14.383 0 0 D mv2112_read_status: autoneg is disabled
01-01 09:03:15.406 0 0 D : mv2112_read_status
01-01 09:03:15.406 0 0 D mv2112_update_link: 3.0x901(1G): 0x80
01-01 09:03:15.407 0 0 D mv2112_update_link: 3.0x8109(100M): 0x8
01-01 09:03:15.407 0 0 D mv2112_update_link: link 0x0
01-01 09:03:15.407 0 0 D mv2112_read_status: autoneg is disabled
01-01 09:03:16.430 0 0 D : mv2112_read_status
01-01 09:03:16.430 0 0 D mv2112_update_link: 3.0x901(1G): 0x80
01-01 09:03:16.431 0 0 D mv2112_update_link: 3.0x8109(100M): 0x8
01-01 09:03:16.431 0 0 D mv2112_update_link: link 0x0
01-01 09:03:16.431 0 0 D mv2112_read_status: autoneg is disabled
01-01 09:03:17.454 0 0 D : mv2112_read_status
01-01 09:03:17.455 0 0 D mv2112_update_link: 3.0x901(1G): 0x80
01-01 09:03:17.455 0 0 D mv2112_update_link: 3.0x8109(100M): 0x8
01-01 09:03:17.455 0 0 D mv2112_update_link: link 0x0
01-01 09:03:17.455 0 0 D mv2112_read_status: autoneg is disabled
01-01 09:03:18.478 0 0 D : mv2112_read_status
01-01 09:03:18.478 0 0 D mv2112_update_link: 3.0x901(1G): 0x80
01-01 09:03:18.478 0 0 D mv2112_update_link: 3.0x8109(100M): 0x8
01-01 09:03:18.478 0 0 D mv2112_update_link: link 0x0
01-01 09:03:18.478 0 0 D mv2112_read_status: autoneg is disabled
01-01 09:03:19.504 0 0 D : mv2112_read_status
01-01 09:03:19.504 0 0 D mv2112_update_link: 3.0x901(1G): 0x80
01-01 09:03:19.504 0 0 D mv2112_update_link: 3.0x8109(100M): 0x8
01-01 09:03:19.504 0 0 D mv2112_update_link: link 0x0
01-01 09:03:19.504 0 0 D mv2112_read_status: autoneg is disabled
01-01 09:03:20.050 0 0 I [schedu][0x5a5d435fb][03:42:51.869656] wlan: [7018:I:OSIF] scan start scan id 40968
01-01 09:03:20.526 0 0 D : mv2112_read_status
01-01 09:03:20.526 0 0 D mv2112_update_link: 3.0x901(1G): 0x80
01-01 09:03:20.527 0 0 D mv2112_update_link: 3.0x8109(100M): 0x8
01-01 09:03:20.527 0 0 D mv2112_update_link: link 0x0
01-01 09:03:20.527 0 0 D mv2112_read_status: autoneg is disabled
01-01 09:03:21.550 0 0 D : mv2112_read_status
01-01 09:03:21.550 0 0 D mv2112_update_link: 3.0x901(1G): 0x80
01-01 09:03:21.550 0 0 D mv2112_update_link: 3.0x8109(100M): 0x8
01-01 09:03:21.550 0 0 D mv2112_update_link: link 0x0
01-01 09:03:21.550 0 0 D mv2112_read_status: autoneg is disabled
01-01 09:03:21.735 0 0 I [schedu][0x5a7c1a777][03:42:53.553942] wlan: [7018:I:OSIF] vdev 0, scan id 40968 type COMPLETED(1) reason COMPLETED(1) scan found 75 bss
01-01 09:03:22.574 0 0 D : mv2112_read_status
01-01 09:03:22.574 0 0 D mv2112_update_link: 3.0x901(1G): 0x80
01-01 09:03:22.574 0 0 D mv2112_update_link: 3.0x8109(100M): 0x8
01-01 09:03:22.574 0 0 D mv2112_update_link: link 0x0
01-01 09:03:22.574 0 0 D mv2112_read_status: autoneg is disabled
01-01 09:03:23.598 0 0 D : mv2112_read_status
01-01 09:03:23.598 0 0 D mv2112_update_link: 3.0x901(1G): 0x80
01-01 09:03:23.598 0 0 D mv2112_update_link: 3.0x8109(100M): 0x8
01-01 09:03:23.598 0 0 D mv2112_update_link: link 0x0
01-01 09:03:23.598 0 0 D mv2112_read_status: autoneg is disabled
12-14 03:42:55.768 1468 1642 W BroadcastQueue: Permission Denial: broadcasting Intent { act=android.net.conn.CONNECTIVITY_CHANGE flg=0x4200010 (has extras) } from null (pid=-1, uid=-1) requires com.baidu.input.permission.sofire.RECEIVE due to registered receiver BroadcastFilter{9e4e3e 10033/u0 ReceiverList{b8d6ef9 3725 com.baidu.input/10033/u0 remote:1401c0}}
01-01 09:03:24.622 0 0 D : mv2112_read_status
01-01 09:03:24.622 0 0 D mv2112_update_link: 3.0x901(1G): 0x80
01-01 09:03:24.622 0 0 D mv2112_update_link: 3.0x8109(100M): 0x8
01-01 09:03:24.622 0 0 D mv2112_update_link: link 0x0
01-01 09:03:24.622 0 0 D mv2112_read_status: autoneg is disabled
01-01 09:03:25.646 0 0 D : mv2112_read_status
01-01 09:03:25.646 0 0 D mv2112_update_link: 3.0x901(1G): 0x80
01-01 09:03:25.647 0 0 D mv2112_update_link: 3.0x8109(100M): 0x8
01-01 09:03:25.647 0 0 D mv2112_update_link: link 0x0
01-01 09:03:25.647 0 0 D mv2112_read_status: autoneg is disabled
01-01 09:03:26.670 0 0 D : mv2112_read_status
01-01 09:03:26.670 0 0 D mv2112_update_link: 3.0x901(1G): 0x80
01-01 09:03:26.671 0 0 D mv2112_update_link: 3.0x8109(100M): 0x8
01-01 09:03:26.671 0 0 D mv2112_update_link: link 0x0
01-01 09:03:26.671 0 0 D mv2112_read_status: autoneg is disabled
01-01 09:03:27.694 0 0 D : mv2112_read_status
01-01 09:03:27.694 0 0 D mv2112_update_link: 3.0x901(1G): 0x80
01-01 09:03:27.695 0 0 D mv2112_update_link: 3.0x8109(100M): 0x8
01-01 09:03:27.695 0 0 D mv2112_update_link: link 0x0
01-01 09:03:27.695 0 0 D mv2112_read_status: autoneg is disabled
01-01 09:03:28.718 0 0 D : mv2112_read_status
01-01 09:03:28.719 0 0 D mv2112_update_link: 3.0x901(1G): 0x80
01-01 09:03:28.719 0 0 D mv2112_update_link: 3.0x8109(100M): 0x8
01-01 09:03:28.719 0 0 D mv2112_update_link: link 0x0
01-01 09:03:28.719 0 0 D mv2112_read_status: autoneg is disabled
12-14 03:43:00.899 1468 1935 I ActivityTaskManager: START u0 {act=android.intent.action.MAIN cmp=com.android.settings/.SubSettings (has extras)} from uid 1000
12-14 03:43:00.923 1468 1935 I ActivityTaskManager: FOREGROUND_APPLICATION_CHANGED to com.android.settings.SubSettings
12-14 03:43:00.923 1468 1935 I ActivityTaskManager: The Process com.android.settings Already Exists in BG. So sending its PID: 2925
12-14 03:43:00.923 1468 1935 W ActivityTaskManager: Tried to set launchTime (0) < mLastActivityLaunchTime (1208021)
12-14 03:43:00.972 1468 1935 I ActivityTaskManager: START u0 {act=android.intent.action.MAIN cmp=com.android.settings/.homepage.SettingsHomepageActivity (has extras)} from uid 1000
12-14 03:43:00.985 1468 1935 W ActivityTaskManager: Duplicate finish request for r=ActivityRecord{ff848d8 u0 com.android.settings/.SubSettings t12 f}}
12-14 03:43:00.988 1468 1935 I ActivityTaskManager: FOREGROUND_APPLICATION_CHANGED to com.android.settings.homepage.SettingsHomepageActivity
12-14 03:43:01.102 4292 4310 W ContextImpl: Calling a method in the system process without a qualified user: android.app.ContextImpl.startService:1816 android.content.ContextWrapper.startService:774 com.thundercomm.gamemode.ingame.services.GameModeActionUtils.startGameModeService:99 com.thundercomm.gamemode.ingame.services.GameModeActionUtils.startGameModeEntry:22 com.thundercomm.gamemode.ingame.services.ActivityMonitoringService$1.onActivityLaunch:127
12-14 03:43:01.115 1468 1468 I GameModeConfig: Current uri is uri = content://com.thundercomm.gamemode.api/gamemode_settings/gamemode_isgaming
12-14 03:43:01.119 1468 1468 I GameModeConfig: isGameModeOn = true
12-14 03:43:01.119 1468 1468 I GameModeConfig: isGaming = false
12-14 03:43:01.123 1468 1468 I GameModeConfig: isGameModeOn = true
