12-14 03:22:35.546 1468 1468 I SystemServerTiming: OnBootPhase_600_com.android.server.MmsServiceBroker
12-14 03:22:35.546 1468 1468 I SystemServerTiming: OnBootPhase_600_com.android.server.autofill.AutofillManagerService
12-14 03:22:35.546 1468 1641 D StatsPullAtomService: Registering NetworkStats pullers with statsd
12-14 03:22:35.546 1468 1468 I SystemServerTiming: OnBootPhase_600_com.android.server.clipboard.ClipboardService
12-14 03:22:35.546 1468 1468 I SystemServerTiming: OnBootPhase_600_com.android.server.appbinding.AppBindingService$Lifecycle
12-14 03:22:35.546 1468 1468 I SystemServerTiming: OnBootPhase_600_com.android.server.tracing.TracingServiceProxy
12-14 03:22:35.547 1468 1468 I SystemServerTiming: OnBootPhase_600_com.android.server.policy.PermissionPolicyService
12-14 03:22:35.547 1468 1468 I SystemServerTiming: OnBootPhase_600_com.android.server.pm.StagingManager$Lifecycle
12-14 03:22:35.547 1468 1468 I SystemServerTiming: OnBootPhase_600_com.android.server.app.GameManagerService$Lifecycle
12-14 03:22:35.547 1468 1468 I SystemServerTiming: OnBootPhase_600_com.android.server.appsearch.AppSearchManagerService
12-14 03:22:35.547 1468 1468 I SystemServerTiming: OnBootPhase_600_com.android.server.media.MediaCommunicationService
12-14 03:22:35.547 1468 1468 I SystemServerTiming: StartNetworkStack
12-14 03:22:35.547 1468 1468 D ConnectivityModuleConnector: Starting networking module android.net.INetworkStackConnector
12-14 03:22:35.547 1468 1468 D ConnectivityModuleConnector: Starting networking module in network_stack process
12-14 03:22:35.547 1468 1631 D CompatibilityChangeReporter: Compat change id reported: 168936375; UID 1000; state: ENABLED
12-14 03:22:35.547 1468 1631 D CompatibilityChangeReporter: Compat change id reported: 168936375; UID 1000; state: DISABLED
12-14 03:22:35.550 1468 1468 D CompatibilityChangeReporter: Compat change id reported: 135634846; UID 1073; state: DISABLED
12-14 03:22:35.550 1468 1468 D CompatibilityChangeReporter: Compat change id reported: 177438394; UID 1073; state: DISABLED
12-14 03:22:35.551 1468 1468 D CompatibilityChangeReporter: Compat change id reported: 135772972; UID 1073; state: DISABLED
01-01 08:43:03.732 0 0 I binder : 2489:2489 ioctl 40046210 ffc07fb8 returned -22
12-14 03:22:35.551 1468 1468 D CompatibilityChangeReporter: Compat change id reported: 135754954; UID 1073; state: ENABLED
12-14 03:22:35.551 1468 1643 W ActivityManager: com.android.networkstack.tethering inode == 0 (b/152760674)
12-14 03:22:35.551 1468 1468 D ConnectivityModuleConnector: Networking module service start requested
12-14 03:22:35.551 1468 1468 I SystemServerTiming: StartTethering
12-14 03:22:35.551 1468 1468 D ConnectivityModuleConnector: Starting networking module android.net.ITetheringConnector
12-14 03:22:35.552 1468 1468 D ConnectivityModuleConnector: Starting networking module in network_stack process
12-14 03:22:35.554 1468 1468 D ConnectivityModuleConnector: Networking module service start requested
12-14 03:22:35.554 1468 1468 I SystemServerTiming: MakeCountryDetectionServiceReady
12-14 03:22:35.554 1468 1468 I SystemServerTiming: MakeNetworkTimeUpdateReady
12-14 03:22:35.561 1468 2464 W PackageManager: Loading a package that does not exist for the calling user. package=null, user=0
12-14 03:22:35.563 1468 1468 I SystemServerTiming: MakeInputManagerServiceReady
12-14 03:22:35.563 1468 1643 I ActivityManager: Start proc 2514:com.android.networkstack.process/1073 for service {com.android.networkstack/com.android.server.NetworkStackService}
01-01 08:43:03.745 0 0 I binder : 2490:2490 ioctl 40046210 7fe6d7b254 returned -22
12-14 03:22:35.564 1468 1468 I ActivityTaskManager: Config changes=4000 {1.0 ?mcc?mnc [zh_CN] ldltr sw680dp w1586dp h584dp 240dpi lrg long hdr land finger -keyb/v/h -nav/h winConfig={ mBounds=Rect(0, 0 - 2380, 1020) mAppBounds=Rect(0, 0 - 2380, 948) mMaxBounds=Rect(0, 0 - 2380, 1020) mWindowingMode=fullscreen mDisplayWindowingMode=fullscreen mActivityType=undefined mAlwaysOnTop=undefined mRotation=ROTATION_0} s.10 fontWeightAdjustment=0}
12-14 03:22:35.567 1468 1468 I WindowManager: Override config changes=4000 {1.0 ?mcc?mnc [zh_CN] ldltr sw680dp w1586dp h584dp 240dpi lrg long hdr land finger -keyb/v/h -nav/h winConfig={ mBounds=Rect(0, 0 - 2380, 1020) mAppBounds=Rect(0, 0 - 2380, 948) mMaxBounds=Rect(0, 0 - 2380, 1020) mWindowingMode=fullscreen mDisplayWindowingMode=fullscreen mActivityType=undefined mAlwaysOnTop=undefined mRotation=ROTATION_0} s.10 fontWeightAdjustment=0} for displayId=0
12-14 03:22:35.578 1468 1468 I SystemServerTiming: MakeTelephonyRegistryReady
12-14 03:22:35.579 1468 1468 I SystemServerTiming: MakeMediaRouterServiceReady
12-14 03:22:35.579 1468 1468 I SystemServerTiming: MakeMmsServiceReady
12-14 03:22:35.579 1468 1468 I MmsServiceBroker: Delay connecting to MmsService until an API is called
12-14 03:22:35.579 1468 1468 I SystemServerTiming: IncidentDaemonReady
12-14 03:22:35.584 1468 2449 W PackageManager: Loading a package that does not exist for the calling user. package=null, user=0
12-14 03:22:35.584 1468 1468 I SystemServerTiming: MakeIncrementalServiceReady
12-14 03:22:35.584 1468 1468 I SystemServerTiming: getCurrentUser
12-14 03:22:35.584 1468 1468 I ActivityManager: Current user:0
12-14 03:22:35.584 1468 1468 I SystemServerTiming: ActivityManagerStartApps
12-14 03:22:35.584 1468 1468 I SystemServerTiming: ssm.StartUser-0
12-14 03:22:35.584 1468 1468 I SystemServiceManager: Calling onStartUser 0
12-14 03:22:35.585 1468 1468 I SystemServerTiming: ssm.onStartUser-0_com.android.server.security.FileIntegrityService
12-14 03:22:35.585 1468 1468 I SystemServerTiming: ssm.onStartUser-0_com.android.server.pm.Installer
12-14 03:22:35.585 1468 1468 I SystemServerTiming: ssm.onStartUser-0_com.android.server.os.DeviceIdentifiersPolicyService
12-14 03:22:35.585 1468 1468 I SystemServerTiming: ssm.onStartUser-0_com.android.server.uri.UriGrantsManagerService$Lifecycle
12-14 03:22:35.585 1468 1468 I SystemServerTiming: ssm.onStartUser-0_com.android.server.powerstats.PowerStatsService
12-14 03:22:35.585 1468 1468 I SystemServerTiming: ssm.onStartUser-0_com.android.server.wm.ActivityTaskManagerService$Lifecycle
12-14 03:22:35.585 1468 1468 I SystemServerTiming: ssm.onStartUser-0_com.android.server.am.ActivityManagerService$Lifecycle
12-14 03:22:35.585 1468 1468 I SystemServerTiming: ssm.onStartUser-0_com.android.server.pm.DataLoaderManagerService
12-14 03:22:35.585 1468 1468 I SystemServerTiming: ssm.onStartUser-0_com.android.server.power.PowerManagerService
12-14 03:22:35.585 1468 1468 I SystemServerTiming: ssm.onStartUser-0_com.android.server.power.ThermalManagerService
12-14 03:22:35.585 1468 1468 I SystemServerTiming: ssm.onStartUser-0_com.android.server.power.hint.HintManagerService
12-14 03:22:35.585 1468 1468 I SystemServerTiming: ssm.onStartUser-0_com.android.server.recoverysystem.RecoverySystemService$Lifecycle
12-14 03:22:35.585 1468 1468 I SystemServerTiming: ssm.onStartUser-0_com.android.server.lights.LightsService
12-14 03:22:35.585 1468 1468 I SystemServerTiming: ssm.onStartUser-0_com.android.server.display.DisplayManagerService
12-14 03:22:35.585 1468 1468 I SystemServerTiming: ssm.onStartUser-0_com.android.server.pm.verify.domain.DomainVerificationService
12-14 03:22:35.585 1468 1468 I SystemServerTiming: ssm.onStartUser-0_com.android.server.pm.PackageInstallerService$Lifecycle
12-14 03:22:35.585 1468 1468 I SystemServerTiming: ssm.onStartUser-0_com.android.server.pm.UserManagerService$LifeCycle
12-14 03:22:35.585 1468 1468 I SystemServerTiming: ssm.onStartUser-0_com.android.server.om.OverlayManagerService
12-14 03:22:35.586 1468 1468 I SystemServerTiming: ssm.onStartUser-0_com.android.server.SensorPrivacyService
12-14 03:22:35.586 1468 1468 I SystemServerTiming: ssm.onStartUser-0_com.android.server.sensors.SensorService
12-14 03:22:35.586 1468 1468 I SystemServerTiming: ssm.onStartUser-0_com.android.server.SystemConfigService
12-14 03:22:35.586 1468 1468 I SystemServerTiming: ssm.onStartUser-0_com.android.server.BatteryService
12-14 03:22:35.586 1468 1468 I SystemServerTiming: ssm.onStartUser-0_com.android.server.usage.UsageStatsService
12-14 03:22:35.586 1468 1468 I SystemServerTiming: ssm.onStartUser-0_com.android.server.webkit.WebViewUpdateService
12-14 03:22:35.586 1468 1468 I SystemServerTiming: ssm.onStartUser-0_com.android.server.CachedDeviceStateService
12-14 03:22:35.586 1468 1468 I SystemServerTiming: ssm.onStartUser-0_com.android.server.BinderCallsStatsService$LifeCycle
12-14 03:22:35.586 1468 1468 I SystemServerTiming: ssm.onStartUser-0_com.android.server.LooperStatsService$Lifecycle
12-14 03:22:35.586 1468 1468 I SystemServerTiming: ssm.onStartUser-0_com.android.server.rollback.RollbackManagerService
12-14 03:22:35.586 1468 1468 I SystemServerTiming: ssm.onStartUser-0_com.android.server.os.NativeTombstoneManagerService
12-14 03:22:35.586 1468 1468 I SystemServerTiming: ssm.onStartUser-0_com.android.server.os.BugreportManagerService
12-14 03:22:35.586 1468 1468 I SystemServerTiming: ssm.onStartUser-0_com.android.server.gpu.GpuService
12-14 03:22:35.586 1468 1468 I SystemServerTiming: ssm.onStartUser-0_com.android.server.security.KeyChainSystemService
12-14 03:22:35.586 1468 1468 I SystemServerTiming: ssm.onStartUser-0_com.android.server.telecom.TelecomLoaderService
12-14 03:22:35.586 1468 1468 I SystemServerTiming: ssm.onStartUser-0_com.android.server.accounts.AccountManagerService$Lifecycle
12-14 03:22:35.586 1468 1468 I SystemServerTiming: ssm.onStartUser-0_com.android.server.content.ContentService$Lifecycle
12-14 03:22:35.586 1468 1468 I SystemServerTiming: ssm.onStartUser-0_com.android.server.DropBoxManagerService
12-14 03:22:35.586 1468 1468 I SystemServerTiming: ssm.onStartUser-0_com.android.role.RoleService
12-14 03:22:35.590 1468 2449 I ActivityManager: Process WebViewLoader-armeabi-v7a (pid 2489) has died: psvc PER
01-01 08:43:03.774 0 0 E init : Control message: Could not find 'vendor.qti.hardware.iop@2.0::IIop/default' for ctl.interface_start from pid: 503 (/system/bin/hwservicemanager)
12-14 03:22:35.594 1468 1649 E KernelCpuSpeedReader: Failed to read cpu-freq: /sys/devices/system/cpu/cpu4/cpufreq/stats/time_in_state: open failed: ENOENT (No such file or directory)
12-14 03:22:35.594 1468 1649 E KernelCpuSpeedReader: Failed to read cpu-freq: /sys/devices/system/cpu/cpu0/cpufreq/stats/time_in_state: open failed: ENOENT (No such file or directory)
01-01 08:43:03.779 0 0 I binder : 2514:2514 ioctl 40046210 7fe6d7b254 returned -22
12-14 03:22:35.602 1468 2449 D CompatibilityChangeReporter: Compat change id reported: 168419799; UID 1073; state: DISABLED
12-14 03:22:35.606 1468 2449 D CompatibilityChangeReporter: Compat change id reported: 168419799; UID 1073; state: DISABLED
12-14 03:22:35.620 1468 2449 I ActivityManager: Process WebViewLoader-arm64-v8a (pid 2490) has died: psvc PER
01-01 08:43:03.805 0 0 E init : Control message: Could not find 'vendor.qti.hardware.iop@2.0::IIop/default' for ctl.interface_start from pid: 503 (/system/bin/hwservicemanager)
01-01 08:43:03.811 0 0 E init : Control message: Could not find 'vendor.qti.hardware.iop@2.0::IIop/default' for ctl.interface_start from pid: 503 (/system/bin/hwservicemanager)
01-01 08:43:03.822 0 0 W F2FS-fs (dm-10): Unexpected flush for atomic writes: ino=1607, npages=3
12-14 03:22:35.676 1468 1641 D CountryDetector: Using custom country detector class: com.android.server.location.ComprehensiveCountryDetector
12-14 03:22:35.676 1468 1641 E CountryDetector: Could not instantiate the custom country detector class
12-14 03:22:35.676 1468 1641 D CountryDetector: Using default country detector
12-14 03:22:35.678 1468 1631 W Looper : Slow dispatch took 113ms android.fg h=android.os.Handler c=com.android.server.wallpaper.WallpaperManagerService$$ExternalSyntheticLambda1@39d9cb4 m=0
12-14 03:22:35.688 1468 2467 D CompatibilityChangeReporter: Compat change id reported: 182478738; UID 1073; state: DISABLED
12-14 03:22:35.708 1468 1468 W SystemServiceManager: Service com.android.role.RoleService took 121 ms in onStartUser-0
12-14 03:22:35.708 1468 1468 I SystemServerTiming: ssm.onStartUser-0_com.android.server.vibrator.VibratorManagerService$Lifecycle
12-14 03:22:35.708 1468 1468 I SystemServerTiming: ssm.onStartUser-0_com.android.server.alarm.AlarmManagerService
12-14 03:22:35.708 1468 1468 I SystemServerTiming: ssm.onStartUser-0_com.android.server.devicestate.DeviceStateManagerService
12-14 03:22:35.708 1468 1468 I SystemServerTiming: ssm.onStartUser-0_com.android.server.camera.CameraServiceProxy
12-14 03:22:35.708 1468 1468 I SystemServerTiming: ssm.onStartUser-0_com.android.server.BluetoothService
12-14 03:22:35.708 1468 1468 I SystemServerTiming: ssm.onStartUser-0_com.android.server.connectivity.IpConnectivityMetrics
12-14 03:22:35.708 1468 1468 I SystemServerTiming: ssm.onStartUser-0_com.android.server.net.watchlist.NetworkWatchlistService$Lifecycle
12-14 03:22:35.708 1468 1468 I SystemServerTiming: ssm.onStartUser-0_com.android.server.PinnerService
12-14 03:22:35.708 1468 1468 I SystemServerTiming: ssm.onStartUser-0_com.google.android.startop.iorap.IorapForwardingService
12-14 03:22:35.708 1468 1468 I SystemServerTiming: ssm.onStartUser-0_com.android.server.ActivityTriggerService
12-14 03:22:35.708 1468 1468 I SystemServerTiming: ssm.onStartUser-0_com.android.server.integrity.AppIntegrityManagerService
12-14 03:22:35.708 1468 1468 I SystemServerTiming: ssm.onStartUser-0_com.android.server.inputmethod.InputMethodManagerService$Lifecycle
12-14 03:22:35.708 1468 1468 I SystemServerTiming: ssm.onStartUser-0_com.android.server.accessibility.AccessibilityManagerService$Lifecycle
12-14 03:22:35.708 1468 1468 I SystemServerTiming: ssm.onStartUser-0_com.android.server.StorageManagerService$Lifecycle
12-14 03:22:35.709 1468 1468 V StorageManagerService: Package com.sohu.inputmethod.sogou.car has legacy storage
12-14 03:22:35.709 1468 1468 V StorageManagerService: Package android.frameworkres.overlay does not have legacy storage
12-14 03:22:35.709 1468 1468 V StorageManagerService: Package com.android.cts.priv.ctsshim does not have legacy storage
12-14 03:22:35.709 1468 1468 V StorageManagerService: Package com.thundercomm.gamemode.provider does not have legacy storage
12-14 03:22:35.709 1468 1468 V StorageManagerService: Package com.thundercomm.gamemode does not have legacy storage
12-14 03:22:35.709 1468 1468 V StorageManagerService: Package com.thundercomm.microservice does not have legacy storage
12-14 03:22:35.709 1468 1468 V StorageManagerService: Package com.android.dynsystem does not have legacy storage
12-14 03:22:35.709 1468 1468 V StorageManagerService: Package com.hht.lebocast does not have legacy storage
12-14 03:22:35.709 1468 1468 V StorageManagerService: Package com.android.providers.calendar does not have legacy storage
12-14 03:22:35.709 1468 1468 V StorageManagerService: Package com.android.providers.media does not have legacy storage
12-14 03:22:35.709 1468 1468 V StorageManagerService: Package com.android.internal.systemui.navbar.gestural_wide_back does not have legacy storage
12-14 03:22:35.709 1468 1468 V StorageManagerService: Package com.android.wallpapercropper does not have legacy storage
12-14 03:22:35.709 1468 1468 V StorageManagerService: Package com.thundercomm.microsettings does not have legacy storage
12-14 03:22:35.709 1468 1468 V StorageManagerService: Package com.qualcomm.qti.gpudrivers.kona.api30 does not have legacy storage
12-14 03:22:35.709 1468 1468 V StorageManagerService: Package com.android.documentsui does not have legacy storage
12-14 03:22:35.709 1468 1468 V StorageManagerService: Package com.android.externalstorage does not have legacy storage
12-14 03:22:35.709 1468 1468 V StorageManagerService: Package com.android.htmlviewer does not have legacy storage
12-14 03:22:35.709 1468 1468 V StorageManagerService: Package com.qualcomm.qti.uceShimService does not have legacy storage
12-14 03:22:35.709 1468 1468 V StorageManagerService: Package com.android.companiondevicemanager does not have legacy storage
12-14 03:22:35.709 1468 1468 V StorageManagerService: Package com.qualcomm.qti.qms.service.connectionsecurity does not have legacy storage
12-14 03:22:35.709 1468 1468 V StorageManagerService: Package com.android.providers.downloads does not have legacy storage
12-14 03:22:35.709 1468 1468 V StorageManagerService: Package com.android.internal.systemui.onehanded.gestural does not have legacy storage
12-14 03:22:35.709 1468 1468 V StorageManagerService: Package vendor.qti.hardware.cacert.server does not have legacy storage
12-14 03:22:35.709 1468 1468 V StorageManagerService: Package com.thundercomm.tchttpserver does not have legacy storage
12-14 03:22:35.709 1468 1468 V StorageManagerService: Package vendor.qti.iwlan does not have legacy storage
12-14 03:22:35.709 1468 1468 V StorageManagerService: Package com.android.soundrecorder does not have legacy storage
12-14 03:22:35.709 1468 1468 V StorageManagerService: Package com.tc.logclient does not have legacy storage
12-14 03:22:35.709 1468 1468 V StorageManagerService: Package android.qvaoverlay.common does not have legacy storage
12-14 03:22:35.709 1468 1468 V StorageManagerService: Package com.android.providers.downloads.ui does not have legacy storage
12-14 03:22:35.709 1468 1468 V StorageManagerService: Package com.android.pacprocessor does not have legacy storage
12-14 03:22:35.709 1468 1468 V StorageManagerService: Package com.android.networkstack does not have legacy storage
12-14 03:22:35.709 1468 1468 V StorageManagerService: Package android.overlay.common does not have legacy storage
12-14 03:22:35.709 1468 1468 V StorageManagerService: Package com.android.connectivity.resources does not have legacy storage
12-14 03:22:35.709 1468 1468 V StorageManagerService: Package com.android.modulemetadata does not have legacy storage
12-14 03:22:35.709 1468 1468 V StorageManagerService: Package com.android.certinstaller does not have legacy storage
12-14 03:22:35.709 1468 1468 V StorageManagerService: Package android does not have legacy storage
12-14 03:22:35.710 1468 1468 V StorageManagerService: Package com.qualcomm.wfd.service does not have legacy storage
12-14 03:22:35.710 1468 1468 V StorageManagerService: Package com.thundercomm.tcsetupwizard does not have legacy storage
12-14 03:22:35.710 1468 1468 V StorageManagerService: Package ts.car.uart does not have legacy storage
12-14 03:22:35.710 1468 1468 V StorageManagerService: Package com.android.egg does not have legacy storage
12-14 03:22:35.710 1468 1468 V StorageManagerService: Package com.android.mtp does not have legacy storage
12-14 03:22:35.710 1468 1468 V StorageManagerService: Package com.android.nfc does not have legacy storage
12-14 03:22:35.710 1468 1468 V StorageManagerService: Package com.android.stk does not have legacy storage
12-14 03:22:35.710 1468 1468 V StorageManagerService: Package com.android.launcher3 does not have legacy storage
12-14 03:22:35.710 1468 1468 V StorageManagerService: Package com.android.backupconfirm does not have legacy storage
12-14 03:22:35.710 1468 1468 V StorageManagerService: Package vendor.qti.qesdk.sysservice does not have legacy storage
12-14 03:22:35.710 1468 1468 V StorageManagerService: Package com.hryt.hiphishowfsecontrol does not have legacy storage
12-14 03:22:35.710 1468 1468 V StorageManagerService: Package com.android.provision does not have legacy storage
12-14 03:22:35.710 1468 1468 V StorageManagerService: Package android.overlay.target does not have legacy storage
12-14 03:22:35.710 1468 1468 V StorageManagerService: Package com.microsoft.emmx does not have legacy storage
12-14 03:22:35.710 1468 1468 V StorageManagerService: Package com.qti.pasrservice does not have legacy storage
12-14 03:22:35.710 1468 1468 V StorageManagerService: Package com.android.settings.intelligence does not have legacy storage
12-14 03:22:35.710 1468 1468 V StorageManagerService: Package com.android.calendar does not have legacy storage
12-14 03:22:35.710 1468 1468 V StorageManagerService: Package com.android.internal.systemui.navbar.gestural_extra_wide_back does not have legacy storage
12-14 03:22:35.710 1468 1468 V StorageManagerService: Package com.qualcomm.qti.dynamicddsservice does not have legacy storage
12-14 03:22:35.710 1468 1468 V StorageManagerService: Package com.qualcomm.qti.xrvd.service does not have legacy storage
12-14 03:22:35.710 1468 1468 V StorageManagerService: Package com.android.providers.settings does not have legacy storage
12-14 03:22:35.710 1468 1468 V StorageManagerService: Package com.android.sharedstoragebackup does not have legacy storage
12-14 03:22:35.710 1468 1468 V StorageManagerService: Package com.android.printspooler does not have legacy storage
12-14 03:22:35.710 1468 1468 V StorageManagerService: Package com.qti.qualcomm.mstatssystemservice does not have legacy storage
12-14 03:22:35.710 1468 1468 V StorageManagerService: Package com.qualcomm.qti.services.systemhelper does not have legacy storage
12-14 03:22:35.710 1468 1468 V StorageManagerService: Package com.android.wifi.resources.overlay.common does not have legacy storage
12-14 03:22:35.710 1468 1468 V StorageManagerService: Package com.android.dreams.basic does not have legacy storage
12-14 03:22:35.710 1468 1468 V StorageManagerService: Package com.android.webview does not have legacy storage
12-14 03:22:35.710 1468 1468 V StorageManagerService: Package com.android.se does not have legacy storage
12-14 03:22:35.710 1468 1468 V StorageManagerService: Package com.android.inputdevices does not have legacy storage
12-14 03:22:35.710 1468 1468 V StorageManagerService: Package com.android.bips does not have legacy storage
12-14 03:22:35.710 1468 1468 V StorageManagerService: Package com.qti.dpmserviceapp does not have legacy storage
12-14 03:22:35.710 1468 1468 V StorageManagerService: Package com.thundercomm.remotecontrolservice does not have legacy storage
12-14 03:22:35.710 1468 1468 V StorageManagerService: Package com.android.musicfx does not have legacy storage
12-14 03:22:35.710 1468 1468 V StorageManagerService: Package com.android.settings.overlay.common does not have legacy storage
12-14 03:22:35.710 1468 1468 V StorageManagerService: Package com.qualcomm.qti.qccnetstat does not have legacy storage
12-14 03:22:35.710 1468 1468 V StorageManagerService: Package android.ext.shared does not have legacy storage
12-14 03:22:35.710 1468 1468 V StorageManagerService: Package com.android.onetimeinitializer does not have legacy storage
12-14 03:22:35.710 1468 1468 V StorageManagerService: Package com.android.server.telecom does not have legacy storage
12-14 03:22:35.710 1468 1468 V StorageManagerService: Package com.android.keychain does not have legacy storage
12-14 03:22:35.710 1468 1468 V StorageManagerService: Package com.qti.snapdragon.qdcm_ff does not have legacy storage
12-14 03:22:35.710 1468 1468 V StorageManagerService: Package com.android.wifi.resources.overlay.target does not have legacy storage
12-14 03:22:35.710 1468 1468 V StorageManagerService: Package com.android.printservice.recommendation does not have legacy storage
12-14 03:22:35.710 1468 1468 V StorageManagerService: Package com.thundercomm.mcuupgrade does not have legacy storage
12-14 03:22:35.710 1468 1468 V StorageManagerService: Package com.android.gallery3d has legacy storage
12-14 03:22:35.710 1468 1468 V StorageManagerService: Package android.ext.services does not have legacy storage
12-14 03:22:35.710 1468 1468 V StorageManagerService: Package com.android.wifi.resources does not have legacy storage
12-14 03:22:35.710 1468 1468 V StorageManagerService: Package com.baidu.input does not have legacy storage
12-14 03:22:35.710 1468 1468 V StorageManagerService: Package com.android.systemui.overlay.common does not have legacy storage
12-14 03:22:35.711 1468 1468 V StorageManagerService: Package com.android.cameraextensions does not have legacy storage
12-14 03:22:35.711 1468 1468 V StorageManagerService: Package com.thundercomm.tcservice does not have legacy storage
12-14 03:22:35.711 1468 1468 V StorageManagerService: Package com.android.localtransport does not have legacy storage
12-14 03:22:35.711 1468 1468 V StorageManagerService: Package com.android.packageinstaller does not have legacy storage
12-14 03:22:35.711 1468 1468 V StorageManagerService: Package com.qualcomm.qti.devicestatisticsservice does not have legacy storage
12-14 03:22:35.711 1468 1468 V StorageManagerService: Package com.android.theme.font.notoserifsource does not have legacy storage
12-14 03:22:35.711 1468 1468 V StorageManagerService: Package com.android.proxyhandler does not have legacy storage
12-14 03:22:35.711 1468 1468 V StorageManagerService: Package com.android.internal.display.cutout.emulation.waterfall does not have legacy storage
12-14 03:22:35.711 1468 1468 V StorageManagerService: Package com.qualcomm.qti.workloadclassifier does not have legacy storage
12-14 03:22:35.711 1468 1468 V StorageManagerService: Package com.android.inputmethod.latin does not have legacy storage
12-14 03:22:35.711 1468 1468 V StorageManagerService: Package com.android.providers.settings.overlay does not have legacy storage
12-14 03:22:35.711 1468 1468 V StorageManagerService: Package com.android.managedprovisioning does not have legacy storage
12-14 03:22:35.711 1468 1468 V StorageManagerService: Package com.android.networkstack.tethering does not have legacy storage
12-14 03:22:35.711 1468 1468 V StorageManagerService: Package com.android.soundpicker does not have legacy storage
12-14 03:22:35.711 1468 1468 V StorageManagerService: Package com.android.dreams.phototable does not have legacy storage
12-14 03:22:35.711 1468 1468 V StorageManagerService: Package com.thundercomm.screensaver does not have legacy storage
12-14 03:22:35.711 1468 1468 V StorageManagerService: Package com.android.wallpaper.livepicker does not have legacy storage
12-14 03:22:35.711 1468 1468 V StorageManagerService: Package com.android.apps.tag does not have legacy storage
12-14 03:22:35.711 1468 1468 V StorageManagerService: Package com.android.storagemanager does not have legacy storage
12-14 03:22:35.711 1468 1468 V StorageManagerService: Package com.android.bookmarkprovider does not have legacy storage
12-14 03:22:35.711 1468 1468 V StorageManagerService: Package com.android.settings does not have legacy storage
12-14 03:22:35.711 1468 1468 V StorageManagerService: Package com.android.networkstack.permissionconfig does not have legacy storage
12-14 03:22:35.711 1468 1468 V StorageManagerService: Package com.qualcomm.location does not have legacy storage
12-14 03:22:35.711 1468 1468 V StorageManagerService: Package com.android.cts.ctsshim does not have legacy storage
12-14 03:22:35.711 1468 1468 V StorageManagerService: Package com.qti.diagservices does not have legacy storage
12-14 03:22:35.711 1468 1468 V StorageManagerService: Package com.android.vpndialogs does not have legacy storage
12-14 03:22:35.711 1468 1468 V StorageManagerService: Package com.qualcomm.location.XT does not have legacy storage
12-14 03:22:35.711 1468 1468 V StorageManagerService: Package com.android.music does not have legacy storage
12-14 03:22:35.711 1468 1468 V StorageManagerService: Package com.android.shell does not have legacy storage
12-14 03:22:35.711 1468 1468 V StorageManagerService: Package com.android.wallpaperbackup does not have legacy storage
12-14 03:22:35.711 1468 1468 V StorageManagerService: Package com.android.providers.userdictionary does not have legacy storage
12-14 03:22:35.711 1468 1468 V StorageManagerService: Package com.android.providers.media.module does not have legacy storage
12-14 03:22:35.711 1468 1468 V StorageManagerService: Package com.android.emergency does not have legacy storage
12-14 03:22:35.711 1468 1468 V StorageManagerService: Package com.android.hotspot2.osulogin does not have legacy storage
12-14 03:22:35.711 1468 1468 V StorageManagerService: Package com.qualcomm.qti.qdma does not have legacy storage
12-14 03:22:35.711 1468 1468 V StorageManagerService: Package com.qualcomm.qti.xrcb does not have legacy storage
12-14 03:22:35.711 1468 1468 V StorageManagerService: Package com.android.internal.systemui.navbar.gestural does not have legacy storage
12-14 03:22:35.711 1468 1468 V StorageManagerService: Package com.android.location.fused does not have legacy storage
12-14 03:22:35.711 1468 1468 V StorageManagerService: Package com.android.deskclock does not have legacy storage
12-14 03:22:35.711 1468 1468 V StorageManagerService: Package com.android.systemui does not have legacy storage
12-14 03:22:35.711 1468 1468 V StorageManagerService: Package com.android.bluetoothmidiservice does not have legacy storage
12-14 03:22:35.711 1468 1468 V StorageManagerService: Package com.qti.ltebc does not have legacy storage
12-14 03:22:35.711 1468 1468 V StorageManagerService: Package com.android.permissioncontroller does not have legacy storage
12-14 03:22:35.711 1468 1468 V StorageManagerService: Package com.android.traceur does not have legacy storage
12-14 03:22:35.711 1468 1468 V StorageManagerService: Package com.qualcomm.qti.qccauthmgr does not have legacy storage
12-14 03:22:35.711 1468 1468 V StorageManagerService: Package com.qualcomm.qti.qms.service.trustzoneaccess does not have legacy storage
12-14 03:22:35.711 1468 1468 V StorageManagerService: Package com.qualcomm.qtil.aptxui does not have legacy storage
12-14 03:22:35.711 1468 1468 V StorageManagerService: Package com.android.bluetooth does not have legacy storage
12-14 03:22:35.712 1468 1468 V StorageManagerService: Package com.qualcomm.timeservice does not have legacy storage
12-14 03:22:35.712 1468 1468 V StorageManagerService: Package com.qualcomm.embms does not have legacy storage
12-14 03:22:35.712 1468 1468 V StorageManagerService: Package com.android.providers.contacts does not have legacy storage
12-14 03:22:35.712 1468 1468 V StorageManagerService: Package com.android.captiveportallogin does not have legacy storage
12-14 03:22:35.712 1468 1468 V StorageManagerService: Package com.android.internal.systemui.navbar.gestural_narrow_back does not have legacy storage
12-14 03:22:35.712 1468 1468 V StorageManagerService: Package com.android.cellbroadcastreceiver.overlay.common does not have legacy storage
12-14 03:22:35.712 1468 1468 I SystemServerTiming: ssm.onStartUser-0_com.android.server.usage.StorageStatsService$Lifecycle
12-14 03:22:35.712 1468 1468 I SystemServerTiming: ssm.onStartUser-0_com.android.server.UiModeManagerService
12-14 03:22:35.712 1468 1468 I SystemServerTiming: ssm.onStartUser-0_com.android.server.locksettings.LockSettingsService$Lifecycle
12-14 03:22:35.712 1468 1468 I SystemServerTiming: ssm.onStartUser-0_com.android.server.PersistentDataBlockService
12-14 03:22:35.712 1468 1468 I SystemServerTiming: ssm.onStartUser-0_com.android.server.testharness.TestHarnessModeService
12-14 03:22:35.712 1468 1468 I SystemServerTiming: ssm.onStartUser-0_com.android.server.oemlock.OemLockService
12-14 03:22:35.712 1468 1468 I SystemServerTiming: ssm.onStartUser-0_com.android.server.DeviceIdleController
12-14 03:22:35.712 1468 1468 I SystemServerTiming: ssm.onStartUser-0_com.android.server.devicepolicy.DevicePolicyManagerService$Lifecycle
12-14 03:22:35.712 1468 1468 I SystemServerTiming: ssm.onStartUser-0_com.android.server.texttospeech.TextToSpeechManagerService
12-14 03:22:35.712 1468 1468 I SystemServerTiming: ssm.onStartUser-0_com.android.server.speech.SpeechRecognitionManagerService
12-14 03:22:35.712 1468 1468 I SystemServerTiming: ssm.onStartUser-0_com.android.server.searchui.SearchUiManagerService
12-14 03:22:35.712 1468 1468 I SystemServerTiming: ssm.onStartUser-0_com.android.server.smartspace.SmartspaceManagerService
12-14 03:22:35.712 1468 1468 I SystemServerTiming: ssm.onStartUser-0_com.android.server.graphics.fonts.FontManagerService$Lifecycle
12-14 03:22:35.712 1468 1468 I SystemServerTiming: ssm.onStartUser-0_com.android.server.textservices.TextServicesManagerService$Lifecycle
12-14 03:22:35.712 1468 1468 I SystemServerTiming: ssm.onStartUser-0_com.android.server.textclassifier.TextClassificationManagerService$Lifecycle
12-14 03:22:35.712 1468 1468 I SystemServerTiming: ssm.onStartUser-0_com.android.server.NetworkScoreService$Lifecycle
12-14 03:22:35.712 1468 1468 I SystemServerTiming: ssm.onStartUser-0_com.android.server.wifi.WifiService
12-14 03:22:35.712 1468 1468 I SystemServerTiming: ssm.onStartUser-0_com.android.server.wifi.scanner.WifiScanningService
12-14 03:22:35.712 1468 1468 I SystemServerTiming: ssm.onStartUser-0_com.android.server.wifi.rtt.RttService
12-14 03:22:35.712 1468 1468 I SystemServerTiming: ssm.onStartUser-0_com.android.server.wifi.aware.WifiAwareService
12-14 03:22:35.712 1468 1468 I SystemServerTiming: ssm.onStartUser-0_com.android.server.wifi.p2p.WifiP2pService
12-14 03:22:35.712 1468 1468 I SystemServerTiming: ssm.onStartUser-0_com.android.server.ethernet.EthernetService
12-14 03:22:35.712 1468 1468 I SystemServerTiming: ssm.onStartUser-0_com.android.server.ConnectivityServiceInitializer
12-14 03:22:35.712 1468 1468 I SystemServerTiming: ssm.onStartUser-0_com.android.server.notification.NotificationManagerService
12-14 03:22:35.712 1468 1468 I SystemServerTiming: ssm.onStartUser-0_com.android.server.storage.DeviceStorageMonitorService
12-14 03:22:35.712 1468 1468 I SystemServerTiming: ssm.onStartUser-0_com.android.server.location.LocationManagerService$Lifecycle
12-14 03:22:35.712 1468 1468 I SystemServerTiming: ssm.onStartUser-0_com.android.server.timedetector.TimeDetectorService$Lifecycle
12-14 03:22:35.712 1468 1468 I SystemServerTiming: ssm.onStartUser-0_com.android.server.timezonedetector.TimeZoneDetectorService$Lifecycle
12-14 03:22:35.712 1468 1468 I SystemServerTiming: ssm.onStartUser-0_com.android.server.timezonedetector.location.LocationTimeZoneManagerService$Lifecycle
12-14 03:22:35.712 1468 1468 I SystemServerTiming: ssm.onStartUser-0_com.android.server.search.SearchManagerService$Lifecycle
12-14 03:22:35.712 1468 1468 I SystemServerTiming: ssm.onStartUser-0_com.android.server.wallpaper.WallpaperManagerService$Lifecycle
12-14 03:22:35.712 1468 1468 I SystemServerTiming: ssm.onStartUser-0_com.android.server.audio.AudioService$Lifecycle
12-14 03:22:35.712 1468 1468 I SystemServerTiming: ssm.onStartUser-0_com.android.server.soundtrigger_middleware.SoundTriggerMiddlewareService$Lifecycle
12-14 03:22:35.712 1468 1468 I SystemServerTiming: ssm.onStartUser-0_com.android.server.DockObserver
12-14 03:22:35.712 1468 1468 I SystemServerTiming: ssm.onStartUser-0_com.android.server.midi.MidiService$Lifecycle
12-14 03:22:35.712 1468 1468 I SystemServerTiming: ssm.onStartUser-0_com.android.server.adb.AdbService$Lifecycle
12-14 03:22:35.712 1468 1468 I SystemServerTiming: ssm.onStartUser-0_com.android.server.usb.UsbService$Lifecycle
12-14 03:22:35.712 1468 1468 I SystemServerTiming: ssm.onStartUser-0_com.android.server.twilight.TwilightService
12-14 03:22:35.712 1468 1468 I SystemServerTiming: ssm.onStartUser-0_com.android.server.display.color.ColorDisplayService
12-14 03:22:35.712 1468 1468 I SystemServerTiming: ssm.onStartUser-0_com.android.server.job.JobSchedulerService
12-14 03:22:35.712 1468 1468 I SystemServerTiming: ssm.onStartUser-0_com.android.server.soundtrigger.SoundTriggerService
12-14 03:22:35.712 1468 1468 I SystemServerTiming: ssm.onStartUser-0_com.android.server.trust.TrustManagerService
12-14 03:22:35.713 1468 1468 I SystemServerTiming: ssm.onStartUser-0_com.android.server.backup.BackupManagerService$Lifecycle
12-14 03:22:35.713 1468 1468 I SystemServerTiming: ssm.onStartUser-0_com.android.server.appwidget.AppWidgetService
12-14 03:22:35.713 1468 1468 I SystemServerTiming: ssm.onStartUser-0_com.android.server.voiceinteraction.VoiceInteractionManagerService
12-14 03:22:35.713 1468 1468 W VoiceInteractionManager: no available voice recognition services found for user 0
12-14 03:22:35.713 1468 1468 I SystemServerTiming: ssm.onStartUser-0_com.android.server.apphibernation.AppHibernationService
12-14 03:22:35.713 1468 1468 I SystemServerTiming: ssm.onStartUser-0_com.android.server.GestureLauncherService
12-14 03:22:35.713 1468 1468 I SystemServerTiming: ssm.onStartUser-0_com.android.server.SensorNotificationService
12-14 03:22:35.713 1468 1468 I SystemServerTiming: ssm.onStartUser-0_com.android.server.emergency.EmergencyAffordanceService
12-14 03:22:35.713 1468 1468 I SystemServerTiming: ssm.onStartUser-0_com.android.server.blob.BlobStoreManagerService
12-14 03:22:35.713 1468 1468 I SystemServerTiming: ssm.onStartUser-0_com.android.server.dreams.DreamManagerService
12-14 03:22:35.713 1468 1468 I SystemServerTiming: ssm.onStartUser-0_com.android.server.companion.CompanionDeviceManagerService
12-14 03:22:35.713 1468 1468 I SystemServerTiming: ssm.onStartUser-0_com.android.server.restrictions.RestrictionsManagerService
12-14 03:22:35.713 1468 1468 I SystemServerTiming: ssm.onStartUser-0_com.android.server.media.MediaSessionService
12-14 03:22:35.713 1468 1468 I SystemServerTiming: ssm.onStartUser-0_com.android.server.media.MediaResourceMonitorService
12-14 03:22:35.713 1468 1468 I SystemServerTiming: ssm.onStartUser-0_com.android.server.biometrics.sensors.fingerprint.FingerprintService
12-14 03:22:35.713 1468 1468 I SystemServerTiming: ssm.onStartUser-0_com.android.server.biometrics.BiometricService
12-14 03:22:35.713 1468 1468 I SystemServerTiming: ssm.onStartUser-0_com.android.server.biometrics.AuthService
12-14 03:22:35.713 1468 1468 I SystemServerTiming: ssm.onStartUser-0_com.android.server.pm.ShortcutService$Lifecycle
12-14 03:22:35.713 1468 1468 I SystemServerTiming: ssm.onStartUser-0_com.android.server.pm.LauncherAppsService
12-14 03:22:35.713 1468 1468 I SystemServerTiming: ssm.onStartUser-0_com.android.server.pm.CrossProfileAppsService
12-14 03:22:35.713 1468 1468 I SystemServerTiming: ssm.onStartUser-0_com.android.server.people.PeopleService
12-14 03:22:35.713 1468 1468 I SystemServerTiming: ssm.onStartUser-0_com.android.server.media.metrics.MediaMetricsManagerService
12-14 03:22:35.713 1468 1468 I SystemServerTiming: ssm.onStartUser-0_com.android.server.media.projection.MediaProjectionManagerService
12-14 03:22:35.713 1468 1468 I SystemServerTiming: ssm.onStartUser-0_com.android.server.slice.SliceManagerService$Lifecycle
12-14 03:22:35.713 1468 1468 I SystemServerTiming: ssm.onStartUser-0_com.android.server.stats.StatsCompanion$Lifecycle
12-14 03:22:35.713 1468 1468 I SystemServerTiming: ssm.onStartUser-0_com.android.server.scheduling.RebootReadinessManagerService$Lifecycle
12-14 03:22:35.713 1468 1468 I SystemServerTiming: ssm.onStartUser-0_com.android.server.stats.pull.StatsPullAtomService
12-14 03:22:35.713 1468 1468 I SystemServerTiming: ssm.onStartUser-0_com.android.server.incident.IncidentCompanionService
12-14 03:22:35.713 1468 1468 I SystemServerTiming: ssm.onStartUser-0_com.android.server.MmsServiceBroker
12-14 03:22:35.713 1468 1468 I SystemServerTiming: ssm.onStartUser-0_com.android.server.autofill.AutofillManagerService
12-14 03:22:35.713 1468 1468 I SystemServerTiming: ssm.onStartUser-0_com.android.server.clipboard.ClipboardService
12-14 03:22:35.713 1468 1468 I SystemServerTiming: ssm.onStartUser-0_com.android.server.appbinding.AppBindingService$Lifecycle
12-14 03:22:35.713 1468 1468 W AppBindingService: [Default SMS app] u0 Target package not found
12-14 03:22:35.713 1468 1468 I SystemServerTiming: ssm.onStartUser-0_com.android.server.tracing.TracingServiceProxy
12-14 03:22:35.713 1468 1468 I SystemServerTiming: ssm.onStartUser-0_com.android.server.policy.PermissionPolicyService
12-14 03:22:35.713 1468 1468 I SystemServerTiming: ssm.onStartUser-0_com.android.server.pm.StagingManager$Lifecycle
12-14 03:22:35.713 1468 1468 I SystemServerTiming: ssm.onStartUser-0_com.android.server.app.GameManagerService$Lifecycle
12-14 03:22:35.713 1468 1468 V GameManagerService: Settings file doesn't exists, skip reading
12-14 03:22:35.713 1468 1468 I SystemServerTiming: ssm.onStartUser-0_com.android.server.appsearch.AppSearchManagerService
12-14 03:22:35.713 1468 1468 I SystemServerTiming: ssm.onStartUser-0_com.android.server.media.MediaCommunicationService
12-14 03:22:35.713 1468 1468 I SystemServerTiming: startPersistentApps
12-14 03:22:35.714 1468 1468 D CompatibilityChangeReporter: Compat change id reported: 135634846; UID 1000; state: DISABLED
12-14 03:22:35.714 1468 1468 D CompatibilityChangeReporter: Compat change id reported: 177438394; UID 1000; state: DISABLED
12-14 03:22:35.714 1468 1468 D CompatibilityChangeReporter: Compat change id reported: 135772972; UID 1000; state: DISABLED
12-14 03:22:35.714 1468 1468 D CompatibilityChangeReporter: Compat change id reported: 135754954; UID 1000; state: ENABLED
12-14 03:22:35.714 1468 1643 W ActivityManager: com.android.location.fused inode == 0 (b/152760674)
12-14 03:22:35.715 1468 1468 D CompatibilityChangeReporter: Compat change id reported: 135634846; UID 1001; state: DISABLED
12-14 03:22:35.715 1468 1468 D CompatibilityChangeReporter: Compat change id reported: 177438394; UID 1001; state: DISABLED
12-14 03:22:35.715 1468 1468 D CompatibilityChangeReporter: Compat change id reported: 135772972; UID 1001; state: DISABLED
12-14 03:22:35.715 1468 1468 D CompatibilityChangeReporter: Compat change id reported: 135754954; UID 1001; state: ENABLED
12-14 03:22:35.716 1468 1468 D CompatibilityChangeReporter: Compat change id reported: 135634846; UID 10055; state: DISABLED
12-14 03:22:35.716 1468 1468 D CompatibilityChangeReporter: Compat change id reported: 177438394; UID 10055; state: DISABLED
12-14 03:22:35.716 1468 1468 D CompatibilityChangeReporter: Compat change id reported: 135772972; UID 10055; state: DISABLED
12-14 03:22:35.716 1468 1468 D CompatibilityChangeReporter: Compat change id reported: 135754954; UID 10055; state: DISABLED
12-14 03:22:35.718 1468 1468 D CompatibilityChangeReporter: Compat change id reported: 135634846; UID 10084; state: DISABLED
12-14 03:22:35.718 1468 1468 D CompatibilityChangeReporter: Compat change id reported: 177438394; UID 10084; state: DISABLED
12-14 03:22:35.718 1468 1468 D CompatibilityChangeReporter: Compat change id reported: 135772972; UID 10084; state: DISABLED
12-14 03:22:35.718 1468 1468 D CompatibilityChangeReporter: Compat change id reported: 135754954; UID 10084; state: DISABLED
12-14 03:22:35.718 1468 1468 D CompatibilityChangeReporter: Compat change id reported: 135634846; UID 1068; state: DISABLED
12-14 03:22:35.719 1468 1468 D CompatibilityChangeReporter: Compat change id reported: 135634846; UID 10070; state: DISABLED
12-14 03:22:35.719 1468 1468 D CompatibilityChangeReporter: Compat change id reported: 177438394; UID 10070; state: DISABLED
12-14 03:22:35.719 1468 1468 D CompatibilityChangeReporter: Compat change id reported: 135772972; UID 10070; state: DISABLED
12-14 03:22:35.719 1468 1468 D CompatibilityChangeReporter: Compat change id reported: 135754954; UID 10070; state: ENABLED
12-14 03:22:35.720 1468 1468 I SystemServerTiming: startHomeOnAllDisplays
12-14 03:22:35.720 1468 1468 I ActivityTaskManager: START u0 {act=android.intent.action.MAIN cat=[android.intent.category.HOME] flg=0x10000100 cmp=com.android.settings/.CryptKeeper (has extras)} from uid 0
12-14 03:22:35.724 1468 1468 D CompatibilityChangeReporter: Compat change id reported: 174042980; UID 1000; state: DISABLED
01-01 08:43:03.907 0 0 I binder : 2571:2571 ioctl 40046210 7fe6d7b254 returned -22
12-14 03:22:35.732 1468 2587 W ContextImpl: Calling a method in the system process without a qualified user: android.app.ContextImpl.bindService:1895 android.content.ContextWrapper.bindService:810 com.qualcomm.qti.activityextension.ActivityNotifier.bindToDynamicDDSService:103 com.qualcomm.qti.activityextension.ActivityNotifier.handleSendActivityInvokeNotification:184 com.qualcomm.qti.activityextension.ActivityNotifier.access$300:26
12-14 03:22:35.732 1468 1468 D CompatibilityChangeReporter: Compat change id reported: 168419799; UID 1000; state: DISABLED
12-14 03:22:35.732 1468 1468 I ActivityTaskManager: FOREGROUND_APPLICATION_CHANGED to com.android.settings.CryptKeeper
12-14 03:22:35.733 1468 1468 I SystemServerTiming: showSystemReadyErrorDialogs
12-14 03:22:35.755 1468 1468 I SystemServerTiming: sendUserStartBroadcast
12-14 03:22:35.755 1468 1468 I SystemServerTiming: resumeTopActivities
12-14 03:22:35.756 1468 1468 I SystemServerTiming: sendUserSwitchBroadcasts
12-14 03:22:35.756 1468 1468 I SystemServerTiming: setBinderProxies
12-14 03:22:35.756 1468 1468 I SystemServerTiming: StartSystemUI
12-14 03:22:35.756 1468 1643 I ActivityManager: Start proc 2571:com.thundercomm.microservice/1000 for added application com.thundercomm.microservice
12-14 03:22:35.757 1468 1643 W ActivityManager: com.android.location.fused inode == 0 (b/152760674)
12-14 03:22:35.759 1468 2587 W ContextImpl: Calling a method in the system process without a qualified user: android.app.ContextImpl.bindService:1895 android.content.ContextWrapper.bindService:810 com.qualcomm.qti.activityextension.ActivityNotifier.bindToDynamicDDSService:103 com.qualcomm.qti.activityextension.ActivityNotifier.handleSendActivityInvokeNotification:184 com.qualcomm.qti.activityextension.ActivityNotifier.access$300:26
12-14 03:22:35.761 1468 1634 D CompatibilityChangeReporter: Compat change id reported: 135634846; UID 1000; state: DISABLED
12-14 03:22:35.761 1468 1634 D CompatibilityChangeReporter: Compat change id reported: 177438394; UID 1000; state: DISABLED
12-14 03:22:35.761 1468 1634 D CompatibilityChangeReporter: Compat change id reported: 135772972; UID 1000; state: DISABLED
12-14 03:22:35.761 1468 1634 D CompatibilityChangeReporter: Compat change id reported: 135754954; UID 1000; state: ENABLED
12-14 03:22:35.762 1468 1643 I ActivityManager: Start proc 2589:com.thundercomm.microsettings/1000 for added application com.thundercomm.microsettings
12-14 03:22:35.762 1468 1643 W ActivityManager: com.android.stk inode == 0 (b/152760674)
12-14 03:22:35.765 1468 1468 I SystemServerTiming: startMicroService
12-14 03:22:35.766 1468 1468 I SystemServerTiming: startRemoteControlService
12-14 03:22:35.766 1468 1468 I SystemServerTiming: startTcService
12-14 03:22:35.767 1468 1643 W ActivityManager: Slow operation: 52ms so far, now at startProcess: returned from zygote!
12-14 03:22:35.768 1468 1643 W ActivityManager: Slow operation: 52ms so far, now at startProcess: done updating battery stats
12-14 03:22:35.768 1468 1643 W ActivityManager: Slow operation: 52ms so far, now at startProcess: building log message
12-14 03:22:35.768 1468 1643 I ActivityManager: Start proc 2593:.dataservices/1001 for added application .dataservices
12-14 03:22:35.768 1468 1643 W ActivityManager: Slow operation: 52ms so far, now at startProcess: starting to update pids map
12-14 03:22:35.768 1468 1643 W ActivityManager: Slow operation: 52ms so far, now at startProcess: done updating pids map
12-14 03:22:35.768 1468 1643 W ActivityManager: Slow operation: 52ms so far, now at startProcess: asking zygote to start proc
12-14 03:22:35.768 1468 1643 D CompatibilityChangeReporter: Compat change id reported: 143937733; UID 10055; state: DISABLED
12-14 03:22:35.768 1468 1643 W ActivityManager: vendor.qti.iwlan inode == 0 (b/152760674)
12-14 03:22:35.768 1468 1468 W Looper : Slow delivery took 15150ms main h=android.app.PropertyInvalidatedCache$AutoCorker$1 c=null m=0
12-14 03:22:35.772 1468 1643 W ActivityManager: Slow operation: 57ms so far, now at startProcess: returned from zygote!
12-14 03:22:35.772 1468 1643 W ActivityManager: Slow operation: 57ms so far, now at startProcess: done updating battery stats
12-14 03:22:35.772 1468 1643 W ActivityManager: Slow operation: 57ms so far, now at startProcess: building log message
12-14 03:22:35.772 1468 1643 I ActivityManager: Start proc 2595:.qtidataservices/u0a55 for added application .qtidataservices
12-14 03:22:35.773 1468 1643 W ActivityManager: Slow operation: 57ms so far, now at startProcess: starting to update pids map
12-14 03:22:35.773 1468 1643 W ActivityManager: Slow operation: 57ms so far, now at startProcess: done updating pids map
12-14 03:22:35.773 1468 1643 W ActivityManager: Slow operation: 57ms so far, now at startProcess: asking zygote to start proc
12-14 03:22:35.773 1468 1643 W ActivityManager: com.android.location.fused inode == 0 (b/152760674)
12-14 03:22:35.773 1468 2587 W ContextImpl: Calling a method in the system process without a qualified user: android.app.ContextImpl.bindService:1895 android.content.ContextWrapper.bindService:810 com.qualcomm.qti.activityextension.ActivityNotifier.bindToDynamicDDSService:103 com.qualcomm.qti.activityextension.ActivityNotifier.handleSendActivityInvokeNotification:184 com.qualcomm.qti.activityextension.ActivityNotifier.access$300:26
12-14 03:22:35.777 1468 1631 W QuotaTracker: Alarm not scheduled because boot isn't completed
12-14 03:22:35.780 1468 1643 W ActivityManager: Slow operation: 65ms so far, now at startProcess: returned from zygote!
01-01 08:43:03.962 0 0 I binder : 2589:2589 ioctl 40046210 7fe6d7b254 returned -22
12-14 03:22:35.782 1468 1468 D CompatibilityChangeReporter: Compat change id reported: 168419799; UID 1000; state: DISABLED
12-14 03:22:35.783 1468 1643 W ActivityManager: Slow operation: 67ms so far, now at startProcess: done updating battery stats
12-14 03:22:35.783 1468 1643 W ActivityManager: Slow operation: 67ms so far, now at startProcess: building log message
12-14 03:22:35.783 1468 1643 I ActivityManager: Start proc 2619:com.thundercomm.tchttpserver/1000 for added application com.thundercomm.tchttpserver
12-14 03:22:35.783 1468 1643 W ActivityManager: Slow operation: 67ms so far, now at startProcess: starting to update pids map
12-14 03:22:35.783 1468 1643 W ActivityManager: Slow operation: 68ms so far, now at startProcess: done updating pids map
