01-01 09:01:15.598 0 0 D mv2112_update_link: 3.0x8109(100M): 0x8
01-01 09:01:15.598 0 0 D mv2112_update_link: link 0x0
01-01 09:01:15.598 0 0 D mv2112_read_status: autoneg is disabled
01-01 09:01:16.622 0 0 D : mv2112_read_status
01-01 09:01:16.622 0 0 D mv2112_update_link: 3.0x901(1G): 0x80
01-01 09:01:16.622 0 0 D mv2112_update_link: 3.0x8109(100M): 0x8
01-01 09:01:16.622 0 0 D mv2112_update_link: link 0x0
01-01 09:01:16.622 0 0 D mv2112_read_status: autoneg is disabled
01-01 09:01:17.646 0 0 D : mv2112_read_status
01-01 09:01:17.646 0 0 D mv2112_update_link: 3.0x901(1G): 0x80
01-01 09:01:17.646 0 0 D mv2112_update_link: 3.0x8109(100M): 0x8
01-01 09:01:17.646 0 0 D mv2112_update_link: link 0x0
01-01 09:01:17.646 0 0 D mv2112_read_status: autoneg is disabled
01-01 09:01:17.821 0 0 I afe_close: port_id = 0x400e
01-01 09:01:17.828 0 0 I btfm_slim_disable_ch: port:16, grp: 0, ch->grph:0x0, ch->ch_hdl:0x1d
01-01 09:01:18.670 0 0 D : mv2112_read_status
01-01 09:01:18.670 0 0 D mv2112_update_link: 3.0x901(1G): 0x80
01-01 09:01:18.671 0 0 D mv2112_update_link: 3.0x8109(100M): 0x8
01-01 09:01:18.671 0 0 D mv2112_update_link: link 0x0
01-01 09:01:18.671 0 0 D mv2112_read_status: autoneg is disabled
01-01 09:01:19.694 0 0 D : mv2112_read_status
01-01 09:01:19.694 0 0 D mv2112_update_link: 3.0x901(1G): 0x80
01-01 09:01:19.694 0 0 D mv2112_update_link: 3.0x8109(100M): 0x8
01-01 09:01:19.694 0 0 D mv2112_update_link: link 0x0
01-01 09:01:19.694 0 0 D mv2112_read_status: autoneg is disabled
12-14 03:40:52.136 1468 1935 E UserRestrictionsUtils: Unknown restriction queried by uid 1000 (com.android.location.fused et al): null
12-14 03:40:52.138 1468 1935 E UserRestrictionsUtils: Unknown restriction queried by uid 1000 (com.android.location.fused et al): null
01-01 09:01:20.719 0 0 D : mv2112_read_status
01-01 09:01:20.719 0 0 D mv2112_update_link: 3.0x901(1G): 0x80
01-01 09:01:20.719 0 0 D mv2112_update_link: 3.0x8109(100M): 0x8
01-01 09:01:20.719 0 0 D mv2112_update_link: link 0x0
01-01 09:01:20.719 0 0 D mv2112_read_status: autoneg is disabled
12-14 03:40:53.428 1468 2313 I GameModeConfig: isGameModeOn = false
12-14 03:40:53.448 1468 2313 I GameModeConfig: isGameModeOn = false
12-14 03:40:53.464 1468 1935 E UserRestrictionsUtils: Unknown restriction queried by uid 1000 (com.android.location.fused et al): null
12-14 03:40:53.480 1468 2313 I GameModeConfig: isGameModeOn = false
12-14 03:40:53.494 1468 2313 I GameModeConfig: isGameModeOn = false
12-14 03:40:53.513 1468 2313 I GameModeConfig: isGameModeOn = false
12-14 03:40:53.529 1468 2313 I GameModeConfig: isGameModeOn = false
12-14 03:40:53.545 1468 2313 I GameModeConfig: isGameModeOn = false
01-01 09:01:21.742 0 0 D : mv2112_read_status
01-01 09:01:21.742 0 0 D mv2112_update_link: 3.0x901(1G): 0x80
01-01 09:01:21.742 0 0 D mv2112_update_link: 3.0x8109(100M): 0x8
01-01 09:01:21.742 0 0 D mv2112_update_link: link 0x0
01-01 09:01:21.742 0 0 D mv2112_read_status: autoneg is disabled
12-14 03:40:53.561 1468 2313 I GameModeConfig: isGameModeOn = false
12-14 03:40:53.619 1468 2313 I GameModeConfig: isGameModeOn = false
12-14 03:40:53.623 1468 1935 D CompatibilityChangeReporter: Compat change id reported: 149924527; UID 1000; state: ENABLED
12-14 03:40:53.623 1468 1935 D CompatibilityChangeReporter: Compat change id reported: 132649864; UID 1000; state: DISABLED
12-14 03:40:53.624 1468 1935 D CompatibilityChangeReporter: Compat change id reported: 182734110; UID 1000; state: ENABLED
12-14 03:40:53.624 1468 1935 D CompatibilityChangeReporter: Compat change id reported: 182734110; UID 1000; state: DISABLED
12-14 03:40:53.653 1468 2313 I GameModeConfig: isGameModeOn = false
12-14 03:40:53.684 1468 2313 I GameModeConfig: isGameModeOn = false
12-14 03:40:53.700 1468 2313 I GameModeConfig: isGameModeOn = false
12-14 03:40:53.718 1468 2313 I GameModeConfig: isGameModeOn = false
12-14 03:40:53.734 1468 2313 I GameModeConfig: isGameModeOn = false
12-14 03:40:53.748 1468 2313 I GameModeConfig: isGameModeOn = false
12-14 03:40:53.768 1468 2313 I GameModeConfig: isGameModeOn = false
01-01 09:01:22.766 0 0 D : mv2112_read_status
01-01 09:01:22.766 0 0 D mv2112_update_link: 3.0x901(1G): 0x80
01-01 09:01:22.767 0 0 D mv2112_update_link: 3.0x8109(100M): 0x8
01-01 09:01:22.767 0 0 D mv2112_update_link: link 0x0
01-01 09:01:22.767 0 0 D mv2112_read_status: autoneg is disabled
12-14 03:40:54.754 1468 2313 I GameModeConfig: isGameModeOn = false
12-14 03:40:54.770 1468 2313 I GameModeConfig: isGameModeOn = false
12-14 03:40:54.789 1468 2313 I GameModeConfig: isGameModeOn = false
12-14 03:40:54.805 1468 2313 I GameModeConfig: isGameModeOn = false
12-14 03:40:54.818 1468 2313 I GameModeConfig: isGameModeOn = false
12-14 03:40:54.833 1468 2313 I GameModeConfig: isGameModeOn = false
12-14 03:40:54.850 1468 2313 I GameModeConfig: isGameModeOn = false
12-14 03:40:54.867 1468 2313 I GameModeConfig: isGameModeOn = false
12-14 03:40:54.881 1468 2313 I GameModeConfig: isGameModeOn = false
12-14 03:40:54.899 1468 2313 I GameModeConfig: isGameModeOn = false
12-14 03:40:54.916 1468 2313 I GameModeConfig: isGameModeOn = false
12-14 03:40:54.932 1468 2313 I GameModeConfig: isGameModeOn = false
12-14 03:40:54.956 1468 2313 I GameModeConfig: isGameModeOn = false
12-14 03:40:54.958 1468 2313 I GameModeConfig: isGameModeOn = false
12-14 03:40:54.965 1468 2313 I GameModeConfig: isGameModeOn = false
12-14 03:40:54.974 1468 2313 I GameModeConfig: isGameModeOn = false
12-14 03:40:54.982 1468 2313 I GameModeConfig: isGameModeOn = false
12-14 03:40:54.991 1468 2313 I GameModeConfig: isGameModeOn = false
12-14 03:40:55.001 1468 2313 I GameModeConfig: isGameModeOn = false
12-14 03:40:55.006 1468 2313 I GameModeConfig: isGameModeOn = false
12-14 03:40:55.022 1468 2313 I GameModeConfig: isGameModeOn = false
12-14 03:40:55.023 1468 2313 I GameModeConfig: isGameModeOn = false
12-14 03:40:55.035 1468 2313 I GameModeConfig: isGameModeOn = false
12-14 03:40:55.051 1468 2313 I GameModeConfig: isGameModeOn = false
12-14 03:40:55.067 1468 2313 I GameModeConfig: isGameModeOn = false
12-14 03:40:55.086 1468 2313 I GameModeConfig: isGameModeOn = false
12-14 03:40:55.101 1468 2313 I GameModeConfig: isGameModeOn = false
12-14 03:40:55.119 1468 2313 I GameModeConfig: isGameModeOn = false
12-14 03:40:55.140 1468 2313 I GameModeConfig: isGameModeOn = false
12-14 03:40:55.151 1468 2313 I GameModeConfig: isGameModeOn = false
12-14 03:40:55.171 1468 2313 I GameModeConfig: isGameModeOn = false
12-14 03:40:55.189 1468 2313 I GameModeConfig: isGameModeOn = false
12-14 03:40:55.206 1468 2313 I GameModeConfig: isGameModeOn = false
12-14 03:40:55.224 1468 2313 I GameModeConfig: isGameModeOn = false
01-01 09:01:23.790 0 0 D : mv2112_read_status
01-01 09:01:23.790 0 0 D mv2112_update_link: 3.0x901(1G): 0x80
01-01 09:01:23.790 0 0 D mv2112_update_link: 3.0x8109(100M): 0x8
01-01 09:01:23.790 0 0 D mv2112_update_link: link 0x0
01-01 09:01:23.790 0 0 D mv2112_read_status: autoneg is disabled
01-01 09:01:24.814 0 0 D : mv2112_read_status
01-01 09:01:24.814 0 0 D mv2112_update_link: 3.0x901(1G): 0x80
01-01 09:01:24.814 0 0 D mv2112_update_link: 3.0x8109(100M): 0x8
01-01 09:01:24.814 0 0 D mv2112_update_link: link 0x0
01-01 09:01:24.814 0 0 D mv2112_read_status: autoneg is disabled
01-01 09:01:25.838 0 0 D : mv2112_read_status
01-01 09:01:25.838 0 0 D mv2112_update_link: 3.0x901(1G): 0x80
01-01 09:01:25.838 0 0 D mv2112_update_link: 3.0x8109(100M): 0x8
01-01 09:01:25.838 0 0 D mv2112_update_link: link 0x0
01-01 09:01:25.838 0 0 D mv2112_read_status: autoneg is disabled
01-01 09:01:26.815 0 0 I perf : interrupt took too long (2594 > 2500), lowering kernel.perf_event_max_sample_rate to 77000
01-01 09:01:26.862 0 0 D : mv2112_read_status
01-01 09:01:26.862 0 0 D mv2112_update_link: 3.0x901(1G): 0x80
01-01 09:01:26.862 0 0 D mv2112_update_link: 3.0x8109(100M): 0x8
01-01 09:01:26.862 0 0 D mv2112_update_link: link 0x0
01-01 09:01:26.862 0 0 D mv2112_read_status: autoneg is disabled
01-01 09:01:27.886 0 0 D : mv2112_read_status
01-01 09:01:27.886 0 0 D mv2112_update_link: 3.0x901(1G): 0x80
01-01 09:01:27.886 0 0 D mv2112_update_link: 3.0x8109(100M): 0x8
01-01 09:01:27.886 0 0 D mv2112_update_link: link 0x0
01-01 09:01:27.886 0 0 D mv2112_read_status: autoneg is disabled
12-14 03:41:00.074 1468 1468 I GameModeConfig: Current uri is uri = content://com.thundercomm.gamemode.api/gamemode_settings/gamemode_enable
12-14 03:41:00.077 1468 1468 I GameModeConfig: isGameModeOn = true
12-14 03:41:00.077 1468 1468 I GameModeConfig: isGaming = false
12-14 03:41:00.078 1468 1468 I GameModeConfig: isGameModeOn = true
12-14 03:41:00.078 1468 1468 I GameModeConfig: isGaming = false
12-14 03:41:00.078 1468 1468 I GameModeConfig: isDisableVoice = true
01-01 09:01:28.914 0 0 D : mv2112_read_status
01-01 09:01:28.914 0 0 D mv2112_update_link: 3.0x901(1G): 0x80
01-01 09:01:28.914 0 0 D mv2112_update_link: 3.0x8109(100M): 0x8
01-01 09:01:28.914 0 0 D mv2112_update_link: link 0x0
01-01 09:01:28.914 0 0 D mv2112_read_status: autoneg is disabled
12-14 03:41:01.090 1468 2313 I GameModeConfig: isGameModeOn = true
12-14 03:41:01.090 1468 2313 I GameModeConfig: isGaming = false
12-14 03:41:01.090 1468 2313 I GameModeConfig: isGameModeOn = true
12-14 03:41:01.090 1468 2313 I GameModeConfig: isGaming = false
12-14 03:41:01.090 1468 2313 I GameModeConfig: isGameModeOn = true
12-14 03:41:01.090 1468 2313 I GameModeConfig: isGaming = false
12-14 03:41:01.091 1468 2313 I GameModeConfig: isGameModeOn = true
12-14 03:41:01.091 1468 2313 I GameModeConfig: isGaming = false
12-14 03:41:01.126 1468 2313 I GameModeConfig: isGameModeOn = true
12-14 03:41:01.126 1468 2313 I GameModeConfig: isGaming = false
12-14 03:41:01.126 1468 2313 I GameModeConfig: isGameModeOn = true
12-14 03:41:01.126 1468 2313 I GameModeConfig: isGaming = false
12-14 03:41:01.127 1468 2313 I GameModeConfig: isGameModeOn = true
12-14 03:41:01.127 1468 2313 I GameModeConfig: isGaming = false
12-14 03:41:01.127 1468 2313 I GameModeConfig: isGameModeOn = true
12-14 03:41:01.127 1468 2313 I GameModeConfig: isGaming = false
12-14 03:41:01.154 1468 2313 I GameModeConfig: isGameModeOn = true
12-14 03:41:01.154 1468 2313 I GameModeConfig: isGaming = false
12-14 03:41:01.154 1468 2313 I GameModeConfig: isGameModeOn = true
12-14 03:41:01.154 1468 2313 I GameModeConfig: isGaming = false
12-14 03:41:01.154 1468 2313 I GameModeConfig: isGameModeOn = true
12-14 03:41:01.154 1468 2313 I GameModeConfig: isGaming = false
12-14 03:41:01.154 1468 2313 I GameModeConfig: isGameModeOn = true
12-14 03:41:01.154 1468 2313 I GameModeConfig: isGaming = false
12-14 03:41:01.171 1468 2313 I GameModeConfig: isGameModeOn = true
12-14 03:41:01.171 1468 2313 I GameModeConfig: isGaming = false
12-14 03:41:01.171 1468 2313 I GameModeConfig: isGameModeOn = true
12-14 03:41:01.171 1468 2313 I GameModeConfig: isGaming = false
12-14 03:41:01.171 1468 2313 I GameModeConfig: isGameModeOn = true
12-14 03:41:01.171 1468 2313 I GameModeConfig: isGaming = false
12-14 03:41:01.171 1468 2313 I GameModeConfig: isGameModeOn = true
12-14 03:41:01.171 1468 2313 I GameModeConfig: isGaming = false
12-14 03:41:01.188 1468 2313 I GameModeConfig: isGameModeOn = true
12-14 03:41:01.188 1468 2313 I GameModeConfig: isGaming = false
12-14 03:41:01.188 1468 2313 I GameModeConfig: isGameModeOn = true
12-14 03:41:01.188 1468 2313 I GameModeConfig: isGaming = false
12-14 03:41:01.188 1468 2313 I GameModeConfig: isGameModeOn = true
12-14 03:41:01.188 1468 2313 I GameModeConfig: isGaming = false
12-14 03:41:01.189 1468 2313 I GameModeConfig: isGameModeOn = true
12-14 03:41:01.189 1468 2313 I GameModeConfig: isGaming = false
12-14 03:41:01.204 1468 2313 I GameModeConfig: isGameModeOn = true
12-14 03:41:01.204 1468 2313 I GameModeConfig: isGaming = false
12-14 03:41:01.205 1468 2313 I GameModeConfig: isGameModeOn = true
12-14 03:41:01.205 1468 2313 I GameModeConfig: isGaming = false
12-14 03:41:01.205 1468 2313 I GameModeConfig: isGameModeOn = true
12-14 03:41:01.205 1468 2313 I GameModeConfig: isGaming = false
12-14 03:41:01.205 1468 2313 I GameModeConfig: isGameModeOn = true
12-14 03:41:01.205 1468 2313 I GameModeConfig: isGaming = false
12-14 03:41:01.221 1468 2313 I GameModeConfig: isGameModeOn = true
12-14 03:41:01.221 1468 2313 I GameModeConfig: isGaming = false
12-14 03:41:01.222 1468 2313 I GameModeConfig: isGameModeOn = true
12-14 03:41:01.222 1468 2313 I GameModeConfig: isGaming = false
12-14 03:41:01.222 1468 2313 I GameModeConfig: isGameModeOn = true
12-14 03:41:01.222 1468 2313 I GameModeConfig: isGaming = false
12-14 03:41:01.222 1468 2313 I GameModeConfig: isGameModeOn = true
12-14 03:41:01.222 1468 2313 I GameModeConfig: isGaming = false
12-14 03:41:01.238 1468 2313 I GameModeConfig: isGameModeOn = true
12-14 03:41:01.238 1468 2313 I GameModeConfig: isGaming = false
12-14 03:41:01.239 1468 2313 I GameModeConfig: isGameModeOn = true
12-14 03:41:01.239 1468 2313 I GameModeConfig: isGaming = false
12-14 03:41:01.239 1468 2313 I GameModeConfig: isGameModeOn = true
12-14 03:41:01.239 1468 2313 I GameModeConfig: isGaming = false
12-14 03:41:01.239 1468 2313 I GameModeConfig: isGameModeOn = true
12-14 03:41:01.239 1468 2313 I GameModeConfig: isGaming = false
12-14 03:41:01.254 1468 2313 I GameModeConfig: isGameModeOn = true
12-14 03:41:01.254 1468 2313 I GameModeConfig: isGaming = false
12-14 03:41:01.255 1468 2313 I GameModeConfig: isGameModeOn = true
12-14 03:41:01.255 1468 2313 I GameModeConfig: isGaming = false
12-14 03:41:01.255 1468 2313 I GameModeConfig: isGameModeOn = true
12-14 03:41:01.255 1468 2313 I GameModeConfig: isGaming = false
12-14 03:41:01.255 1468 2313 I GameModeConfig: isGameModeOn = true
12-14 03:41:01.255 1468 2313 I GameModeConfig: isGaming = false
12-14 03:41:01.294 1468 1468 I GameModeConfig: isGameModeOn = true
12-14 03:41:01.294 1468 1468 I GameModeConfig: isGaming = false
12-14 03:41:01.329 1468 1468 I GameModeConfig: isGameModeOn = true
12-14 03:41:01.329 1468 1468 I GameModeConfig: isGaming = false
12-14 03:41:01.330 1468 1468 E NotificationService: Muting recently noisy 0|com.android.systemui|2048|null|10082
12-14 03:41:01.357 1468 1468 I GameModeConfig: isGameModeOn = true
12-14 03:41:01.357 1468 1468 I GameModeConfig: isGaming = false
12-14 03:41:01.357 1468 1468 E NotificationService: Muting recently noisy 0|com.android.systemui|2048|null|10082
12-14 03:41:01.376 1468 1468 I GameModeConfig: isGameModeOn = true
12-14 03:41:01.376 1468 1468 I GameModeConfig: isGaming = false
12-14 03:41:01.377 1468 1468 E NotificationService: Muting recently noisy 0|com.android.systemui|2048|null|10082
12-14 03:41:01.391 1468 1468 I GameModeConfig: isGameModeOn = true
12-14 03:41:01.391 1468 1468 I GameModeConfig: isGaming = false
12-14 03:41:01.391 1468 1468 E NotificationService: Muting recently noisy 0|com.android.systemui|2048|null|10082
12-14 03:41:01.409 1468 1468 I GameModeConfig: isGameModeOn = true
12-14 03:41:01.409 1468 1468 I GameModeConfig: isGaming = false
12-14 03:41:01.410 1468 1468 E NotificationService: Muting recently noisy 0|com.android.systemui|2048|null|10082
12-14 03:41:01.427 1468 1468 I GameModeConfig: isGameModeOn = true
12-14 03:41:01.427 1468 1468 I GameModeConfig: isGaming = false
12-14 03:41:01.427 1468 1468 E NotificationService: Muting recently noisy 0|com.android.systemui|2048|null|10082
12-14 03:41:01.443 1468 1468 I GameModeConfig: isGameModeOn = true
12-14 03:41:01.444 1468 1468 I GameModeConfig: isGaming = false
12-14 03:41:01.444 1468 1468 E NotificationService: Muting recently noisy 0|com.android.systemui|2048|null|10082
12-14 03:41:01.458 1468 1468 I GameModeConfig: isGameModeOn = true
12-14 03:41:01.458 1468 1468 I GameModeConfig: isGaming = false
12-14 03:41:01.458 1468 1468 E NotificationService: Muting recently noisy 0|com.android.systemui|2048|null|10082
01-01 09:01:29.934 0 0 D : mv2112_read_status
01-01 09:01:29.934 0 0 D mv2112_update_link: 3.0x901(1G): 0x80
01-01 09:01:29.935 0 0 D mv2112_update_link: 3.0x8109(100M): 0x8
01-01 09:01:29.935 0 0 D mv2112_update_link: link 0x0
01-01 09:01:29.935 0 0 D mv2112_read_status: autoneg is disabled
01-01 09:01:30.958 0 0 D : mv2112_read_status
01-01 09:01:30.958 0 0 D mv2112_update_link: 3.0x901(1G): 0x80
01-01 09:01:30.958 0 0 D mv2112_update_link: 3.0x8109(100M): 0x8
01-01 09:01:30.958 0 0 D mv2112_update_link: link 0x0
01-01 09:01:30.958 0 0 D mv2112_read_status: autoneg is disabled
01-01 09:01:31.982 0 0 D : mv2112_read_status
01-01 09:01:31.982 0 0 D mv2112_update_link: 3.0x901(1G): 0x80
01-01 09:01:31.983 0 0 D mv2112_update_link: 3.0x8109(100M): 0x8
01-01 09:01:31.983 0 0 D mv2112_update_link: link 0x0
01-01 09:01:31.983 0 0 D mv2112_read_status: autoneg is disabled
01-01 09:01:32.093 0 0 I binder : 1468:1802 ioctl 400c620e 735b8845d8 returned -22
12-14 03:41:03.912 1468 1802 D ActivityManager: freezing 2942 com.qualcomm.qti.qccauthmgr
12-14 03:41:03.912 1468 1802 E ActivityManager: Unable to freeze binder for 2942 com.qualcomm.qti.qccauthmgr
12-14 03:41:03.914 1468 1802 D ActivityManager: froze 2942 com.qualcomm.qti.qccauthmgr
12-14 03:41:03.914 1468 1802 E ActivityManager: Unable to freeze binder for 2942 com.qualcomm.qti.qccauthmgr
12-14 03:41:03.916 1468 1802 I ActivityManager: Killing 2942:com.qualcomm.qti.qccauthmgr/u0a83 (adj 935): Unable to freeze binder interface
01-01 09:01:32.095 0 0 I binder : 1468:1802 ioctl c00c620f 735b8845b8 returned -22
01-01 09:01:33.006 0 0 D : mv2112_read_status
01-01 09:01:33.006 0 0 D mv2112_update_link: 3.0x901(1G): 0x80
01-01 09:01:33.006 0 0 D mv2112_update_link: 3.0x8109(100M): 0x8
01-01 09:01:33.006 0 0 D mv2112_update_link: link 0x0
01-01 09:01:33.006 0 0 D mv2112_read_status: autoneg is disabled
01-01 09:01:34.030 0 0 D : mv2112_read_status
01-01 09:01:34.030 0 0 D mv2112_update_link: 3.0x901(1G): 0x80
01-01 09:01:34.031 0 0 D mv2112_update_link: 3.0x8109(100M): 0x8
01-01 09:01:34.031 0 0 D mv2112_update_link: link 0x0
01-01 09:01:34.031 0 0 D mv2112_read_status: autoneg is disabled
01-01 09:01:35.054 0 0 D : mv2112_read_status
01-01 09:01:35.054 0 0 D mv2112_update_link: 3.0x901(1G): 0x80
01-01 09:01:35.055 0 0 D mv2112_update_link: 3.0x8109(100M): 0x8
01-01 09:01:35.055 0 0 D mv2112_update_link: link 0x0
01-01 09:01:35.055 0 0 D mv2112_read_status: autoneg is disabled
12-14 03:41:07.821 1468 2313 I GameModeConfig: isGameModeOn = true
12-14 03:41:07.821 1468 2313 I GameModeConfig: isGaming = false
12-14 03:41:07.822 1468 2313 I GameModeConfig: isGameModeOn = true
12-14 03:41:07.822 1468 2313 I GameModeConfig: isGaming = false
12-14 03:41:07.822 1468 2313 I GameModeConfig: isGameModeOn = true
12-14 03:41:07.822 1468 2313 I GameModeConfig: isGaming = false
12-14 03:41:07.822 1468 2313 I GameModeConfig: isGameModeOn = true
12-14 03:41:07.822 1468 2313 I GameModeConfig: isGaming = false
12-14 03:41:07.841 1468 2313 I GameModeConfig: isGameModeOn = true
12-14 03:41:07.842 1468 2313 I GameModeConfig: isGaming = false
12-14 03:41:07.842 1468 2313 I GameModeConfig: isGameModeOn = true
12-14 03:41:07.842 1468 2313 I GameModeConfig: isGaming = false
12-14 03:41:07.842 1468 2313 I GameModeConfig: isGameModeOn = true
12-14 03:41:07.842 1468 2313 I GameModeConfig: isGaming = false
12-14 03:41:07.842 1468 2313 I GameModeConfig: isGameModeOn = true
12-14 03:41:07.842 1468 2313 I GameModeConfig: isGaming = false
12-14 03:41:07.858 1468 2313 I GameModeConfig: isGameModeOn = true
12-14 03:41:07.858 1468 2313 I GameModeConfig: isGaming = false
12-14 03:41:07.859 1468 2313 I GameModeConfig: isGameModeOn = true
12-14 03:41:07.859 1468 2313 I GameModeConfig: isGaming = false
12-14 03:41:07.859 1468 2313 I GameModeConfig: isGameModeOn = true
12-14 03:41:07.859 1468 2313 I GameModeConfig: isGaming = false
12-14 03:41:07.859 1468 2313 I GameModeConfig: isGameModeOn = true
12-14 03:41:07.859 1468 2313 I GameModeConfig: isGaming = false
12-14 03:41:07.872 1468 2313 I GameModeConfig: isGameModeOn = true
12-14 03:41:07.872 1468 2313 I GameModeConfig: isGaming = false
12-14 03:41:07.872 1468 2313 I GameModeConfig: isGameModeOn = true
12-14 03:41:07.872 1468 2313 I GameModeConfig: isGaming = false
12-14 03:41:07.872 1468 2313 I GameModeConfig: isGameModeOn = true
12-14 03:41:07.872 1468 2313 I GameModeConfig: isGaming = false
12-14 03:41:07.872 1468 2313 I GameModeConfig: isGameModeOn = true
12-14 03:41:07.872 1468 2313 I GameModeConfig: isGaming = false
12-14 03:41:07.888 1468 2313 I GameModeConfig: isGameModeOn = true
12-14 03:41:07.888 1468 2313 I GameModeConfig: isGaming = false
12-14 03:41:07.888 1468 2313 I GameModeConfig: isGameModeOn = true
12-14 03:41:07.888 1468 2313 I GameModeConfig: isGaming = false
12-14 03:41:07.888 1468 2313 I GameModeConfig: isGameModeOn = true
12-14 03:41:07.888 1468 2313 I GameModeConfig: isGaming = false
12-14 03:41:07.888 1468 2313 I GameModeConfig: isGameModeOn = true
12-14 03:41:07.889 1468 2313 I GameModeConfig: isGaming = false
01-01 09:01:36.078 0 0 D : mv2112_read_status
01-01 09:01:36.078 0 0 D mv2112_update_link: 3.0x901(1G): 0x80
01-01 09:01:36.078 0 0 D mv2112_update_link: 3.0x8109(100M): 0x8
01-01 09:01:36.078 0 0 D mv2112_update_link: link 0x0
01-01 09:01:36.078 0 0 D mv2112_read_status: autoneg is disabled
12-14 03:41:07.904 1468 2313 I GameModeConfig: isGameModeOn = true
12-14 03:41:07.904 1468 2313 I GameModeConfig: isGaming = false
12-14 03:41:07.905 1468 2313 I GameModeConfig: isGameModeOn = true
12-14 03:41:07.905 1468 2313 I GameModeConfig: isGaming = false
12-14 03:41:07.905 1468 2313 I GameModeConfig: isGameModeOn = true
12-14 03:41:07.905 1468 2313 I GameModeConfig: isGaming = false
12-14 03:41:07.905 1468 2313 I GameModeConfig: isGameModeOn = true
12-14 03:41:07.905 1468 2313 I GameModeConfig: isGaming = false
12-14 03:41:07.922 1468 2313 I GameModeConfig: isGameModeOn = true
12-14 03:41:07.922 1468 2313 I GameModeConfig: isGaming = false
12-14 03:41:07.922 1468 2313 I GameModeConfig: isGameModeOn = true
12-14 03:41:07.922 1468 2313 I GameModeConfig: isGaming = false
12-14 03:41:07.922 1468 2313 I GameModeConfig: isGameModeOn = true
12-14 03:41:07.922 1468 2313 I GameModeConfig: isGaming = false
12-14 03:41:07.922 1468 2313 I GameModeConfig: isGameModeOn = true
12-14 03:41:07.922 1468 2313 I GameModeConfig: isGaming = false
12-14 03:41:07.937 1468 2313 I GameModeConfig: isGameModeOn = true
12-14 03:41:07.937 1468 2313 I GameModeConfig: isGaming = false
12-14 03:41:07.937 1468 2313 I GameModeConfig: isGameModeOn = true
12-14 03:41:07.937 1468 2313 I GameModeConfig: isGaming = false
12-14 03:41:07.937 1468 2313 I GameModeConfig: isGameModeOn = true
12-14 03:41:07.937 1468 2313 I GameModeConfig: isGaming = false
12-14 03:41:07.937 1468 2313 I GameModeConfig: isGameModeOn = true
12-14 03:41:07.937 1468 2313 I GameModeConfig: isGaming = false
12-14 03:41:07.955 1468 2313 I GameModeConfig: isGameModeOn = true
12-14 03:41:07.955 1468 2313 I GameModeConfig: isGaming = false
12-14 03:41:07.955 1468 2313 I GameModeConfig: isGameModeOn = true
12-14 03:41:07.955 1468 2313 I GameModeConfig: isGaming = false
12-14 03:41:07.955 1468 2313 I GameModeConfig: isGameModeOn = true
12-14 03:41:07.955 1468 2313 I GameModeConfig: isGaming = false
12-14 03:41:07.955 1468 2313 I GameModeConfig: isGameModeOn = true
12-14 03:41:07.955 1468 2313 I GameModeConfig: isGaming = false
12-14 03:41:07.971 1468 2313 I GameModeConfig: isGameModeOn = true
12-14 03:41:07.971 1468 2313 I GameModeConfig: isGaming = false
12-14 03:41:07.971 1468 2313 I GameModeConfig: isGameModeOn = true
12-14 03:41:07.971 1468 2313 I GameModeConfig: isGaming = false
12-14 03:41:07.971 1468 2313 I GameModeConfig: isGameModeOn = true
12-14 03:41:07.971 1468 2313 I GameModeConfig: isGaming = false
12-14 03:41:07.971 1468 2313 I GameModeConfig: isGameModeOn = true
12-14 03:41:07.971 1468 2313 I GameModeConfig: isGaming = false
12-14 03:41:07.988 1468 2313 I GameModeConfig: isGameModeOn = true
12-14 03:41:07.988 1468 2313 I GameModeConfig: isGaming = false
12-14 03:41:07.988 1468 2313 I GameModeConfig: isGameModeOn = true
12-14 03:41:07.988 1468 2313 I GameModeConfig: isGaming = false
12-14 03:41:07.988 1468 2313 I GameModeConfig: isGameModeOn = true
12-14 03:41:07.988 1468 2313 I GameModeConfig: isGaming = false
12-14 03:41:07.988 1468 2313 I GameModeConfig: isGameModeOn = true
12-14 03:41:07.989 1468 2313 I GameModeConfig: isGaming = false
12-14 03:41:08.004 1468 2313 I GameModeConfig: isGameModeOn = true
12-14 03:41:08.004 1468 2313 I GameModeConfig: isGaming = false
12-14 03:41:08.004 1468 2313 I GameModeConfig: isGameModeOn = true
12-14 03:41:08.004 1468 2313 I GameModeConfig: isGaming = false
12-14 03:41:08.004 1468 2313 I GameModeConfig: isGameModeOn = true
12-14 03:41:08.004 1468 2313 I GameModeConfig: isGaming = false
12-14 03:41:08.004 1468 2313 I GameModeConfig: isGameModeOn = true
12-14 03:41:08.004 1468 2313 I GameModeConfig: isGaming = false
12-14 03:41:08.021 1468 2313 I GameModeConfig: isGameModeOn = true
12-14 03:41:08.021 1468 2313 I GameModeConfig: isGaming = false
12-14 03:41:08.021 1468 2313 I GameModeConfig: isGameModeOn = true
12-14 03:41:08.021 1468 2313 I GameModeConfig: isGaming = false
12-14 03:41:08.021 1468 2313 I GameModeConfig: isGameModeOn = true
12-14 03:41:08.021 1468 2313 I GameModeConfig: isGaming = false
12-14 03:41:08.021 1468 2313 I GameModeConfig: isGameModeOn = true
12-14 03:41:08.021 1468 2313 I GameModeConfig: isGaming = false
12-14 03:41:08.026 1468 1468 I GameModeConfig: isGameModeOn = true
12-14 03:41:08.026 1468 1468 I GameModeConfig: isGaming = false
12-14 03:41:08.037 1468 2313 I GameModeConfig: isGameModeOn = true
12-14 03:41:08.037 1468 2313 I GameModeConfig: isGaming = false
12-14 03:41:08.038 1468 2313 I GameModeConfig: isGameModeOn = true
12-14 03:41:08.038 1468 2313 I GameModeConfig: isGaming = false
12-14 03:41:08.038 1468 2313 I GameModeConfig: isGameModeOn = true
12-14 03:41:08.038 1468 2313 I GameModeConfig: isGaming = false
12-14 03:41:08.038 1468 2313 I GameModeConfig: isGameModeOn = true
12-14 03:41:08.038 1468 2313 I GameModeConfig: isGaming = false
12-14 03:41:08.047 1468 1468 I GameModeConfig: isGameModeOn = true
12-14 03:41:08.047 1468 1468 I GameModeConfig: isGaming = false
12-14 03:41:08.047 1468 1468 E NotificationService: Muting recently noisy 0|com.android.systemui|2048|null|10082
12-14 03:41:08.060 1468 2313 I GameModeConfig: isGameModeOn = true
12-14 03:41:08.060 1468 2313 I GameModeConfig: isGaming = false
12-14 03:41:08.060 1468 2313 I GameModeConfig: isGameModeOn = true
12-14 03:41:08.060 1468 2313 I GameModeConfig: isGaming = false
12-14 03:41:08.060 1468 2313 I GameModeConfig: isGameModeOn = true
12-14 03:41:08.060 1468 2313 I GameModeConfig: isGaming = false
12-14 03:41:08.060 1468 2313 I GameModeConfig: isGameModeOn = true
12-14 03:41:08.060 1468 2313 I GameModeConfig: isGaming = false
12-14 03:41:08.062 1468 1468 I GameModeConfig: isGameModeOn = true
12-14 03:41:08.062 1468 1468 I GameModeConfig: isGaming = false
12-14 03:41:08.063 1468 1468 E NotificationService: Muting recently noisy 0|com.android.systemui|2048|null|10082
12-14 03:41:08.071 1468 2313 I GameModeConfig: isGameModeOn = true
12-14 03:41:08.071 1468 2313 I GameModeConfig: isGaming = false
12-14 03:41:08.071 1468 2313 I GameModeConfig: isGameModeOn = true
12-14 03:41:08.071 1468 2313 I GameModeConfig: isGaming = false
12-14 03:41:08.071 1468 2313 I GameModeConfig: isGameModeOn = true
12-14 03:41:08.071 1468 2313 I GameModeConfig: isGaming = false
12-14 03:41:08.071 1468 2313 I GameModeConfig: isGameModeOn = true
12-14 03:41:08.071 1468 2313 I GameModeConfig: isGaming = false
12-14 03:41:08.077 1468 1468 I GameModeConfig: isGameModeOn = true
12-14 03:41:08.077 1468 1468 I GameModeConfig: isGaming = false
12-14 03:41:08.077 1468 1468 E NotificationService: Muting recently noisy 0|com.android.systemui|2048|null|10082
12-14 03:41:08.089 1468 1468 I GameModeConfig: isGameModeOn = true
12-14 03:41:08.089 1468 1468 I GameModeConfig: isGaming = false
12-14 03:41:08.090 1468 1468 E NotificationService: Muting recently noisy 0|com.android.systemui|2048|null|10082
12-14 03:41:08.095 1468 2313 I GameModeConfig: isGameModeOn = true
12-14 03:41:08.095 1468 2313 I GameModeConfig: isGaming = false
12-14 03:41:08.095 1468 2313 I GameModeConfig: isGameModeOn = true
12-14 03:41:08.095 1468 2313 I GameModeConfig: isGaming = false
12-14 03:41:08.095 1468 2313 I GameModeConfig: isGameModeOn = true
12-14 03:41:08.095 1468 2313 I GameModeConfig: isGaming = false
12-14 03:41:08.096 1468 2313 I GameModeConfig: isGameModeOn = true
12-14 03:41:08.096 1468 2313 I GameModeConfig: isGaming = false
12-14 03:41:08.106 1468 1468 I GameModeConfig: isGameModeOn = true
12-14 03:41:08.106 1468 1468 I GameModeConfig: isGaming = false
12-14 03:41:08.106 1468 1468 E NotificationService: Muting recently noisy 0|com.android.systemui|2048|null|10082
12-14 03:41:08.122 1468 1468 I GameModeConfig: isGameModeOn = true
12-14 03:41:08.122 1468 1468 I GameModeConfig: isGaming = false
12-14 03:41:08.122 1468 1468 E NotificationService: Muting recently noisy 0|com.android.systemui|2048|null|10082
12-14 03:41:08.143 1468 1468 I GameModeConfig: isGameModeOn = true
12-14 03:41:08.143 1468 1468 I GameModeConfig: isGaming = false
12-14 03:41:08.143 1468 1468 E NotificationService: Muting recently noisy 0|com.android.systemui|2048|null|10082
12-14 03:41:08.155 1468 1468 I GameModeConfig: isGameModeOn = true
12-14 03:41:08.155 1468 1468 I GameModeConfig: isGaming = false
12-14 03:41:08.155 1468 1468 E NotificationService: Muting recently noisy 0|com.android.systemui|2048|null|10082
12-14 03:41:08.174 1468 1468 I GameModeConfig: isGameModeOn = true
12-14 03:41:08.174 1468 1468 I GameModeConfig: isGaming = false
12-14 03:41:08.174 1468 1468 E NotificationService: Muting recently noisy 0|com.android.systemui|2048|null|10082
12-14 03:41:08.190 1468 1468 I GameModeConfig: isGameModeOn = true
12-14 03:41:08.190 1468 1468 I GameModeConfig: isGaming = false
12-14 03:41:08.191 1468 1468 E NotificationService: Muting recently noisy 0|com.android.systemui|2048|null|10082
12-14 03:41:08.206 1468 1468 I GameModeConfig: isGameModeOn = true
12-14 03:41:08.207 1468 1468 I GameModeConfig: isGaming = false
12-14 03:41:08.207 1468 1468 E NotificationService: Muting recently noisy 0|com.android.systemui|2048|null|10082
12-14 03:41:08.223 1468 1468 I GameModeConfig: isGameModeOn = true
12-14 03:41:08.224 1468 1468 I GameModeConfig: isGaming = false
12-14 03:41:08.224 1468 1468 E NotificationService: Muting recently noisy 0|com.android.systemui|2048|null|10082
12-14 03:41:08.242 1468 1468 I GameModeConfig: isGameModeOn = true
12-14 03:41:08.242 1468 1468 I GameModeConfig: isGaming = false
12-14 03:41:08.242 1468 1468 E NotificationService: Muting recently noisy 0|com.android.systemui|2048|null|10082
12-14 03:41:08.260 1468 1468 I GameModeConfig: isGameModeOn = true
12-14 03:41:08.260 1468 1468 I GameModeConfig: isGaming = false
12-14 03:41:08.260 1468 1468 E NotificationService: Muting recently noisy 0|com.android.systemui|2048|null|10082
12-14 03:41:08.273 1468 1468 I GameModeConfig: isGameModeOn = true
12-14 03:41:08.273 1468 1468 I GameModeConfig: isGaming = false
12-14 03:41:08.274 1468 1468 E NotificationService: Muting recently noisy 0|com.android.systemui|2048|null|10082
12-14 03:41:08.298 1468 1468 I GameModeConfig: isGameModeOn = true
12-14 03:41:08.298 1468 1468 I GameModeConfig: isGaming = false
12-14 03:41:08.298 1468 1468 E NotificationService: Muting recently noisy 0|com.android.systemui|2048|null|10082
01-01 09:01:37.102 0 0 D : mv2112_read_status
01-01 09:01:37.102 0 0 D mv2112_update_link: 3.0x901(1G): 0x80
01-01 09:01:37.103 0 0 D mv2112_update_link: 3.0x8109(100M): 0x8
01-01 09:01:37.103 0 0 D mv2112_update_link: link 0x0
01-01 09:01:37.103 0 0 D mv2112_read_status: autoneg is disabled
01-01 09:01:37.273 0 0 I btfm_slim_hw_init: PGD Enum Addr: 00:01:20:02:17: 02
01-01 09:01:37.273 0 0 I btfm_slim_hw_init: IFD Enum Addr: 00:00:20:02:17: 02
01-01 09:01:37.273 0 0 I btfm_slim_hw_init: chipset soc version:400a0200
01-01 09:01:37.273 0 0 I btfm_slim_hw_init: chipset is hastings 2.0, overwriting EA
01-01 09:01:37.273 0 0 I btfm_slim_hw_init: PGD Enum Addr: 00:01:20:02:17: 02
01-01 09:01:37.273 0 0 I btfm_slim_hw_init: IFD Enum Addr: 00:00:20:02:17: 02
01-01 09:01:37.273 0 0 I btfm_slim_alloc_port: chipset soc version:400a0200
01-01 09:01:37.280 0 0 I btfm_slim_enable_ch: chipset soc version:400a0200
01-01 09:01:37.280 0 0 I btfm_slim_enable_ch: channel define - prot:2, dataf:0, auxf:0
01-01 09:01:37.280 0 0 I btfm_slim_enable_ch: channel define - rates:44100, baser:2, ratem:4
01-01 09:01:37.281 0 0 I btfm_slim_enable_ch: slim_connect_sink(port: 16, ch: 157)
01-01 09:01:37.281 0 0 I btfm_slim_enable_ch: port: 16, ch: 157, grp: 0, ch->grph: 0x0, ch_hdl: 0x1d
01-01 09:01:37.281 0 0 I __afe_port_start: port id: 0x400e
01-01 09:01:37.281 0 0 I afe_find_cal_topo_id_by_port: port id: 0x400e, dev_acdb_id: 20
01-01 09:01:37.281 0 0 I afe_find_cal_topo_id_by_port: top_id:112fc acdb_id:20 afe_port_id:0x400e
01-01 09:01:37.281 0 0 I afe_get_cal_topology_id: port_id = 0x400e acdb_id = 20 topology_id = 0x112fc cal_type_index=8 ret=0
01-01 09:01:37.282 0 0 I afe_send_port_topology_id: AFE set topology id 0x112fc enable for port 0x400e ret 0
01-01 09:01:37.282 0 0 I send_afe_cal_type: cal_index is 0
01-01 09:01:37.282 0 0 I send_afe_cal_type: dev_acdb_id[119] is 20
01-01 09:01:37.282 0 0 I afe_find_cal: cal_index 0 port_id 0x400e port_index 119
01-01 09:01:37.282 0 0 I afe_find_cal: acdb_id 20 dev_acdb_id 20 sample_rate 48000 afe_sample_rates 44100
01-01 09:01:37.282 0 0 I afe_find_cal: no matching cal_block found
01-01 09:01:37.282 0 0 E : send_afe_cal_type cal_block not found!!
01-01 09:01:37.282 0 0 I afe_send_hw_delay: port_id 0x400e rate 44100 delay_usec 0 status 0
01-01 09:01:38.126 0 0 D : mv2112_read_status
01-01 09:01:38.126 0 0 D mv2112_update_link: 3.0x901(1G): 0x80
01-01 09:01:38.126 0 0 D mv2112_update_link: 3.0x8109(100M): 0x8
01-01 09:01:38.126 0 0 D mv2112_update_link: link 0x0
01-01 09:01:38.126 0 0 D mv2112_read_status: autoneg is disabled
01-01 09:01:39.150 0 0 D : mv2112_read_status
01-01 09:01:39.150 0 0 D mv2112_update_link: 3.0x901(1G): 0x80
01-01 09:01:39.150 0 0 D mv2112_update_link: 3.0x8109(100M): 0x8
01-01 09:01:39.150 0 0 D mv2112_update_link: link 0x0
01-01 09:01:39.150 0 0 D mv2112_read_status: autoneg is disabled
12-14 03:41:11.106 1468 2313 I GameModeConfig: isGameModeOn = true
12-14 03:41:11.106 1468 2313 I GameModeConfig: isGaming = false
12-14 03:41:11.127 1468 2313 I GameModeConfig: isGameModeOn = true
12-14 03:41:11.127 1468 2313 I GameModeConfig: isGaming = false
12-14 03:41:11.154 1468 2313 I GameModeConfig: isGameModeOn = true
12-14 03:41:11.154 1468 2313 I GameModeConfig: isGaming = false
12-14 03:41:11.172 1468 2313 I GameModeConfig: isGameModeOn = true
12-14 03:41:11.172 1468 2313 I GameModeConfig: isGaming = false
12-14 03:41:11.188 1468 2313 I GameModeConfig: isGameModeOn = true
12-14 03:41:11.188 1468 2313 I GameModeConfig: isGaming = false
12-14 03:41:11.204 1468 2313 I GameModeConfig: isGameModeOn = true
12-14 03:41:11.205 1468 2313 I GameModeConfig: isGaming = false
12-14 03:41:11.222 1468 2313 I GameModeConfig: isGameModeOn = true
12-14 03:41:11.222 1468 2313 I GameModeConfig: isGaming = false
12-14 03:41:11.238 1468 2313 I GameModeConfig: isGameModeOn = true
12-14 03:41:11.239 1468 2313 I GameModeConfig: isGaming = false
12-14 03:41:11.255 1468 2313 I GameModeConfig: isGameModeOn = true
12-14 03:41:11.255 1468 2313 I GameModeConfig: isGaming = false
12-14 03:41:11.295 1468 2313 I GameModeConfig: isGameModeOn = true
12-14 03:41:11.295 1468 2313 I GameModeConfig: isGaming = false
12-14 03:41:11.330 1468 2313 I GameModeConfig: isGameModeOn = true
12-14 03:41:11.330 1468 2313 I GameModeConfig: isGaming = false
12-14 03:41:11.357 1468 2313 I GameModeConfig: isGameModeOn = true
12-14 03:41:11.357 1468 2313 I GameModeConfig: isGaming = false
12-14 03:41:11.376 1468 2313 I GameModeConfig: isGameModeOn = true
12-14 03:41:11.377 1468 2313 I GameModeConfig: isGaming = false
12-14 03:41:11.391 1468 2313 I GameModeConfig: isGameModeOn = true
12-14 03:41:11.391 1468 2313 I GameModeConfig: isGaming = false
12-14 03:41:11.408 1468 2313 I GameModeConfig: isGameModeOn = true
12-14 03:41:11.409 1468 2313 I GameModeConfig: isGaming = false
12-14 03:41:11.426 1468 2313 I GameModeConfig: isGameModeOn = true
12-14 03:41:11.427 1468 2313 I GameModeConfig: isGaming = false
12-14 03:41:11.444 1468 2313 I GameModeConfig: isGameModeOn = true
12-14 03:41:11.444 1468 2313 I GameModeConfig: isGaming = false
12-14 03:41:11.458 1468 2313 I GameModeConfig: isGameModeOn = true
12-14 03:41:11.458 1468 2313 I GameModeConfig: isGaming = false
12-14 03:41:11.570 1468 1642 W BroadcastQueue: Permission Denial: broadcasting Intent { act=android.net.conn.CONNECTIVITY_CHANGE flg=0x4200010 (has extras) } from null (pid=-1, uid=-1) requires android.permission.CHANGE_NETWORK_STATE due to registered receiver BroadcastFilter{7007004 1000/u0 ReceiverList{15b8417 2925 com.android.settings/1000/u0 remote:e72e096}}
12-14 03:41:11.570 1468 1642 W BroadcastQueue: Permission Denial: broadcasting Intent { act=android.net.wifi.STATE_CHANGE flg=0x4000010 (has extras) } from null (pid=-1, uid=-1) requires android.permission.CHANGE_NETWORK_STATE due to registered receiver BroadcastFilter{7007004 1000/u0 ReceiverList{15b8417 2925 com.android.settings/1000/u0 remote:e72e096}}
12-14 03:41:11.570 1468 1642 W BroadcastQueue: Permission Denial: broadcasting Intent { act=android.net.conn.CONNECTIVITY_CHANGE flg=0x4200010 (has extras) } from null (pid=-1, uid=-1) requires android.permission.CHANGE_NETWORK_STATE due to registered receiver BroadcastFilter{e8a4ab3 1000/u0 ReceiverList{f47022 2925 com.android.settings/1000/u0 remote:46919ed}}
12-14 03:41:11.570 1468 1642 W BroadcastQueue: Permission Denial: broadcasting Intent { act=android.net.wifi.STATE_CHANGE flg=0x4000010 (has extras) } from null (pid=-1, uid=-1) requires android.permission.CHANGE_NETWORK_STATE due to registered receiver BroadcastFilter{e8a4ab3 1000/u0 ReceiverList{f47022 2925 com.android.settings/1000/u0 remote:46919ed}}
01-01 09:01:40.174 0 0 D : mv2112_read_status
01-01 09:01:40.174 0 0 D mv2112_update_link: 3.0x901(1G): 0x80
01-01 09:01:40.175 0 0 D mv2112_update_link: 3.0x8109(100M): 0x8
01-01 09:01:40.175 0 0 D mv2112_update_link: link 0x0
01-01 09:01:40.175 0 0 D mv2112_read_status: autoneg is disabled
01-01 09:01:41.145 0 0 I afe_close: port_id = 0x400e
01-01 09:01:41.151 0 0 I btfm_slim_disable_ch: port:16, grp: 0, ch->grph:0x0, ch->ch_hdl:0x1d
01-01 09:01:41.198 0 0 D : mv2112_read_status
01-01 09:01:41.198 0 0 D mv2112_update_link: 3.0x901(1G): 0x80
01-01 09:01:41.199 0 0 D mv2112_update_link: 3.0x8109(100M): 0x8
01-01 09:01:41.199 0 0 D mv2112_update_link: link 0x0
01-01 09:01:41.199 0 0 D mv2112_read_status: autoneg is disabled
12-14 03:41:13.800 1468 2313 I GameModeConfig: isGameModeOn = true
12-14 03:41:13.800 1468 2313 I GameModeConfig: isGaming = false
12-14 03:41:13.800 1468 2313 I GameModeConfig: isGameModeOn = true
12-14 03:41:13.801 1468 2313 I GameModeConfig: isGaming = false
12-14 03:41:13.801 1468 2313 I GameModeConfig: isGameModeOn = true
12-14 03:41:13.801 1468 2313 I GameModeConfig: isGaming = false
12-14 03:41:13.801 1468 2313 I GameModeConfig: isGameModeOn = true
12-14 03:41:13.801 1468 2313 I GameModeConfig: isGaming = false
12-14 03:41:13.834 1468 2313 I GameModeConfig: isGameModeOn = true
12-14 03:41:13.834 1468 2313 I GameModeConfig: isGaming = false
12-14 03:41:13.834 1468 2313 I GameModeConfig: isGameModeOn = true
12-14 03:41:13.834 1468 2313 I GameModeConfig: isGaming = false
12-14 03:41:13.834 1468 2313 I GameModeConfig: isGameModeOn = true
12-14 03:41:13.834 1468 2313 I GameModeConfig: isGaming = false
12-14 03:41:13.834 1468 2313 I GameModeConfig: isGameModeOn = true
12-14 03:41:13.834 1468 2313 I GameModeConfig: isGaming = false
12-14 03:41:13.854 1468 2313 I GameModeConfig: isGameModeOn = true
12-14 03:41:13.854 1468 2313 I GameModeConfig: isGaming = false
12-14 03:41:13.855 1468 2313 I GameModeConfig: isGameModeOn = true
12-14 03:41:13.855 1468 2313 I GameModeConfig: isGaming = false
12-14 03:41:13.855 1468 2313 I GameModeConfig: isGameModeOn = true
12-14 03:41:13.855 1468 2313 I GameModeConfig: isGaming = false
12-14 03:41:13.856 1468 2313 I GameModeConfig: isGameModeOn = true
12-14 03:41:13.856 1468 2313 I GameModeConfig: isGaming = false
12-14 03:41:13.895 1468 2313 I GameModeConfig: isGameModeOn = true
12-14 03:41:13.895 1468 2313 I GameModeConfig: isGaming = false
12-14 03:41:13.895 1468 2313 I GameModeConfig: isGameModeOn = true
12-14 03:41:13.895 1468 2313 I GameModeConfig: isGaming = false
12-14 03:41:13.895 1468 2313 I GameModeConfig: isGameModeOn = true
12-14 03:41:13.895 1468 2313 I GameModeConfig: isGaming = false
12-14 03:41:13.895 1468 2313 I GameModeConfig: isGameModeOn = true
12-14 03:41:13.895 1468 2313 I GameModeConfig: isGaming = false
12-14 03:41:13.918 1468 2313 I GameModeConfig: isGameModeOn = true
12-14 03:41:13.919 1468 2313 I GameModeConfig: isGaming = false
12-14 03:41:13.919 1468 2313 I GameModeConfig: isGameModeOn = true
12-14 03:41:13.919 1468 2313 I GameModeConfig: isGaming = false
12-14 03:41:13.919 1468 2313 I GameModeConfig: isGameModeOn = true
12-14 03:41:13.919 1468 2313 I GameModeConfig: isGaming = false
12-14 03:41:13.919 1468 2313 I GameModeConfig: isGameModeOn = true
12-14 03:41:13.919 1468 2313 I GameModeConfig: isGaming = false
12-14 03:41:13.936 1468 2313 I GameModeConfig: isGameModeOn = true
12-14 03:41:13.936 1468 2313 I GameModeConfig: isGaming = false
12-14 03:41:13.937 1468 2313 I GameModeConfig: isGameModeOn = true
12-14 03:41:13.937 1468 2313 I GameModeConfig: isGaming = false
12-14 03:41:13.937 1468 2313 I GameModeConfig: isGameModeOn = true
12-14 03:41:13.937 1468 2313 I GameModeConfig: isGaming = false
12-14 03:41:13.937 1468 2313 I GameModeConfig: isGameModeOn = true
12-14 03:41:13.937 1468 2313 I GameModeConfig: isGaming = false
12-14 03:41:13.955 1468 2313 I GameModeConfig: isGameModeOn = true
12-14 03:41:13.955 1468 2313 I GameModeConfig: isGaming = false
12-14 03:41:13.956 1468 2313 I GameModeConfig: isGameModeOn = true
12-14 03:41:13.956 1468 2313 I GameModeConfig: isGaming = false
12-14 03:41:13.956 1468 2313 I GameModeConfig: isGameModeOn = true
12-14 03:41:13.956 1468 2313 I GameModeConfig: isGaming = false
12-14 03:41:13.956 1468 2313 I GameModeConfig: isGameModeOn = true
12-14 03:41:13.956 1468 2313 I GameModeConfig: isGaming = false
12-14 03:41:13.970 1468 2313 I GameModeConfig: isGameModeOn = true
12-14 03:41:13.970 1468 2313 I GameModeConfig: isGaming = false
12-14 03:41:13.970 1468 2313 I GameModeConfig: isGameModeOn = true
12-14 03:41:13.970 1468 2313 I GameModeConfig: isGaming = false
12-14 03:41:13.970 1468 2313 I GameModeConfig: isGameModeOn = true
12-14 03:41:13.970 1468 2313 I GameModeConfig: isGaming = false
12-14 03:41:13.970 1468 2313 I GameModeConfig: isGameModeOn = true
12-14 03:41:13.970 1468 2313 I GameModeConfig: isGaming = false
12-14 03:41:13.999 1468 1468 I GameModeConfig: isGameModeOn = true
12-14 03:41:13.999 1468 1468 I GameModeConfig: isGaming = false
12-14 03:41:14.037 1468 1468 I GameModeConfig: isGameModeOn = true
12-14 03:41:14.037 1468 1468 I GameModeConfig: isGaming = false
12-14 03:41:14.037 1468 1468 E NotificationService: Muting recently noisy 0|com.android.systemui|2048|null|10082
01-01 09:01:42.222 0 0 D : mv2112_read_status
01-01 09:01:42.222 0 0 D mv2112_update_link: 3.0x901(1G): 0x80
01-01 09:01:42.222 0 0 D mv2112_update_link: 3.0x8109(100M): 0x8
01-01 09:01:42.222 0 0 D mv2112_update_link: link 0x0
01-01 09:01:42.222 0 0 D mv2112_read_status: autoneg is disabled
12-14 03:41:14.060 1468 1468 I GameModeConfig: isGameModeOn = true
12-14 03:41:14.060 1468 1468 I GameModeConfig: isGaming = false
12-14 03:41:14.060 1468 1468 E NotificationService: Muting recently noisy 0|com.android.systemui|2048|null|10082
12-14 03:41:14.098 1468 1468 I GameModeConfig: isGameModeOn = true
12-14 03:41:14.098 1468 1468 I GameModeConfig: isGaming = false
12-14 03:41:14.099 1468 1468 E NotificationService: Muting recently noisy 0|com.android.systemui|2048|null|10082
12-14 03:41:14.123 1468 1468 I GameModeConfig: isGameModeOn = true
12-14 03:41:14.123 1468 1468 I GameModeConfig: isGaming = false
12-14 03:41:14.124 1468 1468 E NotificationService: Muting recently noisy 0|com.android.systemui|2048|null|10082
12-14 03:41:14.142 1468 1468 I GameModeConfig: isGameModeOn = true
12-14 03:41:14.142 1468 1468 I GameModeConfig: isGaming = false
12-14 03:41:14.142 1468 1468 E NotificationService: Muting recently noisy 0|com.android.systemui|2048|null|10082
12-14 03:41:14.159 1468 1468 I GameModeConfig: isGameModeOn = true
12-14 03:41:14.159 1468 1468 I GameModeConfig: isGaming = false
12-14 03:41:14.159 1468 1468 E NotificationService: Muting recently noisy 0|com.android.systemui|2048|null|10082
12-14 03:41:14.173 1468 1468 I GameModeConfig: isGameModeOn = true
12-14 03:41:14.173 1468 1468 I GameModeConfig: isGaming = false
12-14 03:41:14.173 1468 1468 E NotificationService: Muting recently noisy 0|com.android.systemui|2048|null|10082
01-01 09:01:43.246 0 0 D : mv2112_read_status
01-01 09:01:43.246 0 0 D mv2112_update_link: 3.0x901(1G): 0x80
01-01 09:01:43.247 0 0 D mv2112_update_link: 3.0x8109(100M): 0x8
01-01 09:01:43.247 0 0 D mv2112_update_link: link 0x0
01-01 09:01:43.247 0 0 D mv2112_read_status: autoneg is disabled
12-14 03:41:15.105 1468 2313 I GameModeConfig: isGameModeOn = true
12-14 03:41:15.107 1468 2313 I GameModeConfig: isGaming = false
12-14 03:41:15.108 1468 2313 I GameModeConfig: isGameModeOn = true
12-14 03:41:15.108 1468 2313 I GameModeConfig: isGaming = false
12-14 03:41:15.108 1468 2313 I GameModeConfig: isGameModeOn = true
12-14 03:41:15.108 1468 2313 I GameModeConfig: isGaming = false
12-14 03:41:15.108 1468 2313 I GameModeConfig: isGameModeOn = true
12-14 03:41:15.108 1468 2313 I GameModeConfig: isGaming = false
12-14 03:41:15.125 1468 2313 I GameModeConfig: isGameModeOn = true
12-14 03:41:15.125 1468 2313 I GameModeConfig: isGaming = false
12-14 03:41:15.126 1468 2313 I GameModeConfig: isGameModeOn = true
12-14 03:41:15.126 1468 2313 I GameModeConfig: isGaming = false
12-14 03:41:15.126 1468 2313 I GameModeConfig: isGameModeOn = true
12-14 03:41:15.126 1468 2313 I GameModeConfig: isGaming = false
12-14 03:41:15.126 1468 2313 I GameModeConfig: isGameModeOn = true
12-14 03:41:15.126 1468 2313 I GameModeConfig: isGaming = false
12-14 03:41:15.141 1468 2313 I GameModeConfig: isGameModeOn = true
12-14 03:41:15.141 1468 2313 I GameModeConfig: isGaming = false
12-14 03:41:15.142 1468 2313 I GameModeConfig: isGameModeOn = true
12-14 03:41:15.142 1468 2313 I GameModeConfig: isGaming = false
12-14 03:41:15.142 1468 2313 I GameModeConfig: isGameModeOn = true
12-14 03:41:15.142 1468 2313 I GameModeConfig: isGaming = false
12-14 03:41:15.142 1468 2313 I GameModeConfig: isGameModeOn = true
12-14 03:41:15.142 1468 2313 I GameModeConfig: isGaming = false
12-14 03:41:15.157 1468 2313 I GameModeConfig: isGameModeOn = true
12-14 03:41:15.157 1468 2313 I GameModeConfig: isGaming = false
12-14 03:41:15.158 1468 2313 I GameModeConfig: isGameModeOn = true
12-14 03:41:15.158 1468 2313 I GameModeConfig: isGaming = false
12-14 03:41:15.158 1468 2313 I GameModeConfig: isGameModeOn = true
12-14 03:41:15.158 1468 2313 I GameModeConfig: isGaming = false
12-14 03:41:15.158 1468 2313 I GameModeConfig: isGameModeOn = true
12-14 03:41:15.158 1468 2313 I GameModeConfig: isGaming = false
12-14 03:41:15.171 1468 2313 I GameModeConfig: isGameModeOn = true
12-14 03:41:15.171 1468 2313 I GameModeConfig: isGaming = false
12-14 03:41:15.172 1468 2313 I GameModeConfig: isGameModeOn = true
12-14 03:41:15.172 1468 2313 I GameModeConfig: isGaming = false
12-14 03:41:15.172 1468 2313 I GameModeConfig: isGameModeOn = true
12-14 03:41:15.172 1468 2313 I GameModeConfig: isGaming = false
12-14 03:41:15.172 1468 2313 I GameModeConfig: isGameModeOn = true
12-14 03:41:15.172 1468 2313 I GameModeConfig: isGaming = false
12-14 03:41:15.188 1468 2313 I GameModeConfig: isGameModeOn = true
12-14 03:41:15.188 1468 2313 I GameModeConfig: isGaming = false
12-14 03:41:15.188 1468 2313 I GameModeConfig: isGameModeOn = true
12-14 03:41:15.188 1468 2313 I GameModeConfig: isGaming = false
12-14 03:41:15.188 1468 2313 I GameModeConfig: isGameModeOn = true
12-14 03:41:15.188 1468 2313 I GameModeConfig: isGaming = false
12-14 03:41:15.188 1468 2313 I GameModeConfig: isGameModeOn = true
12-14 03:41:15.188 1468 2313 I GameModeConfig: isGaming = false
12-14 03:41:15.205 1468 2313 I GameModeConfig: isGameModeOn = true
12-14 03:41:15.205 1468 2313 I GameModeConfig: isGaming = false
12-14 03:41:15.205 1468 2313 I GameModeConfig: isGameModeOn = true
12-14 03:41:15.205 1468 2313 I GameModeConfig: isGaming = false
12-14 03:41:15.205 1468 2313 I GameModeConfig: isGameModeOn = true
12-14 03:41:15.205 1468 2313 I GameModeConfig: isGaming = false
12-14 03:41:15.205 1468 2313 I GameModeConfig: isGameModeOn = true
12-14 03:41:15.205 1468 2313 I GameModeConfig: isGaming = false
12-14 03:41:15.221 1468 2313 I GameModeConfig: isGameModeOn = true
12-14 03:41:15.221 1468 2313 I GameModeConfig: isGaming = false
12-14 03:41:15.222 1468 2313 I GameModeConfig: isGameModeOn = true
12-14 03:41:15.222 1468 2313 I GameModeConfig: isGaming = false
12-14 03:41:15.222 1468 2313 I GameModeConfig: isGameModeOn = true
12-14 03:41:15.222 1468 2313 I GameModeConfig: isGaming = false
12-14 03:41:15.222 1468 2313 I GameModeConfig: isGameModeOn = true
12-14 03:41:15.222 1468 2313 I GameModeConfig: isGaming = false
12-14 03:41:15.238 1468 2313 I GameModeConfig: isGameModeOn = true
12-14 03:41:15.238 1468 2313 I GameModeConfig: isGaming = false
12-14 03:41:15.238 1468 2313 I GameModeConfig: isGameModeOn = true
