12-14 03:22:35.139 1468 1468 I SystemServerTiming: OnBootPhase_520_com.android.server.biometrics.BiometricService
12-14 03:22:35.139 1468 1468 I SystemServerTiming: OnBootPhase_520_com.android.server.biometrics.AuthService
12-14 03:22:35.139 1468 1468 I SystemServerTiming: OnBootPhase_520_com.android.server.pm.ShortcutService$Lifecycle
12-14 03:22:35.139 1468 1468 I SystemServerTiming: OnBootPhase_520_com.android.server.pm.LauncherAppsService
12-14 03:22:35.139 1468 1468 I SystemServerTiming: OnBootPhase_520_com.android.server.pm.CrossProfileAppsService
12-14 03:22:35.139 1468 1468 I SystemServerTiming: OnBootPhase_520_com.android.server.people.PeopleService
12-14 03:22:35.139 1468 1468 I SystemServerTiming: OnBootPhase_520_com.android.server.media.metrics.MediaMetricsManagerService
12-14 03:22:35.139 1468 1468 I SystemServerTiming: OnBootPhase_520_com.android.server.media.projection.MediaProjectionManagerService
12-14 03:22:35.139 1468 1468 I SystemServerTiming: OnBootPhase_520_com.android.server.slice.SliceManagerService$Lifecycle
12-14 03:22:35.139 1468 1468 I SystemServerTiming: OnBootPhase_520_com.android.server.stats.StatsCompanion$Lifecycle
12-14 03:22:35.139 1468 1468 I SystemServerTiming: OnBootPhase_520_com.android.server.scheduling.RebootReadinessManagerService$Lifecycle
12-14 03:22:35.139 1468 1468 I SystemServerTiming: OnBootPhase_520_com.android.server.stats.pull.StatsPullAtomService
12-14 03:22:35.139 1468 1468 I SystemServerTiming: OnBootPhase_520_com.android.server.incident.IncidentCompanionService
12-14 03:22:35.139 1468 1468 I SystemServerTiming: OnBootPhase_520_com.android.server.MmsServiceBroker
12-14 03:22:35.139 1468 1468 I SystemServerTiming: OnBootPhase_520_com.android.server.autofill.AutofillManagerService
12-14 03:22:35.139 1468 1468 I SystemServerTiming: OnBootPhase_520_com.android.server.clipboard.ClipboardService
12-14 03:22:35.139 1468 1468 I SystemServerTiming: OnBootPhase_520_com.android.server.appbinding.AppBindingService$Lifecycle
12-14 03:22:35.139 1468 1468 I SystemServerTiming: OnBootPhase_520_com.android.server.tracing.TracingServiceProxy
12-14 03:22:35.139 1468 1468 I SystemServerTiming: OnBootPhase_520_com.android.server.policy.PermissionPolicyService
12-14 03:22:35.139 1468 1468 I SystemServerTiming: OnBootPhase_520_com.android.server.pm.StagingManager$Lifecycle
12-14 03:22:35.139 1468 1468 I SystemServerTiming: OnBootPhase_520_com.android.server.app.GameManagerService$Lifecycle
12-14 03:22:35.139 1468 1468 I SystemServerTiming: AppSearchManagerService
12-14 03:22:35.140 1468 1468 I SystemServiceManager: Starting com.android.server.appsearch.AppSearchManagerService
12-14 03:22:35.142 1468 1468 I SystemServerTiming: StartMediaCommunicationService
12-14 03:22:35.142 1468 1468 I SystemServiceManager: Starting com.android.server.media.MediaCommunicationService
12-14 03:22:35.143 1468 1468 I SystemServerTiming: PhaseActivityManagerReady
12-14 03:22:35.143 1468 1468 I SystemServerTiming: controllersReady
12-14 03:22:35.144 1468 1720 I SystemServerTimingAsync: InitThreadPoolExec:Update app-ops uidState in case package android changed
12-14 03:22:35.144 1468 1468 I SystemServerTiming: killProcesses
12-14 03:22:35.144 1468 1468 I ActivityManager: System now ready
12-14 03:22:35.144 1468 1468 I SystemServerTiming: updateTopComponentForFactoryTest
12-14 03:22:35.145 1468 1468 I SystemServerTiming: registerActivityLaunchObserver
12-14 03:22:35.145 1468 1468 I SystemServerTiming: watchDeviceProvisioning
12-14 03:22:35.145 1468 1468 I SystemServerTiming: retrieveSettings
12-14 03:22:35.146 1468 1468 I ActivityTaskManager: Config changes=10000000 {1.0 ?mcc?mnc [zh_CN] ldltr sw680dp w1586dp h584dp 240dpi lrg long land finger -keyb/v/h -nav/h winConfig={ mBounds=Rect(0, 0 - 2380, 1020) mAppBounds=Rect(0, 0 - 2380, 948) mMaxBounds=Rect(0, 0 - 2380, 1020) mWindowingMode=fullscreen mDisplayWindowingMode=fullscreen mActivityType=undefined mAlwaysOnTop=undefined mRotation=ROTATION_0} s.8 fontWeightAdjustment=0}
12-14 03:22:35.146 1468 1468 I WindowManager: Override config changes=10000000 {1.0 ?mcc?mnc [zh_CN] ldltr sw680dp w1586dp h584dp 240dpi lrg long land finger -keyb/v/h -nav/h winConfig={ mBounds=Rect(0, 0 - 2380, 1020) mAppBounds=Rect(0, 0 - 2380, 948) mMaxBounds=Rect(0, 0 - 2380, 1020) mWindowingMode=fullscreen mDisplayWindowingMode=fullscreen mActivityType=undefined mAlwaysOnTop=undefined mRotation=ROTATION_0} s.8 fontWeightAdjustment=0} for displayId=0
12-14 03:22:35.146 1468 1468 I SystemServerTiming: Ugm.onSystemReady
12-14 03:22:35.147 1468 1468 I SystemServerTiming: updateForceBackgroundCheck
12-14 03:22:35.147 1468 1468 I SystemServer: Making services ready
12-14 03:22:35.147 1468 1468 I SystemServerTiming: StartActivityManagerReadyPhase
12-14 03:22:35.147 1468 1468 I SystemServiceManager: Starting phase 550
12-14 03:22:35.147 1468 1468 I SystemServerTiming: OnBootPhase_550
12-14 03:22:35.147 1468 1468 I SystemServerTiming: OnBootPhase_550_com.android.server.security.FileIntegrityService
12-14 03:22:35.147 1468 1468 I SystemServerTiming: OnBootPhase_550_com.android.server.pm.Installer
12-14 03:22:35.147 1468 1468 I SystemServerTiming: OnBootPhase_550_com.android.server.os.DeviceIdentifiersPolicyService
12-14 03:22:35.147 1468 1468 I SystemServerTiming: OnBootPhase_550_com.android.server.uri.UriGrantsManagerService$Lifecycle
12-14 03:22:35.147 1468 1468 I SystemServerTiming: OnBootPhase_550_com.android.server.powerstats.PowerStatsService
12-14 03:22:35.147 1468 1468 I SystemServerTiming: OnBootPhase_550_com.android.server.wm.ActivityTaskManagerService$Lifecycle
12-14 03:22:35.147 1468 1468 I SystemServerTiming: OnBootPhase_550_com.android.server.am.ActivityManagerService$Lifecycle
12-14 03:22:35.147 1468 1468 I SystemServerTiming: OnBootPhase_550_com.android.server.pm.DataLoaderManagerService
12-14 03:22:35.147 1468 1468 I SystemServerTiming: OnBootPhase_550_com.android.server.power.PowerManagerService
12-14 03:22:35.147 1468 1468 I SystemServerTiming: OnBootPhase_550_com.android.server.power.ThermalManagerService
12-14 03:22:35.148 1468 1468 I ThermalHalWrapper: Thermal HAL 2.0 service connected.
12-14 03:22:35.148 1468 1468 E ThermalHalWrapper: Couldn't get temperatures because of HAL error: ThermalHAL not initialized properly.
12-14 03:22:35.148 1468 1468 W ThermalManagerService: Thermal HAL reported invalid data, abort connection
12-14 03:22:35.148 1468 1468 E ThermalHalWrapper: Couldn't get temperature thresholds because of HAL error: ThermalHAL not initialized properly.
12-14 03:22:35.148 1468 1468 I SystemServerTiming: OnBootPhase_550_com.android.server.power.hint.HintManagerService
12-14 03:22:35.148 1468 1468 I SystemServerTiming: OnBootPhase_550_com.android.server.recoverysystem.RecoverySystemService$Lifecycle
12-14 03:22:35.148 1468 1468 I SystemServerTiming: OnBootPhase_550_com.android.server.lights.LightsService
12-14 03:22:35.148 1468 1468 I SystemServerTiming: OnBootPhase_550_com.android.server.display.DisplayManagerService
12-14 03:22:35.148 1468 1468 I SystemServerTiming: OnBootPhase_550_com.android.server.pm.verify.domain.DomainVerificationService
12-14 03:22:35.148 1468 1468 I SystemServerTiming: OnBootPhase_550_com.android.server.pm.PackageInstallerService$Lifecycle
12-14 03:22:35.148 1468 1468 I SystemServerTiming: OnBootPhase_550_com.android.server.pm.UserManagerService$LifeCycle
12-14 03:22:35.148 1468 1468 I SystemServerTiming: OnBootPhase_550_com.android.server.om.OverlayManagerService
12-14 03:22:35.148 1468 1468 I SystemServerTiming: OnBootPhase_550_com.android.server.SensorPrivacyService
12-14 03:22:35.148 1468 1468 I SystemServerTiming: OnBootPhase_550_com.android.server.sensors.SensorService
12-14 03:22:35.148 1468 1468 I SystemServerTiming: OnBootPhase_550_com.android.server.SystemConfigService
12-14 03:22:35.148 1468 1468 I SystemServerTiming: OnBootPhase_550_com.android.server.BatteryService
12-14 03:22:35.148 1468 1468 I SystemServerTiming: OnBootPhase_550_com.android.server.usage.UsageStatsService
12-14 03:22:35.148 1468 1468 I SystemServerTiming: OnBootPhase_550_com.android.server.webkit.WebViewUpdateService
12-14 03:22:35.148 1468 1468 I SystemServerTiming: OnBootPhase_550_com.android.server.CachedDeviceStateService
12-14 03:22:35.148 1468 1468 I SystemServerTiming: OnBootPhase_550_com.android.server.BinderCallsStatsService$LifeCycle
12-14 03:22:35.148 1468 1468 I SystemServerTiming: OnBootPhase_550_com.android.server.LooperStatsService$Lifecycle
12-14 03:22:35.148 1468 1468 I SystemServerTiming: OnBootPhase_550_com.android.server.rollback.RollbackManagerService
12-14 03:22:35.148 1468 1468 I SystemServerTiming: OnBootPhase_550_com.android.server.os.NativeTombstoneManagerService
12-14 03:22:35.148 1468 1468 I SystemServerTiming: OnBootPhase_550_com.android.server.os.BugreportManagerService
12-14 03:22:35.148 1468 1468 I SystemServerTiming: OnBootPhase_550_com.android.server.gpu.GpuService
12-14 03:22:35.148 1468 1468 I SystemServerTiming: OnBootPhase_550_com.android.server.security.KeyChainSystemService
12-14 03:22:35.148 1468 1468 I SystemServerTiming: OnBootPhase_550_com.android.server.telecom.TelecomLoaderService
12-14 03:22:35.149 1468 1468 W ActivityManager: Too early to start/bind service in system_server: Phase=550 ComponentInfo{com.android.server.telecom/com.android.server.telecom.components.TelecomService}
12-14 03:22:35.149 1468 1468 D CompatibilityChangeReporter: Compat change id reported: 168419799; UID 1000; state: DISABLED
12-14 03:22:35.149 1468 1468 W ActivityManager: Too early to start/bind service in system_server: Phase=550 ComponentInfo{com.android.server.telecom/com.android.server.telecom.components.TelecomService}
12-14 03:22:35.150 1468 1468 I SystemServerTiming: OnBootPhase_550_com.android.server.accounts.AccountManagerService$Lifecycle
12-14 03:22:35.150 1468 1468 I SystemServerTiming: OnBootPhase_550_com.android.server.content.ContentService$Lifecycle
12-14 03:22:35.150 1468 1468 I SystemServerTiming: OnBootPhase_550_com.android.server.DropBoxManagerService
12-14 03:22:35.150 1468 1468 I SystemServerTiming: OnBootPhase_550_com.android.role.RoleService
12-14 03:22:35.150 1468 1468 I SystemServerTiming: OnBootPhase_550_com.android.server.vibrator.VibratorManagerService$Lifecycle
12-14 03:22:35.150 1468 1468 I SystemServerTiming: OnBootPhase_550_com.android.server.alarm.AlarmManagerService
12-14 03:22:35.150 1468 1468 I SystemServerTiming: OnBootPhase_550_com.android.server.devicestate.DeviceStateManagerService
12-14 03:22:35.150 1468 1468 I SystemServerTiming: OnBootPhase_550_com.android.server.camera.CameraServiceProxy
12-14 03:22:35.150 1468 1468 I SystemServerTiming: OnBootPhase_550_com.android.server.BluetoothService
12-14 03:22:35.150 1468 1468 D BluetoothManagerService: Bluetooth boot completed
12-14 03:22:35.150 1468 1468 D BluetoothManagerService: Auto-enabling Bluetooth.
12-14 03:22:35.150 1468 1633 D BluetoothManagerService: MESSAGE_ENABLE(0): mBluetooth = null
12-14 03:22:35.150 1468 1633 D BluetoothManagerService: MESSAGE_ENABLE: handleEnable
12-14 03:22:35.150 1468 1633 D BluetoothManagerService: binding Bluetooth service
12-14 03:22:35.151 1468 1633 D CompatibilityChangeReporter: Compat change id reported: 135634846; UID 1002; state: DISABLED
12-14 03:22:35.151 1468 1633 D CompatibilityChangeReporter: Compat change id reported: 177438394; UID 1002; state: DISABLED
12-14 03:22:35.151 1468 1633 D CompatibilityChangeReporter: Compat change id reported: 135772972; UID 1002; state: DISABLED
12-14 03:22:35.151 1468 1633 D CompatibilityChangeReporter: Compat change id reported: 135754954; UID 1002; state: ENABLED
12-14 03:22:35.151 1468 1643 W ActivityManager: com.android.bluetooth inode == 0 (b/152760674)
12-14 03:22:35.151 1468 1633 D BluetoothManagerService: Binding BT service. Current user: 0
12-14 03:22:35.152 1468 1468 I SystemServerTiming: OnBootPhase_550_com.android.server.connectivity.IpConnectivityMetrics
12-14 03:22:35.152 1468 1468 I SystemServerTiming: OnBootPhase_550_com.android.server.net.watchlist.NetworkWatchlistService$Lifecycle
12-14 03:22:35.152 1468 1468 I SystemServerTiming: OnBootPhase_550_com.android.server.PinnerService
12-14 03:22:35.152 1468 1468 I SystemServerTiming: OnBootPhase_550_com.google.android.startop.iorap.IorapForwardingService
12-14 03:22:35.152 1468 1468 I SystemServerTiming: OnBootPhase_550_com.android.server.ActivityTriggerService
12-14 03:22:35.152 1468 1468 I SystemServerTiming: OnBootPhase_550_com.android.server.integrity.AppIntegrityManagerService
12-14 03:22:35.152 1468 1468 I SystemServerTiming: OnBootPhase_550_com.android.server.inputmethod.InputMethodManagerService$Lifecycle
12-14 03:22:35.154 1468 1468 W InputMethodManagerService: Default IME is uninstalled. Choose new default IME.
12-14 03:22:35.155 1468 1643 I ActivityManager: Start proc 2354:com.android.bluetooth/1002 for service {com.android.bluetooth/com.android.bluetooth.btservice.AdapterService}
01-01 08:43:03.343 0 0 I binder : 2354:2354 ioctl 40046210 7fe6d7b254 returned -22
12-14 03:22:35.164 1468 1468 W InputMethodManagerService: Illegal subtype state: old subtype = null, new subtype = android.view.inputmethod.InputMethodSubtype@c9194f98
12-14 03:22:35.164 1468 1468 I SystemServerTiming: OnBootPhase_550_com.android.server.accessibility.AccessibilityManagerService$Lifecycle
12-14 03:22:35.164 1468 1468 I SystemServerTiming: OnBootPhase_550_com.android.server.StorageManagerService$Lifecycle
12-14 03:22:35.164 1468 1468 I SystemServerTiming: OnBootPhase_550_com.android.server.usage.StorageStatsService$Lifecycle
12-14 03:22:35.164 1468 1468 I SystemServerTiming: OnBootPhase_550_com.android.server.UiModeManagerService
12-14 03:22:35.164 1468 1468 I SystemServerTiming: OnBootPhase_550_com.android.server.locksettings.LockSettingsService$Lifecycle
12-14 03:22:35.166 1468 1609 D CompatibilityChangeReporter: Compat change id reported: 168419799; UID 1002; state: DISABLED
12-14 03:22:35.169 1468 1468 I LockSettingsService: Migrated migrated_frp.
12-14 03:22:35.169 1468 1468 I RebootEscrowManager: No reboot escrow data found for users, skipping loading escrow data
12-14 03:22:35.169 1468 1468 I SystemServerTiming: OnBootPhase_550_com.android.server.PersistentDataBlockService
12-14 03:22:35.169 1468 1468 I SystemServerTiming: OnBootPhase_550_com.android.server.testharness.TestHarnessModeService
12-14 03:22:35.169 1468 1468 I SystemServerTiming: OnBootPhase_550_com.android.server.oemlock.OemLockService
12-14 03:22:35.169 1468 1468 I SystemServerTiming: OnBootPhase_550_com.android.server.DeviceIdleController
12-14 03:22:35.169 1468 1468 I SystemServerTiming: OnBootPhase_550_com.android.server.devicepolicy.DevicePolicyManagerService$Lifecycle
12-14 03:22:35.169 1468 1468 I SystemServerTiming: OnBootPhase_550_com.android.server.texttospeech.TextToSpeechManagerService
12-14 03:22:35.169 1468 1468 I SystemServerTiming: OnBootPhase_550_com.android.server.speech.SpeechRecognitionManagerService
12-14 03:22:35.169 1468 1468 I SystemServerTiming: OnBootPhase_550_com.android.server.searchui.SearchUiManagerService
12-14 03:22:35.169 1468 1468 I SystemServerTiming: OnBootPhase_550_com.android.server.smartspace.SmartspaceManagerService
12-14 03:22:35.169 1468 1468 I SystemServerTiming: OnBootPhase_550_com.android.server.graphics.fonts.FontManagerService$Lifecycle
12-14 03:22:35.169 1468 1468 I SystemServerTiming: OnBootPhase_550_com.android.server.textservices.TextServicesManagerService$Lifecycle
12-14 03:22:35.169 1468 1468 I SystemServerTiming: OnBootPhase_550_com.android.server.textclassifier.TextClassificationManagerService$Lifecycle
12-14 03:22:35.169 1468 1468 I SystemServerTiming: OnBootPhase_550_com.android.server.NetworkScoreService$Lifecycle
12-14 03:22:35.169 1468 1468 I SystemServerTiming: OnBootPhase_550_com.android.server.wifi.WifiService
12-14 03:22:35.169 1468 1468 I SystemServerTiming: OnBootPhase_550_com.android.server.wifi.scanner.WifiScanningService
12-14 03:22:35.170 1468 1468 I SystemServerTiming: OnBootPhase_550_com.android.server.wifi.rtt.RttService
12-14 03:22:35.170 1468 1468 I SystemServerTiming: OnBootPhase_550_com.android.server.wifi.aware.WifiAwareService
12-14 03:22:35.170 1468 1468 I SystemServerTiming: OnBootPhase_550_com.android.server.wifi.p2p.WifiP2pService
12-14 03:22:35.170 1468 1468 I SystemServerTiming: OnBootPhase_550_com.android.server.ethernet.EthernetService
12-14 03:22:35.170 1468 1468 I SystemServerTiming: OnBootPhase_550_com.android.server.ConnectivityServiceInitializer
12-14 03:22:35.170 1468 1468 I SystemServerTiming: OnBootPhase_550_com.android.server.notification.NotificationManagerService
12-14 03:22:35.170 1468 1468 I SystemServerTiming: OnBootPhase_550_com.android.server.storage.DeviceStorageMonitorService
12-14 03:22:35.170 1468 1468 I SystemServerTiming: OnBootPhase_550_com.android.server.location.LocationManagerService$Lifecycle
12-14 03:22:35.170 1468 1468 I SystemServerTiming: OnBootPhase_550_com.android.server.timedetector.TimeDetectorService$Lifecycle
12-14 03:22:35.170 1468 1468 I SystemServerTiming: OnBootPhase_550_com.android.server.timezonedetector.TimeZoneDetectorService$Lifecycle
12-14 03:22:35.170 1468 1468 I SystemServerTiming: OnBootPhase_550_com.android.server.timezonedetector.location.LocationTimeZoneManagerService$Lifecycle
12-14 03:22:35.170 1468 1468 I SystemServerTiming: OnBootPhase_550_com.android.server.search.SearchManagerService$Lifecycle
12-14 03:22:35.170 1468 1468 I SystemServerTiming: OnBootPhase_550_com.android.server.wallpaper.WallpaperManagerService$Lifecycle
12-14 03:22:35.170 1468 1468 I WallpaperManagerService: No static wallpaper imagery; defaults will be shown
12-14 03:22:35.170 1468 1468 V WallpaperManagerService: bindWallpaperComponentLocked: componentName=ComponentInfo{com.android.systemui/com.android.systemui.ImageWallpaper}
12-14 03:22:35.171 1468 1468 D CompatibilityChangeReporter: Compat change id reported: 135634846; UID 10082; state: DISABLED
12-14 03:22:35.171 1468 1468 D CompatibilityChangeReporter: Compat change id reported: 177438394; UID 10082; state: DISABLED
12-14 03:22:35.171 1468 1468 D CompatibilityChangeReporter: Compat change id reported: 135772972; UID 10082; state: DISABLED
12-14 03:22:35.171 1468 1468 D CompatibilityChangeReporter: Compat change id reported: 135754954; UID 10082; state: ENABLED
12-14 03:22:35.171 1468 1643 D CompatibilityChangeReporter: Compat change id reported: 143937733; UID 10082; state: ENABLED
12-14 03:22:35.171 1468 1643 W ActivityManager: com.android.systemui inode == 0 (b/152760674)
12-14 03:22:35.171 1468 1468 W WallpaperManagerService: no current wallpaper -- first boot?
12-14 03:22:35.171 1468 1468 I SystemServerTiming: OnBootPhase_550_com.android.server.audio.AudioService$Lifecycle
12-14 03:22:35.171 1468 1468 I SystemServerTiming: OnBootPhase_550_com.android.server.soundtrigger_middleware.SoundTriggerMiddlewareService$Lifecycle
12-14 03:22:35.171 1468 1468 I SystemServerTiming: OnBootPhase_550_com.android.server.DockObserver
12-14 03:22:35.171 1468 1468 I SystemServerTiming: OnBootPhase_550_com.android.server.midi.MidiService$Lifecycle
12-14 03:22:35.171 1468 1468 I SystemServerTiming: OnBootPhase_550_com.android.server.adb.AdbService$Lifecycle
12-14 03:22:35.172 1468 2317 W BluetoothManagerService: bindBluetoothProfileService:Trying to bind to profile: 1, while Bluetooth is disabled
12-14 03:22:35.172 1468 1468 I SystemServerTiming: OnBootPhase_550_com.android.server.usb.UsbService$Lifecycle
12-14 03:22:35.172 1468 1468 I SystemServerTiming: OnBootPhase_550_com.android.server.twilight.TwilightService
12-14 03:22:35.172 1468 1468 I SystemServerTiming: OnBootPhase_550_com.android.server.display.color.ColorDisplayService
12-14 03:22:35.172 1468 1468 I SystemServerTiming: OnBootPhase_550_com.android.server.job.JobSchedulerService
12-14 03:22:35.172 1468 1468 I SystemServerTiming: OnBootPhase_550_com.android.server.soundtrigger.SoundTriggerService
12-14 03:22:35.172 1468 1740 I SystemServerTimingAsync: InitThreadPoolExec:UsbService$Lifecycle#onBootPhase
12-14 03:22:35.172 1468 1468 D SoundTriggerService: onBootPhase: 550 : false
12-14 03:22:35.172 1468 1468 I SystemServerTiming: OnBootPhase_550_com.android.server.trust.TrustManagerService
12-14 03:22:35.172 1468 1468 I SystemServerTiming: OnBootPhase_550_com.android.server.backup.BackupManagerService$Lifecycle
12-14 03:22:35.172 1468 1468 I SystemServerTiming: OnBootPhase_550_com.android.server.appwidget.AppWidgetService
12-14 03:22:35.172 1468 1468 I SystemServerTiming: OnBootPhase_550_com.android.server.voiceinteraction.VoiceInteractionManagerService
12-14 03:22:35.172 1468 1468 I SystemServerTiming: OnBootPhase_550_com.android.server.apphibernation.AppHibernationService
12-14 03:22:35.172 1468 1468 I SystemServerTiming: OnBootPhase_550_com.android.server.GestureLauncherService
12-14 03:22:35.172 1468 1468 I SystemServerTiming: OnBootPhase_550_com.android.server.SensorNotificationService
12-14 03:22:35.172 1468 1468 I SystemServerTiming: OnBootPhase_550_com.android.server.emergency.EmergencyAffordanceService
12-14 03:22:35.172 1468 1468 I SystemServerTiming: OnBootPhase_550_com.android.server.blob.BlobStoreManagerService
12-14 03:22:35.172 1468 1468 I SystemServerTiming: OnBootPhase_550_com.android.server.dreams.DreamManagerService
12-14 03:22:35.172 1468 1468 I SystemServerTiming: OnBootPhase_550_com.android.server.companion.CompanionDeviceManagerService
12-14 03:22:35.172 1468 1468 I SystemServerTiming: OnBootPhase_550_com.android.server.restrictions.RestrictionsManagerService
12-14 03:22:35.172 1468 1468 I SystemServerTiming: OnBootPhase_550_com.android.server.media.MediaSessionService
12-14 03:22:35.172 1468 1468 I SystemServerTiming: OnBootPhase_550_com.android.server.media.MediaResourceMonitorService
12-14 03:22:35.172 1468 1468 I SystemServerTiming: OnBootPhase_550_com.android.server.biometrics.sensors.fingerprint.FingerprintService
12-14 03:22:35.172 1468 1468 I SystemServerTiming: OnBootPhase_550_com.android.server.biometrics.BiometricService
12-14 03:22:35.172 1468 1468 I SystemServerTiming: OnBootPhase_550_com.android.server.biometrics.AuthService
12-14 03:22:35.172 1468 1468 I SystemServerTiming: OnBootPhase_550_com.android.server.pm.ShortcutService$Lifecycle
12-14 03:22:35.172 1468 1468 I SystemServerTiming: OnBootPhase_550_com.android.server.pm.LauncherAppsService
12-14 03:22:35.172 1468 1468 I SystemServerTiming: OnBootPhase_550_com.android.server.pm.CrossProfileAppsService
12-14 03:22:35.172 1468 1468 I SystemServerTiming: OnBootPhase_550_com.android.server.people.PeopleService
12-14 03:22:35.172 1468 1468 I SystemServerTiming: OnBootPhase_550_com.android.server.media.metrics.MediaMetricsManagerService
12-14 03:22:35.172 1468 1468 I SystemServerTiming: OnBootPhase_550_com.android.server.media.projection.MediaProjectionManagerService
12-14 03:22:35.172 1468 1468 I SystemServerTiming: OnBootPhase_550_com.android.server.slice.SliceManagerService$Lifecycle
12-14 03:22:35.172 1468 1468 I SystemServerTiming: OnBootPhase_550_com.android.server.stats.StatsCompanion$Lifecycle
12-14 03:22:35.172 1468 1468 I SystemServerTiming: OnBootPhase_550_com.android.server.scheduling.RebootReadinessManagerService$Lifecycle
12-14 03:22:35.172 1468 1468 I SystemServerTiming: OnBootPhase_550_com.android.server.stats.pull.StatsPullAtomService
12-14 03:22:35.172 1468 1468 I SystemServerTiming: OnBootPhase_550_com.android.server.incident.IncidentCompanionService
12-14 03:22:35.173 1468 1468 I SystemServerTiming: OnBootPhase_550_com.android.server.MmsServiceBroker
12-14 03:22:35.173 1468 1468 I SystemServerTiming: OnBootPhase_550_com.android.server.autofill.AutofillManagerService
12-14 03:22:35.173 1468 1468 I SystemServerTiming: OnBootPhase_550_com.android.server.clipboard.ClipboardService
12-14 03:22:35.173 1468 1468 I SystemServerTiming: OnBootPhase_550_com.android.server.appbinding.AppBindingService$Lifecycle
12-14 03:22:35.173 1468 1468 I AppBindingService: Updating constants with: null
12-14 03:22:35.173 1468 1468 I SystemServerTiming: OnBootPhase_550_com.android.server.tracing.TracingServiceProxy
12-14 03:22:35.173 1468 1468 I SystemServerTiming: OnBootPhase_550_com.android.server.policy.PermissionPolicyService
12-14 03:22:35.175 1468 1643 I ActivityManager: Start proc 2371:com.android.systemui/u0a82 for service {com.android.systemui/com.android.systemui.ImageWallpaper}
12-14 03:22:35.176 1468 2004 I UsbPortManager: ClientCallback V1_2:
12-14 03:22:35.177 1468 1631 D CompatibilityChangeReporter: Compat change id reported: 135634846; UID 10094; state: DISABLED
12-14 03:22:35.177 1468 1631 D CompatibilityChangeReporter: Compat change id reported: 177438394; UID 10094; state: DISABLED
12-14 03:22:35.177 1468 1631 D CompatibilityChangeReporter: Compat change id reported: 135772972; UID 10094; state: DISABLED
12-14 03:22:35.177 1468 1631 D CompatibilityChangeReporter: Compat change id reported: 135754954; UID 10094; state: DISABLED
12-14 03:22:35.177 1468 1643 D CompatibilityChangeReporter: Compat change id reported: 143937733; UID 10094; state: DISABLED
12-14 03:22:35.177 1468 1643 W ActivityManager: com.android.permissioncontroller inode == 0 (b/152760674)
12-14 03:22:35.177 1468 1631 I UsbPortManager: USB port added: port=UsbPort{id=, supportedModes=nonesupportedContaminantProtectionModes=0supportsEnableContaminantPresenceProtection=falsesupportsEnableContaminantPresenceDetection=false, status=UsbPortStatus{connected=false, currentMode=none, currentPowerRole=no-power, currentDataRole=no-data, supportedRoleCombinations=[no-power:no-data], contaminantDetectionStatus=0, contaminantProtectionStatus=0}, canChangeMode=false, canChangePowerRole=false, canChangeDataRole=false, connectedAtMillis=0, lastConnectDurationMillis=0
12-14 03:22:35.182 1468 1643 I ActivityManager: Start proc 2375:com.android.permissioncontroller/u0a94 for service {com.android.permissioncontroller/com.android.permissioncontroller.permission.service.PermissionControllerServiceImpl}
01-01 08:43:03.371 0 0 I binder : 2371:2371 ioctl 40046210 7fe6d7b254 returned -22
01-01 08:43:03.372 0 0 I binder : 2375:2375 ioctl 40046210 7fe6d7b254 returned -22
12-14 03:22:35.193 1468 1607 D CompatibilityChangeReporter: Compat change id reported: 168419799; UID 10094; state: DISABLED
12-14 03:22:35.196 1468 2373 D CompatibilityChangeReporter: Compat change id reported: 168419799; UID 10082; state: DISABLED
01-01 08:43:03.400 0 0 I binder : 1198:1234 ioctl 40046210 6e1a00bfc4 returned -22
01-01 08:43:03.407 0 0 E init : Control message: Could not find 'vendor.qti.hardware.iop@2.0::IIop/default' for ctl.interface_start from pid: 503 (/system/bin/hwservicemanager)
12-14 03:22:35.227 1468 1607 W StorageManagerService: No primary storage defined yet; hacking together a stub
01-01 08:43:03.431 0 0 E init : Control message: Could not find 'vendor.qti.hardware.iop@2.0::IIop/default' for ctl.interface_start from pid: 503 (/system/bin/hwservicemanager)
12-14 03:22:35.317 1468 2373 D CompatibilityChangeReporter: Compat change id reported: 171306433; UID 1000; state: ENABLED
12-14 03:22:35.332 2371 2371 W OneHandedController: Device doesn't support OneHanded feature
12-14 03:22:35.387 1468 2467 D CompatibilityChangeReporter: Compat change id reported: 157233955; UID 10082; state: ENABLED
01-01 08:43:03.587 0 0 I binder : 2354:2354 ioctl 40046210 7fe6d7a8c4 returned -22
12-14 03:22:35.417 1468 1468 V StorageManagerService: Package null has legacy storage
12-14 03:22:35.418 1468 1468 V StorageManagerService: Package null has legacy storage
12-14 03:22:35.422 1468 1468 V StorageManagerService: Package null does not have legacy storage
12-14 03:22:35.422 1468 1468 V StorageManagerService: Package null does not have legacy storage
12-14 03:22:35.422 1468 1468 V StorageManagerService: Package null does not have legacy storage
12-14 03:22:35.422 1468 1468 V StorageManagerService: Package null does not have legacy storage
12-14 03:22:35.423 1468 1468 V StorageManagerService: Package null does not have legacy storage
12-14 03:22:35.423 1468 1468 V StorageManagerService: Package null does not have legacy storage
12-14 03:22:35.423 1468 1468 V StorageManagerService: Package null does not have legacy storage
12-14 03:22:35.424 1468 1468 V StorageManagerService: Package null does not have legacy storage
12-14 03:22:35.424 1468 1468 V StorageManagerService: Package null does not have legacy storage
12-14 03:22:35.425 1468 1468 V StorageManagerService: Package null does not have legacy storage
12-14 03:22:35.425 1468 1468 V StorageManagerService: Package null does not have legacy storage
12-14 03:22:35.426 1468 1468 V StorageManagerService: Package null does not have legacy storage
12-14 03:22:35.427 1468 1468 V StorageManagerService: Package null does not have legacy storage
12-14 03:22:35.427 1468 1468 V StorageManagerService: Package null does not have legacy storage
12-14 03:22:35.427 1468 1468 V StorageManagerService: Package null does not have legacy storage
12-14 03:22:35.427 1468 1468 V StorageManagerService: Package null does not have legacy storage
12-14 03:22:35.427 1468 1468 V StorageManagerService: Package null does not have legacy storage
12-14 03:22:35.428 1468 1468 V StorageManagerService: Package null does not have legacy storage
12-14 03:22:35.428 1468 1468 V StorageManagerService: Package null does not have legacy storage
12-14 03:22:35.428 1468 1468 V StorageManagerService: Package null does not have legacy storage
12-14 03:22:35.428 1468 1468 V StorageManagerService: Package null does not have legacy storage
12-14 03:22:35.428 1468 1468 V StorageManagerService: Package null does not have legacy storage
12-14 03:22:35.428 1468 1468 V StorageManagerService: Package null does not have legacy storage
12-14 03:22:35.428 1468 1468 I PackageManager: Permission ownership changed. Updating all permissions.
12-14 03:22:35.441 1468 1468 W SystemServiceManager: Service com.android.server.policy.PermissionPolicyService took 269 ms in onBootPhase
12-14 03:22:35.441 1468 1468 I SystemServerTiming: OnBootPhase_550_com.android.server.pm.StagingManager$Lifecycle
12-14 03:22:35.441 1468 1468 I SystemServerTiming: OnBootPhase_550_com.android.server.app.GameManagerService$Lifecycle
12-14 03:22:35.441 1468 1468 I SystemServerTiming: OnBootPhase_550_com.android.server.appsearch.AppSearchManagerService
12-14 03:22:35.441 1468 1468 I SystemServerTiming: OnBootPhase_550_com.android.server.media.MediaCommunicationService
12-14 03:22:35.441 1468 1468 I SystemServerTiming: StartObservingNativeCrashes
12-14 03:22:35.441 1468 1468 I SystemServerTiming: RegisterAppOpsPolicy
12-14 03:22:35.442 1468 1468 I SystemServerTiming: MakeNetworkManagementServiceReady
12-14 03:22:35.446 1468 1726 I SystemServerTimingAsync: InitThreadPoolExec:WebViewFactoryPreparation
12-14 03:22:35.446 1468 1726 I SystemServer: WebViewFactoryPreparation
12-14 03:22:35.446 1468 1726 I SystemServerTimingAsync: WebViewFactoryPreparation
12-14 03:22:35.446 1468 1468 I SystemServerTiming: MakeIpSecServiceReady
12-14 03:22:35.447 1468 1726 D CompatibilityChangeReporter: Compat change id reported: 135634846; UID 1000; state: DISABLED
12-14 03:22:35.447 1468 1726 D CompatibilityChangeReporter: Compat change id reported: 177438394; UID 1000; state: DISABLED
12-14 03:22:35.447 1468 1726 D CompatibilityChangeReporter: Compat change id reported: 135772972; UID 1000; state: DISABLED
12-14 03:22:35.448 1468 1726 D CompatibilityChangeReporter: Compat change id reported: 178038272; UID 1000; state: DISABLED
12-14 03:22:35.448 1468 2298 W NetworkPolicy: setRestrictBackgroundUL: already false
12-14 03:22:35.448 1468 1643 W ActivityManager: com.android.location.fused inode == 0 (b/152760674)
12-14 03:22:35.449 1468 1468 D IpSecService: IpSecService is ready
12-14 03:22:35.449 1468 1468 I SystemServerTiming: MakeNetworkStatsServiceReady
12-14 03:22:35.449 1468 1649 W BatteryExternalStatsWorker: error reading modem stats:ERROR_PHONE_NOT_AVAILABLE
12-14 03:22:35.462 1468 1468 I SystemServerTiming: MakeConnectivityServiceReady
01-01 08:43:03.651 0 0 E init : Control message: Could not find 'vendor.qti.hardware.iop@2.0::IIop/default' for ctl.interface_start from pid: 503 (/system/bin/hwservicemanager)
12-14 03:22:35.475 1468 1468 I SystemServerTiming: MakeVpnManagerServiceReady
12-14 03:22:35.478 1468 1468 I SystemServerTiming: MakeVcnManagementServiceReady
12-14 03:22:35.481 1468 1468 I SystemServerTiming: MakeNetworkPolicyServiceReady
12-14 03:22:35.482 1468 1468 I SystemServerTiming: PhaseThirdPartyAppsCanStart
12-14 03:22:35.482 1468 1468 I SystemServiceManager: Starting phase 600
12-14 03:22:35.482 1468 1468 I SystemServerTiming: OnBootPhase_600
12-14 03:22:35.482 1468 1468 I SystemServerTiming: OnBootPhase_600_com.android.server.security.FileIntegrityService
12-14 03:22:35.482 1468 1468 I SystemServerTiming: OnBootPhase_600_com.android.server.pm.Installer
12-14 03:22:35.482 1468 1468 I SystemServerTiming: OnBootPhase_600_com.android.server.os.DeviceIdentifiersPolicyService
12-14 03:22:35.482 1468 1468 I SystemServerTiming: OnBootPhase_600_com.android.server.uri.UriGrantsManagerService$Lifecycle
12-14 03:22:35.482 1468 1468 I SystemServerTiming: OnBootPhase_600_com.android.server.powerstats.PowerStatsService
12-14 03:22:35.482 1468 1468 I SystemServerTiming: OnBootPhase_600_com.android.server.wm.ActivityTaskManagerService$Lifecycle
12-14 03:22:35.482 1468 1468 I SystemServerTiming: OnBootPhase_600_com.android.server.am.ActivityManagerService$Lifecycle
12-14 03:22:35.482 1468 1468 I ExplicitHealthCheckController: Explicit health checks enabled.
12-14 03:22:35.482 1468 1468 I PackageWatchdog: Syncing state, reason: health check state enabled
12-14 03:22:35.482 1468 1468 I PackageWatchdog: Not pruning observers, elapsed time: 0ms
12-14 03:22:35.482 1468 1641 I PackageWatchdog: Saving observer state to file
12-14 03:22:35.482 1468 1468 I PackageWatchdog: Cancelling state sync, nothing to sync
12-14 03:22:35.483 1468 1468 I SystemServerTiming: OnBootPhase_600_com.android.server.pm.DataLoaderManagerService
12-14 03:22:35.483 1468 1468 I SystemServerTiming: OnBootPhase_600_com.android.server.power.PowerManagerService
12-14 03:22:35.483 1468 1468 I SystemServerTiming: OnBootPhase_600_com.android.server.power.ThermalManagerService
12-14 03:22:35.483 1468 1468 I SystemServerTiming: OnBootPhase_600_com.android.server.power.hint.HintManagerService
12-14 03:22:35.483 1468 1468 I SystemServerTiming: OnBootPhase_600_com.android.server.recoverysystem.RecoverySystemService$Lifecycle
12-14 03:22:35.483 1468 1468 I SystemServerTiming: OnBootPhase_600_com.android.server.lights.LightsService
12-14 03:22:35.483 1468 1468 I SystemServerTiming: OnBootPhase_600_com.android.server.display.DisplayManagerService
12-14 03:22:35.483 1468 1468 I SystemServerTiming: OnBootPhase_600_com.android.server.pm.verify.domain.DomainVerificationService
12-14 03:22:35.483 1468 1468 I SystemServerTiming: OnBootPhase_600_com.android.server.pm.PackageInstallerService$Lifecycle
12-14 03:22:35.483 1468 1468 I SystemServerTiming: OnBootPhase_600_com.android.server.pm.UserManagerService$LifeCycle
12-14 03:22:35.483 1468 1468 I SystemServerTiming: OnBootPhase_600_com.android.server.om.OverlayManagerService
12-14 03:22:35.483 1468 1468 I SystemServerTiming: OnBootPhase_600_com.android.server.SensorPrivacyService
12-14 03:22:35.483 1468 1468 I SystemServerTiming: OnBootPhase_600_com.android.server.sensors.SensorService
12-14 03:22:35.483 1468 1468 I SystemServerTiming: OnBootPhase_600_com.android.server.SystemConfigService
12-14 03:22:35.483 1468 1468 I SystemServerTiming: OnBootPhase_600_com.android.server.BatteryService
12-14 03:22:35.483 1468 1468 I SystemServerTiming: OnBootPhase_600_com.android.server.usage.UsageStatsService
12-14 03:22:35.483 1468 1468 I SystemServerTiming: OnBootPhase_600_com.android.server.webkit.WebViewUpdateService
12-14 03:22:35.483 1468 1468 I SystemServerTiming: OnBootPhase_600_com.android.server.CachedDeviceStateService
12-14 03:22:35.483 1468 1468 I SystemServerTiming: OnBootPhase_600_com.android.server.BinderCallsStatsService$LifeCycle
12-14 03:22:35.483 1468 1468 I SystemServerTiming: OnBootPhase_600_com.android.server.LooperStatsService$Lifecycle
12-14 03:22:35.483 1468 1468 I SystemServerTiming: OnBootPhase_600_com.android.server.rollback.RollbackManagerService
12-14 03:22:35.483 1468 1468 I SystemServerTiming: OnBootPhase_600_com.android.server.os.NativeTombstoneManagerService
12-14 03:22:35.483 1468 1468 I SystemServerTiming: OnBootPhase_600_com.android.server.os.BugreportManagerService
12-14 03:22:35.483 1468 1468 I SystemServerTiming: OnBootPhase_600_com.android.server.gpu.GpuService
12-14 03:22:35.483 1468 1468 I SystemServerTiming: OnBootPhase_600_com.android.server.security.KeyChainSystemService
12-14 03:22:35.483 1468 1468 I SystemServerTiming: OnBootPhase_600_com.android.server.telecom.TelecomLoaderService
12-14 03:22:35.483 1468 1468 I SystemServerTiming: OnBootPhase_600_com.android.server.accounts.AccountManagerService$Lifecycle
12-14 03:22:35.484 1468 1468 I SystemServerTiming: OnBootPhase_600_com.android.server.content.ContentService$Lifecycle
12-14 03:22:35.484 1468 1468 I SystemServerTiming: OnBootPhase_600_com.android.server.DropBoxManagerService
12-14 03:22:35.484 1468 1468 I SystemServerTiming: OnBootPhase_600_com.android.role.RoleService
12-14 03:22:35.484 1468 1468 I SystemServerTiming: OnBootPhase_600_com.android.server.vibrator.VibratorManagerService$Lifecycle
12-14 03:22:35.484 1468 1468 I SystemServerTiming: OnBootPhase_600_com.android.server.alarm.AlarmManagerService
12-14 03:22:35.484 1468 1468 I SystemServerTiming: OnBootPhase_600_com.android.server.devicestate.DeviceStateManagerService
12-14 03:22:35.484 1468 1468 I SystemServerTiming: OnBootPhase_600_com.android.server.camera.CameraServiceProxy
12-14 03:22:35.484 1468 1468 I SystemServerTiming: OnBootPhase_600_com.android.server.BluetoothService
12-14 03:22:35.484 1468 1468 I SystemServerTiming: OnBootPhase_600_com.android.server.connectivity.IpConnectivityMetrics
12-14 03:22:35.484 1468 1468 I SystemServerTiming: OnBootPhase_600_com.android.server.net.watchlist.NetworkWatchlistService$Lifecycle
12-14 03:22:35.484 1468 1468 I SystemServerTiming: OnBootPhase_600_com.android.server.PinnerService
12-14 03:22:35.484 1468 1468 I SystemServerTiming: OnBootPhase_600_com.google.android.startop.iorap.IorapForwardingService
12-14 03:22:35.484 1468 1468 I SystemServerTiming: OnBootPhase_600_com.android.server.ActivityTriggerService
12-14 03:22:35.484 1468 1468 I SystemServerTiming: OnBootPhase_600_com.android.server.integrity.AppIntegrityManagerService
12-14 03:22:35.484 1468 1468 I SystemServerTiming: OnBootPhase_600_com.android.server.inputmethod.InputMethodManagerService$Lifecycle
12-14 03:22:35.484 1468 1468 I SystemServerTiming: OnBootPhase_600_com.android.server.accessibility.AccessibilityManagerService$Lifecycle
12-14 03:22:35.484 1468 1468 I SystemServerTiming: OnBootPhase_600_com.android.server.StorageManagerService$Lifecycle
12-14 03:22:35.484 1468 1468 I SystemServerTiming: OnBootPhase_600_com.android.server.usage.StorageStatsService$Lifecycle
12-14 03:22:35.484 1468 1468 I SystemServerTiming: OnBootPhase_600_com.android.server.UiModeManagerService
12-14 03:22:35.484 1468 1468 I SystemServerTiming: OnBootPhase_600_com.android.server.locksettings.LockSettingsService$Lifecycle
12-14 03:22:35.484 1468 1468 I SystemServerTiming: OnBootPhase_600_com.android.server.PersistentDataBlockService
12-14 03:22:35.484 1468 1468 I SystemServerTiming: OnBootPhase_600_com.android.server.testharness.TestHarnessModeService
12-14 03:22:35.484 1468 1468 I SystemServerTiming: OnBootPhase_600_com.android.server.oemlock.OemLockService
12-14 03:22:35.484 1468 1468 I SystemServerTiming: OnBootPhase_600_com.android.server.DeviceIdleController
12-14 03:22:35.484 1468 1468 I SystemServerTiming: OnBootPhase_600_com.android.server.devicepolicy.DevicePolicyManagerService$Lifecycle
12-14 03:22:35.484 1468 1468 I SystemServerTiming: OnBootPhase_600_com.android.server.texttospeech.TextToSpeechManagerService
12-14 03:22:35.484 1468 1468 I SystemServerTiming: OnBootPhase_600_com.android.server.speech.SpeechRecognitionManagerService
12-14 03:22:35.484 1468 1468 I SystemServerTiming: OnBootPhase_600_com.android.server.searchui.SearchUiManagerService
12-14 03:22:35.484 1468 1468 I SystemServerTiming: OnBootPhase_600_com.android.server.smartspace.SmartspaceManagerService
12-14 03:22:35.484 1468 1468 I SystemServerTiming: OnBootPhase_600_com.android.server.graphics.fonts.FontManagerService$Lifecycle
12-14 03:22:35.484 1468 1468 I SystemServerTiming: OnBootPhase_600_com.android.server.textservices.TextServicesManagerService$Lifecycle
12-14 03:22:35.485 1468 1468 I SystemServerTiming: OnBootPhase_600_com.android.server.textclassifier.TextClassificationManagerService$Lifecycle
12-14 03:22:35.485 1468 1468 I SystemServerTiming: OnBootPhase_600_com.android.server.NetworkScoreService$Lifecycle
12-14 03:22:35.485 1468 1468 I SystemServerTiming: OnBootPhase_600_com.android.server.wifi.WifiService
12-14 03:22:35.485 1468 1468 I SystemServerTiming: OnBootPhase_600_com.android.server.wifi.scanner.WifiScanningService
12-14 03:22:35.485 1468 1468 I SystemServerTiming: OnBootPhase_600_com.android.server.wifi.rtt.RttService
12-14 03:22:35.485 1468 1468 I SystemServerTiming: OnBootPhase_600_com.android.server.wifi.aware.WifiAwareService
12-14 03:22:35.485 1468 1468 I SystemServerTiming: OnBootPhase_600_com.android.server.wifi.p2p.WifiP2pService
12-14 03:22:35.485 1468 1468 I SystemServerTiming: OnBootPhase_600_com.android.server.ethernet.EthernetService
12-14 03:22:35.485 1468 1468 I SystemServerTiming: OnBootPhase_600_com.android.server.ConnectivityServiceInitializer
12-14 03:22:35.485 1468 1468 I SystemServerTiming: OnBootPhase_600_com.android.server.notification.NotificationManagerService
12-14 03:22:35.487 1468 1468 I SystemServerTiming: OnBootPhase_600_com.android.server.storage.DeviceStorageMonitorService
12-14 03:22:35.487 1468 1468 I SystemServerTiming: OnBootPhase_600_com.android.server.location.LocationManagerService$Lifecycle
12-14 03:22:35.508 1468 2449 D Fingerprint21: Daemon was null, reconnecting, current operation: null
12-14 03:22:35.510 1468 2449 D Fingerprint21: Fingerprint HAL ready, HAL ID: 5326416
12-14 03:22:35.524 1468 1468 I SystemServerTiming: OnBootPhase_600_com.android.server.timedetector.TimeDetectorService$Lifecycle
12-14 03:22:35.524 1468 1468 I SystemServerTiming: OnBootPhase_600_com.android.server.timezonedetector.TimeZoneDetectorService$Lifecycle
12-14 03:22:35.524 1468 1468 I SystemServerTiming: OnBootPhase_600_com.android.server.timezonedetector.location.LocationTimeZoneManagerService$Lifecycle
12-14 03:22:35.524 1468 1468 I SystemServerTiming: OnBootPhase_600_com.android.server.search.SearchManagerService$Lifecycle
12-14 03:22:35.524 1468 1468 I SystemServerTiming: OnBootPhase_600_com.android.server.wallpaper.WallpaperManagerService$Lifecycle
12-14 03:22:35.524 1468 1468 I WallpaperManagerService: switch-user-0
12-14 03:22:35.524 1468 1468 V WallpaperManagerService: bindWallpaperComponentLocked: componentName=null
12-14 03:22:35.524 1468 1468 V WallpaperManagerService: No default component; using image wallpaper
12-14 03:22:35.525 1468 1468 I SystemServerTiming: OnBootPhase_600_com.android.server.audio.AudioService$Lifecycle
12-14 03:22:35.525 1468 1468 I SystemServerTiming: OnBootPhase_600_com.android.server.soundtrigger_middleware.SoundTriggerMiddlewareService$Lifecycle
12-14 03:22:35.525 1468 1468 I SystemServerTiming: OnBootPhase_600_com.android.server.DockObserver
12-14 03:22:35.525 1468 1468 I SystemServerTiming: OnBootPhase_600_com.android.server.midi.MidiService$Lifecycle
12-14 03:22:35.525 1468 1468 I SystemServerTiming: OnBootPhase_600_com.android.server.adb.AdbService$Lifecycle
12-14 03:22:35.525 1468 1468 I SystemServerTiming: OnBootPhase_600_com.android.server.usb.UsbService$Lifecycle
12-14 03:22:35.525 1468 1468 I SystemServerTiming: OnBootPhase_600_com.android.server.twilight.TwilightService
12-14 03:22:35.525 1468 1468 I SystemServerTiming: OnBootPhase_600_com.android.server.display.color.ColorDisplayService
12-14 03:22:35.525 1468 1468 I SystemServerTiming: OnBootPhase_600_com.android.server.job.JobSchedulerService
12-14 03:22:35.526 1468 1468 I SystemServerTiming: OnBootPhase_600_com.android.server.soundtrigger.SoundTriggerService
12-14 03:22:35.526 1468 1468 D SoundTriggerService: onBootPhase: 600 : false
12-14 03:22:35.526 1468 1468 I SystemServerTiming: OnBootPhase_600_com.android.server.trust.TrustManagerService
12-14 03:22:35.527 1468 1468 D BiometricService: Sensor ID(0), oemStrength: 15, updatedStrength: 15, modality 2, state: 0, cookie: 0, props: ID: 0, Strength: 2, Type: 1, sensorId 0, hasEnrollments: false cannot participate in Keystore operations
12-14 03:22:35.533 1468 1468 I SystemServerTiming: OnBootPhase_600_com.android.server.backup.BackupManagerService$Lifecycle
12-14 03:22:35.533 1468 1468 I SystemServerTiming: OnBootPhase_600_com.android.server.appwidget.AppWidgetService
12-14 03:22:35.533 1468 1643 W ActivityManager: Slow operation: 86ms so far, now at startProcess: returned from zygote!
12-14 03:22:35.533 1468 1468 I SystemServerTiming: OnBootPhase_600_com.android.server.voiceinteraction.VoiceInteractionManagerService
12-14 03:22:35.533 1468 1643 W ActivityManager: Slow operation: 86ms so far, now at startProcess: done updating battery stats
12-14 03:22:35.534 1468 1643 W ActivityManager: Slow operation: 86ms so far, now at startProcess: building log message
12-14 03:22:35.534 1468 1643 I ActivityManager: Start proc 2489:WebViewLoader-armeabi-v7a/1037 [android.webkit.WebViewLibraryLoader$RelroFileCreator] for null
12-14 03:22:35.534 1468 1643 W ActivityManager: Slow operation: 86ms so far, now at startProcess: starting to update pids map
12-14 03:22:35.534 1468 1643 W ActivityManager: Slow operation: 87ms so far, now at startProcess: done updating pids map
12-14 03:22:35.534 1468 1643 W ActivityManager: Slow operation: 87ms so far, now at startProcess: asking zygote to start proc
12-14 03:22:35.534 1468 1643 W ActivityManager: com.android.location.fused inode == 0 (b/152760674)
12-14 03:22:35.537 1468 1468 I SystemServerTiming: OnBootPhase_600_com.android.server.apphibernation.AppHibernationService
12-14 03:22:35.537 1468 1468 I SystemServerTiming: OnBootPhase_600_com.android.server.GestureLauncherService
12-14 03:22:35.537 1468 1468 I SystemServerTiming: OnBootPhase_600_com.android.server.SensorNotificationService
12-14 03:22:35.537 1468 1468 I SystemServerTiming: OnBootPhase_600_com.android.server.emergency.EmergencyAffordanceService
12-14 03:22:35.538 1468 1468 I SystemServerTiming: OnBootPhase_600_com.android.server.blob.BlobStoreManagerService
12-14 03:22:35.538 1468 1643 W ActivityManager: Slow operation: 91ms so far, now at startProcess: returned from zygote!
12-14 03:22:35.539 1468 1643 W ActivityManager: Slow operation: 91ms so far, now at startProcess: done updating battery stats
12-14 03:22:35.539 1468 1643 W ActivityManager: Slow operation: 91ms so far, now at startProcess: building log message
12-14 03:22:35.539 1468 1643 I ActivityManager: Start proc 2490:WebViewLoader-arm64-v8a/1037 [android.webkit.WebViewLibraryLoader$RelroFileCreator] for null
12-14 03:22:35.539 1468 1643 W ActivityManager: Slow operation: 91ms so far, now at startProcess: starting to update pids map
12-14 03:22:35.539 1468 1468 I SystemServerTiming: OnBootPhase_600_com.android.server.dreams.DreamManagerService
12-14 03:22:35.539 1468 1643 W ActivityManager: Slow operation: 91ms so far, now at startProcess: done updating pids map
12-14 03:22:35.539 1468 1468 I SystemServerTiming: OnBootPhase_600_com.android.server.companion.CompanionDeviceManagerService
12-14 03:22:35.539 1468 1468 I SystemServerTiming: OnBootPhase_600_com.android.server.restrictions.RestrictionsManagerService
12-14 03:22:35.539 1468 1468 I SystemServerTiming: OnBootPhase_600_com.android.server.media.MediaSessionService
12-14 03:22:35.539 1468 1468 I SystemServerTiming: OnBootPhase_600_com.android.server.media.MediaResourceMonitorService
12-14 03:22:35.539 1468 1468 I SystemServerTiming: OnBootPhase_600_com.android.server.biometrics.sensors.fingerprint.FingerprintService
12-14 03:22:35.539 1468 1468 I SystemServerTiming: OnBootPhase_600_com.android.server.biometrics.BiometricService
12-14 03:22:35.539 1468 1468 I SystemServerTiming: OnBootPhase_600_com.android.server.biometrics.AuthService
12-14 03:22:35.539 1468 1468 I SystemServerTiming: OnBootPhase_600_com.android.server.pm.ShortcutService$Lifecycle
12-14 03:22:35.540 1468 1468 I SystemServerTiming: OnBootPhase_600_com.android.server.pm.LauncherAppsService
12-14 03:22:35.540 1468 1468 I SystemServerTiming: OnBootPhase_600_com.android.server.pm.CrossProfileAppsService
12-14 03:22:35.540 1468 1468 I SystemServerTiming: OnBootPhase_600_com.android.server.people.PeopleService
12-14 03:22:35.540 1468 1468 I SystemServerTiming: OnBootPhase_600_com.android.server.media.metrics.MediaMetricsManagerService
12-14 03:22:35.540 1468 1468 I SystemServerTiming: OnBootPhase_600_com.android.server.media.projection.MediaProjectionManagerService
12-14 03:22:35.540 1468 1468 I SystemServerTiming: OnBootPhase_600_com.android.server.slice.SliceManagerService$Lifecycle
12-14 03:22:35.540 1468 1468 I SystemServerTiming: OnBootPhase_600_com.android.server.stats.StatsCompanion$Lifecycle
12-14 03:22:35.545 1468 1468 I SystemServerTiming: OnBootPhase_600_com.android.server.scheduling.RebootReadinessManagerService$Lifecycle
12-14 03:22:35.545 1468 1468 I SystemServerTiming: OnBootPhase_600_com.android.server.stats.pull.StatsPullAtomService
12-14 03:22:35.546 1468 1468 I SystemServerTiming: OnBootPhase_600_com.android.server.incident.IncidentCompanionService
