12-14 03:32:08.454 1468 2373 I ActivityTaskManager: START u0 {flg=0x10000000 pkg=com.thundercomm.screensaver cmp=com.thundercomm.screensaver/android.service.dreams.DreamActivity (has extras)} from uid 10052
12-14 03:32:08.459 1468 2373 W ActivityTaskManager: Can't find TaskDisplayArea to determine support for multi window. Task id=18 attached=false
12-14 03:32:08.481 1468 3345 I ActivityTaskManager: FOREGROUND_APPLICATION_CHANGED to android.service.dreams.DreamActivity
12-14 03:32:08.482 1468 3345 I ActivityTaskManager: The Process com.thundercomm.screensaver Already Exists in BG. So sending its PID: 5020
12-14 03:32:08.483 1468 3345 W ActivityTaskManager: Tried to set launchTime (0) < mLastActivityLaunchTime (266267)
12-14 03:32:08.499 4292 4310 W ContextImpl: Calling a method in the system process without a qualified user: android.app.ContextImpl.startService:1816 android.content.ContextWrapper.startService:774 com.thundercomm.gamemode.ingame.services.GameModeActionUtils.startGameModeService:99 com.thundercomm.gamemode.ingame.services.GameModeActionUtils.startGameModeEntry:22 com.thundercomm.gamemode.ingame.services.ActivityMonitoringService$1.onActivityLaunch:127
12-14 03:32:08.507 1468 1468 I GameModeConfig: Current uri is uri = content://com.thundercomm.gamemode.api/gamemode_settings/gamemode_isgaming
12-14 03:32:08.508 1468 3345 W WindowManager: Failed looking up window session=Session{8b8c5b3 5020:u0a10052} callers=com.android.server.wm.WindowManagerService.windowForClientLocked:5628 com.android.server.wm.Session.insetsModified:629 android.view.IWindowSession$Stub.onTransact:1151
12-14 03:32:08.511 1468 1468 I GameModeConfig: isGameModeOn = false
12-14 03:32:08.512 1468 1468 I GameModeConfig: isGameModeOn = false
12-14 03:32:08.512 1468 1468 I GameModeConfig: isDisableVoice = true
12-14 03:32:08.551 1468 2313 I GameModeConfig: isGameModeOn = false
12-14 03:32:08.551 1468 2313 I GameModeConfig: isGameModeOn = false
12-14 03:32:08.551 1468 2313 I GameModeConfig: isGameModeOn = false
12-14 03:32:08.551 1468 2313 I GameModeConfig: isGameModeOn = false
12-14 03:32:08.558 1468 1607 W ActivityTaskManager: Request to remove task ignored for non-existent task 17
12-14 03:32:08.580 1468 1658 V DisplayPowerController[0]: Brightness [1.0] reason changing to: 'manual', previous reason: 'manual [ dim ]'.
12-14 03:32:08.593 1468 2349 E DisplayDeviceConfig: requesting nits when no mapping exists.
12-14 03:32:08.594 1468 2349 E DisplayDeviceConfig: requesting nits when no mapping exists.
12-14 03:32:08.599 4292 4310 W ContextImpl: Calling a method in the system process without a qualified user: android.app.ContextImpl.startService:1816 android.content.ContextWrapper.startService:774 com.thundercomm.gamemode.ingame.services.GameModeActionUtils.startGameModeService:99 com.thundercomm.gamemode.ingame.services.GameModeActionUtils.startGameModeEntry:22 com.thundercomm.gamemode.ingame.services.ActivityMonitoringService$1.onActivityLaunch:127
12-14 03:32:08.603 1468 1468 I GameModeConfig: Current uri is uri = content://com.thundercomm.gamemode.api/gamemode_settings/gamemode_isgaming
12-14 03:32:08.605 1468 1468 I GameModeConfig: isGameModeOn = false
12-14 03:32:08.605 1468 1468 I GameModeConfig: isGameModeOn = false
12-14 03:32:08.605 1468 1468 I GameModeConfig: isDisableVoice = true
12-14 03:32:08.607 1468 2349 E DisplayDeviceConfig: requesting nits when no mapping exists.
12-14 03:32:08.607 1468 2349 E DisplayDeviceConfig: requesting nits when no mapping exists.
12-14 03:32:08.624 1468 2349 E DisplayDeviceConfig: requesting nits when no mapping exists.
12-14 03:32:08.624 1468 2349 E DisplayDeviceConfig: requesting nits when no mapping exists.
12-14 03:32:08.640 1468 2349 E DisplayDeviceConfig: requesting nits when no mapping exists.
12-14 03:32:08.641 1468 2349 E DisplayDeviceConfig: requesting nits when no mapping exists.
12-14 03:32:08.657 1468 2349 E DisplayDeviceConfig: requesting nits when no mapping exists.
12-14 03:32:08.657 1468 2349 E DisplayDeviceConfig: requesting nits when no mapping exists.
12-14 03:32:08.673 1468 2349 E DisplayDeviceConfig: requesting nits when no mapping exists.
12-14 03:32:08.674 1468 2349 E DisplayDeviceConfig: requesting nits when no mapping exists.
12-14 03:32:08.690 1468 2349 E DisplayDeviceConfig: requesting nits when no mapping exists.
12-14 03:32:08.691 1468 2349 E DisplayDeviceConfig: requesting nits when no mapping exists.
12-14 03:32:08.707 1468 2349 E DisplayDeviceConfig: requesting nits when no mapping exists.
12-14 03:32:08.707 1468 2349 E DisplayDeviceConfig: requesting nits when no mapping exists.
12-14 03:32:08.724 1468 2349 E DisplayDeviceConfig: requesting nits when no mapping exists.
12-14 03:32:08.724 1468 2349 E DisplayDeviceConfig: requesting nits when no mapping exists.
12-14 03:32:08.740 1468 2349 E DisplayDeviceConfig: requesting nits when no mapping exists.
12-14 03:32:08.741 1468 2349 E DisplayDeviceConfig: requesting nits when no mapping exists.
12-14 03:32:08.755 1468 1468 I GameModeConfig: isGameModeOn = false
12-14 03:32:08.760 1468 2349 E DisplayDeviceConfig: requesting nits when no mapping exists.
12-14 03:32:08.760 1468 2349 E DisplayDeviceConfig: requesting nits when no mapping exists.
12-14 03:32:08.774 1468 2349 E DisplayDeviceConfig: requesting nits when no mapping exists.
12-14 03:32:08.775 1468 2349 E DisplayDeviceConfig: requesting nits when no mapping exists.
12-14 03:32:08.792 1468 2349 E DisplayDeviceConfig: requesting nits when no mapping exists.
12-14 03:32:08.793 1468 2349 E DisplayDeviceConfig: requesting nits when no mapping exists.
12-14 03:32:08.807 1468 2349 E DisplayDeviceConfig: requesting nits when no mapping exists.
12-14 03:32:08.807 1468 2349 E DisplayDeviceConfig: requesting nits when no mapping exists.
12-14 03:32:08.825 1468 2349 E DisplayDeviceConfig: requesting nits when no mapping exists.
12-14 03:32:08.825 1468 2349 E DisplayDeviceConfig: requesting nits when no mapping exists.
12-14 03:32:08.840 1468 2349 E DisplayDeviceConfig: requesting nits when no mapping exists.
12-14 03:32:08.841 1468 2349 E DisplayDeviceConfig: requesting nits when no mapping exists.
12-14 03:32:08.857 1468 2349 E DisplayDeviceConfig: requesting nits when no mapping exists.
12-14 03:32:08.858 1468 2349 E DisplayDeviceConfig: requesting nits when no mapping exists.
12-14 03:32:08.874 1468 2349 E DisplayDeviceConfig: requesting nits when no mapping exists.
12-14 03:32:08.875 1468 2349 E DisplayDeviceConfig: requesting nits when no mapping exists.
12-14 03:32:08.890 1468 2349 E DisplayDeviceConfig: requesting nits when no mapping exists.
12-14 03:32:08.891 1468 2349 E DisplayDeviceConfig: requesting nits when no mapping exists.
12-14 03:32:08.908 1468 2349 E DisplayDeviceConfig: requesting nits when no mapping exists.
12-14 03:32:08.908 1468 2349 E DisplayDeviceConfig: requesting nits when no mapping exists.
12-14 03:32:08.925 1468 2349 E DisplayDeviceConfig: requesting nits when no mapping exists.
12-14 03:32:08.925 1468 2349 E DisplayDeviceConfig: requesting nits when no mapping exists.
12-14 03:32:08.941 1468 2349 E DisplayDeviceConfig: requesting nits when no mapping exists.
12-14 03:32:08.941 1468 2349 E DisplayDeviceConfig: requesting nits when no mapping exists.
12-14 03:32:08.959 1468 2349 E DisplayDeviceConfig: requesting nits when no mapping exists.
12-14 03:32:08.960 1468 2349 E DisplayDeviceConfig: requesting nits when no mapping exists.
12-14 03:32:08.975 1468 2349 E DisplayDeviceConfig: requesting nits when no mapping exists.
12-14 03:32:08.975 1468 2349 E DisplayDeviceConfig: requesting nits when no mapping exists.
12-14 03:32:08.991 1468 2349 E DisplayDeviceConfig: requesting nits when no mapping exists.
12-14 03:32:08.991 1468 2349 E DisplayDeviceConfig: requesting nits when no mapping exists.
12-14 03:32:09.013 1468 2349 E DisplayDeviceConfig: requesting nits when no mapping exists.
12-14 03:32:09.014 1468 2349 E DisplayDeviceConfig: requesting nits when no mapping exists.
12-14 03:32:09.026 1468 2349 E DisplayDeviceConfig: requesting nits when no mapping exists.
12-14 03:32:09.026 1468 2349 E DisplayDeviceConfig: requesting nits when no mapping exists.
12-14 03:32:09.041 1468 2349 E DisplayDeviceConfig: requesting nits when no mapping exists.
12-14 03:32:09.041 1468 2349 E DisplayDeviceConfig: requesting nits when no mapping exists.
12-14 03:32:09.058 1468 2349 E DisplayDeviceConfig: requesting nits when no mapping exists.
12-14 03:32:09.058 1468 2349 E DisplayDeviceConfig: requesting nits when no mapping exists.
12-14 03:32:09.074 1468 2349 E DisplayDeviceConfig: requesting nits when no mapping exists.
12-14 03:32:09.075 1468 2349 E DisplayDeviceConfig: requesting nits when no mapping exists.
12-14 03:32:09.094 1468 2349 E DisplayDeviceConfig: requesting nits when no mapping exists.
12-14 03:32:09.094 1468 2349 E DisplayDeviceConfig: requesting nits when no mapping exists.
12-14 03:32:09.116 1468 2349 E DisplayDeviceConfig: requesting nits when no mapping exists.
12-14 03:32:09.116 1468 2349 E DisplayDeviceConfig: requesting nits when no mapping exists.
12-14 03:32:09.124 1468 2349 E DisplayDeviceConfig: requesting nits when no mapping exists.
12-14 03:32:09.125 1468 2349 E DisplayDeviceConfig: requesting nits when no mapping exists.
12-14 03:32:09.137 4292 4310 W ContextImpl: Calling a method in the system process without a qualified user: android.app.ContextImpl.startService:1816 android.content.ContextWrapper.startService:774 com.thundercomm.gamemode.ingame.services.GameModeActionUtils.startGameModeService:99 com.thundercomm.gamemode.ingame.services.GameModeActionUtils.startGameModeEntry:22 com.thundercomm.gamemode.ingame.services.ActivityMonitoringService$1.onActivityLaunch:127
12-14 03:32:09.143 1468 1468 I GameModeConfig: Current uri is uri = content://com.thundercomm.gamemode.api/gamemode_settings/gamemode_isgaming
12-14 03:32:09.144 1468 2349 E DisplayDeviceConfig: requesting nits when no mapping exists.
12-14 03:32:09.144 1468 2349 E DisplayDeviceConfig: requesting nits when no mapping exists.
12-14 03:32:09.145 1468 1468 I GameModeConfig: isGameModeOn = false
12-14 03:32:09.146 1468 1468 I GameModeConfig: isGameModeOn = false
12-14 03:32:09.146 1468 1468 I GameModeConfig: isDisableVoice = true
12-14 03:32:09.158 1468 2349 E DisplayDeviceConfig: requesting nits when no mapping exists.
12-14 03:32:09.158 1468 2349 E DisplayDeviceConfig: requesting nits when no mapping exists.
12-14 03:32:09.175 1468 2349 E DisplayDeviceConfig: requesting nits when no mapping exists.
12-14 03:32:09.176 1468 2349 E DisplayDeviceConfig: requesting nits when no mapping exists.
12-14 03:32:09.192 1468 2349 E DisplayDeviceConfig: requesting nits when no mapping exists.
12-14 03:32:09.193 1468 2349 E DisplayDeviceConfig: requesting nits when no mapping exists.
12-14 03:32:09.209 1468 2349 E DisplayDeviceConfig: requesting nits when no mapping exists.
12-14 03:32:09.210 1468 2349 E DisplayDeviceConfig: requesting nits when no mapping exists.
12-14 03:32:09.229 1468 2349 E DisplayDeviceConfig: requesting nits when no mapping exists.
12-14 03:32:09.230 1468 2349 E DisplayDeviceConfig: requesting nits when no mapping exists.
12-14 03:32:09.246 1468 2349 E DisplayDeviceConfig: requesting nits when no mapping exists.
12-14 03:32:09.246 1468 2349 E DisplayDeviceConfig: requesting nits when no mapping exists.
12-14 03:32:09.258 1468 2349 E DisplayDeviceConfig: requesting nits when no mapping exists.
12-14 03:32:09.259 1468 2349 E DisplayDeviceConfig: requesting nits when no mapping exists.
12-14 03:32:09.275 1468 2349 E DisplayDeviceConfig: requesting nits when no mapping exists.
12-14 03:32:09.276 1468 2349 E DisplayDeviceConfig: requesting nits when no mapping exists.
01-01 08:52:37.454 0 0 D : mv2112_read_status
01-01 08:52:37.454 0 0 D mv2112_update_link: 3.0x901(1G): 0x80
01-01 08:52:37.454 0 0 D mv2112_update_link: 3.0x8109(100M): 0x8
01-01 08:52:37.454 0 0 D mv2112_update_link: link 0x0
01-01 08:52:37.454 0 0 D mv2112_read_status: autoneg is disabled
12-14 03:32:09.292 1468 2349 E DisplayDeviceConfig: requesting nits when no mapping exists.
12-14 03:32:09.293 1468 2349 E DisplayDeviceConfig: requesting nits when no mapping exists.
12-14 03:32:09.309 1468 2349 E DisplayDeviceConfig: requesting nits when no mapping exists.
12-14 03:32:09.309 1468 2349 E DisplayDeviceConfig: requesting nits when no mapping exists.
12-14 03:32:09.325 1468 2349 E DisplayDeviceConfig: requesting nits when no mapping exists.
12-14 03:32:09.326 1468 2349 E DisplayDeviceConfig: requesting nits when no mapping exists.
12-14 03:32:09.344 1468 2349 E DisplayDeviceConfig: requesting nits when no mapping exists.
12-14 03:32:09.345 1468 2349 E DisplayDeviceConfig: requesting nits when no mapping exists.
12-14 03:32:09.360 1468 2349 E DisplayDeviceConfig: requesting nits when no mapping exists.
12-14 03:32:09.361 1468 2349 E DisplayDeviceConfig: requesting nits when no mapping exists.
12-14 03:32:09.376 1468 2349 E DisplayDeviceConfig: requesting nits when no mapping exists.
12-14 03:32:09.377 1468 2349 E DisplayDeviceConfig: requesting nits when no mapping exists.
12-14 03:32:09.393 1468 2349 E DisplayDeviceConfig: requesting nits when no mapping exists.
12-14 03:32:09.394 1468 2349 E DisplayDeviceConfig: requesting nits when no mapping exists.
12-14 03:32:09.410 1468 2349 E DisplayDeviceConfig: requesting nits when no mapping exists.
12-14 03:32:09.410 1468 2349 E DisplayDeviceConfig: requesting nits when no mapping exists.
12-14 03:32:09.428 1468 2349 E DisplayDeviceConfig: requesting nits when no mapping exists.
12-14 03:32:09.429 1468 2349 E DisplayDeviceConfig: requesting nits when no mapping exists.
12-14 03:32:09.444 1468 2349 E DisplayDeviceConfig: requesting nits when no mapping exists.
12-14 03:32:09.444 1468 2349 E DisplayDeviceConfig: requesting nits when no mapping exists.
12-14 03:32:09.466 1468 2349 E DisplayDeviceConfig: requesting nits when no mapping exists.
12-14 03:32:09.466 1468 2349 E DisplayDeviceConfig: requesting nits when no mapping exists.
12-14 03:32:09.476 1468 2349 E DisplayDeviceConfig: requesting nits when no mapping exists.
12-14 03:32:09.477 1468 2349 E DisplayDeviceConfig: requesting nits when no mapping exists.
12-14 03:32:09.492 1468 2349 E DisplayDeviceConfig: requesting nits when no mapping exists.
12-14 03:32:09.493 1468 2349 E DisplayDeviceConfig: requesting nits when no mapping exists.
12-14 03:32:09.509 1468 2349 E DisplayDeviceConfig: requesting nits when no mapping exists.
12-14 03:32:09.512 1468 2349 E DisplayDeviceConfig: requesting nits when no mapping exists.
12-14 03:32:09.526 1468 2349 E DisplayDeviceConfig: requesting nits when no mapping exists.
12-14 03:32:09.526 1468 2349 E DisplayDeviceConfig: requesting nits when no mapping exists.
12-14 03:32:09.542 1468 2349 E DisplayDeviceConfig: requesting nits when no mapping exists.
12-14 03:32:09.542 1468 2349 E DisplayDeviceConfig: requesting nits when no mapping exists.
01-01 08:52:38.478 0 0 D : mv2112_read_status
01-01 08:52:38.478 0 0 D mv2112_update_link: 3.0x901(1G): 0x80
01-01 08:52:38.478 0 0 D mv2112_update_link: 3.0x8109(100M): 0x8
01-01 08:52:38.478 0 0 D mv2112_update_link: link 0x0
01-01 08:52:38.478 0 0 D mv2112_read_status: autoneg is disabled
01-01 08:52:39.502 0 0 D : mv2112_read_status
01-01 08:52:39.502 0 0 D mv2112_update_link: 3.0x901(1G): 0x80
01-01 08:52:39.502 0 0 D mv2112_update_link: 3.0x8109(100M): 0x8
01-01 08:52:39.502 0 0 D mv2112_update_link: link 0x0
01-01 08:52:39.502 0 0 D mv2112_read_status: autoneg is disabled
01-01 08:52:40.526 0 0 D : mv2112_read_status
01-01 08:52:40.526 0 0 D mv2112_update_link: 3.0x901(1G): 0x80
01-01 08:52:40.526 0 0 D mv2112_update_link: 3.0x8109(100M): 0x8
01-01 08:52:40.526 0 0 D mv2112_update_link: link 0x0
01-01 08:52:40.526 0 0 D mv2112_read_status: autoneg is disabled
01-01 08:52:41.550 0 0 D : mv2112_read_status
01-01 08:52:41.550 0 0 D mv2112_update_link: 3.0x901(1G): 0x80
01-01 08:52:41.550 0 0 D mv2112_update_link: 3.0x8109(100M): 0x8
01-01 08:52:41.550 0 0 D mv2112_update_link: link 0x0
01-01 08:52:41.550 0 0 D mv2112_read_status: autoneg is disabled
01-01 08:52:42.574 0 0 D : mv2112_read_status
01-01 08:52:42.574 0 0 D mv2112_update_link: 3.0x901(1G): 0x80
01-01 08:52:42.574 0 0 D mv2112_update_link: 3.0x8109(100M): 0x8
01-01 08:52:42.574 0 0 D mv2112_update_link: link 0x0
01-01 08:52:42.574 0 0 D mv2112_read_status: autoneg is disabled
01-01 08:52:43.598 0 0 D : mv2112_read_status
01-01 08:52:43.598 0 0 D mv2112_update_link: 3.0x901(1G): 0x80
01-01 08:52:43.598 0 0 D mv2112_update_link: 3.0x8109(100M): 0x8
01-01 08:52:43.598 0 0 D mv2112_update_link: link 0x0
01-01 08:52:43.598 0 0 D mv2112_read_status: autoneg is disabled
01-01 08:52:44.622 0 0 D : mv2112_read_status
01-01 08:52:44.622 0 0 D mv2112_update_link: 3.0x901(1G): 0x80
01-01 08:52:44.622 0 0 D mv2112_update_link: 3.0x8109(100M): 0x8
01-01 08:52:44.622 0 0 D mv2112_update_link: link 0x0
01-01 08:52:44.622 0 0 D mv2112_read_status: autoneg is disabled
01-01 08:52:45.646 0 0 D : mv2112_read_status
01-01 08:52:45.646 0 0 D mv2112_update_link: 3.0x901(1G): 0x80
01-01 08:52:45.646 0 0 D mv2112_update_link: 3.0x8109(100M): 0x8
01-01 08:52:45.646 0 0 D mv2112_update_link: link 0x0
01-01 08:52:45.647 0 0 D mv2112_read_status: autoneg is disabled
01-01 08:52:46.670 0 0 D : mv2112_read_status
01-01 08:52:46.670 0 0 D mv2112_update_link: 3.0x901(1G): 0x80
01-01 08:52:46.671 0 0 D mv2112_update_link: 3.0x8109(100M): 0x8
01-01 08:52:46.671 0 0 D mv2112_update_link: link 0x0
01-01 08:52:46.671 0 0 D mv2112_read_status: autoneg is disabled
12-14 03:32:18.589 1468 2313 I GameModeConfig: isGameModeOn = false
12-14 03:32:18.757 1468 2313 I GameModeConfig: isGameModeOn = false
01-01 08:52:47.694 0 0 D : mv2112_read_status
01-01 08:52:47.694 0 0 D mv2112_update_link: 3.0x901(1G): 0x80
01-01 08:52:47.694 0 0 D mv2112_update_link: 3.0x8109(100M): 0x8
01-01 08:52:47.694 0 0 D mv2112_update_link: link 0x0
01-01 08:52:47.694 0 0 D mv2112_read_status: autoneg is disabled
01-01 08:52:48.718 0 0 D : mv2112_read_status
01-01 08:52:48.718 0 0 D mv2112_update_link: 3.0x901(1G): 0x80
01-01 08:52:48.718 0 0 D mv2112_update_link: 3.0x8109(100M): 0x8
01-01 08:52:48.718 0 0 D mv2112_update_link: link 0x0
01-01 08:52:48.718 0 0 D mv2112_read_status: autoneg is disabled
01-01 08:52:49.742 0 0 D : mv2112_read_status
01-01 08:52:49.742 0 0 D mv2112_update_link: 3.0x901(1G): 0x80
01-01 08:52:49.742 0 0 D mv2112_update_link: 3.0x8109(100M): 0x8
01-01 08:52:49.742 0 0 D mv2112_update_link: link 0x0
01-01 08:52:49.742 0 0 D mv2112_read_status: autoneg is disabled
01-01 08:52:50.766 0 0 D : mv2112_read_status
01-01 08:52:50.766 0 0 D mv2112_update_link: 3.0x901(1G): 0x80
01-01 08:52:50.766 0 0 D mv2112_update_link: 3.0x8109(100M): 0x8
01-01 08:52:50.766 0 0 D mv2112_update_link: link 0x0
01-01 08:52:50.766 0 0 D mv2112_read_status: autoneg is disabled
01-01 08:52:51.790 0 0 D : mv2112_read_status
01-01 08:52:51.790 0 0 D mv2112_update_link: 3.0x901(1G): 0x80
01-01 08:52:51.790 0 0 D mv2112_update_link: 3.0x8109(100M): 0x8
01-01 08:52:51.790 0 0 D mv2112_update_link: link 0x0
01-01 08:52:51.790 0 0 D mv2112_read_status: autoneg is disabled
01-01 08:52:52.814 0 0 D : mv2112_read_status
01-01 08:52:52.814 0 0 D mv2112_update_link: 3.0x901(1G): 0x80
01-01 08:52:52.815 0 0 D mv2112_update_link: 3.0x8109(100M): 0x8
01-01 08:52:52.815 0 0 D mv2112_update_link: link 0x0
01-01 08:52:52.815 0 0 D mv2112_read_status: autoneg is disabled
01-01 08:52:53.838 0 0 D : mv2112_read_status
01-01 08:52:53.838 0 0 D mv2112_update_link: 3.0x901(1G): 0x80
01-01 08:52:53.838 0 0 D mv2112_update_link: 3.0x8109(100M): 0x8
01-01 08:52:53.838 0 0 D mv2112_update_link: link 0x0
01-01 08:52:53.838 0 0 D mv2112_read_status: autoneg is disabled
01-01 08:52:54.862 0 0 D : mv2112_read_status
01-01 08:52:54.862 0 0 D mv2112_update_link: 3.0x901(1G): 0x80
01-01 08:52:54.862 0 0 D mv2112_update_link: 3.0x8109(100M): 0x8
01-01 08:52:54.862 0 0 D mv2112_update_link: link 0x0
01-01 08:52:54.862 0 0 D mv2112_read_status: autoneg is disabled
01-01 08:52:55.886 0 0 D : mv2112_read_status
01-01 08:52:55.886 0 0 D mv2112_update_link: 3.0x901(1G): 0x80
01-01 08:52:55.886 0 0 D mv2112_update_link: 3.0x8109(100M): 0x8
01-01 08:52:55.887 0 0 D mv2112_update_link: link 0x0
01-01 08:52:55.887 0 0 D mv2112_read_status: autoneg is disabled
01-01 08:52:56.910 0 0 D : mv2112_read_status
01-01 08:52:56.910 0 0 D mv2112_update_link: 3.0x901(1G): 0x80
01-01 08:52:56.910 0 0 D mv2112_update_link: 3.0x8109(100M): 0x8
01-01 08:52:56.910 0 0 D mv2112_update_link: link 0x0
01-01 08:52:56.910 0 0 D mv2112_read_status: autoneg is disabled
01-01 08:52:57.934 0 0 D : mv2112_read_status
01-01 08:52:57.934 0 0 D mv2112_update_link: 3.0x901(1G): 0x80
01-01 08:52:57.935 0 0 D mv2112_update_link: 3.0x8109(100M): 0x8
01-01 08:52:57.935 0 0 D mv2112_update_link: link 0x0
01-01 08:52:57.935 0 0 D mv2112_read_status: autoneg is disabled
01-01 08:52:58.958 0 0 D : mv2112_read_status
01-01 08:52:58.958 0 0 D mv2112_update_link: 3.0x901(1G): 0x80
01-01 08:52:58.958 0 0 D mv2112_update_link: 3.0x8109(100M): 0x8
01-01 08:52:58.958 0 0 D mv2112_update_link: link 0x0
01-01 08:52:58.958 0 0 D mv2112_read_status: autoneg is disabled
01-01 08:52:59.982 0 0 D : mv2112_read_status
01-01 08:52:59.982 0 0 D mv2112_update_link: 3.0x901(1G): 0x80
01-01 08:52:59.982 0 0 D mv2112_update_link: 3.0x8109(100M): 0x8
01-01 08:52:59.982 0 0 D mv2112_update_link: link 0x0
01-01 08:52:59.982 0 0 D mv2112_read_status: autoneg is disabled
01-01 08:53:01.006 0 0 D : mv2112_read_status
01-01 08:53:01.006 0 0 D mv2112_update_link: 3.0x901(1G): 0x80
01-01 08:53:01.006 0 0 D mv2112_update_link: 3.0x8109(100M): 0x8
01-01 08:53:01.007 0 0 D mv2112_update_link: link 0x0
01-01 08:53:01.007 0 0 D mv2112_read_status: autoneg is disabled
01-01 08:53:02.030 0 0 D : mv2112_read_status
01-01 08:53:02.030 0 0 D mv2112_update_link: 3.0x901(1G): 0x80
01-01 08:53:02.030 0 0 D mv2112_update_link: 3.0x8109(100M): 0x8
01-01 08:53:02.030 0 0 D mv2112_update_link: link 0x0
01-01 08:53:02.030 0 0 D mv2112_read_status: autoneg is disabled
01-01 08:53:03.054 0 0 D : mv2112_read_status
01-01 08:53:03.054 0 0 D mv2112_update_link: 3.0x901(1G): 0x80
01-01 08:53:03.054 0 0 D mv2112_update_link: 3.0x8109(100M): 0x8
01-01 08:53:03.054 0 0 D mv2112_update_link: link 0x0
01-01 08:53:03.054 0 0 D mv2112_read_status: autoneg is disabled
01-01 08:53:04.078 0 0 D : mv2112_read_status
01-01 08:53:04.078 0 0 D mv2112_update_link: 3.0x901(1G): 0x80
01-01 08:53:04.078 0 0 D mv2112_update_link: 3.0x8109(100M): 0x8
01-01 08:53:04.078 0 0 D mv2112_update_link: link 0x0
01-01 08:53:04.078 0 0 D mv2112_read_status: autoneg is disabled
01-01 08:53:04.423 0 0 I binder : 1468:1802 ioctl 400c620e 735b8845d8 returned -22
01-01 08:53:04.426 0 0 I binder : 1468:1802 ioctl c00c620f 735b8845b8 returned -22
12-14 03:32:36.242 1468 1802 D ActivityManager: freezing 2811 com.android.settings:CryptKeeper
12-14 03:32:36.243 1468 1802 E ActivityManager: Unable to freeze binder for 2811 com.android.settings:CryptKeeper
12-14 03:32:36.245 1468 1802 D ActivityManager: froze 2811 com.android.settings:CryptKeeper
12-14 03:32:36.245 1468 1802 E ActivityManager: Unable to freeze binder for 2811 com.android.settings:CryptKeeper
12-14 03:32:36.247 1468 1802 I ActivityManager: Killing 2811:com.android.settings:CryptKeeper/1000 (adj 985): Unable to freeze binder interface
01-01 08:53:05.102 0 0 D : mv2112_read_status
01-01 08:53:05.102 0 0 D mv2112_update_link: 3.0x901(1G): 0x80
01-01 08:53:05.102 0 0 D mv2112_update_link: 3.0x8109(100M): 0x8
01-01 08:53:05.102 0 0 D mv2112_update_link: link 0x0
01-01 08:53:05.102 0 0 D mv2112_read_status: autoneg is disabled
01-01 08:53:05.808 0 0 I binder : 1468:1802 ioctl 400c620e 735b8845d8 returned -22
01-01 08:53:05.810 0 0 I binder : 1468:1802 ioctl c00c620f 735b8845b8 returned -22
12-14 03:32:37.627 1468 1802 D ActivityManager: freezing 3491 com.android.documentsui
12-14 03:32:37.627 1468 1802 E ActivityManager: Unable to freeze binder for 3491 com.android.documentsui
12-14 03:32:37.628 1468 1802 D ActivityManager: froze 3491 com.android.documentsui
12-14 03:32:37.629 1468 1802 E ActivityManager: Unable to freeze binder for 3491 com.android.documentsui
12-14 03:32:37.631 1468 1802 I ActivityManager: Killing 3491:com.android.documentsui/u0a30 (adj 985): Unable to freeze binder interface
01-01 08:53:06.126 0 0 D : mv2112_read_status
01-01 08:53:06.126 0 0 D mv2112_update_link: 3.0x901(1G): 0x80
01-01 08:53:06.126 0 0 D mv2112_update_link: 3.0x8109(100M): 0x8
01-01 08:53:06.126 0 0 D mv2112_update_link: link 0x0
01-01 08:53:06.126 0 0 D mv2112_read_status: autoneg is disabled
12-14 03:32:38.114 1468 1802 D ActivityManager: freezing 3845 com.android.traceur
12-14 03:32:38.114 1468 1802 E ActivityManager: Unable to freeze binder for 3845 com.android.traceur
12-14 03:32:38.115 1468 1802 D ActivityManager: froze 3845 com.android.traceur
12-14 03:32:38.115 1468 1802 E ActivityManager: Unable to freeze binder for 3845 com.android.traceur
01-01 08:53:06.295 0 0 I binder : 1468:1802 ioctl 400c620e 735b8845d8 returned -22
01-01 08:53:06.296 0 0 I binder : 1468:1802 ioctl c00c620f 735b8845b8 returned -22
12-14 03:32:38.117 1468 1802 I ActivityManager: Killing 3845:com.android.traceur/u0a34 (adj 985): Unable to freeze binder interface
12-14 03:32:38.497 1468 1802 D ActivityManager: freezing 3941 com.hryt.hiphishowfsecontrol
12-14 03:32:38.497 1468 1802 E ActivityManager: Unable to freeze binder for 3941 com.hryt.hiphishowfsecontrol
12-14 03:32:38.499 1468 1802 D ActivityManager: froze 3941 com.hryt.hiphishowfsecontrol
12-14 03:32:38.499 1468 1802 E ActivityManager: Unable to freeze binder for 3941 com.hryt.hiphishowfsecontrol
01-01 08:53:06.678 0 0 I binder : 1468:1802 ioctl 400c620e 735b8845d8 returned -22
01-01 08:53:06.680 0 0 I binder : 1468:1802 ioctl c00c620f 735b8845b8 returned -22
01-01 08:53:06.682 0 0 I binder : 1468:1802 ioctl 400c620e 735b8845d8 returned -22
01-01 08:53:06.682 0 0 I binder : 1468:1802 ioctl c00c620f 735b8845b8 returned -22
12-14 03:32:38.500 1468 1802 D ActivityManager: freezing 3917 com.android.calendar
12-14 03:32:38.501 1468 1802 E ActivityManager: Unable to freeze binder for 3917 com.android.calendar
12-14 03:32:38.501 1468 1802 D ActivityManager: froze 3917 com.android.calendar
12-14 03:32:38.501 1468 1802 E ActivityManager: Unable to freeze binder for 3917 com.android.calendar
12-14 03:32:38.502 1468 1802 I ActivityManager: Killing 3941:com.hryt.hiphishowfsecontrol/u0a32 (adj 985): Unable to freeze binder interface
12-14 03:32:38.504 1468 1802 I ActivityManager: Killing 3917:com.android.calendar/u0a68 (adj 975): Unable to freeze binder interface
12-14 03:32:38.631 1468 1802 D ActivityManager: freezing 3966 com.android.dynsystem
01-01 08:53:06.812 0 0 I binder : 1468:1802 ioctl 400c620e 735b8845d8 returned -22
01-01 08:53:06.813 0 0 I binder : 1468:1802 ioctl c00c620f 735b8845b8 returned -22
12-14 03:32:38.631 1468 1802 E ActivityManager: Unable to freeze binder for 3966 com.android.dynsystem
12-14 03:32:38.632 1468 1802 D ActivityManager: froze 3966 com.android.dynsystem
12-14 03:32:38.632 1468 1802 E ActivityManager: Unable to freeze binder for 3966 com.android.dynsystem
12-14 03:32:38.634 1468 1802 I ActivityManager: Killing 3966:com.android.dynsystem/1000 (adj 975): Unable to freeze binder interface
01-01 08:53:06.864 0 0 I binder : 1468:1802 ioctl 400c620e 735b8845d8 returned -22
01-01 08:53:06.865 0 0 I binder : 1468:1802 ioctl c00c620f 735b8845b8 returned -22
12-14 03:32:38.683 1468 1802 D ActivityManager: freezing 3991 com.android.dynsystem:dynsystem
12-14 03:32:38.683 1468 1802 E ActivityManager: Unable to freeze binder for 3991 com.android.dynsystem:dynsystem
12-14 03:32:38.684 1468 1802 D ActivityManager: froze 3991 com.android.dynsystem:dynsystem
12-14 03:32:38.684 1468 1802 E ActivityManager: Unable to freeze binder for 3991 com.android.dynsystem:dynsystem
12-14 03:32:38.686 1468 1802 I ActivityManager: Killing 3991:com.android.dynsystem:dynsystem/1000 (adj 975): Unable to freeze binder interface
12-14 03:32:38.928 1468 1802 D ActivityManager: freezing 4099 com.android.music
12-14 03:32:38.928 1468 1802 E ActivityManager: Unable to freeze binder for 4099 com.android.music
01-01 08:53:07.109 0 0 I binder : 1468:1802 ioctl 400c620e 735b8845d8 returned -22
12-14 03:32:38.929 1468 1802 D ActivityManager: froze 4099 com.android.music
12-14 03:32:38.930 1468 1802 E ActivityManager: Unable to freeze binder for 4099 com.android.music
12-14 03:32:38.931 1468 1802 I ActivityManager: Killing 4099:com.android.music/u0a89 (adj 965): Unable to freeze binder interface
01-01 08:53:07.111 0 0 I binder : 1468:1802 ioctl c00c620f 735b8845b8 returned -22
01-01 08:53:07.150 0 0 D : mv2112_read_status
01-01 08:53:07.150 0 0 D mv2112_update_link: 3.0x901(1G): 0x80
01-01 08:53:07.150 0 0 D mv2112_update_link: 3.0x8109(100M): 0x8
01-01 08:53:07.150 0 0 D mv2112_update_link: link 0x0
01-01 08:53:07.150 0 0 D mv2112_read_status: autoneg is disabled
12-14 03:32:39.202 1468 1802 D ActivityManager: freezing 4150 com.android.onetimeinitializer
12-14 03:32:39.202 1468 1802 E ActivityManager: Unable to freeze binder for 4150 com.android.onetimeinitializer
01-01 08:53:07.383 0 0 I binder : 1468:1802 ioctl 400c620e 735b8845d8 returned -22
12-14 03:32:39.203 1468 1802 D ActivityManager: froze 4150 com.android.onetimeinitializer
01-01 08:53:07.385 0 0 I binder : 1468:1802 ioctl c00c620f 735b8845b8 returned -22
12-14 03:32:39.204 1468 1802 E ActivityManager: Unable to freeze binder for 4150 com.android.onetimeinitializer
12-14 03:32:39.205 1468 1802 I ActivityManager: Killing 4150:com.android.onetimeinitializer/u0a60 (adj 995): Unable to freeze binder interface
12-14 03:32:39.578 1468 1802 D ActivityManager: freezing 4207 com.android.phone
12-14 03:32:39.578 1468 1802 E ActivityManager: Unable to freeze binder for 4207 com.android.phone
12-14 03:32:39.579 1468 1802 D ActivityManager: froze 4207 com.android.phone
12-14 03:32:39.580 1468 1802 E ActivityManager: Unable to freeze binder for 4207 com.android.phone
01-01 08:53:07.759 0 0 I binder : 1468:1802 ioctl 400c620e 735b8845d8 returned -22
01-01 08:53:07.760 0 0 I binder : 1468:1802 ioctl c00c620f 735b8845b8 returned -22
12-14 03:32:39.580 1468 1802 I ActivityManager: Killing 4207:com.android.phone/1001 (adj 985): Unable to freeze binder interface
12-14 03:32:39.605 1468 1609 I Watchdog: Interesting Java process com.android.phone died. Pid 4207
01-01 08:53:08.174 0 0 D : mv2112_read_status
01-01 08:53:08.174 0 0 D mv2112_update_link: 3.0x901(1G): 0x80
01-01 08:53:08.175 0 0 D mv2112_update_link: 3.0x8109(100M): 0x8
01-01 08:53:08.175 0 0 D mv2112_update_link: link 0x0
01-01 08:53:08.175 0 0 D mv2112_read_status: autoneg is disabled
12-14 03:32:40.087 1468 1802 D ActivityManager: freezing 4270 com.qualcomm.qti.qms.service.connectionsecurity
12-14 03:32:40.088 1468 1802 E ActivityManager: Unable to freeze binder for 4270 com.qualcomm.qti.qms.service.connectionsecurity
01-01 08:53:08.268 0 0 I binder : 1468:1802 ioctl 400c620e 735b8845d8 returned -22
12-14 03:32:40.089 1468 1802 D ActivityManager: froze 4270 com.qualcomm.qti.qms.service.connectionsecurity
12-14 03:32:40.090 1468 1802 E ActivityManager: Unable to freeze binder for 4270 com.qualcomm.qti.qms.service.connectionsecurity
12-14 03:32:40.091 1468 1802 I ActivityManager: Killing 4270:com.qualcomm.qti.qms.service.connectionsecurity/u0a58 (adj 975): Unable to freeze binder interface
01-01 08:53:08.271 0 0 I binder : 1468:1802 ioctl c00c620f 735b8845b8 returned -22
12-14 03:32:40.094 1468 1802 D ActivityManager: freezing 3269 com.qualcomm.qtil.aptxui
12-14 03:32:40.094 1468 1802 E ActivityManager: Unable to freeze binder for 3269 com.qualcomm.qtil.aptxui
12-14 03:32:40.095 1468 1802 D ActivityManager: froze 3269 com.qualcomm.qtil.aptxui
12-14 03:32:40.095 1468 1802 E ActivityManager: Unable to freeze binder for 3269 com.qualcomm.qtil.aptxui
01-01 08:53:08.275 0 0 I binder : 1468:1802 ioctl 400c620e 735b8845d8 returned -22
01-01 08:53:08.276 0 0 I binder : 1468:1802 ioctl c00c620f 735b8845b8 returned -22
12-14 03:32:40.096 1468 1802 I ActivityManager: Killing 3269:com.qualcomm.qtil.aptxui/u0a86 (adj 965): Unable to freeze binder interface
12-14 03:32:40.250 1468 1802 D ActivityManager: freezing 3644 com.android.externalstorage
12-14 03:32:40.250 1468 1802 E ActivityManager: Unable to freeze binder for 3644 com.android.externalstorage
12-14 03:32:40.251 1468 1802 D ActivityManager: froze 3644 com.android.externalstorage
12-14 03:32:40.252 1468 1802 E ActivityManager: Unable to freeze binder for 3644 com.android.externalstorage
01-01 08:53:08.431 0 0 I binder : 1468:1802 ioctl 400c620e 735b8845d8 returned -22
01-01 08:53:08.433 0 0 I binder : 1468:1802 ioctl c00c620f 735b8845b8 returned -22
12-14 03:32:40.253 1468 1802 I ActivityManager: Killing 3644:com.android.externalstorage/u0a28 (adj 965): Unable to freeze binder interface
12-14 03:32:40.340 1468 1802 D ActivityManager: freezing 4327 com.android.localtransport
01-01 08:53:08.521 0 0 I binder : 1468:1802 ioctl 400c620e 735b8845d8 returned -22
12-14 03:32:40.341 1468 1802 E ActivityManager: Unable to freeze binder for 4327 com.android.localtransport
12-14 03:32:40.342 1468 1802 D ActivityManager: froze 4327 com.android.localtransport
12-14 03:32:40.342 1468 1802 E ActivityManager: Unable to freeze binder for 4327 com.android.localtransport
12-14 03:32:40.344 1468 1802 I ActivityManager: Killing 4327:com.android.localtransport/1000 (adj 955): Unable to freeze binder interface
01-01 08:53:08.523 0 0 I binder : 1468:1802 ioctl c00c620f 735b8845b8 returned -22
01-01 08:53:08.909 0 0 I binder : 1468:1802 ioctl 400c620e 735b8845d8 returned -22
12-14 03:32:40.728 1468 1802 D ActivityManager: freezing 3992 com.android.gallery3d
12-14 03:32:40.728 1468 1802 E ActivityManager: Unable to freeze binder for 3992 com.android.gallery3d
12-14 03:32:40.729 1468 1802 D ActivityManager: froze 3992 com.android.gallery3d
12-14 03:32:40.729 1468 1802 E ActivityManager: Unable to freeze binder for 3992 com.android.gallery3d
12-14 03:32:40.731 1468 1802 I ActivityManager: Killing 3992:com.android.gallery3d/u0a63 (adj 955): Unable to freeze binder interface
01-01 08:53:08.910 0 0 I binder : 1468:1802 ioctl c00c620f 735b8845b8 returned -22
01-01 08:53:09.198 0 0 D : mv2112_read_status
01-01 08:53:09.198 0 0 D mv2112_update_link: 3.0x901(1G): 0x80
01-01 08:53:09.199 0 0 D mv2112_update_link: 3.0x8109(100M): 0x8
01-01 08:53:09.199 0 0 D mv2112_update_link: link 0x0
01-01 08:53:09.199 0 0 D mv2112_read_status: autoneg is disabled
01-01 08:53:10.222 0 0 D : mv2112_read_status
01-01 08:53:10.222 0 0 D mv2112_update_link: 3.0x901(1G): 0x80
01-01 08:53:10.222 0 0 D mv2112_update_link: 3.0x8109(100M): 0x8
01-01 08:53:10.222 0 0 D mv2112_update_link: link 0x0
01-01 08:53:10.222 0 0 D mv2112_read_status: autoneg is disabled
12-14 03:32:42.085 1468 2318 D CompatibilityChangeReporter: Compat change id reported: 149924527; UID 2000; state: ENABLED
12-14 03:32:42.086 1468 2318 D CompatibilityChangeReporter: Compat change id reported: 132649864; UID 2000; state: DISABLED
01-01 08:53:11.246 0 0 D : mv2112_read_status
01-01 08:53:11.246 0 0 D mv2112_update_link: 3.0x901(1G): 0x80
01-01 08:53:11.247 0 0 D mv2112_update_link: 3.0x8109(100M): 0x8
01-01 08:53:11.247 0 0 D mv2112_update_link: link 0x0
01-01 08:53:11.247 0 0 D mv2112_read_status: autoneg is disabled
01-01 08:53:12.270 0 0 D : mv2112_read_status
01-01 08:53:12.270 0 0 D mv2112_update_link: 3.0x901(1G): 0x80
01-01 08:53:12.271 0 0 D mv2112_update_link: 3.0x8109(100M): 0x8
01-01 08:53:12.271 0 0 D mv2112_update_link: link 0x0
01-01 08:53:12.271 0 0 D mv2112_read_status: autoneg is disabled
12-14 03:32:44.274 1468 1731 W DeviceIdleController: motion timeout went off and device isn't stationary
12-14 03:32:44.322 830 830 W android.hardware.wifi@1.0-service: No active wlan interfaces in use! Using default
01-01 08:53:12.508 0 0 I [wpa_su][0x2ee8d4e6b][03:32:44.327368] wlan: [2924:I:HDD] wlan0(vdevid-0): Received Disconnect reason:3 WLAN_REASON_DEAUTH_LEAVING
01-01 08:53:12.508 0 0 I [schedu][0x2ee8d726d][03:32:44.327848] wlan: [1970:I:PE] Deauth TX: vdev 0 seq_num 2053 reason 3 waitForAck 1 to 6c:b1:58:0f:7d:3b from a2:e9:b7:9b:b8:a6
01-01 08:53:12.559 0 0 W [schedu][0x2ee9c3c05][03:32:44.378323] wlan: [1970:W:PE] lim_process_action_frame_no_session: 2310: Unhandled action frame without session: 3
01-01 08:53:12.559 0 0 W [schedu][0x2ee9c447b][03:32:44.378436] wlan: [1970:W:PE] lim_process_action_frame_no_session: 2310: Unhandled action frame without session: 3
01-01 08:53:12.560 0 0 I [schedu][0x2ee9ca7d4][03:32:44.379760] wlan: [1970:I:HDD] wlan0(vdevid-0): disconnected
01-01 08:53:12.560 0 0 I [schedu][0x2ee9ca98d][03:32:44.379783] wlan: [1970:I:DP] dp_tx_flow_pool_unmap_handler: flow_id 0 flow_type 0 flow_pool_id 0
01-01 08:53:12.561 0 0 I [wpa_su][0x2ee9cf70b][03:32:44.380817] wlan: [2924:I:HDD] Disconnect reason: 3 WLAN_REASON_DEAUTH_LEAVING vendor: 0 LG: 1
12-14 03:32:44.390 1195 1195 I wificond: Unsubscribe scan result for interface with index: 17
12-14 03:32:44.422 1468 1802 D ActivityManager: freezing 3803 com.android.providers.calendar
12-14 03:32:44.422 1468 1802 E ActivityManager: Unable to freeze binder for 3803 com.android.providers.calendar
12-14 03:32:44.423 1468 1802 D ActivityManager: froze 3803 com.android.providers.calendar
12-14 03:32:44.423 1468 1802 E ActivityManager: Unable to freeze binder for 3803 com.android.providers.calendar
12-14 03:32:44.423 1468 1802 I ActivityManager: Killing 3803:com.android.providers.calendar/u0a18 (adj 945): Unable to freeze binder interface
01-01 08:53:12.603 0 0 I [schedu][0x2eea92856][03:32:44.422434] wlan: [1970:I:HIF] Deinitializing Runtime PM wakelock &vdev->vdev_set_key_runtime_wakelock
01-01 08:53:12.603 0 0 I binder : 1468:1802 ioctl 400c620e 735b8845d8 returned -22
01-01 08:53:12.604 0 0 I binder : 1468:1802 ioctl c00c620f 735b8845b8 returned -22
01-01 08:53:12.604 0 0 I [schedu][0x2eea95bb3][03:32:44.423118] wlan: [1970:I:HIF] Initializing Runtime PM wakelock &vdev->vdev_set_key_runtime_wakelock
12-14 03:32:44.431 1195 1195 I wificond: tearDownClientInterface: erasing wiphy_index for iface_name wlan0
12-14 03:32:44.431 1195 1195 I wificond: remove channel type 0 support at wiphy index 0
12-14 03:32:44.431 1195 1195 I wificond: remove channel type 1 support at wiphy index 0
01-01 08:53:12.627 0 0 I init : Service 'wpa_supplicant' (pid 2924) exited with status 0 oneshot service took 608.422974 seconds in background
01-01 08:53:12.627 0 0 I init : Sending signal 9 to service 'wpa_supplicant' (pid 2924) process group...
01-01 08:53:12.628 0 0 I libprocessgroup: Successfully killed process cgroup uid 0 pid 2924 in 0ms
12-14 03:32:44.495 830 830 E android.hardware.wifi@1.0-service: Failed to open directory: Permission denied
12-14 03:32:44.495 830 830 E android.hardware.wifi@1.0-service: Error occurred while deleting old tombstone files
12-14 03:32:44.495 830 830 E android.hardware.wifi@1.0-service: Error writing files to flash
12-14 03:32:44.498 830 830 E android.hardware.wifi@1.0-service: Stopping legacy HAL
12-14 03:32:44.498 830 830 E android.hardware.wifi@1.0-service: Legacy HAL trigger wifi cleanup
12-14 03:32:44.499 830 2899 I android.hardware.wifi@1.0-service: Legacy HAL stop complete callback received
12-14 03:32:44.499 830 2899 E android.hardware.wifi@1.0-service: SetWifiUpState(false) completed
12-14 03:32:44.499 830 2899 E android.hardware.wifi@1.0-service: Legacy HAL Wifi event loop exited
12-14 03:32:44.499 830 2899 E android.hardware.wifi@1.0-service: Legacy HAL event loop terminated
12-14 03:32:44.500 830 830 D android.hardware.wifi@1.0-service: Legacy HAL stop complete
12-14 03:32:44.501 830 830 I android.hardware.wifi@1.0-service: Wifi HAL stopped
12-14 03:32:44.526 1468 2308 W ContextImpl: Calling a method in the system process without a qualified user: android.app.ContextImpl.sendStickyBroadcast:1559 com.android.server.ConnectivityService.sendStickyBroadcast:2811 com.android.server.ConnectivityService.sendLegacyNetworkBroadcast:8732 com.android.server.ConnectivityService$LegacyTypeTracker.remove:1007 com.android.server.ConnectivityService$LegacyTypeTracker.remove:1024
01-01 08:53:13.294 0 0 D : mv2112_read_status
01-01 08:53:13.294 0 0 D mv2112_update_link: 3.0x901(1G): 0x80
01-01 08:53:13.294 0 0 D mv2112_update_link: 3.0x8109(100M): 0x8
01-01 08:53:13.294 0 0 D mv2112_update_link: link 0x0
01-01 08:53:13.294 0 0 D mv2112_read_status: autoneg is disabled
01-01 08:53:13.768 0 0 I binder : 1468:1802 ioctl 400c620e 735b8845d8 returned -22
01-01 08:53:13.770 0 0 I binder : 1468:1802 ioctl c00c620f 735b8845b8 returned -22
12-14 03:32:45.587 1468 1802 D ActivityManager: freezing 4455 com.qualcomm.qti.qms.service.trustzoneaccess
12-14 03:32:45.587 1468 1802 E ActivityManager: Unable to freeze binder for 4455 com.qualcomm.qti.qms.service.trustzoneaccess
12-14 03:32:45.588 1468 1802 D ActivityManager: froze 4455 com.qualcomm.qti.qms.service.trustzoneaccess
12-14 03:32:45.589 1468 1802 E ActivityManager: Unable to freeze binder for 4455 com.qualcomm.qti.qms.service.trustzoneaccess
12-14 03:32:45.590 1468 1802 I ActivityManager: Killing 4455:com.qualcomm.qti.qms.service.trustzoneaccess/u0a56 (adj 945): Unable to freeze binder interface
12-14 03:32:46.134 1468 6662 I BackgroundDexOptService: Pinning optimized code {android}
01-01 08:53:14.318 0 0 D : mv2112_read_status
01-01 08:53:14.318 0 0 D mv2112_update_link: 3.0x901(1G): 0x80
01-01 08:53:14.318 0 0 D mv2112_update_link: 3.0x8109(100M): 0x8
01-01 08:53:14.318 0 0 D mv2112_update_link: link 0x0
01-01 08:53:14.318 0 0 D mv2112_read_status: autoneg is disabled
01-01 08:53:15.342 0 0 D : mv2112_read_status
01-01 08:53:15.342 0 0 D mv2112_update_link: 3.0x901(1G): 0x80
01-01 08:53:15.342 0 0 D mv2112_update_link: 3.0x8109(100M): 0x8
01-01 08:53:15.342 0 0 D mv2112_update_link: link 0x0
01-01 08:53:15.342 0 0 D mv2112_read_status: autoneg is disabled
12-14 03:32:47.471 1468 2373 W ActivityManager: Unable to start service Intent { act=android.intent.action.START_LEBO_SERVICE pkg=com.hpplay.happyplay.aw } U=0: not found
01-01 08:53:16.366 0 0 D : mv2112_read_status
01-01 08:53:16.366 0 0 D mv2112_update_link: 3.0x901(1G): 0x80
01-01 08:53:16.366 0 0 D mv2112_update_link: 3.0x8109(100M): 0x8
01-01 08:53:16.366 0 0 D mv2112_update_link: link 0x0
01-01 08:53:16.366 0 0 D mv2112_read_status: autoneg is disabled
01-01 08:53:17.390 0 0 D : mv2112_read_status
01-01 08:53:17.390 0 0 D mv2112_update_link: 3.0x901(1G): 0x80
01-01 08:53:17.390 0 0 D mv2112_update_link: 3.0x8109(100M): 0x8
01-01 08:53:17.390 0 0 D mv2112_update_link: link 0x0
01-01 08:53:17.390 0 0 D mv2112_read_status: autoneg is disabled
12-14 03:32:49.338 1468 1642 W BroadcastQueue: Permission Denial: broadcasting Intent { act=android.net.conn.CONNECTIVITY_CHANGE flg=0x4200010 (has extras) } from null (pid=-1, uid=-1) requires com.baidu.input.permission.sofire.RECEIVE due to registered receiver BroadcastFilter{ca293be 10033/u0 ReceiverList{e895a79 3725 com.baidu.input/10033/u0 remote:e266b40}}
01-01 08:53:18.414 0 0 D : mv2112_read_status
01-01 08:53:18.414 0 0 D mv2112_update_link: 3.0x901(1G): 0x80
01-01 08:53:18.414 0 0 D mv2112_update_link: 3.0x8109(100M): 0x8
01-01 08:53:18.414 0 0 D mv2112_update_link: link 0x0
01-01 08:53:18.414 0 0 D mv2112_read_status: autoneg is disabled
01-01 08:53:19.438 0 0 D : mv2112_read_status
01-01 08:53:19.438 0 0 D mv2112_update_link: 3.0x901(1G): 0x80
01-01 08:53:19.439 0 0 D mv2112_update_link: 3.0x8109(100M): 0x8
01-01 08:53:19.439 0 0 D mv2112_update_link: link 0x0
01-01 08:53:19.439 0 0 D mv2112_read_status: autoneg is disabled
01-01 08:53:20.462 0 0 D : mv2112_read_status
01-01 08:53:20.462 0 0 D mv2112_update_link: 3.0x901(1G): 0x80
01-01 08:53:20.462 0 0 D mv2112_update_link: 3.0x8109(100M): 0x8
01-01 08:53:20.462 0 0 D mv2112_update_link: link 0x0
01-01 08:53:20.462 0 0 D mv2112_read_status: autoneg is disabled
01-01 08:53:21.486 0 0 D : mv2112_read_status
01-01 08:53:21.486 0 0 D mv2112_update_link: 3.0x901(1G): 0x80
01-01 08:53:21.486 0 0 D mv2112_update_link: 3.0x8109(100M): 0x8
01-01 08:53:21.486 0 0 D mv2112_update_link: link 0x0
01-01 08:53:21.486 0 0 D mv2112_read_status: autoneg is disabled
01-01 08:53:22.510 0 0 D : mv2112_read_status
01-01 08:53:22.510 0 0 D mv2112_update_link: 3.0x901(1G): 0x80
01-01 08:53:22.510 0 0 D mv2112_update_link: 3.0x8109(100M): 0x8
01-01 08:53:22.510 0 0 D mv2112_update_link: link 0x0
01-01 08:53:22.510 0 0 D mv2112_read_status: autoneg is disabled
01-01 08:53:23.534 0 0 D : mv2112_read_status
01-01 08:53:23.534 0 0 D mv2112_update_link: 3.0x901(1G): 0x80
01-01 08:53:23.535 0 0 D mv2112_update_link: 3.0x8109(100M): 0x8
01-01 08:53:23.535 0 0 D mv2112_update_link: link 0x0
01-01 08:53:23.535 0 0 D mv2112_read_status: autoneg is disabled
01-01 08:53:23.854 0 0 I [kworke][0x2fb8955ed][03:32:55.673388] wlan: [5534:I:HDD] hdd_psoc_idle_timeout_callback: 11422: Psoc idle timeout elapsed; starting psoc shutdown
01-01 08:53:23.854 0 0 D cnss : Doing idle shutdown
01-01 08:53:23.854 0 0 D cnss : Posting event: IDLE_SHUTDOWN(14)-sync, state: 0x107 flags: 0x3
01-01 08:53:23.854 0 0 D cnss : PM stay awake, state: 0x107, count: 1
01-01 08:53:23.854 0 0 D cnss : Processing driver event: IDLE_SHUTDOWN-sync(14), state: 0x107
01-01 08:53:23.855 0 0 E [schedu][0x2fb89c04e][03:32:55.674807] wlan: [1970:E:SYS] Processing SYS MC STOP
01-01 08:53:23.856 0 0 I [kworke][0x2fb89e34f][03:32:55.675273] wlan: [330:I:IPA] wlan_ipa_uc_disable_pipes: 1379: IPA WDI Pipes are already deactivated
01-01 08:53:23.877 0 0 D cnss : IOMMU unmap: iova b0001000, len 4096
01-01 08:53:23.877 0 0 D cnss : IOMMU unmap: iova b0000000, len 4096
01-01 08:53:23.894 0 0 D cnss : Assign MSI to user: CE, num_vectors: 10, user_base_data: 803, base_vector: 3
01-01 08:53:23.894 0 0 D cnss : Get IRQ number 353 for vector index 3
01-01 08:53:23.894 0 0 D cnss : Get IRQ number 354 for vector index 4
01-01 08:53:23.894 0 0 D cnss : Get IRQ number 355 for vector index 5
01-01 08:53:23.894 0 0 D cnss : Get IRQ number 356 for vector index 6
01-01 08:53:23.894 0 0 D cnss : Get IRQ number 358 for vector index 8
01-01 08:53:23.894 0 0 D cnss : Get IRQ number 359 for vector index 9
01-01 08:53:23.895 0 0 D cnss : Get IRQ number 361 for vector index 11
01-01 08:53:23.895 0 0 I [kworke][0x2fb953e98][03:32:55.714037] wlan: [330:I:WMI] WMI Stop
01-01 08:53:23.895 0 0 I [kworke][0x2fb95400e][03:32:55.714057] wlan: [330:I:HTC] htc_stop: endpoints cleanup
01-01 08:53:23.895 0 0 I [kworke][0x2fb954218][03:32:55.714084] wlan: [330:I:HTC] htc_stop: stopping hif layer
01-01 08:53:23.899 0 0 I [kworke][0x2fb969b19][03:32:55.718684] wlan: [330:I:HTC] htc_stop: flush endpoints Tx lookup queue
01-01 08:53:23.899 0 0 I [kworke][0x2fb969cc2][03:32:55.718706] wlan: [330:I:HTC] htc_stop: resetting endpoints state
01-01 08:53:23.907 0 0 I [kworke][0x2fb98c4ed][03:32:55.726068] wlan: [330:I:HIF] Deinitializing Runtime PM wakelock &ctx->user
01-01 08:53:23.907 0 0 I [kworke][0x2fb98c7de][03:32:55.726107] wlan: [330:I:HIF] Deinitializing Runtime PM wakelock &ctx->connect
01-01 08:53:23.907 0 0 I [kworke][0x2fb98c91a][03:32:55.726124] wlan: [330:I:HIF] Deinitializing Runtime PM wakelock &ctx->dfs
01-01 08:53:23.907 0 0 I [kworke][0x2fb98ca7e][03:32:55.726142] wlan: [330:I:HIF] Deinitializing Runtime PM wakelock &scan_priv->runtime_pm_lock
01-01 08:53:23.941 0 0 E [kworke][0x2fba2e94c][03:32:55.760687] wlan: [330:E:DP] dp_srng_cleanup: 1669: Ring type: 14, num:1 not setup
01-01 08:53:23.941 0 0 E [kworke][0x2fba2eb31][03:32:55.760712] wlan: [330:E:DP] dp_srng_cleanup: 1669: Ring type: 14, num:1 not setup
01-01 08:53:23.941 0 0 E [kworke][0x2fba2ed6e][03:32:55.760741] wlan: [330:E:DP] dp_srng_cleanup: 1669: Ring type: 14, num:2 not setup
01-01 08:53:23.941 0 0 E [kworke][0x2fba2f032][03:32:55.760778] wlan: [330:E:DP] dp_srng_cleanup: 1669: Ring type: 15, num:0 not setup
01-01 08:53:23.941 0 0 E [kworke][0x2fba2f2c1][03:32:55.760813] wlan: [330:E:DP] dp_srng_cleanup: 1669: Ring type: 15, num:0 not setup
01-01 08:53:23.941 0 0 I [kworke][0x2fba2f55e][03:32:55.760847] wlan: [330:I:DP] dp_tx_soc_detach Tx Desc Pool Free num_pool = 4, descs = 4096
01-01 08:53:23.942 0 0 I [kworke][0x2fba31379][03:32:55.761249] wlan: [330:I:DP] dp_tx_soc_detach MSDU Ext Desc Pool 4 Free descs = 4096
01-01 08:53:23.946 0 0 E [kworke][0x2fba4312e][03:32:55.765058] wlan: [330:E:DP] dp_srng_cleanup: 1669: Ring type: 13, num:3 not setup
01-01 08:53:23.950 0 0 I [kworke][0x2fba59cf8][03:32:55.769909] wlan: [330:I:HIF] Deinitializing Runtime PM wakelock &wma_handle->sap_prevent_runtime_pm_lock
01-01 08:53:23.950 0 0 I [kworke][0x2fba59dd3][03:32:55.769920] wlan: [330:I:HIF] Deinitializing Runtime PM wakelock &wma_handle->wmi_cmd_rsp_runtime_lock
01-01 08:53:23.951 0 0 I [kworke][0x2fba5b8d3][03:32:55.770280] wlan: [330:I:HIF] Deinitializing Runtime PM wakelock &vdev->vdev_set_key_runtime_wakelock
01-01 08:53:23.951 0 0 I [kworke][0x2fba5d17f][03:32:55.770609] wlan: [330:I:HIF] Deinitializing Runtime PM wakelock &vdev->vdev_set_key_runtime_wakelock
01-01 08:53:23.952 0 0 I [kworke][0x2fba5eaf3][03:32:55.770948] wlan: [330:I:HIF] Deinitializing Runtime PM wakelock &vdev->vdev_set_key_runtime_wakelock
01-01 08:53:23.952 0 0 I [kworke][0x2fba6036a][03:32:55.771275] wlan: [330:I:HIF] Deinitializing Runtime PM wakelock &vdev->vdev_set_key_runtime_wakelock
01-01 08:53:23.952 0 0 I [kworke][0x2fba61bc4][03:32:55.771599] wlan: [330:I:HIF] Deinitializing Runtime PM wakelock &vdev->vdev_set_key_runtime_wakelock
01-01 08:53:23.952 0 0 I [kworke][0x2fba633c2][03:32:55.771919] wlan: [330:I:HIF] Deinitializing Runtime PM wakelock &vdev->vdev_set_key_runtime_wakelock
