12-14 03:46:50.051 4292 4310 W ContextImpl: Calling a method in the system process without a qualified user: android.app.ContextImpl.startService:1816 android.content.ContextWrapper.startService:774 com.thundercomm.gamemode.ingame.services.GameModeActionUtils.startGameModeService:99 com.thundercomm.gamemode.ingame.services.GameModeActionUtils.startGameModeEntry:22 com.thundercomm.gamemode.ingame.services.ActivityMonitoringService$1.onActivityLaunch:127
12-14 03:46:50.056 1468 1468 I GameModeConfig: Current uri is uri = content://com.thundercomm.gamemode.api/gamemode_settings/gamemode_isgaming
12-14 03:46:50.061 1468 1468 I GameModeConfig: isGameModeOn = true
12-14 03:46:50.061 1468 1468 I GameModeConfig: isGaming = false
12-14 03:46:50.061 1468 1468 I GameModeConfig: isGameModeOn = true
12-14 03:46:50.061 1468 1468 I GameModeConfig: isGaming = false
12-14 03:46:50.061 1468 1468 I GameModeConfig: isDisableVoice = true
01-01 09:07:18.284 0 0 I logd : start watching /data/system/packages.list ...
01-01 09:07:18.285 0 0 I logd : ReadPackageList, total packages: 107
12-14 03:46:50.115 1468 7061 D CompatibilityChangeReporter: Compat change id reported: 168419799; UID 10089; state: DISABLED
12-14 03:46:50.143 1468 7061 D CompatibilityChangeReporter: Compat change id reported: 181136395; UID 10089; state: DISABLED
12-14 03:46:50.144 4292 4310 W ContextImpl: Calling a method in the system process without a qualified user: android.app.ContextImpl.startService:1816 android.content.ContextWrapper.startService:774 com.thundercomm.gamemode.ingame.services.GameModeActionUtils.startGameModeService:99 com.thundercomm.gamemode.ingame.services.GameModeActionUtils.startGameModeEntry:22 com.thundercomm.gamemode.ingame.services.ActivityMonitoringService$1.onActivityLaunch:127
12-14 03:46:50.144 1468 7061 D CompatibilityChangeReporter: Compat change id reported: 174042936; UID 10089; state: DISABLED
12-14 03:46:50.154 1468 1468 I GameModeConfig: Current uri is uri = content://com.thundercomm.gamemode.api/gamemode_settings/gamemode_isgaming
12-14 03:46:50.156 1468 1468 I GameModeConfig: isGameModeOn = true
12-14 03:46:50.156 1468 1468 I GameModeConfig: isGaming = false
12-14 03:46:50.156 1468 1468 I GameModeConfig: isGameModeOn = true
12-14 03:46:50.156 1468 1468 I GameModeConfig: isGaming = false
12-14 03:46:50.156 1468 1468 I GameModeConfig: isDisableVoice = true
12-14 03:46:50.185 1468 2313 I GameModeConfig: isGameModeOn = true
12-14 03:46:50.185 1468 2313 I GameModeConfig: isGaming = false
12-14 03:46:50.206 1468 2313 I GameModeConfig: isGameModeOn = true
12-14 03:46:50.206 1468 2313 I GameModeConfig: isGaming = false
01-01 09:07:18.675 0 0 I btfm_slim_hw_init: PGD Enum Addr: 00:01:20:02:17: 02
01-01 09:07:18.675 0 0 I btfm_slim_hw_init: IFD Enum Addr: 00:00:20:02:17: 02
01-01 09:07:18.675 0 0 I btfm_slim_hw_init: chipset soc version:400a0200
01-01 09:07:18.675 0 0 I btfm_slim_hw_init: chipset is hastings 2.0, overwriting EA
01-01 09:07:18.675 0 0 I btfm_slim_hw_init: PGD Enum Addr: 00:01:20:02:17: 02
01-01 09:07:18.675 0 0 I btfm_slim_hw_init: IFD Enum Addr: 00:00:20:02:17: 02
01-01 09:07:18.675 0 0 I btfm_slim_alloc_port: chipset soc version:400a0200
01-01 09:07:18.684 0 0 I btfm_slim_enable_ch: chipset soc version:400a0200
01-01 09:07:18.684 0 0 I btfm_slim_enable_ch: channel define - prot:2, dataf:0, auxf:0
01-01 09:07:18.684 0 0 I btfm_slim_enable_ch: channel define - rates:44100, baser:2, ratem:4
01-01 09:07:18.684 0 0 I btfm_slim_enable_ch: slim_connect_sink(port: 16, ch: 157)
01-01 09:07:18.685 0 0 I btfm_slim_enable_ch: port: 16, ch: 157, grp: 0, ch->grph: 0x0, ch_hdl: 0x1d
01-01 09:07:18.686 0 0 I __afe_port_start: port id: 0x400e
01-01 09:07:18.686 0 0 I afe_find_cal_topo_id_by_port: port id: 0x400e, dev_acdb_id: 20
01-01 09:07:18.686 0 0 I afe_find_cal_topo_id_by_port: top_id:112fc acdb_id:20 afe_port_id:0x400e
01-01 09:07:18.686 0 0 I afe_get_cal_topology_id: port_id = 0x400e acdb_id = 20 topology_id = 0x112fc cal_type_index=8 ret=0
01-01 09:07:18.686 0 0 I afe_send_port_topology_id: AFE set topology id 0x112fc enable for port 0x400e ret 0
01-01 09:07:18.686 0 0 I send_afe_cal_type: cal_index is 0
01-01 09:07:18.686 0 0 I send_afe_cal_type: dev_acdb_id[119] is 20
01-01 09:07:18.686 0 0 I afe_find_cal: cal_index 0 port_id 0x400e port_index 119
01-01 09:07:18.686 0 0 I afe_find_cal: acdb_id 20 dev_acdb_id 20 sample_rate 48000 afe_sample_rates 44100
01-01 09:07:18.686 0 0 I afe_find_cal: no matching cal_block found
01-01 09:07:18.686 0 0 E : send_afe_cal_type cal_block not found!!
01-01 09:07:18.686 0 0 I afe_send_hw_delay: port_id 0x400e rate 44100 delay_usec 0 status 0
12-14 03:46:50.676 4292 4310 W ContextImpl: Calling a method in the system process without a qualified user: android.app.ContextImpl.startService:1816 android.content.ContextWrapper.startService:774 com.thundercomm.gamemode.ingame.services.GameModeActionUtils.startGameModeService:99 com.thundercomm.gamemode.ingame.services.GameModeActionUtils.startGameModeEntry:22 com.thundercomm.gamemode.ingame.services.ActivityMonitoringService$1.onActivityLaunch:127
12-14 03:46:50.682 1468 1468 I GameModeConfig: Current uri is uri = content://com.thundercomm.gamemode.api/gamemode_settings/gamemode_isgaming
12-14 03:46:50.684 1468 1468 I GameModeConfig: isGameModeOn = true
12-14 03:46:50.684 1468 1468 I GameModeConfig: isGaming = false
12-14 03:46:50.685 1468 1468 I GameModeConfig: isGameModeOn = true
12-14 03:46:50.685 1468 1468 I GameModeConfig: isGaming = false
12-14 03:46:50.685 1468 1468 I GameModeConfig: isDisableVoice = true
01-01 09:07:19.118 0 0 D : mv2112_read_status
01-01 09:07:19.118 0 0 D mv2112_update_link: 3.0x901(1G): 0x80
01-01 09:07:19.119 0 0 D mv2112_update_link: 3.0x8109(100M): 0x8
01-01 09:07:19.119 0 0 D mv2112_update_link: link 0x0
01-01 09:07:19.119 0 0 D mv2112_read_status: autoneg is disabled
12-14 03:46:51.926 1468 2373 W FreeFormWindowHelper: getCurrentDisplayedFreeFormTask is null
12-14 03:46:51.951 1468 3318 W FreeFormWindowHelper: getCurrentDisplayedFreeFormTask is null
12-14 03:46:51.955 4292 4310 W ContextImpl: Calling a method in the system process without a qualified user: android.app.ContextImpl.startService:1816 android.content.ContextWrapper.startService:774 com.thundercomm.gamemode.ingame.services.GameModeActionUtils.startGameModeService:99 com.thundercomm.gamemode.ingame.services.GameModeActionUtils.startGameModeEntry:22 com.thundercomm.gamemode.ingame.services.ActivityMonitoringService$1.onActivityLaunch:127
01-01 09:07:20.142 0 0 D : mv2112_read_status
01-01 09:07:20.142 0 0 D mv2112_update_link: 3.0x901(1G): 0x80
12-14 03:46:51.959 1468 1468 I GameModeConfig: Current uri is uri = content://com.thundercomm.gamemode.api/gamemode_settings/gamemode_isgaming
12-14 03:46:51.962 1468 1468 I GameModeConfig: isGameModeOn = true
12-14 03:46:51.962 1468 1468 I GameModeConfig: isGaming = false
12-14 03:46:51.963 1468 1468 I GameModeConfig: isGameModeOn = true
12-14 03:46:51.963 1468 1468 I GameModeConfig: isGaming = false
12-14 03:46:51.963 1468 1468 I GameModeConfig: isDisableVoice = true
01-01 09:07:20.143 0 0 D mv2112_update_link: 3.0x8109(100M): 0x8
01-01 09:07:20.143 0 0 D mv2112_update_link: link 0x0
01-01 09:07:20.143 0 0 D mv2112_read_status: autoneg is disabled
12-14 03:46:51.987 1468 3318 W ActivityTaskManager: getTaskSnapshot: taskId=3012 not found
12-14 03:46:51.992 1468 2373 W ActivityTaskManager: getTaskSnapshot: taskId=3012 not found
12-14 03:46:51.993 1468 2373 W FreeFormWindowHelper: getCurrentDisplayedFreeFormTask is null
12-14 03:46:51.993 1468 2318 W ActivityTaskManager: getTaskSnapshot: taskId=3012 not found
12-14 03:46:51.993 1468 2318 W ActivityTaskManager: getTaskSnapshot: taskId=2012 not found
12-14 03:46:51.993 1468 2318 W ActivityTaskManager: getTaskSnapshot: taskId=1012 not found
12-14 03:46:51.995 1468 2318 W ActivityTaskManager: getTaskSnapshot: taskId=1012 not found
12-14 03:46:51.995 1468 2318 W ActivityTaskManager: getTaskSnapshot: taskId=2012 not found
12-14 03:46:51.995 1468 2318 W ActivityTaskManager: getTaskSnapshot: taskId=3012 not found
12-14 03:46:52.005 1468 2373 W FreeFormWindowHelper: getCurrentDisplayedFreeFormTask is null
12-14 03:46:52.006 1468 2373 W ActivityTaskManager: getTaskSnapshot: taskId=3012 not found
12-14 03:46:52.006 1468 2373 W ActivityTaskManager: getTaskSnapshot: taskId=2012 not found
12-14 03:46:52.006 1468 2373 W ActivityTaskManager: getTaskSnapshot: taskId=1012 not found
12-14 03:46:52.028 1468 3318 W FreeFormWindowHelper: getCurrentDisplayedFreeFormTask is null
12-14 03:46:52.617 1468 3841 E TaskPersister: File error accessing recents directory (directory doesn't exist?).
12-14 03:46:52.718 1468 3318 W FreeFormWindowHelper: getCurrentDisplayedFreeFormTask is null
12-14 03:46:52.728 1468 3318 I ActivityTaskManager: FOREGROUND_APPLICATION_CHANGED to com.android.launcher3.uioverrides.QuickstepLauncher
12-14 03:46:52.779 4292 4310 W ContextImpl: Calling a method in the system process without a qualified user: android.app.ContextImpl.startService:1816 android.content.ContextWrapper.startService:774 com.thundercomm.gamemode.ingame.services.GameModeActionUtils.startGameModeService:99 com.thundercomm.gamemode.ingame.services.GameModeActionUtils.startGameModeEntry:22 com.thundercomm.gamemode.ingame.services.ActivityMonitoringService$1.onActivityLaunch:127
12-14 03:46:52.783 1468 1468 I GameModeConfig: Current uri is uri = content://com.thundercomm.gamemode.api/gamemode_settings/gamemode_isgaming
12-14 03:46:52.784 1468 1468 I GameModeConfig: isGameModeOn = true
12-14 03:46:52.784 1468 1468 I GameModeConfig: isGaming = false
12-14 03:46:52.785 1468 1468 I GameModeConfig: isGameModeOn = true
12-14 03:46:52.785 1468 1468 I GameModeConfig: isGaming = false
12-14 03:46:52.785 1468 1468 I GameModeConfig: isDisableVoice = true
12-14 03:46:52.854 4292 4310 W ContextImpl: Calling a method in the system process without a qualified user: android.app.ContextImpl.startService:1816 android.content.ContextWrapper.startService:774 com.thundercomm.gamemode.ingame.services.GameModeActionUtils.startGameModeService:99 com.thundercomm.gamemode.ingame.services.GameModeActionUtils.startGameModeEntry:22 com.thundercomm.gamemode.ingame.services.ActivityMonitoringService$1.onActivityLaunch:127
12-14 03:46:52.864 1468 1468 I GameModeConfig: Current uri is uri = content://com.thundercomm.gamemode.api/gamemode_settings/gamemode_isgaming
12-14 03:46:52.866 1468 1468 I GameModeConfig: isGameModeOn = true
12-14 03:46:52.866 1468 1468 I GameModeConfig: isGaming = false
12-14 03:46:52.867 1468 1468 I GameModeConfig: isGameModeOn = true
12-14 03:46:52.867 1468 1468 I GameModeConfig: isGaming = false
12-14 03:46:52.867 1468 1468 I GameModeConfig: isDisableVoice = true
01-01 09:07:21.166 0 0 D : mv2112_read_status
01-01 09:07:21.166 0 0 D mv2112_update_link: 3.0x901(1G): 0x80
01-01 09:07:21.167 0 0 D mv2112_update_link: 3.0x8109(100M): 0x8
01-01 09:07:21.167 0 0 D mv2112_update_link: link 0x0
01-01 09:07:21.167 0 0 D mv2112_read_status: autoneg is disabled
12-14 03:46:53.861 1468 2313 I GameModeConfig: isGameModeOn = true
12-14 03:46:53.861 1468 2313 I GameModeConfig: isGaming = false
01-01 09:07:22.190 0 0 D : mv2112_read_status
01-01 09:07:22.190 0 0 D mv2112_update_link: 3.0x901(1G): 0x80
01-01 09:07:22.191 0 0 D mv2112_update_link: 3.0x8109(100M): 0x8
01-01 09:07:22.191 0 0 D mv2112_update_link: link 0x0
01-01 09:07:22.191 0 0 D mv2112_read_status: autoneg is disabled
01-01 09:07:23.214 0 0 D : mv2112_read_status
01-01 09:07:23.214 0 0 D mv2112_update_link: 3.0x901(1G): 0x80
01-01 09:07:23.215 0 0 D mv2112_update_link: 3.0x8109(100M): 0x8
01-01 09:07:23.215 0 0 D mv2112_update_link: link 0x0
01-01 09:07:23.215 0 0 D mv2112_read_status: autoneg is disabled
12-14 03:46:55.674 1468 2313 I GameModeConfig: isGameModeOn = true
12-14 03:46:55.674 1468 2313 I GameModeConfig: isGaming = false
01-01 09:07:23.901 0 0 I afe_close: port_id = 0x400e
01-01 09:07:23.908 0 0 I btfm_slim_disable_ch: port:16, grp: 0, ch->grph:0x0, ch->ch_hdl:0x1d
01-01 09:07:24.238 0 0 D : mv2112_read_status
01-01 09:07:24.238 0 0 D mv2112_update_link: 3.0x901(1G): 0x80
01-01 09:07:24.238 0 0 D mv2112_update_link: 3.0x8109(100M): 0x8
01-01 09:07:24.238 0 0 D mv2112_update_link: link 0x0
01-01 09:07:24.238 0 0 D mv2112_read_status: autoneg is disabled
01-01 09:07:25.262 0 0 D : mv2112_read_status
01-01 09:07:25.262 0 0 D mv2112_update_link: 3.0x901(1G): 0x80
01-01 09:07:25.262 0 0 D mv2112_update_link: 3.0x8109(100M): 0x8
01-01 09:07:25.262 0 0 D mv2112_update_link: link 0x0
01-01 09:07:25.262 0 0 D mv2112_read_status: autoneg is disabled
12-14 03:46:57.414 1468 2313 I GameModeConfig: isGameModeOn = true
12-14 03:46:57.414 1468 2313 I GameModeConfig: isGaming = false
01-01 09:07:26.286 0 0 D : mv2112_read_status
01-01 09:07:26.286 0 0 D mv2112_update_link: 3.0x901(1G): 0x80
01-01 09:07:26.286 0 0 D mv2112_update_link: 3.0x8109(100M): 0x8
01-01 09:07:26.286 0 0 D mv2112_update_link: link 0x0
01-01 09:07:26.286 0 0 D mv2112_read_status: autoneg is disabled
12-14 03:46:59.129 1468 2313 I GameModeConfig: isGameModeOn = true
12-14 03:46:59.129 1468 2313 I GameModeConfig: isGaming = false
01-01 09:07:27.311 0 0 D : mv2112_read_status
01-01 09:07:27.311 0 0 D mv2112_update_link: 3.0x901(1G): 0x80
01-01 09:07:27.311 0 0 D mv2112_update_link: 3.0x8109(100M): 0x8
01-01 09:07:27.311 0 0 D mv2112_update_link: link 0x0
01-01 09:07:27.311 0 0 D mv2112_read_status: autoneg is disabled
12-14 03:46:59.330 1468 2313 I GameModeConfig: isGameModeOn = true
12-14 03:46:59.330 1468 2313 I GameModeConfig: isGaming = false
01-01 09:07:28.334 0 0 D : mv2112_read_status
01-01 09:07:28.334 0 0 D mv2112_update_link: 3.0x901(1G): 0x80
01-01 09:07:28.334 0 0 D mv2112_update_link: 3.0x8109(100M): 0x8
01-01 09:07:28.334 0 0 D mv2112_update_link: link 0x0
01-01 09:07:28.334 0 0 D mv2112_read_status: autoneg is disabled
01-01 09:07:29.362 0 0 D : mv2112_read_status
01-01 09:07:29.362 0 0 D mv2112_update_link: 3.0x901(1G): 0x80
01-01 09:07:29.362 0 0 D mv2112_update_link: 3.0x8109(100M): 0x8
01-01 09:07:29.362 0 0 D mv2112_update_link: link 0x0
01-01 09:07:29.362 0 0 D mv2112_read_status: autoneg is disabled
01-01 09:07:30.382 0 0 D : mv2112_read_status
01-01 09:07:30.382 0 0 D mv2112_update_link: 3.0x901(1G): 0x80
01-01 09:07:30.382 0 0 D mv2112_update_link: 3.0x8109(100M): 0x8
01-01 09:07:30.382 0 0 D mv2112_update_link: link 0x0
01-01 09:07:30.382 0 0 D mv2112_read_status: autoneg is disabled
01-01 09:07:31.406 0 0 D : mv2112_read_status
01-01 09:07:31.406 0 0 D mv2112_update_link: 3.0x901(1G): 0x80
01-01 09:07:31.407 0 0 D mv2112_update_link: 3.0x8109(100M): 0x8
01-01 09:07:31.407 0 0 D mv2112_update_link: link 0x0
01-01 09:07:31.407 0 0 D mv2112_read_status: autoneg is disabled
01-01 09:07:32.430 0 0 D : mv2112_read_status
01-01 09:07:32.430 0 0 D mv2112_update_link: 3.0x901(1G): 0x80
01-01 09:07:32.431 0 0 D mv2112_update_link: 3.0x8109(100M): 0x8
01-01 09:07:32.431 0 0 D mv2112_update_link: link 0x0
01-01 09:07:32.431 0 0 D mv2112_read_status: autoneg is disabled
01-01 09:07:33.454 0 0 D : mv2112_read_status
01-01 09:07:33.454 0 0 D mv2112_update_link: 3.0x901(1G): 0x80
01-01 09:07:33.455 0 0 D mv2112_update_link: 3.0x8109(100M): 0x8
01-01 09:07:33.455 0 0 D mv2112_update_link: link 0x0
01-01 09:07:33.455 0 0 D mv2112_read_status: autoneg is disabled
01-01 09:07:34.478 0 0 D : mv2112_read_status
01-01 09:07:34.478 0 0 D mv2112_update_link: 3.0x901(1G): 0x80
01-01 09:07:34.479 0 0 D mv2112_update_link: 3.0x8109(100M): 0x8
01-01 09:07:34.479 0 0 D mv2112_update_link: link 0x0
01-01 09:07:34.479 0 0 D mv2112_read_status: autoneg is disabled
01-01 09:07:35.502 0 0 D : mv2112_read_status
01-01 09:07:35.503 0 0 D mv2112_update_link: 3.0x901(1G): 0x80
01-01 09:07:35.503 0 0 D mv2112_update_link: 3.0x8109(100M): 0x8
01-01 09:07:35.503 0 0 D mv2112_update_link: link 0x0
01-01 09:07:35.503 0 0 D mv2112_read_status: autoneg is disabled
01-01 09:07:36.526 0 0 D : mv2112_read_status
01-01 09:07:36.526 0 0 D mv2112_update_link: 3.0x901(1G): 0x80
01-01 09:07:36.526 0 0 D mv2112_update_link: 3.0x8109(100M): 0x8
01-01 09:07:36.526 0 0 D mv2112_update_link: link 0x0
01-01 09:07:36.526 0 0 D mv2112_read_status: autoneg is disabled
01-01 09:07:37.550 0 0 D : mv2112_read_status
01-01 09:07:37.550 0 0 D mv2112_update_link: 3.0x901(1G): 0x80
01-01 09:07:37.550 0 0 D mv2112_update_link: 3.0x8109(100M): 0x8
01-01 09:07:37.550 0 0 D mv2112_update_link: link 0x0
01-01 09:07:37.550 0 0 D mv2112_read_status: autoneg is disabled
01-01 09:07:37.731 0 0 I perf : interrupt took too long (3243 > 3242), lowering kernel.perf_event_max_sample_rate to 61500
01-01 09:07:38.578 0 0 D : mv2112_read_status
01-01 09:07:38.578 0 0 D mv2112_update_link: 3.0x901(1G): 0x80
01-01 09:07:38.578 0 0 D mv2112_update_link: 3.0x8109(100M): 0x8
01-01 09:07:38.578 0 0 D mv2112_update_link: link 0x0
01-01 09:07:38.578 0 0 D mv2112_read_status: autoneg is disabled
01-01 09:07:39.598 0 0 D : mv2112_read_status
01-01 09:07:39.598 0 0 D mv2112_update_link: 3.0x901(1G): 0x80
01-01 09:07:39.599 0 0 D mv2112_update_link: 3.0x8109(100M): 0x8
01-01 09:07:39.599 0 0 D mv2112_update_link: link 0x0
01-01 09:07:39.599 0 0 D mv2112_read_status: autoneg is disabled
01-01 09:07:40.622 0 0 D : mv2112_read_status
01-01 09:07:40.623 0 0 D mv2112_update_link: 3.0x901(1G): 0x80
01-01 09:07:40.623 0 0 D mv2112_update_link: 3.0x8109(100M): 0x8
01-01 09:07:40.623 0 0 D mv2112_update_link: link 0x0
01-01 09:07:40.623 0 0 D mv2112_read_status: autoneg is disabled
01-01 09:07:41.646 0 0 D : mv2112_read_status
01-01 09:07:41.646 0 0 D mv2112_update_link: 3.0x901(1G): 0x80
01-01 09:07:41.646 0 0 D mv2112_update_link: 3.0x8109(100M): 0x8
01-01 09:07:41.646 0 0 D mv2112_update_link: link 0x0
01-01 09:07:41.646 0 0 D mv2112_read_status: autoneg is disabled
01-01 09:07:41.787 0 0 I [schedu][0x6d15cecba][03:47:13.606492] wlan: [7018:I:PE] RX: [802.11 BCN_RPT] seq:2518 SSID:TP-LINK_Figure_6d0405 BSSID:6c:b1:58:0f:7d:3b Token:134 op_class:125 ch:157 meas_mode:1 meas_duration:50 max_dur: 1 sign: 0 max_meas_dur: 100
01-01 09:07:41.882 0 0 I [schedu][0x6d178a965][03:47:13.701167] wlan: [7018:I:PE] TX: [802.11 BCN_RPT] seq_no:2065 dialog_token:134 no. of APs:1 is_last_rpt:1 num_report: 1 peer:6c:b1:58:0f:7d:39
01-01 09:07:42.058 0 0 I [schedu][0x6d1ac2d86][03:47:13.877009] wlan: [7018:I:WMA] [03:47:13.789000] [ROAM_TRIGGER]: VDEV[0] Reason: "BTM TRIGGER" Req_mode: 1 Disassoc_timer: 0validity_interval: 25500 candidate_list_cnt: 1 resp_status: 0, bss_termination_timeout: 0, mbo_assoc_retry_timeout: 0
01-01 09:07:42.058 0 0 I [schedu][0x6d1ac33ce][03:47:13.877093] wlan: [7018:I:WMA] [03:47:13.789000] [ROAM_SCAN]: VDEV[0] Scan_type: PARTIAL {2462 5785 }
01-01 09:07:42.058 0 0 I [schedu][0x6d1ac3526][03:47:13.877111] wlan: [7018:I:WMA] ============================================================================================================================
01-01 09:07:42.058 0 0 I [schedu][0x6d1ac36f3][03:47:13.877135] wlan: [7018:I:WMA] AP BSSID TSTAMP CH TY ETP RSSI/SCR CU%/SCR TOT_SCR BL_RSN BL_SRC BL_TSTAMP BL_TIMEOUT(ms)
01-01 09:07:42.058 0 0 I [schedu][0x6d1ac3836][03:47:13.877152] wlan: [7018:I:WMA] ============================================================================================================================
01-01 09:07:42.058 0 0 I [schedu][0x6d1ac3a46][03:47:13.877179] wlan: [7018:I:WMA] 6c:b1:58:0f:7d:39 [03:47:13.789000] 2462 P_AP 0 2/0 0/0 4042 0 0 [00:00:00.000000] 0
01-01 09:07:42.058 0 0 I [schedu][0x6d1ac3c16][03:47:13.877203] wlan: [7018:I:WMA] [03:47:13.858000] [ROAM_RESULT]: VDEV[0] FAILED Reason: NO AP FOUND
01-01 09:07:42.674 0 0 D : mv2112_read_status
01-01 09:07:42.674 0 0 D mv2112_update_link: 3.0x901(1G): 0x80
01-01 09:07:42.675 0 0 D mv2112_update_link: 3.0x8109(100M): 0x8
01-01 09:07:42.675 0 0 D mv2112_update_link: link 0x0
01-01 09:07:42.675 0 0 D mv2112_read_status: autoneg is disabled
01-01 09:07:43.504 0 0 E [wifi@1][0x6d353ee99][03:47:15.323424] wlan: [830:E:HDD] wlan_hdd_send_ll_stats_req: 1597: Target response timed out request id 0 request bitmap 0x1
01-01 09:07:43.504 0 0 E [wifi@1][0x6d353f9ac][03:47:15.323571] wlan: [830:E:HDD] __wlan_hdd_cfg80211_ll_stats_get: 1742: Failed to send LL stats request (id:0)
01-01 09:07:43.694 0 0 D : mv2112_read_status
01-01 09:07:43.694 0 0 D mv2112_update_link: 3.0x901(1G): 0x80
01-01 09:07:43.694 0 0 D mv2112_update_link: 3.0x8109(100M): 0x8
01-01 09:07:43.694 0 0 D mv2112_update_link: link 0x0
01-01 09:07:43.694 0 0 D mv2112_read_status: autoneg is disabled
01-01 09:07:43.878 0 0 I [schedu][0x6d3c18192][03:47:15.697437] wlan: [7018:I:WMA] [03:47:13.862000] [ROAM_TRIGGER]: VDEV[0] Reason: "BTM TRIGGER" Sub-Reason: FULL SCANReq_mode: 1 Disassoc_timer: 0validity_interval: 25500 candidate_list_cnt: 1 resp_status: 0, bss_termination_timeout: 0, mbo_assoc_retry_timeout: 0
01-01 09:07:43.878 0 0 I [schedu][0x6d3c18440][03:47:15.697472] wlan: [7018:I:WMA] [03:47:13.862000] [ROAM_SCAN]: VDEV[0] Scan_type: FULL
01-01 09:07:43.878 0 0 I [schedu][0x6d3c184f8][03:47:15.697482] wlan: [7018:I:WMA] ============================================================================================================================
01-01 09:07:43.878 0 0 I [schedu][0x6d3c185f3][03:47:15.697495] wlan: [7018:I:WMA] AP BSSID TSTAMP CH TY ETP RSSI/SCR CU%/SCR TOT_SCR BL_RSN BL_SRC BL_TSTAMP BL_TIMEOUT(ms)
01-01 09:07:43.878 0 0 I [schedu][0x6d3c186a4][03:47:15.697504] wlan: [7018:I:WMA] ============================================================================================================================
01-01 09:07:43.878 0 0 I [schedu][0x6d3c187f9][03:47:15.697522] wlan: [7018:I:WMA] 6c:b1:58:0f:7d:39 [03:47:13.862000] 2462 P_AP 0 2/0 0/0 4042 0 0 [00:00:00.000000] 0
01-01 09:07:43.878 0 0 I [schedu][0x6d3c18b74][03:47:15.697568] wlan: [7018:I:WMA] [03:47:15.695000] [ROAM_RESULT]: VDEV[0] FAILED Reason: NO AP FOUND
01-01 09:07:44.718 0 0 D : mv2112_read_status
01-01 09:07:44.718 0 0 D mv2112_update_link: 3.0x901(1G): 0x80
01-01 09:07:44.719 0 0 D mv2112_update_link: 3.0x8109(100M): 0x8
01-01 09:07:44.719 0 0 D mv2112_update_link: link 0x0
01-01 09:07:44.719 0 0 D mv2112_read_status: autoneg is disabled
01-01 09:07:45.742 0 0 D : mv2112_read_status
01-01 09:07:45.742 0 0 D mv2112_update_link: 3.0x901(1G): 0x80
01-01 09:07:45.743 0 0 D mv2112_update_link: 3.0x8109(100M): 0x8
01-01 09:07:45.743 0 0 D mv2112_update_link: link 0x0
01-01 09:07:45.743 0 0 D mv2112_read_status: autoneg is disabled
01-01 09:07:46.766 0 0 D : mv2112_read_status
01-01 09:07:46.766 0 0 D mv2112_update_link: 3.0x901(1G): 0x80
01-01 09:07:46.767 0 0 D mv2112_update_link: 3.0x8109(100M): 0x8
01-01 09:07:46.767 0 0 D mv2112_update_link: link 0x0
01-01 09:07:46.767 0 0 D mv2112_read_status: autoneg is disabled
01-01 09:07:47.790 0 0 D : mv2112_read_status
01-01 09:07:47.790 0 0 D mv2112_update_link: 3.0x901(1G): 0x80
01-01 09:07:47.791 0 0 D mv2112_update_link: 3.0x8109(100M): 0x8
01-01 09:07:47.791 0 0 D mv2112_update_link: link 0x0
01-01 09:07:47.791 0 0 D mv2112_read_status: autoneg is disabled
01-01 09:07:48.814 0 0 D : mv2112_read_status
01-01 09:07:48.814 0 0 D mv2112_update_link: 3.0x901(1G): 0x80
01-01 09:07:48.814 0 0 D mv2112_update_link: 3.0x8109(100M): 0x8
01-01 09:07:48.814 0 0 D mv2112_update_link: link 0x0
01-01 09:07:48.814 0 0 D mv2112_read_status: autoneg is disabled
01-01 09:07:49.838 0 0 D : mv2112_read_status
01-01 09:07:49.838 0 0 D mv2112_update_link: 3.0x901(1G): 0x80
01-01 09:07:49.839 0 0 D mv2112_update_link: 3.0x8109(100M): 0x8
01-01 09:07:49.839 0 0 D mv2112_update_link: link 0x0
01-01 09:07:49.839 0 0 D mv2112_read_status: autoneg is disabled
01-01 09:07:50.862 0 0 D : mv2112_read_status
01-01 09:07:50.863 0 0 D mv2112_update_link: 3.0x901(1G): 0x80
01-01 09:07:50.863 0 0 D mv2112_update_link: 3.0x8109(100M): 0x8
01-01 09:07:50.863 0 0 D mv2112_update_link: link 0x0
01-01 09:07:50.863 0 0 D mv2112_read_status: autoneg is disabled
12-14 03:47:23.084 1468 2313 I GameModeConfig: isGameModeOn = true
12-14 03:47:23.084 1468 2313 I GameModeConfig: isGaming = false
12-14 03:47:23.084 1468 2313 I GameModeConfig: isGameModeOn = true
12-14 03:47:23.084 1468 2313 I GameModeConfig: isGaming = false
12-14 03:47:23.084 1468 2313 I GameModeConfig: isGameModeOn = true
12-14 03:47:23.084 1468 2313 I GameModeConfig: isGaming = false
12-14 03:47:23.084 1468 2313 I GameModeConfig: isGameModeOn = true
12-14 03:47:23.084 1468 2313 I GameModeConfig: isGaming = false
12-14 03:47:23.125 1468 2313 I GameModeConfig: isGameModeOn = true
12-14 03:47:23.125 1468 2313 I GameModeConfig: isGaming = false
12-14 03:47:23.125 1468 2313 I GameModeConfig: isGameModeOn = true
12-14 03:47:23.125 1468 2313 I GameModeConfig: isGaming = false
12-14 03:47:23.125 1468 2313 I GameModeConfig: isGameModeOn = true
12-14 03:47:23.125 1468 2313 I GameModeConfig: isGaming = false
12-14 03:47:23.125 1468 2313 I GameModeConfig: isGameModeOn = true
12-14 03:47:23.125 1468 2313 I GameModeConfig: isGaming = false
12-14 03:47:23.167 1468 2313 I GameModeConfig: isGameModeOn = true
12-14 03:47:23.167 1468 2313 I GameModeConfig: isGaming = false
12-14 03:47:23.167 1468 2313 I GameModeConfig: isGameModeOn = true
12-14 03:47:23.167 1468 2313 I GameModeConfig: isGaming = false
12-14 03:47:23.167 1468 2313 I GameModeConfig: isGameModeOn = true
12-14 03:47:23.167 1468 2313 I GameModeConfig: isGaming = false
12-14 03:47:23.167 1468 2313 I GameModeConfig: isGameModeOn = true
12-14 03:47:23.167 1468 2313 I GameModeConfig: isGaming = false
12-14 03:47:23.189 1468 2313 I GameModeConfig: isGameModeOn = true
12-14 03:47:23.190 1468 2313 I GameModeConfig: isGaming = false
12-14 03:47:23.190 1468 2313 I GameModeConfig: isGameModeOn = true
12-14 03:47:23.190 1468 2313 I GameModeConfig: isGaming = false
12-14 03:47:23.190 1468 2313 I GameModeConfig: isGameModeOn = true
12-14 03:47:23.190 1468 2313 I GameModeConfig: isGaming = false
12-14 03:47:23.190 1468 2313 I GameModeConfig: isGameModeOn = true
12-14 03:47:23.190 1468 2313 I GameModeConfig: isGaming = false
12-14 03:47:23.206 1468 2313 I GameModeConfig: isGameModeOn = true
12-14 03:47:23.206 1468 2313 I GameModeConfig: isGaming = false
12-14 03:47:23.206 1468 2313 I GameModeConfig: isGameModeOn = true
12-14 03:47:23.206 1468 2313 I GameModeConfig: isGaming = false
12-14 03:47:23.206 1468 2313 I GameModeConfig: isGameModeOn = true
12-14 03:47:23.207 1468 2313 I GameModeConfig: isGaming = false
12-14 03:47:23.207 1468 2313 I GameModeConfig: isGameModeOn = true
12-14 03:47:23.207 1468 2313 I GameModeConfig: isGaming = false
12-14 03:47:23.222 1468 2313 I GameModeConfig: isGameModeOn = true
12-14 03:47:23.223 1468 2313 I GameModeConfig: isGaming = false
12-14 03:47:23.223 1468 2313 I GameModeConfig: isGameModeOn = true
12-14 03:47:23.223 1468 2313 I GameModeConfig: isGaming = false
12-14 03:47:23.223 1468 2313 I GameModeConfig: isGameModeOn = true
12-14 03:47:23.223 1468 2313 I GameModeConfig: isGaming = false
12-14 03:47:23.223 1468 2313 I GameModeConfig: isGameModeOn = true
12-14 03:47:23.223 1468 2313 I GameModeConfig: isGaming = false
12-14 03:47:23.239 1468 2313 I GameModeConfig: isGameModeOn = true
12-14 03:47:23.239 1468 2313 I GameModeConfig: isGaming = false
12-14 03:47:23.240 1468 2313 I GameModeConfig: isGameModeOn = true
12-14 03:47:23.240 1468 2313 I GameModeConfig: isGaming = false
12-14 03:47:23.240 1468 2313 I GameModeConfig: isGameModeOn = true
12-14 03:47:23.240 1468 2313 I GameModeConfig: isGaming = false
12-14 03:47:23.240 1468 2313 I GameModeConfig: isGameModeOn = true
12-14 03:47:23.240 1468 2313 I GameModeConfig: isGaming = false
12-14 03:47:23.256 1468 2313 I GameModeConfig: isGameModeOn = true
12-14 03:47:23.256 1468 2313 I GameModeConfig: isGaming = false
12-14 03:47:23.256 1468 2313 I GameModeConfig: isGameModeOn = true
12-14 03:47:23.257 1468 2313 I GameModeConfig: isGaming = false
12-14 03:47:23.257 1468 2313 I GameModeConfig: isGameModeOn = true
12-14 03:47:23.257 1468 2313 I GameModeConfig: isGaming = false
12-14 03:47:23.257 1468 2313 I GameModeConfig: isGameModeOn = true
12-14 03:47:23.257 1468 2313 I GameModeConfig: isGaming = false
12-14 03:47:23.274 1468 2313 I GameModeConfig: isGameModeOn = true
12-14 03:47:23.274 1468 2313 I GameModeConfig: isGaming = false
12-14 03:47:23.274 1468 2313 I GameModeConfig: isGameModeOn = true
12-14 03:47:23.274 1468 2313 I GameModeConfig: isGaming = false
12-14 03:47:23.274 1468 2313 I GameModeConfig: isGameModeOn = true
12-14 03:47:23.274 1468 2313 I GameModeConfig: isGaming = false
12-14 03:47:23.274 1468 2313 I GameModeConfig: isGameModeOn = true
12-14 03:47:23.274 1468 2313 I GameModeConfig: isGaming = false
12-14 03:47:23.288 1468 1468 I GameModeConfig: isGameModeOn = true
12-14 03:47:23.288 1468 1468 I GameModeConfig: isGaming = false
12-14 03:47:23.290 1468 2313 I GameModeConfig: isGameModeOn = true
12-14 03:47:23.290 1468 2313 I GameModeConfig: isGaming = false
12-14 03:47:23.290 1468 2313 I GameModeConfig: isGameModeOn = true
12-14 03:47:23.290 1468 2313 I GameModeConfig: isGaming = false
12-14 03:47:23.291 1468 2313 I GameModeConfig: isGameModeOn = true
12-14 03:47:23.291 1468 2313 I GameModeConfig: isGaming = false
12-14 03:47:23.291 1468 2313 I GameModeConfig: isGameModeOn = true
12-14 03:47:23.291 1468 2313 I GameModeConfig: isGaming = false
12-14 03:47:23.308 1468 2313 I GameModeConfig: isGameModeOn = true
12-14 03:47:23.308 1468 2313 I GameModeConfig: isGaming = false
12-14 03:47:23.309 1468 2313 I GameModeConfig: isGameModeOn = true
12-14 03:47:23.309 1468 2313 I GameModeConfig: isGaming = false
12-14 03:47:23.309 1468 2313 I GameModeConfig: isGameModeOn = true
12-14 03:47:23.309 1468 2313 I GameModeConfig: isGaming = false
12-14 03:47:23.309 1468 2313 I GameModeConfig: isGameModeOn = true
12-14 03:47:23.309 1468 2313 I GameModeConfig: isGaming = false
12-14 03:47:23.326 1468 1468 I GameModeConfig: isGameModeOn = true
12-14 03:47:23.326 1468 1468 I GameModeConfig: isGaming = false
12-14 03:47:23.326 1468 1468 E NotificationService: Muting recently noisy 0|com.android.systemui|2048|null|10082
12-14 03:47:23.330 1468 2313 I GameModeConfig: isGameModeOn = true
12-14 03:47:23.330 1468 2313 I GameModeConfig: isGaming = false
12-14 03:47:23.330 1468 2313 I GameModeConfig: isGameModeOn = true
12-14 03:47:23.330 1468 2313 I GameModeConfig: isGaming = false
12-14 03:47:23.330 1468 2313 I GameModeConfig: isGameModeOn = true
12-14 03:47:23.330 1468 2313 I GameModeConfig: isGaming = false
12-14 03:47:23.330 1468 2313 I GameModeConfig: isGameModeOn = true
12-14 03:47:23.330 1468 2313 I GameModeConfig: isGaming = false
12-14 03:47:23.342 1468 2313 I GameModeConfig: isGameModeOn = true
12-14 03:47:23.342 1468 2313 I GameModeConfig: isGaming = false
12-14 03:47:23.342 1468 2313 I GameModeConfig: isGameModeOn = true
12-14 03:47:23.342 1468 2313 I GameModeConfig: isGaming = false
12-14 03:47:23.343 1468 2313 I GameModeConfig: isGameModeOn = true
12-14 03:47:23.343 1468 2313 I GameModeConfig: isGaming = false
12-14 03:47:23.343 1468 2313 I GameModeConfig: isGameModeOn = true
12-14 03:47:23.343 1468 2313 I GameModeConfig: isGaming = false
12-14 03:47:23.358 1468 2313 I GameModeConfig: isGameModeOn = true
12-14 03:47:23.359 1468 2313 I GameModeConfig: isGaming = false
12-14 03:47:23.359 1468 2313 I GameModeConfig: isGameModeOn = true
12-14 03:47:23.359 1468 2313 I GameModeConfig: isGaming = false
12-14 03:47:23.359 1468 2313 I GameModeConfig: isGameModeOn = true
12-14 03:47:23.359 1468 2313 I GameModeConfig: isGaming = false
12-14 03:47:23.359 1468 2313 I GameModeConfig: isGameModeOn = true
12-14 03:47:23.359 1468 2313 I GameModeConfig: isGaming = false
12-14 03:47:23.369 1468 1468 I GameModeConfig: isGameModeOn = true
12-14 03:47:23.369 1468 1468 I GameModeConfig: isGaming = false
12-14 03:47:23.370 1468 1468 E NotificationService: Muting recently noisy 0|com.android.systemui|2048|null|10082
12-14 03:47:23.373 1468 2313 I GameModeConfig: isGameModeOn = true
12-14 03:47:23.373 1468 2313 I GameModeConfig: isGaming = false
12-14 03:47:23.373 1468 2313 I GameModeConfig: isGameModeOn = true
12-14 03:47:23.373 1468 2313 I GameModeConfig: isGaming = false
12-14 03:47:23.374 1468 2313 I GameModeConfig: isGameModeOn = true
12-14 03:47:23.374 1468 2313 I GameModeConfig: isGaming = false
12-14 03:47:23.374 1468 2313 I GameModeConfig: isGameModeOn = true
12-14 03:47:23.374 1468 2313 I GameModeConfig: isGaming = false
12-14 03:47:23.390 1468 2313 I GameModeConfig: isGameModeOn = true
12-14 03:47:23.390 1468 2313 I GameModeConfig: isGaming = false
12-14 03:47:23.390 1468 2313 I GameModeConfig: isGameModeOn = true
12-14 03:47:23.390 1468 2313 I GameModeConfig: isGaming = false
12-14 03:47:23.391 1468 2313 I GameModeConfig: isGameModeOn = true
12-14 03:47:23.391 1468 2313 I GameModeConfig: isGaming = false
12-14 03:47:23.391 1468 2313 I GameModeConfig: isGameModeOn = true
12-14 03:47:23.391 1468 2313 I GameModeConfig: isGaming = false
12-14 03:47:23.393 1468 1468 I GameModeConfig: isGameModeOn = true
12-14 03:47:23.393 1468 1468 I GameModeConfig: isGaming = false
12-14 03:47:23.394 1468 1468 E NotificationService: Muting recently noisy 0|com.android.systemui|2048|null|10082
12-14 03:47:23.410 1468 1468 I GameModeConfig: isGameModeOn = true
12-14 03:47:23.410 1468 1468 I GameModeConfig: isGaming = false
12-14 03:47:23.410 1468 1468 E NotificationService: Muting recently noisy 0|com.android.systemui|2048|null|10082
12-14 03:47:23.426 1468 1468 I GameModeConfig: isGameModeOn = true
12-14 03:47:23.426 1468 1468 I GameModeConfig: isGaming = false
12-14 03:47:23.427 1468 1468 E NotificationService: Muting recently noisy 0|com.android.systemui|2048|null|10082
12-14 03:47:23.442 1468 1468 I GameModeConfig: isGameModeOn = true
12-14 03:47:23.443 1468 1468 I GameModeConfig: isGaming = false
12-14 03:47:23.443 1468 1468 E NotificationService: Muting recently noisy 0|com.android.systemui|2048|null|10082
12-14 03:47:23.459 1468 1468 I GameModeConfig: isGameModeOn = true
12-14 03:47:23.459 1468 1468 I GameModeConfig: isGaming = false
12-14 03:47:23.460 1468 1468 E NotificationService: Muting recently noisy 0|com.android.systemui|2048|null|10082
12-14 03:47:23.477 1468 1468 I GameModeConfig: isGameModeOn = true
12-14 03:47:23.477 1468 1468 I GameModeConfig: isGaming = false
12-14 03:47:23.477 1468 1468 E NotificationService: Muting recently noisy 0|com.android.systemui|2048|null|10082
12-14 03:47:23.493 1468 1468 I GameModeConfig: isGameModeOn = true
12-14 03:47:23.493 1468 1468 I GameModeConfig: isGaming = false
12-14 03:47:23.494 1468 1468 E NotificationService: Muting recently noisy 0|com.android.systemui|2048|null|10082
12-14 03:47:23.512 1468 1468 I GameModeConfig: isGameModeOn = true
12-14 03:47:23.512 1468 1468 I GameModeConfig: isGaming = false
12-14 03:47:23.513 1468 1468 E NotificationService: Muting recently noisy 0|com.android.systemui|2048|null|10082
12-14 03:47:23.533 1468 1468 I GameModeConfig: isGameModeOn = true
12-14 03:47:23.533 1468 1468 I GameModeConfig: isGaming = false
12-14 03:47:23.533 1468 1468 E NotificationService: Muting recently noisy 0|com.android.systemui|2048|null|10082
12-14 03:47:23.546 1468 1468 I GameModeConfig: isGameModeOn = true
12-14 03:47:23.546 1468 1468 I GameModeConfig: isGaming = false
12-14 03:47:23.546 1468 1468 E NotificationService: Muting recently noisy 0|com.android.systemui|2048|null|10082
12-14 03:47:23.562 1468 1468 I GameModeConfig: isGameModeOn = true
12-14 03:47:23.562 1468 1468 I GameModeConfig: isGaming = false
12-14 03:47:23.562 1468 1468 E NotificationService: Muting recently noisy 0|com.android.systemui|2048|null|10082
12-14 03:47:23.577 1468 1468 I GameModeConfig: isGameModeOn = true
12-14 03:47:23.577 1468 1468 I GameModeConfig: isGaming = false
12-14 03:47:23.577 1468 1468 E NotificationService: Muting recently noisy 0|com.android.systemui|2048|null|10082
12-14 03:47:23.594 1468 1468 I GameModeConfig: isGameModeOn = true
12-14 03:47:23.594 1468 1468 I GameModeConfig: isGaming = false
12-14 03:47:23.594 1468 1468 E NotificationService: Muting recently noisy 0|com.android.systemui|2048|null|10082
01-01 09:07:51.886 0 0 D : mv2112_read_status
01-01 09:07:51.886 0 0 D mv2112_update_link: 3.0x901(1G): 0x80
01-01 09:07:51.886 0 0 D mv2112_update_link: 3.0x8109(100M): 0x8
01-01 09:07:51.887 0 0 D mv2112_update_link: link 0x0
01-01 09:07:51.887 0 0 D mv2112_read_status: autoneg is disabled
12-14 03:47:24.397 1468 2313 I GameModeConfig: isGameModeOn = true
12-14 03:47:24.397 1468 2313 I GameModeConfig: isGaming = false
12-14 03:47:24.398 1468 2313 I GameModeConfig: isGameModeOn = true
12-14 03:47:24.398 1468 2313 I GameModeConfig: isGaming = false
12-14 03:47:24.399 1468 2313 I GameModeConfig: isGameModeOn = true
12-14 03:47:24.399 1468 2313 I GameModeConfig: isGaming = false
12-14 03:47:24.399 1468 2313 I GameModeConfig: isGameModeOn = true
12-14 03:47:24.399 1468 2313 I GameModeConfig: isGaming = false
12-14 03:47:24.423 1468 2313 I GameModeConfig: isGameModeOn = true
12-14 03:47:24.423 1468 2313 I GameModeConfig: isGaming = false
12-14 03:47:24.424 1468 2313 I GameModeConfig: isGameModeOn = true
12-14 03:47:24.424 1468 2313 I GameModeConfig: isGaming = false
12-14 03:47:24.424 1468 2313 I GameModeConfig: isGameModeOn = true
12-14 03:47:24.424 1468 2313 I GameModeConfig: isGaming = false
12-14 03:47:24.424 1468 2313 I GameModeConfig: isGameModeOn = true
12-14 03:47:24.424 1468 2313 I GameModeConfig: isGaming = false
12-14 03:47:24.447 1468 2313 I GameModeConfig: isGameModeOn = true
12-14 03:47:24.447 1468 2313 I GameModeConfig: isGaming = false
12-14 03:47:24.447 1468 2313 I GameModeConfig: isGameModeOn = true
12-14 03:47:24.447 1468 2313 I GameModeConfig: isGaming = false
12-14 03:47:24.447 1468 2313 I GameModeConfig: isGameModeOn = true
12-14 03:47:24.447 1468 2313 I GameModeConfig: isGaming = false
12-14 03:47:24.447 1468 2313 I GameModeConfig: isGameModeOn = true
12-14 03:47:24.448 1468 2313 I GameModeConfig: isGaming = false
12-14 03:47:24.466 1468 2313 I GameModeConfig: isGameModeOn = true
12-14 03:47:24.466 1468 2313 I GameModeConfig: isGaming = false
12-14 03:47:24.466 1468 2313 I GameModeConfig: isGameModeOn = true
12-14 03:47:24.467 1468 2313 I GameModeConfig: isGaming = false
12-14 03:47:24.467 1468 2313 I GameModeConfig: isGameModeOn = true
12-14 03:47:24.467 1468 2313 I GameModeConfig: isGaming = false
12-14 03:47:24.467 1468 2313 I GameModeConfig: isGameModeOn = true
12-14 03:47:24.467 1468 2313 I GameModeConfig: isGaming = false
12-14 03:47:24.481 1468 2313 I GameModeConfig: isGameModeOn = true
12-14 03:47:24.481 1468 2313 I GameModeConfig: isGaming = false
12-14 03:47:24.482 1468 2313 I GameModeConfig: isGameModeOn = true
12-14 03:47:24.482 1468 2313 I GameModeConfig: isGaming = false
12-14 03:47:24.482 1468 2313 I GameModeConfig: isGameModeOn = true
12-14 03:47:24.482 1468 2313 I GameModeConfig: isGaming = false
12-14 03:47:24.482 1468 2313 I GameModeConfig: isGameModeOn = true
12-14 03:47:24.482 1468 2313 I GameModeConfig: isGaming = false
12-14 03:47:24.496 1468 2313 I GameModeConfig: isGameModeOn = true
12-14 03:47:24.496 1468 2313 I GameModeConfig: isGaming = false
12-14 03:47:24.496 1468 2313 I GameModeConfig: isGameModeOn = true
12-14 03:47:24.496 1468 2313 I GameModeConfig: isGaming = false
12-14 03:47:24.496 1468 2313 I GameModeConfig: isGameModeOn = true
12-14 03:47:24.496 1468 2313 I GameModeConfig: isGaming = false
12-14 03:47:24.496 1468 2313 I GameModeConfig: isGameModeOn = true
12-14 03:47:24.496 1468 2313 I GameModeConfig: isGaming = false
12-14 03:47:24.508 1468 2313 I GameModeConfig: isGameModeOn = true
12-14 03:47:24.508 1468 2313 I GameModeConfig: isGaming = false
12-14 03:47:24.509 1468 2313 I GameModeConfig: isGameModeOn = true
12-14 03:47:24.509 1468 2313 I GameModeConfig: isGaming = false
12-14 03:47:24.509 1468 2313 I GameModeConfig: isGameModeOn = true
12-14 03:47:24.509 1468 2313 I GameModeConfig: isGaming = false
12-14 03:47:24.509 1468 2313 I GameModeConfig: isGameModeOn = true
12-14 03:47:24.509 1468 2313 I GameModeConfig: isGaming = false
12-14 03:47:24.525 1468 2313 I GameModeConfig: isGameModeOn = true
12-14 03:47:24.526 1468 2313 I GameModeConfig: isGaming = false
12-14 03:47:24.526 1468 2313 I GameModeConfig: isGameModeOn = true
12-14 03:47:24.526 1468 2313 I GameModeConfig: isGaming = false
12-14 03:47:24.526 1468 2313 I GameModeConfig: isGameModeOn = true
12-14 03:47:24.526 1468 2313 I GameModeConfig: isGaming = false
12-14 03:47:24.526 1468 2313 I GameModeConfig: isGameModeOn = true
12-14 03:47:24.526 1468 2313 I GameModeConfig: isGaming = false
12-14 03:47:24.542 1468 2313 I GameModeConfig: isGameModeOn = true
12-14 03:47:24.542 1468 2313 I GameModeConfig: isGaming = false
12-14 03:47:24.542 1468 2313 I GameModeConfig: isGameModeOn = true
12-14 03:47:24.543 1468 2313 I GameModeConfig: isGaming = false
12-14 03:47:24.543 1468 2313 I GameModeConfig: isGameModeOn = true
12-14 03:47:24.543 1468 2313 I GameModeConfig: isGaming = false
12-14 03:47:24.543 1468 2313 I GameModeConfig: isGameModeOn = true
12-14 03:47:24.543 1468 2313 I GameModeConfig: isGaming = false
12-14 03:47:24.558 1468 2313 I GameModeConfig: isGameModeOn = true
12-14 03:47:24.559 1468 2313 I GameModeConfig: isGaming = false
12-14 03:47:24.559 1468 2313 I GameModeConfig: isGameModeOn = true
12-14 03:47:24.559 1468 2313 I GameModeConfig: isGaming = false
12-14 03:47:24.559 1468 2313 I GameModeConfig: isGameModeOn = true
12-14 03:47:24.559 1468 2313 I GameModeConfig: isGaming = false
12-14 03:47:24.559 1468 2313 I GameModeConfig: isGameModeOn = true
12-14 03:47:24.559 1468 2313 I GameModeConfig: isGaming = false
12-14 03:47:24.576 1468 2313 I GameModeConfig: isGameModeOn = true
12-14 03:47:24.576 1468 2313 I GameModeConfig: isGaming = false
12-14 03:47:24.576 1468 2313 I GameModeConfig: isGameModeOn = true
12-14 03:47:24.576 1468 2313 I GameModeConfig: isGaming = false
12-14 03:47:24.577 1468 2313 I GameModeConfig: isGameModeOn = true
12-14 03:47:24.577 1468 2313 I GameModeConfig: isGaming = false
12-14 03:47:24.577 1468 2313 I GameModeConfig: isGameModeOn = true
12-14 03:47:24.577 1468 2313 I GameModeConfig: isGaming = false
12-14 03:47:24.592 1468 2313 I GameModeConfig: isGameModeOn = true
12-14 03:47:24.592 1468 2313 I GameModeConfig: isGaming = false
12-14 03:47:24.592 1468 2313 I GameModeConfig: isGameModeOn = true
12-14 03:47:24.592 1468 2313 I GameModeConfig: isGaming = false
12-14 03:47:24.592 1468 2313 I GameModeConfig: isGameModeOn = true
12-14 03:47:24.592 1468 2313 I GameModeConfig: isGaming = false
12-14 03:47:24.592 1468 2313 I GameModeConfig: isGameModeOn = true
12-14 03:47:24.592 1468 2313 I GameModeConfig: isGaming = false
12-14 03:47:24.597 1468 1468 I GameModeConfig: isGameModeOn = true
12-14 03:47:24.597 1468 1468 I GameModeConfig: isGaming = false
12-14 03:47:24.609 1468 2313 I GameModeConfig: isGameModeOn = true
12-14 03:47:24.609 1468 2313 I GameModeConfig: isGaming = false
12-14 03:47:24.609 1468 2313 I GameModeConfig: isGameModeOn = true
12-14 03:47:24.609 1468 2313 I GameModeConfig: isGaming = false
12-14 03:47:24.609 1468 2313 I GameModeConfig: isGameModeOn = true
12-14 03:47:24.609 1468 2313 I GameModeConfig: isGaming = false
12-14 03:47:24.609 1468 2313 I GameModeConfig: isGameModeOn = true
12-14 03:47:24.609 1468 2313 I GameModeConfig: isGaming = false
12-14 03:47:24.626 1468 2313 I GameModeConfig: isGameModeOn = true
12-14 03:47:24.626 1468 2313 I GameModeConfig: isGaming = false
12-14 03:47:24.627 1468 2313 I GameModeConfig: isGameModeOn = true
12-14 03:47:24.627 1468 2313 I GameModeConfig: isGaming = false
12-14 03:47:24.627 1468 2313 I GameModeConfig: isGameModeOn = true
12-14 03:47:24.627 1468 2313 I GameModeConfig: isGaming = false
12-14 03:47:24.627 1468 2313 I GameModeConfig: isGameModeOn = true
12-14 03:47:24.627 1468 2313 I GameModeConfig: isGaming = false
12-14 03:47:24.628 1468 1468 I GameModeConfig: isGameModeOn = true
12-14 03:47:24.628 1468 1468 I GameModeConfig: isGaming = false
12-14 03:47:24.628 1468 1468 E NotificationService: Muting recently noisy 0|com.android.systemui|2048|null|10082
12-14 03:47:24.642 1468 2313 I GameModeConfig: isGameModeOn = true
12-14 03:47:24.642 1468 2313 I GameModeConfig: isGaming = false
12-14 03:47:24.642 1468 2313 I GameModeConfig: isGameModeOn = true
12-14 03:47:24.642 1468 2313 I GameModeConfig: isGaming = false
12-14 03:47:24.642 1468 2313 I GameModeConfig: isGameModeOn = true
12-14 03:47:24.643 1468 2313 I GameModeConfig: isGaming = false
12-14 03:47:24.643 1468 2313 I GameModeConfig: isGameModeOn = true
12-14 03:47:24.643 1468 2313 I GameModeConfig: isGaming = false
12-14 03:47:24.651 1468 1468 I GameModeConfig: isGameModeOn = true
12-14 03:47:24.651 1468 1468 I GameModeConfig: isGaming = false
12-14 03:47:24.652 1468 1468 E NotificationService: Muting recently noisy 0|com.android.systemui|2048|null|10082
12-14 03:47:24.661 1468 2313 I GameModeConfig: isGameModeOn = true
12-14 03:47:24.661 1468 2313 I GameModeConfig: isGaming = false
12-14 03:47:24.662 1468 2313 I GameModeConfig: isGameModeOn = true
12-14 03:47:24.662 1468 2313 I GameModeConfig: isGaming = false
12-14 03:47:24.662 1468 2313 I GameModeConfig: isGameModeOn = true
12-14 03:47:24.662 1468 2313 I GameModeConfig: isGaming = false
12-14 03:47:24.662 1468 2313 I GameModeConfig: isGameModeOn = true
12-14 03:47:24.662 1468 2313 I GameModeConfig: isGaming = false
12-14 03:47:24.669 1468 1468 I GameModeConfig: isGameModeOn = true
12-14 03:47:24.669 1468 1468 I GameModeConfig: isGaming = false
12-14 03:47:24.670 1468 1468 E NotificationService: Muting recently noisy 0|com.android.systemui|2048|null|10082
12-14 03:47:24.676 1468 2313 I GameModeConfig: isGameModeOn = true
12-14 03:47:24.676 1468 2313 I GameModeConfig: isGaming = false
12-14 03:47:24.676 1468 2313 I GameModeConfig: isGameModeOn = true
12-14 03:47:24.676 1468 2313 I GameModeConfig: isGaming = false
12-14 03:47:24.676 1468 2313 I GameModeConfig: isGameModeOn = true
12-14 03:47:24.676 1468 2313 I GameModeConfig: isGaming = false
12-14 03:47:24.676 1468 2313 I GameModeConfig: isGameModeOn = true
12-14 03:47:24.676 1468 2313 I GameModeConfig: isGaming = false
12-14 03:47:24.684 1468 1468 I GameModeConfig: isGameModeOn = true
12-14 03:47:24.684 1468 1468 I GameModeConfig: isGaming = false
12-14 03:47:24.685 1468 1468 E NotificationService: Muting recently noisy 0|com.android.systemui|2048|null|10082
12-14 03:47:24.692 1468 2313 I GameModeConfig: isGameModeOn = true
12-14 03:47:24.692 1468 2313 I GameModeConfig: isGaming = false
12-14 03:47:24.692 1468 2313 I GameModeConfig: isGameModeOn = true
12-14 03:47:24.692 1468 2313 I GameModeConfig: isGaming = false
12-14 03:47:24.693 1468 2313 I GameModeConfig: isGameModeOn = true
12-14 03:47:24.693 1468 2313 I GameModeConfig: isGaming = false
12-14 03:47:24.693 1468 2313 I GameModeConfig: isGameModeOn = true
12-14 03:47:24.693 1468 2313 I GameModeConfig: isGaming = false
12-14 03:47:24.695 1468 1468 I GameModeConfig: isGameModeOn = true
12-14 03:47:24.695 1468 1468 I GameModeConfig: isGaming = false
12-14 03:47:24.696 1468 1468 E NotificationService: Muting recently noisy 0|com.android.systemui|2048|null|10082
12-14 03:47:24.710 1468 2313 I GameModeConfig: isGameModeOn = true
12-14 03:47:24.710 1468 2313 I GameModeConfig: isGaming = false
12-14 03:47:24.710 1468 2313 I GameModeConfig: isGameModeOn = true
12-14 03:47:24.710 1468 2313 I GameModeConfig: isGaming = false
12-14 03:47:24.710 1468 2313 I GameModeConfig: isGameModeOn = true
12-14 03:47:24.710 1468 2313 I GameModeConfig: isGaming = false
12-14 03:47:24.710 1468 2313 I GameModeConfig: isGameModeOn = true
12-14 03:47:24.710 1468 2313 I GameModeConfig: isGaming = false
12-14 03:47:24.711 1468 1468 I GameModeConfig: isGameModeOn = true
12-14 03:47:24.711 1468 1468 I GameModeConfig: isGaming = false
12-14 03:47:24.712 1468 1468 E NotificationService: Muting recently noisy 0|com.android.systemui|2048|null|10082
01-01 09:07:52.910 0 0 D : mv2112_read_status
01-01 09:07:52.910 0 0 D mv2112_update_link: 3.0x901(1G): 0x80
01-01 09:07:52.910 0 0 D mv2112_update_link: 3.0x8109(100M): 0x8
01-01 09:07:52.910 0 0 D mv2112_update_link: link 0x0
01-01 09:07:52.910 0 0 D mv2112_read_status: autoneg is disabled
12-14 03:47:24.730 1468 2313 I GameModeConfig: isGameModeOn = true
12-14 03:47:24.730 1468 2313 I GameModeConfig: isGaming = false
12-14 03:47:24.730 1468 2313 I GameModeConfig: isGameModeOn = true
12-14 03:47:24.730 1468 2313 I GameModeConfig: isGaming = false
12-14 03:47:24.731 1468 2313 I GameModeConfig: isGameModeOn = true
12-14 03:47:24.731 1468 2313 I GameModeConfig: isGaming = false
12-14 03:47:24.731 1468 2313 I GameModeConfig: isGameModeOn = true
12-14 03:47:24.731 1468 2313 I GameModeConfig: isGaming = false
12-14 03:47:24.732 1468 1468 I GameModeConfig: isGameModeOn = true
12-14 03:47:24.732 1468 1468 I GameModeConfig: isGaming = false
12-14 03:47:24.732 1468 1468 E NotificationService: Muting recently noisy 0|com.android.systemui|2048|null|10082
12-14 03:47:24.747 1468 1468 I GameModeConfig: isGameModeOn = true
12-14 03:47:24.747 1468 1468 I GameModeConfig: isGaming = false
12-14 03:47:24.747 1468 1468 E NotificationService: Muting recently noisy 0|com.android.systemui|2048|null|10082
12-14 03:47:24.748 1468 2313 I GameModeConfig: isGameModeOn = true
12-14 03:47:24.748 1468 2313 I GameModeConfig: isGaming = false
12-14 03:47:24.748 1468 2313 I GameModeConfig: isGameModeOn = true
12-14 03:47:24.748 1468 2313 I GameModeConfig: isGaming = false
12-14 03:47:24.748 1468 2313 I GameModeConfig: isGameModeOn = true
12-14 03:47:24.748 1468 2313 I GameModeConfig: isGaming = false
12-14 03:47:24.748 1468 2313 I GameModeConfig: isGameModeOn = true
12-14 03:47:24.748 1468 2313 I GameModeConfig: isGaming = false
12-14 03:47:24.761 1468 1468 I GameModeConfig: isGameModeOn = true
12-14 03:47:24.761 1468 1468 I GameModeConfig: isGaming = false
