12-14 03:22:37.991 1468 1642 I SystemServerTimingAsync: ssm.onUnlockedUser-0_com.android.server.usb.UsbService$Lifecycle
12-14 03:22:37.991 1468 1642 I SystemServerTimingAsync: ssm.onUnlockedUser-0_com.android.server.twilight.TwilightService
12-14 03:22:37.991 1468 1642 I SystemServerTimingAsync: ssm.onUnlockedUser-0_com.android.server.display.color.ColorDisplayService
12-14 03:22:37.991 1468 1642 I SystemServerTimingAsync: ssm.onUnlockedUser-0_com.android.server.job.JobSchedulerService
12-14 03:22:37.991 1468 1642 I SystemServerTimingAsync: ssm.onUnlockedUser-0_com.android.server.soundtrigger.SoundTriggerService
12-14 03:22:37.991 1468 1642 I SystemServerTimingAsync: ssm.onUnlockedUser-0_com.android.server.trust.TrustManagerService
12-14 03:22:37.991 1468 1642 I SystemServerTimingAsync: ssm.onUnlockedUser-0_com.android.server.backup.BackupManagerService$Lifecycle
12-14 03:22:37.991 1468 1642 I SystemServerTimingAsync: ssm.onUnlockedUser-0_com.android.server.appwidget.AppWidgetService
12-14 03:22:37.991 1468 1642 I SystemServerTimingAsync: ssm.onUnlockedUser-0_com.android.server.voiceinteraction.VoiceInteractionManagerService
12-14 03:22:37.991 1468 1642 I SystemServerTimingAsync: ssm.onUnlockedUser-0_com.android.server.apphibernation.AppHibernationService
12-14 03:22:37.991 1468 1642 I SystemServerTimingAsync: ssm.onUnlockedUser-0_com.android.server.GestureLauncherService
12-14 03:22:37.991 1468 1642 I SystemServerTimingAsync: ssm.onUnlockedUser-0_com.android.server.SensorNotificationService
12-14 03:22:37.991 1468 1642 I SystemServerTimingAsync: ssm.onUnlockedUser-0_com.android.server.emergency.EmergencyAffordanceService
12-14 03:22:37.991 1468 1642 I SystemServerTimingAsync: ssm.onUnlockedUser-0_com.android.server.blob.BlobStoreManagerService
12-14 03:22:37.991 1468 1642 I SystemServerTimingAsync: ssm.onUnlockedUser-0_com.android.server.dreams.DreamManagerService
12-14 03:22:37.991 1468 1642 I SystemServerTimingAsync: ssm.onUnlockedUser-0_com.android.server.companion.CompanionDeviceManagerService
12-14 03:22:37.991 1468 1642 I SystemServerTimingAsync: ssm.onUnlockedUser-0_com.android.server.restrictions.RestrictionsManagerService
12-14 03:22:37.991 1468 1642 I SystemServerTimingAsync: ssm.onUnlockedUser-0_com.android.server.media.MediaSessionService
12-14 03:22:37.991 1468 1642 I SystemServerTimingAsync: ssm.onUnlockedUser-0_com.android.server.media.MediaResourceMonitorService
12-14 03:22:37.991 1468 1642 I SystemServerTimingAsync: ssm.onUnlockedUser-0_com.android.server.biometrics.sensors.fingerprint.FingerprintService
12-14 03:22:37.991 1468 1642 I SystemServerTimingAsync: ssm.onUnlockedUser-0_com.android.server.biometrics.BiometricService
12-14 03:22:37.991 1468 1642 I SystemServerTimingAsync: ssm.onUnlockedUser-0_com.android.server.biometrics.AuthService
12-14 03:22:37.991 1468 1468 D CompatibilityChangeReporter: Compat change id reported: 175319604; UID 10082; state: ENABLED
12-14 03:22:37.991 1468 1642 I SystemServerTimingAsync: ssm.onUnlockedUser-0_com.android.server.pm.ShortcutService$Lifecycle
12-14 03:22:37.991 1468 1642 I SystemServerTimingAsync: ssm.onUnlockedUser-0_com.android.server.pm.LauncherAppsService
12-14 03:22:37.991 1468 1642 I SystemServerTimingAsync: ssm.onUnlockedUser-0_com.android.server.pm.CrossProfileAppsService
12-14 03:22:37.991 1468 1642 I SystemServerTimingAsync: ssm.onUnlockedUser-0_com.android.server.people.PeopleService
12-14 03:22:37.992 1468 1642 I SystemServerTimingAsync: ssm.onUnlockedUser-0_com.android.server.media.metrics.MediaMetricsManagerService
12-14 03:22:37.992 1468 1642 I SystemServerTimingAsync: ssm.onUnlockedUser-0_com.android.server.media.projection.MediaProjectionManagerService
12-14 03:22:37.992 1468 1642 I SystemServerTimingAsync: ssm.onUnlockedUser-0_com.android.server.slice.SliceManagerService$Lifecycle
12-14 03:22:37.992 1468 1642 I SystemServerTimingAsync: ssm.onUnlockedUser-0_com.android.server.stats.StatsCompanion$Lifecycle
12-14 03:22:37.992 1468 1642 I SystemServerTimingAsync: ssm.onUnlockedUser-0_com.android.server.scheduling.RebootReadinessManagerService$Lifecycle
12-14 03:22:37.992 1468 1642 I SystemServerTimingAsync: ssm.onUnlockedUser-0_com.android.server.stats.pull.StatsPullAtomService
12-14 03:22:37.992 1468 1642 I SystemServerTimingAsync: ssm.onUnlockedUser-0_com.android.server.incident.IncidentCompanionService
12-14 03:22:37.992 1468 1642 I SystemServerTimingAsync: ssm.onUnlockedUser-0_com.android.server.MmsServiceBroker
12-14 03:22:37.992 1468 1642 I SystemServerTimingAsync: ssm.onUnlockedUser-0_com.android.server.autofill.AutofillManagerService
12-14 03:22:37.992 1468 1642 I SystemServerTimingAsync: ssm.onUnlockedUser-0_com.android.server.clipboard.ClipboardService
12-14 03:22:37.992 1468 1642 I SystemServerTimingAsync: ssm.onUnlockedUser-0_com.android.server.appbinding.AppBindingService$Lifecycle
12-14 03:22:37.992 1468 1642 I SystemServerTimingAsync: ssm.onUnlockedUser-0_com.android.server.tracing.TracingServiceProxy
12-14 03:22:37.992 1468 1642 I SystemServerTimingAsync: ssm.onUnlockedUser-0_com.android.server.policy.PermissionPolicyService
12-14 03:22:37.992 1468 1642 I SystemServerTimingAsync: ssm.onUnlockedUser-0_com.android.server.pm.StagingManager$Lifecycle
12-14 03:22:37.992 1468 1642 I SystemServerTimingAsync: ssm.onUnlockedUser-0_com.android.server.app.GameManagerService$Lifecycle
12-14 03:22:37.992 1468 1642 I SystemServerTimingAsync: ssm.onUnlockedUser-0_com.android.server.appsearch.AppSearchManagerService
12-14 03:22:37.992 1468 1642 I SystemServerTimingAsync: ssm.onUnlockedUser-0_com.android.server.media.MediaCommunicationService
12-14 03:22:37.992 1468 1642 W ActivityManager: UserLifecycleEvent 6 received without an active userJourneySession.
12-14 03:22:37.993 1468 1631 W AppWidgetServiceImpl: Failed to read state: java.io.FileNotFoundException: /data/system/users/0/appwidgets.xml: open failed: ENOENT (No such file or directory)
12-14 03:22:37.993 1468 1631 V AppWidgetServiceImpl: Upgrading widget database from 0 to 1
12-14 03:22:37.993 1468 1631 I AppWidgetServiceImpl: Processing of handleUserUnlocked u0 took 5 ms
01-01 08:43:06.175 0 0 I : read descriptors
01-01 08:43:06.175 0 0 I : read strings
12-14 03:22:37.997 1468 1468 D CompatibilityChangeReporter: Compat change id reported: 175319604; UID 10096; state: DISABLED
12-14 03:22:37.998 1468 1642 D CompatibilityChangeReporter: Compat change id reported: 135634846; UID 10034; state: DISABLED
12-14 03:22:37.998 1468 1642 D CompatibilityChangeReporter: Compat change id reported: 177438394; UID 10034; state: DISABLED
12-14 03:22:37.998 1468 1642 D CompatibilityChangeReporter: Compat change id reported: 135772972; UID 10034; state: DISABLED
12-14 03:22:37.998 1468 1642 D CompatibilityChangeReporter: Compat change id reported: 135754954; UID 10034; state: ENABLED
12-14 03:22:37.998 1468 1643 D CompatibilityChangeReporter: Compat change id reported: 143937733; UID 10034; state: ENABLED
12-14 03:22:38.005 1468 1643 I ActivityManager: Start proc 3845:com.android.traceur/u0a34 for broadcast {com.android.traceur/com.android.traceur.Receiver}
12-14 03:22:38.024 1468 1468 I GameModeConfig: isGameModeOn = false
12-14 03:22:38.025 1468 1468 W NotificationHistory: Attempted to add notif for locked/gone/disabled user 0
01-01 08:43:06.209 0 0 I binder : 3845:3845 ioctl 40046210 7fe6d7b254 returned -22
12-14 03:22:38.036 1468 3298 D CompatibilityChangeReporter: Compat change id reported: 168419799; UID 10034; state: DISABLED
12-14 03:22:38.058 1468 1468 I NotificationService: Cannot find enqueued record for key: 0|android|13|PreBootBroadcaster|1000
12-14 03:22:38.099 1468 3298 D CompatibilityChangeReporter: Compat change id reported: 168419799; UID 10070; state: DISABLED
12-14 03:22:38.103 2790 2790 E AndroidRuntime: FATAL EXCEPTION: main
12-14 03:22:38.103 2790 2790 E AndroidRuntime: Process: com.qualcomm.qti.devicestatisticsservice, PID: 2790
12-14 03:22:38.103 2790 2790 E AndroidRuntime: java.lang.NoClassDefFoundError: Failed resolution of: Landroid/hidl/manager/V1_0/IServiceNotification$Stub;
12-14 03:22:38.103 2790 2790 E AndroidRuntime: at com.qualcomm.qti.devicestatisticsservice.DeviceStatisticsService.onStartCommand(DeviceStatisticsService.java:83)
12-14 03:22:38.103 2790 2790 E AndroidRuntime: at android.app.ActivityThread.handleServiceArgs(ActivityThread.java:4640)
12-14 03:22:38.103 2790 2790 E AndroidRuntime: at android.app.ActivityThread.access$2000(ActivityThread.java:248)
12-14 03:22:38.103 2790 2790 E AndroidRuntime: at android.app.ActivityThread$H.handleMessage(ActivityThread.java:2092)
12-14 03:22:38.103 2790 2790 E AndroidRuntime: at android.os.Handler.dispatchMessage(Handler.java:106)
12-14 03:22:38.103 2790 2790 E AndroidRuntime: at android.os.Looper.loopOnce(Looper.java:201)
12-14 03:22:38.103 2790 2790 E AndroidRuntime: at android.os.Looper.loop(Looper.java:288)
12-14 03:22:38.103 2790 2790 E AndroidRuntime: at android.app.ActivityThread.main(ActivityThread.java:7880)
12-14 03:22:38.103 2790 2790 E AndroidRuntime: at java.lang.reflect.Method.invoke(Native Method)
12-14 03:22:38.103 2790 2790 E AndroidRuntime: at com.android.internal.os.RuntimeInit$MethodAndArgsCaller.run(RuntimeInit.java:548)
12-14 03:22:38.103 2790 2790 E AndroidRuntime: at com.android.internal.os.ZygoteInit.main(ZygoteInit.java:1009)
12-14 03:22:38.103 2790 2790 E AndroidRuntime: Caused by: java.lang.ClassNotFoundException: android.hidl.manager.V1_0.IServiceNotification$Stub
12-14 03:22:38.103 2790 2790 E AndroidRuntime: ... 11 more
12-14 03:22:38.106 1468 3867 I DropBoxManagerService: add tag=system_app_crash isTagEnabled=true flags=0x2
12-14 03:22:38.123 1468 1468 E BootReceiver: Could not open /sys/kernel/tracing/instances/bootreceiver/trace_pipe
12-14 03:22:38.123 1468 1468 E BootReceiver: android.system.ErrnoException: open failed: ENOENT (No such file or directory)
12-14 03:22:38.123 1468 1468 E BootReceiver: at libcore.io.Linux.open(Native Method)
12-14 03:22:38.123 1468 1468 E BootReceiver: at libcore.io.ForwardingOs.open(ForwardingOs.java:567)
12-14 03:22:38.123 1468 1468 E BootReceiver: at libcore.io.BlockGuardOs.open(BlockGuardOs.java:273)
12-14 03:22:38.123 1468 1468 E BootReceiver: at android.system.Os.open(Os.java:501)
12-14 03:22:38.123 1468 1468 E BootReceiver: at com.android.server.BootReceiver.onReceive(BootReceiver.java:167)
12-14 03:22:38.123 1468 1468 E BootReceiver: at android.app.ActivityThread.handleReceiver(ActivityThread.java:4309)
12-14 03:22:38.123 1468 1468 E BootReceiver: at android.app.ActivityThread.access$1600(ActivityThread.java:248)
12-14 03:22:38.123 1468 1468 E BootReceiver: at android.app.ActivityThread$H.handleMessage(ActivityThread.java:2065)
12-14 03:22:38.123 1468 1468 E BootReceiver: at android.os.Handler.dispatchMessage(Handler.java:106)
12-14 03:22:38.123 1468 1468 E BootReceiver: at android.os.Looper.loopOnce(Looper.java:201)
12-14 03:22:38.123 1468 1468 E BootReceiver: at android.os.Looper.loop(Looper.java:288)
12-14 03:22:38.123 1468 1468 E BootReceiver: at com.android.server.SystemServer.run(SystemServer.java:908)
12-14 03:22:38.123 1468 1468 E BootReceiver: at com.android.server.SystemServer.main(SystemServer.java:615)
12-14 03:22:38.123 1468 1468 E BootReceiver: at java.lang.reflect.Method.invoke(Native Method)
12-14 03:22:38.123 1468 1468 E BootReceiver: at com.android.internal.os.RuntimeInit$MethodAndArgsCaller.run(RuntimeInit.java:548)
12-14 03:22:38.123 1468 1468 E BootReceiver: at com.android.internal.os.ZygoteInit.main(ZygoteInit.java:987)
12-14 03:22:38.124 1468 3870 I BootReceiver: No existing last log timestamp file /data/system/log-files.xml; starting empty
12-14 03:22:38.125 1468 1642 I DropBoxManagerService: add tag=system_server_wtf isTagEnabled=true flags=0x2
12-14 03:22:38.125 1468 3870 I DropBoxManagerService: add tag=SYSTEM_BOOT isTagEnabled=true flags=0x2
12-14 03:22:38.126 1468 3870 I BootReceiver: Copying audit failures to DropBox
12-14 03:22:38.127 1468 3870 I BootReceiver: Checking for fsck errors
12-14 03:22:38.127 1468 3870 I BootReceiver: fs_stat, partition:persist stat:0x3
12-14 03:22:38.127 1468 3870 I BootReceiver: fs_stat, partition:dsp_a stat:0x3
12-14 03:22:38.142 1468 3298 I ActivityManager: Process com.qualcomm.qti.devicestatisticsservice (pid 2790) has died: pers PER
12-14 03:22:38.144 1468 3298 W ActivityManager: Scheduling restart of crashed service com.qualcomm.qti.devicestatisticsservice/.DeviceStatisticsService in 0ms for persistent
12-14 03:22:38.144 1468 3298 W ActivityManager: Re-adding persistent process ProcessRecord{7735b3b 2790:com.qualcomm.qti.devicestatisticsservice/u0a70}
12-14 03:22:38.145 1468 3298 D CompatibilityChangeReporter: Compat change id reported: 135634846; UID 10070; state: DISABLED
12-14 03:22:38.145 1468 3298 D CompatibilityChangeReporter: Compat change id reported: 177438394; UID 10070; state: DISABLED
12-14 03:22:38.145 1468 3298 D CompatibilityChangeReporter: Compat change id reported: 135772972; UID 10070; state: DISABLED
12-14 03:22:38.145 1468 3298 D CompatibilityChangeReporter: Compat change id reported: 135754954; UID 10070; state: ENABLED
12-14 03:22:38.146 1468 1643 D CompatibilityChangeReporter: Compat change id reported: 143937733; UID 10070; state: ENABLED
12-14 03:22:38.152 1468 2467 D CompatibilityChangeReporter: Compat change id reported: 168419799; UID 10074; state: DISABLED
12-14 03:22:38.154 1468 1643 I ActivityManager: Start proc 3872:com.qualcomm.qti.devicestatisticsservice/u0a70 for restart com.qualcomm.qti.devicestatisticsservice
12-14 03:22:38.167 1468 1468 I NotificationService: Cannot find enqueued record for key: 0|android|13|PreBootBroadcaster|1000
12-14 03:22:38.170 1468 2467 D CompatibilityChangeReporter: Compat change id reported: 135634846; UID 1000; state: DISABLED
12-14 03:22:38.171 1468 2467 D CompatibilityChangeReporter: Compat change id reported: 177438394; UID 1000; state: DISABLED
12-14 03:22:38.171 1468 2467 D CompatibilityChangeReporter: Compat change id reported: 135772972; UID 1000; state: DISABLED
12-14 03:22:38.171 1468 2467 D CompatibilityChangeReporter: Compat change id reported: 135754954; UID 1000; state: ENABLED
01-01 08:43:06.350 0 0 I binder : 3872:3872 ioctl 40046210 7fe6d7b254 returned -22
01-01 08:43:06.351 0 0 I binder : 3370:3889 ioctl 40046210 73f2717604 returned -22
12-14 03:22:38.178 1468 1643 I ActivityManager: Start proc 3894:com.qti.diagservices/1000 for broadcast {com.qti.diagservices/com.qti.diagservices.Diag_OnBoot}
12-14 03:22:38.180 1468 1468 I NotificationService: Cannot find enqueued record for key: 0|android|13|PreBootBroadcaster|1000
12-14 03:22:38.182 1468 1468 I NotificationService: Cannot find enqueued record for key: 0|android|13|PreBootBroadcaster|1000
01-01 08:43:06.373 0 0 I binder : 3894:3894 ioctl 40046210 7fe6d7b254 returned -22
12-14 03:22:38.221 3894 3894 W ContextImpl: Calling a method in the system process without a qualified user: android.app.ContextImpl.startService:1816 android.content.ContextWrapper.startService:774 android.content.ContextWrapper.startService:774 com.qti.diagservices.Diag_OnBoot.onReceive:40 android.app.ActivityThread.handleReceiver:4309
12-14 03:22:38.233 1468 1468 I Telecom : DefaultDialerCache: Refreshing default dialer for user 0: now null: DDC.oR@AAw
12-14 03:22:38.233 1468 1468 I Telecom : MissedCallNotifierImpl: reloadAfterBootComplete: user=0: TSBCR.oR@AA0
12-14 03:22:38.234 1468 1468 I Telecom : MissedCallNotifierImpl: reloadAfterBootComplete: user=0: TSBCR.oR@AA0
12-14 03:22:38.235 1468 1468 D CompatibilityChangeReporter: Compat change id reported: 135634846; UID 10068; state: DISABLED
12-14 03:22:38.235 1468 1468 D CompatibilityChangeReporter: Compat change id reported: 177438394; UID 10068; state: DISABLED
12-14 03:22:38.235 1468 1468 D CompatibilityChangeReporter: Compat change id reported: 135772972; UID 10068; state: DISABLED
12-14 03:22:38.236 1468 1468 D CompatibilityChangeReporter: Compat change id reported: 135754954; UID 10068; state: DISABLED
12-14 03:22:38.236 1468 1643 D CompatibilityChangeReporter: Compat change id reported: 143937733; UID 10068; state: DISABLED
12-14 03:22:38.243 1468 1643 I ActivityManager: Start proc 3917:com.android.calendar/u0a68 for broadcast {com.android.calendar/com.android.calendar.UpgradeReceiver}
01-01 08:43:06.443 0 0 I binder : 3917:3917 ioctl 40046210 7fe6d7b254 returned -22
12-14 03:22:38.270 1468 1607 D CompatibilityChangeReporter: Compat change id reported: 168419799; UID 10068; state: DISABLED
12-14 03:22:38.325 1468 1609 D CompatibilityChangeReporter: Compat change id reported: 135634846; UID 10032; state: DISABLED
12-14 03:22:38.325 1468 1609 D CompatibilityChangeReporter: Compat change id reported: 177438394; UID 10032; state: DISABLED
12-14 03:22:38.326 1468 1609 D CompatibilityChangeReporter: Compat change id reported: 135772972; UID 10032; state: DISABLED
12-14 03:22:38.326 1468 1609 D CompatibilityChangeReporter: Compat change id reported: 135754954; UID 10032; state: ENABLED
12-14 03:22:38.326 1468 1643 D CompatibilityChangeReporter: Compat change id reported: 143937733; UID 10032; state: ENABLED
12-14 03:22:38.336 1468 1643 I ActivityManager: Start proc 3941:com.hryt.hiphishowfsecontrol/u0a32 for broadcast {com.hryt.hiphishowfsecontrol/com.hryt.hiphishowfsecontrol.receivers.HiPhiShowReceiver}
01-01 08:43:06.564 0 0 I binder : 3941:3941 ioctl 40046210 7fe6d7ab74 returned -22
12-14 03:22:38.392 1468 1609 D CompatibilityChangeReporter: Compat change id reported: 168419799; UID 10032; state: DISABLED
01-01 08:43:06.666 0 0 W audit : audit_lost=14 audit_rate_limit=5 audit_backlog_limit=64
01-01 08:43:06.666 0 0 E audit : rate limit exceeded
12-14 03:22:38.491 1468 1609 D CompatibilityChangeReporter: Compat change id reported: 168419799; UID 10064; state: DISABLED
12-14 03:22:38.514 1468 1609 D CompatibilityChangeReporter: Compat change id reported: 135634846; UID 1000; state: DISABLED
12-14 03:22:38.514 1468 1609 D CompatibilityChangeReporter: Compat change id reported: 177438394; UID 1000; state: DISABLED
12-14 03:22:38.514 1468 1609 D CompatibilityChangeReporter: Compat change id reported: 135772972; UID 1000; state: DISABLED
12-14 03:22:38.514 1468 1609 D CompatibilityChangeReporter: Compat change id reported: 135754954; UID 1000; state: ENABLED
12-14 03:22:38.526 1468 1643 I ActivityManager: Start proc 3966:com.android.dynsystem/1000 for broadcast {com.android.dynsystem/com.android.dynsystem.BootCompletedReceiver}
01-01 08:43:06.732 0 0 I binder : 3966:3966 ioctl 40046210 7fe6d7b254 returned -22
12-14 03:22:38.556 517 639 I vold : Bind mounting /mnt/runtime/default/emulated/0/Android/data on /mnt/user/0/emulated/0/Android/data
12-14 03:22:38.558 517 639 I vold : Bind mounted /mnt/runtime/default/emulated/0/Android/data on /mnt/user/0/emulated/0/Android/data
12-14 03:22:38.558 517 639 I vold : Bind mounting /mnt/runtime/default/emulated/0/Android/obb on /mnt/user/0/emulated/0/Android/obb
12-14 03:22:38.558 1468 1609 D CompatibilityChangeReporter: Compat change id reported: 168419799; UID 1000; state: DISABLED
12-14 03:22:38.560 517 639 I vold : Bind mounted /mnt/runtime/default/emulated/0/Android/obb on /mnt/user/0/emulated/0/Android/obb
12-14 03:22:38.560 517 639 I vold : Bind mounting /mnt/runtime/write/emulated/0/Android/obb on /mnt/installer/0/emulated/0/Android/obb
12-14 03:22:38.560 517 639 I vold : Bind mounted /mnt/runtime/write/emulated/0/Android/obb on /mnt/installer/0/emulated/0/Android/obb
12-14 03:22:38.560 517 639 I vold : Configuring read_ahead of /mnt/user/0/emulated fuse filesystem to 256kb
12-14 03:22:38.561 517 639 I vold : Writing 256 to /sys/class/bdi/0:59/read_ahead_kb
12-14 03:22:38.561 517 639 I vold : Configuring max_ratio of /mnt/user/0/emulated fuse filesystem to 40
12-14 03:22:38.561 517 639 I vold : Writing 40 to /sys/class/bdi/0:59/max_ratio
12-14 03:22:38.563 1468 2009 I StorageManagerService: Mounted volume VolumeInfo{emulated;0}:
12-14 03:22:38.563 1468 2009 I StorageManagerService: type=EMULATED diskId=null partGuid= mountFlags=PRIMARY|VISIBLE
12-14 03:22:38.563 1468 2009 I StorageManagerService: mountUserId=0 state=MOUNTED
12-14 03:22:38.563 1468 2009 I StorageManagerService: fsType=null fsUuid=null fsLabel=null
12-14 03:22:38.563 1468 2009 I StorageManagerService: path=/storage/emulated internalPath=/data/media
12-14 03:22:38.565 1468 2009 I StorageSessionController: Notifying volume state changed for session with id: emulated;0
12-14 03:22:38.591 1468 2009 I StorageSessionController: Notifying volume state changed for session with id: emulated;0
12-14 03:22:38.595 1468 2009 I StorageSessionController: Notifying volume state changed for session with id: emulated;0
12-14 03:22:38.605 1468 2318 D CompatibilityChangeReporter: Compat change id reported: 135634846; UID 1000; state: DISABLED
12-14 03:22:38.605 1468 2318 D CompatibilityChangeReporter: Compat change id reported: 177438394; UID 1000; state: DISABLED
12-14 03:22:38.606 1468 2318 D CompatibilityChangeReporter: Compat change id reported: 135772972; UID 1000; state: DISABLED
12-14 03:22:38.606 1468 2318 D CompatibilityChangeReporter: Compat change id reported: 135754954; UID 1000; state: ENABLED
12-14 03:22:38.609 1468 2009 D StorageManagerService: Volume emulated;0 broadcasting checking to UserHandle{0}
12-14 03:22:38.610 1468 2009 D StorageManagerService: Volume emulated;0 broadcasting mounted to UserHandle{0}
12-14 03:22:38.612 1468 1607 D CompatibilityChangeReporter: Compat change id reported: 135634846; UID 10063; state: DISABLED
12-14 03:22:38.612 1468 1607 D CompatibilityChangeReporter: Compat change id reported: 177438394; UID 10063; state: DISABLED
12-14 03:22:38.612 1468 1607 D CompatibilityChangeReporter: Compat change id reported: 135772972; UID 10063; state: DISABLED
12-14 03:22:38.612 1468 1607 D CompatibilityChangeReporter: Compat change id reported: 135754954; UID 10063; state: DISABLED
12-14 03:22:38.616 1468 1643 I ActivityManager: Start proc 3991:com.android.dynsystem:dynsystem/1000 for service {com.android.dynsystem/com.android.dynsystem.DynamicSystemInstallationService}
12-14 03:22:38.616 1468 1643 D CompatibilityChangeReporter: Compat change id reported: 143937733; UID 10063; state: DISABLED
12-14 03:22:38.625 1468 1643 I ActivityManager: Start proc 3992:com.android.gallery3d/u0a63 for broadcast {com.android.gallery3d/com.android.camera.DisableCameraReceiver}
01-01 08:43:06.815 0 0 I binder : 3991:3991 ioctl 40046210 7fe6d7b254 returned -22
01-01 08:43:06.822 0 0 I binder : 3992:3992 ioctl 40046210 7fe6d7b254 returned -22
12-14 03:22:38.647 1468 1609 D CompatibilityChangeReporter: Compat change id reported: 168419799; UID 10063; state: DISABLED
12-14 03:22:38.668 1468 1609 I DynamicSystemService: isInstalled(): false
12-14 03:22:38.696 1468 1609 D CompatibilityChangeReporter: Compat change id reported: 135634846; UID 10069; state: DISABLED
12-14 03:22:38.697 1468 1609 D CompatibilityChangeReporter: Compat change id reported: 177438394; UID 10069; state: DISABLED
12-14 03:22:38.697 1468 1609 D CompatibilityChangeReporter: Compat change id reported: 135772972; UID 10069; state: DISABLED
12-14 03:22:38.697 1468 1609 D CompatibilityChangeReporter: Compat change id reported: 135754954; UID 10069; state: ENABLED
12-14 03:22:38.698 1468 1643 D CompatibilityChangeReporter: Compat change id reported: 143937733; UID 10069; state: ENABLED
12-14 03:22:38.704 1468 1643 I ActivityManager: Start proc 4068:com.android.inputmethod.latin/u0a69 for broadcast {com.android.inputmethod.latin/com.android.inputmethod.latin.SystemBroadcastReceiver}
01-01 08:43:06.898 0 0 I binder : 4068:4068 ioctl 40046210 7fe6d7b254 returned -22
12-14 03:22:38.724 1468 1609 D CompatibilityChangeReporter: Compat change id reported: 168419799; UID 10069; state: DISABLED
12-14 03:22:38.726 1468 1607 D CompatibilityChangeReporter: Compat change id reported: 149924527; UID 10095; state: ENABLED
12-14 03:22:38.727 1468 1607 D CompatibilityChangeReporter: Compat change id reported: 132649864; UID 10095; state: DISABLED
12-14 03:22:38.727 1468 1607 D CompatibilityChangeReporter: Compat change id reported: 182734110; UID 10095; state: DISABLED
12-14 03:22:38.797 1468 1607 I ActivityManager: Process com.android.inputmethod.latin (pid 4068) has died: fg RCVR
12-14 03:22:38.808 1468 1642 D CompatibilityChangeReporter: Compat change id reported: 168419799; UID 10024; state: DISABLED
12-14 03:22:38.816 1468 1607 D CompatibilityChangeReporter: Compat change id reported: 168419799; UID 10019; state: DISABLED
12-14 03:22:38.820 1468 1935 D CompatibilityChangeReporter: Compat change id reported: 135634846; UID 10089; state: DISABLED
12-14 03:22:38.820 1468 1935 D CompatibilityChangeReporter: Compat change id reported: 177438394; UID 10089; state: DISABLED
12-14 03:22:38.820 1468 1935 D CompatibilityChangeReporter: Compat change id reported: 135772972; UID 10089; state: DISABLED
12-14 03:22:38.820 1468 1935 D CompatibilityChangeReporter: Compat change id reported: 135754954; UID 10089; state: ENABLED
12-14 03:22:38.820 1468 1643 D CompatibilityChangeReporter: Compat change id reported: 143937733; UID 10089; state: ENABLED
12-14 03:22:38.829 1468 1643 I ActivityManager: Start proc 4099:com.android.music/u0a89 for broadcast {com.android.music/com.android.music.MediaPlaybackReceiver}
12-14 03:22:38.831 1468 1935 D CompatibilityChangeReporter: Compat change id reported: 172100307; UID 10095; state: DISABLED
01-01 08:43:07.025 0 0 I binder : 4099:4099 ioctl 40046210 7fe6d7b254 returned -22
12-14 03:22:38.847 1468 1607 D CompatibilityChangeReporter: Compat change id reported: 168419799; UID 10089; state: DISABLED
12-14 03:22:38.871 1468 3298 D CompatibilityChangeReporter: Compat change id reported: 168419799; UID 10033; state: DISABLED
01-01 08:43:07.086 0 0 D : mv2112_read_status
01-01 08:43:07.086 0 0 D mv2112_update_link: 3.0x901(1G): 0x80
01-01 08:43:07.086 0 0 D mv2112_update_link: 3.0x8109(100M): 0x8
01-01 08:43:07.086 0 0 D mv2112_update_link: link 0x0
01-01 08:43:07.086 0 0 D mv2112_read_status: autoneg is disabled
12-14 03:22:38.905 1468 3298 D CompatibilityChangeReporter: Compat change id reported: 135634846; UID 1027; state: DISABLED
12-14 03:22:38.914 1468 1643 I ActivityManager: Start proc 4121:com.android.nfc/1027 for broadcast {com.android.nfc/com.android.nfc.NfcBootCompletedReceiver}
01-01 08:43:07.111 0 0 I binder : 4121:4121 ioctl 40046210 7fe6d7b254 returned -22
12-14 03:22:38.934 1468 1935 D CompatibilityChangeReporter: Compat change id reported: 168419799; UID 1027; state: DISABLED
01-01 08:43:07.198 0 0 I : read descriptors
01-01 08:43:07.198 0 0 I : read strings
12-14 03:22:39.053 1468 1668 I ActivityManager: Killing 4121:com.android.nfc/1027 (adj 0): change com.android.nfc
12-14 03:22:39.055 1468 1631 D CompanionDeviceManagerService: onPackageModified(packageName = com.android.nfc)
12-14 03:22:39.060 1468 1468 I Telecom : DefaultDialerCache: Refreshing default dialer for user 0: now null: DDC.oR@ABI
12-14 03:22:39.061 1468 1642 D CompatibilityChangeReporter: Compat change id reported: 135634846; UID 10060; state: DISABLED
12-14 03:22:39.062 1468 1642 D CompatibilityChangeReporter: Compat change id reported: 177438394; UID 10060; state: DISABLED
12-14 03:22:39.062 1468 1642 D CompatibilityChangeReporter: Compat change id reported: 135772972; UID 10060; state: DISABLED
12-14 03:22:39.062 1468 1642 D CompatibilityChangeReporter: Compat change id reported: 135754954; UID 10060; state: ENABLED
12-14 03:22:39.062 1468 1643 D CompatibilityChangeReporter: Compat change id reported: 143937733; UID 10060; state: ENABLED
12-14 03:22:39.071 1468 1643 I ActivityManager: Start proc 4150:com.android.onetimeinitializer/u0a60 for broadcast {com.android.onetimeinitializer/com.android.onetimeinitializer.OneTimeInitializerReceiver}
01-01 08:43:07.267 0 0 I binder : 4150:4150 ioctl 40046210 7fe6d7b254 returned -22
12-14 03:22:39.089 1468 1609 D CompatibilityChangeReporter: Compat change id reported: 168419799; UID 10060; state: DISABLED
12-14 03:22:39.147 1468 1641 W VoiceInteractionManager: no available voice recognition services found for user 0
12-14 03:22:39.171 4150 4166 E ActivityThread: Failed to find provider info for com.android.launcher2.settings
12-14 03:22:39.184 1468 2464 V ActivityManager: Got obituary of 4121:com.android.nfc
12-14 03:22:39.197 1468 2464 I ActivityManager: com.android.packageinstaller is exempt from freezer
12-14 03:22:39.198 1468 2464 D CompatibilityChangeReporter: Compat change id reported: 135634846; UID 10025; state: DISABLED
12-14 03:22:39.198 1468 2464 D CompatibilityChangeReporter: Compat change id reported: 177438394; UID 10025; state: DISABLED
12-14 03:22:39.198 1468 2464 D CompatibilityChangeReporter: Compat change id reported: 135772972; UID 10025; state: DISABLED
12-14 03:22:39.198 1468 2464 D CompatibilityChangeReporter: Compat change id reported: 135754954; UID 10025; state: ENABLED
12-14 03:22:39.198 1468 1643 D CompatibilityChangeReporter: Compat change id reported: 143937733; UID 10025; state: ENABLED
12-14 03:22:39.206 1468 1643 I ActivityManager: Start proc 4168:com.android.packageinstaller/u0a25 for broadcast {com.android.packageinstaller/com.android.packageinstaller.TemporaryFileManager}
01-01 08:43:07.408 0 0 I binder : 4168:4168 ioctl 40046210 7fe6d7b254 returned -22
12-14 03:22:39.236 1468 2464 D CompatibilityChangeReporter: Compat change id reported: 168419799; UID 10025; state: DISABLED
12-14 03:22:39.301 1468 2464 D CompatibilityChangeReporter: Compat change id reported: 168419799; UID 10094; state: DISABLED
12-14 03:22:39.313 1468 2464 D CompatibilityChangeReporter: Compat change id reported: 168419799; UID 10018; state: DISABLED
12-14 03:22:39.329 1468 1935 D CompatibilityChangeReporter: Compat change id reported: 171306433; UID 10018; state: ENABLED
12-14 03:22:39.346 1468 1935 D CompatibilityChangeReporter: Compat change id reported: 168419799; UID 1000; state: DISABLED
12-14 03:22:39.370 1468 1935 I ActivityManager: com.android.shell is exempt from freezer
12-14 03:22:39.371 1468 1935 D CompatibilityChangeReporter: Compat change id reported: 135634846; UID 2000; state: DISABLED
12-14 03:22:39.371 1468 1935 D CompatibilityChangeReporter: Compat change id reported: 177438394; UID 2000; state: DISABLED
12-14 03:22:39.371 1468 1935 D CompatibilityChangeReporter: Compat change id reported: 135772972; UID 2000; state: DISABLED
12-14 03:22:39.371 1468 1935 D CompatibilityChangeReporter: Compat change id reported: 135754954; UID 2000; state: ENABLED
12-14 03:22:39.381 1468 1643 I ActivityManager: Start proc 4191:com.android.shell/2000 for broadcast {com.android.shell/com.android.shell.HeapDumpReceiver}
01-01 08:43:07.577 0 0 I binder : 4191:4191 ioctl 40046210 7fe6d7b254 returned -22
12-14 03:22:39.401 1468 1935 D CompatibilityChangeReporter: Compat change id reported: 168419799; UID 2000; state: DISABLED
12-14 03:22:39.448 1468 1935 D CompatibilityChangeReporter: Compat change id reported: 135634846; UID 1001; state: DISABLED
12-14 03:22:39.448 1468 1935 D CompatibilityChangeReporter: Compat change id reported: 177438394; UID 1001; state: DISABLED
12-14 03:22:39.449 1468 1935 D CompatibilityChangeReporter: Compat change id reported: 135772972; UID 1001; state: DISABLED
12-14 03:22:39.449 1468 1935 D CompatibilityChangeReporter: Compat change id reported: 135754954; UID 1001; state: ENABLED
12-14 03:22:39.459 1468 1643 I Watchdog: Interesting Java process com.android.phone started. Pid 4207
12-14 03:22:39.459 1468 1643 I ActivityManager: Start proc 4207:com.android.phone/1001 for broadcast {com.android.stk/com.android.stk.BootCompletedReceiver}
01-01 08:43:07.650 0 0 I binder : 4207:4207 ioctl 40046210 7fe6d7b254 returned -22
12-14 03:22:39.523 1468 1935 W BroadcastQueue: Permission Denial: receiving Intent { act=android.intent.action.BOOT_COMPLETED flg=0x89000010 (has extras) } to com.baidu.input/.directboot.DirectBootReceiver requires android.permission.RECEIVE_BOOT_COMPLETED due to sender null (uid 1000)
12-14 03:22:39.524 1468 1642 W BroadcastQueue: Permission Denial: receiving Intent { act=android.intent.action.BOOT_COMPLETED flg=0x89000010 (has extras) } to com.baidu.input/.switchguide.InputMethodChangedReceiver requires android.permission.RECEIVE_BOOT_COMPLETED due to sender null (uid 1000)
12-14 03:22:39.526 1468 1642 D CompatibilityChangeReporter: Compat change id reported: 168419799; UID 10090; state: DISABLED
12-14 03:22:39.534 1468 2464 D CompatibilityChangeReporter: Compat change id reported: 135634846; UID 10078; state: DISABLED
12-14 03:22:39.534 1468 2464 D CompatibilityChangeReporter: Compat change id reported: 177438394; UID 10078; state: DISABLED
12-14 03:22:39.534 1468 2464 D CompatibilityChangeReporter: Compat change id reported: 135772972; UID 10078; state: DISABLED
12-14 03:22:39.534 1468 2464 D CompatibilityChangeReporter: Compat change id reported: 135754954; UID 10078; state: ENABLED
12-14 03:22:39.535 1468 1643 D CompatibilityChangeReporter: Compat change id reported: 143937733; UID 10078; state: ENABLED
12-14 03:22:39.544 1468 1643 I ActivityManager: Start proc 4224:com.qti.ltebc/u0a78 for broadcast {com.qti.ltebc/com.qualcomm.ltebc.LTEBroadcastBootReceiver}
12-14 03:22:39.551 1468 1935 D CompatibilityChangeReporter: Compat change id reported: 149924527; UID 10090; state: ENABLED
12-14 03:22:39.552 1468 1935 D CompatibilityChangeReporter: Compat change id reported: 132649864; UID 10090; state: DISABLED
01-01 08:43:07.745 0 0 I binder : 4224:4224 ioctl 40046210 7fe6d7b254 returned -22
12-14 03:22:39.574 1468 1935 D CompatibilityChangeReporter: Compat change id reported: 168419799; UID 10078; state: DISABLED
12-14 03:22:39.782 3299 4248 E ActivityThread: Failed to find provider info for com.tcl.xian.StartandroidService.MyContentProvider
01-01 08:43:08.110 0 0 D : mv2112_read_status
01-01 08:43:08.110 0 0 D mv2112_update_link: 3.0x901(1G): 0x80
01-01 08:43:08.110 0 0 D mv2112_update_link: 3.0x8109(100M): 0x8
01-01 08:43:08.110 0 0 D mv2112_update_link: link 0x0
01-01 08:43:08.110 0 0 D mv2112_read_status: autoneg is disabled
12-14 03:22:39.975 1468 1935 D CompatibilityChangeReporter: Compat change id reported: 168419799; UID 10053; state: DISABLED
12-14 03:22:39.977 1468 1935 D CompatibilityChangeReporter: Compat change id reported: 171306433; UID 10078; state: ENABLED
12-14 03:22:39.983 1468 1935 D CompatibilityChangeReporter: Compat change id reported: 168419799; UID 10079; state: DISABLED
12-14 03:22:39.989 1468 1935 D CompatibilityChangeReporter: Compat change id reported: 168419799; UID 10073; state: DISABLED
12-14 03:22:39.991 1468 1609 D CompatibilityChangeReporter: Compat change id reported: 168419799; UID 10083; state: DISABLED
12-14 03:22:39.998 1468 1609 D CompatibilityChangeReporter: Compat change id reported: 168419799; UID 10087; state: DISABLED
12-14 03:22:40.002 1468 2464 D CompatibilityChangeReporter: Compat change id reported: 135634846; UID 10058; state: DISABLED
12-14 03:22:40.003 1468 1643 D CompatibilityChangeReporter: Compat change id reported: 143937733; UID 10058; state: DISABLED
12-14 03:22:40.007 1468 2464 I ActivityManager: Process com.qti.ltebc (pid 4224) has died: cch+5 CEM
12-14 03:22:40.016 1468 1643 I ActivityManager: Start proc 4270:com.qualcomm.qti.qms.service.connectionsecurity/u0a58 for broadcast {com.qualcomm.qti.qms.service.connectionsecurity/com.qualcomm.qti.qms.service.connectionsecurity.ConnSecBroadcastReceiver}
01-01 08:43:08.219 0 0 I binder : 4270:4270 ioctl 40046210 ffc07fb8 returned -22
12-14 03:22:40.044 1468 2464 D CompatibilityChangeReporter: Compat change id reported: 168419799; UID 10058; state: DISABLED
01-01 08:43:08.225 0 0 I : read descriptors
01-01 08:43:08.225 0 0 I : read strings
12-14 03:22:40.077 1468 2464 D CompatibilityChangeReporter: Compat change id reported: 168419799; UID 1001; state: DISABLED
12-14 03:22:40.080 1468 2464 D CompatibilityChangeReporter: Compat change id reported: 168419799; UID 10085; state: DISABLED
01-01 08:43:08.263 0 0 I binder : 3428:3428 ioctl 40046210 7fe6d7a904 returned -22
12-14 03:22:40.085 1468 2464 D CompatibilityChangeReporter: Compat change id reported: 168419799; UID 10086; state: DISABLED
12-14 03:22:40.100 1468 1609 D CompatibilityChangeReporter: Compat change id reported: 135634846; UID 1000; state: DISABLED
12-14 03:22:40.100 1468 1609 D CompatibilityChangeReporter: Compat change id reported: 177438394; UID 1000; state: DISABLED
12-14 03:22:40.101 1468 1609 D CompatibilityChangeReporter: Compat change id reported: 135772972; UID 1000; state: DISABLED
12-14 03:22:40.102 1468 1609 D CompatibilityChangeReporter: Compat change id reported: 135754954; UID 1000; state: ENABLED
12-14 03:22:40.112 1468 1643 I ActivityManager: Start proc 4292:com.thundercomm.gamemode/1000 for broadcast {com.thundercomm.gamemode/com.thundercomm.gamemode.ingame.services.BootCompletedReceiver}
01-01 08:43:08.315 0 0 I binder : 4292:4292 ioctl 40046210 7fe6d7b254 returned -22
12-14 03:22:40.226 1468 2464 D CompatibilityChangeReporter: Compat change id reported: 168419799; UID 1000; state: DISABLED
12-14 03:22:40.235 1468 3298 I ActivityManager: Finished processing BOOT_COMPLETED for u0
12-14 03:22:40.237 1468 3298 D CompatibilityChangeReporter: Compat change id reported: 168419799; UID 10028; state: DISABLED
01-01 08:43:08.430 0 0 I display_panel_avdd: disabling
01-01 08:43:08.431 0 0 I vdd_tof : disabling
12-14 03:22:40.251 4292 4292 W ContextImpl: Calling a method in the system process without a qualified user: android.app.ContextImpl.startService:1816 android.content.ContextWrapper.startService:774 com.thundercomm.gamemode.ingame.services.GameModeActionUtils.startGameModeService:99 com.thundercomm.gamemode.ingame.services.GameModeActionUtils.startGameModeEntry:22 com.thundercomm.gamemode.ingame.services.ActivityMonitoringService$1.onActivityLaunch:127
12-14 03:22:40.255 1468 3298 D CompatibilityChangeReporter: Compat change id reported: 168419799; UID 10095; state: DISABLED
12-14 03:22:40.257 1468 1468 I GameModeConfig: Current uri is uri = content://com.thundercomm.gamemode.api/gamemode_settings/gamemode_isgaming
12-14 03:22:40.261 1468 3298 D CompatibilityChangeReporter: Compat change id reported: 135634846; UID 10078; state: DISABLED
12-14 03:22:40.261 1468 3298 D CompatibilityChangeReporter: Compat change id reported: 177438394; UID 10078; state: DISABLED
12-14 03:22:40.262 1468 3298 D CompatibilityChangeReporter: Compat change id reported: 135772972; UID 10078; state: DISABLED
12-14 03:22:40.262 1468 3298 D CompatibilityChangeReporter: Compat change id reported: 135754954; UID 10078; state: ENABLED
12-14 03:22:40.262 1468 1643 D CompatibilityChangeReporter: Compat change id reported: 143937733; UID 10078; state: ENABLED
12-14 03:22:40.264 1468 1468 I GameModeConfig: isGameModeOn = false
12-14 03:22:40.265 1468 1468 I GameModeConfig: isGameModeOn = false
12-14 03:22:40.265 1468 1468 I GameModeConfig: isDisableVoice = true
12-14 03:22:40.266 1468 2313 I GameModeConfig: isGameModeOn = false
12-14 03:22:40.266 1468 2313 I GameModeConfig: isGameModeOn = false
12-14 03:22:40.266 1468 2313 I GameModeConfig: isGameModeOn = false
12-14 03:22:40.269 1468 1643 I ActivityManager: Start proc 4313:com.qti.ltebc/u0a78 for broadcast {com.qti.ltebc/com.qualcomm.ltebc.LTEBroadcastReceiver}
01-01 08:43:08.464 0 0 I binder : 4313:4313 ioctl 40046210 7fe6d7b254 returned -22
12-14 03:22:40.290 1468 2464 D CompatibilityChangeReporter: Compat change id reported: 168419799; UID 10078; state: DISABLED
12-14 03:22:40.294 1468 3300 D CompatibilityChangeReporter: Compat change id reported: 135634846; UID 1000; state: DISABLED
12-14 03:22:40.294 1468 3300 D CompatibilityChangeReporter: Compat change id reported: 177438394; UID 1000; state: DISABLED
12-14 03:22:40.294 1468 3300 D CompatibilityChangeReporter: Compat change id reported: 135772972; UID 1000; state: DISABLED
12-14 03:22:40.294 1468 3300 D CompatibilityChangeReporter: Compat change id reported: 135754954; UID 1000; state: ENABLED
12-14 03:22:40.301 1468 1643 I ActivityManager: Start proc 4327:com.android.localtransport/1000 for service {com.android.localtransport/com.android.localtransport.LocalTransportService}
01-01 08:43:08.492 0 0 I binder : 4327:4327 ioctl 40046210 7fe6d7b254 returned -22
12-14 03:22:40.331 1468 1468 I TransportClient: LocalTransportService#0: Notifying [TransportManager.registerTransport()] transport = IBackupTransport
01-01 08:43:08.510 0 0 I IRQ 5 : no longer affine to CPU5
12-14 03:22:40.335 1468 3300 D BackupTransportManager: Transport com.android.localtransport/.LocalTransportService registered
12-14 03:22:40.335 1468 3300 D BackupManagerService: [UserID:0] Transport com.android.localtransport/.LocalTransport registered 3048ms after first request (delay = 3000ms)
12-14 03:22:40.687 1468 3298 I ActivityManager: Process com.qti.ltebc (pid 4313) has died: fg RCVR
12-14 03:22:40.693 1468 1642 D CompatibilityChangeReporter: Compat change id reported: 168419799; UID 10063; state: DISABLED
01-01 08:43:08.897 0 0 I binder : 4292:4354 ioctl 40046210 7390fff124 returned -22
01-01 08:43:09.134 0 0 D : mv2112_read_status
01-01 08:43:09.134 0 0 D mv2112_update_link: 3.0x901(1G): 0x80
01-01 08:43:09.134 0 0 D mv2112_update_link: 3.0x8109(100M): 0x8
01-01 08:43:09.134 0 0 D mv2112_update_link: link 0x0
01-01 08:43:09.134 0 0 D mv2112_read_status: autoneg is disabled
01-01 08:43:09.250 0 0 I : read descriptors
01-01 08:43:09.250 0 0 I : read strings
01-01 08:43:10.158 0 0 D : mv2112_read_status
01-01 08:43:10.159 0 0 D mv2112_update_link: 3.0x901(1G): 0x80
01-01 08:43:10.159 0 0 D mv2112_update_link: 3.0x8109(100M): 0x8
01-01 08:43:10.159 0 0 D mv2112_update_link: link 0x0
01-01 08:43:10.159 0 0 D mv2112_read_status: autoneg is disabled
01-01 08:43:10.266 0 0 I : read descriptors
01-01 08:43:10.266 0 0 I : read strings
01-01 08:43:10.441 0 0 W perfetto: disabled ftrace
12-14 03:22:42.288 1154 3341 I iorapd : Perfetto TraceBuffer saved to file: /data/misc/iorapd/com.android.provision/31/com.android.provision.DefaultActivity/raw_traces/1670959362287212804.perfetto_trace.pb
12-14 03:22:42.453 1468 3298 W ActivityManager: Unable to start service Intent { act=android.intent.action.START_LEBO_SERVICE pkg=com.hpplay.happyplay.aw } U=0: not found
01-01 08:43:11.182 0 0 D : mv2112_read_status
01-01 08:43:11.182 0 0 D mv2112_update_link: 3.0x901(1G): 0x80
01-01 08:43:11.182 0 0 D mv2112_update_link: 3.0x8109(100M): 0x8
01-01 08:43:11.182 0 0 D mv2112_update_link: link 0x0
01-01 08:43:11.182 0 0 D mv2112_read_status: autoneg is disabled
01-01 08:43:11.286 0 0 I : read descriptors
01-01 08:43:11.286 0 0 I : read strings
01-01 08:43:12.206 0 0 D : mv2112_read_status
01-01 08:43:12.207 0 0 D mv2112_update_link: 3.0x901(1G): 0x80
01-01 08:43:12.207 0 0 D mv2112_update_link: 3.0x8109(100M): 0x8
01-01 08:43:12.207 0 0 D mv2112_update_link: link 0x0
01-01 08:43:12.207 0 0 D mv2112_read_status: autoneg is disabled
01-01 08:43:12.303 0 0 I : read descriptors
01-01 08:43:12.303 0 0 I : read strings
12-14 03:22:44.980 1468 1642 D CompatibilityChangeReporter: Compat change id reported: 135634846; UID 10078; state: DISABLED
12-14 03:22:44.980 1468 1642 D CompatibilityChangeReporter: Compat change id reported: 177438394; UID 10078; state: DISABLED
12-14 03:22:44.981 1468 1642 D CompatibilityChangeReporter: Compat change id reported: 135772972; UID 10078; state: DISABLED
12-14 03:22:44.981 1468 1642 D CompatibilityChangeReporter: Compat change id reported: 135754954; UID 10078; state: ENABLED
12-14 03:22:44.981 1468 1643 D CompatibilityChangeReporter: Compat change id reported: 143937733; UID 10078; state: ENABLED
12-14 03:22:45.007 1468 1643 I ActivityManager: Start proc 4409:com.qti.ltebc/u0a78 for broadcast {com.qti.ltebc/com.qualcomm.ltebc.LTEBroadcastAlarmReceiver}
01-01 08:43:13.219 0 0 I binder : 4409:4409 ioctl 40046210 7fe6d7b254 returned -22
01-01 08:43:13.231 0 0 D : mv2112_read_status
01-01 08:43:13.231 0 0 D mv2112_update_link: 3.0x901(1G): 0x80
01-01 08:43:13.231 0 0 D mv2112_update_link: 3.0x8109(100M): 0x8
01-01 08:43:13.231 0 0 D mv2112_update_link: link 0x0
01-01 08:43:13.231 0 0 D mv2112_read_status: autoneg is disabled
01-01 08:43:13.287 0 0 I binder : 2644:4424 ioctl 40046210 73f9612f04 returned -22
01-01 08:43:13.355 0 0 I init : processing action (sys.tlog.pstore.active=1) from (/system/etc/init/tlogd.rc:122)
01-01 08:43:13.357 0 0 I init : Command 'start pstore_save' action=sys.tlog.pstore.active=1 (/system/etc/init/tlogd.rc:124) took 0ms and failed: Could not start service: Could not get process context
01-01 08:43:13.358 0 0 I : read descriptors
01-01 08:43:13.359 0 0 I : read strings
01-01 08:43:13.362 0 0 I logd : start watching /data/system/packages.list ...
01-01 08:43:13.364 0 0 I logd : ReadPackageList, total packages: 104
12-14 03:22:45.226 1468 1631 D CompanionDeviceManagerService: onPackageModified(packageName = com.android.stk)
12-14 03:22:45.231 1468 1631 D CompanionDeviceManagerService: onPackageModified(packageName = com.android.calendar)
12-14 03:22:45.232 1468 1468 I Telecom : DefaultDialerCache: Refreshing default dialer for user 0: now null: DDC.oR@ABM
12-14 03:22:45.236 1468 1631 D CompanionDeviceManagerService: onPackageModified(packageName = com.android.gallery3d)
12-14 03:22:45.242 1468 1631 D CompanionDeviceManagerService: onPackageModified(packageName = com.android.inputmethod.latin)
01-01 08:43:13.427 0 0 I init : starting service 'idmap2d'...
12-14 03:22:45.250 1468 1631 D CompanionDeviceManagerService: onPackageModified(packageName = com.android.settings)
12-14 03:22:45.250 1468 1631 D CompanionDeviceManagerService: onPackageModified(packageName = com.android.systemui)
12-14 03:22:45.250 1468 1631 D CompanionDeviceManagerService: onPackageModified(packageName = com.android.permissioncontroller)
12-14 03:22:45.255 1468 1468 I Telecom : DefaultDialerCache: Refreshing default dialer for user 0: now null: DDC.oR@ABQ
12-14 03:22:45.257 1468 1631 D CompanionDeviceManagerService: onPackageModified(packageName = com.android.traceur)
12-14 03:22:45.258 1468 1468 I Telecom : DefaultDialerCache: Refreshing default dialer for user 0: now null: DDC.oR@ABU
12-14 03:22:45.258 1468 1468 I Telecom : DefaultDialerCache: Refreshing default dialer for user 0: now null: DDC.oR@ABY
12-14 03:22:45.259 1468 1468 I Telecom : DefaultDialerCache: Refreshing default dialer for user 0: now null: DDC.oR@ABc
12-14 03:22:45.259 1468 1468 I Telecom : DefaultDialerCache: Refreshing default dialer for user 0: now null: DDC.oR@ABg
12-14 03:22:45.262 1468 1468 I Telecom : DefaultDialerCache: Refreshing default dialer for user 0: now null: DDC.oR@ABk
12-14 03:22:45.263 1468 1641 W VoiceInteractionManager: no available voice recognition services found for user 0
12-14 03:22:45.264 1468 1631 D CompanionDeviceManagerService: onPackageModified(packageName = com.android.bluetooth)
12-14 03:22:45.266 1468 1468 I Telecom : DefaultDialerCache: Refreshing default dialer for user 0: now null: DDC.oR@ABo
12-14 03:22:45.267 1468 1468 I Telecom : DefaultDialerCache: Refreshing default dialer for user 0: now null: DDC.oR@ABs
01-01 08:43:13.439 0 0 I init : Control message: Processed ctl.start for 'idmap2d' from pid: 1468 (system_server)
12-14 03:22:45.277 1468 1641 W VoiceInteractionManager: no available voice recognition services found for user 0
01-01 08:43:13.462 0 0 I binder : 4439:4439 ioctl 40046210 7ff72bafe4 returned -22
12-14 03:22:45.287 1468 1641 W VoiceInteractionManager: no available voice recognition services found for user 0
12-14 03:22:45.305 1468 1641 W VoiceInteractionManager: no available voice recognition services found for user 0
12-14 03:22:45.312 1468 1641 W VoiceInteractionManager: no available voice recognition services found for user 0
12-14 03:22:45.316 1468 1641 W VoiceInteractionManager: no available voice recognition services found for user 0
12-14 03:22:45.321 1468 1641 W VoiceInteractionManager: no available voice recognition services found for user 0
12-14 03:22:45.326 1468 1641 W VoiceInteractionManager: no available voice recognition services found for user 0
12-14 03:22:45.340 1468 1641 W VoiceInteractionManager: no available voice recognition services found for user 0
12-14 03:22:45.378 1468 1609 D CompatibilityChangeReporter: Compat change id reported: 168419799; UID 10078; state: DISABLED
12-14 03:22:45.433 1468 1609 D CompatibilityChangeReporter: Compat change id reported: 135634846; UID 10056; state: DISABLED
12-14 03:22:45.433 1468 1609 D CompatibilityChangeReporter: Compat change id reported: 177438394; UID 10056; state: DISABLED
12-14 03:22:45.433 1468 1609 D CompatibilityChangeReporter: Compat change id reported: 135772972; UID 10056; state: DISABLED
12-14 03:22:45.433 1468 1609 D CompatibilityChangeReporter: Compat change id reported: 135754954; UID 10056; state: DISABLED
12-14 03:22:45.433 1468 1643 D CompatibilityChangeReporter: Compat change id reported: 143937733; UID 10056; state: DISABLED
12-14 03:22:45.453 1468 1643 I ActivityManager: Start proc 4455:com.qualcomm.qti.qms.service.trustzoneaccess/u0a56 for service {com.qualcomm.qti.qms.service.trustzoneaccess/com.qualcomm.qti.qms.service.trustzoneaccess.TZAccessService}
01-01 08:43:13.656 0 0 I binder : 4455:4455 ioctl 40046210 7fe6d7b254 returned -22
12-14 03:22:45.483 1468 1609 D CompatibilityChangeReporter: Compat change id reported: 168419799; UID 10056; state: DISABLED
12-14 03:22:45.485 1468 1609 D CompatibilityChangeReporter: Compat change id reported: 181136395; UID 1000; state: DISABLED
12-14 03:22:45.486 1468 1609 D CompatibilityChangeReporter: Compat change id reported: 174042936; UID 1000; state: DISABLED
12-14 03:22:45.592 1468 3298 I ActivityManager: Process com.qti.ltebc (pid 4409) has died: cch+5 CEM
01-01 08:43:14.254 0 0 D : mv2112_read_status
01-01 08:43:14.254 0 0 D mv2112_update_link: 3.0x901(1G): 0x80
01-01 08:43:14.254 0 0 D mv2112_update_link: 3.0x8109(100M): 0x8
