12-14 03:22:36.803 1468 1634 I ActivityManagerTiming: OnBootPhase_1000_com.android.server.oemlock.OemLockService
12-14 03:22:36.803 1468 1634 I ActivityManagerTiming: OnBootPhase_1000_com.android.server.DeviceIdleController
12-14 03:22:36.803 1468 1634 I ActivityManagerTiming: OnBootPhase_1000_com.android.server.devicepolicy.DevicePolicyManagerService$Lifecycle
12-14 03:22:36.803 1468 1634 I ActivityManagerTiming: OnBootPhase_1000_com.android.server.texttospeech.TextToSpeechManagerService
12-14 03:22:36.803 1468 1634 I ActivityManagerTiming: OnBootPhase_1000_com.android.server.speech.SpeechRecognitionManagerService
12-14 03:22:36.803 1468 1634 I ActivityManagerTiming: OnBootPhase_1000_com.android.server.searchui.SearchUiManagerService
12-14 03:22:36.803 1468 1634 I ActivityManagerTiming: OnBootPhase_1000_com.android.server.smartspace.SmartspaceManagerService
12-14 03:22:36.803 1468 1634 I ActivityManagerTiming: OnBootPhase_1000_com.android.server.graphics.fonts.FontManagerService$Lifecycle
12-14 03:22:36.803 1468 1634 I ActivityManagerTiming: OnBootPhase_1000_com.android.server.textservices.TextServicesManagerService$Lifecycle
12-14 03:22:36.803 1468 1634 I ActivityManagerTiming: OnBootPhase_1000_com.android.server.textclassifier.TextClassificationManagerService$Lifecycle
12-14 03:22:36.803 1468 1634 I ActivityManagerTiming: OnBootPhase_1000_com.android.server.NetworkScoreService$Lifecycle
12-14 03:22:36.803 1468 1634 I ActivityManagerTiming: OnBootPhase_1000_com.android.server.wifi.WifiService
12-14 03:22:36.803 1468 1634 I ActivityManagerTiming: OnBootPhase_1000_com.android.server.wifi.scanner.WifiScanningService
12-14 03:22:36.803 1468 1634 I ActivityManagerTiming: OnBootPhase_1000_com.android.server.wifi.rtt.RttService
12-14 03:22:36.803 1468 1634 I ActivityManagerTiming: OnBootPhase_1000_com.android.server.wifi.aware.WifiAwareService
12-14 03:22:36.803 1468 1634 I ActivityManagerTiming: OnBootPhase_1000_com.android.server.wifi.p2p.WifiP2pService
12-14 03:22:36.803 1468 1634 I ActivityManagerTiming: OnBootPhase_1000_com.android.server.ethernet.EthernetService
12-14 03:22:36.803 1468 1634 I ActivityManagerTiming: OnBootPhase_1000_com.android.server.ConnectivityServiceInitializer
12-14 03:22:36.803 1468 1634 I ActivityManagerTiming: OnBootPhase_1000_com.android.server.notification.NotificationManagerService
12-14 03:22:36.803 1468 1634 I ActivityManagerTiming: OnBootPhase_1000_com.android.server.storage.DeviceStorageMonitorService
12-14 03:22:36.803 1468 1634 I ActivityManagerTiming: OnBootPhase_1000_com.android.server.location.LocationManagerService$Lifecycle
12-14 03:22:36.803 1468 1634 I ActivityManagerTiming: OnBootPhase_1000_com.android.server.timedetector.TimeDetectorService$Lifecycle
12-14 03:22:36.803 1468 1634 I ActivityManagerTiming: OnBootPhase_1000_com.android.server.timezonedetector.TimeZoneDetectorService$Lifecycle
12-14 03:22:36.803 1468 1634 I ActivityManagerTiming: OnBootPhase_1000_com.android.server.timezonedetector.location.LocationTimeZoneManagerService$Lifecycle
12-14 03:22:36.803 1468 1634 I ActivityManagerTiming: OnBootPhase_1000_com.android.server.search.SearchManagerService$Lifecycle
12-14 03:22:36.803 1468 1634 I ActivityManagerTiming: OnBootPhase_1000_com.android.server.wallpaper.WallpaperManagerService$Lifecycle
12-14 03:22:36.803 1468 1634 I ActivityManagerTiming: OnBootPhase_1000_com.android.server.audio.AudioService$Lifecycle
12-14 03:22:36.804 1468 1634 I ActivityManagerTiming: OnBootPhase_1000_com.android.server.soundtrigger_middleware.SoundTriggerMiddlewareService$Lifecycle
12-14 03:22:36.804 1468 1634 I ActivityManagerTiming: OnBootPhase_1000_com.android.server.DockObserver
12-14 03:22:36.804 1468 1634 I ActivityManagerTiming: OnBootPhase_1000_com.android.server.midi.MidiService$Lifecycle
12-14 03:22:36.804 1468 1634 I ActivityManagerTiming: OnBootPhase_1000_com.android.server.adb.AdbService$Lifecycle
12-14 03:22:36.804 1468 1634 I ActivityManagerTiming: OnBootPhase_1000_com.android.server.usb.UsbService$Lifecycle
12-14 03:22:36.805 1468 1631 I UsbDeviceManager: Setting USB config to mtp
01-01 08:43:04.989 0 0 I [wifi@1][0x374d5118][03:22:36.808684] wlan: [830:I:DP] dp_vdev_attach_wifi3: wlan_cfg_ap_bridge_enabled 1
01-01 08:43:04.989 0 0 E [wifi@1][0x374d5c0c][03:22:36.808830] wlan: [830:E:PMO] pmo_register_wow_wakeup_events: 88: Skipping wake event configuration for vdev_opmode 16
01-01 08:43:04.989 0 0 E [wifi@1][0x374d5fb5][03:22:36.808879] wlan: [830:E:SME] sme_get_nss_chain_shift: 4045: Device mode 16 invalid
01-01 08:43:04.989 0 0 E [wifi@1][0x374d6017][03:22:36.808884] wlan: [830:E:SME] sme_get_nss_chain_shift: 4045: Device mode 16 invalid
01-01 08:43:04.990 0 0 I IPv6 : ADDRCONF(NETDEV_UP): wifi-aware0: link is not ready
12-14 03:22:36.808 1468 1634 I ActivityManagerTiming: OnBootPhase_1000_com.android.server.twilight.TwilightService
12-14 03:22:36.810 1468 1634 I ActivityManagerTiming: OnBootPhase_1000_com.android.server.display.color.ColorDisplayService
12-14 03:22:36.810 1468 1634 I ActivityManagerTiming: OnBootPhase_1000_com.android.server.job.JobSchedulerService
12-14 03:22:36.811 1468 1634 I ActivityManagerTiming: OnBootPhase_1000_com.android.server.soundtrigger.SoundTriggerService
12-14 03:22:36.811 1468 1634 D SoundTriggerService: onBootPhase: 1000 : false
12-14 03:22:36.811 1468 1634 I ActivityManagerTiming: OnBootPhase_1000_com.android.server.trust.TrustManagerService
12-14 03:22:36.815 1468 1634 I ActivityManagerTiming: OnBootPhase_1000_com.android.server.backup.BackupManagerService$Lifecycle
12-14 03:22:36.815 1468 1634 I ActivityManagerTiming: OnBootPhase_1000_com.android.server.appwidget.AppWidgetService
12-14 03:22:36.815 1468 1634 I ActivityManagerTiming: OnBootPhase_1000_com.android.server.voiceinteraction.VoiceInteractionManagerService
12-14 03:22:36.815 1468 1634 I ActivityManagerTiming: OnBootPhase_1000_com.android.server.apphibernation.AppHibernationService
12-14 03:22:36.815 1468 1634 I ActivityManagerTiming: OnBootPhase_1000_com.android.server.GestureLauncherService
12-14 03:22:36.815 1468 1634 I ActivityManagerTiming: OnBootPhase_1000_com.android.server.SensorNotificationService
12-14 03:22:36.816 1468 3071 I HibernationStateDiskStore: No hibernation file on disk for file /data/system/hibernation/states
12-14 03:22:36.816 1468 1634 D CompatibilityChangeReporter: Compat change id reported: 168936375; UID 1000; state: ENABLED
12-14 03:22:36.816 1468 1634 D CompatibilityChangeReporter: Compat change id reported: 168936375; UID 1000; state: DISABLED
01-01 08:43:05.000 0 0 W QSEECOM : __qseecom_unload_app: App (8) is unloaded
01-01 08:43:05.001 0 0 D qbt : qbt_release: entry minor_no=0 fd_available=0
01-01 08:43:05.001 0 0 D qbt : qbt_release: Releasing wakelock
01-01 08:43:05.001 0 0 D qbt : qbt_release: exit : fd_available=1
01-01 08:43:05.001 0 0 D qbt : qbt_release: entry minor_no=1 fd_available=1
01-01 08:43:05.001 0 0 D qbt : qbt_release: exit : fd_available=1
12-14 03:22:36.820 1468 1634 D CompatibilityChangeReporter: Compat change id reported: 73144566; UID 1000; state: ENABLED
12-14 03:22:36.820 1468 1634 D CompatibilityChangeReporter: Compat change id reported: 73144566; UID 1000; state: DISABLED
12-14 03:22:36.820 1468 1468 W Looper : Slow dispatch took 222ms main h=android.os.Handler c=com.android.server.biometrics.sensors.BiometricScheduler$InternalCallback$$ExternalSyntheticLambda0@f49c515 m=0
12-14 03:22:36.821 1468 1468 I AutofillManagerService: Updating for user 0: disabled=false
12-14 03:22:36.821 1468 1634 I ActivityManagerTiming: OnBootPhase_1000_com.android.server.emergency.EmergencyAffordanceService
12-14 03:22:36.821 1468 1634 I ActivityManagerTiming: OnBootPhase_1000_com.android.server.blob.BlobStoreManagerService
12-14 03:22:36.821 1468 1634 I ActivityManagerTiming: OnBootPhase_1000_com.android.server.dreams.DreamManagerService
12-14 03:22:36.821 1468 1634 I ActivityManagerTiming: OnBootPhase_1000_com.android.server.companion.CompanionDeviceManagerService
12-14 03:22:36.821 1468 1634 I ActivityManagerTiming: OnBootPhase_1000_com.android.server.restrictions.RestrictionsManagerService
12-14 03:22:36.821 1468 1634 I ActivityManagerTiming: OnBootPhase_1000_com.android.server.media.MediaSessionService
12-14 03:22:36.822 1468 1634 I ActivityManagerTiming: OnBootPhase_1000_com.android.server.media.MediaResourceMonitorService
12-14 03:22:36.822 1468 1634 I ActivityManagerTiming: OnBootPhase_1000_com.android.server.biometrics.sensors.fingerprint.FingerprintService
12-14 03:22:36.822 1468 1634 I ActivityManagerTiming: OnBootPhase_1000_com.android.server.biometrics.BiometricService
12-14 03:22:36.822 1468 1634 I ActivityManagerTiming: OnBootPhase_1000_com.android.server.biometrics.AuthService
12-14 03:22:36.822 1468 1634 I ActivityManagerTiming: OnBootPhase_1000_com.android.server.pm.ShortcutService$Lifecycle
12-14 03:22:36.822 1468 1634 I ActivityManagerTiming: OnBootPhase_1000_com.android.server.pm.LauncherAppsService
12-14 03:22:36.822 1468 1634 I ActivityManagerTiming: OnBootPhase_1000_com.android.server.pm.CrossProfileAppsService
12-14 03:22:36.822 1468 1634 I ActivityManagerTiming: OnBootPhase_1000_com.android.server.people.PeopleService
12-14 03:22:36.822 1468 1634 I ActivityManagerTiming: OnBootPhase_1000_com.android.server.media.metrics.MediaMetricsManagerService
12-14 03:22:36.822 1468 1634 I ActivityManagerTiming: OnBootPhase_1000_com.android.server.media.projection.MediaProjectionManagerService
12-14 03:22:36.822 1468 1634 I ActivityManagerTiming: OnBootPhase_1000_com.android.server.slice.SliceManagerService$Lifecycle
12-14 03:22:36.822 1468 1634 I ActivityManagerTiming: OnBootPhase_1000_com.android.server.stats.StatsCompanion$Lifecycle
12-14 03:22:36.822 1468 1634 I ActivityManagerTiming: OnBootPhase_1000_com.android.server.scheduling.RebootReadinessManagerService$Lifecycle
12-14 03:22:36.822 1468 1634 I ActivityManagerTiming: OnBootPhase_1000_com.android.server.stats.pull.StatsPullAtomService
12-14 03:22:36.822 1468 1634 I ActivityManagerTiming: OnBootPhase_1000_com.android.server.incident.IncidentCompanionService
12-14 03:22:36.822 1468 1634 I ActivityManagerTiming: OnBootPhase_1000_com.android.server.MmsServiceBroker
12-14 03:22:36.822 1468 1634 I ActivityManagerTiming: OnBootPhase_1000_com.android.server.autofill.AutofillManagerService
12-14 03:22:36.822 1468 1634 I ActivityManagerTiming: OnBootPhase_1000_com.android.server.clipboard.ClipboardService
12-14 03:22:36.822 1468 1634 I ActivityManagerTiming: OnBootPhase_1000_com.android.server.appbinding.AppBindingService$Lifecycle
12-14 03:22:36.822 1468 1634 I ActivityManagerTiming: OnBootPhase_1000_com.android.server.tracing.TracingServiceProxy
12-14 03:22:36.822 1468 1634 I ActivityManagerTiming: OnBootPhase_1000_com.android.server.policy.PermissionPolicyService
12-14 03:22:36.822 1468 1634 I ActivityManagerTiming: OnBootPhase_1000_com.android.server.pm.StagingManager$Lifecycle
12-14 03:22:36.822 1468 1634 I ActivityManagerTiming: OnBootPhase_1000_com.android.server.app.GameManagerService$Lifecycle
12-14 03:22:36.822 1468 1634 D GameManagerService: onBootCompleted
12-14 03:22:36.822 1468 1634 I ActivityManagerTiming: OnBootPhase_1000_com.android.server.appsearch.AppSearchManagerService
12-14 03:22:36.824 1468 1634 I ActivityManagerTiming: OnBootPhase_1000_com.android.server.media.MediaCommunicationService
12-14 03:22:36.824 1468 1634 D ActivityManagerTiming: TotalBootTime took to complete: 16705ms
12-14 03:22:36.824 1468 1634 D SystemServerInitThreadPool: Shutdown requested
12-14 03:22:36.824 1468 1634 I SystemServerTiming: WaitInitThreadPoolShutdown
12-14 03:22:36.825 1468 1634 D SystemServerInitThreadPool: Shutdown successful
12-14 03:22:36.825 1468 1634 D CompatibilityChangeReporter: Compat change id reported: 135634846; UID 10096; state: DISABLED
12-14 03:22:36.825 1468 1634 D CompatibilityChangeReporter: Compat change id reported: 177438394; UID 10096; state: DISABLED
12-14 03:22:36.825 1468 1634 D CompatibilityChangeReporter: Compat change id reported: 135772972; UID 10096; state: DISABLED
12-14 03:22:36.826 1468 1634 D CompatibilityChangeReporter: Compat change id reported: 135754954; UID 10096; state: ENABLED
12-14 03:22:36.826 1468 1643 D CompatibilityChangeReporter: Compat change id reported: 143937733; UID 10096; state: ENABLED
12-14 03:22:36.826 1468 1643 W ActivityManager: android.ext.services inode == 0 (b/152760674)
12-14 03:22:36.826 1468 1634 I ActivityManager: User 0 state changed from BOOTING to RUNNING_LOCKED
12-14 03:22:36.827 1468 1634 W ActivityManager: UserLifecycleEvent 4 received without an active userJourneySession.
12-14 03:22:36.827 1468 1468 I Telecom : WiredHeadsetManager: ACTION_HEADSET_PLUG event, plugged in: false, : WHC.oADA@AAI
12-14 03:22:36.827 1468 1634 W ActivityManager: UserLifecycleEvent 5 received without an active userJourneySession.
12-14 03:22:36.827 1468 1634 D ActivityManager: Started unlocking user 0
12-14 03:22:36.827 1468 1634 D ActivityManager: Unlocking user 0 progress 0
12-14 03:22:36.827 1468 1634 D ActivityManager: Unlocking user 0 progress 5
12-14 03:22:36.830 1468 1642 D CompatibilityChangeReporter: Compat change id reported: 135634846; UID 10064; state: DISABLED
12-14 03:22:36.830 1468 1642 D CompatibilityChangeReporter: Compat change id reported: 177438394; UID 10064; state: DISABLED
12-14 03:22:36.830 1468 1642 D CompatibilityChangeReporter: Compat change id reported: 135772972; UID 10064; state: DISABLED
12-14 03:22:36.830 1468 1642 D CompatibilityChangeReporter: Compat change id reported: 135754954; UID 10064; state: DISABLED
12-14 03:22:36.833 1468 1468 D BiometricScheduler/Fingerprint21: [Finishing] {[1] FingerprintUpdateActiveUserClient, proto=1, owner=android, cookie=0, requestId=-1, userId=0}, success: true
12-14 03:22:36.833 1468 1468 D BiometricScheduler/Fingerprint21: [Polled] {[2] FingerprintInternalCleanupClient, proto=7, owner=android, cookie=0, requestId=-1, userId=0}, State: 0
12-14 03:22:36.833 1468 1468 D BiometricScheduler/Fingerprint21: [Starting] {[2] FingerprintInternalCleanupClient, proto=7, owner=android, cookie=0, requestId=-1, userId=0}, State: 0
12-14 03:22:36.833 1468 1468 D BiometricScheduler/Fingerprint21: [Started] {[2] FingerprintInternalCleanupClient, proto=7, owner=android, cookie=0, requestId=-1, userId=0}
12-14 03:22:36.833 1468 1468 D Biometrics/InternalCleanupClient: Starting enumerate: {[3] FingerprintInternalEnumerateClient, proto=6, owner=android, cookie=0, requestId=-1, userId=0}
01-01 08:43:05.015 0 0 D qbt : qbt_open: entry minor_no=0 fd_available=1
01-01 08:43:05.015 0 0 D qbt : qbt_open: exit : 0 fd_available=0
01-01 08:43:05.015 0 0 D qbt : qbt_open: entry minor_no=1 fd_available=0
01-01 08:43:05.015 0 0 D qbt : qbt_open: exit : 0 fd_available=0
01-01 08:43:05.015 0 0 D qbt : qbt_ioctl: cmd received 107
01-01 08:43:05.015 0 0 D qbt : qbt_ioctl: Acquiring wakelock
12-14 03:22:36.838 1468 1468 I GameModeConfig: isGameModeOn = false
12-14 03:22:36.839 1468 1468 I GameModeConfig: isGameModeOn = false
12-14 03:22:36.839 1468 1468 W Looper : Drained
12-14 03:22:36.844 1468 1643 I ActivityManager: Start proc 3083:android.ext.services/u0a96 for on-hold
12-14 03:22:36.844 1468 1643 D CompatibilityChangeReporter: Compat change id reported: 143937733; UID 10064; state: DISABLED
12-14 03:22:36.844 1468 1643 W ActivityManager: com.android.deskclock inode == 0 (b/152760674)
12-14 03:22:36.852 1468 1643 I ActivityManager: Start proc 3085:com.android.deskclock/u0a64 for broadcast {com.android.deskclock/com.android.deskclock.AlarmInitReceiver}
01-01 08:43:05.036 0 0 W QSEECOM : qseecom_load_app: App (fingerpr) does'nt exist, loading apps for first time
01-01 08:43:05.038 0 0 D : mv2112_read_status
01-01 08:43:05.038 0 0 D mv2112_update_link: 3.0x901(1G): 0x80
01-01 08:43:05.038 0 0 D mv2112_update_link: 3.0x8109(100M): 0x8
01-01 08:43:05.038 0 0 D mv2112_update_link: link 0x0
01-01 08:43:05.038 0 0 D mv2112_read_status: autoneg is disabled
01-01 08:43:05.041 0 0 I binder : 3083:3083 ioctl 40046210 7fe6d7b254 returned -22
12-14 03:22:36.861 517 517 D vold : fscrypt_prepare_user_storage for volume null, user 0, serial 0, flags 2
12-14 03:22:36.861 517 517 D vold : Preparing: /data/system_ce/0
12-14 03:22:36.861 517 517 D vold : Preparing: /data/misc_ce/0
12-14 03:22:36.861 517 517 D vold : Preparing: /data/vendor_ce/0
12-14 03:22:36.861 517 517 D vold : Preparing: /data/media/0
12-14 03:22:36.861 517 517 D vold : Preparing: /data/data
12-14 03:22:36.861 517 517 I vold : Encryption policy of /data/system_ce/0 set to d2793bf7ddc54940a8f984e8db9119fe v2 modes 1/4 flags 0xa
12-14 03:22:36.861 517 517 I vold : Encryption policy of /data/misc_ce/0 set to d2793bf7ddc54940a8f984e8db9119fe v2 modes 1/4 flags 0xa
12-14 03:22:36.861 517 517 I vold : Encryption policy of /data/vendor_ce/0 set to d2793bf7ddc54940a8f984e8db9119fe v2 modes 1/4 flags 0xa
12-14 03:22:36.861 517 517 I vold : Encryption policy of /data/media/0 set to d2793bf7ddc54940a8f984e8db9119fe v2 modes 1/4 flags 0xa
12-14 03:22:36.861 517 517 I vold : Encryption policy of /data/data set to d2793bf7ddc54940a8f984e8db9119fe v2 modes 1/4 flags 0xa
12-14 03:22:36.861 517 517 D vold : Starting restorecon of /data/system_ce/0
12-14 03:22:36.864 517 517 D vold : Finished restorecon of /data/system_ce/0
12-14 03:22:36.864 517 517 D vold : Starting restorecon of /data/vendor_ce/0
12-14 03:22:36.870 517 517 D vold : Finished restorecon of /data/vendor_ce/0
12-14 03:22:36.870 517 517 D vold : Starting restorecon of /data/misc_ce/0
12-14 03:22:36.874 1468 2458 D CompatibilityChangeReporter: Compat change id reported: 168419799; UID 10096; state: DISABLED
12-14 03:22:36.876 517 517 D vold : Finished restorecon of /data/misc_ce/0
12-14 03:22:36.876 517 517 D vold : /system/bin/vold_prepare_subdirs
12-14 03:22:36.876 517 517 D vold : prepare
12-14 03:22:36.876 517 517 D vold :
12-14 03:22:36.876 517 517 D vold : 0
12-14 03:22:36.876 517 517 D vold : 2
01-01 08:43:05.057 0 0 I android_work: did not send uevent (0 0 0000000000000000)
01-01 08:43:05.060 0 0 I binder : 3085:3085 ioctl 40046210 7fe6d7b254 returned -22
12-14 03:22:36.883 1468 2467 D CompatibilityChangeReporter: Compat change id reported: 168419799; UID 10064; state: DISABLED
12-14 03:22:36.898 1468 2483 W UsageStatsService: Failed to query usage stats for locked user 0
12-14 03:22:36.905 1468 1468 V NotificationAssistants: 0 notification assistant service connected: ComponentInfo{android.ext.services/android.ext.services.notification.Assistant}
12-14 03:22:36.908 3122 3122 F libc : Fatal signal 6 (SIGABRT), code -1 (SI_QUEUE) in tid 3122 (init), pid 3122 (init)
12-14 03:22:36.908 1468 1468 I ExplicitHealthCheckController: Explicit health check service is connected ComponentInfo{android.ext.services/android.ext.services.watchdog.ExplicitHealthCheckServiceImpl}
12-14 03:22:36.909 1468 1468 I ExplicitHealthCheckController: Service initialized, syncing requests
12-14 03:22:36.909 1468 1468 I PackageWatchdog: Syncing health check requests for packages: {}
12-14 03:22:36.909 1468 1468 D ExplicitHealthCheckController: Getting health check supported packages
12-14 03:22:36.911 1468 1935 I ExplicitHealthCheckController: Explicit health check supported packages [PackageConfig{com.android.networkstack, 86400000}]
12-14 03:22:36.911 1468 1935 D PackageWatchdog: Received supported packages [PackageConfig{com.android.networkstack, 86400000}]
12-14 03:22:36.911 1468 1935 D ExplicitHealthCheckController: Getting health check requested packages
12-14 03:22:36.912 1468 2467 I ExplicitHealthCheckController: Explicit health check requested packages []
12-14 03:22:36.912 1468 2467 I ExplicitHealthCheckController: No more health check requests, unbinding...
01-01 08:43:05.079 0 0 W : Boot completed
01-01 08:43:05.095 0 0 I [schedu][0x376c4bb4][03:22:36.914425] wlan: [1970:I:HIF] Deinitializing Runtime PM wakelock &vdev->vdev_set_key_runtime_wakelock
12-14 03:22:36.915 1468 2467 I ExplicitHealthCheckController: Explicit health check service is unbound
01-01 08:43:05.095 0 0 I [schedu][0x376c6923][03:22:36.914818] wlan: [1970:I:HIF] Initializing Runtime PM wakelock &vdev->vdev_set_key_runtime_wakelock
12-14 03:22:36.931 1468 1631 V UserDataPreparer: Found /data/user/0 with serial number 0
12-14 03:22:36.931 1468 1631 V UserDataPreparer: Found /data/system_ce/0 with serial number -1
12-14 03:22:36.931 1468 1631 D UserDataPreparer: Serial number missing on /data/system_ce/0; assuming current is valid
12-14 03:22:36.932 1468 1631 D UserDataPreparer: Setting property: sys.user.0.ce_available=true
12-14 03:22:36.933 1468 1631 V PackageManager: reconcileAppsData for null u0 0x2 migrateAppData=true
01-01 08:43:05.126 0 0 I : read descriptors
01-01 08:43:05.126 0 0 I : read strings
01-01 08:43:05.137 0 0 W QSEECOM : qseecom_load_app: App with id 9 (fingerpr) now loaded
01-01 08:43:05.148 0 0 I init : Control message: Processed ctl.start for 'mdnsd' from pid: 3125 (/apex/com.android.adbd/bin/adbd --root_seclabel=u:r:su:s0)
12-14 03:22:36.961 3122 3122 F libc : crash_dump helper failed to exec, or was killed
01-01 08:43:05.154 0 0 I init : processing action (sys.boot_completed=1) from (/system_ext/etc/init/qspmsvc.rc:14)
01-01 08:43:05.154 0 0 I init : starting service 'vendor.qspmsvc'...
01-01 08:43:05.158 0 0 I init : processing action (sys.boot_completed=1) from (/vendor/etc/init/android.hardware.camera.provider@2.4-service_64.rc:8)
01-01 08:43:05.161 0 0 I init : processing action (sys.boot_completed=1) from (/vendor/etc/init/ethernet.rc:8)
01-01 08:43:05.161 0 0 I init : starting service 'ethernet'...
01-01 08:43:05.163 0 0 I init : processing action (sys.boot_completed=1) from (/vendor/etc/init/init_thermal-engine.rc:19)
01-01 08:43:05.163 0 0 I init : Sending signal 9 to service 'thermal-engine' (pid 1213) process group...
01-01 08:43:05.168 0 0 E msm-dwc3 a600000.ssusb: Could not get usb psy
01-01 08:43:05.171 0 0 I libprocessgroup: Successfully killed process cgroup uid 0 pid 1213 in 8ms
01-01 08:43:05.171 0 0 I init : Service 'thermal-engine' (pid 1213) received signal 9
12-14 03:22:36.996 1468 2467 D CompatibilityChangeReporter: Compat change id reported: 168419799; UID 10084; state: DISABLED
12-14 03:22:36.998 1468 2458 D CompatibilityChangeReporter: Compat change id reported: 135634846; UID 10079; state: DISABLED
12-14 03:22:36.998 1468 2458 D CompatibilityChangeReporter: Compat change id reported: 177438394; UID 10079; state: DISABLED
12-14 03:22:36.998 1468 2458 D CompatibilityChangeReporter: Compat change id reported: 135772972; UID 10079; state: DISABLED
12-14 03:22:36.998 1468 2458 D CompatibilityChangeReporter: Compat change id reported: 135754954; UID 10079; state: ENABLED
12-14 03:22:36.999 1468 1643 D CompatibilityChangeReporter: Compat change id reported: 143937733; UID 10079; state: ENABLED
12-14 03:22:36.999 1468 1643 W ActivityManager: com.qualcomm.location inode == 0 (b/152760674)
01-01 08:43:05.182 0 0 I binder : 3150:3150 ioctl 40046210 7fe6929314 returned -22
12-14 03:22:37.005 1468 1643 I ActivityManager: Start proc 3156:com.qualcomm.location/u0a79 for broadcast {com.qualcomm.location/com.qualcomm.location.LocationServiceReceiver}
01-01 08:43:05.217 0 0 I binder : 3156:3156 ioctl 40046210 7fe6d7b254 returned -22
12-14 03:22:37.042 1468 2458 D CompatibilityChangeReporter: Compat change id reported: 168419799; UID 10079; state: DISABLED
01-01 08:43:05.264 0 0 E msm-dwc3 a600000.ssusb: Could not get usb psy
01-01 08:43:05.273 0 0 W audit : audit_lost=1 audit_rate_limit=5 audit_backlog_limit=64
01-01 08:43:05.273 0 0 E audit : rate limit exceeded
01-01 08:43:05.296 0 0 W QSEECOM : __qseecom_unload_app: App (9) is unloaded
01-01 08:43:05.297 0 0 D qbt : qbt_release: entry minor_no=0 fd_available=0
01-01 08:43:05.297 0 0 D qbt : qbt_release: Releasing wakelock
01-01 08:43:05.297 0 0 D qbt : qbt_release: exit : fd_available=1
01-01 08:43:05.297 0 0 D qbt : qbt_release: entry minor_no=1 fd_available=1
01-01 08:43:05.297 0 0 D qbt : qbt_release: exit : fd_available=1
12-14 03:22:37.116 1468 1468 D Fingerprint21: handleError, client: FingerprintInternalCleanupClient, error: 2, vendorCode: 0
12-14 03:22:37.120 1468 1468 E Fingerprint21: onError for non-error consumer: FingerprintInternalCleanupClient
01-01 08:43:05.306 0 0 I devfreq-qcom-fw 18590000.qcom,devfreq-l3: qcom,cdsp-cdsp-l3-lat: Successfully started CDSP L3 governor
01-01 08:43:05.307 0 0 I binder : 3156:3258 ioctl 40046210 73f2716934 returned -22
12-14 03:22:37.138 2796 2796 W ContextImpl: Calling a method in the system process without a qualified user: android.app.ContextImpl.startService:1816 android.content.ContextWrapper.startService:774 android.content.ContextWrapper.startService:774 com.qualcomm.qti.qdma.app.BootReceiver.onBootReceived:115 com.qualcomm.qti.innodme.InnoBootReceiver.onReceive:22
12-14 03:22:37.142 2796 3263 W ContextImpl: Calling a method in the system process without a qualified user: android.app.ContextImpl.startService:1816 android.content.ContextWrapper.startService:774 com.qualcomm.qti.qdma.util.PeriodicCI.run:477 com.qualcomm.qti.qdma.util.PeriodicCI.start:390 com.qualcomm.qti.qdma.app.ActiveCareService$ProcessSessionRequest.run:457
12-14 03:22:37.149 1468 2467 D CompatibilityChangeReporter: Compat change id reported: 135634846; UID 10086; state: DISABLED
12-14 03:22:37.149 1468 2467 D CompatibilityChangeReporter: Compat change id reported: 177438394; UID 10086; state: DISABLED
12-14 03:22:37.150 1468 2467 D CompatibilityChangeReporter: Compat change id reported: 135772972; UID 10086; state: DISABLED
12-14 03:22:37.150 1468 2467 D CompatibilityChangeReporter: Compat change id reported: 135754954; UID 10086; state: ENABLED
12-14 03:22:37.150 1468 1643 D CompatibilityChangeReporter: Compat change id reported: 143937733; UID 10086; state: ENABLED
12-14 03:22:37.150 1468 1643 W ActivityManager: com.qualcomm.qtil.aptxui inode == 0 (b/152760674)
12-14 03:22:37.156 1468 1643 I ActivityManager: Start proc 3269:com.qualcomm.qtil.aptxui/u0a86 for broadcast {com.qualcomm.qtil.aptxui/com.qualcomm.qtil.aptxui.aptxuiBootReceiver}
12-14 03:22:37.162 1468 1609 D CompatibilityChangeReporter: Compat change id reported: 182478738; UID 1001; state: DISABLED
12-14 03:22:37.168 1468 1631 V PackageManager: reconcileAppsData finished 139 packages
12-14 03:22:37.168 1468 1631 I ActivityManager: User 0 state changed from RUNNING_LOCKED to RUNNING_UNLOCKING
01-01 08:43:05.351 0 0 I binder : 3269:3269 ioctl 40046210 7fe6d7b254 returned -22
01-01 08:43:05.352 0 0 I android_work: sent uevent USB_STATE=CONNECTED
12-14 03:22:37.171 1468 1631 D ActivityManager: Unlocking user 0 progress 20
12-14 03:22:37.172 1468 1631 W Looper : Slow dispatch took 311ms android.fg h=android.os.Handler c=com.android.server.am.UserController$$ExternalSyntheticLambda3@78d26c2 m=0
12-14 03:22:37.172 1468 1631 W Looper : Slow delivery took 344ms android.fg h=android.os.Handler c=com.android.server.am.UserController$$ExternalSyntheticLambda1@d5b010 m=0
12-14 03:22:37.172 1468 1642 I SystemServerTimingAsync: ssm.UnlockingUser-0
12-14 03:22:37.172 1468 1642 I SystemServiceManager: Calling onUnlockingUser 0
12-14 03:22:37.172 1468 1642 I SystemServerTimingAsync: ssm.onUnlockingUser-0_com.android.server.security.FileIntegrityService
12-14 03:22:37.172 1468 1642 I SystemServerTimingAsync: ssm.onUnlockingUser-0_com.android.server.pm.Installer
12-14 03:22:37.172 1468 1642 I SystemServerTimingAsync: ssm.onUnlockingUser-0_com.android.server.os.DeviceIdentifiersPolicyService
12-14 03:22:37.172 1468 1642 I SystemServerTimingAsync: ssm.onUnlockingUser-0_com.android.server.uri.UriGrantsManagerService$Lifecycle
12-14 03:22:37.172 1468 1642 I SystemServerTimingAsync: ssm.onUnlockingUser-0_com.android.server.powerstats.PowerStatsService
12-14 03:22:37.172 1468 1642 I SystemServerTimingAsync: ssm.onUnlockingUser-0_com.android.server.wm.ActivityTaskManagerService$Lifecycle
12-14 03:22:37.172 1468 1642 I SystemServerTimingAsync: ssm.onUnlockingUser-0_com.android.server.am.ActivityManagerService$Lifecycle
12-14 03:22:37.172 1468 1642 I SystemServerTimingAsync: ssm.onUnlockingUser-0_com.android.server.pm.DataLoaderManagerService
12-14 03:22:37.172 1468 1642 I SystemServerTimingAsync: ssm.onUnlockingUser-0_com.android.server.power.PowerManagerService
12-14 03:22:37.172 1468 1642 I SystemServerTimingAsync: ssm.onUnlockingUser-0_com.android.server.power.ThermalManagerService
12-14 03:22:37.172 1468 1642 I SystemServerTimingAsync: ssm.onUnlockingUser-0_com.android.server.power.hint.HintManagerService
12-14 03:22:37.172 1468 1642 I SystemServerTimingAsync: ssm.onUnlockingUser-0_com.android.server.recoverysystem.RecoverySystemService$Lifecycle
12-14 03:22:37.172 1468 1642 I SystemServerTimingAsync: ssm.onUnlockingUser-0_com.android.server.lights.LightsService
12-14 03:22:37.172 1468 1642 I SystemServerTimingAsync: ssm.onUnlockingUser-0_com.android.server.display.DisplayManagerService
12-14 03:22:37.172 1468 1642 I SystemServerTimingAsync: ssm.onUnlockingUser-0_com.android.server.pm.verify.domain.DomainVerificationService
12-14 03:22:37.172 1468 1642 I SystemServerTimingAsync: ssm.onUnlockingUser-0_com.android.server.pm.PackageInstallerService$Lifecycle
12-14 03:22:37.172 1468 1642 I SystemServerTimingAsync: ssm.onUnlockingUser-0_com.android.server.pm.UserManagerService$LifeCycle
12-14 03:22:37.172 1468 1642 I SystemServerTimingAsync: ssm.onUnlockingUser-0_com.android.server.om.OverlayManagerService
12-14 03:22:37.172 1468 1642 I SystemServerTimingAsync: ssm.onUnlockingUser-0_com.android.server.SensorPrivacyService
12-14 03:22:37.172 1468 1642 I SystemServerTimingAsync: ssm.onUnlockingUser-0_com.android.server.sensors.SensorService
12-14 03:22:37.172 1468 1642 I SystemServerTimingAsync: ssm.onUnlockingUser-0_com.android.server.SystemConfigService
12-14 03:22:37.172 1468 1642 I SystemServerTimingAsync: ssm.onUnlockingUser-0_com.android.server.BatteryService
12-14 03:22:37.172 1468 1642 I SystemServerTimingAsync: ssm.onUnlockingUser-0_com.android.server.usage.UsageStatsService
12-14 03:22:37.172 1468 1642 I SystemServerTimingAsync: ssm.onUnlockingUser-0_com.android.server.webkit.WebViewUpdateService
12-14 03:22:37.172 1468 1642 I SystemServerTimingAsync: ssm.onUnlockingUser-0_com.android.server.CachedDeviceStateService
12-14 03:22:37.172 1468 1642 I SystemServerTimingAsync: ssm.onUnlockingUser-0_com.android.server.BinderCallsStatsService$LifeCycle
12-14 03:22:37.172 1468 1642 I SystemServerTimingAsync: ssm.onUnlockingUser-0_com.android.server.LooperStatsService$Lifecycle
12-14 03:22:37.172 1468 1642 I SystemServerTimingAsync: ssm.onUnlockingUser-0_com.android.server.rollback.RollbackManagerService
12-14 03:22:37.175 1468 1642 I SystemServerTimingAsync: ssm.onUnlockingUser-0_com.android.server.os.NativeTombstoneManagerService
12-14 03:22:37.175 1468 1642 I SystemServerTimingAsync: ssm.onUnlockingUser-0_com.android.server.os.BugreportManagerService
12-14 03:22:37.175 1468 1642 I SystemServerTimingAsync: ssm.onUnlockingUser-0_com.android.server.gpu.GpuService
12-14 03:22:37.175 1468 1642 I SystemServerTimingAsync: ssm.onUnlockingUser-0_com.android.server.security.KeyChainSystemService
12-14 03:22:37.175 1468 1642 I SystemServerTimingAsync: ssm.onUnlockingUser-0_com.android.server.telecom.TelecomLoaderService
12-14 03:22:37.175 1468 1642 I SystemServerTimingAsync: ssm.onUnlockingUser-0_com.android.server.accounts.AccountManagerService$Lifecycle
12-14 03:22:37.175 1468 1642 I SystemServerTimingAsync: ssm.onUnlockingUser-0_com.android.server.content.ContentService$Lifecycle
12-14 03:22:37.175 1468 1642 I SystemServerTimingAsync: ssm.onUnlockingUser-0_com.android.server.DropBoxManagerService
12-14 03:22:37.175 1468 1642 I SystemServerTimingAsync: ssm.onUnlockingUser-0_com.android.role.RoleService
12-14 03:22:37.175 1468 1642 I SystemServerTimingAsync: ssm.onUnlockingUser-0_com.android.server.vibrator.VibratorManagerService$Lifecycle
12-14 03:22:37.175 1468 1642 I SystemServerTimingAsync: ssm.onUnlockingUser-0_com.android.server.alarm.AlarmManagerService
12-14 03:22:37.175 1468 1642 I SystemServerTimingAsync: ssm.onUnlockingUser-0_com.android.server.devicestate.DeviceStateManagerService
12-14 03:22:37.175 1468 1642 I SystemServerTimingAsync: ssm.onUnlockingUser-0_com.android.server.camera.CameraServiceProxy
12-14 03:22:37.175 1468 1642 I SystemServerTimingAsync: ssm.onUnlockingUser-0_com.android.server.BluetoothService
12-14 03:22:37.175 1468 1642 D BluetoothManagerService: User 0 unlocked
12-14 03:22:37.175 1468 1642 I SystemServerTimingAsync: ssm.onUnlockingUser-0_com.android.server.connectivity.IpConnectivityMetrics
12-14 03:22:37.175 1468 1642 I SystemServerTimingAsync: ssm.onUnlockingUser-0_com.android.server.net.watchlist.NetworkWatchlistService$Lifecycle
12-14 03:22:37.175 1468 1633 D BluetoothManagerService: MESSAGE_USER_UNLOCKED
12-14 03:22:37.176 1468 2467 D CompatibilityChangeReporter: Compat change id reported: 168419799; UID 10086; state: DISABLED
12-14 03:22:37.177 1468 1642 I SystemServerTimingAsync: ssm.onUnlockingUser-0_com.android.server.PinnerService
12-14 03:22:37.177 1468 1642 I SystemServerTimingAsync: ssm.onUnlockingUser-0_com.google.android.startop.iorap.IorapForwardingService
12-14 03:22:37.177 1468 1642 I SystemServerTimingAsync: ssm.onUnlockingUser-0_com.android.server.ActivityTriggerService
12-14 03:22:37.177 1468 1642 I SystemServerTimingAsync: ssm.onUnlockingUser-0_com.android.server.integrity.AppIntegrityManagerService
12-14 03:22:37.177 1468 1642 I SystemServerTimingAsync: ssm.onUnlockingUser-0_com.android.server.inputmethod.InputMethodManagerService$Lifecycle
12-14 03:22:37.177 1468 1642 I SystemServerTimingAsync: ssm.onUnlockingUser-0_com.android.server.accessibility.AccessibilityManagerService$Lifecycle
12-14 03:22:37.177 1468 1642 I SystemServerTimingAsync: ssm.onUnlockingUser-0_com.android.server.StorageManagerService$Lifecycle
12-14 03:22:37.177 1468 1642 D StorageManagerService: onUnlockUser 0
12-14 03:22:37.177 1468 1642 I StorageSessionController: On user unlock 0
12-14 03:22:37.177 1468 1642 I StorageSessionController: Initialialising...
12-14 03:22:37.178 517 517 I vold : onUserStarted: 0
12-14 03:22:37.179 1468 1642 I SystemServerTimingAsync: ssm.onUnlockingUser-0_com.android.server.usage.StorageStatsService$Lifecycle
12-14 03:22:37.179 1468 1642 I SystemServerTimingAsync: ssm.onUnlockingUser-0_com.android.server.UiModeManagerService
12-14 03:22:37.179 1468 1642 I SystemServerTimingAsync: ssm.onUnlockingUser-0_com.android.server.locksettings.LockSettingsService$Lifecycle
12-14 03:22:37.179 1468 1642 I SystemServerTimingAsync: ssm.onUnlockingUser-0_com.android.server.PersistentDataBlockService
12-14 03:22:37.179 1468 1642 I SystemServerTimingAsync: ssm.onUnlockingUser-0_com.android.server.testharness.TestHarnessModeService
12-14 03:22:37.179 1468 1642 I SystemServerTimingAsync: ssm.onUnlockingUser-0_com.android.server.oemlock.OemLockService
12-14 03:22:37.179 1468 1642 I SystemServerTimingAsync: ssm.onUnlockingUser-0_com.android.server.DeviceIdleController
12-14 03:22:37.179 1468 1642 I SystemServerTimingAsync: ssm.onUnlockingUser-0_com.android.server.devicepolicy.DevicePolicyManagerService$Lifecycle
12-14 03:22:37.179 1468 1642 I SystemServerTimingAsync: ssm.onUnlockingUser-0_com.android.server.texttospeech.TextToSpeechManagerService
12-14 03:22:37.179 1468 1607 V StorageManagerService: Found primary storage at VolumeInfo{emulated;0}:
12-14 03:22:37.179 1468 1607 V StorageManagerService: type=EMULATED diskId=null partGuid= mountFlags=0 mountUserId=0
12-14 03:22:37.179 1468 1607 V StorageManagerService: state=UNMOUNTED
12-14 03:22:37.179 1468 1607 V StorageManagerService: fsType=null fsUuid=null fsLabel=null
12-14 03:22:37.179 1468 1607 V StorageManagerService: path=null internalPath=null
12-14 03:22:37.179 1468 1642 I SystemServerTimingAsync: ssm.onUnlockingUser-0_com.android.server.speech.SpeechRecognitionManagerService
12-14 03:22:37.179 1468 1642 I SystemServerTimingAsync: ssm.onUnlockingUser-0_com.android.server.searchui.SearchUiManagerService
12-14 03:22:37.180 1468 1642 I SystemServerTimingAsync: ssm.onUnlockingUser-0_com.android.server.smartspace.SmartspaceManagerService
12-14 03:22:37.180 1468 1642 I SystemServerTimingAsync: ssm.onUnlockingUser-0_com.android.server.graphics.fonts.FontManagerService$Lifecycle
12-14 03:22:37.180 1468 1642 I SystemServerTimingAsync: ssm.onUnlockingUser-0_com.android.server.textservices.TextServicesManagerService$Lifecycle
12-14 03:22:37.181 1468 2009 I StorageManagerService: Mounting volume VolumeInfo{emulated;0}:
12-14 03:22:37.181 1468 2009 I StorageManagerService: type=EMULATED diskId=null partGuid= mountFlags=PRIMARY|VISIBLE
12-14 03:22:37.181 1468 2009 I StorageManagerService: mountUserId=0 state=UNMOUNTED
12-14 03:22:37.181 1468 2009 I StorageManagerService: fsType=null fsUuid=null fsLabel=null
12-14 03:22:37.181 1468 2009 I StorageManagerService: path=null internalPath=null
12-14 03:22:37.181 517 639 I vold : Executing sdcardfs
12-14 03:22:37.181 1468 1642 I SystemServerTimingAsync: ssm.onUnlockingUser-0_com.android.server.textclassifier.TextClassificationManagerService$Lifecycle
12-14 03:22:37.181 1468 1642 I SystemServerTimingAsync: ssm.onUnlockingUser-0_com.android.server.NetworkScoreService$Lifecycle
12-14 03:22:37.181 1468 1642 I SystemServerTimingAsync: ssm.onUnlockingUser-0_com.android.server.wifi.WifiService
12-14 03:22:37.182 517 639 D vold : Waiting for sdcardfs to spin up...
12-14 03:22:37.183 1468 1642 I SystemServerTimingAsync: ssm.onUnlockingUser-0_com.android.server.wifi.scanner.WifiScanningService
12-14 03:22:37.183 1468 1642 I SystemServerTimingAsync: ssm.onUnlockingUser-0_com.android.server.wifi.rtt.RttService
12-14 03:22:37.183 1468 1642 I SystemServerTimingAsync: ssm.onUnlockingUser-0_com.android.server.wifi.aware.WifiAwareService
12-14 03:22:37.183 1468 1642 I SystemServerTimingAsync: ssm.onUnlockingUser-0_com.android.server.wifi.p2p.WifiP2pService
12-14 03:22:37.183 1468 1642 I SystemServerTimingAsync: ssm.onUnlockingUser-0_com.android.server.ethernet.EthernetService
12-14 03:22:37.183 1468 1642 I SystemServerTimingAsync: ssm.onUnlockingUser-0_com.android.server.ConnectivityServiceInitializer
12-14 03:22:37.183 1468 1642 I SystemServerTimingAsync: ssm.onUnlockingUser-0_com.android.server.notification.NotificationManagerService
12-14 03:22:37.184 1468 1642 I SystemServerTimingAsync: ssm.onUnlockingUser-0_com.android.server.storage.DeviceStorageMonitorService
12-14 03:22:37.184 1468 1642 I SystemServerTimingAsync: ssm.onUnlockingUser-0_com.android.server.location.LocationManagerService$Lifecycle
12-14 03:22:37.184 1468 1642 I SystemServerTimingAsync: ssm.onUnlockingUser-0_com.android.server.timedetector.TimeDetectorService$Lifecycle
12-14 03:22:37.184 1468 1642 I SystemServerTimingAsync: ssm.onUnlockingUser-0_com.android.server.timezonedetector.TimeZoneDetectorService$Lifecycle
12-14 03:22:37.184 1468 1642 I SystemServerTimingAsync: ssm.onUnlockingUser-0_com.android.server.timezonedetector.location.LocationTimeZoneManagerService$Lifecycle
12-14 03:22:37.184 1468 1642 I SystemServerTimingAsync: ssm.onUnlockingUser-0_com.android.server.search.SearchManagerService$Lifecycle
12-14 03:22:37.184 1468 1642 I SystemServerTimingAsync: ssm.onUnlockingUser-0_com.android.server.wallpaper.WallpaperManagerService$Lifecycle
12-14 03:22:37.184 1468 1642 I WallpaperManagerService: on-unlock-user-0
12-14 03:22:37.184 1468 1642 I SystemServerTimingAsync: ssm.onUnlockingUser-0_com.android.server.audio.AudioService$Lifecycle
12-14 03:22:37.184 1468 1642 I SystemServerTimingAsync: ssm.onUnlockingUser-0_com.android.server.soundtrigger_middleware.SoundTriggerMiddlewareService$Lifecycle
12-14 03:22:37.184 1468 1642 I SystemServerTimingAsync: ssm.onUnlockingUser-0_com.android.server.DockObserver
12-14 03:22:37.184 1468 1642 I SystemServerTimingAsync: ssm.onUnlockingUser-0_com.android.server.midi.MidiService$Lifecycle
12-14 03:22:37.186 1468 1631 D UsbDeviceManager: push notification:正在通过 USB 为此设备充电
12-14 03:22:37.186 1468 1631 W Looper : Drained
12-14 03:22:37.190 1468 1642 I SystemServerTimingAsync: ssm.onUnlockingUser-0_com.android.server.adb.AdbService$Lifecycle
12-14 03:22:37.191 1468 1642 I SystemServerTimingAsync: ssm.onUnlockingUser-0_com.android.server.usb.UsbService$Lifecycle
12-14 03:22:37.191 1468 1642 I SystemServerTimingAsync: ssm.onUnlockingUser-0_com.android.server.twilight.TwilightService
12-14 03:22:37.191 1468 1642 I SystemServerTimingAsync: ssm.onUnlockingUser-0_com.android.server.display.color.ColorDisplayService
12-14 03:22:37.191 1468 1642 I SystemServerTimingAsync: ssm.onUnlockingUser-0_com.android.server.job.JobSchedulerService
12-14 03:22:37.191 1468 1642 I SystemServerTimingAsync: ssm.onUnlockingUser-0_com.android.server.soundtrigger.SoundTriggerService
12-14 03:22:37.191 1468 1642 I SystemServerTimingAsync: ssm.onUnlockingUser-0_com.android.server.trust.TrustManagerService
12-14 03:22:37.191 1468 1642 I SystemServerTimingAsync: ssm.onUnlockingUser-0_com.android.server.backup.BackupManagerService$Lifecycle
12-14 03:22:37.191 1468 1642 I SystemServerTimingAsync: ssm.onUnlockingUser-0_com.android.server.appwidget.AppWidgetService
12-14 03:22:37.191 1468 1642 I SystemServerTimingAsync: ssm.onUnlockingUser-0_com.android.server.voiceinteraction.VoiceInteractionManagerService
12-14 03:22:37.191 1468 1642 W VoiceInteractionManager: no available voice recognition services found for user 0
12-14 03:22:37.191 1468 1642 I SystemServerTimingAsync: ssm.onUnlockingUser-0_com.android.server.apphibernation.AppHibernationService
12-14 03:22:37.191 1468 1642 I SystemServerTimingAsync: ssm.onUnlockingUser-0_com.android.server.GestureLauncherService
12-14 03:22:37.191 1468 1642 I SystemServerTimingAsync: ssm.onUnlockingUser-0_com.android.server.SensorNotificationService
12-14 03:22:37.191 1468 1642 I SystemServerTimingAsync: ssm.onUnlockingUser-0_com.android.server.emergency.EmergencyAffordanceService
12-14 03:22:37.191 1468 1642 I SystemServerTimingAsync: ssm.onUnlockingUser-0_com.android.server.blob.BlobStoreManagerService
12-14 03:22:37.191 1468 1642 I SystemServerTimingAsync: ssm.onUnlockingUser-0_com.android.server.dreams.DreamManagerService
12-14 03:22:37.191 1468 1642 I SystemServerTimingAsync: ssm.onUnlockingUser-0_com.android.server.companion.CompanionDeviceManagerService
12-14 03:22:37.191 1468 1642 I CompanionDeviceManagerService: Read associations from disk: {0=[]}
12-14 03:22:37.191 1468 1642 I SystemServerTimingAsync: ssm.onUnlockingUser-0_com.android.server.restrictions.RestrictionsManagerService
12-14 03:22:37.191 1468 1642 I SystemServerTimingAsync: ssm.onUnlockingUser-0_com.android.server.media.MediaSessionService
12-14 03:22:37.191 1468 1642 I SystemServerTimingAsync: ssm.onUnlockingUser-0_com.android.server.media.MediaResourceMonitorService
12-14 03:22:37.191 1468 1642 I SystemServerTimingAsync: ssm.onUnlockingUser-0_com.android.server.biometrics.sensors.fingerprint.FingerprintService
12-14 03:22:37.191 1468 1642 I SystemServerTimingAsync: ssm.onUnlockingUser-0_com.android.server.biometrics.BiometricService
12-14 03:22:37.191 1468 1642 I SystemServerTimingAsync: ssm.onUnlockingUser-0_com.android.server.biometrics.AuthService
12-14 03:22:37.192 1468 1642 I SystemServerTimingAsync: ssm.onUnlockingUser-0_com.android.server.pm.ShortcutService$Lifecycle
12-14 03:22:37.192 1468 1642 I SystemServerTimingAsync: ssm.onUnlockingUser-0_com.android.server.pm.LauncherAppsService
12-14 03:22:37.192 1468 1642 I SystemServerTimingAsync: ssm.onUnlockingUser-0_com.android.server.pm.CrossProfileAppsService
12-14 03:22:37.192 1468 1642 I SystemServerTimingAsync: ssm.onUnlockingUser-0_com.android.server.people.PeopleService
12-14 03:22:37.192 1468 1642 I SystemServerTimingAsync: ssm.onUnlockingUser-0_com.android.server.media.metrics.MediaMetricsManagerService
12-14 03:22:37.192 1468 1642 I SystemServerTimingAsync: ssm.onUnlockingUser-0_com.android.server.media.projection.MediaProjectionManagerService
12-14 03:22:37.192 1468 1642 I SystemServerTimingAsync: ssm.onUnlockingUser-0_com.android.server.slice.SliceManagerService$Lifecycle
12-14 03:22:37.192 1468 1642 I SystemServerTimingAsync: ssm.onUnlockingUser-0_com.android.server.stats.StatsCompanion$Lifecycle
12-14 03:22:37.192 1468 1642 I SystemServerTimingAsync: ssm.onUnlockingUser-0_com.android.server.scheduling.RebootReadinessManagerService$Lifecycle
12-14 03:22:37.192 1468 1642 I SystemServerTimingAsync: ssm.onUnlockingUser-0_com.android.server.stats.pull.StatsPullAtomService
12-14 03:22:37.192 1468 1642 I SystemServerTimingAsync: ssm.onUnlockingUser-0_com.android.server.incident.IncidentCompanionService
12-14 03:22:37.192 1468 1642 I SystemServerTimingAsync: ssm.onUnlockingUser-0_com.android.server.MmsServiceBroker
12-14 03:22:37.192 1468 1642 I SystemServerTimingAsync: ssm.onUnlockingUser-0_com.android.server.autofill.AutofillManagerService
12-14 03:22:37.192 1468 3071 I HibernationStateDiskStore: No hibernation file on disk for file /data/system_ce/0/hibernation/states
12-14 03:22:37.192 1468 1642 I SystemServerTimingAsync: ssm.onUnlockingUser-0_com.android.server.clipboard.ClipboardService
12-14 03:22:37.192 1468 1642 I SystemServerTimingAsync: ssm.onUnlockingUser-0_com.android.server.appbinding.AppBindingService$Lifecycle
01-01 08:43:05.371 0 0 E msm-dwc3 a600000.ssusb: Could not get usb psy
12-14 03:22:37.192 1468 1642 W AppBindingService: [Default SMS app] u0 Target package not found
12-14 03:22:37.192 1468 1642 I SystemServerTimingAsync: ssm.onUnlockingUser-0_com.android.server.tracing.TracingServiceProxy
12-14 03:22:37.192 1468 1642 I SystemServerTimingAsync: ssm.onUnlockingUser-0_com.android.server.policy.PermissionPolicyService
12-14 03:22:37.192 1468 1642 I SystemServerTimingAsync: ssm.onUnlockingUser-0_com.android.server.pm.StagingManager$Lifecycle
12-14 03:22:37.192 1468 1642 I SystemServerTimingAsync: ssm.onUnlockingUser-0_com.android.server.app.GameManagerService$Lifecycle
12-14 03:22:37.192 1468 1642 I SystemServerTimingAsync: ssm.onUnlockingUser-0_com.android.server.appsearch.AppSearchManagerService
12-14 03:22:37.192 1468 1642 I SystemServerTimingAsync: ssm.onUnlockingUser-0_com.android.server.media.MediaCommunicationService
12-14 03:22:37.193 1468 1642 W ActivityManager: UserLifecycleEvent 5 received without an active userJourneySession.
12-14 03:22:37.193 1468 1642 W ActivityManager: UserLifecycleEvent 6 received without an active userJourneySession.
12-14 03:22:37.193 1468 1642 I ActivityManager: User 0 state changed from RUNNING_UNLOCKING to RUNNING_UNLOCKED
12-14 03:22:37.193 1468 1631 I ActivityTaskManager: Loading recents for user 0 into memory.
12-14 03:22:37.193 1468 1631 E TaskPersister: restoreTasksForUserLocked: Unable to list files from /data/system_ce/0/recent_tasks
12-14 03:22:37.193 1468 1642 D SystemServerTiming: SystemUserUnlock took to complete: 366ms
12-14 03:22:37.193 1468 1631 V PackageConfigPersister: loadPackages: empty list files from /data/system_ce/0/package_configs
12-14 03:22:37.194 1468 1642 D CompatibilityChangeReporter: Compat change id reported: 135634846; UID 10090; state: DISABLED
12-14 03:22:37.194 1468 1643 D CompatibilityChangeReporter: Compat change id reported: 143937733; UID 10090; state: ENABLED
12-14 03:22:37.194 1468 1642 D CompatibilityChangeReporter: Compat change id reported: 135634846; UID 10059; state: DISABLED
12-14 03:22:37.194 1468 1642 D CompatibilityChangeReporter: Compat change id reported: 177438394; UID 10059; state: DISABLED
12-14 03:22:37.194 1468 1642 D CompatibilityChangeReporter: Compat change id reported: 135772972; UID 10059; state: DISABLED
12-14 03:22:37.194 1468 1642 D CompatibilityChangeReporter: Compat change id reported: 135754954; UID 10059; state: ENABLED
12-14 03:22:37.194 1468 1642 D CompatibilityChangeReporter: Compat change id reported: 135634846; UID 10053; state: DISABLED
12-14 03:22:37.194 1468 1642 D CompatibilityChangeReporter: Compat change id reported: 177438394; UID 10053; state: DISABLED
12-14 03:22:37.195 1468 1642 D CompatibilityChangeReporter: Compat change id reported: 135772972; UID 10053; state: DISABLED
12-14 03:22:37.195 1468 1642 D CompatibilityChangeReporter: Compat change id reported: 135754954; UID 10053; state: ENABLED
12-14 03:22:37.195 1468 1642 D CompatibilityChangeReporter: Compat change id reported: 135634846; UID 10074; state: DISABLED
12-14 03:22:37.195 1468 1642 D CompatibilityChangeReporter: Compat change id reported: 177438394; UID 10074; state: DISABLED
12-14 03:22:37.195 1468 1642 D CompatibilityChangeReporter: Compat change id reported: 135772972; UID 10074; state: DISABLED
12-14 03:22:37.195 1468 1642 D CompatibilityChangeReporter: Compat change id reported: 135754954; UID 10074; state: DISABLED
12-14 03:22:37.195 1468 1642 D CompatibilityChangeReporter: Compat change id reported: 135634846; UID 10087; state: DISABLED
12-14 03:22:37.195 1468 1642 D CompatibilityChangeReporter: Compat change id reported: 177438394; UID 10087; state: DISABLED
12-14 03:22:37.195 1468 1642 D CompatibilityChangeReporter: Compat change id reported: 135772972; UID 10087; state: DISABLED
12-14 03:22:37.195 1468 1642 D CompatibilityChangeReporter: Compat change id reported: 135754954; UID 10087; state: ENABLED
12-14 03:22:37.196 1468 1642 D CompatibilityChangeReporter: Compat change id reported: 135634846; UID 10085; state: DISABLED
12-14 03:22:37.196 1468 1642 D CompatibilityChangeReporter: Compat change id reported: 177438394; UID 10085; state: DISABLED
12-14 03:22:37.196 1468 1642 D CompatibilityChangeReporter: Compat change id reported: 135772972; UID 10085; state: DISABLED
12-14 03:22:37.196 1468 1642 D CompatibilityChangeReporter: Compat change id reported: 135754954; UID 10085; state: ENABLED
12-14 03:22:37.196 1468 1642 I PreBootBroadcaster: Pre-boot of {com.android.documentsui/com.android.documentsui.PreBootReceiver} for user 0
