01-01 08:58:54.287 0 0 D mv2112_update_link: 3.0x8109(100M): 0x8
01-01 08:58:54.287 0 0 D mv2112_update_link: link 0x0
01-01 08:58:54.287 0 0 D mv2112_read_status: autoneg is disabled
01-01 08:58:55.310 0 0 D : mv2112_read_status
01-01 08:58:55.310 0 0 D mv2112_update_link: 3.0x901(1G): 0x80
01-01 08:58:55.310 0 0 D mv2112_update_link: 3.0x8109(100M): 0x8
01-01 08:58:55.310 0 0 D mv2112_update_link: link 0x0
01-01 08:58:55.310 0 0 D mv2112_read_status: autoneg is disabled
01-01 08:58:56.334 0 0 D : mv2112_read_status
01-01 08:58:56.334 0 0 D mv2112_update_link: 3.0x901(1G): 0x80
01-01 08:58:56.335 0 0 D mv2112_update_link: 3.0x8109(100M): 0x8
01-01 08:58:56.335 0 0 D mv2112_update_link: link 0x0
01-01 08:58:56.335 0 0 D mv2112_read_status: autoneg is disabled
01-01 08:58:57.358 0 0 D : mv2112_read_status
01-01 08:58:57.359 0 0 D mv2112_update_link: 3.0x901(1G): 0x80
01-01 08:58:57.359 0 0 D mv2112_update_link: 3.0x8109(100M): 0x8
01-01 08:58:57.359 0 0 D mv2112_update_link: link 0x0
01-01 08:58:57.359 0 0 D mv2112_read_status: autoneg is disabled
01-01 08:58:58.382 0 0 D : mv2112_read_status
01-01 08:58:58.382 0 0 D mv2112_update_link: 3.0x901(1G): 0x80
01-01 08:58:58.382 0 0 D mv2112_update_link: 3.0x8109(100M): 0x8
01-01 08:58:58.382 0 0 D mv2112_update_link: link 0x0
01-01 08:58:58.382 0 0 D mv2112_read_status: autoneg is disabled
01-01 08:58:59.406 0 0 D : mv2112_read_status
01-01 08:58:59.406 0 0 D mv2112_update_link: 3.0x901(1G): 0x80
01-01 08:58:59.406 0 0 D mv2112_update_link: 3.0x8109(100M): 0x8
01-01 08:58:59.406 0 0 D mv2112_update_link: link 0x0
01-01 08:58:59.406 0 0 D mv2112_read_status: autoneg is disabled
01-01 08:59:00.430 0 0 D : mv2112_read_status
01-01 08:59:00.431 0 0 D mv2112_update_link: 3.0x901(1G): 0x80
01-01 08:59:00.431 0 0 D mv2112_update_link: 3.0x8109(100M): 0x8
01-01 08:59:00.431 0 0 D mv2112_update_link: link 0x0
01-01 08:59:00.431 0 0 D mv2112_read_status: autoneg is disabled
01-01 08:59:01.454 0 0 D : mv2112_read_status
01-01 08:59:01.455 0 0 D mv2112_update_link: 3.0x901(1G): 0x80
01-01 08:59:01.455 0 0 D mv2112_update_link: 3.0x8109(100M): 0x8
01-01 08:59:01.455 0 0 D mv2112_update_link: link 0x0
01-01 08:59:01.455 0 0 D mv2112_read_status: autoneg is disabled
01-01 08:59:02.478 0 0 D : mv2112_read_status
01-01 08:59:02.479 0 0 D mv2112_update_link: 3.0x901(1G): 0x80
01-01 08:59:02.479 0 0 D mv2112_update_link: 3.0x8109(100M): 0x8
01-01 08:59:02.479 0 0 D mv2112_update_link: link 0x0
01-01 08:59:02.479 0 0 D mv2112_read_status: autoneg is disabled
01-01 08:59:03.502 0 0 D : mv2112_read_status
01-01 08:59:03.503 0 0 D mv2112_update_link: 3.0x901(1G): 0x80
01-01 08:59:03.503 0 0 D mv2112_update_link: 3.0x8109(100M): 0x8
01-01 08:59:03.503 0 0 D mv2112_update_link: link 0x0
01-01 08:59:03.503 0 0 D mv2112_read_status: autoneg is disabled
01-01 08:59:04.526 0 0 D : mv2112_read_status
01-01 08:59:04.526 0 0 D mv2112_update_link: 3.0x901(1G): 0x80
01-01 08:59:04.527 0 0 D mv2112_update_link: 3.0x8109(100M): 0x8
01-01 08:59:04.527 0 0 D mv2112_update_link: link 0x0
01-01 08:59:04.527 0 0 D mv2112_read_status: autoneg is disabled
01-01 08:59:05.550 0 0 D : mv2112_read_status
01-01 08:59:05.551 0 0 D mv2112_update_link: 3.0x901(1G): 0x80
01-01 08:59:05.551 0 0 D mv2112_update_link: 3.0x8109(100M): 0x8
01-01 08:59:05.551 0 0 D mv2112_update_link: link 0x0
01-01 08:59:05.551 0 0 D mv2112_read_status: autoneg is disabled
01-01 08:59:06.574 0 0 D : mv2112_read_status
01-01 08:59:06.574 0 0 D mv2112_update_link: 3.0x901(1G): 0x80
01-01 08:59:06.575 0 0 D mv2112_update_link: 3.0x8109(100M): 0x8
01-01 08:59:06.575 0 0 D mv2112_update_link: link 0x0
01-01 08:59:06.575 0 0 D mv2112_read_status: autoneg is disabled
01-01 08:59:07.598 0 0 D : mv2112_read_status
01-01 08:59:07.598 0 0 D mv2112_update_link: 3.0x901(1G): 0x80
01-01 08:59:07.598 0 0 D mv2112_update_link: 3.0x8109(100M): 0x8
01-01 08:59:07.598 0 0 D mv2112_update_link: link 0x0
01-01 08:59:07.598 0 0 D mv2112_read_status: autoneg is disabled
01-01 08:59:08.622 0 0 D : mv2112_read_status
01-01 08:59:08.622 0 0 D mv2112_update_link: 3.0x901(1G): 0x80
01-01 08:59:08.623 0 0 D mv2112_update_link: 3.0x8109(100M): 0x8
01-01 08:59:08.623 0 0 D mv2112_update_link: link 0x0
01-01 08:59:08.623 0 0 D mv2112_read_status: autoneg is disabled
01-01 08:59:09.646 0 0 D : mv2112_read_status
01-01 08:59:09.646 0 0 D mv2112_update_link: 3.0x901(1G): 0x80
01-01 08:59:09.647 0 0 D mv2112_update_link: 3.0x8109(100M): 0x8
01-01 08:59:09.647 0 0 D mv2112_update_link: link 0x0
01-01 08:59:09.647 0 0 D mv2112_read_status: autoneg is disabled
01-01 08:59:10.670 0 0 D : mv2112_read_status
01-01 08:59:10.670 0 0 D mv2112_update_link: 3.0x901(1G): 0x80
01-01 08:59:10.671 0 0 D mv2112_update_link: 3.0x8109(100M): 0x8
01-01 08:59:10.671 0 0 D mv2112_update_link: link 0x0
01-01 08:59:10.671 0 0 D mv2112_read_status: autoneg is disabled
01-01 08:59:11.694 0 0 D : mv2112_read_status
01-01 08:59:11.694 0 0 D mv2112_update_link: 3.0x901(1G): 0x80
01-01 08:59:11.695 0 0 D mv2112_update_link: 3.0x8109(100M): 0x8
01-01 08:59:11.695 0 0 D mv2112_update_link: link 0x0
01-01 08:59:11.695 0 0 D mv2112_read_status: autoneg is disabled
01-01 08:59:12.718 0 0 D : mv2112_read_status
01-01 08:59:12.718 0 0 D mv2112_update_link: 3.0x901(1G): 0x80
01-01 08:59:12.719 0 0 D mv2112_update_link: 3.0x8109(100M): 0x8
01-01 08:59:12.719 0 0 D mv2112_update_link: link 0x0
01-01 08:59:12.719 0 0 D mv2112_read_status: autoneg is disabled
01-01 08:59:13.742 0 0 D : mv2112_read_status
01-01 08:59:13.742 0 0 D mv2112_update_link: 3.0x901(1G): 0x80
01-01 08:59:13.742 0 0 D mv2112_update_link: 3.0x8109(100M): 0x8
01-01 08:59:13.742 0 0 D mv2112_update_link: link 0x0
01-01 08:59:13.742 0 0 D mv2112_read_status: autoneg is disabled
01-01 08:59:14.766 0 0 D : mv2112_read_status
01-01 08:59:14.767 0 0 D mv2112_update_link: 3.0x901(1G): 0x80
01-01 08:59:14.767 0 0 D mv2112_update_link: 3.0x8109(100M): 0x8
01-01 08:59:14.767 0 0 D mv2112_update_link: link 0x0
01-01 08:59:14.767 0 0 D mv2112_read_status: autoneg is disabled
01-01 08:59:15.790 0 0 D : mv2112_read_status
01-01 08:59:15.790 0 0 D mv2112_update_link: 3.0x901(1G): 0x80
01-01 08:59:15.790 0 0 D mv2112_update_link: 3.0x8109(100M): 0x8
01-01 08:59:15.790 0 0 D mv2112_update_link: link 0x0
01-01 08:59:15.790 0 0 D mv2112_read_status: autoneg is disabled
01-01 08:59:16.814 0 0 D : mv2112_read_status
01-01 08:59:16.814 0 0 D mv2112_update_link: 3.0x901(1G): 0x80
01-01 08:59:16.815 0 0 D mv2112_update_link: 3.0x8109(100M): 0x8
01-01 08:59:16.815 0 0 D mv2112_update_link: link 0x0
01-01 08:59:16.815 0 0 D mv2112_read_status: autoneg is disabled
01-01 08:59:17.838 0 0 D : mv2112_read_status
01-01 08:59:17.838 0 0 D mv2112_update_link: 3.0x901(1G): 0x80
01-01 08:59:17.838 0 0 D mv2112_update_link: 3.0x8109(100M): 0x8
01-01 08:59:17.838 0 0 D mv2112_update_link: link 0x0
01-01 08:59:17.838 0 0 D mv2112_read_status: autoneg is disabled
01-01 08:59:18.862 0 0 D : mv2112_read_status
01-01 08:59:18.863 0 0 D mv2112_update_link: 3.0x901(1G): 0x80
01-01 08:59:18.863 0 0 D mv2112_update_link: 3.0x8109(100M): 0x8
01-01 08:59:18.863 0 0 D mv2112_update_link: link 0x0
01-01 08:59:18.863 0 0 D mv2112_read_status: autoneg is disabled
01-01 08:59:19.886 0 0 D : mv2112_read_status
01-01 08:59:19.886 0 0 D mv2112_update_link: 3.0x901(1G): 0x80
01-01 08:59:19.887 0 0 D mv2112_update_link: 3.0x8109(100M): 0x8
01-01 08:59:19.887 0 0 D mv2112_update_link: link 0x0
01-01 08:59:19.887 0 0 D mv2112_read_status: autoneg is disabled
01-01 08:59:20.910 0 0 D : mv2112_read_status
01-01 08:59:20.910 0 0 D mv2112_update_link: 3.0x901(1G): 0x80
01-01 08:59:20.910 0 0 D mv2112_update_link: 3.0x8109(100M): 0x8
01-01 08:59:20.910 0 0 D mv2112_update_link: link 0x0
01-01 08:59:20.910 0 0 D mv2112_read_status: autoneg is disabled
01-01 08:59:21.934 0 0 D : mv2112_read_status
01-01 08:59:21.934 0 0 D mv2112_update_link: 3.0x901(1G): 0x80
01-01 08:59:21.935 0 0 D mv2112_update_link: 3.0x8109(100M): 0x8
01-01 08:59:21.935 0 0 D mv2112_update_link: link 0x0
01-01 08:59:21.935 0 0 D mv2112_read_status: autoneg is disabled
01-01 08:59:22.958 0 0 D : mv2112_read_status
01-01 08:59:22.959 0 0 D mv2112_update_link: 3.0x901(1G): 0x80
01-01 08:59:22.959 0 0 D mv2112_update_link: 3.0x8109(100M): 0x8
01-01 08:59:22.959 0 0 D mv2112_update_link: link 0x0
01-01 08:59:22.959 0 0 D mv2112_read_status: autoneg is disabled
01-01 08:59:23.982 0 0 D : mv2112_read_status
01-01 08:59:23.982 0 0 D mv2112_update_link: 3.0x901(1G): 0x80
01-01 08:59:23.983 0 0 D mv2112_update_link: 3.0x8109(100M): 0x8
01-01 08:59:23.983 0 0 D mv2112_update_link: link 0x0
01-01 08:59:23.983 0 0 D mv2112_read_status: autoneg is disabled
01-01 08:59:25.006 0 0 D : mv2112_read_status
01-01 08:59:25.006 0 0 D mv2112_update_link: 3.0x901(1G): 0x80
01-01 08:59:25.007 0 0 D mv2112_update_link: 3.0x8109(100M): 0x8
01-01 08:59:25.007 0 0 D mv2112_update_link: link 0x0
01-01 08:59:25.007 0 0 D mv2112_read_status: autoneg is disabled
01-01 08:59:26.030 0 0 D : mv2112_read_status
01-01 08:59:26.030 0 0 D mv2112_update_link: 3.0x901(1G): 0x80
01-01 08:59:26.031 0 0 D mv2112_update_link: 3.0x8109(100M): 0x8
01-01 08:59:26.031 0 0 D mv2112_update_link: link 0x0
01-01 08:59:26.031 0 0 D mv2112_read_status: autoneg is disabled
01-01 08:59:27.054 0 0 D : mv2112_read_status
01-01 08:59:27.054 0 0 D mv2112_update_link: 3.0x901(1G): 0x80
01-01 08:59:27.054 0 0 D mv2112_update_link: 3.0x8109(100M): 0x8
01-01 08:59:27.054 0 0 D mv2112_update_link: link 0x0
01-01 08:59:27.054 0 0 D mv2112_read_status: autoneg is disabled
01-01 08:59:28.084 0 0 D : mv2112_read_status
01-01 08:59:28.084 0 0 D mv2112_update_link: 3.0x901(1G): 0x80
01-01 08:59:28.084 0 0 D mv2112_update_link: 3.0x8109(100M): 0x8
01-01 08:59:28.084 0 0 D mv2112_update_link: link 0x0
01-01 08:59:28.084 0 0 D mv2112_read_status: autoneg is disabled
01-01 08:59:29.106 0 0 D : mv2112_read_status
01-01 08:59:29.106 0 0 D mv2112_update_link: 3.0x901(1G): 0x80
01-01 08:59:29.106 0 0 D mv2112_update_link: 3.0x8109(100M): 0x8
01-01 08:59:29.106 0 0 D mv2112_update_link: link 0x0
01-01 08:59:29.106 0 0 D mv2112_read_status: autoneg is disabled
01-01 08:59:30.126 0 0 D : mv2112_read_status
01-01 08:59:30.126 0 0 D mv2112_update_link: 3.0x901(1G): 0x80
01-01 08:59:30.126 0 0 D mv2112_update_link: 3.0x8109(100M): 0x8
01-01 08:59:30.126 0 0 D mv2112_update_link: link 0x0
01-01 08:59:30.126 0 0 D mv2112_read_status: autoneg is disabled
01-01 08:59:31.151 0 0 D : mv2112_read_status
01-01 08:59:31.151 0 0 D mv2112_update_link: 3.0x901(1G): 0x80
01-01 08:59:31.151 0 0 D mv2112_update_link: 3.0x8109(100M): 0x8
01-01 08:59:31.151 0 0 D mv2112_update_link: link 0x0
01-01 08:59:31.151 0 0 D mv2112_read_status: autoneg is disabled
01-01 08:59:32.174 0 0 D : mv2112_read_status
01-01 08:59:32.174 0 0 D mv2112_update_link: 3.0x901(1G): 0x80
01-01 08:59:32.174 0 0 D mv2112_update_link: 3.0x8109(100M): 0x8
01-01 08:59:32.174 0 0 D mv2112_update_link: link 0x0
01-01 08:59:32.174 0 0 D mv2112_read_status: autoneg is disabled
01-01 08:59:33.198 0 0 D : mv2112_read_status
01-01 08:59:33.199 0 0 D mv2112_update_link: 3.0x901(1G): 0x80
01-01 08:59:33.199 0 0 D mv2112_update_link: 3.0x8109(100M): 0x8
01-01 08:59:33.199 0 0 D mv2112_update_link: link 0x0
01-01 08:59:33.199 0 0 D mv2112_read_status: autoneg is disabled
01-01 08:59:34.222 0 0 D : mv2112_read_status
01-01 08:59:34.222 0 0 D mv2112_update_link: 3.0x901(1G): 0x80
01-01 08:59:34.222 0 0 D mv2112_update_link: 3.0x8109(100M): 0x8
01-01 08:59:34.222 0 0 D mv2112_update_link: link 0x0
01-01 08:59:34.222 0 0 D mv2112_read_status: autoneg is disabled
01-01 08:59:35.246 0 0 D : mv2112_read_status
01-01 08:59:35.246 0 0 D mv2112_update_link: 3.0x901(1G): 0x80
01-01 08:59:35.247 0 0 D mv2112_update_link: 3.0x8109(100M): 0x8
01-01 08:59:35.247 0 0 D mv2112_update_link: link 0x0
01-01 08:59:35.247 0 0 D mv2112_read_status: autoneg is disabled
01-01 08:59:36.270 0 0 D : mv2112_read_status
01-01 08:59:36.271 0 0 D mv2112_update_link: 3.0x901(1G): 0x80
01-01 08:59:36.271 0 0 D mv2112_update_link: 3.0x8109(100M): 0x8
01-01 08:59:36.271 0 0 D mv2112_update_link: link 0x0
01-01 08:59:36.271 0 0 D mv2112_read_status: autoneg is disabled
01-01 08:59:37.294 0 0 D : mv2112_read_status
01-01 08:59:37.294 0 0 D mv2112_update_link: 3.0x901(1G): 0x80
01-01 08:59:37.294 0 0 D mv2112_update_link: 3.0x8109(100M): 0x8
01-01 08:59:37.294 0 0 D mv2112_update_link: link 0x0
01-01 08:59:37.294 0 0 D mv2112_read_status: autoneg is disabled
01-01 08:59:38.318 0 0 D : mv2112_read_status
01-01 08:59:38.318 0 0 D mv2112_update_link: 3.0x901(1G): 0x80
01-01 08:59:38.319 0 0 D mv2112_update_link: 3.0x8109(100M): 0x8
01-01 08:59:38.319 0 0 D mv2112_update_link: link 0x0
01-01 08:59:38.319 0 0 D mv2112_read_status: autoneg is disabled
01-01 08:59:39.342 0 0 D : mv2112_read_status
01-01 08:59:39.342 0 0 D mv2112_update_link: 3.0x901(1G): 0x80
01-01 08:59:39.342 0 0 D mv2112_update_link: 3.0x8109(100M): 0x8
01-01 08:59:39.342 0 0 D mv2112_update_link: link 0x0
01-01 08:59:39.342 0 0 D mv2112_read_status: autoneg is disabled
01-01 08:59:40.366 0 0 D : mv2112_read_status
01-01 08:59:40.366 0 0 D mv2112_update_link: 3.0x901(1G): 0x80
01-01 08:59:40.367 0 0 D mv2112_update_link: 3.0x8109(100M): 0x8
01-01 08:59:40.367 0 0 D mv2112_update_link: link 0x0
01-01 08:59:40.367 0 0 D mv2112_read_status: autoneg is disabled
01-01 08:59:41.390 0 0 D : mv2112_read_status
01-01 08:59:41.390 0 0 D mv2112_update_link: 3.0x901(1G): 0x80
01-01 08:59:41.390 0 0 D mv2112_update_link: 3.0x8109(100M): 0x8
01-01 08:59:41.390 0 0 D mv2112_update_link: link 0x0
01-01 08:59:41.390 0 0 D mv2112_read_status: autoneg is disabled
01-01 08:59:42.414 0 0 D : mv2112_read_status
01-01 08:59:42.414 0 0 D mv2112_update_link: 3.0x901(1G): 0x80
01-01 08:59:42.414 0 0 D mv2112_update_link: 3.0x8109(100M): 0x8
01-01 08:59:42.414 0 0 D mv2112_update_link: link 0x0
01-01 08:59:42.414 0 0 D mv2112_read_status: autoneg is disabled
01-01 08:59:43.438 0 0 D : mv2112_read_status
01-01 08:59:43.438 0 0 D mv2112_update_link: 3.0x901(1G): 0x80
01-01 08:59:43.439 0 0 D mv2112_update_link: 3.0x8109(100M): 0x8
01-01 08:59:43.439 0 0 D mv2112_update_link: link 0x0
01-01 08:59:43.439 0 0 D mv2112_read_status: autoneg is disabled
01-01 08:59:43.969 0 0 I binder : 1468:1802 ioctl 400c620e 735b8845d8 returned -22
12-14 03:39:15.788 1468 1802 D ActivityManager: freezing 3437 android.process.media
12-14 03:39:15.788 1468 1802 E ActivityManager: Unable to freeze binder for 3437 android.process.media
12-14 03:39:15.790 1468 1802 D ActivityManager: froze 3437 android.process.media
12-14 03:39:15.790 1468 1802 E ActivityManager: Unable to freeze binder for 3437 android.process.media
12-14 03:39:15.792 1468 1802 I ActivityManager: Killing 3437:android.process.media/u0a19 (adj 945): Unable to freeze binder interface
01-01 08:59:43.971 0 0 I binder : 1468:1802 ioctl c00c620f 735b8845b8 returned -22
01-01 08:59:44.462 0 0 D : mv2112_read_status
01-01 08:59:44.462 0 0 D mv2112_update_link: 3.0x901(1G): 0x80
01-01 08:59:44.462 0 0 D mv2112_update_link: 3.0x8109(100M): 0x8
01-01 08:59:44.462 0 0 D mv2112_update_link: link 0x0
01-01 08:59:44.462 0 0 D mv2112_read_status: autoneg is disabled
01-01 08:59:45.486 0 0 D : mv2112_read_status
01-01 08:59:45.486 0 0 D mv2112_update_link: 3.0x901(1G): 0x80
01-01 08:59:45.487 0 0 D mv2112_update_link: 3.0x8109(100M): 0x8
01-01 08:59:45.487 0 0 D mv2112_update_link: link 0x0
01-01 08:59:45.487 0 0 D mv2112_read_status: autoneg is disabled
01-01 08:59:46.510 0 0 D : mv2112_read_status
01-01 08:59:46.510 0 0 D mv2112_update_link: 3.0x901(1G): 0x80
01-01 08:59:46.510 0 0 D mv2112_update_link: 3.0x8109(100M): 0x8
01-01 08:59:46.510 0 0 D mv2112_update_link: link 0x0
01-01 08:59:46.510 0 0 D mv2112_read_status: autoneg is disabled
01-01 08:59:47.534 0 0 D : mv2112_read_status
01-01 08:59:47.534 0 0 D mv2112_update_link: 3.0x901(1G): 0x80
01-01 08:59:47.535 0 0 D mv2112_update_link: 3.0x8109(100M): 0x8
01-01 08:59:47.535 0 0 D mv2112_update_link: link 0x0
01-01 08:59:47.535 0 0 D mv2112_read_status: autoneg is disabled
01-01 08:59:48.558 0 0 D : mv2112_read_status
01-01 08:59:48.558 0 0 D mv2112_update_link: 3.0x901(1G): 0x80
01-01 08:59:48.558 0 0 D mv2112_update_link: 3.0x8109(100M): 0x8
01-01 08:59:48.558 0 0 D mv2112_update_link: link 0x0
01-01 08:59:48.558 0 0 D mv2112_read_status: autoneg is disabled
01-01 08:59:49.582 0 0 D : mv2112_read_status
01-01 08:59:49.582 0 0 D mv2112_update_link: 3.0x901(1G): 0x80
01-01 08:59:49.583 0 0 D mv2112_update_link: 3.0x8109(100M): 0x8
01-01 08:59:49.583 0 0 D mv2112_update_link: link 0x0
01-01 08:59:49.583 0 0 D mv2112_read_status: autoneg is disabled
01-01 08:59:50.606 0 0 D : mv2112_read_status
01-01 08:59:50.606 0 0 D mv2112_update_link: 3.0x901(1G): 0x80
01-01 08:59:50.606 0 0 D mv2112_update_link: 3.0x8109(100M): 0x8
01-01 08:59:50.606 0 0 D mv2112_update_link: link 0x0
01-01 08:59:50.606 0 0 D mv2112_read_status: autoneg is disabled
01-01 08:59:51.630 0 0 D : mv2112_read_status
01-01 08:59:51.630 0 0 D mv2112_update_link: 3.0x901(1G): 0x80
01-01 08:59:51.630 0 0 D mv2112_update_link: 3.0x8109(100M): 0x8
01-01 08:59:51.630 0 0 D mv2112_update_link: link 0x0
01-01 08:59:51.630 0 0 D mv2112_read_status: autoneg is disabled
01-01 08:59:52.654 0 0 D : mv2112_read_status
01-01 08:59:52.654 0 0 D mv2112_update_link: 3.0x901(1G): 0x80
01-01 08:59:52.655 0 0 D mv2112_update_link: 3.0x8109(100M): 0x8
01-01 08:59:52.655 0 0 D mv2112_update_link: link 0x0
01-01 08:59:52.655 0 0 D mv2112_read_status: autoneg is disabled
01-01 08:59:53.678 0 0 D : mv2112_read_status
01-01 08:59:53.678 0 0 D mv2112_update_link: 3.0x901(1G): 0x80
01-01 08:59:53.678 0 0 D mv2112_update_link: 3.0x8109(100M): 0x8
01-01 08:59:53.678 0 0 D mv2112_update_link: link 0x0
01-01 08:59:53.678 0 0 D mv2112_read_status: autoneg is disabled
01-01 08:59:54.702 0 0 D : mv2112_read_status
01-01 08:59:54.702 0 0 D mv2112_update_link: 3.0x901(1G): 0x80
01-01 08:59:54.702 0 0 D mv2112_update_link: 3.0x8109(100M): 0x8
01-01 08:59:54.702 0 0 D mv2112_update_link: link 0x0
01-01 08:59:54.702 0 0 D mv2112_read_status: autoneg is disabled
01-01 08:59:55.726 0 0 D : mv2112_read_status
01-01 08:59:55.727 0 0 D mv2112_update_link: 3.0x901(1G): 0x80
01-01 08:59:55.727 0 0 D mv2112_update_link: 3.0x8109(100M): 0x8
01-01 08:59:55.727 0 0 D mv2112_update_link: link 0x0
01-01 08:59:55.727 0 0 D mv2112_read_status: autoneg is disabled
01-01 08:59:56.750 0 0 D : mv2112_read_status
01-01 08:59:56.750 0 0 D mv2112_update_link: 3.0x901(1G): 0x80
01-01 08:59:56.750 0 0 D mv2112_update_link: 3.0x8109(100M): 0x8
01-01 08:59:56.750 0 0 D mv2112_update_link: link 0x0
01-01 08:59:56.750 0 0 D mv2112_read_status: autoneg is disabled
01-01 08:59:57.774 0 0 D : mv2112_read_status
01-01 08:59:57.775 0 0 D mv2112_update_link: 3.0x901(1G): 0x80
01-01 08:59:57.775 0 0 D mv2112_update_link: 3.0x8109(100M): 0x8
01-01 08:59:57.775 0 0 D mv2112_update_link: link 0x0
01-01 08:59:57.775 0 0 D mv2112_read_status: autoneg is disabled
01-01 08:59:58.798 0 0 D : mv2112_read_status
01-01 08:59:58.799 0 0 D mv2112_update_link: 3.0x901(1G): 0x80
01-01 08:59:58.799 0 0 D mv2112_update_link: 3.0x8109(100M): 0x8
01-01 08:59:58.799 0 0 D mv2112_update_link: link 0x0
01-01 08:59:58.799 0 0 D mv2112_read_status: autoneg is disabled
01-01 08:59:59.822 0 0 D : mv2112_read_status
01-01 08:59:59.822 0 0 D mv2112_update_link: 3.0x901(1G): 0x80
01-01 08:59:59.823 0 0 D mv2112_update_link: 3.0x8109(100M): 0x8
01-01 08:59:59.823 0 0 D mv2112_update_link: link 0x0
01-01 08:59:59.823 0 0 D mv2112_read_status: autoneg is disabled
01-01 09:00:00.846 0 0 D : mv2112_read_status
01-01 09:00:00.846 0 0 D mv2112_update_link: 3.0x901(1G): 0x80
01-01 09:00:00.846 0 0 D mv2112_update_link: 3.0x8109(100M): 0x8
01-01 09:00:00.846 0 0 D mv2112_update_link: link 0x0
01-01 09:00:00.846 0 0 D mv2112_read_status: autoneg is disabled
01-01 09:00:01.870 0 0 D : mv2112_read_status
01-01 09:00:01.870 0 0 D mv2112_update_link: 3.0x901(1G): 0x80
01-01 09:00:01.871 0 0 D mv2112_update_link: 3.0x8109(100M): 0x8
01-01 09:00:01.871 0 0 D mv2112_update_link: link 0x0
01-01 09:00:01.871 0 0 D mv2112_read_status: autoneg is disabled
01-01 09:00:02.894 0 0 D : mv2112_read_status
01-01 09:00:02.894 0 0 D mv2112_update_link: 3.0x901(1G): 0x80
01-01 09:00:02.894 0 0 D mv2112_update_link: 3.0x8109(100M): 0x8
01-01 09:00:02.894 0 0 D mv2112_update_link: link 0x0
01-01 09:00:02.894 0 0 D mv2112_read_status: autoneg is disabled
01-01 09:00:03.918 0 0 D : mv2112_read_status
01-01 09:00:03.918 0 0 D mv2112_update_link: 3.0x901(1G): 0x80
01-01 09:00:03.918 0 0 D mv2112_update_link: 3.0x8109(100M): 0x8
01-01 09:00:03.918 0 0 D mv2112_update_link: link 0x0
01-01 09:00:03.918 0 0 D mv2112_read_status: autoneg is disabled
01-01 09:00:04.942 0 0 D : mv2112_read_status
01-01 09:00:04.943 0 0 D mv2112_update_link: 3.0x901(1G): 0x80
01-01 09:00:04.943 0 0 D mv2112_update_link: 3.0x8109(100M): 0x8
01-01 09:00:04.943 0 0 D mv2112_update_link: link 0x0
01-01 09:00:04.943 0 0 D mv2112_read_status: autoneg is disabled
01-01 09:00:05.966 0 0 D : mv2112_read_status
01-01 09:00:05.966 0 0 D mv2112_update_link: 3.0x901(1G): 0x80
01-01 09:00:05.966 0 0 D mv2112_update_link: 3.0x8109(100M): 0x8
01-01 09:00:05.966 0 0 D mv2112_update_link: link 0x0
01-01 09:00:05.966 0 0 D mv2112_read_status: autoneg is disabled
01-01 09:00:06.990 0 0 D : mv2112_read_status
01-01 09:00:06.990 0 0 D mv2112_update_link: 3.0x901(1G): 0x80
01-01 09:00:06.991 0 0 D mv2112_update_link: 3.0x8109(100M): 0x8
01-01 09:00:06.991 0 0 D mv2112_update_link: link 0x0
01-01 09:00:06.991 0 0 D mv2112_read_status: autoneg is disabled
01-01 09:00:08.014 0 0 D : mv2112_read_status
01-01 09:00:08.014 0 0 D mv2112_update_link: 3.0x901(1G): 0x80
01-01 09:00:08.014 0 0 D mv2112_update_link: 3.0x8109(100M): 0x8
01-01 09:00:08.014 0 0 D mv2112_update_link: link 0x0
01-01 09:00:08.014 0 0 D mv2112_read_status: autoneg is disabled
01-01 09:00:09.038 0 0 D : mv2112_read_status
01-01 09:00:09.038 0 0 D mv2112_update_link: 3.0x901(1G): 0x80
01-01 09:00:09.038 0 0 D mv2112_update_link: 3.0x8109(100M): 0x8
01-01 09:00:09.038 0 0 D mv2112_update_link: link 0x0
01-01 09:00:09.038 0 0 D mv2112_read_status: autoneg is disabled
01-01 09:00:10.062 0 0 D : mv2112_read_status
01-01 09:00:10.062 0 0 D mv2112_update_link: 3.0x901(1G): 0x80
01-01 09:00:10.063 0 0 D mv2112_update_link: 3.0x8109(100M): 0x8
01-01 09:00:10.063 0 0 D mv2112_update_link: link 0x0
01-01 09:00:10.063 0 0 D mv2112_read_status: autoneg is disabled
01-01 09:00:11.086 0 0 D : mv2112_read_status
01-01 09:00:11.086 0 0 D mv2112_update_link: 3.0x901(1G): 0x80
01-01 09:00:11.087 0 0 D mv2112_update_link: 3.0x8109(100M): 0x8
01-01 09:00:11.087 0 0 D mv2112_update_link: link 0x0
01-01 09:00:11.087 0 0 D mv2112_read_status: autoneg is disabled
01-01 09:00:12.110 0 0 D : mv2112_read_status
01-01 09:00:12.110 0 0 D mv2112_update_link: 3.0x901(1G): 0x80
01-01 09:00:12.110 0 0 D mv2112_update_link: 3.0x8109(100M): 0x8
01-01 09:00:12.110 0 0 D mv2112_update_link: link 0x0
01-01 09:00:12.110 0 0 D mv2112_read_status: autoneg is disabled
01-01 09:00:13.134 0 0 D : mv2112_read_status
01-01 09:00:13.134 0 0 D mv2112_update_link: 3.0x901(1G): 0x80
01-01 09:00:13.134 0 0 D mv2112_update_link: 3.0x8109(100M): 0x8
01-01 09:00:13.134 0 0 D mv2112_update_link: link 0x0
01-01 09:00:13.134 0 0 D mv2112_read_status: autoneg is disabled
01-01 09:00:14.158 0 0 D : mv2112_read_status
01-01 09:00:14.159 0 0 D mv2112_update_link: 3.0x901(1G): 0x80
01-01 09:00:14.159 0 0 D mv2112_update_link: 3.0x8109(100M): 0x8
01-01 09:00:14.159 0 0 D mv2112_update_link: link 0x0
01-01 09:00:14.159 0 0 D mv2112_read_status: autoneg is disabled
01-01 09:00:15.182 0 0 D : mv2112_read_status
01-01 09:00:15.182 0 0 D mv2112_update_link: 3.0x901(1G): 0x80
01-01 09:00:15.183 0 0 D mv2112_update_link: 3.0x8109(100M): 0x8
01-01 09:00:15.183 0 0 D mv2112_update_link: link 0x0
01-01 09:00:15.183 0 0 D mv2112_read_status: autoneg is disabled
01-01 09:00:16.206 0 0 D : mv2112_read_status
01-01 09:00:16.206 0 0 D mv2112_update_link: 3.0x901(1G): 0x80
01-01 09:00:16.207 0 0 D mv2112_update_link: 3.0x8109(100M): 0x8
01-01 09:00:16.207 0 0 D mv2112_update_link: link 0x0
01-01 09:00:16.207 0 0 D mv2112_read_status: autoneg is disabled
01-01 09:00:17.230 0 0 D : mv2112_read_status
01-01 09:00:17.230 0 0 D mv2112_update_link: 3.0x901(1G): 0x80
01-01 09:00:17.231 0 0 D mv2112_update_link: 3.0x8109(100M): 0x8
01-01 09:00:17.231 0 0 D mv2112_update_link: link 0x0
01-01 09:00:17.231 0 0 D mv2112_read_status: autoneg is disabled
01-01 09:00:18.254 0 0 D : mv2112_read_status
01-01 09:00:18.254 0 0 D mv2112_update_link: 3.0x901(1G): 0x80
01-01 09:00:18.254 0 0 D mv2112_update_link: 3.0x8109(100M): 0x8
01-01 09:00:18.254 0 0 D mv2112_update_link: link 0x0
01-01 09:00:18.254 0 0 D mv2112_read_status: autoneg is disabled
01-01 09:00:19.278 0 0 D : mv2112_read_status
01-01 09:00:19.278 0 0 D mv2112_update_link: 3.0x901(1G): 0x80
01-01 09:00:19.279 0 0 D mv2112_update_link: 3.0x8109(100M): 0x8
01-01 09:00:19.279 0 0 D mv2112_update_link: link 0x0
01-01 09:00:19.279 0 0 D mv2112_read_status: autoneg is disabled
01-01 09:00:20.302 0 0 D : mv2112_read_status
01-01 09:00:20.302 0 0 D mv2112_update_link: 3.0x901(1G): 0x80
01-01 09:00:20.303 0 0 D mv2112_update_link: 3.0x8109(100M): 0x8
01-01 09:00:20.303 0 0 D mv2112_update_link: link 0x0
01-01 09:00:20.303 0 0 D mv2112_read_status: autoneg is disabled
01-01 09:00:21.326 0 0 D : mv2112_read_status
01-01 09:00:21.326 0 0 D mv2112_update_link: 3.0x901(1G): 0x80
01-01 09:00:21.327 0 0 D mv2112_update_link: 3.0x8109(100M): 0x8
01-01 09:00:21.327 0 0 D mv2112_update_link: link 0x0
01-01 09:00:21.327 0 0 D mv2112_read_status: autoneg is disabled
01-01 09:00:22.350 0 0 D : mv2112_read_status
01-01 09:00:22.350 0 0 D mv2112_update_link: 3.0x901(1G): 0x80
01-01 09:00:22.351 0 0 D mv2112_update_link: 3.0x8109(100M): 0x8
01-01 09:00:22.351 0 0 D mv2112_update_link: link 0x0
01-01 09:00:22.351 0 0 D mv2112_read_status: autoneg is disabled
12-14 03:39:54.553 1468 2318 I DreamManagerService: Gently waking up from dream.
12-14 03:39:54.555 1468 1631 I DreamManagerService: Performing gentle wake from dream.
12-14 03:39:54.557 1468 2373 I ActivityTaskManager: FOREGROUND_APPLICATION_CHANGED to com.android.launcher3.uioverrides.QuickstepLauncher
12-14 03:39:54.589 4292 4310 W ContextImpl: Calling a method in the system process without a qualified user: android.app.ContextImpl.startService:1816 android.content.ContextWrapper.startService:774 com.thundercomm.gamemode.ingame.services.GameModeActionUtils.startGameModeService:99 com.thundercomm.gamemode.ingame.services.GameModeActionUtils.startGameModeEntry:22 com.thundercomm.gamemode.ingame.services.ActivityMonitoringService$1.onActivityLaunch:127
12-14 03:39:54.597 1468 1468 I GameModeConfig: Current uri is uri = content://com.thundercomm.gamemode.api/gamemode_settings/gamemode_isgaming
12-14 03:39:54.602 1468 1468 I GameModeConfig: isGameModeOn = false
12-14 03:39:54.603 1468 1468 I GameModeConfig: isGameModeOn = false
12-14 03:39:54.603 1468 1468 I GameModeConfig: isDisableVoice = true
12-14 03:39:54.614 1468 1658 I PowerManagerService: Powering on display group fromDreaming (groupId=0, uid=1000, reason=WAKE_REASON_UNKNOWN, details=android.server.power:DREAM_FINISHED)...
12-14 03:39:54.614 1468 1658 I PowerManagerService: Waking up from Dreaming (uid=1000, reason=WAKE_REASON_UNKNOWN, details=android.server.power:DREAM_FINISHED)...
12-14 03:39:54.672 4292 4310 W ContextImpl: Calling a method in the system process without a qualified user: android.app.ContextImpl.startService:1816 android.content.ContextWrapper.startService:774 com.thundercomm.gamemode.ingame.services.GameModeActionUtils.startGameModeService:99 com.thundercomm.gamemode.ingame.services.GameModeActionUtils.startGameModeEntry:22 com.thundercomm.gamemode.ingame.services.ActivityMonitoringService$1.onActivityLaunch:127
12-14 03:39:54.678 1468 1468 I GameModeConfig: Current uri is uri = content://com.thundercomm.gamemode.api/gamemode_settings/gamemode_isgaming
12-14 03:39:54.680 1468 1468 I GameModeConfig: isGameModeOn = false
12-14 03:39:54.680 1468 1468 I GameModeConfig: isGameModeOn = false
12-14 03:39:54.681 1468 1468 I GameModeConfig: isDisableVoice = true
12-14 03:39:54.866 4292 4310 W ContextImpl: Calling a method in the system process without a qualified user: android.app.ContextImpl.startService:1816 android.content.ContextWrapper.startService:774 com.thundercomm.gamemode.ingame.services.GameModeActionUtils.startGameModeService:99 com.thundercomm.gamemode.ingame.services.GameModeActionUtils.startGameModeEntry:22 com.thundercomm.gamemode.ingame.services.ActivityMonitoringService$1.onActivityLaunch:127
12-14 03:39:54.871 1468 1468 I GameModeConfig: Current uri is uri = content://com.thundercomm.gamemode.api/gamemode_settings/gamemode_isgaming
12-14 03:39:54.873 1468 1468 I GameModeConfig: isGameModeOn = false
12-14 03:39:54.873 1468 1468 I GameModeConfig: isGameModeOn = false
12-14 03:39:54.873 1468 1468 I GameModeConfig: isDisableVoice = true
12-14 03:39:54.878 1468 1935 I DreamManagerService: Leaving dreamland.
12-14 03:39:54.879 1468 1631 I DreamManagerService: Performing gentle wake from dream.
12-14 03:39:54.879 1468 1631 I DreamController: Stopping dream: name=ComponentInfo{com.thundercomm.screensaver/com.thundercomm.saverclock.service.ClockScreensaver}, isTest=false, canDoze=false, userId=0, reason='finished self'(from 'finished self')
12-14 03:39:54.893 1468 1635 W ActivityTaskManager: Can't find TaskDisplayArea to determine support for multi window. Task id=19 attached=false
01-01 09:00:23.374 0 0 D : mv2112_read_status
01-01 09:00:23.374 0 0 D mv2112_update_link: 3.0x901(1G): 0x80
01-01 09:00:23.374 0 0 D mv2112_update_link: 3.0x8109(100M): 0x8
01-01 09:00:23.374 0 0 D mv2112_update_link: link 0x0
01-01 09:00:23.374 0 0 D mv2112_read_status: autoneg is disabled
01-01 09:00:24.398 0 0 D : mv2112_read_status
01-01 09:00:24.398 0 0 D mv2112_update_link: 3.0x901(1G): 0x80
01-01 09:00:24.398 0 0 D mv2112_update_link: 3.0x8109(100M): 0x8
01-01 09:00:24.398 0 0 D mv2112_update_link: link 0x0
01-01 09:00:24.398 0 0 D mv2112_read_status: autoneg is disabled
01-01 09:00:25.422 0 0 D : mv2112_read_status
01-01 09:00:25.423 0 0 D mv2112_update_link: 3.0x901(1G): 0x80
01-01 09:00:25.423 0 0 D mv2112_update_link: 3.0x8109(100M): 0x8
01-01 09:00:25.423 0 0 D mv2112_update_link: link 0x0
01-01 09:00:25.423 0 0 D mv2112_read_status: autoneg is disabled
01-01 09:00:26.446 0 0 D : mv2112_read_status
01-01 09:00:26.446 0 0 D mv2112_update_link: 3.0x901(1G): 0x80
01-01 09:00:26.447 0 0 D mv2112_update_link: 3.0x8109(100M): 0x8
01-01 09:00:26.447 0 0 D mv2112_update_link: link 0x0
01-01 09:00:26.447 0 0 D mv2112_read_status: autoneg is disabled
01-01 09:00:27.470 0 0 D : mv2112_read_status
01-01 09:00:27.470 0 0 D mv2112_update_link: 3.0x901(1G): 0x80
01-01 09:00:27.470 0 0 D mv2112_update_link: 3.0x8109(100M): 0x8
01-01 09:00:27.470 0 0 D mv2112_update_link: link 0x0
01-01 09:00:27.470 0 0 D mv2112_read_status: autoneg is disabled
01-01 09:00:28.494 0 0 D : mv2112_read_status
01-01 09:00:28.494 0 0 D mv2112_update_link: 3.0x901(1G): 0x80
01-01 09:00:28.495 0 0 D mv2112_update_link: 3.0x8109(100M): 0x8
01-01 09:00:28.495 0 0 D mv2112_update_link: link 0x0
01-01 09:00:28.495 0 0 D mv2112_read_status: autoneg is disabled
01-01 09:00:29.518 0 0 D : mv2112_read_status
01-01 09:00:29.519 0 0 D mv2112_update_link: 3.0x901(1G): 0x80
01-01 09:00:29.519 0 0 D mv2112_update_link: 3.0x8109(100M): 0x8
01-01 09:00:29.519 0 0 D mv2112_update_link: link 0x0
01-01 09:00:29.519 0 0 D mv2112_read_status: autoneg is disabled
01-01 09:00:30.542 0 0 D : mv2112_read_status
01-01 09:00:30.542 0 0 D mv2112_update_link: 3.0x901(1G): 0x80
01-01 09:00:30.543 0 0 D mv2112_update_link: 3.0x8109(100M): 0x8
01-01 09:00:30.543 0 0 D mv2112_update_link: link 0x0
01-01 09:00:30.543 0 0 D mv2112_read_status: autoneg is disabled
01-01 09:00:31.566 0 0 D : mv2112_read_status
01-01 09:00:31.566 0 0 D mv2112_update_link: 3.0x901(1G): 0x80
01-01 09:00:31.566 0 0 D mv2112_update_link: 3.0x8109(100M): 0x8
01-01 09:00:31.566 0 0 D mv2112_update_link: link 0x0
01-01 09:00:31.566 0 0 D mv2112_read_status: autoneg is disabled
01-01 09:00:32.590 0 0 D : mv2112_read_status
01-01 09:00:32.590 0 0 D mv2112_update_link: 3.0x901(1G): 0x80
01-01 09:00:32.591 0 0 D mv2112_update_link: 3.0x8109(100M): 0x8
01-01 09:00:32.591 0 0 D mv2112_update_link: link 0x0
01-01 09:00:32.591 0 0 D mv2112_read_status: autoneg is disabled
01-01 09:00:33.614 0 0 D : mv2112_read_status
01-01 09:00:33.614 0 0 D mv2112_update_link: 3.0x901(1G): 0x80
01-01 09:00:33.614 0 0 D mv2112_update_link: 3.0x8109(100M): 0x8
01-01 09:00:33.614 0 0 D mv2112_update_link: link 0x0
01-01 09:00:33.614 0 0 D mv2112_read_status: autoneg is disabled
01-01 09:00:34.638 0 0 D : mv2112_read_status
01-01 09:00:34.639 0 0 D mv2112_update_link: 3.0x901(1G): 0x80
01-01 09:00:34.639 0 0 D mv2112_update_link: 3.0x8109(100M): 0x8
01-01 09:00:34.639 0 0 D mv2112_update_link: link 0x0
01-01 09:00:34.639 0 0 D mv2112_read_status: autoneg is disabled
01-01 09:00:35.662 0 0 D : mv2112_read_status
01-01 09:00:35.662 0 0 D mv2112_update_link: 3.0x901(1G): 0x80
01-01 09:00:35.662 0 0 D mv2112_update_link: 3.0x8109(100M): 0x8
01-01 09:00:35.662 0 0 D mv2112_update_link: link 0x0
01-01 09:00:35.662 0 0 D mv2112_read_status: autoneg is disabled
01-01 09:00:36.686 0 0 D : mv2112_read_status
01-01 09:00:36.686 0 0 D mv2112_update_link: 3.0x901(1G): 0x80
01-01 09:00:36.686 0 0 D mv2112_update_link: 3.0x8109(100M): 0x8
01-01 09:00:36.686 0 0 D mv2112_update_link: link 0x0
01-01 09:00:36.686 0 0 D mv2112_read_status: autoneg is disabled
01-01 09:00:37.710 0 0 D : mv2112_read_status
01-01 09:00:37.710 0 0 D mv2112_update_link: 3.0x901(1G): 0x80
01-01 09:00:37.711 0 0 D mv2112_update_link: 3.0x8109(100M): 0x8
01-01 09:00:37.711 0 0 D mv2112_update_link: link 0x0
01-01 09:00:37.711 0 0 D mv2112_read_status: autoneg is disabled
01-01 09:00:38.391 0 0 I binder : 6851:6851 ioctl 40046210 7fc21c24d4 returned -22
01-01 09:00:38.734 0 0 D : mv2112_read_status
01-01 09:00:38.734 0 0 D mv2112_update_link: 3.0x901(1G): 0x80
01-01 09:00:38.734 0 0 D mv2112_update_link: 3.0x8109(100M): 0x8
01-01 09:00:38.734 0 0 D mv2112_update_link: link 0x0
01-01 09:00:38.734 0 0 D mv2112_read_status: autoneg is disabled
01-01 09:00:39.758 0 0 D : mv2112_read_status
01-01 09:00:39.758 0 0 D mv2112_update_link: 3.0x901(1G): 0x80
01-01 09:00:39.759 0 0 D mv2112_update_link: 3.0x8109(100M): 0x8
01-01 09:00:39.759 0 0 D mv2112_update_link: link 0x0
01-01 09:00:39.759 0 0 D mv2112_read_status: autoneg is disabled
01-01 09:00:40.782 0 0 D : mv2112_read_status
01-01 09:00:40.782 0 0 D mv2112_update_link: 3.0x901(1G): 0x80
01-01 09:00:40.782 0 0 D mv2112_update_link: 3.0x8109(100M): 0x8
01-01 09:00:40.782 0 0 D mv2112_update_link: link 0x0
01-01 09:00:40.782 0 0 D mv2112_read_status: autoneg is disabled
01-01 09:00:41.806 0 0 D : mv2112_read_status
01-01 09:00:41.806 0 0 D mv2112_update_link: 3.0x901(1G): 0x80
01-01 09:00:41.806 0 0 D mv2112_update_link: 3.0x8109(100M): 0x8
01-01 09:00:41.806 0 0 D mv2112_update_link: link 0x0
01-01 09:00:41.806 0 0 D mv2112_read_status: autoneg is disabled
01-01 09:00:42.830 0 0 D : mv2112_read_status
01-01 09:00:42.831 0 0 D mv2112_update_link: 3.0x901(1G): 0x80
01-01 09:00:42.831 0 0 D mv2112_update_link: 3.0x8109(100M): 0x8
01-01 09:00:42.831 0 0 D mv2112_update_link: link 0x0
01-01 09:00:42.831 0 0 D mv2112_read_status: autoneg is disabled
01-01 09:00:43.854 0 0 D : mv2112_read_status
01-01 09:00:43.854 0 0 D mv2112_update_link: 3.0x901(1G): 0x80
01-01 09:00:43.854 0 0 D mv2112_update_link: 3.0x8109(100M): 0x8
01-01 09:00:43.854 0 0 D mv2112_update_link: link 0x0
01-01 09:00:43.854 0 0 D mv2112_read_status: autoneg is disabled
01-01 09:00:44.878 0 0 D : mv2112_read_status
01-01 09:00:44.878 0 0 D mv2112_update_link: 3.0x901(1G): 0x80
01-01 09:00:44.878 0 0 D mv2112_update_link: 3.0x8109(100M): 0x8
01-01 09:00:44.878 0 0 D mv2112_update_link: link 0x0
01-01 09:00:44.878 0 0 D mv2112_read_status: autoneg is disabled
01-01 09:00:45.902 0 0 D : mv2112_read_status
01-01 09:00:45.902 0 0 D mv2112_update_link: 3.0x901(1G): 0x80
01-01 09:00:45.903 0 0 D mv2112_update_link: 3.0x8109(100M): 0x8
01-01 09:00:45.903 0 0 D mv2112_update_link: link 0x0
01-01 09:00:45.903 0 0 D mv2112_read_status: autoneg is disabled
01-01 09:00:46.926 0 0 D : mv2112_read_status
01-01 09:00:46.926 0 0 D mv2112_update_link: 3.0x901(1G): 0x80
01-01 09:00:46.926 0 0 D mv2112_update_link: 3.0x8109(100M): 0x8
01-01 09:00:46.926 0 0 D mv2112_update_link: link 0x0
01-01 09:00:46.926 0 0 D mv2112_read_status: autoneg is disabled
12-14 03:40:19.375 1468 2007 W RuleEvaluation: Integrity rule files are not available.
12-14 03:40:19.375 1468 1668 I PackageManager: Integrity check passed for file:///data/app/vmdl1292737008.tmp
12-14 03:40:19.463 1468 1668 I PackageManager: Permission ownership changed. Updating all permissions.
01-01 09:00:47.680 0 0 I logd : start watching /data/system/packages.list ...
01-01 09:00:47.690 0 0 I logd : ReadPackageList, total packages: 107
01-01 09:00:47.950 0 0 D : mv2112_read_status
01-01 09:00:47.950 0 0 D mv2112_update_link: 3.0x901(1G): 0x80
01-01 09:00:47.951 0 0 D mv2112_update_link: 3.0x8109(100M): 0x8
01-01 09:00:47.951 0 0 D mv2112_update_link: link 0x0
01-01 09:00:47.951 0 0 D mv2112_read_status: autoneg is disabled
12-14 03:40:20.624 1468 1668 V BackupManagerService: [UserID:0] restoreAtInstall pkg=com.halfbrick.fruitninjafree token=3 restoreSet=0
12-14 03:40:20.624 1468 1668 V BackupManagerService: [UserID:0] Finishing install immediately
12-14 03:40:20.628 1468 1668 D CompatibilityChangeReporter: Compat change id reported: 168419799; UID 10099; state: DISABLED
12-14 03:40:20.634 1468 2373 W BroadcastQueue: Background execution not allowed: receiving Intent { act=android.intent.action.PACKAGE_ADDED dat=package:com.halfbrick.fruitninjafree flg=0x4000010 (has extras) } to com.android.packageinstaller/.PackageInstalledReceiver
12-14 03:40:20.636 1468 1642 W BroadcastQueue: Background execution not allowed: receiving Intent { act=android.intent.action.PACKAGE_ADDED dat=package:com.halfbrick.fruitninjafree flg=0x4000010 (has extras) } to com.android.gallery3d/.app.PackagesMonitor
12-14 03:40:20.648 1468 1468 I Telecom : DefaultDialerCache: Refreshing default dialer for user 0: now null: DDC.oR@AC4
12-14 03:40:20.652 1468 1468 V BackupManagerConstants: getFullBackupIntervalMilliseconds(...) returns 86400000
12-14 03:40:20.652 1468 1468 V BackupManagerConstants: getFullBackupRequiredNetworkType(...) returns 2
12-14 03:40:20.652 1468 1468 V BackupManagerConstants: getFullBackupRequireCharging(...) returns true
12-14 03:40:20.671 1468 1631 D CompanionDeviceManagerService: onPackageModified(packageName = com.halfbrick.fruitninjafree)
12-14 03:40:20.673 1468 1468 I Telecom : DefaultDialerCache: Refreshing default dialer for user 0: now null: DDC.oR@AC8
12-14 03:40:20.679 1468 1641 W PackageManager: Failed registering loading progress callback. Package is fully loaded.
12-14 03:40:20.679 1468 1641 W VoiceInteractionManager: no available voice recognition services found for user 0
12-14 03:40:20.687 1468 1641 W VoiceInteractionManager: no available voice recognition services found for user 0
01-01 09:00:48.974 0 0 D : mv2112_read_status
01-01 09:00:48.974 0 0 D mv2112_update_link: 3.0x901(1G): 0x80
01-01 09:00:48.974 0 0 D mv2112_update_link: 3.0x8109(100M): 0x8
01-01 09:00:48.974 0 0 D mv2112_update_link: link 0x0
01-01 09:00:48.974 0 0 D mv2112_read_status: autoneg is disabled
12-14 03:40:21.287 1468 2313 I GameModeConfig: isGameModeOn = false
12-14 03:40:21.287 1468 2313 I GameModeConfig: isGameModeOn = false
12-14 03:40:21.287 1468 2313 I GameModeConfig: isGameModeOn = false
12-14 03:40:21.287 1468 2313 I GameModeConfig: isGameModeOn = false
12-14 03:40:21.333 1468 2313 I GameModeConfig: isGameModeOn = false
12-14 03:40:21.333 1468 2313 I GameModeConfig: isGameModeOn = false
12-14 03:40:21.333 1468 2313 I GameModeConfig: isGameModeOn = false
12-14 03:40:21.333 1468 2313 I GameModeConfig: isGameModeOn = false
12-14 03:40:21.339 1468 2313 I GameModeConfig: isGameModeOn = false
12-14 03:40:21.340 1468 2313 I GameModeConfig: isGameModeOn = false
12-14 03:40:21.340 1468 2313 I GameModeConfig: isGameModeOn = false
12-14 03:40:21.340 1468 2313 I GameModeConfig: isGameModeOn = false
12-14 03:40:21.358 1468 2313 I GameModeConfig: isGameModeOn = false
12-14 03:40:21.358 1468 2313 I GameModeConfig: isGameModeOn = false
12-14 03:40:21.363 1468 2313 I GameModeConfig: isGameModeOn = false
12-14 03:40:21.363 1468 2313 I GameModeConfig: isGameModeOn = false
12-14 03:40:21.375 1468 2313 I GameModeConfig: isGameModeOn = false
12-14 03:40:21.375 1468 2313 I GameModeConfig: isGameModeOn = false
12-14 03:40:21.375 1468 2313 I GameModeConfig: isGameModeOn = false
12-14 03:40:21.375 1468 2313 I GameModeConfig: isGameModeOn = false
12-14 03:40:21.398 1468 2313 I GameModeConfig: isGameModeOn = false
12-14 03:40:21.398 1468 2313 I GameModeConfig: isGameModeOn = false
12-14 03:40:21.398 1468 2313 I GameModeConfig: isGameModeOn = false
12-14 03:40:21.398 1468 2313 I GameModeConfig: isGameModeOn = false
12-14 03:40:21.408 1468 2313 I GameModeConfig: isGameModeOn = false
12-14 03:40:21.408 1468 2313 I GameModeConfig: isGameModeOn = false
12-14 03:40:21.408 1468 2313 I GameModeConfig: isGameModeOn = false
12-14 03:40:21.408 1468 2313 I GameModeConfig: isGameModeOn = false
12-14 03:40:21.425 1468 2313 I GameModeConfig: isGameModeOn = false
12-14 03:40:21.425 1468 2313 I GameModeConfig: isGameModeOn = false
12-14 03:40:21.425 1468 2313 I GameModeConfig: isGameModeOn = false
12-14 03:40:21.426 1468 2313 I GameModeConfig: isGameModeOn = false
12-14 03:40:21.442 1468 2313 I GameModeConfig: isGameModeOn = false
12-14 03:40:21.442 1468 2313 I GameModeConfig: isGameModeOn = false
12-14 03:40:21.442 1468 2313 I GameModeConfig: isGameModeOn = false
12-14 03:40:21.443 1468 2313 I GameModeConfig: isGameModeOn = false
12-14 03:40:21.459 1468 2313 I GameModeConfig: isGameModeOn = false
12-14 03:40:21.459 1468 2313 I GameModeConfig: isGameModeOn = false
12-14 03:40:21.460 1468 2313 I GameModeConfig: isGameModeOn = false
12-14 03:40:21.460 1468 2313 I GameModeConfig: isGameModeOn = false
12-14 03:40:21.491 1468 1468 I GameModeConfig: isGameModeOn = false
12-14 03:40:21.533 1468 1468 I GameModeConfig: isGameModeOn = false
12-14 03:40:21.534 1468 1468 E NotificationService: Muting recently noisy 0|com.android.systemui|2048|null|10082
12-14 03:40:21.543 1468 1468 I GameModeConfig: isGameModeOn = false
12-14 03:40:21.543 1468 1468 E NotificationService: Muting recently noisy 0|com.android.systemui|2048|null|10082
12-14 03:40:21.566 1468 1468 I GameModeConfig: isGameModeOn = false
12-14 03:40:21.567 1468 1468 E NotificationService: Muting recently noisy 0|com.android.systemui|2048|null|10082
12-14 03:40:21.578 1468 1468 I GameModeConfig: isGameModeOn = false
12-14 03:40:21.578 1468 1468 E NotificationService: Muting recently noisy 0|com.android.systemui|2048|null|10082
12-14 03:40:21.596 1468 1468 I GameModeConfig: isGameModeOn = false
12-14 03:40:21.597 1468 1468 E NotificationService: Muting recently noisy 0|com.android.systemui|2048|null|10082
12-14 03:40:21.611 1468 1468 I GameModeConfig: isGameModeOn = false
12-14 03:40:21.611 1468 1468 E NotificationService: Muting recently noisy 0|com.android.systemui|2048|null|10082
12-14 03:40:21.629 1468 1468 I GameModeConfig: isGameModeOn = false
12-14 03:40:21.629 1468 1468 E NotificationService: Muting recently noisy 0|com.android.systemui|2048|null|10082
12-14 03:40:21.646 1468 1468 I GameModeConfig: isGameModeOn = false
12-14 03:40:21.646 1468 1468 E NotificationService: Muting recently noisy 0|com.android.systemui|2048|null|10082
12-14 03:40:21.666 1468 1468 I GameModeConfig: isGameModeOn = false
12-14 03:40:21.666 1468 1468 E NotificationService: Muting recently noisy 0|com.android.systemui|2048|null|10082
01-01 09:00:49.998 0 0 D : mv2112_read_status
01-01 09:00:49.998 0 0 D mv2112_update_link: 3.0x901(1G): 0x80
01-01 09:00:49.998 0 0 D mv2112_update_link: 3.0x8109(100M): 0x8
01-01 09:00:49.998 0 0 D mv2112_update_link: link 0x0
01-01 09:00:49.998 0 0 D mv2112_read_status: autoneg is disabled
01-01 09:00:51.022 0 0 D : mv2112_read_status
01-01 09:00:51.022 0 0 D mv2112_update_link: 3.0x901(1G): 0x80
01-01 09:00:51.023 0 0 D mv2112_update_link: 3.0x8109(100M): 0x8
01-01 09:00:51.023 0 0 D mv2112_update_link: link 0x0
01-01 09:00:51.023 0 0 D mv2112_read_status: autoneg is disabled
12-14 03:40:23.582 1468 2313 I GameModeConfig: isGameModeOn = false
12-14 03:40:23.582 1468 2313 I GameModeConfig: isGameModeOn = false
12-14 03:40:23.582 1468 2313 I GameModeConfig: isGameModeOn = false
12-14 03:40:23.582 1468 2313 I GameModeConfig: isGameModeOn = false
12-14 03:40:23.606 1468 2313 I GameModeConfig: isGameModeOn = false
12-14 03:40:23.606 1468 2313 I GameModeConfig: isGameModeOn = false
12-14 03:40:23.606 1468 2313 I GameModeConfig: isGameModeOn = false
12-14 03:40:23.607 1468 2313 I GameModeConfig: isGameModeOn = false
12-14 03:40:23.625 1468 2313 I GameModeConfig: isGameModeOn = false
12-14 03:40:23.625 1468 2313 I GameModeConfig: isGameModeOn = false
12-14 03:40:23.625 1468 2313 I GameModeConfig: isGameModeOn = false
12-14 03:40:23.625 1468 2313 I GameModeConfig: isGameModeOn = false
12-14 03:40:23.641 1468 2313 I GameModeConfig: isGameModeOn = false
12-14 03:40:23.642 1468 2313 I GameModeConfig: isGameModeOn = false
12-14 03:40:23.642 1468 2313 I GameModeConfig: isGameModeOn = false
12-14 03:40:23.642 1468 2313 I GameModeConfig: isGameModeOn = false
12-14 03:40:23.655 1468 2313 I GameModeConfig: isGameModeOn = false
12-14 03:40:23.655 1468 2313 I GameModeConfig: isGameModeOn = false
12-14 03:40:23.655 1468 2313 I GameModeConfig: isGameModeOn = false
12-14 03:40:23.656 1468 2313 I GameModeConfig: isGameModeOn = false
12-14 03:40:23.668 1468 2313 I GameModeConfig: isGameModeOn = false
12-14 03:40:23.668 1468 2313 I GameModeConfig: isGameModeOn = false
12-14 03:40:23.668 1468 2313 I GameModeConfig: isGameModeOn = false
12-14 03:40:23.668 1468 2313 I GameModeConfig: isGameModeOn = false
12-14 03:40:23.680 1468 2313 I GameModeConfig: isGameModeOn = false
12-14 03:40:23.680 1468 2313 I GameModeConfig: isGameModeOn = false
12-14 03:40:23.681 1468 2313 I GameModeConfig: isGameModeOn = false
12-14 03:40:23.681 1468 2313 I GameModeConfig: isGameModeOn = false
12-14 03:40:23.697 1468 2313 I GameModeConfig: isGameModeOn = false
12-14 03:40:23.697 1468 2313 I GameModeConfig: isGameModeOn = false
12-14 03:40:23.697 1468 2313 I GameModeConfig: isGameModeOn = false
12-14 03:40:23.697 1468 2313 I GameModeConfig: isGameModeOn = false
12-14 03:40:23.714 1468 2313 I GameModeConfig: isGameModeOn = false
12-14 03:40:23.714 1468 2313 I GameModeConfig: isGameModeOn = false
12-14 03:40:23.715 1468 2313 I GameModeConfig: isGameModeOn = false
12-14 03:40:23.715 1468 2313 I GameModeConfig: isGameModeOn = false
12-14 03:40:23.733 1468 2313 I GameModeConfig: isGameModeOn = false
12-14 03:40:23.733 1468 2313 I GameModeConfig: isGameModeOn = false
12-14 03:40:23.733 1468 2313 I GameModeConfig: isGameModeOn = false
12-14 03:40:23.733 1468 2313 I GameModeConfig: isGameModeOn = false
12-14 03:40:23.749 1468 2313 I GameModeConfig: isGameModeOn = false
12-14 03:40:23.749 1468 2313 I GameModeConfig: isGameModeOn = false
12-14 03:40:23.749 1468 2313 I GameModeConfig: isGameModeOn = false
12-14 03:40:23.749 1468 2313 I GameModeConfig: isGameModeOn = false
12-14 03:40:23.764 1468 2313 I GameModeConfig: isGameModeOn = false
12-14 03:40:23.765 1468 2313 I GameModeConfig: isGameModeOn = false
12-14 03:40:23.765 1468 2313 I GameModeConfig: isGameModeOn = false
12-14 03:40:23.765 1468 2313 I GameModeConfig: isGameModeOn = false
12-14 03:40:23.781 1468 2313 I GameModeConfig: isGameModeOn = false
12-14 03:40:23.781 1468 2313 I GameModeConfig: isGameModeOn = false
12-14 03:40:23.781 1468 2313 I GameModeConfig: isGameModeOn = false
12-14 03:40:23.781 1468 2313 I GameModeConfig: isGameModeOn = false
12-14 03:40:23.788 1468 1468 I GameModeConfig: isGameModeOn = false
12-14 03:40:23.799 1468 2313 I GameModeConfig: isGameModeOn = false
12-14 03:40:23.799 1468 2313 I GameModeConfig: isGameModeOn = false
12-14 03:40:23.800 1468 2313 I GameModeConfig: isGameModeOn = false
12-14 03:40:23.800 1468 2313 I GameModeConfig: isGameModeOn = false
12-14 03:40:23.809 1468 1468 I GameModeConfig: isGameModeOn = false
12-14 03:40:23.809 1468 1468 E NotificationService: Muting recently noisy 0|com.android.systemui|2048|null|10082
12-14 03:40:23.817 1468 2313 I GameModeConfig: isGameModeOn = false
12-14 03:40:23.817 1468 2313 I GameModeConfig: isGameModeOn = false
12-14 03:40:23.817 1468 2313 I GameModeConfig: isGameModeOn = false
12-14 03:40:23.817 1468 2313 I GameModeConfig: isGameModeOn = false
12-14 03:40:23.830 1468 1468 I GameModeConfig: isGameModeOn = false
12-14 03:40:23.830 1468 1468 E NotificationService: Muting recently noisy 0|com.android.systemui|2048|null|10082
12-14 03:40:23.834 1468 2313 I GameModeConfig: isGameModeOn = false
12-14 03:40:23.834 1468 2313 I GameModeConfig: isGameModeOn = false
12-14 03:40:23.834 1468 2313 I GameModeConfig: isGameModeOn = false
12-14 03:40:23.834 1468 2313 I GameModeConfig: isGameModeOn = false
12-14 03:40:23.842 1468 1468 I GameModeConfig: isGameModeOn = false
12-14 03:40:23.842 1468 1468 E NotificationService: Muting recently noisy 0|com.android.systemui|2048|null|10082
12-14 03:40:23.856 1468 2313 I GameModeConfig: isGameModeOn = false
12-14 03:40:23.856 1468 2313 I GameModeConfig: isGameModeOn = false
12-14 03:40:23.856 1468 2313 I GameModeConfig: isGameModeOn = false
12-14 03:40:23.856 1468 2313 I GameModeConfig: isGameModeOn = false
