12-14 03:47:41.800 918 1769 D AF::TrackHandle: OpPlayAudio: track:71 usage:13 not muted
12-14 03:47:41.800 918 1769 D AF::TrackHandle: OpPlayAudio: track:71 usage:13 not muted
12-14 03:47:41.800 918 1769 D AF::TrackHandle: OpPlayAudio: track:71 usage:13 not muted
12-14 03:47:41.800 918 1769 D AF::TrackHandle: OpPlayAudio: track:71 usage:13 not muted
12-14 03:47:41.803 2371 2371 W View : requestLayout() improperly called by android.widget.TextView{b4c0ad0 V.ED..... ..S...ID 0,38-136,68 #7f0b00a4 app:id/app_label} during second layout pass: posting in next frame
12-14 03:47:41.803 3511 4403 W MediaProvider: Recovered abusive '0,64' from 'content://media/external/images/media?limit=0%2C64'
12-14 03:47:41.808 3511 4403 W MediaProvider: Recovered abusive '0,64' from 'content://media/external/video/media?limit=0%2C64'
12-14 03:47:41.808 1468 2313 I GameModeConfig: isGameModeOn = true
12-14 03:47:41.808 1468 2313 I GameModeConfig: isGaming = false
12-14 03:47:41.826 6774 7839 W LocalImage: failed to get thumbnail from: /storage/emulated/0/Pictures/Screenshots/Screenshot_20221214-034738.png
12-14 03:47:41.826 6774 7817 W LocalImage: failed to get thumbnail from: /storage/emulated/0/Pictures/Screenshots/Screenshot_20221214-034729.png
12-14 03:47:41.828 4292 4304 I GameMode_ActivityMonitoringService: onTaskStackChanged
12-14 03:47:41.831 4292 4310 I GameMode_ActivityMonitoringService: Updating top task to: TaskInfoContainer [topActivity=ComponentInfo{com.android.gallery3d/com.android.gallery3d.app.GalleryActivity}, taskId=23, stackId=23, userId=0, displayId=0, position=8
12-14 03:47:41.832 4292 4310 I GameMode_ActivityMonitoringService: Notifying about top task: TaskInfoContainer [topActivity=ComponentInfo{com.android.gallery3d/com.android.gallery3d.app.GalleryActivity}, taskId=23, stackId=23, userId=0, displayId=0, position=8
12-14 03:47:41.832 4292 4310 E GameMode_ActivityMonitoringService: onActivityLaunch:com.android.gallery3d
12-14 03:47:41.832 4292 4310 V GameMode_GameTypeUtils: judge isGame:com.android.gallery3d
12-14 03:47:41.832 4292 4310 V GameMode_GpuUtils: fps:60
12-14 03:47:41.832 1468 2313 I GameModeConfig: isGameModeOn = true
12-14 03:47:41.832 1468 2313 I GameModeConfig: isGaming = false
12-14 03:47:41.839 4292 4292 D GameMode_GameSettingsObserver: Game Data change!!!! uri = content://com.thundercomm.gamemode.api/gamemode_settings/gamemode_isgaming
12-14 03:47:41.840 4292 4292 D GameModeIF_GameModeSettings: getUriFor setting_content_uri_root = content://com.thundercomm.gamemode.api/gamemode_settings , name = gamemode_isgaming
12-14 03:47:41.842 4292 4292 D GameMode_GameModeService: updateGlobalSettings = gamemode_isgaming
12-14 03:47:41.842 4292 4310 D GameMode_GameModeActionUtils: Show GameMode entry by service!
12-14 03:47:41.843 4292 4310 W ContextImpl: Calling a method in the system process without a qualified user: android.app.ContextImpl.startService:1816 android.content.ContextWrapper.startService:774 com.thundercomm.gamemode.ingame.services.GameModeActionUtils.startGameModeService:99 com.thundercomm.gamemode.ingame.services.GameModeActionUtils.startGameModeEntry:22 com.thundercomm.gamemode.ingame.services.ActivityMonitoringService$1.onActivityLaunch:127
12-14 03:47:41.844 4292 4292 D GameMode_GameModeService: type=hide_entry
12-14 03:47:41.846 4292 4310 D GameModeIF_GameModeSettings: getUriFor setting_content_uri_root = content://com.thundercomm.gamemode.api/gamemode_settings , name = gamemode_isgaming
12-14 03:47:41.847 1468 1468 I GameModeConfig: Current uri is uri = content://com.thundercomm.gamemode.api/gamemode_settings/gamemode_isgaming
12-14 03:47:41.847 1468 1468 D GameModeIF_GameModeSettings: getUriFor setting_content_uri_root = content://com.thundercomm.gamemode.api/gamemode_settings , name = gamemode_isgaming
12-14 03:47:41.847 4292 4310 D GameModeIF_GameModeSettings: gamemode_isgaming set to 0
12-14 03:47:41.848 1468 1468 I GameModeConfig: isGameModeOn = true
12-14 03:47:41.849 1468 1468 I GameModeConfig: isGaming = false
12-14 03:47:41.849 1468 1468 I GameModeConfig: isGameModeOn = true
12-14 03:47:41.849 1468 1468 I GameModeConfig: isGaming = false
12-14 03:47:41.849 1468 1468 I GameModeConfig: isDisableVoice = true
12-14 03:47:41.849 918 1257 D AF::TrackHandle: OpPlayAudio: track:71 usage:13 not muted
12-14 03:47:41.849 918 1257 D AF::TrackHandle: OpPlayAudio: track:71 usage:13 not muted
12-14 03:47:41.850 918 1257 D AF::TrackHandle: OpPlayAudio: track:71 usage:13 not muted
12-14 03:47:41.850 918 1257 D AF::TrackHandle: OpPlayAudio: track:71 usage:13 not muted
12-14 03:47:41.850 918 1257 D AF::TrackHandle: OpPlayAudio: track:71 usage:13 not muted
12-14 03:47:41.850 918 1257 D AF::TrackHandle: OpPlayAudio: track:71 usage:13 not muted
12-14 03:47:41.850 918 1257 D AF::TrackHandle: OpPlayAudio: track:71 usage:13 not muted
12-14 03:47:41.850 918 1257 D AF::TrackHandle: OpPlayAudio: track:71 usage:13 not muted
12-14 03:47:41.851 918 1257 D AF::TrackHandle: OpPlayAudio: track:71 usage:13 not muted
12-14 03:47:41.851 918 1257 D AF::TrackHandle: OpPlayAudio: track:71 usage:13 not muted
12-14 03:47:41.851 918 1257 D AF::TrackHandle: OpPlayAudio: track:71 usage:13 not muted
12-14 03:47:41.851 918 1257 D AF::TrackHandle: OpPlayAudio: track:71 usage:13 not muted
12-14 03:47:41.851 918 1257 D AF::TrackHandle: OpPlayAudio: track:71 usage:13 not muted
12-14 03:47:41.851 918 1257 D AF::TrackHandle: OpPlayAudio: track:71 usage:13 not muted
12-14 03:47:41.852 918 1257 D AF::TrackHandle: OpPlayAudio: track:71 usage:13 not muted
12-14 03:47:41.852 918 1257 D AF::TrackHandle: OpPlayAudio: track:71 usage:13 not muted
12-14 03:47:41.873 1468 2313 I GameModeConfig: isGameModeOn = true
12-14 03:47:41.873 1468 2313 I GameModeConfig: isGaming = false
12-14 03:47:41.888 6774 7839 W LocalImage: failed to get thumbnail from: /storage/emulated/0/Pictures/Screenshots/Screenshot_20221214-034725.png
12-14 03:47:41.894 4292 4292 D GameMode_GameSettingsObserver: Game Data change!!!! uri = content://com.thundercomm.gamemode.api/gamemode_settings/gamemode_isgaming
12-14 03:47:41.894 4292 4292 D GameModeIF_GameModeSettings: getUriFor setting_content_uri_root = content://com.thundercomm.gamemode.api/gamemode_settings , name = gamemode_isgaming
12-14 03:47:41.897 4292 4292 D GameMode_GameModeService: updateGlobalSettings = gamemode_isgaming
12-14 03:47:41.897 1468 2313 I GameModeConfig: isGameModeOn = true
12-14 03:47:41.898 1468 2313 I GameModeConfig: isGaming = false
12-14 03:47:41.908 1468 7732 W InputManager-JNI: Input channel object 'b80e3d1 SnapshotStartingWindow for taskId=23 (client)' was disposed without first being removed with the input manager!
12-14 03:47:41.915 1468 2313 I GameModeConfig: isGameModeOn = true
12-14 03:47:41.915 1468 2313 I GameModeConfig: isGaming = false
12-14 03:47:41.929 1468 2313 I GameModeConfig: isGameModeOn = true
12-14 03:47:41.929 1468 2313 I GameModeConfig: isGaming = false
12-14 03:47:41.941 649 664 I mpu_uart: [MSG-P:RECV]:No message received in 1000 ms
12-14 03:47:41.944 1468 2313 I GameModeConfig: isGameModeOn = true
12-14 03:47:41.944 1468 2313 I GameModeConfig: isGaming = false
12-14 03:47:41.961 1468 2313 I GameModeConfig: isGameModeOn = true
12-14 03:47:41.961 1468 2313 I GameModeConfig: isGaming = false
12-14 03:47:41.967 1468 1468 I GameModeConfig: isGameModeOn = true
12-14 03:47:41.967 1468 1468 I GameModeConfig: isGaming = false
12-14 03:47:41.973 1468 2313 I GameModeConfig: isGameModeOn = true
12-14 03:47:41.974 1468 2313 I GameModeConfig: isGaming = false
12-14 03:47:41.974 2371 2371 D InterruptionStateProvider: No bubble up: not allowed to bubble: 0|com.android.systemui|2048|null|10082
12-14 03:47:41.975 2371 2371 D InterruptionStateProvider: No heads up: unimportant notification: 0|com.android.systemui|2048|null|10082
12-14 03:47:41.977 4292 4292 V GameMode_GameTypeUtils: judge isGame:com.android.gallery3d
12-14 03:47:41.977 4292 4292 E GameMode_GameModeNotificationListenerService: title :content :,PackageName:com.android.systemui,isGameModeOn:true,isBulletScreenOn:false,isBulletScreenPackage:false
12-14 03:47:41.979 1468 2313 I GameModeConfig: isGameModeOn = true
12-14 03:47:41.979 1468 2313 I GameModeConfig: isGaming = false
12-14 03:47:41.983 2371 2468 D PeopleSpaceWidgetMgr: Sbn doesn't contain valid PeopleTileKey: null/0/com.android.systemui
12-14 03:47:41.994 1468 2313 I GameModeConfig: isGameModeOn = true
12-14 03:47:41.994 1468 2313 I GameModeConfig: isGaming = false
12-14 03:47:42.011 1468 2313 I GameModeConfig: isGameModeOn = true
12-14 03:47:42.011 1468 2313 I GameModeConfig: isGaming = false
01-01 09:08:10.190 0 0 I IRQ 5 : no longer affine to CPU5
12-14 03:47:42.014 1468 2313 I GameModeConfig: isGameModeOn = true
12-14 03:47:42.015 1468 2313 I GameModeConfig: isGaming = false
12-14 03:47:42.028 1468 2313 I GameModeConfig: isGameModeOn = true
12-14 03:47:42.028 1468 2313 I GameModeConfig: isGaming = false
12-14 03:47:42.032 1468 2313 I GameModeConfig: isGameModeOn = true
12-14 03:47:42.032 1468 2313 I GameModeConfig: isGaming = false
12-14 03:47:42.047 1468 2313 I GameModeConfig: isGameModeOn = true
12-14 03:47:42.047 1468 2313 I GameModeConfig: isGaming = false
12-14 03:47:42.062 1468 2313 I GameModeConfig: isGameModeOn = true
12-14 03:47:42.062 1468 2313 I GameModeConfig: isGaming = false
12-14 03:47:42.077 1468 2313 I GameModeConfig: isGameModeOn = true
12-14 03:47:42.077 1468 2313 I GameModeConfig: isGaming = false
12-14 03:47:42.077 1468 2313 I GameModeConfig: isGameModeOn = true
12-14 03:47:42.077 1468 2313 I GameModeConfig: isGaming = false
12-14 03:47:42.094 1468 2313 I GameModeConfig: isGameModeOn = true
12-14 03:47:42.094 1468 2313 I GameModeConfig: isGaming = false
12-14 03:47:42.101 1468 2313 I GameModeConfig: isGameModeOn = true
12-14 03:47:42.101 1468 2313 I GameModeConfig: isGaming = false
12-14 03:47:42.110 1468 2313 I GameModeConfig: isGameModeOn = true
12-14 03:47:42.110 1468 2313 I GameModeConfig: isGaming = false
12-14 03:47:42.119 1468 2313 I GameModeConfig: isGameModeOn = true
12-14 03:47:42.119 1468 2313 I GameModeConfig: isGaming = false
12-14 03:47:42.133 1468 2313 I GameModeConfig: isGameModeOn = true
12-14 03:47:42.133 1468 2313 I GameModeConfig: isGaming = false
01-01 09:08:10.318 0 0 D : mv2112_read_status
01-01 09:08:10.318 0 0 D mv2112_update_link: 3.0x901(1G): 0x80
01-01 09:08:10.319 0 0 D mv2112_update_link: 3.0x8109(100M): 0x8
01-01 09:08:10.319 0 0 D mv2112_update_link: link 0x0
01-01 09:08:10.319 0 0 D mv2112_read_status: autoneg is disabled
12-14 03:47:42.145 798 1772 D audio_hw_primary: out_set_parameters: enter: usecase(1: low-latency-playback) kvpairs: suspend_playback=false
12-14 03:47:42.145 798 1772 D audio_hw_extn: audio_extn_fm_set_parameters: Enter
12-14 03:47:42.145 798 5775 W audio_hw_primary: out_write: underrun(26) frames_by_time(48234) > out->last_fifo_frames_remaining(384)
12-14 03:47:42.149 1468 2313 I GameModeConfig: isGameModeOn = true
12-14 03:47:42.149 1468 2313 I GameModeConfig: isGaming = false
12-14 03:47:42.160 798 5775 I btaudio_offload_qti: audio_get_a2dp_sink_latency_qti: Sink Latency = 200
12-14 03:47:42.164 798 5775 I btaudio_offload_qti: audio_get_a2dp_sink_latency_qti: Sink Latency = 200
12-14 03:47:42.168 1468 2313 I GameModeConfig: isGameModeOn = true
12-14 03:47:42.168 1468 2313 I GameModeConfig: isGaming = false
12-14 03:47:42.168 798 5775 I btaudio_offload_qti: audio_get_a2dp_sink_latency_qti: Sink Latency = 200
12-14 03:47:42.172 798 5775 I btaudio_offload_qti: audio_get_a2dp_sink_latency_qti: Sink Latency = 200
12-14 03:47:42.176 798 5775 I btaudio_offload_qti: audio_get_a2dp_sink_latency_qti: Sink Latency = 200
12-14 03:47:42.180 798 5775 I btaudio_offload_qti: audio_get_a2dp_sink_latency_qti: Sink Latency = 200
12-14 03:47:42.181 1468 2313 I GameModeConfig: isGameModeOn = true
12-14 03:47:42.181 1468 2313 I GameModeConfig: isGaming = false
12-14 03:47:42.183 798 1772 D audio_hw_primary: out_set_parameters: enter: usecase(1: low-latency-playback) kvpairs: suspend_playback=true
12-14 03:47:42.183 798 1772 D audio_hw_extn: audio_extn_fm_set_parameters: Enter
12-14 03:47:42.197 1468 2313 I GameModeConfig: isGameModeOn = true
12-14 03:47:42.197 1468 2313 I GameModeConfig: isGaming = false
12-14 03:47:42.217 1468 2313 I GameModeConfig: isGameModeOn = true
12-14 03:47:42.217 1468 2313 I GameModeConfig: isGaming = false
12-14 03:47:42.231 1468 2313 I GameModeConfig: isGameModeOn = true
12-14 03:47:42.231 1468 2313 I GameModeConfig: isGaming = false
12-14 03:47:42.249 1468 2313 I GameModeConfig: isGameModeOn = true
12-14 03:47:42.250 1468 2313 I GameModeConfig: isGaming = false
12-14 03:47:42.265 1468 2313 I GameModeConfig: isGameModeOn = true
12-14 03:47:42.265 1468 2313 I GameModeConfig: isGaming = false
12-14 03:47:42.282 1468 2313 I GameModeConfig: isGameModeOn = true
12-14 03:47:42.282 1468 2313 I GameModeConfig: isGaming = false
12-14 03:47:42.299 1468 2313 I GameModeConfig: isGameModeOn = true
12-14 03:47:42.299 1468 2313 I GameModeConfig: isGaming = false
12-14 03:47:42.314 1468 2313 I GameModeConfig: isGameModeOn = true
12-14 03:47:42.314 1468 2313 I GameModeConfig: isGaming = false
12-14 03:47:42.434 2819 2819 D StateManager: goToState: Normal
12-14 03:47:42.442 4292 4304 I GameMode_ActivityMonitoringService: onForegroundActivitiesChanged uid 10080 pid 2819 fg false
12-14 03:47:42.445 4292 4310 I GameMode_ActivityMonitoringService: Updating top task to: TaskInfoContainer [topActivity=ComponentInfo{com.android.gallery3d/com.android.gallery3d.app.GalleryActivity}, taskId=23, stackId=23, userId=0, displayId=0, position=8
12-14 03:47:42.445 4292 4310 I GameMode_ActivityMonitoringService: Notifying about top task: TaskInfoContainer [topActivity=ComponentInfo{com.android.gallery3d/com.android.gallery3d.app.GalleryActivity}, taskId=23, stackId=23, userId=0, displayId=0, position=8
12-14 03:47:42.445 4292 4310 E GameMode_ActivityMonitoringService: onActivityLaunch:com.android.gallery3d
12-14 03:47:42.445 4292 4310 V GameMode_GameTypeUtils: judge isGame:com.android.gallery3d
12-14 03:47:42.445 4292 4310 V GameMode_GpuUtils: fps:60
12-14 03:47:42.447 4292 4310 D GameMode_GameModeActionUtils: Show GameMode entry by service!
12-14 03:47:42.447 4292 4310 W ContextImpl: Calling a method in the system process without a qualified user: android.app.ContextImpl.startService:1816 android.content.ContextWrapper.startService:774 com.thundercomm.gamemode.ingame.services.GameModeActionUtils.startGameModeService:99 com.thundercomm.gamemode.ingame.services.GameModeActionUtils.startGameModeEntry:22 com.thundercomm.gamemode.ingame.services.ActivityMonitoringService$1.onActivityLaunch:127
12-14 03:47:42.449 4292 4310 D GameModeIF_GameModeSettings: getUriFor setting_content_uri_root = content://com.thundercomm.gamemode.api/gamemode_settings , name = gamemode_isgaming
12-14 03:47:42.449 4292 4292 D GameMode_GameModeService: type=hide_entry
12-14 03:47:42.452 1468 1468 I GameModeConfig: Current uri is uri = content://com.thundercomm.gamemode.api/gamemode_settings/gamemode_isgaming
12-14 03:47:42.452 1468 1468 D GameModeIF_GameModeSettings: getUriFor setting_content_uri_root = content://com.thundercomm.gamemode.api/gamemode_settings , name = gamemode_isgaming
12-14 03:47:42.454 1468 1468 I GameModeConfig: isGameModeOn = true
12-14 03:47:42.454 1468 1468 I GameModeConfig: isGaming = false
12-14 03:47:42.454 1468 1468 I GameModeConfig: isGameModeOn = true
12-14 03:47:42.454 1468 1468 I GameModeConfig: isGaming = false
12-14 03:47:42.454 1468 1468 I GameModeConfig: isDisableVoice = true
12-14 03:47:42.456 4292 4310 D GameModeIF_GameModeSettings: gamemode_isgaming set to 0
12-14 03:47:42.458 918 1769 D AF::TrackHandle: OpPlayAudio: track:71 usage:13 not muted
12-14 03:47:42.459 918 1769 D AF::TrackHandle: OpPlayAudio: track:71 usage:13 not muted
12-14 03:47:42.459 918 1769 D AF::TrackHandle: OpPlayAudio: track:71 usage:13 not muted
12-14 03:47:42.460 918 1769 D AF::TrackHandle: OpPlayAudio: track:71 usage:13 not muted
12-14 03:47:42.460 918 1769 D AF::TrackHandle: OpPlayAudio: track:71 usage:13 not muted
12-14 03:47:42.460 918 1769 D AF::TrackHandle: OpPlayAudio: track:71 usage:13 not muted
12-14 03:47:42.460 918 1769 D AF::TrackHandle: OpPlayAudio: track:71 usage:13 not muted
12-14 03:47:42.460 918 1769 D AF::TrackHandle: OpPlayAudio: track:71 usage:13 not muted
12-14 03:47:42.461 918 1769 D AF::TrackHandle: OpPlayAudio: track:71 usage:13 not muted
12-14 03:47:42.461 918 1769 D AF::TrackHandle: OpPlayAudio: track:71 usage:13 not muted
12-14 03:47:42.461 918 1769 D AF::TrackHandle: OpPlayAudio: track:71 usage:13 not muted
12-14 03:47:42.461 4292 4292 D GameMode_GameSettingsObserver: Game Data change!!!! uri = content://com.thundercomm.gamemode.api/gamemode_settings/gamemode_isgaming
12-14 03:47:42.461 4292 4292 D GameModeIF_GameModeSettings: getUriFor setting_content_uri_root = content://com.thundercomm.gamemode.api/gamemode_settings , name = gamemode_isgaming
12-14 03:47:42.462 918 1769 D AF::TrackHandle: OpPlayAudio: track:71 usage:13 not muted
12-14 03:47:42.462 918 1769 D AF::TrackHandle: OpPlayAudio: track:71 usage:13 not muted
12-14 03:47:42.462 918 1769 D AF::TrackHandle: OpPlayAudio: track:71 usage:13 not muted
12-14 03:47:42.463 918 1769 D AF::TrackHandle: OpPlayAudio: track:71 usage:13 not muted
12-14 03:47:42.463 918 1769 D AF::TrackHandle: OpPlayAudio: track:71 usage:13 not muted
12-14 03:47:42.464 4292 4292 D GameMode_GameModeService: updateGlobalSettings = gamemode_isgaming
12-14 03:47:42.467 1468 1635 W Choreographer: Frame time is 0.234955 ms in the future! Check that graphics HAL is generating vsync timestamps using the correct timebase.
12-14 03:47:42.467 6774 6774 W Choreographer: Frame time is 0.15506 ms in the future! Check that graphics HAL is generating vsync timestamps using the correct timebase.
12-14 03:47:42.467 2371 2371 W Choreographer: Frame time is 0.158237 ms in the future! Check that graphics HAL is generating vsync timestamps using the correct timebase.
12-14 03:47:42.467 2819 2819 W Choreographer: Frame time is 0.060112 ms in the future! Check that graphics HAL is generating vsync timestamps using the correct timebase.
12-14 03:47:42.834 1468 2313 I GameModeConfig: isGameModeOn = true
12-14 03:47:42.834 1468 2313 I GameModeConfig: isGaming = false
12-14 03:47:42.866 1468 2313 I GameModeConfig: isGameModeOn = true
12-14 03:47:42.866 1468 2313 I GameModeConfig: isGaming = false
12-14 03:47:42.882 1468 2313 I GameModeConfig: isGameModeOn = true
12-14 03:47:42.882 1468 2313 I GameModeConfig: isGaming = false
12-14 03:47:42.902 1468 2313 I GameModeConfig: isGameModeOn = true
12-14 03:47:42.902 1468 2313 I GameModeConfig: isGaming = false
12-14 03:47:42.915 1468 2313 I GameModeConfig: isGameModeOn = true
12-14 03:47:42.915 1468 2313 I GameModeConfig: isGaming = false
12-14 03:47:42.929 1468 2313 I GameModeConfig: isGameModeOn = true
12-14 03:47:42.929 1468 2313 I GameModeConfig: isGaming = false
12-14 03:47:42.941 649 664 I mpu_uart: [MSG-P:RECV]:No message received in 1000 ms
12-14 03:47:42.947 1468 2313 I GameModeConfig: isGameModeOn = true
12-14 03:47:42.947 1468 2313 I GameModeConfig: isGaming = false
12-14 03:47:42.964 1468 2313 I GameModeConfig: isGameModeOn = true
12-14 03:47:42.964 1468 2313 I GameModeConfig: isGaming = false
12-14 03:47:42.979 1468 2313 I GameModeConfig: isGameModeOn = true
12-14 03:47:42.979 1468 2313 I GameModeConfig: isGaming = false
12-14 03:47:42.997 1468 2313 I GameModeConfig: isGameModeOn = true
12-14 03:47:42.997 1468 2313 I GameModeConfig: isGaming = false
12-14 03:47:43.013 1468 2313 I GameModeConfig: isGameModeOn = true
12-14 03:47:43.014 1468 2313 I GameModeConfig: isGaming = false
12-14 03:47:43.031 1468 2313 I GameModeConfig: isGameModeOn = true
12-14 03:47:43.031 1468 2313 I GameModeConfig: isGaming = false
12-14 03:47:43.034 1468 2313 I GameModeConfig: isGameModeOn = true
12-14 03:47:43.034 1468 2313 I GameModeConfig: isGaming = false
12-14 03:47:43.048 1468 2313 I GameModeConfig: isGameModeOn = true
12-14 03:47:43.048 1468 2313 I GameModeConfig: isGaming = false
12-14 03:47:43.066 1468 2313 I GameModeConfig: isGameModeOn = true
12-14 03:47:43.066 1468 2313 I GameModeConfig: isGaming = false
12-14 03:47:43.069 1468 2313 I GameModeConfig: isGameModeOn = true
12-14 03:47:43.069 1468 2313 I GameModeConfig: isGaming = false
12-14 03:47:43.082 1468 2313 I GameModeConfig: isGameModeOn = true
12-14 03:47:43.082 1468 2313 I GameModeConfig: isGaming = false
12-14 03:47:43.086 1468 2313 I GameModeConfig: isGameModeOn = true
12-14 03:47:43.086 1468 2313 I GameModeConfig: isGaming = false
12-14 03:47:43.097 1468 2313 I GameModeConfig: isGameModeOn = true
12-14 03:47:43.097 1468 2313 I GameModeConfig: isGaming = false
12-14 03:47:43.099 1468 2313 I GameModeConfig: isGameModeOn = true
12-14 03:47:43.099 1468 2313 I GameModeConfig: isGaming = false
12-14 03:47:43.113 1468 2313 I GameModeConfig: isGameModeOn = true
12-14 03:47:43.113 1468 2313 I GameModeConfig: isGaming = false
12-14 03:47:43.115 1468 2313 I GameModeConfig: isGameModeOn = true
12-14 03:47:43.116 1468 2313 I GameModeConfig: isGaming = false
12-14 03:47:43.131 1468 2313 I GameModeConfig: isGameModeOn = true
12-14 03:47:43.131 1468 2313 I GameModeConfig: isGaming = false
12-14 03:47:43.133 1468 2313 I GameModeConfig: isGameModeOn = true
12-14 03:47:43.133 1468 2313 I GameModeConfig: isGaming = false
12-14 03:47:43.146 1468 2313 I GameModeConfig: isGameModeOn = true
12-14 03:47:43.147 1468 2313 I GameModeConfig: isGaming = false
12-14 03:47:43.149 1468 2313 I GameModeConfig: isGameModeOn = true
12-14 03:47:43.149 1468 2313 I GameModeConfig: isGaming = false
01-01 09:08:11.342 0 0 D : mv2112_read_status
01-01 09:08:11.342 0 0 D mv2112_update_link: 3.0x901(1G): 0x80
01-01 09:08:11.343 0 0 D mv2112_update_link: 3.0x8109(100M): 0x8
01-01 09:08:11.343 0 0 D mv2112_update_link: link 0x0
01-01 09:08:11.343 0 0 D mv2112_read_status: autoneg is disabled
12-14 03:47:43.162 1468 2313 I GameModeConfig: isGameModeOn = true
12-14 03:47:43.163 1468 2313 I GameModeConfig: isGaming = false
12-14 03:47:43.168 1468 2313 I GameModeConfig: isGameModeOn = true
12-14 03:47:43.168 1468 2313 I GameModeConfig: isGaming = false
12-14 03:47:43.184 1468 2313 I GameModeConfig: isGameModeOn = true
12-14 03:47:43.184 798 1772 D audio_hw_primary: out_set_parameters: enter: usecase(1: low-latency-playback) kvpairs: suspend_playback=false
12-14 03:47:43.185 798 1772 D audio_hw_extn: audio_extn_fm_set_parameters: Enter
12-14 03:47:43.185 798 6366 D audio_hw_primary: out_standby: enter: stream (0xe9b80010) usecase(1: low-latency-playback)
12-14 03:47:43.184 1468 2313 I GameModeConfig: isGaming = false
12-14 03:47:43.188 1468 2313 I GameModeConfig: isGameModeOn = true
12-14 03:47:43.188 1468 2313 I GameModeConfig: isGaming = false
12-14 03:47:43.200 1468 2313 I GameModeConfig: isGameModeOn = true
12-14 03:47:43.200 1468 2313 I GameModeConfig: isGaming = false
01-01 09:08:11.384 0 0 I afe_close: port_id = 0x400e
01-01 09:08:11.391 0 0 I btfm_slim_disable_ch: port:16, grp: 0, ch->grph:0x0, ch->ch_hdl:0x1d
12-14 03:47:43.216 798 6366 D audio_hw_primary: disable_audio_route: reset and update mixer path: low-latency-playback bt-a2dp
12-14 03:47:43.217 1468 2313 I GameModeConfig: isGameModeOn = true
12-14 03:47:43.217 1468 2313 I GameModeConfig: isGaming = false
12-14 03:47:43.217 798 6366 E soundtrigger: audio_extn_sound_trigger_update_stream_status: invalid input device 0x0, for event 2
12-14 03:47:43.217 798 6366 D soundtrigger: audio_extn_sound_trigger_update_stream_status: uc_info->id 1 of type 0 for Event 2, with Raise=0
12-14 03:47:43.217 798 6366 D msm8974_platform: platform_split_snd_device: snd_device(45) num devices(0) new_snd_devices(0)
12-14 03:47:43.217 798 6366 I msm8974_platform: platform_get_custom_mtmx_params: no matching param with id 0 ip_ch 2 op_ch 2 uc_id 1 snd_dev 45
12-14 03:47:43.217 798 6366 D hardware_info: hw_info_append_hw_type : device_name = bt-a2dp
12-14 03:47:43.217 798 6366 D audio_hw_primary: disable_snd_device: snd_device(45: bt-a2dp)
12-14 03:47:43.217 798 6366 D msm8974_platform: platform_split_snd_device: snd_device(45) num devices(0) new_snd_devices(0)
12-14 03:47:43.220 798 6366 I btaudio_offload_qti: audio_stream_stop_qti
12-14 03:47:43.220 798 6366 W btaudio_offload_qti: handle_hidl_request: suspending audio stream
12-14 03:47:43.220 2354 2967 D bt_btif : btif_dispatch_sm_event: event: 50, len: 4
12-14 03:47:43.221 2354 2967 D bt_btif : btif_dispatch_sm_event: event 50 sent
12-14 03:47:43.221 2354 2469 I bt_btif_vendor: btif_ba_is_active: 0
12-14 03:47:43.221 2354 2469 D bt_btif : btif_dispatch_sm_event: event: 34, len: 0
12-14 03:47:43.221 2354 2469 D bt_btif : btif_dispatch_sm_event: event 34 sent
12-14 03:47:43.221 798 6366 W btaudio_offload_qti: wait_for_stack_response: conditional wait: ack_recvd = 0
12-14 03:47:43.221 2354 2469 I bt_stack: [INFO:a2dp_encoding.cc(2688)] ack_stream_suspended: result=PENDING
12-14 03:47:43.222 798 1772 I BTAudioProviderStub: streamSuspended - SessionType=A2DP_HARDWARE_OFFLOAD_DATAPATH, status=SINK_NOT_READY
12-14 03:47:43.222 798 1772 I BTAudioProviderSession: ReportControlStatus - status=SINK_NOT_READY for SessionType=A2DP_HARDWARE_OFFLOAD_DATAPATH, bluetooth_audio=0x0200 suspended
12-14 03:47:43.222 798 1772 I btaudio_offload_qti: stack_resp_cb: status = 3
12-14 03:47:43.222 798 6366 I btaudio_offload_qti: wait_for_stack_response:ret = 0(Success)
12-14 03:47:43.222 798 6366 W btaudio_offload_qti: wait_for_stack_response: conditional wait done : ack_recvd = 1
12-14 03:47:43.222 798 6366 I btaudio_offload_qti: handle_hidl_request: ack status = A2DP_CTRL_ACK_PENDING
12-14 03:47:43.222 798 6366 W btaudio_offload_qti: wait_for_stack_response: conditional wait: ack_recvd = 0
12-14 03:47:43.222 2354 2469 D bt_btif : btif_av_state_started_handler: event: UNKNOWN_EVENT flags: 0 index = 0, reconfig_event: 0, codec_cfg_change: 0
12-14 03:47:43.222 2354 2469 W bt_btif : btif_av_state_started_handler: unhandled event=UNKNOWN_EVENT
12-14 03:47:43.222 2354 2469 E bt_btif : Latest playing device index is 0
12-14 03:47:43.222 2354 2469 D bt_btif : btif_av_state_started_handler: event: BTIF_AV_SUSPEND_STREAM_REQ_EVT flags: 0 index = 0, reconfig_event: 0, codec_cfg_change: 0
12-14 03:47:43.222 2354 2469 W bt_btif : btif_av_state_started_handler: Stop the AV Data channel
12-14 03:47:43.223 2354 3400 D bt_btif : bta_av_ssm_execute(): AV Sevent(0x41)=0x120c(AP_STOP) state=3(OPEN)
12-14 03:47:43.223 2354 3400 E bt_btif : bta_av_str_stopped: audio_open_cnt=1, p_data 0xb40000741ac3e630
12-14 03:47:43.223 2354 3400 W bt_btif : bta_dm_rm_cback:2, status:6
12-14 03:47:43.223 2354 3400 I btif_av : isBATEnabled: 0
12-14 03:47:43.223 2354 3400 E bt_btif : bta_av_co_get_active_peer: active peer index: 0
12-14 03:47:43.223 2354 3400 E bt_btif : bta_av_co_get_active_peer: active peer index: 0
12-14 03:47:43.224 806 806 D vendor.qti.bluetooth@1.0-ibs_handler: SerialClockVote: vote for UART CLK ON
12-14 03:47:43.224 806 806 D vendor.qti.bluetooth@1.0-wake_lock: Acquire wakelock is acquired
12-14 03:47:43.224 806 806 I vendor.qti.bluetooth@1.0-ibs_handler: DeviceWakeUp: Writing IBS_WAKE_IND
12-14 03:47:43.225 806 3395 I vendor.qti.bluetooth@1.0-ibs_handler: ProcessIbsCmd: Received IBS_WAKE_ACK: 0xFC
12-14 03:47:43.225 806 3395 I vendor.qti.bluetooth@1.0-ibs_handler: ProcessIbsCmd: Signal wack_cond_
12-14 03:47:43.225 806 806 D vendor.qti.bluetooth@1.0-ibs_handler: DeviceWakeUp: Unblocked from waiting for FC, pthread_cond_timedwait ret = 0
12-14 03:47:43.225 806 3395 I vendor.qti.bluetooth@1.0-ibs_handler: ProcessIbsCmd: Received IBS_WAKE_IND: 0xFD
12-14 03:47:43.225 806 3395 I vendor.qti.bluetooth@1.0-ibs_handler: ProcessIbsCmd: Writing IBS_WAKE_ACK
12-14 03:47:43.233 1468 2313 I GameModeConfig: isGameModeOn = true
12-14 03:47:43.233 1468 2313 I GameModeConfig: isGaming = false
12-14 03:47:43.234 2354 2469 E bt_btif : btif_media_send_reset_vendor_state:
12-14 03:47:43.235 2354 2469 D bt_btif : btif_av_state_started_handler: event: BTA_AV_OFFLOAD_STOP_RSP_EVT flags: 1 index = 0, reconfig_event: 0, codec_cfg_change: 0
12-14 03:47:43.235 2354 2469 W bt_btif : btif_av_state_started_handler: unhandled event=BTA_AV_OFFLOAD_STOP_RSP_EVT
12-14 03:47:43.235 2354 3600 D bt_btif_a2dp_source: btif_a2dp_source_command_ready: event: 7 BTIF_MEDIA_RESET_VS_STATE
12-14 03:47:43.249 1468 2313 I GameModeConfig: isGameModeOn = true
12-14 03:47:43.250 1468 2313 I GameModeConfig: isGaming = false
12-14 03:47:43.250 2354 3400 E bt_avp : avdt_ad_tc_data_ind: type: x0, tcid: 0, ccb_idx: 0
12-14 03:47:43.251 2354 3400 D bt_btif : bta_av_ssm_execute(): AV Sevent(0x41)=0x1223(STR_SUSPEND_CFM) state=3(OPEN)
12-14 03:47:43.251 2354 3400 W bt_btif : bta_dm_rm_cback:2, status:6
12-14 03:47:43.251 2354 2469 D bt_btif : btif_av_state_started_handler: event: BTA_AV_SUSPEND_EVT flags: 1 index = 0, reconfig_event: 0, codec_cfg_change: 0
12-14 03:47:43.251 2354 2469 I btif_av : isBATEnabled: 0
12-14 03:47:43.251 2354 2469 E bt_btif : bta_av_co_get_active_peer: active peer index: 0
12-14 03:47:43.251 2354 2469 E bt_btif : bta_av_co_get_active_peer: active peer index: 0
12-14 03:47:43.251 2354 2469 I bt_stack: [INFO:a2dp_encoding.cc(2688)] ack_stream_suspended: result=SUCCESS_FINISHED
12-14 03:47:43.251 798 1772 I BTAudioProviderStub: streamSuspended - SessionType=A2DP_HARDWARE_OFFLOAD_DATAPATH, status=SUCCESS
12-14 03:47:43.252 798 1772 I BTAudioProviderSession: ReportControlStatus - status=SUCCESS for SessionType=A2DP_HARDWARE_OFFLOAD_DATAPATH, bluetooth_audio=0x0200 suspended
12-14 03:47:43.252 798 1772 I btaudio_offload_qti: stack_resp_cb: status = 0
12-14 03:47:43.252 798 6366 I btaudio_offload_qti: wait_for_stack_response:ret = 0(Success)
12-14 03:47:43.252 798 6366 W btaudio_offload_qti: wait_for_stack_response: conditional wait done : ack_recvd = 1
12-14 03:47:43.252 798 6366 D btaudio_offload_qti: audio_stream_stop_qti: success
12-14 03:47:43.252 2354 2469 W bt_stack: [WARNING:a2dp_encoding.cc(189)] ResetPendingCmd 5
12-14 03:47:43.252 2354 2469 I BluetoothA2dpServiceJni: bta2dp_audio_state_callback
12-14 03:47:43.253 798 6366 D a2dp_offload: a2dp_set_bit_format: set AFE input bit format = 16
12-14 03:47:43.254 2354 2469 D A2dpNativeInterface: onAudioStateChanged: A2dpStackEvent {type:EVENT_TYPE_AUDIO_STATE_CHANGED, device:9C:19:C2:27:BA:EF, value1:STOPPED}
12-14 03:47:43.254 2354 2469 D A2dpService: messageFromNative: Going to acquire mVariableLock.
12-14 03:47:43.254 2354 2469 D A2dpService: messageFromNative: Acquired mVariableLock
12-14 03:47:43.254 2354 2469 D A2dpService: messageFromNative: Released mVariableLock
12-14 03:47:43.254 2354 2469 D A2dpService: messageFromNative: Sending STACK_EVENT: A2dpStackEvent {type:EVENT_TYPE_AUDIO_STATE_CHANGED, device:9C:19:C2:27:BA:EF, value1:STOPPED} to sm.
12-14 03:47:43.254 2354 2469 D bt_btif : btif_av_state_started_handler: event: BTIF_SM_EXIT_EVT flags: 1 index = 0, reconfig_event: 0, codec_cfg_change: 0
12-14 03:47:43.255 2354 2469 D bt_btif : btif_av_state_opened_handler: event: BTIF_SM_ENTER_EVT, flags: 1, peer_sep: 1, index: 0 reconfig_event: 0, codec_cfg_change: 0, reconfig_pending: 0, reconfig_a2dp: 0, is_retry_reconfig: 0
12-14 03:47:43.255 2354 3599 D A2dpStateMachine: handleMessage: E msg.what=101
12-14 03:47:43.255 2354 3599 D A2dpStateMachine: processMsg: Connected
12-14 03:47:43.255 2354 3599 D A2dpStateMachine: Connected process message(9C:19:C2:27:BA:EF): STACK_EVENT
12-14 03:47:43.255 2354 3599 D A2dpStateMachine: Connected: stack event: A2dpStackEvent {type:EVENT_TYPE_AUDIO_STATE_CHANGED, device:9C:19:C2:27:BA:EF, value1:STOPPED}
12-14 03:47:43.255 2354 3599 I A2dpStateMachine: Connected: processAudioStateEvent: state: 1mIsPlaying: true
12-14 03:47:43.255 2354 3599 I A2dpStateMachine: Connected: stopped playing: 9C:19:C2:27:BA:EF
12-14 03:47:43.255 798 6366 D a2dp_offload: a2dp_reset_backend_cfg: reset source backend sample rate =KHZ_8
12-14 03:47:43.255 2354 3599 D A2dpService: Enable BLE scanning
12-14 03:47:43.255 2354 3584 V Avrcp_ext: AvrcpMessageHandler: received message=18
12-14 03:47:43.255 2354 3599 D BtGatt.ScanManager: setAptXLowLatencyMode: mIsAptXLowLatencyModeEnabled: falseenabled: false
12-14 03:47:43.255 2354 3584 V Avrcp_ext: MSG_SET_A2DP_AUDIO_STATE:11
12-14 03:47:43.255 2354 3584 V Avrcp_ext: event for device address 9C:19:C2:27:BA:EF
12-14 03:47:43.255 2354 3599 D A2dpStateMachine: A2DP Playing state : device: 9C:19:C2:27:BA:EF State:PLAYING->NOT_PLAYING
12-14 03:47:43.255 2354 3584 I Avrcp_ext: device found at index 0
12-14 03:47:43.255 2354 2962 I BtGatt.ScanManager: msg.what = 5
12-14 03:47:43.255 2354 3584 D BATService: getBATService(): service is NULL
12-14 03:47:43.256 798 6366 D a2dp_offload: a2dp_reset_backend_cfg: reset afe source channels =Zero
12-14 03:47:43.256 798 6366 D a2dp_offload: Stop A2DP playback, total active sessions :0
12-14 03:47:43.256 798 6366 I soundtrigger: audio_extn_sound_trigger_update_device_status: device 0x2d of type 0 for Event 0, with Raise=0
12-14 03:47:43.256 798 6366 D audio_hw_primary: out_standby: exit
12-14 03:47:43.257 2354 3584 V Avrcp_ext: updateCurrentMediaState: mMediaController: MediaController (com.android.systemui@1ffe692) null
12-14 03:47:43.257 2354 3584 W Avrcp_ext: isMusicActive: false getBluetoothPlayState: 2 A2dp State: 11 mAudioPlaybackIsActive: false
12-14 03:47:43.258 2354 3584 W Avrcp_ext: updateCurrentMediaState: isPlaying = false
12-14 03:47:43.259 2354 2354 D HeadsetService: Received BluetoothA2dp Play State changed
12-14 03:47:43.259 2354 3584 I Avrcp_ext: device found at index 0
12-14 03:47:43.259 2354 3584 V Avrcp_ext: Media update: id -1➡-1? [MediaAttributes: none] : [MediaAttributes: none]
12-14 03:47:43.259 2354 2354 D HeadsetA2dpSync: updateA2DPPlayingState device: 9C:19:C2:27:BA:EF transition 10->11
12-14 03:47:43.259 2354 3584 D Avrcp_ext: isPackageNameValid: browsedPackage = com.android.systemuiisValid = true
12-14 03:47:43.259 2354 2354 D HeadsetA2dpSync: isA2dpPlaying returns = 2
12-14 03:47:43.259 2354 3584 V Avrcp_ext: isBrowseSupported for com.android.systemui: false
12-14 03:47:43.259 2354 2354 D HeadsetService: sendA2dpStateChange newState = 2
12-14 03:47:43.259 2354 3584 V Avrcp_ext: Exit handleMessage
12-14 03:47:43.260 2354 2354 E HeadsetStateMachine: returning mCurrentState as Connected
12-14 03:47:43.260 2354 3599 D A2dpStateMachine: handleMessage: X
12-14 03:47:43.260 2354 2354 D HeadsetA2dpSync: device: 9C:19:C2:27:BA:EF state = 2
12-14 03:47:43.260 2354 2354 D BtOppService: action : android.bluetooth.a2dp.profile.action.PLAYING_STATE_CHANGED
12-14 03:47:43.260 2354 2354 D BtOppUtils: device: 9C:19:C2:27:BA:EF newState: 11
12-14 03:47:43.260 2354 2354 D BtOppUtils: isA2DPPlaying :false
12-14 03:47:43.260 2354 3557 D HeadsetStateMachine: handleMessage: E msg.what=24
12-14 03:47:43.260 2354 3557 D HeadsetStateMachine: processMsg: Connected
12-14 03:47:43.260 2354 3557 D HeadsetStateMachine: Connected: currentDevice=9C:19:C2:27:BA:EF, msg=A2DP_STATE_CHANGED event
12-14 03:47:43.260 2354 3557 D HeadsetStateMachine: Enter processIntentA2dpPlayStateChanged(): a2dp state 2
12-14 03:47:43.260 2354 3557 D HeadsetStateMachine: A2DP suspended when there is no CS/VOIP calls or VR, resuming A2DP
12-14 03:47:43.260 2354 3557 D HeadsetA2dpSync: releaseA2DP mA2dpSuspendTriggered 0 by device 9C:19:C2:27:BA:EF
12-14 03:47:43.260 2354 3557 D HeadsetStateMachine: Exit processIntentA2dpPlayStateChanged()
12-14 03:47:43.260 2354 3557 D HeadsetStateMachine: handleMessage: X
12-14 03:47:43.267 1468 2313 I GameModeConfig: isGameModeOn = true
12-14 03:47:43.267 1468 2313 I GameModeConfig: isGaming = false
12-14 03:47:43.282 1468 2313 I GameModeConfig: isGameModeOn = true
12-14 03:47:43.282 1468 2313 I GameModeConfig: isGaming = false
12-14 03:47:43.300 1468 2313 I GameModeConfig: isGameModeOn = true
12-14 03:47:43.300 1468 2313 I GameModeConfig: isGaming = false
12-14 03:47:43.318 1468 2313 I GameModeConfig: isGameModeOn = true
12-14 03:47:43.318 1468 2313 I GameModeConfig: isGaming = false
12-14 03:47:43.333 806 3395 I vendor.qti.bluetooth@1.0-ibs_handler: ProcessIbsCmd: Received IBS_SLEEP_IND: 0xFE
12-14 03:47:43.337 1468 2313 I GameModeConfig: isGameModeOn = true
12-14 03:47:43.337 1468 2313 I GameModeConfig: isGaming = false
12-14 03:47:43.349 1468 2313 I GameModeConfig: isGameModeOn = true
12-14 03:47:43.349 1468 2313 I GameModeConfig: isGaming = false
12-14 03:47:43.366 1468 2313 I GameModeConfig: isGameModeOn = true
12-14 03:47:43.366 1468 2313 I GameModeConfig: isGaming = false
12-14 03:47:43.390 1468 2313 I GameModeConfig: isGameModeOn = true
12-14 03:47:43.390 1468 2313 I GameModeConfig: isGaming = false
12-14 03:47:43.407 0 0 W swapper/2: type=1400 audit(0.0:1870): avc: denied { kill } for capability=5 scontext=u:r:kernel:s0 tcontext=u:r:kernel:s0 tclass=capability permissive=0
12-14 03:47:43.795 649 663 I mpu_uart: [MSG-P:R]:recv sync frame timeout
12-14 03:47:43.941 649 664 I mpu_uart: [MSG-P:RECV]:No message received in 1000 ms
12-14 03:47:43.986 6869 6892 D BufferPoolAccessor2.0: bufferpool2 0xb4000074eac35a68 : 0(0 size) total buffers - 0(0 size) used buffers - 2/7 (recycle/alloc) - 5/74 (fetch/transfer)
12-14 03:47:43.986 6869 6892 D BufferPoolAccessor2.0: evictor expired: 1, evicted: 1
12-14 03:47:43.986 1241 1745 D BufferPoolAccessor2.0: evictor expired: 1, evicted: 0
01-01 09:08:12.366 0 0 D : mv2112_read_status
01-01 09:08:12.366 0 0 D mv2112_update_link: 3.0x901(1G): 0x80
01-01 09:08:12.367 0 0 D mv2112_update_link: 3.0x8109(100M): 0x8
01-01 09:08:12.367 0 0 D mv2112_update_link: link 0x0
01-01 09:08:12.367 0 0 D mv2112_read_status: autoneg is disabled
12-14 03:47:44.252 806 3409 I vendor.qti.bluetooth@1.0-ibs_handler: DeviceSleep: TX Awake, Sending SLEEP_IND
12-14 03:47:44.252 806 3409 D vendor.qti.bluetooth@1.0-ibs_handler: SerialClockVote: vote for UART CLK OFF
12-14 03:47:44.403 806 2968 D vendor.qti.bluetooth@1.0-wake_lock: Release wakelock is released
12-14 03:47:44.728 1468 3841 E TaskPersister: File error accessing recents directory (directory doesn't exist?).
12-14 03:47:44.945 649 664 I mpu_uart: [MSG-P:RECV]:No message received in 1000 ms
12-14 03:47:44.986 6869 6892 D BufferPoolAccessor2.0: evictor expired: 1, evicted: 0
12-14 03:47:44.987 1241 1745 D BufferPoolAccessor2.0: bufferpool2 0xb4000076ef459718 : 0(0 size) total buffers - 0(0 size) used buffers - 33/35 (recycle/alloc) - 2/34 (fetch/transfer)
12-14 03:47:44.987 1241 1745 D BufferPoolAccessor2.0: evictor expired: 1, evicted: 1
01-01 09:08:13.390 0 0 D : mv2112_read_status
01-01 09:08:13.390 0 0 D mv2112_update_link: 3.0x901(1G): 0x80
01-01 09:08:13.391 0 0 D mv2112_update_link: 3.0x8109(100M): 0x8
01-01 09:08:13.391 0 0 D mv2112_update_link: link 0x0
01-01 09:08:13.391 0 0 D mv2112_read_status: autoneg is disabled
12-14 03:47:45.945 649 664 I mpu_uart: [MSG-P:RECV]:No message received in 1000 ms
01-01 09:08:14.414 0 0 D : mv2112_read_status
01-01 09:08:14.414 0 0 D mv2112_update_link: 3.0x901(1G): 0x80
01-01 09:08:14.414 0 0 D mv2112_update_link: 3.0x8109(100M): 0x8
01-01 09:08:14.414 0 0 D mv2112_update_link: link 0x0
01-01 09:08:14.414 0 0 D mv2112_read_status: autoneg is disabled
12-14 03:47:46.291 1468 1634 I EventSequenceValidator: Transition from ACTIVITY_FINISHED to INTENT_STARTED
12-14 03:47:46.295 1468 2464 I InputDispatcher: Monitor swipe-up (server) is stealing touch from [2e312bc com.android.gallery3d/com.android.gallery3d.app.GalleryActivity (server), ]
12-14 03:47:46.306 932 1058 I BpBinder: onLastStrongRef automatically unlinking death recipients:
12-14 03:47:46.309 1468 1634 I EventSequenceValidator: Transition from INTENT_STARTED to ACTIVITY_LAUNCHED
12-14 03:47:46.316 2371 2371 V ShadeControllerImpl: NotificationShadeWindow: com.android.systemui.statusbar.phone.NotificationShadeWindowView{8a2d59e I.E...... ......ID 0,0-2380,1020} canPanelBeCollapsed(): false
12-14 03:47:46.321 4292 4304 I GameMode_ActivityMonitoringService: onForegroundActivitiesChanged uid 10080 pid 2819 fg true
12-14 03:47:46.323 2819 2819 D StateManager: goToState: Background
12-14 03:47:46.324 1468 7732 W FreeFormWindowHelper: getCurrentDisplayedFreeFormTask is null
12-14 03:47:46.324 2819 2819 D FreeWindowContainer: reloadTask: null
12-14 03:47:46.325 4292 4310 I GameMode_ActivityMonitoringService: Updating top task to: TaskInfoContainer [topActivity=ComponentInfo{com.android.gallery3d/com.android.gallery3d.app.GalleryActivity}, taskId=23, stackId=23, userId=0, displayId=0, position=8
12-14 03:47:46.325 4292 4310 I GameMode_ActivityMonitoringService: Notifying about top task: TaskInfoContainer [topActivity=ComponentInfo{com.android.gallery3d/com.android.gallery3d.app.GalleryActivity}, taskId=23, stackId=23, userId=0, displayId=0, position=8
12-14 03:47:46.325 4292 4310 E GameMode_ActivityMonitoringService: onActivityLaunch:com.android.gallery3d
12-14 03:47:46.325 4292 4310 V GameMode_GameTypeUtils: judge isGame:com.android.gallery3d
12-14 03:47:46.325 4292 4310 V GameMode_GpuUtils: fps:60
12-14 03:47:46.329 4292 4310 D GameMode_GameModeActionUtils: Show GameMode entry by service!
12-14 03:47:46.329 4292 4310 W ContextImpl: Calling a method in the system process without a qualified user: android.app.ContextImpl.startService:1816 android.content.ContextWrapper.startService:774 com.thundercomm.gamemode.ingame.services.GameModeActionUtils.startGameModeService:99 com.thundercomm.gamemode.ingame.services.GameModeActionUtils.startGameModeEntry:22 com.thundercomm.gamemode.ingame.services.ActivityMonitoringService$1.onActivityLaunch:127
12-14 03:47:46.331 4292 4310 D GameModeIF_GameModeSettings: getUriFor setting_content_uri_root = content://com.thundercomm.gamemode.api/gamemode_settings , name = gamemode_isgaming
12-14 03:47:46.332 4292 4292 D GameMode_GameModeService: type=hide_entry
12-14 03:47:46.333 1468 1468 I GameModeConfig: Current uri is uri = content://com.thundercomm.gamemode.api/gamemode_settings/gamemode_isgaming
12-14 03:47:46.333 1468 1468 D GameModeIF_GameModeSettings: getUriFor setting_content_uri_root = content://com.thundercomm.gamemode.api/gamemode_settings , name = gamemode_isgaming
12-14 03:47:46.335 1468 1468 I GameModeConfig: isGameModeOn = true
12-14 03:47:46.335 1468 1468 I GameModeConfig: isGaming = false
12-14 03:47:46.335 1468 1468 I GameModeConfig: isGameModeOn = true
12-14 03:47:46.335 1468 1468 I GameModeConfig: isGaming = false
12-14 03:47:46.335 1468 1468 I GameModeConfig: isDisableVoice = true
12-14 03:47:46.335 918 1769 D AF::TrackHandle: OpPlayAudio: track:71 usage:13 not muted
12-14 03:47:46.336 918 1769 D AF::TrackHandle: OpPlayAudio: track:71 usage:13 not muted
12-14 03:47:46.336 4292 4310 D GameModeIF_GameModeSettings: gamemode_isgaming set to 0
12-14 03:47:46.336 918 1769 D AF::TrackHandle: OpPlayAudio: track:71 usage:13 not muted
12-14 03:47:46.336 918 1769 D AF::TrackHandle: OpPlayAudio: track:71 usage:13 not muted
12-14 03:47:46.336 918 1769 D AF::TrackHandle: OpPlayAudio: track:71 usage:13 not muted
12-14 03:47:46.337 918 1769 D AF::TrackHandle: OpPlayAudio: track:71 usage:13 not muted
12-14 03:47:46.337 918 1769 D AF::TrackHandle: OpPlayAudio: track:71 usage:13 not muted
12-14 03:47:46.337 918 1769 D AF::TrackHandle: OpPlayAudio: track:71 usage:13 not muted
12-14 03:47:46.337 918 1769 D AF::TrackHandle: OpPlayAudio: track:71 usage:13 not muted
12-14 03:47:46.338 918 1769 D AF::TrackHandle: OpPlayAudio: track:71 usage:13 not muted
12-14 03:47:46.338 4292 4292 D GameMode_GameSettingsObserver: Game Data change!!!! uri = content://com.thundercomm.gamemode.api/gamemode_settings/gamemode_isgaming
12-14 03:47:46.338 4292 4292 D GameModeIF_GameModeSettings: getUriFor setting_content_uri_root = content://com.thundercomm.gamemode.api/gamemode_settings , name = gamemode_isgaming
12-14 03:47:46.338 918 1769 D AF::TrackHandle: OpPlayAudio: track:71 usage:13 not muted
12-14 03:47:46.338 918 1769 D AF::TrackHandle: OpPlayAudio: track:71 usage:13 not muted
12-14 03:47:46.338 918 1769 D AF::TrackHandle: OpPlayAudio: track:71 usage:13 not muted
12-14 03:47:46.338 918 1769 D AF::TrackHandle: OpPlayAudio: track:71 usage:13 not muted
12-14 03:47:46.338 918 1769 D AF::TrackHandle: OpPlayAudio: track:71 usage:13 not muted
12-14 03:47:46.339 918 1769 D AF::TrackHandle: OpPlayAudio: track:71 usage:13 not muted
12-14 03:47:46.339 4292 4292 D GameMode_GameModeService: updateGlobalSettings = gamemode_isgaming
12-14 03:47:46.349 2819 2819 D EditModeHelper: setHotseatVisibility: 8
12-14 03:47:46.355 2819 5839 D BaseIconFactory: normalizeAndWrapToAdaptiveIcon: scale=0.8095241
12-14 03:47:46.356 2819 5839 D BaseIconFactory: normalizeAndWrapToAdaptiveIcon: scale=0.8095241
12-14 03:47:46.356 1468 6921 W ActivityTaskManager: getTaskSnapshot: taskId=3012 not found
12-14 03:47:46.357 1468 6921 W ActivityTaskManager: getTaskSnapshot: taskId=2012 not found
12-14 03:47:46.365 1468 2464 W ActivityTaskManager: getTaskSnapshot: taskId=1012 not found
12-14 03:47:46.373 1468 7732 W FreeFormWindowHelper: getCurrentDisplayedFreeFormTask is null
12-14 03:47:46.374 2819 2819 I LatencyTracker: ACTION_TOGGLE_RECENTS latency=104
12-14 03:47:46.376 1468 7732 W ActivityTaskManager: getTaskSnapshot: taskId=1012 not found
12-14 03:47:46.376 1468 7732 W ActivityTaskManager: getTaskSnapshot: taskId=2012 not found
12-14 03:47:46.376 1468 7732 W ActivityTaskManager: getTaskSnapshot: taskId=3012 not found
12-14 03:47:46.385 1468 7732 W FreeFormWindowHelper: getCurrentDisplayedFreeFormTask is null
12-14 03:47:46.388 1468 1634 I EventSequenceValidator: Transition from ACTIVITY_LAUNCHED to ACTIVITY_FINISHED
12-14 03:47:46.406 1468 2464 W FreeFormWindowHelper: getCurrentDisplayedFreeFormTask is null
12-14 03:47:46.407 0 0 W swapper/0: type=1400 audit(0.0:1871): avc: denied { kill } for capability=5 scontext=u:r:kernel:s0 tcontext=u:r:kernel:s0 tclass=capability permissive=0
12-14 03:47:46.410 2819 2819 W OrientationEventListener: Cannot detect sensors. Invalid disable
12-14 03:47:46.413 2819 2819 D EditModeHelper: setHotseatVisibility: 0
12-14 03:47:46.416 1468 6921 W FreeFormWindowHelper: getCurrentDisplayedFreeFormTask is null
12-14 03:47:46.417 2819 2819 W View : requestLayout() improperly called by com.android.launcher3.views.NoInsetView{e89e287 V.ED..... ......ID 2038,0-2380,1020 #7f09007c app:id/bg_hotseat} during layout: running second layout pass
12-14 03:47:46.464 1468 3346 W InputManager-JNI: Input channel object '711806b ScreenshotAnimation (client)' was disposed without first being removed with the input manager!
12-14 03:47:46.687 1468 1641 I LatencyTracker: ACTION_START_RECENTS_ANIMATION latency=113
12-14 03:47:46.799 649 663 I mpu_uart: [MSG-P:R]:recv sync frame timeout
12-14 03:47:46.844 1468 2313 I GameModeConfig: isGameModeOn = true
12-14 03:47:46.845 1468 2313 I GameModeConfig: isGaming = false
12-14 03:47:46.881 1468 2313 I GameModeConfig: isGameModeOn = true
12-14 03:47:46.881 1468 2313 I GameModeConfig: isGaming = false
12-14 03:47:46.918 1468 2313 I GameModeConfig: isGameModeOn = true
12-14 03:47:46.918 1468 2313 I GameModeConfig: isGaming = false
12-14 03:47:46.940 1468 2313 I GameModeConfig: isGameModeOn = true
12-14 03:47:46.940 1468 2313 I GameModeConfig: isGaming = false
12-14 03:47:46.945 649 664 I mpu_uart: [MSG-P:RECV]:No message received in 1000 ms
12-14 03:47:46.958 1468 2313 I GameModeConfig: isGameModeOn = true
12-14 03:47:46.958 1468 2313 I GameModeConfig: isGaming = false
12-14 03:47:46.972 1468 2313 I GameModeConfig: isGameModeOn = true
12-14 03:47:46.972 1468 2313 I GameModeConfig: isGaming = false
12-14 03:47:46.991 1468 2313 I GameModeConfig: isGameModeOn = true
12-14 03:47:46.991 1468 2313 I GameModeConfig: isGaming = false
12-14 03:47:47.007 1468 2313 I GameModeConfig: isGameModeOn = true
12-14 03:47:47.007 1468 2313 I GameModeConfig: isGaming = false
12-14 03:47:47.023 1468 2313 I GameModeConfig: isGameModeOn = true
12-14 03:47:47.023 1468 2313 I GameModeConfig: isGaming = false
12-14 03:47:47.039 1468 2313 I GameModeConfig: isGameModeOn = true
12-14 03:47:47.039 1468 2313 I GameModeConfig: isGaming = false
12-14 03:47:47.044 1468 2313 I GameModeConfig: isGameModeOn = true
12-14 03:47:47.044 1468 2313 I GameModeConfig: isGaming = false
12-14 03:47:47.067 2819 2819 D EditModeHelper: setHotseatVisibility: 0
12-14 03:47:47.067 1468 2313 I GameModeConfig: isGameModeOn = true
12-14 03:47:47.067 1468 2313 I GameModeConfig: isGaming = false
12-14 03:47:47.072 1468 2313 I GameModeConfig: isGameModeOn = true
12-14 03:47:47.072 1468 2313 I GameModeConfig: isGaming = false
12-14 03:47:47.075 1468 2464 W FreeFormWindowHelper: getCurrentDisplayedFreeFormTask is null
12-14 03:47:47.084 1468 2313 I GameModeConfig: isGameModeOn = true
12-14 03:47:47.084 1468 2313 I GameModeConfig: isGaming = false
12-14 03:47:47.089 1468 2464 D ActivityTrigger: ActivityTrigger activityPauseTrigger
12-14 03:47:47.091 1468 2313 I GameModeConfig: isGameModeOn = true
12-14 03:47:47.091 1468 2313 I GameModeConfig: isGaming = false
12-14 03:47:47.091 1468 2464 I ActivityTaskManager: FOREGROUND_APPLICATION_CHANGED to com.android.launcher3.uioverrides.QuickstepLauncher
12-14 03:47:47.103 6774 6774 W OrientationEventListener: Cannot detect sensors. Invalid disable
12-14 03:47:47.106 1468 2313 I GameModeConfig: isGameModeOn = true
12-14 03:47:47.106 1468 2313 I GameModeConfig: isGaming = false
12-14 03:47:47.123 1468 2313 I GameModeConfig: isGameModeOn = true
12-14 03:47:47.123 1468 2313 I GameModeConfig: isGaming = false
12-14 03:47:47.124 1468 2313 I GameModeConfig: isGameModeOn = true
12-14 03:47:47.124 1468 2313 I GameModeConfig: isGaming = false
12-14 03:47:47.125 6774 6774 V StateManager: saveState
12-14 03:47:47.125 6774 6774 V StateManager: saveState class com.android.gallery3d.app.AlbumSetPage
12-14 03:47:47.125 6774 6774 V StateManager: saveState class com.android.gallery3d.app.AlbumPage
