12-14 03:40:23.857 1468 1468 I GameModeConfig: isGameModeOn = false
12-14 03:40:23.857 1468 1468 E NotificationService: Muting recently noisy 0|com.android.systemui|2048|null|10082
01-01 09:00:52.046 0 0 D : mv2112_read_status
01-01 09:00:52.046 0 0 D mv2112_update_link: 3.0x901(1G): 0x80
01-01 09:00:52.046 0 0 D mv2112_update_link: 3.0x8109(100M): 0x8
01-01 09:00:52.046 0 0 D mv2112_update_link: link 0x0
01-01 09:00:52.046 0 0 D mv2112_read_status: autoneg is disabled
12-14 03:40:23.870 1468 1468 I GameModeConfig: isGameModeOn = false
12-14 03:40:23.870 1468 1468 E NotificationService: Muting recently noisy 0|com.android.systemui|2048|null|10082
12-14 03:40:23.882 1468 1468 I GameModeConfig: isGameModeOn = false
12-14 03:40:23.883 1468 1468 E NotificationService: Muting recently noisy 0|com.android.systemui|2048|null|10082
12-14 03:40:23.899 1468 1468 I GameModeConfig: isGameModeOn = false
12-14 03:40:23.900 1468 1468 E NotificationService: Muting recently noisy 0|com.android.systemui|2048|null|10082
12-14 03:40:23.916 1468 1468 I GameModeConfig: isGameModeOn = false
12-14 03:40:23.916 1468 1468 E NotificationService: Muting recently noisy 0|com.android.systemui|2048|null|10082
12-14 03:40:23.933 1468 1468 I GameModeConfig: isGameModeOn = false
12-14 03:40:23.933 1468 1468 E NotificationService: Muting recently noisy 0|com.android.systemui|2048|null|10082
12-14 03:40:23.949 1468 1468 I GameModeConfig: isGameModeOn = false
12-14 03:40:23.949 1468 1468 E NotificationService: Muting recently noisy 0|com.android.systemui|2048|null|10082
12-14 03:40:23.967 1468 1468 I GameModeConfig: isGameModeOn = false
12-14 03:40:23.968 1468 1468 E NotificationService: Muting recently noisy 0|com.android.systemui|2048|null|10082
12-14 03:40:23.989 1468 1468 I GameModeConfig: isGameModeOn = false
12-14 03:40:23.989 1468 1468 E NotificationService: Muting recently noisy 0|com.android.systemui|2048|null|10082
12-14 03:40:23.999 1468 1468 I GameModeConfig: isGameModeOn = false
12-14 03:40:24.000 1468 1468 E NotificationService: Muting recently noisy 0|com.android.systemui|2048|null|10082
12-14 03:40:24.016 1468 1468 I GameModeConfig: isGameModeOn = false
12-14 03:40:24.017 1468 1468 E NotificationService: Muting recently noisy 0|com.android.systemui|2048|null|10082
12-14 03:40:24.034 1468 1468 I GameModeConfig: isGameModeOn = false
12-14 03:40:24.034 1468 1468 E NotificationService: Muting recently noisy 0|com.android.systemui|2048|null|10082
12-14 03:40:24.058 1468 1468 I GameModeConfig: isGameModeOn = false
12-14 03:40:24.059 1468 1468 E NotificationService: Muting recently noisy 0|com.android.systemui|2048|null|10082
12-14 03:40:24.160 1468 3298 D CompatibilityChangeReporter: Compat change id reported: 135634846; UID 10082; state: DISABLED
12-14 03:40:24.160 1468 3298 D CompatibilityChangeReporter: Compat change id reported: 177438394; UID 10082; state: DISABLED
12-14 03:40:24.160 1468 3298 D CompatibilityChangeReporter: Compat change id reported: 135772972; UID 10082; state: DISABLED
12-14 03:40:24.160 1468 3298 D CompatibilityChangeReporter: Compat change id reported: 135754954; UID 10082; state: ENABLED
12-14 03:40:24.161 1468 1643 D CompatibilityChangeReporter: Compat change id reported: 143937733; UID 10082; state: ENABLED
12-14 03:40:24.172 1468 1643 I ActivityManager: Start proc 6869:com.android.systemui:screenshot/u0a82 for service {com.android.systemui/com.android.systemui.screenshot.TakeScreenshotService}
01-01 09:00:52.375 0 0 I binder : 6869:6869 ioctl 40046210 7fe6d7b254 returned -22
01-01 09:00:52.484 0 0 I binder : 6869:6882 ioctl 40046210 73f7df7304 returned -22
12-14 03:40:24.339 1468 2373 D CompatibilityChangeReporter: Compat change id reported: 149924527; UID 10082; state: ENABLED
12-14 03:40:24.340 1468 3298 D CompatibilityChangeReporter: Compat change id reported: 132649864; UID 10082; state: DISABLED
12-14 03:40:24.341 1468 3346 D CompatibilityChangeReporter: Compat change id reported: 182734110; UID 10082; state: ENABLED
12-14 03:40:24.343 1468 1935 D CompatibilityChangeReporter: Compat change id reported: 172100307; UID 10082; state: ENABLED
01-01 09:00:53.070 0 0 D : mv2112_read_status
01-01 09:00:53.070 0 0 D mv2112_update_link: 3.0x901(1G): 0x80
01-01 09:00:53.070 0 0 D mv2112_update_link: 3.0x8109(100M): 0x8
01-01 09:00:53.070 0 0 D mv2112_update_link: link 0x0
01-01 09:00:53.070 0 0 D mv2112_read_status: autoneg is disabled
01-01 09:00:53.354 0 0 I btfm_slim_hw_init: PGD Enum Addr: 00:01:20:02:17: 02
01-01 09:00:53.354 0 0 I btfm_slim_hw_init: IFD Enum Addr: 00:00:20:02:17: 02
01-01 09:00:53.354 0 0 I btfm_slim_hw_init: chipset soc version:400a0200
01-01 09:00:53.354 0 0 I btfm_slim_hw_init: chipset is hastings 2.0, overwriting EA
01-01 09:00:53.354 0 0 I btfm_slim_hw_init: PGD Enum Addr: 00:01:20:02:17: 02
01-01 09:00:53.354 0 0 I btfm_slim_hw_init: IFD Enum Addr: 00:00:20:02:17: 02
01-01 09:00:53.360 0 0 I slimbus : 1 laddr:0xcf, EAPC:0x1:0x20
01-01 09:00:53.360 0 0 I slimbus : 1 laddr:0xce, EAPC:0x0:0x20
01-01 09:00:53.360 0 0 I btfm_slim_alloc_port: chipset soc version:400a0200
01-01 09:00:53.362 0 0 I btfm_slim_enable_ch: chipset soc version:400a0200
01-01 09:00:53.362 0 0 I btfm_slim_enable_ch: channel define - prot:2, dataf:0, auxf:0
01-01 09:00:53.362 0 0 I btfm_slim_enable_ch: channel define - rates:44100, baser:2, ratem:4
01-01 09:00:53.362 0 0 I btfm_slim_enable_ch: slim_connect_sink(port: 16, ch: 157)
01-01 09:00:53.363 0 0 I btfm_slim_enable_ch: port: 16, ch: 157, grp: 0, ch->grph: 0x0, ch_hdl: 0x1d
01-01 09:00:53.364 0 0 I __afe_port_start: port id: 0x400e
01-01 09:00:53.364 0 0 I afe_find_cal_topo_id_by_port: port id: 0x400e, dev_acdb_id: 20
01-01 09:00:53.364 0 0 I afe_find_cal_topo_id_by_port: top_id:112fc acdb_id:20 afe_port_id:0x400e
01-01 09:00:53.364 0 0 I afe_get_cal_topology_id: port_id = 0x400e acdb_id = 20 topology_id = 0x112fc cal_type_index=8 ret=0
01-01 09:00:53.364 0 0 I afe_send_port_topology_id: AFE set topology id 0x112fc enable for port 0x400e ret 0
01-01 09:00:53.364 0 0 I send_afe_cal_type: cal_index is 0
01-01 09:00:53.364 0 0 I send_afe_cal_type: dev_acdb_id[119] is 20
01-01 09:00:53.364 0 0 I afe_find_cal: cal_index 0 port_id 0x400e port_index 119
01-01 09:00:53.364 0 0 I afe_find_cal: acdb_id 20 dev_acdb_id 20 sample_rate 48000 afe_sample_rates 44100
01-01 09:00:53.364 0 0 I afe_find_cal: no matching cal_block found
01-01 09:00:53.364 0 0 E : send_afe_cal_type cal_block not found!!
01-01 09:00:53.364 0 0 I afe_send_hw_delay: port_id 0x400e rate 44100 delay_usec 0 status 0
12-14 03:40:25.462 1468 1935 D CompatibilityChangeReporter: Compat change id reported: 180326732; UID 10082; state: ENABLED
01-01 09:00:54.094 0 0 D : mv2112_read_status
01-01 09:00:54.094 0 0 D mv2112_update_link: 3.0x901(1G): 0x80
01-01 09:00:54.094 0 0 D mv2112_update_link: 3.0x8109(100M): 0x8
01-01 09:00:54.094 0 0 D mv2112_update_link: link 0x0
01-01 09:00:54.094 0 0 D mv2112_read_status: autoneg is disabled
01-01 09:00:55.118 0 0 D : mv2112_read_status
01-01 09:00:55.118 0 0 D mv2112_update_link: 3.0x901(1G): 0x80
01-01 09:00:55.118 0 0 D mv2112_update_link: 3.0x8109(100M): 0x8
01-01 09:00:55.118 0 0 D mv2112_update_link: link 0x0
01-01 09:00:55.118 0 0 D mv2112_read_status: autoneg is disabled
12-14 03:40:27.057 1468 2318 I ActivityTaskManager: START u0 {act=android.intent.action.MAIN cat=[android.intent.category.LAUNCHER] flg=0x10200000 cmp=com.android.settings/.Settings bnds=[2128,710][2314,910]} from uid 10080
12-14 03:40:27.079 1468 2318 I ActivityTaskManager: FOREGROUND_APPLICATION_CHANGED to com.android.settings.homepage.SettingsHomepageActivity
12-14 03:40:27.108 2925 2925 E ActivityThread: Failed to find provider info for com.google.android.gms.nearby.fastpair
12-14 03:40:27.109 4292 4310 W ContextImpl: Calling a method in the system process without a qualified user: android.app.ContextImpl.startService:1816 android.content.ContextWrapper.startService:774 com.thundercomm.gamemode.ingame.services.GameModeActionUtils.startGameModeService:99 com.thundercomm.gamemode.ingame.services.GameModeActionUtils.startGameModeEntry:22 com.thundercomm.gamemode.ingame.services.ActivityMonitoringService$1.onActivityLaunch:127
12-14 03:40:27.115 2925 6907 E ActivityThread: Failed to find provider info for com.google.android.gms.nearby.fastpair
12-14 03:40:27.122 1468 1468 I GameModeConfig: Current uri is uri = content://com.thundercomm.gamemode.api/gamemode_settings/gamemode_isgaming
12-14 03:40:27.127 1468 1468 I GameModeConfig: isGameModeOn = false
12-14 03:40:27.127 1468 1468 I GameModeConfig: isGameModeOn = false
12-14 03:40:27.127 1468 1468 I GameModeConfig: isDisableVoice = true
12-14 03:40:27.190 4292 4310 W ContextImpl: Calling a method in the system process without a qualified user: android.app.ContextImpl.startService:1816 android.content.ContextWrapper.startService:774 com.thundercomm.gamemode.ingame.services.GameModeActionUtils.startGameModeService:99 com.thundercomm.gamemode.ingame.services.GameModeActionUtils.startGameModeEntry:22 com.thundercomm.gamemode.ingame.services.ActivityMonitoringService$1.onActivityLaunch:127
12-14 03:40:27.195 1468 1468 I GameModeConfig: Current uri is uri = content://com.thundercomm.gamemode.api/gamemode_settings/gamemode_isgaming
12-14 03:40:27.197 1468 1468 I GameModeConfig: isGameModeOn = false
12-14 03:40:27.197 1468 1468 I GameModeConfig: isGameModeOn = false
12-14 03:40:27.198 1468 1468 I GameModeConfig: isDisableVoice = true
12-14 03:40:27.668 4292 4310 W ContextImpl: Calling a method in the system process without a qualified user: android.app.ContextImpl.startService:1816 android.content.ContextWrapper.startService:774 com.thundercomm.gamemode.ingame.services.GameModeActionUtils.startGameModeService:99 com.thundercomm.gamemode.ingame.services.GameModeActionUtils.startGameModeEntry:22 com.thundercomm.gamemode.ingame.services.ActivityMonitoringService$1.onActivityLaunch:127
12-14 03:40:27.672 1468 1468 I GameModeConfig: Current uri is uri = content://com.thundercomm.gamemode.api/gamemode_settings/gamemode_isgaming
12-14 03:40:27.674 1468 1468 I GameModeConfig: isGameModeOn = false
12-14 03:40:27.674 1468 1468 I GameModeConfig: isGameModeOn = false
12-14 03:40:27.674 1468 1468 I GameModeConfig: isDisableVoice = true
01-01 09:00:56.142 0 0 D : mv2112_read_status
01-01 09:00:56.142 0 0 D mv2112_update_link: 3.0x901(1G): 0x80
01-01 09:00:56.143 0 0 D mv2112_update_link: 3.0x8109(100M): 0x8
01-01 09:00:56.143 0 0 D mv2112_update_link: link 0x0
01-01 09:00:56.143 0 0 D mv2112_read_status: autoneg is disabled
01-01 09:00:57.166 0 0 D : mv2112_read_status
01-01 09:00:57.166 0 0 D mv2112_update_link: 3.0x901(1G): 0x80
01-01 09:00:57.166 0 0 D mv2112_update_link: 3.0x8109(100M): 0x8
01-01 09:00:57.166 0 0 D mv2112_update_link: link 0x0
01-01 09:00:57.166 0 0 D mv2112_read_status: autoneg is disabled
01-01 09:00:57.227 0 0 I afe_close: port_id = 0x400e
01-01 09:00:57.234 0 0 I btfm_slim_disable_ch: port:16, grp: 0, ch->grph:0x0, ch->ch_hdl:0x1d
01-01 09:00:58.190 0 0 D : mv2112_read_status
01-01 09:00:58.191 0 0 D mv2112_update_link: 3.0x901(1G): 0x80
01-01 09:00:58.191 0 0 D mv2112_update_link: 3.0x8109(100M): 0x8
01-01 09:00:58.191 0 0 D mv2112_update_link: link 0x0
01-01 09:00:58.191 0 0 D mv2112_read_status: autoneg is disabled
12-14 03:40:30.089 1468 3841 E TaskPersister: File error accessing recents directory (directory doesn't exist?).
12-14 03:40:30.612 1468 2373 E UserRestrictionsUtils: Unknown restriction queried by uid 1000 (com.android.location.fused et al): null
01-01 09:00:59.217 0 0 D : mv2112_read_status
01-01 09:00:59.217 0 0 D mv2112_update_link: 3.0x901(1G): 0x80
01-01 09:00:59.217 0 0 D mv2112_update_link: 3.0x8109(100M): 0x8
01-01 09:00:59.217 0 0 D mv2112_update_link: link 0x0
01-01 09:00:59.217 0 0 D mv2112_read_status: autoneg is disabled
12-14 03:40:31.530 1468 2313 I GameModeConfig: isGameModeOn = false
12-14 03:40:31.533 1468 2313 I GameModeConfig: isGameModeOn = false
12-14 03:40:31.543 1468 2313 I GameModeConfig: isGameModeOn = false
12-14 03:40:31.566 1468 2313 I GameModeConfig: isGameModeOn = false
12-14 03:40:31.579 1468 2313 I GameModeConfig: isGameModeOn = false
12-14 03:40:31.596 1468 2313 I GameModeConfig: isGameModeOn = false
12-14 03:40:31.611 1468 2313 I GameModeConfig: isGameModeOn = false
12-14 03:40:31.628 1468 2313 I GameModeConfig: isGameModeOn = false
12-14 03:40:31.647 1468 2313 I GameModeConfig: isGameModeOn = false
12-14 03:40:31.666 1468 2313 I GameModeConfig: isGameModeOn = false
01-01 09:01:00.238 0 0 D : mv2112_read_status
01-01 09:01:00.238 0 0 D mv2112_update_link: 3.0x901(1G): 0x80
01-01 09:01:00.239 0 0 D mv2112_update_link: 3.0x8109(100M): 0x8
01-01 09:01:00.239 0 0 D mv2112_update_link: link 0x0
01-01 09:01:00.239 0 0 D mv2112_read_status: autoneg is disabled
01-01 09:01:01.262 0 0 D : mv2112_read_status
01-01 09:01:01.262 0 0 D mv2112_update_link: 3.0x901(1G): 0x80
01-01 09:01:01.263 0 0 D mv2112_update_link: 3.0x8109(100M): 0x8
01-01 09:01:01.263 0 0 D mv2112_update_link: link 0x0
01-01 09:01:01.263 0 0 D mv2112_read_status: autoneg is disabled
12-14 03:40:33.591 1468 2313 I GameModeConfig: isGameModeOn = false
12-14 03:40:33.607 1468 2313 I GameModeConfig: isGameModeOn = false
12-14 03:40:33.625 1468 2313 I GameModeConfig: isGameModeOn = false
12-14 03:40:33.642 1468 2313 I GameModeConfig: isGameModeOn = false
12-14 03:40:33.655 1468 2313 I GameModeConfig: isGameModeOn = false
12-14 03:40:33.669 1468 2313 I GameModeConfig: isGameModeOn = false
12-14 03:40:33.681 1468 2313 I GameModeConfig: isGameModeOn = false
12-14 03:40:33.697 1468 2313 I GameModeConfig: isGameModeOn = false
12-14 03:40:33.715 1468 2313 I GameModeConfig: isGameModeOn = false
12-14 03:40:33.734 1468 2313 I GameModeConfig: isGameModeOn = false
12-14 03:40:33.749 1468 2313 I GameModeConfig: isGameModeOn = false
12-14 03:40:33.765 1468 2313 I GameModeConfig: isGameModeOn = false
12-14 03:40:33.781 1468 2313 I GameModeConfig: isGameModeOn = false
12-14 03:40:33.788 1468 2313 I GameModeConfig: isGameModeOn = false
12-14 03:40:33.800 1468 2313 I GameModeConfig: isGameModeOn = false
12-14 03:40:33.809 1468 2313 I GameModeConfig: isGameModeOn = false
12-14 03:40:33.817 1468 2313 I GameModeConfig: isGameModeOn = false
12-14 03:40:33.829 1468 2313 I GameModeConfig: isGameModeOn = false
12-14 03:40:33.834 1468 2313 I GameModeConfig: isGameModeOn = false
12-14 03:40:33.841 1468 2313 I GameModeConfig: isGameModeOn = false
12-14 03:40:33.856 1468 2313 I GameModeConfig: isGameModeOn = false
12-14 03:40:33.857 1468 2313 I GameModeConfig: isGameModeOn = false
12-14 03:40:33.871 1468 2313 I GameModeConfig: isGameModeOn = false
12-14 03:40:33.883 1468 2313 I GameModeConfig: isGameModeOn = false
12-14 03:40:33.899 1468 2313 I GameModeConfig: isGameModeOn = false
12-14 03:40:33.917 1468 2313 I GameModeConfig: isGameModeOn = false
12-14 03:40:33.934 1468 2313 I GameModeConfig: isGameModeOn = false
12-14 03:40:33.949 1468 2313 I GameModeConfig: isGameModeOn = false
12-14 03:40:33.968 1468 2313 I GameModeConfig: isGameModeOn = false
12-14 03:40:33.989 1468 2313 I GameModeConfig: isGameModeOn = false
12-14 03:40:33.999 1468 2313 I GameModeConfig: isGameModeOn = false
12-14 03:40:34.017 1468 2313 I GameModeConfig: isGameModeOn = false
12-14 03:40:34.034 1468 2313 I GameModeConfig: isGameModeOn = false
12-14 03:40:34.058 1468 2313 I GameModeConfig: isGameModeOn = false
12-14 03:40:34.097 1468 2313 I GameModeConfig: isGameModeOn = false
12-14 03:40:34.097 1468 2313 I GameModeConfig: isGameModeOn = false
12-14 03:40:34.097 1468 2313 I GameModeConfig: isGameModeOn = false
12-14 03:40:34.097 1468 2313 I GameModeConfig: isGameModeOn = false
01-01 09:01:02.287 0 0 D : mv2112_read_status
01-01 09:01:02.287 0 0 D mv2112_update_link: 3.0x901(1G): 0x80
01-01 09:01:02.287 0 0 D mv2112_update_link: 3.0x8109(100M): 0x8
01-01 09:01:02.287 0 0 D mv2112_update_link: link 0x0
01-01 09:01:02.287 0 0 D mv2112_read_status: autoneg is disabled
12-14 03:40:34.136 1468 2313 I GameModeConfig: isGameModeOn = false
12-14 03:40:34.136 1468 2313 I GameModeConfig: isGameModeOn = false
12-14 03:40:34.136 1468 2313 I GameModeConfig: isGameModeOn = false
12-14 03:40:34.136 1468 2313 I GameModeConfig: isGameModeOn = false
12-14 03:40:34.165 1468 2313 I GameModeConfig: isGameModeOn = false
12-14 03:40:34.165 1468 2313 I GameModeConfig: isGameModeOn = false
12-14 03:40:34.165 1468 2313 I GameModeConfig: isGameModeOn = false
12-14 03:40:34.165 1468 2313 I GameModeConfig: isGameModeOn = false
12-14 03:40:34.190 1468 2313 I GameModeConfig: isGameModeOn = false
12-14 03:40:34.190 1468 2313 I GameModeConfig: isGameModeOn = false
12-14 03:40:34.191 1468 2313 I GameModeConfig: isGameModeOn = false
12-14 03:40:34.191 1468 2313 I GameModeConfig: isGameModeOn = false
12-14 03:40:34.213 1468 2313 I GameModeConfig: isGameModeOn = false
12-14 03:40:34.213 1468 2313 I GameModeConfig: isGameModeOn = false
12-14 03:40:34.214 1468 2313 I GameModeConfig: isGameModeOn = false
12-14 03:40:34.214 1468 2313 I GameModeConfig: isGameModeOn = false
12-14 03:40:34.223 1468 2313 I GameModeConfig: isGameModeOn = false
12-14 03:40:34.223 1468 2313 I GameModeConfig: isGameModeOn = false
12-14 03:40:34.223 1468 2313 I GameModeConfig: isGameModeOn = false
12-14 03:40:34.223 1468 2313 I GameModeConfig: isGameModeOn = false
12-14 03:40:34.240 1468 2313 I GameModeConfig: isGameModeOn = false
12-14 03:40:34.241 1468 2313 I GameModeConfig: isGameModeOn = false
12-14 03:40:34.241 1468 2313 I GameModeConfig: isGameModeOn = false
12-14 03:40:34.241 1468 2313 I GameModeConfig: isGameModeOn = false
12-14 03:40:34.256 1468 2313 I GameModeConfig: isGameModeOn = false
12-14 03:40:34.256 1468 2313 I GameModeConfig: isGameModeOn = false
12-14 03:40:34.257 1468 2313 I GameModeConfig: isGameModeOn = false
12-14 03:40:34.257 1468 2313 I GameModeConfig: isGameModeOn = false
12-14 03:40:34.274 1468 2313 I GameModeConfig: isGameModeOn = false
12-14 03:40:34.274 1468 2313 I GameModeConfig: isGameModeOn = false
12-14 03:40:34.274 1468 2313 I GameModeConfig: isGameModeOn = false
12-14 03:40:34.275 1468 2313 I GameModeConfig: isGameModeOn = false
12-14 03:40:34.291 1468 2313 I GameModeConfig: isGameModeOn = false
12-14 03:40:34.291 1468 2313 I GameModeConfig: isGameModeOn = false
12-14 03:40:34.291 1468 2313 I GameModeConfig: isGameModeOn = false
12-14 03:40:34.292 1468 2313 I GameModeConfig: isGameModeOn = false
12-14 03:40:34.301 1468 1468 I GameModeConfig: isGameModeOn = false
12-14 03:40:34.340 1468 1468 I GameModeConfig: isGameModeOn = false
12-14 03:40:34.341 1468 1468 E NotificationService: Muting recently noisy 0|com.android.systemui|2048|null|10082
12-14 03:40:34.367 1468 1468 I GameModeConfig: isGameModeOn = false
12-14 03:40:34.368 1468 1468 E NotificationService: Muting recently noisy 0|com.android.systemui|2048|null|10082
12-14 03:40:34.398 1468 1468 I GameModeConfig: isGameModeOn = false
12-14 03:40:34.398 1468 1468 E NotificationService: Muting recently noisy 0|com.android.systemui|2048|null|10082
12-14 03:40:34.414 1468 1468 I GameModeConfig: isGameModeOn = false
12-14 03:40:34.414 1468 1468 E NotificationService: Muting recently noisy 0|com.android.systemui|2048|null|10082
12-14 03:40:34.429 1468 1468 I GameModeConfig: isGameModeOn = false
12-14 03:40:34.429 1468 1468 E NotificationService: Muting recently noisy 0|com.android.systemui|2048|null|10082
12-14 03:40:34.447 1468 1468 I GameModeConfig: isGameModeOn = false
12-14 03:40:34.448 1468 1468 E NotificationService: Muting recently noisy 0|com.android.systemui|2048|null|10082
12-14 03:40:34.462 1468 1468 I GameModeConfig: isGameModeOn = false
12-14 03:40:34.462 1468 1468 E NotificationService: Muting recently noisy 0|com.android.systemui|2048|null|10082
12-14 03:40:34.479 1468 1468 I GameModeConfig: isGameModeOn = false
12-14 03:40:34.479 1468 1468 E NotificationService: Muting recently noisy 0|com.android.systemui|2048|null|10082
12-14 03:40:34.494 1468 1468 I GameModeConfig: isGameModeOn = false
12-14 03:40:34.495 1468 1468 E NotificationService: Muting recently noisy 0|com.android.systemui|2048|null|10082
01-01 09:01:03.310 0 0 D : mv2112_read_status
01-01 09:01:03.310 0 0 D mv2112_update_link: 3.0x901(1G): 0x80
01-01 09:01:03.310 0 0 D mv2112_update_link: 3.0x8109(100M): 0x8
01-01 09:01:03.310 0 0 D mv2112_update_link: link 0x0
01-01 09:01:03.310 0 0 D mv2112_read_status: autoneg is disabled
01-01 09:01:04.335 0 0 D : mv2112_read_status
01-01 09:01:04.335 0 0 D mv2112_update_link: 3.0x901(1G): 0x80
01-01 09:01:04.335 0 0 D mv2112_update_link: 3.0x8109(100M): 0x8
01-01 09:01:04.335 0 0 D mv2112_update_link: link 0x0
01-01 09:01:04.335 0 0 D mv2112_read_status: autoneg is disabled
12-14 03:40:36.162 1468 2313 I GameModeConfig: isGameModeOn = false
12-14 03:40:36.163 1468 2313 I GameModeConfig: isGameModeOn = false
12-14 03:40:36.163 1468 2313 I GameModeConfig: isGameModeOn = false
12-14 03:40:36.163 1468 2313 I GameModeConfig: isGameModeOn = false
12-14 03:40:36.191 1468 2313 I GameModeConfig: isGameModeOn = false
12-14 03:40:36.191 1468 2313 I GameModeConfig: isGameModeOn = false
12-14 03:40:36.191 1468 2313 I GameModeConfig: isGameModeOn = false
12-14 03:40:36.191 1468 2313 I GameModeConfig: isGameModeOn = false
12-14 03:40:36.203 1468 2313 I GameModeConfig: isGameModeOn = false
12-14 03:40:36.204 1468 2313 I GameModeConfig: isGameModeOn = false
12-14 03:40:36.204 1468 2313 I GameModeConfig: isGameModeOn = false
12-14 03:40:36.204 1468 2313 I GameModeConfig: isGameModeOn = false
12-14 03:40:36.216 1468 2313 I GameModeConfig: isGameModeOn = false
12-14 03:40:36.216 1468 2313 I GameModeConfig: isGameModeOn = false
12-14 03:40:36.216 1468 2313 I GameModeConfig: isGameModeOn = false
12-14 03:40:36.216 1468 2313 I GameModeConfig: isGameModeOn = false
12-14 03:40:36.227 1468 2313 I GameModeConfig: isGameModeOn = false
12-14 03:40:36.228 1468 2313 I GameModeConfig: isGameModeOn = false
12-14 03:40:36.228 1468 2313 I GameModeConfig: isGameModeOn = false
12-14 03:40:36.228 1468 2313 I GameModeConfig: isGameModeOn = false
12-14 03:40:36.244 1468 2313 I GameModeConfig: isGameModeOn = false
12-14 03:40:36.244 1468 2313 I GameModeConfig: isGameModeOn = false
12-14 03:40:36.244 1468 2313 I GameModeConfig: isGameModeOn = false
12-14 03:40:36.244 1468 2313 I GameModeConfig: isGameModeOn = false
12-14 03:40:36.261 1468 2313 I GameModeConfig: isGameModeOn = false
12-14 03:40:36.261 1468 2313 I GameModeConfig: isGameModeOn = false
12-14 03:40:36.261 1468 2313 I GameModeConfig: isGameModeOn = false
12-14 03:40:36.262 1468 2313 I GameModeConfig: isGameModeOn = false
12-14 03:40:36.278 1468 2313 I GameModeConfig: isGameModeOn = false
12-14 03:40:36.278 1468 2313 I GameModeConfig: isGameModeOn = false
12-14 03:40:36.279 1468 2313 I GameModeConfig: isGameModeOn = false
12-14 03:40:36.279 1468 2313 I GameModeConfig: isGameModeOn = false
12-14 03:40:36.295 1468 2313 I GameModeConfig: isGameModeOn = false
12-14 03:40:36.295 1468 2313 I GameModeConfig: isGameModeOn = false
12-14 03:40:36.295 1468 2313 I GameModeConfig: isGameModeOn = false
12-14 03:40:36.295 1468 2313 I GameModeConfig: isGameModeOn = false
12-14 03:40:36.311 1468 2313 I GameModeConfig: isGameModeOn = false
12-14 03:40:36.311 1468 2313 I GameModeConfig: isGameModeOn = false
12-14 03:40:36.311 1468 2313 I GameModeConfig: isGameModeOn = false
12-14 03:40:36.311 1468 2313 I GameModeConfig: isGameModeOn = false
12-14 03:40:36.328 1468 2313 I GameModeConfig: isGameModeOn = false
12-14 03:40:36.328 1468 2313 I GameModeConfig: isGameModeOn = false
12-14 03:40:36.328 1468 2313 I GameModeConfig: isGameModeOn = false
12-14 03:40:36.328 1468 2313 I GameModeConfig: isGameModeOn = false
12-14 03:40:36.345 1468 2313 I GameModeConfig: isGameModeOn = false
12-14 03:40:36.345 1468 2313 I GameModeConfig: isGameModeOn = false
12-14 03:40:36.345 1468 2313 I GameModeConfig: isGameModeOn = false
12-14 03:40:36.345 1468 2313 I GameModeConfig: isGameModeOn = false
12-14 03:40:36.361 1468 2313 I GameModeConfig: isGameModeOn = false
12-14 03:40:36.361 1468 2313 I GameModeConfig: isGameModeOn = false
12-14 03:40:36.361 1468 2313 I GameModeConfig: isGameModeOn = false
12-14 03:40:36.362 1468 2313 I GameModeConfig: isGameModeOn = false
12-14 03:40:36.367 1468 1468 I GameModeConfig: isGameModeOn = false
12-14 03:40:36.381 1468 2313 I GameModeConfig: isGameModeOn = false
12-14 03:40:36.381 1468 2313 I GameModeConfig: isGameModeOn = false
12-14 03:40:36.381 1468 2313 I GameModeConfig: isGameModeOn = false
12-14 03:40:36.382 1468 2313 I GameModeConfig: isGameModeOn = false
12-14 03:40:36.395 1468 1468 I GameModeConfig: isGameModeOn = false
12-14 03:40:36.395 1468 1468 E NotificationService: Muting recently noisy 0|com.android.systemui|2048|null|10082
12-14 03:40:36.395 1468 2313 I GameModeConfig: isGameModeOn = false
12-14 03:40:36.395 1468 2313 I GameModeConfig: isGameModeOn = false
12-14 03:40:36.395 1468 2313 I GameModeConfig: isGameModeOn = false
12-14 03:40:36.395 1468 2313 I GameModeConfig: isGameModeOn = false
12-14 03:40:36.406 1468 1468 I GameModeConfig: isGameModeOn = false
12-14 03:40:36.407 1468 1468 E NotificationService: Muting recently noisy 0|com.android.systemui|2048|null|10082
12-14 03:40:36.411 1468 2313 I GameModeConfig: isGameModeOn = false
12-14 03:40:36.411 1468 2313 I GameModeConfig: isGameModeOn = false
12-14 03:40:36.411 1468 2313 I GameModeConfig: isGameModeOn = false
12-14 03:40:36.411 1468 2313 I GameModeConfig: isGameModeOn = false
12-14 03:40:36.418 1468 1468 I GameModeConfig: isGameModeOn = false
12-14 03:40:36.419 1468 1468 E NotificationService: Muting recently noisy 0|com.android.systemui|2048|null|10082
12-14 03:40:36.430 1468 1468 I GameModeConfig: isGameModeOn = false
12-14 03:40:36.430 1468 1468 E NotificationService: Muting recently noisy 0|com.android.systemui|2048|null|10082
12-14 03:40:36.432 1468 2313 I GameModeConfig: isGameModeOn = false
12-14 03:40:36.432 1468 2313 I GameModeConfig: isGameModeOn = false
12-14 03:40:36.432 1468 2313 I GameModeConfig: isGameModeOn = false
12-14 03:40:36.433 1468 2313 I GameModeConfig: isGameModeOn = false
12-14 03:40:36.447 1468 1468 I GameModeConfig: isGameModeOn = false
12-14 03:40:36.447 1468 1468 E NotificationService: Muting recently noisy 0|com.android.systemui|2048|null|10082
12-14 03:40:36.464 1468 1468 I GameModeConfig: isGameModeOn = false
12-14 03:40:36.464 1468 1468 E NotificationService: Muting recently noisy 0|com.android.systemui|2048|null|10082
12-14 03:40:36.481 1468 1468 I GameModeConfig: isGameModeOn = false
12-14 03:40:36.482 1468 1468 E NotificationService: Muting recently noisy 0|com.android.systemui|2048|null|10082
12-14 03:40:36.498 1468 1468 I GameModeConfig: isGameModeOn = false
12-14 03:40:36.498 1468 1468 E NotificationService: Muting recently noisy 0|com.android.systemui|2048|null|10082
12-14 03:40:36.513 1468 1468 I GameModeConfig: isGameModeOn = false
12-14 03:40:36.514 1468 1468 E NotificationService: Muting recently noisy 0|com.android.systemui|2048|null|10082
12-14 03:40:36.531 1468 1468 I GameModeConfig: isGameModeOn = false
12-14 03:40:36.532 1468 1468 E NotificationService: Muting recently noisy 0|com.android.systemui|2048|null|10082
12-14 03:40:36.548 1468 1468 I GameModeConfig: isGameModeOn = false
12-14 03:40:36.549 1468 1468 E NotificationService: Muting recently noisy 0|com.android.systemui|2048|null|10082
12-14 03:40:36.567 1468 1468 I GameModeConfig: isGameModeOn = false
12-14 03:40:36.568 1468 1468 E NotificationService: Muting recently noisy 0|com.android.systemui|2048|null|10082
12-14 03:40:36.580 1468 1468 I GameModeConfig: isGameModeOn = false
12-14 03:40:36.580 1468 1468 E NotificationService: Muting recently noisy 0|com.android.systemui|2048|null|10082
12-14 03:40:36.598 1468 1468 I GameModeConfig: isGameModeOn = false
12-14 03:40:36.598 1468 1468 E NotificationService: Muting recently noisy 0|com.android.systemui|2048|null|10082
12-14 03:40:36.612 1468 1468 I GameModeConfig: isGameModeOn = false
12-14 03:40:36.613 1468 1468 E NotificationService: Muting recently noisy 0|com.android.systemui|2048|null|10082
12-14 03:40:36.635 1468 1468 I GameModeConfig: isGameModeOn = false
12-14 03:40:36.636 1468 1468 E NotificationService: Muting recently noisy 0|com.android.systemui|2048|null|10082
01-01 09:01:05.358 0 0 D : mv2112_read_status
01-01 09:01:05.358 0 0 D mv2112_update_link: 3.0x901(1G): 0x80
01-01 09:01:05.358 0 0 D mv2112_update_link: 3.0x8109(100M): 0x8
01-01 09:01:05.358 0 0 D mv2112_update_link: link 0x0
01-01 09:01:05.358 0 0 D mv2112_read_status: autoneg is disabled
01-01 09:01:05.753 0 0 I btfm_slim_hw_init: PGD Enum Addr: 00:01:20:02:17: 02
01-01 09:01:05.753 0 0 I btfm_slim_hw_init: IFD Enum Addr: 00:00:20:02:17: 02
01-01 09:01:05.753 0 0 I btfm_slim_hw_init: chipset soc version:400a0200
01-01 09:01:05.753 0 0 I btfm_slim_hw_init: chipset is hastings 2.0, overwriting EA
01-01 09:01:05.753 0 0 I btfm_slim_hw_init: PGD Enum Addr: 00:01:20:02:17: 02
01-01 09:01:05.753 0 0 I btfm_slim_hw_init: IFD Enum Addr: 00:00:20:02:17: 02
01-01 09:01:05.753 0 0 I btfm_slim_alloc_port: chipset soc version:400a0200
01-01 09:01:05.761 0 0 I btfm_slim_enable_ch: chipset soc version:400a0200
01-01 09:01:05.761 0 0 I btfm_slim_enable_ch: channel define - prot:2, dataf:0, auxf:0
01-01 09:01:05.761 0 0 I btfm_slim_enable_ch: channel define - rates:44100, baser:2, ratem:4
01-01 09:01:05.761 0 0 I btfm_slim_enable_ch: slim_connect_sink(port: 16, ch: 157)
01-01 09:01:05.761 0 0 I btfm_slim_enable_ch: port: 16, ch: 157, grp: 0, ch->grph: 0x0, ch_hdl: 0x1d
01-01 09:01:05.762 0 0 I __afe_port_start: port id: 0x400e
01-01 09:01:05.762 0 0 I afe_find_cal_topo_id_by_port: port id: 0x400e, dev_acdb_id: 20
01-01 09:01:05.762 0 0 I afe_find_cal_topo_id_by_port: top_id:112fc acdb_id:20 afe_port_id:0x400e
01-01 09:01:05.762 0 0 I afe_get_cal_topology_id: port_id = 0x400e acdb_id = 20 topology_id = 0x112fc cal_type_index=8 ret=0
01-01 09:01:05.762 0 0 I afe_send_port_topology_id: AFE set topology id 0x112fc enable for port 0x400e ret 0
01-01 09:01:05.762 0 0 I send_afe_cal_type: cal_index is 0
01-01 09:01:05.762 0 0 I send_afe_cal_type: dev_acdb_id[119] is 20
01-01 09:01:05.762 0 0 I afe_find_cal: cal_index 0 port_id 0x400e port_index 119
01-01 09:01:05.762 0 0 I afe_find_cal: acdb_id 20 dev_acdb_id 20 sample_rate 48000 afe_sample_rates 44100
01-01 09:01:05.762 0 0 I afe_find_cal: no matching cal_block found
01-01 09:01:05.762 0 0 E : send_afe_cal_type cal_block not found!!
01-01 09:01:05.763 0 0 I afe_send_hw_delay: port_id 0x400e rate 44100 delay_usec 0 status 0
12-14 03:40:37.926 1468 6921 E UserRestrictionsUtils: Unknown restriction queried by uid 1000 (com.android.location.fused et al): null
01-01 09:01:06.382 0 0 D : mv2112_read_status
01-01 09:01:06.382 0 0 D mv2112_update_link: 3.0x901(1G): 0x80
01-01 09:01:06.383 0 0 D mv2112_update_link: 3.0x8109(100M): 0x8
01-01 09:01:06.383 0 0 D mv2112_update_link: link 0x0
01-01 09:01:06.383 0 0 D mv2112_read_status: autoneg is disabled
01-01 09:01:07.406 0 0 D : mv2112_read_status
01-01 09:01:07.406 0 0 D mv2112_update_link: 3.0x901(1G): 0x80
01-01 09:01:07.406 0 0 D mv2112_update_link: 3.0x8109(100M): 0x8
01-01 09:01:07.406 0 0 D mv2112_update_link: link 0x0
01-01 09:01:07.406 0 0 D mv2112_read_status: autoneg is disabled
01-01 09:01:08.430 0 0 D : mv2112_read_status
01-01 09:01:08.430 0 0 D mv2112_update_link: 3.0x901(1G): 0x80
01-01 09:01:08.430 0 0 D mv2112_update_link: 3.0x8109(100M): 0x8
01-01 09:01:08.430 0 0 D mv2112_update_link: link 0x0
01-01 09:01:08.430 0 0 D mv2112_read_status: autoneg is disabled
12-14 03:40:40.718 2925 2925 E ActivityThread: Failed to find provider info for com.google.android.gms.nearby.fastpair
12-14 03:40:40.720 2925 6346 E ActivityThread: Failed to find provider info for com.google.android.gms.nearby.fastpair
01-01 09:01:09.458 0 0 D : mv2112_read_status
01-01 09:01:09.458 0 0 D mv2112_update_link: 3.0x901(1G): 0x80
01-01 09:01:09.459 0 0 D mv2112_update_link: 3.0x8109(100M): 0x8
01-01 09:01:09.459 0 0 D mv2112_update_link: link 0x0
01-01 09:01:09.459 0 0 D mv2112_read_status: autoneg is disabled
01-01 09:01:09.624 0 0 I afe_close: port_id = 0x400e
01-01 09:01:09.631 0 0 I btfm_slim_disable_ch: port:16, grp: 0, ch->grph:0x0, ch->ch_hdl:0x1d
01-01 09:01:10.478 0 0 D : mv2112_read_status
01-01 09:01:10.478 0 0 D mv2112_update_link: 3.0x901(1G): 0x80
01-01 09:01:10.479 0 0 D mv2112_update_link: 3.0x8109(100M): 0x8
01-01 09:01:10.479 0 0 D mv2112_update_link: link 0x0
01-01 09:01:10.479 0 0 D mv2112_read_status: autoneg is disabled
01-01 09:01:11.502 0 0 D : mv2112_read_status
01-01 09:01:11.502 0 0 D mv2112_update_link: 3.0x901(1G): 0x80
01-01 09:01:11.502 0 0 D mv2112_update_link: 3.0x8109(100M): 0x8
01-01 09:01:11.502 0 0 D mv2112_update_link: link 0x0
01-01 09:01:11.502 0 0 D mv2112_read_status: autoneg is disabled
12-14 03:40:43.411 1468 2313 I GameModeConfig: isGameModeOn = false
12-14 03:40:43.413 1468 2313 I GameModeConfig: isGameModeOn = false
12-14 03:40:43.413 1468 2313 I GameModeConfig: isGameModeOn = false
12-14 03:40:43.413 1468 2313 I GameModeConfig: isGameModeOn = false
12-14 03:40:43.448 1468 2313 I GameModeConfig: isGameModeOn = false
12-14 03:40:43.449 1468 2313 I GameModeConfig: isGameModeOn = false
12-14 03:40:43.449 1468 2313 I GameModeConfig: isGameModeOn = false
12-14 03:40:43.449 1468 2313 I GameModeConfig: isGameModeOn = false
12-14 03:40:43.479 1468 2313 I GameModeConfig: isGameModeOn = false
12-14 03:40:43.479 1468 2313 I GameModeConfig: isGameModeOn = false
12-14 03:40:43.479 1468 2313 I GameModeConfig: isGameModeOn = false
12-14 03:40:43.479 1468 2313 I GameModeConfig: isGameModeOn = false
12-14 03:40:43.495 1468 2313 I GameModeConfig: isGameModeOn = false
12-14 03:40:43.495 1468 2313 I GameModeConfig: isGameModeOn = false
12-14 03:40:43.495 1468 2313 I GameModeConfig: isGameModeOn = false
12-14 03:40:43.495 1468 2313 I GameModeConfig: isGameModeOn = false
12-14 03:40:43.512 1468 2313 I GameModeConfig: isGameModeOn = false
12-14 03:40:43.512 1468 2313 I GameModeConfig: isGameModeOn = false
12-14 03:40:43.512 1468 2313 I GameModeConfig: isGameModeOn = false
12-14 03:40:43.512 1468 2313 I GameModeConfig: isGameModeOn = false
12-14 03:40:43.528 1468 2313 I GameModeConfig: isGameModeOn = false
12-14 03:40:43.528 1468 2313 I GameModeConfig: isGameModeOn = false
12-14 03:40:43.528 1468 2313 I GameModeConfig: isGameModeOn = false
12-14 03:40:43.528 1468 2313 I GameModeConfig: isGameModeOn = false
12-14 03:40:43.545 1468 2313 I GameModeConfig: isGameModeOn = false
12-14 03:40:43.545 1468 2313 I GameModeConfig: isGameModeOn = false
12-14 03:40:43.545 1468 2313 I GameModeConfig: isGameModeOn = false
12-14 03:40:43.545 1468 2313 I GameModeConfig: isGameModeOn = false
12-14 03:40:43.562 1468 2313 I GameModeConfig: isGameModeOn = false
12-14 03:40:43.562 1468 2313 I GameModeConfig: isGameModeOn = false
12-14 03:40:43.562 1468 2313 I GameModeConfig: isGameModeOn = false
12-14 03:40:43.562 1468 2313 I GameModeConfig: isGameModeOn = false
12-14 03:40:43.619 1468 1468 I GameModeConfig: isGameModeOn = false
12-14 03:40:43.652 1468 1468 I GameModeConfig: isGameModeOn = false
12-14 03:40:43.653 1468 1468 E NotificationService: Muting recently noisy 0|com.android.systemui|2048|null|10082
12-14 03:40:43.684 1468 1468 I GameModeConfig: isGameModeOn = false
12-14 03:40:43.685 1468 1468 E NotificationService: Muting recently noisy 0|com.android.systemui|2048|null|10082
12-14 03:40:43.700 1468 1468 I GameModeConfig: isGameModeOn = false
12-14 03:40:43.700 1468 1468 E NotificationService: Muting recently noisy 0|com.android.systemui|2048|null|10082
12-14 03:40:43.718 1468 1468 I GameModeConfig: isGameModeOn = false
12-14 03:40:43.718 1468 1468 E NotificationService: Muting recently noisy 0|com.android.systemui|2048|null|10082
12-14 03:40:43.733 1468 1468 I GameModeConfig: isGameModeOn = false
12-14 03:40:43.733 1468 1468 E NotificationService: Muting recently noisy 0|com.android.systemui|2048|null|10082
12-14 03:40:43.748 1468 1468 I GameModeConfig: isGameModeOn = false
12-14 03:40:43.748 1468 1468 E NotificationService: Muting recently noisy 0|com.android.systemui|2048|null|10082
12-14 03:40:43.767 1468 1468 I GameModeConfig: isGameModeOn = false
12-14 03:40:43.767 1468 1468 E NotificationService: Muting recently noisy 0|com.android.systemui|2048|null|10082
12-14 03:40:44.302 1468 2313 I GameModeConfig: isGameModeOn = false
12-14 03:40:44.341 1468 2313 I GameModeConfig: isGameModeOn = false
01-01 09:01:12.526 0 0 D : mv2112_read_status
01-01 09:01:12.526 0 0 D mv2112_update_link: 3.0x901(1G): 0x80
01-01 09:01:12.526 0 0 D mv2112_update_link: 3.0x8109(100M): 0x8
01-01 09:01:12.527 0 0 D mv2112_update_link: link 0x0
01-01 09:01:12.527 0 0 D mv2112_read_status: autoneg is disabled
12-14 03:40:44.368 1468 2313 I GameModeConfig: isGameModeOn = false
12-14 03:40:44.398 1468 2313 I GameModeConfig: isGameModeOn = false
12-14 03:40:44.415 1468 2313 I GameModeConfig: isGameModeOn = false
12-14 03:40:44.430 1468 2313 I GameModeConfig: isGameModeOn = false
12-14 03:40:44.448 1468 2313 I GameModeConfig: isGameModeOn = false
12-14 03:40:44.461 1468 2313 I GameModeConfig: isGameModeOn = false
12-14 03:40:44.479 1468 2313 I GameModeConfig: isGameModeOn = false
12-14 03:40:44.494 1468 2313 I GameModeConfig: isGameModeOn = false
12-14 03:40:44.749 1468 2313 I GameModeConfig: isGameModeOn = false
12-14 03:40:44.750 1468 2313 I GameModeConfig: isGameModeOn = false
12-14 03:40:44.750 1468 2313 I GameModeConfig: isGameModeOn = false
12-14 03:40:44.750 1468 2313 I GameModeConfig: isGameModeOn = false
12-14 03:40:44.770 1468 2313 I GameModeConfig: isGameModeOn = false
12-14 03:40:44.770 1468 2313 I GameModeConfig: isGameModeOn = false
12-14 03:40:44.770 1468 2313 I GameModeConfig: isGameModeOn = false
12-14 03:40:44.770 1468 2313 I GameModeConfig: isGameModeOn = false
12-14 03:40:44.788 1468 2313 I GameModeConfig: isGameModeOn = false
12-14 03:40:44.788 1468 2313 I GameModeConfig: isGameModeOn = false
12-14 03:40:44.789 1468 2313 I GameModeConfig: isGameModeOn = false
12-14 03:40:44.789 1468 2313 I GameModeConfig: isGameModeOn = false
12-14 03:40:44.804 1468 2313 I GameModeConfig: isGameModeOn = false
12-14 03:40:44.804 1468 2313 I GameModeConfig: isGameModeOn = false
12-14 03:40:44.804 1468 2313 I GameModeConfig: isGameModeOn = false
12-14 03:40:44.805 1468 2313 I GameModeConfig: isGameModeOn = false
12-14 03:40:44.818 1468 2313 I GameModeConfig: isGameModeOn = false
12-14 03:40:44.818 1468 2313 I GameModeConfig: isGameModeOn = false
12-14 03:40:44.818 1468 2313 I GameModeConfig: isGameModeOn = false
12-14 03:40:44.819 1468 2313 I GameModeConfig: isGameModeOn = false
12-14 03:40:44.833 1468 2313 I GameModeConfig: isGameModeOn = false
12-14 03:40:44.833 1468 2313 I GameModeConfig: isGameModeOn = false
12-14 03:40:44.833 1468 2313 I GameModeConfig: isGameModeOn = false
12-14 03:40:44.833 1468 2313 I GameModeConfig: isGameModeOn = false
12-14 03:40:44.850 1468 2313 I GameModeConfig: isGameModeOn = false
12-14 03:40:44.850 1468 2313 I GameModeConfig: isGameModeOn = false
12-14 03:40:44.850 1468 2313 I GameModeConfig: isGameModeOn = false
12-14 03:40:44.850 1468 2313 I GameModeConfig: isGameModeOn = false
12-14 03:40:44.866 1468 2313 I GameModeConfig: isGameModeOn = false
12-14 03:40:44.867 1468 2313 I GameModeConfig: isGameModeOn = false
12-14 03:40:44.867 1468 2313 I GameModeConfig: isGameModeOn = false
12-14 03:40:44.867 1468 2313 I GameModeConfig: isGameModeOn = false
12-14 03:40:44.882 1468 2313 I GameModeConfig: isGameModeOn = false
12-14 03:40:44.882 1468 2313 I GameModeConfig: isGameModeOn = false
12-14 03:40:44.882 1468 2313 I GameModeConfig: isGameModeOn = false
12-14 03:40:44.882 1468 2313 I GameModeConfig: isGameModeOn = false
12-14 03:40:44.898 1468 2313 I GameModeConfig: isGameModeOn = false
12-14 03:40:44.899 1468 2313 I GameModeConfig: isGameModeOn = false
12-14 03:40:44.899 1468 2313 I GameModeConfig: isGameModeOn = false
12-14 03:40:44.899 1468 2313 I GameModeConfig: isGameModeOn = false
12-14 03:40:44.915 1468 2313 I GameModeConfig: isGameModeOn = false
12-14 03:40:44.916 1468 2313 I GameModeConfig: isGameModeOn = false
12-14 03:40:44.916 1468 2313 I GameModeConfig: isGameModeOn = false
12-14 03:40:44.916 1468 2313 I GameModeConfig: isGameModeOn = false
12-14 03:40:44.932 1468 2313 I GameModeConfig: isGameModeOn = false
12-14 03:40:44.932 1468 2313 I GameModeConfig: isGameModeOn = false
12-14 03:40:44.932 1468 2313 I GameModeConfig: isGameModeOn = false
12-14 03:40:44.932 1468 2313 I GameModeConfig: isGameModeOn = false
12-14 03:40:44.954 1468 2313 I GameModeConfig: isGameModeOn = false
12-14 03:40:44.954 1468 2313 I GameModeConfig: isGameModeOn = false
12-14 03:40:44.954 1468 2313 I GameModeConfig: isGameModeOn = false
12-14 03:40:44.954 1468 2313 I GameModeConfig: isGameModeOn = false
12-14 03:40:44.958 1468 1468 I GameModeConfig: isGameModeOn = false
12-14 03:40:44.965 1468 2313 I GameModeConfig: isGameModeOn = false
12-14 03:40:44.965 1468 2313 I GameModeConfig: isGameModeOn = false
12-14 03:40:44.965 1468 2313 I GameModeConfig: isGameModeOn = false
12-14 03:40:44.965 1468 2313 I GameModeConfig: isGameModeOn = false
12-14 03:40:44.974 1468 1468 I GameModeConfig: isGameModeOn = false
12-14 03:40:44.974 1468 1468 E NotificationService: Muting recently noisy 0|com.android.systemui|2048|null|10082
12-14 03:40:44.982 1468 2313 I GameModeConfig: isGameModeOn = false
12-14 03:40:44.982 1468 2313 I GameModeConfig: isGameModeOn = false
12-14 03:40:44.982 1468 2313 I GameModeConfig: isGameModeOn = false
12-14 03:40:44.982 1468 2313 I GameModeConfig: isGameModeOn = false
12-14 03:40:44.991 1468 1468 I GameModeConfig: isGameModeOn = false
12-14 03:40:44.991 1468 1468 E NotificationService: Muting recently noisy 0|com.android.systemui|2048|null|10082
12-14 03:40:45.001 1468 2313 I GameModeConfig: isGameModeOn = false
12-14 03:40:45.001 1468 2313 I GameModeConfig: isGameModeOn = false
12-14 03:40:45.001 1468 2313 I GameModeConfig: isGameModeOn = false
12-14 03:40:45.001 1468 2313 I GameModeConfig: isGameModeOn = false
12-14 03:40:45.007 1468 1468 I GameModeConfig: isGameModeOn = false
12-14 03:40:45.007 1468 1468 E NotificationService: Muting recently noisy 0|com.android.systemui|2048|null|10082
12-14 03:40:45.021 1468 1468 I GameModeConfig: isGameModeOn = false
12-14 03:40:45.021 1468 1468 E NotificationService: Muting recently noisy 0|com.android.systemui|2048|null|10082
12-14 03:40:45.022 1468 2313 I GameModeConfig: isGameModeOn = false
12-14 03:40:45.022 1468 2313 I GameModeConfig: isGameModeOn = false
12-14 03:40:45.022 1468 2313 I GameModeConfig: isGameModeOn = false
12-14 03:40:45.023 1468 2313 I GameModeConfig: isGameModeOn = false
12-14 03:40:45.035 1468 1468 I GameModeConfig: isGameModeOn = false
12-14 03:40:45.036 1468 1468 E NotificationService: Muting recently noisy 0|com.android.systemui|2048|null|10082
12-14 03:40:45.050 1468 1468 I GameModeConfig: isGameModeOn = false
12-14 03:40:45.051 1468 1468 E NotificationService: Muting recently noisy 0|com.android.systemui|2048|null|10082
12-14 03:40:45.067 1468 1468 I GameModeConfig: isGameModeOn = false
12-14 03:40:45.067 1468 1468 E NotificationService: Muting recently noisy 0|com.android.systemui|2048|null|10082
12-14 03:40:45.085 1468 1468 I GameModeConfig: isGameModeOn = false
12-14 03:40:45.085 1468 1468 E NotificationService: Muting recently noisy 0|com.android.systemui|2048|null|10082
12-14 03:40:45.101 1468 1468 I GameModeConfig: isGameModeOn = false
12-14 03:40:45.102 1468 1468 E NotificationService: Muting recently noisy 0|com.android.systemui|2048|null|10082
12-14 03:40:45.119 1468 1468 I GameModeConfig: isGameModeOn = false
12-14 03:40:45.119 1468 1468 E NotificationService: Muting recently noisy 0|com.android.systemui|2048|null|10082
12-14 03:40:45.138 1468 1468 I GameModeConfig: isGameModeOn = false
12-14 03:40:45.139 1468 1468 E NotificationService: Muting recently noisy 0|com.android.systemui|2048|null|10082
12-14 03:40:45.152 1468 1468 I GameModeConfig: isGameModeOn = false
12-14 03:40:45.152 1468 1468 E NotificationService: Muting recently noisy 0|com.android.systemui|2048|null|10082
12-14 03:40:45.171 1468 1468 I GameModeConfig: isGameModeOn = false
12-14 03:40:45.171 1468 1468 E NotificationService: Muting recently noisy 0|com.android.systemui|2048|null|10082
12-14 03:40:45.189 1468 1468 I GameModeConfig: isGameModeOn = false
12-14 03:40:45.189 1468 1468 E NotificationService: Muting recently noisy 0|com.android.systemui|2048|null|10082
12-14 03:40:45.205 1468 1468 I GameModeConfig: isGameModeOn = false
12-14 03:40:45.205 1468 1468 E NotificationService: Muting recently noisy 0|com.android.systemui|2048|null|10082
12-14 03:40:45.225 1468 1468 I GameModeConfig: isGameModeOn = false
12-14 03:40:45.225 1468 1468 E NotificationService: Muting recently noisy 0|com.android.systemui|2048|null|10082
01-01 09:01:13.550 0 0 D : mv2112_read_status
01-01 09:01:13.550 0 0 D mv2112_update_link: 3.0x901(1G): 0x80
01-01 09:01:13.550 0 0 D mv2112_update_link: 3.0x8109(100M): 0x8
01-01 09:01:13.550 0 0 D mv2112_update_link: link 0x0
01-01 09:01:13.550 0 0 D mv2112_read_status: autoneg is disabled
01-01 09:01:13.948 0 0 I btfm_slim_hw_init: PGD Enum Addr: 00:01:20:02:17: 02
01-01 09:01:13.948 0 0 I btfm_slim_hw_init: IFD Enum Addr: 00:00:20:02:17: 02
01-01 09:01:13.948 0 0 I btfm_slim_hw_init: chipset soc version:400a0200
01-01 09:01:13.948 0 0 I btfm_slim_hw_init: chipset is hastings 2.0, overwriting EA
01-01 09:01:13.948 0 0 I btfm_slim_hw_init: PGD Enum Addr: 00:01:20:02:17: 02
01-01 09:01:13.948 0 0 I btfm_slim_hw_init: IFD Enum Addr: 00:00:20:02:17: 02
01-01 09:01:13.948 0 0 I btfm_slim_alloc_port: chipset soc version:400a0200
01-01 09:01:13.955 0 0 I btfm_slim_enable_ch: chipset soc version:400a0200
01-01 09:01:13.955 0 0 I btfm_slim_enable_ch: channel define - prot:2, dataf:0, auxf:0
01-01 09:01:13.955 0 0 I btfm_slim_enable_ch: channel define - rates:44100, baser:2, ratem:4
01-01 09:01:13.955 0 0 I btfm_slim_enable_ch: slim_connect_sink(port: 16, ch: 157)
01-01 09:01:13.956 0 0 I btfm_slim_enable_ch: port: 16, ch: 157, grp: 0, ch->grph: 0x0, ch_hdl: 0x1d
01-01 09:01:13.956 0 0 I __afe_port_start: port id: 0x400e
01-01 09:01:13.956 0 0 I afe_find_cal_topo_id_by_port: port id: 0x400e, dev_acdb_id: 20
01-01 09:01:13.956 0 0 I afe_find_cal_topo_id_by_port: top_id:112fc acdb_id:20 afe_port_id:0x400e
01-01 09:01:13.956 0 0 I afe_get_cal_topology_id: port_id = 0x400e acdb_id = 20 topology_id = 0x112fc cal_type_index=8 ret=0
01-01 09:01:13.957 0 0 I afe_send_port_topology_id: AFE set topology id 0x112fc enable for port 0x400e ret 0
01-01 09:01:13.957 0 0 I send_afe_cal_type: cal_index is 0
01-01 09:01:13.957 0 0 I send_afe_cal_type: dev_acdb_id[119] is 20
01-01 09:01:13.957 0 0 I afe_find_cal: cal_index 0 port_id 0x400e port_index 119
01-01 09:01:13.957 0 0 I afe_find_cal: acdb_id 20 dev_acdb_id 20 sample_rate 48000 afe_sample_rates 44100
01-01 09:01:13.957 0 0 I afe_find_cal: no matching cal_block found
01-01 09:01:13.957 0 0 E : send_afe_cal_type cal_block not found!!
01-01 09:01:13.957 0 0 I afe_send_hw_delay: port_id 0x400e rate 44100 delay_usec 0 status 0
12-14 03:40:46.166 1468 2313 I GameModeConfig: isGameModeOn = false
12-14 03:40:46.193 1468 2313 I GameModeConfig: isGameModeOn = false
12-14 03:40:46.206 1468 2313 I GameModeConfig: isGameModeOn = false
12-14 03:40:46.215 1468 2313 I GameModeConfig: isGameModeOn = false
12-14 03:40:46.228 1468 2313 I GameModeConfig: isGameModeOn = false
12-14 03:40:46.244 1468 2313 I GameModeConfig: isGameModeOn = false
12-14 03:40:46.261 1468 2313 I GameModeConfig: isGameModeOn = false
12-14 03:40:46.278 1468 2313 I GameModeConfig: isGameModeOn = false
12-14 03:40:46.295 1468 2313 I GameModeConfig: isGameModeOn = false
12-14 03:40:46.311 1468 2313 I GameModeConfig: isGameModeOn = false
12-14 03:40:46.329 1468 2313 I GameModeConfig: isGameModeOn = false
12-14 03:40:46.346 1468 2313 I GameModeConfig: isGameModeOn = false
12-14 03:40:46.362 1468 2313 I GameModeConfig: isGameModeOn = false
12-14 03:40:46.366 1468 2313 I GameModeConfig: isGameModeOn = false
12-14 03:40:46.381 1468 2313 I GameModeConfig: isGameModeOn = false
12-14 03:40:46.395 1468 2313 I GameModeConfig: isGameModeOn = false
12-14 03:40:46.395 1468 2313 I GameModeConfig: isGameModeOn = false
01-01 09:01:14.574 0 0 D : mv2112_read_status
01-01 09:01:14.574 0 0 D mv2112_update_link: 3.0x901(1G): 0x80
01-01 09:01:14.574 0 0 D mv2112_update_link: 3.0x8109(100M): 0x8
01-01 09:01:14.574 0 0 D mv2112_update_link: link 0x0
01-01 09:01:14.574 0 0 D mv2112_read_status: autoneg is disabled
12-14 03:40:46.407 1468 2313 I GameModeConfig: isGameModeOn = false
12-14 03:40:46.411 1468 2313 I GameModeConfig: isGameModeOn = false
12-14 03:40:46.418 1468 2313 I GameModeConfig: isGameModeOn = false
12-14 03:40:46.430 1468 2313 I GameModeConfig: isGameModeOn = false
12-14 03:40:46.432 1468 2313 I GameModeConfig: isGameModeOn = false
12-14 03:40:46.447 1468 2313 I GameModeConfig: isGameModeOn = false
12-14 03:40:46.463 1468 2313 I GameModeConfig: isGameModeOn = false
12-14 03:40:46.482 1468 2313 I GameModeConfig: isGameModeOn = false
12-14 03:40:46.497 1468 2313 I GameModeConfig: isGameModeOn = false
12-14 03:40:46.514 1468 2313 I GameModeConfig: isGameModeOn = false
12-14 03:40:46.531 1468 2313 I GameModeConfig: isGameModeOn = false
12-14 03:40:46.549 1468 2313 I GameModeConfig: isGameModeOn = false
12-14 03:40:46.568 1468 2313 I GameModeConfig: isGameModeOn = false
12-14 03:40:46.579 1468 2313 I GameModeConfig: isGameModeOn = false
12-14 03:40:46.599 1468 2313 I GameModeConfig: isGameModeOn = false
12-14 03:40:46.612 1468 2313 I GameModeConfig: isGameModeOn = false
12-14 03:40:46.636 1468 2313 I GameModeConfig: isGameModeOn = false
01-01 09:01:15.598 0 0 D : mv2112_read_status
01-01 09:01:15.598 0 0 D mv2112_update_link: 3.0x901(1G): 0x80
