12-14 03:22:37.199 1468 1642 D CompatibilityChangeReporter: Compat change id reported: 135634846; UID 10019; state: DISABLED
12-14 03:22:37.199 1468 1642 D CompatibilityChangeReporter: Compat change id reported: 177438394; UID 10019; state: DISABLED
12-14 03:22:37.199 1468 1642 D CompatibilityChangeReporter: Compat change id reported: 135772972; UID 10019; state: DISABLED
12-14 03:22:37.199 1468 1642 D CompatibilityChangeReporter: Compat change id reported: 135754954; UID 10019; state: ENABLED
12-14 03:22:37.200 1468 1468 I NotificationHistory: Attempted to unlock gone/disabled user 0
12-14 03:22:37.204 1468 2327 I BackupManagerService: Starting service for user: 0
12-14 03:22:37.204 1468 2327 V BackupManagerService: [UserID:0] Starting with transport com.android.localtransport/.LocalTransport
12-14 03:22:37.205 1468 1609 D CompatibilityChangeReporter: Compat change id reported: 135634846; UID 1000; state: DISABLED
12-14 03:22:37.205 1468 1609 D CompatibilityChangeReporter: Compat change id reported: 177438394; UID 1000; state: DISABLED
12-14 03:22:37.205 1468 1609 D CompatibilityChangeReporter: Compat change id reported: 135772972; UID 1000; state: DISABLED
12-14 03:22:37.205 1468 1609 D CompatibilityChangeReporter: Compat change id reported: 135754954; UID 1000; state: ENABLED
12-14 03:22:37.206 1468 2327 D BackupManagerService: [UserID:0] Started thread backup-0
12-14 03:22:37.216 1468 1641 I UsageStatsService: Starting migration to system CE for user 0
12-14 03:22:37.217 1468 1641 I UsageStatsService: Finished migration to system CE for user 0
12-14 03:22:37.218 1468 1643 I ActivityManager: Start proc 3299:com.hht.lebocast/u0a90 for added application com.hht.lebocast
01-01 08:43:05.399 0 0 I binder : 3299:3299 ioctl 40046210 ffc07fb8 returned -22
12-14 03:22:37.221 1468 1641 I UsageStatsDatabase: Upgrading from version 0 to 5
12-14 03:22:37.221 1468 1641 I UsageStatsDatabase: Deleting all usage stats files
12-14 03:22:37.224 1468 1641 I UsageStatsService: User[0] Rollover scheduled @ 2022-12-15 03:22:37(1671045757217)
12-14 03:22:37.225 1468 1641 D AppStandbyController: Initializing defaults for system apps on user 0, appIdleEnabled=false
01-01 08:43:05.414 0 0 I : sdcardfs version 2.0
01-01 08:43:05.414 0 0 I sdcardfs: dev_name -> /data/media
01-01 08:43:05.414 0 0 I sdcardfs: options -> fsuid=1023,fsgid=1023,multiuser,derive_gid,default_normal,unshared_obb,mask=6,userid=0,gid=1015
12-14 03:22:37.228 1468 1643 D CompatibilityChangeReporter: Compat change id reported: 143937733; UID 10059; state: ENABLED
01-01 08:43:05.414 0 0 I sdcardfs: mnt -> 000000002d827b23
12-14 03:22:37.230 1468 2464 I ActivityTaskManager: START u0 {act=android.intent.action.MAIN cat=[android.intent.category.HOME] flg=0x10000100 cmp=com.android.provision/.DefaultActivity (has extras)} from uid 0
01-01 08:43:05.414 0 0 I sdcardfs: mounted on top of /data/media type f2fs
01-01 08:43:05.415 0 0 I : Remount options were mask=23,gid=9997 for vfsmnt 00000000da83b2c7.
12-14 03:22:37.232 517 639 D vold : Waiting for sdcardfs to spin up...
12-14 03:22:37.232 1468 2464 D CompatibilityChangeReporter: Compat change id reported: 174042980; UID 1000; state: DISABLED
01-01 08:43:05.415 0 0 I sdcardfs: options - debug:1
01-01 08:43:05.415 0 0 I sdcardfs: options - gid:9997
12-14 03:22:37.233 3291 3291 W sdcard : Device explicitly enabled sdcardfs
01-01 08:43:05.415 0 0 I sdcardfs: options - mask:23
01-01 08:43:05.416 0 0 I : Remount options were mask=7,gid=9997 for vfsmnt 0000000031a9ca8d.
01-01 08:43:05.416 0 0 I sdcardfs: options - debug:1
12-14 03:22:37.243 1468 2327 E BackupPasswordManager: Unable to read backup pw version
12-14 03:22:37.243 1468 2327 E BackupPasswordManager: Unable to read saved backup pw hash
01-01 08:43:05.416 0 0 I sdcardfs: options - gid:9997
01-01 08:43:05.416 0 0 I sdcardfs: options - mask:7
01-01 08:43:05.417 0 0 I : Remount options were mask=7,gid=9997 for vfsmnt 000000009c18daa2.
01-01 08:43:05.417 0 0 I sdcardfs: options - debug:1
01-01 08:43:05.417 0 0 I sdcardfs: options - gid:9997
01-01 08:43:05.417 0 0 I sdcardfs: options - mask:7
01-01 08:43:05.420 0 0 I zram0 : detected capacity change from 0 to 4294967296
12-14 03:22:37.244 1468 2464 D CompatibilityChangeReporter: Compat change id reported: 168419799; UID 1000; state: DISABLED
12-14 03:22:37.245 1468 2464 I ActivityTaskManager: FOREGROUND_APPLICATION_CHANGED to com.android.provision.DefaultActivity
12-14 03:22:37.247 1468 1641 I UsageStatsService: Time changed in by 1670956771 seconds
12-14 03:22:37.251 1468 1468 V NotificationAssistants: disabling notification assistant for user 0: ComponentInfo{android.ext.services/android.ext.services.notification.Assistant}
12-14 03:22:37.251 1468 1468 D NotificationListeners: Removing active service ComponentInfo{android.ext.services/android.ext.services.notification.Assistant}
01-01 08:43:05.434 0 0 I binder : 3319:3319 ioctl 40046210 7fe6d7b254 returned -22
12-14 03:22:37.252 1468 1609 D CompatibilityChangeReporter: Compat change id reported: 168419799; UID 10080; state: DISABLED
12-14 03:22:37.256 1468 1641 I UsageStatsService: User[0] Flushing usage stats to disk
12-14 03:22:37.257 1468 3298 D CompatibilityChangeReporter: Compat change id reported: 168419799; UID 10090; state: DISABLED
12-14 03:22:37.258 1468 3298 D CompatibilityChangeReporter: Compat change id reported: 181136395; UID 1000; state: DISABLED
12-14 03:22:37.259 1468 3298 D CompatibilityChangeReporter: Compat change id reported: 174042936; UID 1000; state: DISABLED
01-01 08:43:05.441 0 0 I : Adding 4194300k swap on /dev/block/zram0. Priority:32758 extents:1 across:4194300k SS
01-01 08:43:05.441 0 0 I configfs-gadget gadget: high-speed config #1: b
01-01 08:43:05.441 0 0 E msm-dwc3 a600000.ssusb: Could not get usb psy
01-01 08:43:05.441 0 0 I android_work: sent uevent USB_STATE=CONFIGURED
12-14 03:22:37.260 1468 1643 W ActivityManager: Slow operation: 66ms so far, now at startProcess: done updating battery stats
12-14 03:22:37.260 1468 1643 W ActivityManager: Slow operation: 66ms so far, now at startProcess: building log message
12-14 03:22:37.260 1468 1643 I ActivityManager: Start proc 3319:ts.car.uart/u0a59 for added application ts.car.uart
12-14 03:22:37.260 1468 1643 W ActivityManager: Slow operation: 66ms so far, now at startProcess: starting to update pids map
12-14 03:22:37.261 1468 1643 W ActivityManager: Slow operation: 66ms so far, now at startProcess: done updating pids map
12-14 03:22:37.261 1468 1643 W ActivityManager: Slow operation: 66ms so far, now at startProcess: asking zygote to start proc
12-14 03:22:37.261 1468 1643 D CompatibilityChangeReporter: Compat change id reported: 143937733; UID 10053; state: ENABLED
12-14 03:22:37.264 1468 1935 D CompatibilityChangeReporter: Compat change id reported: 135634846; UID 10073; state: DISABLED
12-14 03:22:37.264 1468 1935 D CompatibilityChangeReporter: Compat change id reported: 177438394; UID 10073; state: DISABLED
12-14 03:22:37.264 1468 1935 D CompatibilityChangeReporter: Compat change id reported: 135772972; UID 10073; state: DISABLED
12-14 03:22:37.264 1468 1935 D CompatibilityChangeReporter: Compat change id reported: 135754954; UID 10073; state: ENABLED
12-14 03:22:37.266 1468 1643 W ActivityManager: Slow operation: 72ms so far, now at startProcess: returned from zygote!
12-14 03:22:37.271 1468 1468 V NotificationAssistants: enabling notification assistant for 0: ComponentInfo{android.ext.services/android.ext.services.notification.Assistant}
12-14 03:22:37.271 1468 1468 V NotificationAssistants: binding: Intent { act=android.service.notification.NotificationAssistantService cmp=android.ext.services/.notification.Assistant (has extras) }
01-01 08:43:05.463 0 0 I binder : 3348:3348 ioctl 40046210 7fe6d7b254 returned -22
12-14 03:22:37.272 1468 2467 D CompatibilityChangeReporter: Compat change id reported: 168419799; UID 10059; state: DISABLED
12-14 03:22:37.276 1468 1643 W ActivityManager: Slow operation: 82ms so far, now at startProcess: done updating battery stats
12-14 03:22:37.276 1468 1643 W ActivityManager: Slow operation: 82ms so far, now at startProcess: building log message
12-14 03:22:37.276 1468 1643 I ActivityManager: Start proc 3348:.pasr/u0a53 for added application .pasr
12-14 03:22:37.276 1468 1643 W ActivityManager: Slow operation: 82ms so far, now at startProcess: starting to update pids map
12-14 03:22:37.276 1468 1643 W ActivityManager: Slow operation: 82ms so far, now at startProcess: done updating pids map
12-14 03:22:37.276 1468 1643 W ActivityManager: Slow operation: 82ms so far, now at startProcess: asking zygote to start proc
12-14 03:22:37.276 1468 1643 D CompatibilityChangeReporter: Compat change id reported: 143937733; UID 10074; state: DISABLED
12-14 03:22:37.279 1468 3298 D CompatibilityChangeReporter: Compat change id reported: 168419799; UID 10055; state: DISABLED
12-14 03:22:37.282 517 639 I vold : Mounting emulated fuse volume
12-14 03:22:37.286 1468 1468 D CompatibilityChangeReporter: Compat change id reported: 168419799; UID 10096; state: DISABLED
12-14 03:22:37.286 1468 1643 W ActivityManager: Slow operation: 92ms so far, now at startProcess: returned from zygote!
12-14 03:22:37.288 1468 2327 V BackupManagerService: [UserID:0] No ancestral data
12-14 03:22:37.295 1468 1935 D CompatibilityChangeReporter: Compat change id reported: 168419799; UID 10053; state: DISABLED
01-01 08:43:05.477 0 0 I binder : 2595:2595 ioctl 40046210 7fe6d7abe4 returned -22
12-14 03:22:37.297 517 639 I vold : Bind mounting /mnt/runtime/full/emulated to /mnt/pass_through/0/emulated
12-14 03:22:37.298 1468 2009 I StorageSessionController: On volume mount VolumeInfo{emulated;0}:
12-14 03:22:37.298 1468 2009 I StorageSessionController: type=EMULATED diskId=null partGuid= mountFlags=PRIMARY|VISIBLE
12-14 03:22:37.298 1468 2009 I StorageSessionController: mountUserId=0 state=CHECKING
12-14 03:22:37.298 1468 2009 I StorageSessionController: fsType=null fsUuid=null fsLabel=null
12-14 03:22:37.298 1468 2009 I StorageSessionController: path=/storage/emulated internalPath=/data/media
12-14 03:22:37.298 1468 2009 I StorageSessionController: Creating connection for user: 0
12-14 03:22:37.299 1468 2009 I StorageSessionController: Creating and starting session with id: emulated;0
12-14 03:22:37.299 1468 2009 I StorageUserConnection: Binding to the ExternalStorageService for user 0
12-14 03:22:37.301 2679 2679 W ContextImpl: Calling a method in the system process without a qualified user: android.app.ContextImpl.startService:1816 android.content.ContextWrapper.startService:774 android.content.ContextWrapper.startService:774 vendor.qti.qesdk.sysservice.QesdkSysReceiver.onReceive:42 android.app.ActivityThread.handleReceiver:4309
12-14 03:22:37.301 1468 3300 V BackupManagerConstants: getKeyValueBackupIntervalMilliseconds(...) returns 14400000
12-14 03:22:37.301 1468 1643 W ActivityManager: Slow operation: 107ms so far, now at startProcess: done updating battery stats
12-14 03:22:37.301 1468 3300 V BackupManagerConstants: getKeyValueBackupFuzzMilliseconds(...) returns 600000
12-14 03:22:37.301 1468 3300 V BackupManagerConstants: getKeyValueBackupRequiredNetworkType(...) returns 1
12-14 03:22:37.301 1468 1643 W ActivityManager: Slow operation: 107ms so far, now at startProcess: building log message
12-14 03:22:37.301 1468 3300 V BackupManagerConstants: getKeyValueBackupRequireCharging(...) returns true
12-14 03:22:37.301 1468 1643 I ActivityManager: Start proc 3370:com.qualcomm.qti.services.systemhelper:systemhelper_service/u0a74 for added application com.qualcomm.qti.services.systemhelper:systemhelper_service
12-14 03:22:37.301 1468 1643 W ActivityManager: Slow operation: 107ms so far, now at startProcess: starting to update pids map
12-14 03:22:37.302 1468 3300 V KeyValueBackupJob: Scheduling k/v pass in 240 minutes
12-14 03:22:37.302 1468 1643 W ActivityManager: Slow operation: 108ms so far, now at startProcess: done updating pids map
12-14 03:22:37.302 1468 1643 W ActivityManager: Slow operation: 107ms so far, now at startProcess: asking zygote to start proc
12-14 03:22:37.302 1468 1643 D CompatibilityChangeReporter: Compat change id reported: 143937733; UID 10087; state: ENABLED
01-01 08:43:05.483 0 0 I binder : 3370:3370 ioctl 40046210 7fe6d7b254 returned -22
01-01 08:43:05.483 0 0 E bt_ioctl: BT_CMD_PWR_CTRL pwr_cntrl:2
01-01 08:43:05.483 0 0 E bt_vreg_unvote: vreg_unvote successful for : qca,bt-vdd-rfa2
01-01 08:43:05.483 0 0 I qcom_rpmh DRV: apps_rsc TCS Busy, retrying RPMH message send: addr=0x40100
01-01 08:43:05.483 0 0 E bt_vreg_unvote: vreg_unvote successful for : qca,bt-vdd-rfa1
01-01 08:43:05.483 0 0 E bt_vreg_unvote: vreg_unvote successful for : qca,bt-vdd-dig
01-01 08:43:05.483 0 0 I qcom_rpmh DRV: apps_rsc TCS Busy, retrying RPMH message send: addr=0x40200
01-01 08:43:05.483 0 0 E bt_vreg_unvote: vreg_unvote successful for : qca,bt-vdd-aon
12-14 03:22:37.307 1468 3298 D CompatibilityChangeReporter: Compat change id reported: 157233955; UID 10079; state: DISABLED
12-14 03:22:37.308 1468 1643 W ActivityManager: Slow operation: 113ms so far, now at startProcess: returned from zygote!
12-14 03:22:37.308 1468 1607 D CompatibilityChangeReporter: Compat change id reported: 135634846; UID 10030; state: DISABLED
12-14 03:22:37.309 1468 1607 D CompatibilityChangeReporter: Compat change id reported: 177438394; UID 10030; state: DISABLED
12-14 03:22:37.309 1468 1607 D CompatibilityChangeReporter: Compat change id reported: 135772972; UID 10030; state: DISABLED
12-14 03:22:37.309 1468 1607 D CompatibilityChangeReporter: Compat change id reported: 135754954; UID 10030; state: ENABLED
12-14 03:22:37.311 1468 2009 D CompatibilityChangeReporter: Compat change id reported: 135634846; UID 10095; state: DISABLED
12-14 03:22:37.311 1468 2009 D CompatibilityChangeReporter: Compat change id reported: 177438394; UID 10095; state: DISABLED
12-14 03:22:37.311 1468 2009 D CompatibilityChangeReporter: Compat change id reported: 135772972; UID 10095; state: DISABLED
12-14 03:22:37.311 1468 2009 D CompatibilityChangeReporter: Compat change id reported: 135754954; UID 10095; state: ENABLED
12-14 03:22:37.311 1468 2009 I StorageUserConnection: Bound to the ExternalStorageService for user 0
12-14 03:22:37.311 1468 1643 W ActivityManager: Slow operation: 116ms so far, now at startProcess: done updating battery stats
12-14 03:22:37.311 1468 1643 W ActivityManager: Slow operation: 116ms so far, now at startProcess: building log message
12-14 03:22:37.311 1468 1643 I ActivityManager: Start proc 3398:com.qualcomm.qti.qccnetstat/u0a87 for added application com.qualcomm.qti.qccnetstat
12-14 03:22:37.311 1468 1643 W ActivityManager: Slow operation: 116ms so far, now at startProcess: starting to update pids map
12-14 03:22:37.312 1468 1643 W ActivityManager: Slow operation: 116ms so far, now at startProcess: done updating pids map
12-14 03:22:37.312 1468 1643 W ActivityManager: Slow operation: 116ms so far, now at startProcess: asking zygote to start proc
12-14 03:22:37.312 1468 1643 D CompatibilityChangeReporter: Compat change id reported: 143937733; UID 10085; state: ENABLED
12-14 03:22:37.313 1468 2327 I BackupManagerService: isBackupEnabled() => false due to absent settings file
12-14 03:22:37.313 1468 2327 D BackupManagerService: user:0 readBackupEnableState enabled:false
12-14 03:22:37.313 1468 2327 I BackupManagerService: [UserID:0] Backup enabled => false
12-14 03:22:37.318 1468 2449 D CompatibilityChangeReporter: Compat change id reported: 168419799; UID 10074; state: DISABLED
01-01 08:43:05.503 0 0 I binder : 3398:3398 ioctl 40046210 7fe6d7b254 returned -22
01-01 08:43:05.505 0 0 I binder : 3319:3319 ioctl 40046210 7fe6d7a144 returned -22
12-14 03:22:37.322 1468 1468 V NotificationAssistants: 0 notification assistant service connected: ComponentInfo{android.ext.services/android.ext.services.notification.Assistant}
12-14 03:22:37.323 1468 1468 I GameModeConfig: isGameModeOn = false
12-14 03:22:37.324 1468 1468 W NotificationHistory: Attempted to add notif for locked/gone/disabled user 0
12-14 03:22:37.325 1468 1643 W ActivityManager: Slow operation: 129ms so far, now at startProcess: returned from zygote!
12-14 03:22:37.325 1468 2350 I SyncManager: Loaded persisted syncs: 0 periodic syncs, 0 oneshot syncs, 13 total system server jobs, JobStats: FirstLoad: 0/0/0 LastSave: -1/-1/-1
12-14 03:22:37.328 1468 1643 W ActivityManager: Slow operation: 133ms so far, now at startProcess: done updating battery stats
12-14 03:22:37.328 1468 1643 W ActivityManager: Slow operation: 133ms so far, now at startProcess: building log message
12-14 03:22:37.328 1468 1643 I ActivityManager: Start proc 3428:com.qualcomm.qti.workloadclassifier/u0a85 for added application com.qualcomm.qti.workloadclassifier
12-14 03:22:37.328 1468 1643 W ActivityManager: Slow operation: 133ms so far, now at startProcess: starting to update pids map
12-14 03:22:37.328 1468 1643 W ActivityManager: Slow operation: 133ms so far, now at startProcess: done updating pids map
12-14 03:22:37.328 1468 1643 W ActivityManager: Slow operation: 130ms so far, now at startProcess: asking zygote to start proc
12-14 03:22:37.328 1468 1643 D CompatibilityChangeReporter: Compat change id reported: 143937733; UID 10019; state: ENABLED
12-14 03:22:37.330 1468 2318 D CompatibilityChangeReporter: Compat change id reported: 168419799; UID 10087; state: DISABLED
12-14 03:22:37.334 1468 1643 W ActivityManager: Slow operation: 136ms so far, now at startProcess: returned from zygote!
01-01 08:43:05.517 0 0 I binder : 3428:3428 ioctl 40046210 7fe6d7b254 returned -22
12-14 03:22:37.345 1468 1643 W ActivityManager: Slow operation: 146ms so far, now at startProcess: done updating battery stats
12-14 03:22:37.345 1468 1643 W ActivityManager: Slow operation: 146ms so far, now at startProcess: building log message
12-14 03:22:37.345 1468 1643 I ActivityManager: Start proc 3437:android.process.media/u0a19 for broadcast {com.android.mtp/com.android.mtp.MtpReceiver}
12-14 03:22:37.345 1468 1643 W ActivityManager: Slow operation: 147ms so far, now at startProcess: starting to update pids map
12-14 03:22:37.345 1468 1643 W ActivityManager: Slow operation: 147ms so far, now at startProcess: done updating pids map
12-14 03:22:37.345 1468 1643 W ActivityManager: Slow operation: 142ms so far, now at startProcess: asking zygote to start proc
12-14 03:22:37.346 1468 1642 I DropBoxManagerService: add tag=system_server_wtf isTagEnabled=true flags=0x2
01-01 08:43:05.531 0 0 I binder : 3437:3437 ioctl 40046210 7fe6d7b254 returned -22
12-14 03:22:37.352 1468 2318 D CompatibilityChangeReporter: Compat change id reported: 168419799; UID 10085; state: DISABLED
12-14 03:22:37.354 1468 1643 W ActivityManager: Slow operation: 150ms so far, now at startProcess: returned from zygote!
12-14 03:22:37.354 1468 1643 W ActivityManager: Slow operation: 150ms so far, now at startProcess: done updating battery stats
12-14 03:22:37.354 1468 1643 W ActivityManager: Slow operation: 150ms so far, now at startProcess: building log message
12-14 03:22:37.354 1468 1643 I ActivityManager: Start proc 3465:com.android.keychain/1000 for service {com.android.keychain/com.android.keychain.KeyChainService}
12-14 03:22:37.354 1468 1643 W ActivityManager: Slow operation: 151ms so far, now at startProcess: starting to update pids map
12-14 03:22:37.354 1468 1643 W ActivityManager: Slow operation: 151ms so far, now at startProcess: done updating pids map
12-14 03:22:37.354 1468 1643 W ActivityManager: Slow operation: 90ms so far, now at startProcess: asking zygote to start proc
12-14 03:22:37.354 1468 1643 D CompatibilityChangeReporter: Compat change id reported: 143937733; UID 10073; state: ENABLED
12-14 03:22:37.359 1468 2318 D CompatibilityChangeReporter: Compat change id reported: 168419799; UID 10019; state: DISABLED
12-14 03:22:37.361 1468 1643 W ActivityManager: Slow operation: 96ms so far, now at startProcess: returned from zygote!
12-14 03:22:37.361 1468 1643 W ActivityManager: Slow operation: 97ms so far, now at startProcess: done updating battery stats
12-14 03:22:37.361 1468 1643 W ActivityManager: Slow operation: 97ms so far, now at startProcess: building log message
12-14 03:22:37.361 1468 1643 I ActivityManager: Start proc 3469:com.qualcomm.location.XT/u0a73 for service {com.qualcomm.location.XT/com.qualcomm.location.XT.XTSrv}
12-14 03:22:37.361 1468 1643 W ActivityManager: Slow operation: 97ms so far, now at startProcess: starting to update pids map
12-14 03:22:37.361 1468 1643 W ActivityManager: Slow operation: 97ms so far, now at startProcess: done updating pids map
12-14 03:22:37.361 1468 1643 W ActivityManager: Slow operation: 87ms so far, now at startProcess: asking zygote to start proc
12-14 03:22:37.370 1468 1468 D BluetoothManagerService: Bluetooth Adapter address changed to F0:74:E4:3A:18:78
12-14 03:22:37.371 1468 1468 D BluetoothManagerService: Stored Bluetoothaddress: F0:74:E4:3A:18:78
12-14 03:22:37.371 1468 1468 D BluetoothManagerService: Bluetooth Adapter name changed to QCOM-BTD by android
12-14 03:22:37.371 1468 1468 D BluetoothManagerService: Stored Bluetooth name: QCOM-BTD
12-14 03:22:37.372 1468 3300 V BackupManagerConstants: getKeyValueBackupIntervalMilliseconds(...) returns 14400000
12-14 03:22:37.372 1468 3300 V BackupManagerConstants: getKeyValueBackupFuzzMilliseconds(...) returns 600000
12-14 03:22:37.372 1468 3300 V BackupManagerConstants: getKeyValueBackupRequiredNetworkType(...) returns 1
12-14 03:22:37.372 1468 3300 V BackupManagerConstants: getKeyValueBackupRequireCharging(...) returns true
12-14 03:22:37.372 1468 3300 V KeyValueBackupJob: Scheduling k/v pass in 241 minutes
12-14 03:22:37.373 1468 1468 D BluetoothManagerService: Bluetooth Adapter address changed to F0:74:E4:3A:18:78
12-14 03:22:37.373 1468 1468 D BluetoothManagerService: Stored Bluetoothaddress: F0:74:E4:3A:18:78
01-01 08:43:05.561 0 0 I binder : 3465:3465 ioctl 40046210 7fe6d7b254 returned -22
12-14 03:22:37.380 1468 1643 W ActivityManager: Slow operation: 105ms so far, now at startProcess: returned from zygote!
12-14 03:22:37.380 1468 1643 W ActivityManager: Slow operation: 105ms so far, now at startProcess: done updating battery stats
12-14 03:22:37.380 1468 1643 W ActivityManager: Slow operation: 105ms so far, now at startProcess: building log message
12-14 03:22:37.380 1468 1643 I ActivityManager: Start proc 3487:com.android.provision/1000 for top-activity {com.android.provision/com.android.provision.DefaultActivity}
12-14 03:22:37.380 1468 1643 W ActivityManager: Slow operation: 106ms so far, now at startProcess: starting to update pids map
12-14 03:22:37.380 1468 1633 D BluetoothManagerService: MESSAGE_BLUETOOTH_STATE_CHANGE: BLE_TURNING_ON > BLE_ON
12-14 03:22:37.380 1468 1643 W ActivityManager: Slow operation: 106ms so far, now at startProcess: done updating pids map
12-14 03:22:37.380 1468 1633 D BluetoothManagerService: Bluetooth is in LE only mode
12-14 03:22:37.380 1468 1643 W ActivityManager: Slow operation: 72ms so far, now at startProcess: asking zygote to start proc
12-14 03:22:37.380 1468 1633 D BluetoothManagerService: Binding Bluetooth GATT service
12-14 03:22:37.380 1468 1643 D CompatibilityChangeReporter: Compat change id reported: 143937733; UID 10030; state: ENABLED
12-14 03:22:37.381 1468 1633 D BluetoothManagerService: Sending BLE State Change: BLE_TURNING_ON > BLE_ON
12-14 03:22:37.382 1468 1468 D CompanionDeviceManagerService: Received BT state transition broadcast: BLE_TURNING_ON -> BLE_ON
12-14 03:22:37.382 1468 1468 I CompanionDeviceManagerService: startBleScan()
12-14 03:22:37.382 1468 1468 D BluetoothManagerService: BluetoothServiceConnection: com.android.bluetooth.gatt.GattService
12-14 03:22:37.382 1468 1633 D BluetoothManagerService: MESSAGE_BLUETOOTH_SERVICE_CONNECTED: 2
12-14 03:22:37.382 1468 1633 D BluetoothManagerService: continueFromBleOnState()
12-14 03:22:37.384 1468 1633 D BluetoothManagerService: Persisting Bluetooth Setting: 1
12-14 03:22:37.386 1468 1643 W ActivityManager: Slow operation: 78ms so far, now at startProcess: returned from zygote!
12-14 03:22:37.388 1468 1643 W ActivityManager: Slow operation: 79ms so far, now at startProcess: done updating battery stats
12-14 03:22:37.388 1468 1643 W ActivityManager: Slow operation: 79ms so far, now at startProcess: building log message
12-14 03:22:37.388 1468 1643 I ActivityManager: Start proc 3491:com.android.documentsui/u0a30 for broadcast {com.android.documentsui/com.android.documentsui.PreBootReceiver}
12-14 03:22:37.388 1468 1643 W ActivityManager: Slow operation: 79ms so far, now at startProcess: starting to update pids map
12-14 03:22:37.388 1468 1643 W ActivityManager: Slow operation: 79ms so far, now at startProcess: done updating pids map
12-14 03:22:37.388 1468 1643 W ActivityManager: Slow operation: 77ms so far, now at startProcess: asking zygote to start proc
12-14 03:22:37.388 1468 1643 D CompatibilityChangeReporter: Compat change id reported: 143937733; UID 10095; state: ENABLED
01-01 08:43:05.571 0 0 I binder : 3469:3469 ioctl 40046210 7fe6d7b254 returned -22
12-14 03:22:37.392 1468 1633 D BluetoothManagerService: MESSAGE_BLUETOOTH_STATE_CHANGE: BLE_ON > TURNING_ON
12-14 03:22:37.392 1468 1633 D BluetoothManagerService: Sending BLE State Change: BLE_ON > TURNING_ON
12-14 03:22:37.392 1468 1633 D BluetoothManagerService: Sending State Change: OFF > TURNING_ON
12-14 03:22:37.393 1468 1468 D CompanionDeviceManagerService: Received BT state transition broadcast: BLE_ON -> TURNING_ON
12-14 03:22:37.394 1468 1643 W ActivityManager: Slow operation: 84ms so far, now at startProcess: returned from zygote!
12-14 03:22:37.395 1468 1643 W ActivityManager: Slow operation: 84ms so far, now at startProcess: done updating battery stats
12-14 03:22:37.395 1468 1643 I Watchdog: Interesting Java process com.android.providers.media.module started. Pid 3511
12-14 03:22:37.395 1468 1643 W ActivityManager: Slow operation: 84ms so far, now at startProcess: building log message
12-14 03:22:37.395 1468 1643 I ActivityManager: Start proc 3511:com.android.providers.media.module/u0a95 for service {com.android.providers.media.module/com.android.providers.media.fuse.ExternalStorageServiceImpl}
12-14 03:22:37.395 1468 1643 W ActivityManager: Slow operation: 84ms so far, now at startProcess: starting to update pids map
12-14 03:22:37.395 1468 1643 W ActivityManager: Slow operation: 84ms so far, now at startProcess: done updating pids map
12-14 03:22:37.396 1468 2318 D CompatibilityChangeReporter: Compat change id reported: 168419799; UID 10073; state: DISABLED
01-01 08:43:05.577 0 0 I binder : 3487:3487 ioctl 40046210 7fe6d7b254 returned -22
12-14 03:22:37.401 1468 1468 I GameModeConfig: isGameModeOn = false
12-14 03:22:37.401 1468 1468 W NotificationHistory: Attempted to add notif for locked/gone/disabled user 0
01-01 08:43:05.592 0 0 I binder : 3511:3511 ioctl 40046210 7fe6d7b254 returned -22
12-14 03:22:37.414 1468 2467 D CompatibilityChangeReporter: Compat change id reported: 168419799; UID 1000; state: DISABLED
01-01 08:43:05.598 0 0 I binder : 3491:3491 ioctl 40046210 7fe6d7b254 returned -22
12-14 03:22:37.419 1468 2467 D CompatibilityChangeReporter: Compat change id reported: 174042980; UID 1000; state: DISABLED
12-14 03:22:37.426 1468 3345 D CompatibilityChangeReporter: Compat change id reported: 168419799; UID 10030; state: DISABLED
01-01 08:43:05.613 0 0 I binder : 3469:3558 ioctl 40046210 73f2716944 returned -22
12-14 03:22:37.443 1468 3298 D CompatibilityChangeReporter: Compat change id reported: 168419799; UID 10095; state: DISABLED
12-14 03:22:37.459 1468 2467 I ActivityTaskManager: START u0 {cmp=com.thundercomm.tcsetupwizard/.TcSetupStartActivity} from uid 1000
12-14 03:22:37.466 1468 2467 D CompatibilityChangeReporter: Compat change id reported: 168419799; UID 1000; state: DISABLED
12-14 03:22:37.490 1468 2318 I ActivityTaskManager: FOREGROUND_APPLICATION_CHANGED to com.thundercomm.tcsetupwizard.TcSetupStartActivity
12-14 03:22:37.490 1468 2318 I ActivityTaskManager: The Process com.thundercomm.tcsetupwizard Already Exists in BG. So sending its PID: 2652
12-14 03:22:37.495 1468 2318 D CompatibilityChangeReporter: Compat change id reported: 181136395; UID 1000; state: DISABLED
12-14 03:22:37.496 1468 2318 D CompatibilityChangeReporter: Compat change id reported: 174042936; UID 1000; state: DISABLED
01-01 08:43:05.725 0 0 I binder : 2652:2652 ioctl 40046210 7fe6d79fb4 returned -22
01-01 08:43:05.725 0 0 I binder : 3487:3562 ioctl 40046210 73f7b6e1f4 returned -22
12-14 03:22:37.548 1468 3389 I StorageUserConnection: Service: [ComponentInfo{com.android.providers.media.module/com.android.providers.media.fuse.ExternalStorageServiceImpl}] connected. User [0]
01-01 08:43:05.730 0 0 I : mtp_open
12-14 03:22:37.560 1468 1609 W WindowManager: Failed looking up window session=Session{50c7683 2652:1000} callers=com.android.server.wm.WindowManagerService.windowForClientLocked:5628 com.android.server.wm.Session.insetsModified:629 android.view.IWindowSession$Stub.onTransact:1151
12-14 03:22:37.566 1468 3345 D CompatibilityChangeReporter: Compat change id reported: 135634846; UID 10028; state: DISABLED
12-14 03:22:37.566 1468 3345 D CompatibilityChangeReporter: Compat change id reported: 177438394; UID 10028; state: DISABLED
12-14 03:22:37.566 1468 3345 D CompatibilityChangeReporter: Compat change id reported: 135772972; UID 10028; state: DISABLED
12-14 03:22:37.566 1468 3345 D CompatibilityChangeReporter: Compat change id reported: 135754954; UID 10028; state: ENABLED
12-14 03:22:37.567 1468 1643 D CompatibilityChangeReporter: Compat change id reported: 143937733; UID 10028; state: ENABLED
12-14 03:22:37.592 1468 1468 I Telecom : BluetoothDeviceManager: Got BluetoothHearingAid: android.bluetooth.BluetoothHearingAid@112e3d8: BMSL.oSC@AAQ
12-14 03:22:37.593 1468 1643 I ActivityManager: Start proc 3644:com.android.externalstorage/u0a28 for content provider {com.android.externalstorage/com.android.externalstorage.ExternalStorageProvider}
12-14 03:22:37.602 1468 2464 D CompatibilityChangeReporter: Compat change id reported: 135634846; UID 10021; state: DISABLED
12-14 03:22:37.602 1468 2464 D CompatibilityChangeReporter: Compat change id reported: 177438394; UID 10021; state: DISABLED
12-14 03:22:37.602 1468 2464 D CompatibilityChangeReporter: Compat change id reported: 135772972; UID 10021; state: DISABLED
12-14 03:22:37.602 1468 2464 D CompatibilityChangeReporter: Compat change id reported: 135754954; UID 10021; state: ENABLED
12-14 03:22:37.602 1468 1643 D CompatibilityChangeReporter: Compat change id reported: 143937733; UID 10021; state: ENABLED
12-14 03:22:37.602 1468 1633 D BluetoothManagerService: MESSAGE_BLUETOOTH_STATE_CHANGE: TURNING_ON > ON
12-14 03:22:37.602 1468 1633 D BluetoothManagerService: Broadcasting onBluetoothStateChange(true) to 10 receivers.
12-14 03:22:37.602 1468 1633 D BluetoothManagerService: Creating new ProfileServiceConnections object for profile: 1
12-14 03:22:37.606 1468 1633 W BluetoothManagerService: psc is not null in bindBluetoothProfileService
12-14 03:22:37.606 1468 1633 D BluetoothManagerService: Sending BLE State Change: TURNING_ON > ON
12-14 03:22:37.606 1468 1633 D BluetoothManagerService: Sending State Change: TURNING_ON > ON
12-14 03:22:37.606 1468 1468 D CompanionDeviceManagerService: Received BT state transition broadcast: TURNING_ON -> ON
12-14 03:22:37.607 1468 1468 I CompanionDeviceManagerService: startBleScan()
12-14 03:22:37.609 1468 1643 I ActivityManager: Start proc 3658:android.process.acore/u0a21 for content provider {com.android.providers.contacts/com.android.providers.contacts.ContactsProvider2}
12-14 03:22:37.617 1468 1635 I ActivityRecord: real home.....com.thundercomm.tcsetupwizard/.TcSetupStartActivity
12-14 03:22:37.619 1468 1607 I PreBootBroadcaster: Pre-boot of {com.android.managedprovisioning/com.android.managedprovisioning.ota.PreBootListener} for user 0
01-01 08:43:05.800 0 0 I binder : 3644:3644 ioctl 40046210 7fe6d7b254 returned -22
12-14 03:22:37.619 1468 1607 W BroadcastQueue: Background execution not allowed: receiving Intent { act=android.intent.action.INPUT_METHOD_CHANGED flg=0x20000010 (has extras) } to com.baidu.input/.switchguide.InputMethodChangedReceiver
12-14 03:22:37.620 1468 1635 I WindowManager: ******* TELLING SURFACE FLINGER WE ARE BOOTED!
12-14 03:22:37.627 1468 1642 I ActivityManager: com.android.managedprovisioning is exempt from freezer
12-14 03:22:37.627 1468 1642 D CompatibilityChangeReporter: Compat change id reported: 135634846; UID 10024; state: DISABLED
12-14 03:22:37.627 1468 1642 D CompatibilityChangeReporter: Compat change id reported: 177438394; UID 10024; state: DISABLED
12-14 03:22:37.627 1468 1642 D CompatibilityChangeReporter: Compat change id reported: 135772972; UID 10024; state: DISABLED
12-14 03:22:37.627 1468 1642 D CompatibilityChangeReporter: Compat change id reported: 135754954; UID 10024; state: ENABLED
12-14 03:22:37.628 1468 1643 D CompatibilityChangeReporter: Compat change id reported: 143937733; UID 10024; state: ENABLED
01-01 08:43:05.818 0 0 I binder : 3658:3658 ioctl 40046210 7fe6d7b254 returned -22
12-14 03:22:37.630 1468 1607 D CompatibilityChangeReporter: Compat change id reported: 168419799; UID 10028; state: DISABLED
12-14 03:22:37.637 1468 2449 W BluetoothManagerService: psc is not null in bindBluetoothProfileService
12-14 03:22:37.644 1468 1643 I ActivityManager: Start proc 3698:com.android.managedprovisioning/u0a24 for broadcast {com.android.managedprovisioning/com.android.managedprovisioning.ota.PreBootListener}
12-14 03:22:37.645 1468 2464 D CompatibilityChangeReporter: Compat change id reported: 168419799; UID 10021; state: DISABLED
01-01 08:43:05.832 0 0 I binder : 3698:3698 ioctl 40046210 7fe6d7b254 returned -22
12-14 03:22:37.660 1468 3345 D CompatibilityChangeReporter: Compat change id reported: 135634846; UID 10033; state: DISABLED
12-14 03:22:37.660 1468 3345 D CompatibilityChangeReporter: Compat change id reported: 177438394; UID 10033; state: DISABLED
12-14 03:22:37.660 1468 3345 D CompatibilityChangeReporter: Compat change id reported: 135772972; UID 10033; state: DISABLED
12-14 03:22:37.660 1468 3345 D CompatibilityChangeReporter: Compat change id reported: 135754954; UID 10033; state: DISABLED
12-14 03:22:37.661 1468 1643 D CompatibilityChangeReporter: Compat change id reported: 143937733; UID 10033; state: DISABLED
12-14 03:22:37.667 1468 3298 D CompatibilityChangeReporter: Compat change id reported: 168419799; UID 10024; state: DISABLED
12-14 03:22:37.671 1468 1643 I ActivityManager: Start proc 3725:com.baidu.input/u0a33 for service {com.baidu.input/com.baidu.input.ImeService}
01-01 08:43:05.861 0 0 I binder : 3725:3725 ioctl 40046210 7fe6d7b254 returned -22
01-01 08:43:05.863 0 0 I msm_vidc: high: 00000002: ....d: Opening video instance: 0000000000000000, 1
01-01 08:43:05.863 0 0 I msm_vidc: err : 00000002: ....d: Failed to create debugfs for msm_vidc
12-14 03:22:37.688 1468 3345 D CompatibilityChangeReporter: Compat change id reported: 168419799; UID 10033; state: DISABLED
12-14 03:22:37.707 1468 1468 I Telecom : BluetoothDeviceManager: Got BluetoothHeadset: com.android.server.telecom.BluetoothHeadsetProxy@f51920f: BMSL.oSC@AAU
12-14 03:22:37.715 1468 3345 D CountryDetector: The first listener is added
12-14 03:22:37.743 1468 2467 D CompatibilityChangeReporter: Compat change id reported: 149924527; UID 10033; state: ENABLED
12-14 03:22:37.743 1468 2464 D CompatibilityChangeReporter: Compat change id reported: 132649864; UID 10033; state: DISABLED
12-14 03:22:37.753 1468 2464 D CompatibilityChangeReporter: Compat change id reported: 149924527; UID 10019; state: ENABLED
12-14 03:22:37.754 1468 2464 D CompatibilityChangeReporter: Compat change id reported: 132649864; UID 10019; state: DISABLED
01-01 08:43:05.938 0 0 I [schedu][0x38632497][03:22:37.756997] wlan: [1970:I:OSIF] vdev 0, scan id 40961 type COMPLETED(1) reason COMPLETED(1) scan found 97 bss
12-14 03:22:37.829 1468 1468 I GameModeConfig: isGameModeOn = false
12-14 03:22:37.856 1468 3298 I PreBootBroadcaster: Pre-boot of {com.android.providers.calendar/com.android.providers.calendar.CalendarUpgradeReceiver} for user 0
12-14 03:22:37.856 1468 3298 D CompatibilityChangeReporter: Compat change id reported: 135634846; UID 10018; state: DISABLED
12-14 03:22:37.857 1468 3298 D CompatibilityChangeReporter: Compat change id reported: 177438394; UID 10018; state: DISABLED
12-14 03:22:37.857 1468 3298 D CompatibilityChangeReporter: Compat change id reported: 135772972; UID 10018; state: DISABLED
12-14 03:22:37.857 1468 3298 D CompatibilityChangeReporter: Compat change id reported: 135754954; UID 10018; state: ENABLED
12-14 03:22:37.857 1468 1643 D CompatibilityChangeReporter: Compat change id reported: 143937733; UID 10018; state: ENABLED
12-14 03:22:37.862 1468 1643 I ActivityManager: Start proc 3803:com.android.providers.calendar/u0a18 for broadcast {com.android.providers.calendar/com.android.providers.calendar.CalendarUpgradeReceiver}
01-01 08:43:06.055 0 0 I binder : 3803:3803 ioctl 40046210 7fe6d7b254 returned -22
12-14 03:22:37.882 1468 1609 D CompatibilityChangeReporter: Compat change id reported: 168419799; UID 10018; state: DISABLED
01-01 08:43:06.062 0 0 D : mv2112_read_status
01-01 08:43:06.063 0 0 D mv2112_update_link: 3.0x901(1G): 0x80
01-01 08:43:06.063 0 0 D mv2112_update_link: 3.0x8109(100M): 0x8
01-01 08:43:06.063 0 0 D mv2112_update_link: link 0x0
01-01 08:43:06.063 0 0 D mv2112_read_status: autoneg is disabled
12-14 03:22:37.962 1468 3298 I PreBootBroadcaster: Pre-boot of {com.android.providers.contacts/com.android.providers.contacts.ContactsUpgradeReceiver} for user 0
12-14 03:22:37.968 1468 1609 D CompatibilityChangeReporter: Compat change id reported: 143231523; UID 10018; state: DISABLED
01-01 08:43:06.150 0 0 I IRQ 5 : no longer affine to CPU7
12-14 03:22:37.977 1468 3298 I PreBootBroadcaster: Pre-boot of {com.android.providers.media.module/com.android.providers.media.MediaUpgradeReceiver} for user 0
12-14 03:22:37.980 1468 3298 I PreBootBroadcaster: Pre-boot of {com.android.settings/com.android.settings.SettingsInitialize} for user 0
12-14 03:22:37.988 1468 3298 I ActivityManager: Posting BOOT_COMPLETED user #0
12-14 03:22:37.989 1468 1642 I SystemServerTimingAsync: ssm.UnlockedUser-0
12-14 03:22:37.989 1468 1642 I SystemServiceManager: Calling onUnlockedUser 0
12-14 03:22:37.989 1468 1642 I SystemServerTimingAsync: ssm.onUnlockedUser-0_com.android.server.security.FileIntegrityService
12-14 03:22:37.989 1468 1642 I SystemServerTimingAsync: ssm.onUnlockedUser-0_com.android.server.pm.Installer
12-14 03:22:37.989 1468 1642 I SystemServerTimingAsync: ssm.onUnlockedUser-0_com.android.server.os.DeviceIdentifiersPolicyService
12-14 03:22:37.989 1468 1642 I SystemServerTimingAsync: ssm.onUnlockedUser-0_com.android.server.uri.UriGrantsManagerService$Lifecycle
12-14 03:22:37.989 1468 1642 I SystemServerTimingAsync: ssm.onUnlockedUser-0_com.android.server.powerstats.PowerStatsService
12-14 03:22:37.989 1468 1642 I SystemServerTimingAsync: ssm.onUnlockedUser-0_com.android.server.wm.ActivityTaskManagerService$Lifecycle
12-14 03:22:37.989 1468 1642 I LaunchParamsPersister: Didn't find launch param folder for user 0
12-14 03:22:37.990 1468 1642 I SystemServerTimingAsync: ssm.onUnlockedUser-0_com.android.server.am.ActivityManagerService$Lifecycle
12-14 03:22:37.990 1468 1642 I SystemServerTimingAsync: ssm.onUnlockedUser-0_com.android.server.pm.DataLoaderManagerService
12-14 03:22:37.990 1468 1642 I SystemServerTimingAsync: ssm.onUnlockedUser-0_com.android.server.power.PowerManagerService
12-14 03:22:37.990 1468 1642 I SystemServerTimingAsync: ssm.onUnlockedUser-0_com.android.server.power.ThermalManagerService
12-14 03:22:37.990 1468 1642 I SystemServerTimingAsync: ssm.onUnlockedUser-0_com.android.server.power.hint.HintManagerService
12-14 03:22:37.990 1468 1642 I SystemServerTimingAsync: ssm.onUnlockedUser-0_com.android.server.recoverysystem.RecoverySystemService$Lifecycle
12-14 03:22:37.990 1468 1642 I SystemServerTimingAsync: ssm.onUnlockedUser-0_com.android.server.lights.LightsService
12-14 03:22:37.990 1468 1642 I SystemServerTimingAsync: ssm.onUnlockedUser-0_com.android.server.display.DisplayManagerService
12-14 03:22:37.990 1468 1642 I SystemServerTimingAsync: ssm.onUnlockedUser-0_com.android.server.pm.verify.domain.DomainVerificationService
12-14 03:22:37.990 1468 1642 I SystemServerTimingAsync: ssm.onUnlockedUser-0_com.android.server.pm.PackageInstallerService$Lifecycle
12-14 03:22:37.990 1468 1642 I SystemServerTimingAsync: ssm.onUnlockedUser-0_com.android.server.pm.UserManagerService$LifeCycle
12-14 03:22:37.990 1468 1642 I SystemServerTimingAsync: ssm.onUnlockedUser-0_com.android.server.om.OverlayManagerService
12-14 03:22:37.990 1468 1642 I SystemServerTimingAsync: ssm.onUnlockedUser-0_com.android.server.SensorPrivacyService
12-14 03:22:37.990 1468 1642 I SystemServerTimingAsync: ssm.onUnlockedUser-0_com.android.server.sensors.SensorService
12-14 03:22:37.990 1468 1642 I SystemServerTimingAsync: ssm.onUnlockedUser-0_com.android.server.SystemConfigService
12-14 03:22:37.990 1468 1642 I SystemServerTimingAsync: ssm.onUnlockedUser-0_com.android.server.BatteryService
12-14 03:22:37.990 1468 1642 I SystemServerTimingAsync: ssm.onUnlockedUser-0_com.android.server.usage.UsageStatsService
12-14 03:22:37.990 1468 1642 I SystemServerTimingAsync: ssm.onUnlockedUser-0_com.android.server.webkit.WebViewUpdateService
12-14 03:22:37.990 1468 1642 I SystemServerTimingAsync: ssm.onUnlockedUser-0_com.android.server.CachedDeviceStateService
12-14 03:22:37.990 1468 1642 I SystemServerTimingAsync: ssm.onUnlockedUser-0_com.android.server.BinderCallsStatsService$LifeCycle
12-14 03:22:37.990 1468 1642 I SystemServerTimingAsync: ssm.onUnlockedUser-0_com.android.server.LooperStatsService$Lifecycle
12-14 03:22:37.990 1468 1642 I SystemServerTimingAsync: ssm.onUnlockedUser-0_com.android.server.rollback.RollbackManagerService
12-14 03:22:37.990 1468 1642 I SystemServerTimingAsync: ssm.onUnlockedUser-0_com.android.server.os.NativeTombstoneManagerService
12-14 03:22:37.990 1468 1642 I SystemServerTimingAsync: ssm.onUnlockedUser-0_com.android.server.os.BugreportManagerService
12-14 03:22:37.990 1468 1642 I SystemServerTimingAsync: ssm.onUnlockedUser-0_com.android.server.gpu.GpuService
12-14 03:22:37.990 1468 1642 I SystemServerTimingAsync: ssm.onUnlockedUser-0_com.android.server.security.KeyChainSystemService
12-14 03:22:37.990 1468 1642 I SystemServerTimingAsync: ssm.onUnlockedUser-0_com.android.server.telecom.TelecomLoaderService
12-14 03:22:37.990 1468 1642 I SystemServerTimingAsync: ssm.onUnlockedUser-0_com.android.server.accounts.AccountManagerService$Lifecycle
12-14 03:22:37.990 1468 1642 I SystemServerTimingAsync: ssm.onUnlockedUser-0_com.android.server.content.ContentService$Lifecycle
12-14 03:22:37.990 1468 1642 I SystemServerTimingAsync: ssm.onUnlockedUser-0_com.android.server.DropBoxManagerService
12-14 03:22:37.990 1468 1642 I SystemServerTimingAsync: ssm.onUnlockedUser-0_com.android.role.RoleService
12-14 03:22:37.990 1468 1642 I SystemServerTimingAsync: ssm.onUnlockedUser-0_com.android.server.vibrator.VibratorManagerService$Lifecycle
12-14 03:22:37.990 1468 1642 I SystemServerTimingAsync: ssm.onUnlockedUser-0_com.android.server.alarm.AlarmManagerService
12-14 03:22:37.990 1468 1642 I SystemServerTimingAsync: ssm.onUnlockedUser-0_com.android.server.devicestate.DeviceStateManagerService
12-14 03:22:37.990 1468 1642 I SystemServerTimingAsync: ssm.onUnlockedUser-0_com.android.server.camera.CameraServiceProxy
12-14 03:22:37.990 1468 1642 I SystemServerTimingAsync: ssm.onUnlockedUser-0_com.android.server.BluetoothService
12-14 03:22:37.990 1468 1642 I SystemServerTimingAsync: ssm.onUnlockedUser-0_com.android.server.connectivity.IpConnectivityMetrics
12-14 03:22:37.990 1468 1642 I SystemServerTimingAsync: ssm.onUnlockedUser-0_com.android.server.net.watchlist.NetworkWatchlistService$Lifecycle
12-14 03:22:37.990 1468 1642 I SystemServerTimingAsync: ssm.onUnlockedUser-0_com.android.server.PinnerService
12-14 03:22:37.990 1468 1642 I SystemServerTimingAsync: ssm.onUnlockedUser-0_com.google.android.startop.iorap.IorapForwardingService
12-14 03:22:37.990 1468 1642 I SystemServerTimingAsync: ssm.onUnlockedUser-0_com.android.server.ActivityTriggerService
12-14 03:22:37.990 1468 1642 I SystemServerTimingAsync: ssm.onUnlockedUser-0_com.android.server.integrity.AppIntegrityManagerService
12-14 03:22:37.990 1468 1642 I SystemServerTimingAsync: ssm.onUnlockedUser-0_com.android.server.inputmethod.InputMethodManagerService$Lifecycle
12-14 03:22:37.990 1468 1642 I SystemServerTimingAsync: ssm.onUnlockedUser-0_com.android.server.accessibility.AccessibilityManagerService$Lifecycle
12-14 03:22:37.990 1468 1642 I SystemServerTimingAsync: ssm.onUnlockedUser-0_com.android.server.StorageManagerService$Lifecycle
12-14 03:22:37.990 1468 1642 I SystemServerTimingAsync: ssm.onUnlockedUser-0_com.android.server.usage.StorageStatsService$Lifecycle
12-14 03:22:37.990 1468 1642 I SystemServerTimingAsync: ssm.onUnlockedUser-0_com.android.server.UiModeManagerService
12-14 03:22:37.990 1468 1642 I SystemServerTimingAsync: ssm.onUnlockedUser-0_com.android.server.locksettings.LockSettingsService$Lifecycle
12-14 03:22:37.990 1468 1642 I SystemServerTimingAsync: ssm.onUnlockedUser-0_com.android.server.PersistentDataBlockService
12-14 03:22:37.990 1468 1642 I SystemServerTimingAsync: ssm.onUnlockedUser-0_com.android.server.testharness.TestHarnessModeService
12-14 03:22:37.990 1468 1642 I SystemServerTimingAsync: ssm.onUnlockedUser-0_com.android.server.oemlock.OemLockService
12-14 03:22:37.990 1468 1642 I SystemServerTimingAsync: ssm.onUnlockedUser-0_com.android.server.DeviceIdleController
12-14 03:22:37.990 1468 1642 I SystemServerTimingAsync: ssm.onUnlockedUser-0_com.android.server.devicepolicy.DevicePolicyManagerService$Lifecycle
12-14 03:22:37.990 1468 3841 E TaskPersister: File error accessing recents directory (directory doesn't exist?).
12-14 03:22:37.990 1468 1642 I SystemServerTimingAsync: ssm.onUnlockedUser-0_com.android.server.texttospeech.TextToSpeechManagerService
12-14 03:22:37.990 1468 1642 I SystemServerTimingAsync: ssm.onUnlockedUser-0_com.android.server.speech.SpeechRecognitionManagerService
12-14 03:22:37.990 1468 3841 E TaskPersister: File error accessing recents directory (directory doesn't exist?).
12-14 03:22:37.990 1468 1642 I SystemServerTimingAsync: ssm.onUnlockedUser-0_com.android.server.searchui.SearchUiManagerService
12-14 03:22:37.990 1468 1642 I SystemServerTimingAsync: ssm.onUnlockedUser-0_com.android.server.smartspace.SmartspaceManagerService
12-14 03:22:37.990 1468 1642 I SystemServerTimingAsync: ssm.onUnlockedUser-0_com.android.server.graphics.fonts.FontManagerService$Lifecycle
12-14 03:22:37.990 1468 1642 I SystemServerTimingAsync: ssm.onUnlockedUser-0_com.android.server.textservices.TextServicesManagerService$Lifecycle
12-14 03:22:37.990 1468 1642 I SystemServerTimingAsync: ssm.onUnlockedUser-0_com.android.server.textclassifier.TextClassificationManagerService$Lifecycle
12-14 03:22:37.990 1468 1642 I SystemServerTimingAsync: ssm.onUnlockedUser-0_com.android.server.NetworkScoreService$Lifecycle
12-14 03:22:37.990 1468 1642 I SystemServerTimingAsync: ssm.onUnlockedUser-0_com.android.server.wifi.WifiService
12-14 03:22:37.990 1468 1642 I SystemServerTimingAsync: ssm.onUnlockedUser-0_com.android.server.wifi.scanner.WifiScanningService
12-14 03:22:37.990 1468 1642 I SystemServerTimingAsync: ssm.onUnlockedUser-0_com.android.server.wifi.rtt.RttService
12-14 03:22:37.990 1468 1642 I SystemServerTimingAsync: ssm.onUnlockedUser-0_com.android.server.wifi.aware.WifiAwareService
12-14 03:22:37.991 1468 1642 I SystemServerTimingAsync: ssm.onUnlockedUser-0_com.android.server.wifi.p2p.WifiP2pService
12-14 03:22:37.991 1468 1642 I SystemServerTimingAsync: ssm.onUnlockedUser-0_com.android.server.ethernet.EthernetService
12-14 03:22:37.991 1468 1642 I SystemServerTimingAsync: ssm.onUnlockedUser-0_com.android.server.ConnectivityServiceInitializer
12-14 03:22:37.991 1468 1642 I SystemServerTimingAsync: ssm.onUnlockedUser-0_com.android.server.notification.NotificationManagerService
12-14 03:22:37.991 1468 1642 I SystemServerTimingAsync: ssm.onUnlockedUser-0_com.android.server.storage.DeviceStorageMonitorService
12-14 03:22:37.991 1468 1642 I SystemServerTimingAsync: ssm.onUnlockedUser-0_com.android.server.location.LocationManagerService$Lifecycle
12-14 03:22:37.991 1468 1642 I SystemServerTimingAsync: ssm.onUnlockedUser-0_com.android.server.timedetector.TimeDetectorService$Lifecycle
12-14 03:22:37.991 1468 1642 I SystemServerTimingAsync: ssm.onUnlockedUser-0_com.android.server.timezonedetector.TimeZoneDetectorService$Lifecycle
12-14 03:22:37.991 1468 1642 I SystemServerTimingAsync: ssm.onUnlockedUser-0_com.android.server.timezonedetector.location.LocationTimeZoneManagerService$Lifecycle
12-14 03:22:37.991 1468 1642 I SystemServerTimingAsync: ssm.onUnlockedUser-0_com.android.server.search.SearchManagerService$Lifecycle
12-14 03:22:37.991 1468 1642 I SystemServerTimingAsync: ssm.onUnlockedUser-0_com.android.server.wallpaper.WallpaperManagerService$Lifecycle
12-14 03:22:37.991 1468 1642 I SystemServerTimingAsync: ssm.onUnlockedUser-0_com.android.server.audio.AudioService$Lifecycle
12-14 03:22:37.991 1468 1642 I SystemServerTimingAsync: ssm.onUnlockedUser-0_com.android.server.soundtrigger_middleware.SoundTriggerMiddlewareService$Lifecycle
12-14 03:22:37.991 1468 1642 I SystemServerTimingAsync: ssm.onUnlockedUser-0_com.android.server.DockObserver
12-14 03:22:37.991 1468 1642 I SystemServerTimingAsync: ssm.onUnlockedUser-0_com.android.server.midi.MidiService$Lifecycle
12-14 03:22:37.991 1468 1642 I SystemServerTimingAsync: ssm.onUnlockedUser-0_com.android.server.adb.AdbService$Lifecycle
