12-01 18:46:36.571 1495 2293 D DnsManager: sendDnsConfigurationForNetwork(102, [192.168.0.1], [], 1800, 25, 8, 64, 0, 0, , [192.168.0.1])
12-01 18:46:36.572 663 6283 W resolv : Validating DnsTlsServer 192.168.0.1 with mark 0xf0066
12-01 18:46:36.572 1495 2293 D ConnectivityService: Adding iface wlan0 to network 102
12-01 18:46:36.572 663 6283 W resolv : Socket failed to connect: Network is unreachable
12-01 18:46:36.572 663 6283 W resolv : TCP Handshake failed: 101
12-01 18:46:36.573 663 6283 W resolv : query failed
12-01 18:46:36.573 663 6283 W resolv : validateDnsTlsServer returned 0 for 192.168.0.1
12-01 18:46:36.574 663 6283 W resolv : Validation failed
12-01 18:46:36.578 2339 2339 W BluetoothAdapterService: fetchWifiState - isWifiConnected =true
12-01 18:46:36.578 2339 2339 D BluetoothVendorService: setWifiState to: true
12-01 18:46:36.578 2339 2339 I BluetoothVendorJni: setWifiStateNative
12-01 18:46:36.578 2339 2339 I bt_btif_vendor: setWifiState :1
12-01 18:46:36.580 1495 5797 D WifiMemoryStoreImpl: Set cluster G6a861cc26444f2b1 for W8053b4e3c789ac19: SUCCESS
12-01 18:46:36.582 1495 2293 D ConnectivityService: Setting DNS servers for network 102 to [/192.168.0.1]
12-01 18:46:36.582 1495 2293 D DnsManager: sendDnsConfigurationForNetwork(102, [192.168.0.1], [], 1800, 25, 8, 64, 0, 0, , [192.168.0.1])
12-01 18:46:36.583 663 6284 W resolv : Validating DnsTlsServer 192.168.0.1 with mark 0xf0066
12-01 18:46:36.590 1495 2417 D WifiMemoryStoreImpl: Set cluster G6a861cc26444f2b1 for W6a861cc26444f2b1: SUCCESS
12-01 18:46:36.598 1252 1252 I cnss-daemon: Ready to update GW parameters
12-01 18:46:36.601 1495 2293 W BestClock: java.time.DateTimeException: Missing NTP fix
12-01 18:46:36.605 663 6284 W resolv : SSL_connect ssl error =5, mark 0xf0066: Connection refused
12-01 18:46:36.605 663 6284 W resolv : TLS Handshake failed
12-01 18:46:36.606 663 6284 W resolv : query failed
12-01 18:46:36.606 663 6284 W resolv : validateDnsTlsServer returned 0 for 192.168.0.1
12-01 18:46:36.606 663 6284 W resolv : Validation failed
12-01 18:46:36.613 1495 2293 W BestClock: java.time.DateTimeException: Missing NTP fix
12-01 18:46:36.615 1495 2286 D WifiClientModeImpl[wlan0]: Received signal strength thresholds: []
12-01 18:46:36.615 1495 2293 D ConnectivityService: NetReassign [29 : null → 102, 24 : null → 102, 17 : null → 102, 19 : null → 102, 22 : null → 102, 1 : null → 102, 14 : null → 102, 79 : null → 102, 31 : null → 102, 62 : null → 102, 7 : null → 102]
12-01 18:46:36.616 1495 2286 E WifiVendorHal: stopRssiMonitoring(l.2617) failed {.code = ERROR_NOT_AVAILABLE, .description = }
12-01 18:46:36.616 1495 2283 W BestClock: java.time.DateTimeException: Missing NTP fix
12-01 18:46:36.617 1495 2283 W BestClock: java.time.DateTimeException: Missing NTP fix
12-01 18:46:36.617 1495 2293 D ConnectivityService: Switching to new default network for: uid/pid:1000/1495 activeRequest: 1 callbackRequest: 1 [NetworkRequest [ REQUEST id=1, [ Capabilities: INTERNET&NOT_RESTRICTED&TRUSTED&NOT_VPN&NOT_VCN_MANAGED RequestorUid: 1000 RequestorPkg: android] ]] callback flags: 1 priority: 2147483647 using NetworkAgentInfo{network{102} handle{441492361229} ni{WIFI CONNECTED extra: } Score(60 ; KeepConnected : 1 ; Policies : TRANSPORT_PRIMARY&IS_UNMETERED) lp{{InterfaceName: wlan0 LinkAddresses: [ fe80::8852:c5ff:fe21:684f/64,192.168.0.18/24 ] DnsAddresses: [ /192.168.0.1 ] Domains: null MTU: 0 ServerAddress: /192.168.0.1 TcpBufferSizes: 524288,1048576,2097152,262144,524288,1048576 Routes: [ fe80::/64 -> :: wlan0 mtu 0,192.168.0.0/24 -> 0.0.0.0 wlan0 mtu 0,0.0.0.0/0 -> 192.168.0.1 wlan0 mtu 0 ]}} nc{[ Transports: WIFI Capabilities: NOT_METERED&INTERNET&NOT_RESTRICTED&TRUSTED&NOT_VPN&NOT_ROAMING&FOREGROUND&NOT_CONGESTED&NOT_SUSPENDED&NOT_VCN_MANAGED LinkUpBandwidth>=12000Kbps LinkDnBandwidth>=60000Kbps Specifier: TransportInfo: SignalStrength: -16 OwnerUid: 1000 AdminUids: [1000] SSID: "Xiaomi_C0F6_5G"]}}
12-01 18:46:36.618 2478 6285 D NetworkMonitor/102: Validation disabled.
12-01 18:46:36.619 663 725 E NetlinkEvent: NetlinkEvent::FindParam(): Parameter 'INTERFACE' not found
12-01 18:46:36.619 663 725 E NetlinkEvent: NetlinkEvent::FindParam(): Parameter 'STATE' not found
12-01 18:46:36.619 663 725 E NetlinkEvent: NetlinkEvent::FindParam(): Parameter 'TIME_NS' not found
12-01 18:46:36.619 663 725 E NetlinkEvent: NetlinkEvent::FindParam(): Parameter 'UID' not found
12-01 18:46:36.628 1495 2293 W BestClock: java.time.DateTimeException: Missing NTP fix
12-01 18:46:36.632 1495 2293 W BestClock: java.time.DateTimeException: Missing NTP fix
12-01 18:46:36.634 1495 2283 W BestClock: java.time.DateTimeException: Missing NTP fix
12-01 18:46:36.634 1495 2283 W BestClock: java.time.DateTimeException: Missing NTP fix
12-01 18:46:36.636 2478 2548 D UpstreamNetworkMonitor: New default Internet network: 102
12-01 18:46:36.639 1495 2476 D NetworkTimeUpdateService: New default network 102; checking time.
12-01 18:46:36.641 1495 2283 W BestClock: java.time.DateTimeException: Missing NTP fix
12-01 18:46:36.645 1495 2293 D ConnectivityService: Sending CONNECTED broadcast for type 1 [102 WIFI] isDefaultNetwork=true
12-01 18:46:36.646 1495 2293 W ContextImpl: Calling a method in the system process without a qualified user: android.app.ContextImpl.sendStickyBroadcast:1559 com.android.server.ConnectivityService.sendStickyBroadcast:2811 com.android.server.ConnectivityService.sendGeneralBroadcast:2786 com.android.server.ConnectivityService.sendConnectedBroadcast:2759 com.android.server.ConnectivityService.sendLegacyNetworkBroadcast:8704
12-01 18:46:36.648 3267 6111 I hpplay-java: [AsyncTask #115]:NetworkReceiver:onReceive action: android.net.conn.CONNECTIVITY_CHANGE
12-01 18:46:36.648 1495 2283 W BestClock: java.time.DateTimeException: Missing NTP fix
12-01 18:46:36.650 1495 2293 D ConnectivityService: [102 WIFI] validation passed
12-01 18:46:36.650 1495 2293 D ConnectivityService: NetReassign [no changes]
12-01 18:46:36.650 3757 5179 I FileUtil: load json file length : 0
12-01 18:46:36.652 1495 2283 W BestClock: java.time.DateTimeException: Missing NTP fix
12-01 18:46:36.654 1495 1599 E TelephonyManager: Error calling #isDataEnabled, returning default (false).
12-01 18:46:36.654 1495 1599 E TelephonyManager: java.lang.IllegalStateException: telephony service is null.
12-01 18:46:36.654 1495 1599 E TelephonyManager: at android.telephony.TelephonyManager.isDataEnabledForReason(TelephonyManager.java:12461)
12-01 18:46:36.654 1495 1599 E TelephonyManager: at android.telephony.TelephonyManager.isDataEnabledForReason(TelephonyManager.java:12452)
12-01 18:46:36.654 1495 1599 E TelephonyManager: at android.telephony.TelephonyManager.isDataEnabled(TelephonyManager.java:10019)
12-01 18:46:36.654 1495 1599 E TelephonyManager: at android.telephony.TelephonyManager.getDataEnabled(TelephonyManager.java:9993)
12-01 18:46:36.654 1495 1599 E TelephonyManager: at com.android.server.location.gnss.GnssNetworkConnectivityHandler.handleUpdateNetworkState(GnssNetworkConnectivityHandler.java:436)
12-01 18:46:36.654 1495 1599 E TelephonyManager: at com.android.server.location.gnss.GnssNetworkConnectivityHandler.access$700(GnssNetworkConnectivityHandler.java:54)
12-01 18:46:36.654 1495 1599 E TelephonyManager: at com.android.server.location.gnss.GnssNetworkConnectivityHandler$2.onCapabilitiesChanged(GnssNetworkConnectivityHandler.java:369)
12-01 18:46:36.654 1495 1599 E TelephonyManager: at android.net.ConnectivityManager$NetworkCallback.onAvailable(ConnectivityManager.java:3565)
12-01 18:46:36.654 1495 1599 E TelephonyManager: at android.net.ConnectivityManager$NetworkCallback.onAvailable(ConnectivityManager.java:3542)
12-01 18:46:36.654 1495 1599 E TelephonyManager: at android.net.ConnectivityManager$CallbackHandler.handleMessage(ConnectivityManager.java:3866)
12-01 18:46:36.654 1495 1599 E TelephonyManager: at android.os.Handler.dispatchMessage(Handler.java:106)
12-01 18:46:36.654 1495 1599 E TelephonyManager: at android.os.Looper.loopOnce(Looper.java:201)
12-01 18:46:36.654 1495 1599 E TelephonyManager: at android.os.Looper.loop(Looper.java:288)
12-01 18:46:36.654 1495 1599 E TelephonyManager: at android.os.HandlerThread.run(HandlerThread.java:67)
12-01 18:46:36.654 1495 1599 E TelephonyManager: at com.android.server.ServiceThread.run(ServiceThread.java:44)
12-01 18:46:36.655 1495 1599 I GnssNetworkConnectivityHandler: updateNetworkState, state=CLOSED, connected=true, network=102, capabilities=[ Transports: WIFI Capabilities: NOT_METERED&INTERNET&NOT_RESTRICTED&TRUSTED&NOT_VPN&VALIDATED&NOT_ROAMING&FOREGROUND&NOT_CONGESTED&NOT_SUSPENDED&NOT_VCN_MANAGED LinkUpBandwidth>=12000Kbps LinkDnBandwidth>=60000Kbps TransportInfo: , BSSID: 02:00:00:00:00:00, MAC: 02:00:00:00:00:00, Security type: 2, Supplicant state: COMPLETED, HE Eight Max VHT Spatial Streams Supported AP: false, Eight Max VHT Spatial streams support: false, Wi-Fi standard: 5, RSSI: -16, Link speed: 433Mbps, Tx Link speed: 433Mbps, Max Supported Tx Link speed: 433Mbps, Rx Link speed: 433Mbps, Max Supported Rx Link speed: 433Mbps, Frequency: 5180MHz, Net ID: -1, Metered hint: false, score: 60, CarrierMerged: false, SubscriptionId: -1, IsPrimary: 1> SignalStrength: -16 SSID: "Xiaomi_C0F6_5G"], availableNetworkCount: 1
12-01 18:46:36.655 1495 2293 D ConnectivityService: Setting DNS servers for network 102 to [/192.168.0.1]
12-01 18:46:36.655 1495 2293 D DnsManager: sendDnsConfigurationForNetwork(102, [192.168.0.1], [], 1800, 25, 8, 64, 0, 0, , [192.168.0.1])
12-01 18:46:36.657 1495 2293 W ContextImpl: Calling a method in the system process without a qualified user: android.app.ContextImpl.sendStickyBroadcast:1559 com.android.server.ConnectivityService.sendStickyBroadcast:2811 com.android.server.ConnectivityService.sendGeneralBroadcast:2786 com.android.server.ConnectivityService.sendInetConditionBroadcast:2763 com.android.server.ConnectivityService.updateInetCondition:8451
12-01 18:46:36.657 663 6289 W resolv : Validating DnsTlsServer 192.168.0.1 with mark 0xf0066
12-01 18:46:36.658 1495 2286 W LastMileLogger: Failed to stop event tracing: /sys/kernel/debug/tracing/instances/wifi/tracing_on: open failed: ENOENT (No such file or directory)
12-01 18:46:36.663 663 6289 W resolv : SSL_connect ssl error =5, mark 0xf0066: Connection refused
12-01 18:46:36.663 663 6289 W resolv : TLS Handshake failed
12-01 18:46:36.663 663 6289 W resolv : query failed
12-01 18:46:36.663 663 6289 W resolv : validateDnsTlsServer returned 0 for 192.168.0.1
12-01 18:46:36.663 663 6289 W resolv : Validation failed
12-01 18:46:36.668 1495 2404 D WifiMemoryStoreImpl: Set cluster G6a861cc26444f2b1 for W8053b4e3c789ac19: SUCCESS
12-01 18:46:36.680 1495 2286 I WifiClientModeImpl: Default Gateway MAC address of 8c:53:c3:d7:7f:93 from routes is : 8c:53:c3:d7:7f:92
12-01 18:46:36.683 3757 5180 I DpmTcmClient: RegisterTcmMonitor from: $Proxy2
12-01 18:46:36.685 1495 2286 D WifiConfigStore: Writing to stores completed in 3 ms.
12-01 18:46:36.687 1495 2286 I SupplicantStaIfaceHal: cleared linked networks
12-01 18:46:36.730 1495 1610 W BroadcastQueue: Permission Denial: broadcasting Intent { act=android.net.conn.CONNECTIVITY_CHANGE flg=0x4200010 (has extras) } from null (pid=-1, uid=-1) requires com.baidu.input.permission.sofire.RECEIVE due to registered receiver BroadcastFilter{8aec94e 10036/u0 ReceiverList{995ac49 3757 com.baidu.input/10036/u0 remote:86ca250}}
12-01 18:46:36.730 1495 1519 W JHwRemoteBinder: BinderProxy is being destroyed but the application did not call unlinkToDeath to unlink all of its death recipients beforehand. Releasing leaked death recipient: com.android.server.wifi.HalDeviceManager$WifiDeathRecipient
12-01 18:46:36.846 3267 3267 I hpplay-java: [main]:IPManager:getActiveNets type: WIFI
12-01 18:46:36.846 3267 3267 I hpplay-java: [main]:IPManager:getActiveNets eth0:false wifi:true mobile:false ap:false
12-01 18:46:36.846 3267 3267 I hpplay-java: [main]:IPManager:getIPAddress IP_WLAN0
12-01 18:46:36.846 3267 3267 I hpplay-java: [main]:ServerTaskManager:get local ip:192.168.0.178
12-01 18:46:36.846 3267 3267 I hpplay-java: [main]:ServerTaskManager:exeTask ignore, reason: TaskList is clear
12-01 18:46:37.244 643 657 I mpu_uart: [MSG-P:RECV]:No message received in 1000 ms
12-01 18:46:37.427 0 0 W swapper/1: type=1400 audit(0.0:707): avc: denied { kill } for capability=5 scontext=u:r:kernel:s0 tcontext=u:r:kernel:s0 tclass=capability permissive=0
12-01 18:46:37.704 643 655 I mpu_uart: [MSG-P:R]:recv sync frame timeout
12-01 18:46:38.244 643 657 I mpu_uart: [MSG-P:RECV]:No message received in 1000 ms
12-01 18:46:38.310 2552 6296 D MicroService: start reader thread, mServerIp = 192.168.0.18, mServerPort = 9999
12-01 18:46:38.311 2717 6297 D RemoteControlService: start reader thread, mServerIp = 192.168.0.18, mServerPort = 12600
12-01 18:46:38.312 2552 6299 D MicroService: run: called
12-01 18:46:38.312 2717 6298 D RemoteControlService: run: called
12-01 18:46:38.312 2552 6299 D MicroService: getEvent: start waiting...
12-01 18:46:38.312 2717 6298 D RemoteControlService: getEvent: start waiting...
12-01 18:46:38.427 0 0 W swapper/1: type=1400 audit(0.0:708): avc: denied { kill } for capability=5 scontext=u:r:kernel:s0 tcontext=u:r:kernel:s0 tclass=capability permissive=0
12-01 18:46:38.841 3267 3267 I hpplay-java: [main]:ServiceUpdater:upLoadServiceInfo invalid deviceCode:, port:53388
12-01 18:46:39.245 643 657 I mpu_uart: [MSG-P:RECV]:No message received in 1000 ms
12-01 18:46:39.427 0 0 W swapper/1: type=1400 audit(0.0:709): avc: denied { kill } for capability=5 scontext=u:r:kernel:s0 tcontext=u:r:kernel:s0 tclass=capability permissive=0
12-01 18:46:39.520 3267 3267 I hpplay-java: [main]:Upgrade:upgrade not be allowed
12-01 18:46:39.649 3267 3267 I hpplay-java: [main]:NetworkReceiver:onReceive
12-01 18:46:39.653 3267 3267 I hpplay-java: [main]:NetworkReceiver:onReceive restart in infos1
12-01 18:46:39.653 3267 5961 I hpplay-java: [AsyncTask #90]:NetworkReceiver:restartServerIfNecessary mFirstComing:false, netInitialStickyBroadcast:false
12-01 18:46:39.654 3267 5961 I hpplay-java: [AsyncTask #90]:IPManager:getActiveNets type: WIFI
12-01 18:46:39.655 3267 5961 I hpplay-java: [AsyncTask #90]:IPManager:getActiveNets eth0:false wifi:true mobile:false ap:false
12-01 18:46:39.655 3267 5961 I hpplay-java: [AsyncTask #90]:IPManager:getIPAddress IP_WLAN0
12-01 18:46:39.657 3267 6107 I hpplay-java: [AsyncTask #113]:IPManager:updateIPAddress getIPAddress: 192.168.4.16 name:vlan4
12-01 18:46:39.657 3267 6107 I hpplay-java: [AsyncTask #113]:IPManager:updateIPAddress getIPAddress: 192.168.0.18 name:wlan0
12-01 18:46:39.657 3267 6107 I hpplay-java: [AsyncTask #113]:IPManager:updateIPAddress getIPAddress: 192.168.8.16 name:vlan8
12-01 18:46:39.657 3267 6107 I hpplay-java: [AsyncTask #113]:IPManager:updateIPAddress getIPAddress: 192.168.11.16 name:vlan11
12-01 18:46:39.657 3267 6107 I hpplay-java: [AsyncTask #113]:IPManager:updateIPAddress getIPAddress: 192.168.0.16 name:vlan0
12-01 18:46:39.657 3267 6107 I hpplay-java: [AsyncTask #113]:IPManager:updateIPAddress getIPAddress: 192.168.2.16 name:vlan2
12-01 18:46:39.657 3267 6107 I hpplay-java: [AsyncTask #113]:IPManager:updateIPAddress getIPAddress: 192.168.1.16 name:vlan1
12-01 18:46:39.658 3267 5961 I hpplay-java: [AsyncTask #90]:IPManager:updateIPAddress getIPAddress: 192.168.4.16 name:vlan4
12-01 18:46:39.658 3267 5961 I hpplay-java: [AsyncTask #90]:IPManager:updateIPAddress getIPAddress: 192.168.0.18 name:wlan0
12-01 18:46:39.658 3267 5961 I hpplay-java: [AsyncTask #90]:IPManager:updateIPAddress getIPAddress: 192.168.8.16 name:vlan8
12-01 18:46:39.658 3267 5961 I hpplay-java: [AsyncTask #90]:IPManager:updateIPAddress getIPAddress: 192.168.11.16 name:vlan11
12-01 18:46:39.658 3267 5961 I hpplay-java: [AsyncTask #90]:IPManager:updateIPAddress getIPAddress: 192.168.0.16 name:vlan0
12-01 18:46:39.658 3267 5961 I hpplay-java: [AsyncTask #90]:IPManager:updateIPAddress getIPAddress: 192.168.2.16 name:vlan2
12-01 18:46:39.658 3267 5961 I hpplay-java: [AsyncTask #90]:IPManager:updateIPAddress getIPAddress: 192.168.1.16 name:vlan1
12-01 18:46:39.659 3267 5961 I hpplay-java: [AsyncTask #90]:NetworkReceiver:restartServerIfNecessary mStartIp:192.168.0.178, currentIp:192.168.0.18 ap:false
12-01 18:46:39.660 3267 3267 I hpplay-java: [main]:NetworkReceiver:WHAT_RESTART_SERVER
12-01 18:46:39.660 3267 3267 I hpplay-java: [main]:ServerTaskManager:stopServer,keepPush true
12-01 18:46:39.660 3267 3267 I hpplay-java: [main]:ServerTaskManager:stopServer ignore, reason: server is stopping
12-01 18:46:39.660 3267 3267 I hpplay-java: [main]:ServerTaskManager:exeTask ignore, reason: TaskList is clear
12-01 18:46:40.245 643 657 I mpu_uart: [MSG-P:RECV]:No message received in 1000 ms
12-01 18:46:40.281 3267 3267 I hpplay-java: [main]:IMTask:getIMRoot
12-01 18:46:40.283 3267 5956 I DpmTcmClient: RegisterTcmMonitor from: $Proxy2
12-01 18:46:40.427 0 0 W swapper/1: type=1400 audit(0.0:710): avc: denied { kill } for capability=5 scontext=u:r:kernel:s0 tcontext=u:r:kernel:s0 tclass=capability permissive=0
12-01 18:46:40.582 3267 5956 I hpplay-java: [AsyncTask #89]:HttpRequest:doGet responseCode:200 0
12-01 18:46:40.593 3267 3267 W hpplay-java: [main]:JsonWrapper:json2IMDNSBean failed origin data:
12-01 18:46:40.593 3267 3267 W hpplay-java:
12-01 18:46:40.593 3267 3267 W hpplay-java:
12-01 18:46:40.593 3267 3267 W hpplay-java:
12-01 18:46:40.593 3267 3267 W hpplay-java:
12-01 18:46:40.593 3267 3267 W hpplay-java:
12-01 18:46:40.593 3267 3267 W hpplay-java:
12-01 18:46:40.593 3267 3267 W hpplay-java:
12-01 18:46:40.593 3267 3267 W hpplay-java:
12-01 18:46:40.593 3267 3267 W hpplay-java:
12-01 18:46:40.593 3267 3267 W hpplay-java:
12-01 18:46:40.593 3267 3267 W hpplay-java:
12-01 18:46:40.593 3267 3267 W hpplay-java: MIWIFI
12-01 18:46:40.593 3267 3267 W hpplay-java:
12-01 18:46:40.593 3267 3267 W hpplay-java:
12-01 18:46:40.593 3267 3267 W hpplay-java:
12-01 18:46:40.593 3267 3267 W hpplay-java:
12-01 18:46:40.593 3267 3267 W hpplay-java:
12-01 18:46:40.593 3267 3267 W hpplay-java:
12-01 18:46:40.593 3267 3267 W hpplay-java:
12-01 18:46:40.593 3267 3267 W hpplay-java:
12-01 18:46:40.593 3267 3267 W hpplay-java:
12-01 18:46:40.593 3267 3267 W hpplay-java:
12-01 18:46:40.593 3267 3267 W hpplay-java:
12-01 18:46:40.593 3267 3267 W hpplay-java:
12-01 18:46:40.593 3267 3267 W hpplay-java:
12-01 18:46:40.593 3267 3267 W hpplay-java:
12-01 18:46:40.593 3267 3267 W hpplay-java:
12-01 18:46:40.593 3267 3267 W hpplay-java:
12-01 18:46:40.593 3267 3267 E hpplay-java: [main]:IMTask:getIMRoot failed
12-01 18:46:40.708 643 655 I mpu_uart: [MSG-P:R]:recv sync frame timeout
12-01 18:46:41.245 643 657 I mpu_uart: [MSG-P:RECV]:No message received in 1000 ms
12-01 18:46:41.431 0 0 W swapper/2: type=1400 audit(0.0:711): avc: denied { kill } for capability=5 scontext=u:r:kernel:s0 tcontext=u:r:kernel:s0 tclass=capability permissive=0
12-01 18:46:41.661 3267 3267 I hpplay-java: [main]:ServerTaskManager:startServer
12-01 18:46:41.661 3267 3267 I hpplay-java: [main]:ServerTaskManager:startServer add, reason: server is stopping
12-01 18:46:41.662 3267 3267 I hpplay-java: [main]:ServerTaskManager:addStartTask
12-01 18:46:41.663 3267 3267 I hpplay-java: [main]:IPManager:getActiveNets type: WIFI
12-01 18:46:41.663 3267 3267 I hpplay-java: [main]:IPManager:getActiveNets eth0:false wifi:true mobile:false ap:false
12-01 18:46:41.663 3267 3267 I hpplay-java: [main]:IPManager:getIPAddress IP_WLAN0
12-01 18:46:41.667 1495 2476 D SntpClient: request time failed: java.net.SocketTimeoutException: Poll timed out
12-01 18:46:41.667 1495 2476 D SntpClient: request time failed
12-01 18:46:41.668 3267 3267 I hpplay-java: [main]:IPManager:updateIPAddress getIPAddress: 192.168.4.16 name:vlan4
12-01 18:46:41.668 3267 3267 I hpplay-java: [main]:IPManager:updateIPAddress getIPAddress: 192.168.0.18 name:wlan0
12-01 18:46:41.668 3267 3267 I hpplay-java: [main]:IPManager:updateIPAddress getIPAddress: 192.168.8.16 name:vlan8
12-01 18:46:41.668 3267 3267 I hpplay-java: [main]:IPManager:updateIPAddress getIPAddress: 192.168.11.16 name:vlan11
12-01 18:46:41.669 3267 3267 I hpplay-java: [main]:IPManager:updateIPAddress getIPAddress: 192.168.0.16 name:vlan0
12-01 18:46:41.669 3267 3267 I hpplay-java: [main]:IPManager:updateIPAddress getIPAddress: 192.168.2.16 name:vlan2
12-01 18:46:41.669 3267 3267 I hpplay-java: [main]:IPManager:updateIPAddress getIPAddress: 192.168.1.16 name:vlan1
12-01 18:46:41.669 3267 3267 I hpplay-java: [main]:ServerTaskManager:exeTask startServer
12-01 18:46:41.670 3267 3267 I hpplay-java: [main]:ServerTaskManager:startTimeOutCheck
12-01 18:46:41.670 3267 3267 I hpplay-java: [main]:IM_PublicCastClient:cs 1
12-01 18:46:41.670 3267 3267 W hpplay-java: [main]:IM_PublicCastClient:value is invalid
12-01 18:46:41.670 3267 5969 I hpplay-java: [AsyncTask #91]:ServerBusiness:startDaemonBusiness
12-01 18:46:41.670 3267 5970 I hpplay-java: [AsyncTask #92]:Bridge:assembleInParameters
12-01 18:46:41.670 3267 5969 I hpplay-java: [AsyncTask #91]:TimeOutCheckUtil:addTask id:upgrade
12-01 18:46:41.671 3267 5969 I hpplay-java: [AsyncTask #91]:TimeOutCheckUtil:addTask id:ijkupgrade
12-01 18:46:41.672 3267 5970 I hpplay-java: [AsyncTask #92]:Bridge:createDeviceId deviceId:ZjQ6M2E6MTk6MWQ6Yjg6MzM=
12-01 18:46:41.672 3267 6305 I hpplay-java: NanoHTTPDNanoHTTPD:server is started
12-01 18:46:41.673 3267 5970 I hpplay-java: [AsyncTask #92]:IPManager:getActiveNets type: WIFI
12-01 18:46:41.673 3267 5970 I hpplay-java: [AsyncTask #92]:IPManager:getActiveNets eth0:false wifi:true mobile:false ap:false
12-01 18:46:41.673 3267 5970 I hpplay-java: [AsyncTask #92]:IPManager:getIPAddress IP_WLAN0
12-01 18:46:41.673 3267 5970 I hpplay-java: [AsyncTask #92]:Preference:checkFeature none
12-01 18:46:41.673 3267 5970 I hpplay-java: [AsyncTask #92]:SWI:dlna tip
12-01 18:46:41.673 3267 5970 I hpplay-java: [AsyncTask #92]:SWI:lefp tip
12-01 18:46:41.673 3267 5970 I hpplay-java: [AsyncTask #92]:Bridge:assembleInParameters none alias name use device name: 高合娱乐副屏
12-01 18:46:41.673 3267 5970 I hpplay-java: [AsyncTask #92]:Feature:isSendAdvertisement
12-01 18:46:41.673 3267 5970 I hpplay-java: [AsyncTask #92]:Preference:checkFeature none
12-01 18:46:41.674 3267 5970 I hpplay-java: [AsyncTask #92]:Preference:checkFeature none
12-01 18:46:41.674 3267 5970 I hpplay-java: [AsyncTask #92]:Bridge:backupHpplayDat bakPath:
12-01 18:46:41.674 3267 5970 I hpplay-java: [AsyncTask #92]:Bridge:path:/data/user/0/com.hht.lebocast/files/hpplay/file/happyplay.dat
12-01 18:46:41.674 3267 5970 I hpplay-java: [AsyncTask #92]:Bridge:mAppId:21409
12-01 18:46:41.674 3267 5970 I hpplay-java: [AsyncTask #92]:Bridge:mode:3
12-01 18:46:41.674 3267 5970 I hpplay-java: [AsyncTask #92]:Bridge:type:1
12-01 18:46:41.674 3267 5970 I hpplay-java: [AsyncTask #92]:Bridge:SN:
12-01 18:46:41.674 3267 5970 I hpplay-java: [AsyncTask #92]:Preference:checkFeature none
12-01 18:46:41.674 3267 5970 I hpplay-java: [AsyncTask #92]:Bridge:backPath:
12-01 18:46:41.674 3267 5970 I hpplay-java: [AsyncTask #92]:DeviceUtil:getPermissionDid: 1
12-01 18:46:41.674 3267 5970 I hpplay-java: [AsyncTask #92]:DeviceUtil:getPermissionDid: 1
12-01 18:46:41.675 3267 5970 I hpplay-java: [AsyncTask #92]:Preference:checkFeature none
12-01 18:46:41.675 3267 5970 I hpplay-java: [AsyncTask #92]:Preference:checkFeature none
12-01 18:46:41.675 3267 5970 I hpplay-java: [AsyncTask #92]:Preference:checkFeature none
12-01 18:46:41.675 3267 5970 I hpplay-java: [AsyncTask #92]:Preference:checkFeature none
12-01 18:46:41.675 3267 5970 I hpplay-java: [AsyncTask #92]:Preference:checkFeature none
12-01 18:46:41.675 3267 5970 I hpplay-java: [AsyncTask #92]:Preference:checkFeature none
12-01 18:46:41.682 3267 5969 W hpplay-java: [AsyncTask #91]:ServerBusiness:startDaemonBusiness start LelinkHTTPD sucess 52288
12-01 18:46:41.702 3267 5970 W hpplay-java: [AsyncTask #92]:DeviceUtils:getDomain create lb domain
12-01 18:46:41.703 3267 5970 I hpplay-java: [AsyncTask #92]:Feature:getMirrorAudioVideoSync DISABLE
12-01 18:46:41.703 3267 5970 I hpplay-java: [AsyncTask #92]:Feature:checkSupportRedirectOtherApp,no set redirect api
12-01 18:46:41.703 3267 5970 I hpplay-java: [AsyncTask #92]:Feature:getRedirectSearchFlag,value: 0
12-01 18:46:41.704 3267 5970 I hpplay-java: [AsyncTask #92]:Bridge:mIn: InParameters{appInfo='0', appKey='21409', authMode=0, authPwd='null', broadcastDirection=0, broadcastState=1, broadcastTimeout=3, buildType='release', cacheAVPath='/data/user/0/com.hht.lebocast/cache/hpplay/av', cachePhotoPath='/data/user/0/com.hht.lebocast/cache/hpplay/image', channel='LEBO-APK--60146-25915', desPath='', , deviceName='高合娱乐副屏', dlna=1, dlnaCompany='null', dlnaCompanyURL='null', dlnaDeviceDescribe='null', dlnaDeviceName='null', dlnaDeviceURL='null', dlnaLelinkSwitch=1, dlnaManufacturer=0, dlnaName='高合娱乐副屏', dlnaUPC='', dlnaUUID='f0e48867-b427-01a9-e4c2-9cad7efbe861', domain='Lebo-figure-9232c50cda73', drainage=0, feature='6655', fps=60, height=1080, host='null', , keyPath='/data/user/0/com.hht.lebocast/files/hpplay/file', lelinkfp=1, lelinkfp2=0, logBaseState=1, logPath='/storage/emulated/0/com.hht.lebocast/sink/sdk/common', , mdnsEnable=1, mirrorSyncType=0, netCastVer='2.0', packageName='com.hht.lebocast', packagePath='/data/user/0/com.hht.lebocast', permissionDid='92:32:c5:0c:da:73', permissionMode=3, permissionPreSN='', port=0, preemptMode=0, regType='_leboremote._tcp.', serverPorts=null, sockWaitTimeOut=45, teleControlPort=53388, tunnels=3, txtKeys=null, txtValues=null, uid='-1064672117243984124', videoFrameType=1001, width=1920}com.hpplay.sdk.sink.protocol.InParameters@5a8ab33
12-01 18:46:41.704 3267 3267 I hpplay-java: [main]:Bridge:startServer state: 0
12-01 18:46:41.704 3267 3267 D hpplay-base: [jniBridge:185] not conference version
12-01 18:46:41.704 3267 3267 I hpplay-base: [jniBridge:241] 1initServer nSettingWidth=1920 nSettingHeight=1080 nSettingMaxFPS=60 dlnaEnable=1 lelinkFpEnable=1
12-01 18:46:41.705 3267 3267 D hpplay-base: [jniBridge:283] 1initServer cfg.leLinkIp=192.168.0.18
12-01 18:46:41.705 3267 3267 D hpplay-base: [jniBridge:286] 1initServer cfg.mPermissionMode=3
12-01 18:46:41.705 3267 3267 D hpplay-base: [jniBridge:304] 1initServer cfg.permissionDid=92:32:c5:0c:da:73000000000000000
12-01 18:46:41.705 3267 3267 D hpplay-base: [jniBridge:313] 1initServer cfg.mPermissionPreSN=00000000000000000000000000000000
12-01 18:46:41.705 3267 3267 D hpplay-base: [jniBridge:317] Bridge___1initServer status:0
12-01 18:46:41.705 3267 3267 I hpplay-base: [jniBridge:325] 1initServer cfg.feature=6655
12-01 18:46:41.705 3267 3267 D hpplay-base: [jniBridge:377] 1initServer isSendBroadCast=3
12-01 18:46:41.705 3267 3267 D hpplay-base: [jniBridge:380] 1initServer broadcastDirection=0
12-01 18:46:41.705 3267 3267 D hpplay-base: [jniBridge:382] 1initServer ipBroadcast direction=0
12-01 18:46:41.705 3267 3267 D hpplay-base: [jniBridge:387] 1initServer tunnel=3
12-01 18:46:41.705 3267 3267 D hpplay-base: [jniBridge:390] 1initServer drainage=0
12-01 18:46:41.705 3267 3267 D hpplay-base: [jniBridge:401] 1initServer mDNSEnable=1
12-01 18:46:41.705 3267 3267 D hpplay-base: [jniBridge:406] 1initServer nSockWaitTimeOut=45
12-01 18:46:41.705 3267 3267 D hpplay-base: [jniBridge:410] 1initServer nMirrorAudioVideoSync=0
12-01 18:46:41.705 3267 3267 I hpplay-base: [sign_check:168] checkSign strPackageName:com.hht.lebocast
12-01 18:46:41.705 3267 3267 I hpplay-base: [sign_check:169] checkSign buildType:release
12-01 18:46:41.705 3267 3267 I hpplay-base: [sign_check:170] checkSign appKey:21409
12-01 18:46:41.705 3267 3267 D hpplay-base: [LelinkBase:405] bridgeInit port: 0, lelinkfp: 0
12-01 18:46:41.705 3267 3267 D hpplay-base: [LelinkBase:462] bridgeInit mPackagePath =/data/user/0/com.hht.lebocast
12-01 18:46:41.705 3267 3267 D hpplay-base: [LelinkBase:463] bridgeInit mKeyPath =/data/user/0/com.hht.lebocast/files/hpplay/file
12-01 18:46:41.705 3267 3267 D hpplay-base: [SinkContext:97] initSinkContext mPackagePath =/data/user/0/com.hht.lebocast
12-01 18:46:41.705 3267 3267 D hpplay-base: [SinkContext:98] initSinkContext mKeyPath =/data/user/0/com.hht.lebocast/files/hpplay/file
12-01 18:46:41.705 3267 3267 D hpplay-base: [jniBridge:478] Java_com_hpplay_sdk_sink_protocol_Bridge__1initServer end
12-01 18:46:41.705 3267 3267 D hpplay-base: [jniBridge:869] Bridge__1startServer status:1
12-01 18:46:41.706 3267 3267 D hpplay-base: [LelinkBase:492] startAllServer at base
12-01 18:46:41.706 3267 3267 D hpplay-base: [lelinkSinkServer:152] httpPlugins_SetServerPort TYPE_SERVER_LELINK:52266
12-01 18:46:41.706 3267 3267 D hpplay-base: [network.c:362] protocol bind host :192.168.0.18 port:52266 curent bind port:52266
12-01 18:46:41.707 3267 3267 D hpplay-base: [lelinkSinkServer:681] HTTP Server real at:52266
12-01 18:46:41.707 3267 6310 D hpplay-base: [lelinkSinkServer:644] Connected Service Type:0
12-01 18:46:41.707 3267 3267 D hpplay-base: [ScreenStream:1285] current bind port:7100
12-01 18:46:41.707 3267 6310 I hpplay-base: : (server.c.315) startServer listen_ing....:
12-01 18:46:41.707 3267 6310 D hpplay-base: [Server:371] startHttpServer srv_sockets.used:1 nCurrentFd:103, tid is 6310
12-01 18:46:41.707 3267 3267 D hpplay-base: [LelinkBase:515] startAllServer pBaseContext->config.dlnaEnable:1
12-01 18:46:41.707 3267 3267 D hpplay-base: [lelinkDlna:324] addDMRCallback end
12-01 18:46:41.707 3267 6311 D hpplay-base: [stream_mirror_compat:759] compat mirror stream begin to run,server fd:105,thread_id:3083792832!!
12-01 18:46:41.708 3267 3267 E hpplay-base-dlna: miniserver.c:788::dlna_port(ipv4: 49152 ipv6:0)
12-01 18:46:41.709 3267 3267 D hpplay-base-dlna: [lebodlna-dlnaframe:166] succeed to load lebodlnaplugin
12-01 18:46:41.709 3267 3267 D hpplay-base-dlna: [lebodlna-dlnaframe:232] Succeed to load specified plugin:lebodlna_plugin
12-01 18:46:41.709 3267 3267 D hpplay-base: [lelinkDlna:328] startDLNAServer ret=0
12-01 18:46:41.709 3267 3267 D hpplay-base: [LelinkBase:531] startDLNAServer ret= 0
12-01 18:46:41.709 3267 3267 D hpplay-base: [lelinkDlna:342] setDMRFriendlyName 高合娱乐副屏
12-01 18:46:41.710 3267 3267 D hpplay-base-dlna: [lebodlna-dlna_android:136] setBroadcastTimeout mBroadcastTimeOut=66 status=3!
12-01 18:46:41.710 3267 3267 D hpplay-base-dlna: [lebodlna_api:32] start DMR
12-01 18:46:41.710 3267 3267 D hpplay-base-dlna: [UpnpDefine:434] RegisterDMRender invalid lelink info
12-01 18:46:41.710 3267 3267 D hpplay-base-dlna: [UpnpDefine:467] DLNA DEFAULT_DESCRIPTION
12-01 18:46:41.711 3267 3267 E hpplay-base-dlna: upnpapi.c:1078::Exiting RegisterRootDevice2 *Hnd =1, return value == 0
12-01 18:46:41.711 3267 3267 D hpplay-base-dlna: [CUpnpDevice:41] Register Root Device 2:0
12-01 18:46:41.712 3267 3267 D hpplay-base-dlna: [UpnpDefine:794] ESDMRender:Register success
12-01 18:46:41.712 3267 3267 D hpplay-base-dlna: [lebodlna_api:41] sendBroadcast mBroadcastTimeOut=3
12-01 18:46:41.712 3267 3267 D hpplay-base-dlna: [lebodlna_api:44] sendBroadcast timeout=66
12-01 18:46:41.771 3267 3267 D hpplay-base: [lelinkDlna:361] startDLNADevice dlnaManufacturer:0 ret=0
12-01 18:46:41.771 3267 3267 D hpplay-base: [LelinkBase:535] lelinkSetDlnaInfo ret= 0
12-01 18:46:41.771 3267 3267 D hpplay-base: [LelinkBase:547] startAllServer pBaseContext->config.mDNSEnable:1
12-01 18:46:41.772 3267 3267 D hpplay-base: [base_mdns:509] mdns net.hostname:
12-01 18:46:41.772 3267 3267 D hpplay-base: [base_mdns:529] mdns namelabel:-00-80-0F-74-31-00
12-01 18:46:41.772 3267 3267 D hpplay-base: [base_mdns:509] mdns net.hostname:
12-01 18:46:41.774 3267 3267 D hpplay-base: [base_mdns:529] mdns namelabel:-00-80-0F-74-31-00
12-01 18:46:41.774 3267 3267 D hpplay-base: [mdns:813] mdns start bind port:0
12-01 18:46:41.777 3267 3267 D hpplay-base: [mdns:813] mdns start bind port:5353
12-01 18:46:41.777 3267 3267 D hpplay-base: [mdns:813] mdns start bind port:5353
12-01 18:46:41.777 3267 3267 D hpplay-base: [mdns:813] mdns start bind port:5353
12-01 18:46:41.778 3267 3267 D hpplay-base: [mdns:813] mdns start bind port:5353
12-01 18:46:41.778 3267 3267 D hpplay-base: [mdns:813] mdns start bind port:5353
12-01 18:46:41.778 3267 3267 D hpplay-base: [mdns:813] mdns start bind port:5353
12-01 18:46:41.778 3267 3267 D hpplay-base: [mdns:813] mdns start bind port:5353
12-01 18:46:41.779 3267 3267 I hpplay-base: [mDNSEmbeded:57] embedded_mDNSInit stopmDNSNow:0 status:0
12-01 18:46:41.779 3267 3267 D hpplay-base: [mDNSEmbeded:436] startmDNSServer end nRet=0
12-01 18:46:41.779 3267 3267 D hpplay-base: [LelinkBase:555] lelink broadcast_on_off:1 log2java_on_off:1
12-01 18:46:41.779 3267 6330 D hpplay-base: [LelinkMDNS:729] leboAuthorizationCheck strUuid=92:32:c5:0c:da:73000000000000000
12-01 18:46:41.779 3267 6330 D hpplay-base: [LelinkMDNS:730] leboAuthorizationCheck mPermissionDid=92:32:c5:0c:da:73000000000000000
12-01 18:46:41.779 3267 6330 D hpplay-base: [LelinkMDNS:755] leboAuthorizationCheck mPermissionMac=92:32:c5:0c:da:73000000000000000
12-01 18:46:41.779 3267 6331 I hpplay-base: [mDNSEmbeded:268] start lelink publish server, tid is 6331
12-01 18:46:41.779 3267 3267 D hpplay-base: [AEventUtils:595] request to start event handle service!!
12-01 18:46:41.779 3267 3267 D hpplay-base: [AEventUtils:603] start_event_handle_service,begin to run!!
12-01 18:46:41.780 3267 3267 D hpplay-base: [REventUtils:210] start_event_handle_service,begin to run!!
12-01 18:46:41.780 3267 3267 D hpplay-base: [LelinkBase:576] startAllServer success .
12-01 18:46:41.780 3267 6332 D hpplay-base: [mDNSEmbeded:197] http_port bind check 197 http_port_check
12-01 18:46:41.780 3267 6334 D hpplay-base: [REventUtils:59] create handleREventThread thread ok!!,tid is 6334
12-01 18:46:41.780 3267 6333 D hpplay-base: [AEventUtils:171] create handle AEvent thread ok!!,tid is 6333
12-01 18:46:41.780 3267 6335 D hpplay-base: [jniBridge:1081] notifyJavaDlnalink:http://192.168.0.18:49152/description.xml
12-01 18:46:41.781 3267 6335 D hpplay-base: [jniBridge:1726] notifyJava, what:207, castType:0, mimeType:0 baseStatus:2
12-01 18:46:41.781 3267 6335 D hpplay-base: [jniBridge:1727] notifyJava sessionID:(null)
12-01 18:46:41.781 3267 3267 D hpplay-base: [jniBridge:894] startDlna_link:http://192.168.0.18:49152/description.xml
12-01 18:46:41.781 3267 6335 I hpplay-java: [Thread-83]:Bridge:notify: what: 207
12-01 18:46:41.782 3267 6332 D hpplay-base: [mDNSEmbeded:217] http_port bind check 217 http_port_check
12-01 18:46:41.782 3267 6332 D hpplay-base: [mDNSEmbeded:222] http_port bind check 222 http_port_check
12-01 18:46:41.783 3267 6335 I hpplay-java: [Thread-83]:Bridge:notify: out: OutParameters:{audioSessionId=-1, audiotrackIndex=0, castHandleType=-1, castType=0, deviceName='http://192.168.0.18:49152/description.xml', dlnaName='', dramaID='', extra=0, frameHandleType=-1, handleInside=true, headduration=0, header='', headers=null, isAD=false, isMultiMirror=false, lelinkVer='', limitTime=0, , mediaAlbum='null', mediaAlbumArtURI='', mediaArtist='null', mediaAssets='', mediaTitle='null', mimeType=0, multiSession=null, period=0, pinCode='', playSpeed=0.0, playerChoice=0, plugin=0, port=0, position=0.0, positionUnit=2, protocol=0, realSessionID='', regType='', , sinkIp='', sourceAPPVersion='', sourceChannel='', sourceClientInfo='', sourceDeviceInfo='', sourceDeviceModel='', sourceDeviceName='', sourceDeviceType=0, sourceHID='', , sourceInfo='', , , sourceOSVersion='', sourceSDKVersion='', sourceUid='', stopDetail=0, stopReason=0, tailduration=0, url='', urlID='', urls=null, userAgent='', videoDecoder=0, volume=0, what=207}com.hpplay.sdk.sink.protocol.OutParameters@e192830
12-01 18:46:41.784 3267 6330 D hpplay-base: [LelinkMDNS:766] devicePermissionPublic leboPermissionCheck:-2
12-01 18:46:41.784 3267 6335 I hpplay-java: [Thread-83]:Bridge:notify: address:1371305
12-01 18:46:41.784 3267 6330 D hpplay-base: [jniBridge:1125] com_hpplay_sdk_sink_protocol_Bridge_WHAT_SERVER_ERROR
12-01 18:46:41.784 3267 6330 D hpplay-base: [jniBridge:1726] notifyJava, what:204, castType:0, mimeType:0 baseStatus:2
12-01 18:46:41.784 3267 6330 D hpplay-base: [jniBridge:1727] notifyJava sessionID:(null)
12-01 18:46:41.785 3267 6332 D hpplay-base: [mDNSEmbeded:234] http_port bind check 234 http_port_check port:52266
12-01 18:46:41.785 3267 6330 I hpplay-java: [Thread-84]:Bridge:notify: what: 204
12-01 18:46:41.785 3267 6332 D hpplay-base: [mDNSEmbeded:237] http_port bind check 237 http_port_check
12-01 18:46:41.786 3267 6330 I hpplay-java: [Thread-84]:Bridge:notify: out: OutParameters:{audioSessionId=-1, audiotrackIndex=0, castHandleType=-1, castType=0, deviceName='', dlnaName='', dramaID='', extra=-2002, frameHandleType=-1, handleInside=true, headduration=0, header='', headers=null, isAD=false, isMultiMirror=false, lelinkVer='', limitTime=0, , mediaAlbum='null', mediaAlbumArtURI='', mediaArtist='null', mediaAssets='', mediaTitle='null', mimeType=0, multiSession=null, period=0, pinCode='', playSpeed=0.0, playerChoice=0, plugin=0, port=0, position=0.0, positionUnit=2, protocol=0, realSessionID='', regType='', , sinkIp='', sourceAPPVersion='', sourceChannel='', sourceClientInfo='', sourceDeviceInfo='', sourceDeviceModel='', sourceDeviceName='', sourceDeviceType=0, sourceHID='', , sourceInfo='', , , sourceOSVersion='', sourceSDKVersion='', sourceUid='', stopDetail=0, stopReason=0, tailduration=0, url='', urlID='', urls=null, userAgent='', videoDecoder=0, volume=0, what=204}com.hpplay.sdk.sink.protocol.OutParameters@cba722e
12-01 18:46:41.786 3267 6330 I hpplay-java: [Thread-84]:Bridge:notify: address:130077135
12-01 18:46:41.786 3267 6337 D hpplay-base: [lelinkSinkServer:93] new client connection from 127.0.0.1 59552, fd=126
12-01 18:46:41.786 3267 6337 D hpplay-base: [SinkContext:137] addSinkContextSession,begin to run!!
12-01 18:46:41.786 3267 6337 D hpplay-base: [SinkContext:142] addSinkContextSession,begin to get lock!!
12-01 18:46:41.786 3267 6337 D hpplay-base: [SinkContext:144] addSinkContextSession,get lock ok!!
12-01 18:46:41.786 3267 6337 D hpplay-base: [SinkContext:149] addSinkContextSession,session list is null,begin to malloc!!
12-01 18:46:41.786 3267 6337 D hpplay-base: [SinkContext:156] addSinkContextSession,begin to update!!
12-01 18:46:41.786 3267 6337 D hpplay-base: [SinkContext:160] addSinkContextSession,begin to update header!!
12-01 18:46:41.786 3267 6337 D hpplay-base: [SinkContext:172] addSinkContextSession,begin to unlock!!
12-01 18:46:41.786 3267 6337 D hpplay-base: [SinkContext:174] addSinkContextSession,unlock ok!!
12-01 18:46:41.786 3267 6337 D hpplay-base: [LelinkReceiver:4908] get ping !!!
12-01 18:46:41.786 3267 3267 I hpplay-java: [main]:Bridge:findServiceID start out: 130077135
12-01 18:46:41.786 3267 6330 I hpplay-base: [mDNSEmbeded:79] embedded_mDNSLoop stopmDNSNow:0 nPublish:-2 nExitFlag:6 tid is 6330
12-01 18:46:41.786 3267 3267 I hpplay-java: [main]:Bridge:findServiceID end
12-01 18:46:41.787 3267 3267 E hpplay-java: [main]:ServerTaskManager:onError 204/-2002 com.hht.lebocast.LelinkHelper$e@9cae7c9
12-01 18:46:41.787 3267 3267 I hpplay-java: [main]:ServerTaskManager:cancelTimeOutCheck
12-01 18:46:41.787 3267 6332 D hpplay-base: [mDNSEmbeded:240] http_port bind check 240 http_port_check recieved:64
12-01 18:46:41.787 3267 6332 D hpplay-base: [mDNSEmbeded:243] http_port bind check 243 http_port_check
12-01 18:46:41.787 3267 6332 D hpplay-base: [mDNSEmbeded:244] http_port bind check ok!
12-01 18:46:41.787 3267 3267 W hpplay-java: [main]:ServerTaskManager:onErrorDispatcher errorCode:-2002
12-01 18:46:41.787 3267 3267 I hpplay-java: [main]:ServerTaskManager:onError retry later
12-01 18:46:41.809 3267 5972 I hpplay-java: [AsyncTask #94]:HttpRequest:doGet responseCode:200 0
12-01 18:46:41.987 3267 6337 I hpplay-base: [LelinkReceiver:14605] _connectionFinalize (126)
12-01 18:46:41.987 3267 6337 D hpplay-base: [LelinkReceiver:14752] ###connectionFinalize,release ok!!###
12-01 18:46:42.246 643 657 I mpu_uart: [MSG-P:RECV]:No message received in 1000 ms
12-01 18:46:42.431 0 0 W swapper/2: type=1400 audit(0.0:712): avc: denied { kill } for capability=5 scontext=u:r:kernel:s0 tcontext=u:r:kernel:s0 tclass=capability permissive=0
12-01 18:46:43.246 643 657 I mpu_uart: [MSG-P:RECV]:No message received in 1000 ms
12-01 18:46:43.427 0 0 W swapper/0: type=1400 audit(0.0:713): avc: denied { kill } for capability=5 scontext=u:r:kernel:s0 tcontext=u:r:kernel:s0 tclass=capability permissive=0
12-01 18:46:43.711 643 655 I mpu_uart: [MSG-P:R]:recv sync frame timeout
12-01 18:46:44.167 1495 2404 I WifiService: startScan uid=1000
12-01 18:46:44.180 1381 6279 D LOWI-9.0.0.87.a: [LOWI-Scan] wait_event:Wait done with Cmd 33
12-01 18:46:44.180 1381 6279 D LOWI-9.0.0.87.a: [LOWI-Scan] do_listen_events: Rcvd valid Netlink Cmd 0 Err 0
12-01 18:46:44.247 643 657 I mpu_uart: [MSG-P:RECV]:No message received in 1000 ms
12-01 18:46:44.431 0 0 W swapper/0: type=1400 audit(0.0:714): avc: denied { kill } for capability=5 scontext=u:r:kernel:s0 tcontext=u:r:kernel:s0 tclass=capability permissive=0
12-01 18:46:44.788 3267 3267 I hpplay-java: [main]:ServerTaskManager:restart by error
12-01 18:46:44.788 3267 3267 I hpplay-java: [main]:ServerTaskManager:startServer
12-01 18:46:44.788 3267 3267 I hpplay-java: [main]:ServerTaskManager:startServer add, reason: server is starting or running
12-01 18:46:44.788 3267 3267 I hpplay-java: [main]:ServerTaskManager:addStopTask
12-01 18:46:44.788 3267 3267 I hpplay-java: [main]:ServerTaskManager:addStartTask
12-01 18:46:44.788 3267 3267 I hpplay-java: [main]:ServerTaskManager:exeTask stopServer
12-01 18:46:44.788 3267 3267 I hpplay-java: [main]:Bridge:stopServer keepPush: false
12-01 18:46:44.788 3267 3267 D hpplay-base: [jniBridge:909] Bridge__1stopServer status:2
12-01 18:46:44.789 3267 3267 D hpplay-base: [LelinkBase:654] stopAllServer will start thread!
12-01 18:46:44.790 3267 6333 D hpplay-base: [AEventUtils:588] handle AEvent thread end!!,tid is 6333
12-01 18:46:44.790 3267 6340 I hpplay-base: [mDNSEmbeded:65] embedded_mDNSExit call
12-01 18:46:44.790 3267 6334 D hpplay-base: [REventUtils:197] handleREventThread thread end!!,tid is 6334
12-01 18:46:44.802 3267 6330 I hpplay-base: [mDNSEmbeded:140] embedded_mDNSLoop Exiting end,tid is 6330
12-01 18:46:44.802 3267 6340 D hpplay-base: [mDNSEmbeded:452] stopmDNSServer end stopmDNSNow=2, nRet=0
12-01 18:46:44.813 3267 6311 D hpplay-base: [stream_mirror_compat:1284] mirror stream begin to exit,server fd:105,thread_id:3083792832!!
12-01 18:46:44.813 3267 6311 D hpplay-base: [stream_mirror_compat:1323] ##screen stream exit successfully!!##
12-01 18:46:44.989 3267 6310 D hpplay-base: [Server:447] startHttpServer will END srv->serverType:0
12-01 18:46:44.989 3267 6310 D hpplay-base: [Server:646] startHttpServer cond srv_shutdown:1 connectNummber:0
12-01 18:46:44.989 3267 6310 D hpplay-base: [Server:669] startHttpServer wait cond END. srv_shutdown:1 connectNummber:0
12-01 18:46:44.989 3267 6310 D hpplay-base: [Server:457] HttpServer END, tid is 6310
12-01 18:46:45.079 3267 6331 I hpplay-base: [mDNSEmbeded:376] end lelink publish server, tid is 6331
12-01 18:46:45.079 3267 6340 D hpplay-base: [mDNSEmbeded:420] stopmLelinkServer end nRet=0
12-01 18:46:45.079 3267 6340 D hpplay-base: [LelinkBase:615] lebodlna stopServerThreadFunc dlnaEnable:1
12-01 18:46:45.079 3267 6340 D hpplay-base-dlna: [lebodlna_api:49] stop DMR
12-01 18:46:45.079 3267 6340 D hpplay-base-dlna: [lebodlna_api:344] m_pRender Release
12-01 18:46:45.136 3267 6340 D hpplay-base-dlna: [UpnpDefine:867] DMRender release success
12-01 18:46:45.136 3267 6340 D hpplay-base-dlna: [lebodlna_api:352] m_pAVT Release
12-01 18:46:45.136 3267 6340 D hpplay-base-dlna: [lebodlna_api:360] m_pRCS Release
12-01 18:46:45.136 3267 6340 D hpplay-base-dlna: [lebodlna_api:365] dmrender destroydmr
12-01 18:46:45.247 643 657 I mpu_uart: [MSG-P:RECV]:No message received in 1000 ms
12-01 18:46:45.404 564 6278 I keystore2: keystore2::watchdog: Watchdog thread idle -> terminating. Have a great day.
12-01 18:46:45.427 0 0 W swapper/0: type=1400 audit(0.0:715): avc: denied { kill } for capability=5 scontext=u:r:kernel:s0 tcontext=u:r:kernel:s0 tclass=capability permissive=0
12-01 18:46:45.436 3267 6340 D hpplay-base-dlna: [lebodlna-dlna_android:186] stopDLNA
12-01 18:46:45.436 3267 6340 D hpplay-base-dlna: [lebodlna-dlna_android:189] dlnaservice destroy
12-01 18:46:45.436 3267 6340 D hpplay-base-dlna: [lebodlna-dlna_android:49] dlnaservice Destroy 49 int CDlnaService::Destroy()
12-01 18:46:45.436 3267 6340 D hpplay-base-dlna: [lebodlna-dlnaframe:245] dlnaservice Destroy 245 static ERROR_TYPE IDlnaFrame::DestroyDlnaFrame(IDlnaFrame *)
12-01 18:46:45.436 3267 6340 D hpplay-base-dlna: [lebodlna-dlnaframe:179] dlnaservice Destroy 179 virtual void CDlnaFrame::Release()
12-01 18:46:45.436 3267 6340 D hpplay-base-dlna: [lebodlna-dlnaframe:190] dlnaservice Destroy 190 virtual void CDlnaFrame::Release()
12-01 18:46:45.436 3267 6340 D hpplay-base-dlna: [lebodlna-dlnaframe:192] dlnaservice Destroy 192 virtual void CDlnaFrame::Release()
12-01 18:46:45.437 3267 6340 D hpplay-base-dlna: [lebodlna-dlnaframe:247] dlnaservice Destroy 247 static ERROR_TYPE IDlnaFrame::DestroyDlnaFrame(IDlnaFrame *)
12-01 18:46:45.437 3267 6340 D hpplay-base-dlna: [lebodlna-dlnaframe:251] dlnaservice Destroy 251 static ERROR_TYPE IDlnaFrame::DestroyDlnaFrame(IDlnaFrame *)
12-01 18:46:45.439 3267 6340 E hpplay-base-dlna: upnpapi.c:655::before gminiserver ThreadPoolShutdown
12-01 18:46:45.439 3267 6340 E hpplay-base-dlna: ThreadPool.c:1047::on ThreadPoolShutdown tp->totalThreads:3
12-01 18:46:45.439 3267 6340 E hpplay-base-dlna: ThreadPool.c:1056::after ThreadPoolShutdown
12-01 18:46:45.439 3267 6340 E hpplay-base-dlna: ThreadPool.c:1057::ThreadPoolShutdown tp->totalThreads:0
12-01 18:46:45.439 3267 6340 E hpplay-base-dlna: upnpapi.c:657::after gminiserver ThreadPoolShutdown
12-01 18:46:45.439 3267 6340 E hpplay-base-dlna: upnpapi.c:659::before grecv ThreadPoolShutdown
12-01 18:46:45.440 3267 6340 E hpplay-base-dlna: ThreadPool.c:1047::on ThreadPoolShutdown tp->totalThreads:12
12-01 18:46:45.440 3267 6340 E hpplay-base-dlna: ThreadPool.c:1047::on ThreadPoolShutdown tp->totalThreads:10
12-01 18:46:45.440 3267 6340 E hpplay-base-dlna: ThreadPool.c:1047::on ThreadPoolShutdown tp->totalThreads:8
12-01 18:46:45.440 3267 6340 E hpplay-base-dlna: ThreadPool.c:1047::on ThreadPoolShutdown tp->totalThreads:7
12-01 18:46:45.440 3267 6340 E hpplay-base-dlna: ThreadPool.c:1047::on ThreadPoolShutdown tp->totalThreads:6
12-01 18:46:45.441 3267 6340 E hpplay-base-dlna: ThreadPool.c:1047::on ThreadPoolShutdown tp->totalThreads:5
12-01 18:46:45.441 3267 6340 E hpplay-base-dlna: ThreadPool.c:1047::on ThreadPoolShutdown tp->totalThreads:4
12-01 18:46:45.441 3267 6340 E hpplay-base-dlna: ThreadPool.c:1047::on ThreadPoolShutdown tp->totalThreads:3
12-01 18:46:45.441 3267 6340 E hpplay-base-dlna: ThreadPool.c:1047::on ThreadPoolShutdown tp->totalThreads:2
12-01 18:46:45.441 3267 6340 E hpplay-base-dlna: ThreadPool.c:1047::on ThreadPoolShutdown tp->totalThreads:1
12-01 18:46:45.441 3267 6340 E hpplay-base-dlna: ThreadPool.c:1056::after ThreadPoolShutdown
12-01 18:46:45.441 3267 6340 E hpplay-base-dlna: ThreadPool.c:1057::ThreadPoolShutdown tp->totalThreads:0
12-01 18:46:45.442 3267 6340 E hpplay-base-dlna: upnpapi.c:661::after grecv ThreadPoolShutdown
12-01 18:46:45.442 3267 6340 E hpplay-base-dlna: upnpapi.c:663::before gsend ThreadPoolShutdown
12-01 18:46:45.442 3267 6340 E hpplay-base-dlna: ThreadPool.c:1047::on ThreadPoolShutdown tp->totalThreads:3
12-01 18:46:45.442 3267 6340 E hpplay-base-dlna: ThreadPool.c:1047::on ThreadPoolShutdown tp->totalThreads:2
12-01 18:46:45.442 3267 6340 E hpplay-base-dlna: ThreadPool.c:1047::on ThreadPoolShutdown tp->totalThreads:1
12-01 18:46:45.442 3267 6340 E hpplay-base-dlna: ThreadPool.c:1056::after ThreadPoolShutdown
12-01 18:46:45.442 3267 6340 E hpplay-base-dlna: ThreadPool.c:1057::ThreadPoolShutdown tp->totalThreads:0
12-01 18:46:45.442 3267 6340 E hpplay-base-dlna: upnpapi.c:665::after gsend ThreadPoolShutdown
12-01 18:46:45.442 3267 6340 D hpplay-base-dlna: [lebodlna-dlnaframe:253] dlnaservice Destroy 253 static ERROR_TYPE IDlnaFrame::DestroyDlnaFrame(IDlnaFrame *)
12-01 18:46:45.442 3267 6340 D hpplay-base-dlna: [lebodlna-dlna_android:51] dlnaservice Destroy 51 int CDlnaService::Destroy()
12-01 18:46:45.442 3267 6340 D hpplay-base-dlna: [lebodlna-dlna_android:194] stopDLNA end
12-01 18:46:45.742 3267 6340 D hpplay-base: [stream_mirror_compat:1489] request to stop screen stream session!!
12-01 18:46:45.743 3267 6340 D hpplay-base: [AEventUtils:625] begin to stop event handle service!!
12-01 18:46:45.743 3267 6340 D hpplay-base: [AEventUtils:628] stop event handle service ok!!
12-01 18:46:45.743 3267 6340 D hpplay-base: [REventUtils:231] begin to stop report handle service!!
12-01 18:46:45.743 3267 6340 D hpplay-base: [REventUtils:234] stop report handle service ok!!
12-01 18:46:45.743 3267 6340 D hpplay-base: [lelinkSinkServer:711] HTTP Server stopSinkServer End .
12-01 18:46:45.743 3267 6340 D hpplay-base: [jniBridge:1135] notifyJavaServerStoped
12-01 18:46:45.743 3267 6340 D hpplay-base: [jniBridge:1726] notifyJava, what:202, castType:0, mimeType:0 baseStatus:4
12-01 18:46:45.743 3267 6340 D hpplay-base: [jniBridge:1727] notifyJava sessionID:(null)
12-01 18:46:45.744 3267 6340 I hpplay-java: [Thread-85]:Bridge:notify: what: 202
