12-01 18:34:33.615 1495 1495 D BiometricScheduler/Fingerprint21: [Starting] {[0] FingerprintUpdateActiveUserClient, proto=1, owner=android, cookie=0, requestId=-1, userId=0}, State: 0
12-01 18:34:33.615 1495 1495 D BiometricScheduler/Fingerprint21: [Started] {[0] FingerprintUpdateActiveUserClient, proto=1, owner=android, cookie=0, requestId=-1, userId=0}
12-01 18:34:33.627 1495 2416 W WindowManager: Failed looking up window session=Session{858944e 2908:1000} callers=com.android.server.wm.WindowManagerService.windowForClientLocked:5628 com.android.server.wm.Session.insetsModified:629 android.view.IWindowSession$Stub.onTransact:1151
12-01 18:34:33.639 1495 2419 D CompatibilityChangeReporter: Compat change id reported: 171306433; UID 1000; state: ENABLED
12-01 18:34:33.670 1495 1602 I ActivityManagerTiming: FinishBooting
12-01 18:34:33.670 1495 1602 W KeyguardServiceDelegate: onScreenTurningOn(): no keyguard service!
12-01 18:34:33.674 1495 2419 D CompatibilityChangeReporter: Compat change id reported: 168419799; UID 10082; state: DISABLED
12-01 18:34:33.735 2354 2617 W ActivityThread: Failed to find provider info for com.android.contacts (user not unlocked)
12-01 18:34:33.865 1495 1495 W Looper : Slow dispatch took 251ms main h=android.os.Handler c=com.android.server.biometrics.sensors.fingerprint.hidl.Fingerprint21$$ExternalSyntheticLambda2@10ce88a m=0
12-01 18:34:33.865 1495 1495 D BiometricScheduler/Fingerprint21: [Added] {[1] FingerprintUpdateActiveUserClient, proto=1, owner=android, cookie=0, requestId=-1, userId=0}, new queue size: 1
12-01 18:34:33.865 1495 1495 V BiometricScheduler/Fingerprint21: Not idle, current operation: {[0] FingerprintUpdateActiveUserClient, proto=1, owner=android, cookie=0, requestId=-1, userId=0}, State: 2
12-01 18:34:33.865 1495 1495 D BiometricScheduler/Fingerprint21: [Added] {[2] FingerprintInternalCleanupClient, proto=7, owner=android, cookie=0, requestId=-1, userId=0}, new queue size: 2
12-01 18:34:33.865 1495 1495 V BiometricScheduler/Fingerprint21: Not idle, current operation: {[0] FingerprintUpdateActiveUserClient, proto=1, owner=android, cookie=0, requestId=-1, userId=0}, State: 2
12-01 18:34:33.870 1495 1495 I ConnectivityModuleConnector: Networking module service connected
12-01 18:34:33.877 1495 1495 I ConnectivityModuleConnector: Networking module service connected
12-01 18:34:33.888 1495 1495 I SystemServerTiming: ManagedServices.unbindOtherUserServices_current0
12-01 18:34:33.888 1495 1495 I SystemServerTiming: ManagedServices.unbindOtherUserServices_current0
12-01 18:34:33.888 1495 1495 I SystemServerTiming: ManagedServices.unbindOtherUserServices_current0
12-01 18:34:33.888 1495 1495 V NotificationAssistants: enabling notification assistant for 0: ComponentInfo{android.ext.services/android.ext.services.notification.Assistant}
12-01 18:34:33.888 1495 1495 V NotificationAssistants: Not registering ComponentInfo{android.ext.services/android.ext.services.notification.Assistant} is already bound
12-01 18:34:33.928 1495 1495 D ConditionProviders.SCP: onSubscribe condition://android/schedule?days=1.2.3.4.5.6.7&start=22.0&end=7.0&exitAtAlarm=true
12-01 18:34:33.928 1495 1495 D ConditionProviders.SCP: setRegistered true
12-01 18:34:33.931 1495 2299 W ActivityThread: Failed to find provider info for com.android.calendar (user not unlocked)
12-01 18:34:33.932 1495 2299 W ActivityThread: Failed to find provider info for com.android.calendar (user not unlocked)
12-01 18:34:33.934 1495 1495 D ConditionProviders.SCP: evaluateSubscriptionLocked cal=ScheduleCalendar[mDays={1, 2, 3, 4, 5, 6, 7}, mSchedule=ScheduleInfo{days=[1, 2, 3, 4, 5, 6, 7], startHour=22, startMinute=0, endHour=7, endMinute=0, exitAtAlarm=true, nextAlarm=Thu Jan 01 08:00:00 GMT+08:00 1970 (0)}], now=Thu Dec 01 18:34:33 GMT+08:00 2022 (1669890873928), nextUserAlarmTime=Thu Jan 01 08:00:00 GMT+08:00 1970 (0)
12-01 18:34:33.934 1495 1495 D ConditionProviders.SCP: notifyCondition condition://android/schedule?days=1.2.3.4.5.6.7&start=22.0&end=7.0&exitAtAlarm=true STATE_FALSE reason=!meetsSchedule
12-01 18:34:33.935 1495 1495 D ConditionProviders.SCP: Scheduling evaluate for Thu Dec 01 22:00:00 GMT+08:00 2022 (1669903200000), in +3h25m26s72ms, now=Thu Dec 01 18:34:33 GMT+08:00 2022 (1669890873928)
12-01 18:34:33.939 2354 2467 W ActivityThread: Failed to find provider info for com.android.contacts (user not unlocked)
12-01 18:34:33.943 1495 1495 W BluetoothManagerService: bindBluetoothProfileService:Trying to bind to profile: 1, while Bluetooth is disabled
12-01 18:34:33.944 1495 2999 I Telecom : BluetoothRouteManager: getBluetoothAudioConnectedDevice: no service available.
12-01 18:34:33.945 1495 1495 I Telecom : SystemStateHelper: Registering broadcast receiver: android.content.IntentFilter@15b1c8b: TS.init@AAA
12-01 18:34:33.945 1495 1495 I Telecom : SystemStateHelper: Registering broadcast receiver: android.content.IntentFilter@4ffb168: TS.init@AAA
12-01 18:34:33.948 1495 3000 I Telecom : Logging.Events: Non-call EVENT: AUDIO_ROUTE, Entering state QuiescentEarpieceRoute
12-01 18:34:33.948 1495 3000 I Telecom : BluetoothRouteManager: getBluetoothAudioConnectedDevice: no service available.
12-01 18:34:33.951 1495 3001 I Telecom : CallAudioModeStateMachine: Message received: null.: TS.init->CAMSM.pM_1@AAA
12-01 18:34:33.955 1495 1495 I Telecom : MissedCallNotifierImpl: reloadFromDatabase: Boot not yet complete -- call log db may not be available. Deferring loading until boot complete for user 0: TS.init@AAA
12-01 18:34:33.957 1495 1495 I Telecom : MissedCallNotifierImpl: reloadFromDatabase: Boot not yet complete -- call log db may not be available. Deferring loading until boot complete for user 0: TS.init@AAA
12-01 18:34:33.959 1495 1495 I Telecom : Class: TelecomSystem.INSTANCE being set
12-01 18:34:33.960 1495 1495 I Telecom : PhoneAccountRegistrar: getSimCallManager: SimCallManager for subId -1 queried, returning: null: TSI.gSCM@AAE
12-01 18:34:33.962 2354 2467 W ActivityThread: Failed to find provider info for com.android.contacts (user not unlocked)
12-01 18:34:33.963 1495 1495 I GameModeConfig: isGameModeOn = false
12-01 18:34:33.966 1495 1495 W NotificationHistory: Attempted to add notif for locked/gone/disabled user 0
12-01 18:34:33.966 1495 1495 D CompanionDeviceManagerService: Received BT state transition broadcast: OFF -> BLE_TURNING_ON
12-01 18:34:33.967 2354 2467 W ActivityThread: Failed to find provider info for com.android.contacts (user not unlocked)
12-01 18:34:34.041 1495 2404 D CompatibilityChangeReporter: Compat change id reported: 135634846; UID 10064; state: DISABLED
12-01 18:34:34.041 1495 2404 D CompatibilityChangeReporter: Compat change id reported: 177438394; UID 10064; state: DISABLED
12-01 18:34:34.041 1495 2404 D CompatibilityChangeReporter: Compat change id reported: 135772972; UID 10064; state: DISABLED
12-01 18:34:34.041 1495 2404 D CompatibilityChangeReporter: Compat change id reported: 135754954; UID 10064; state: ENABLED
12-01 18:34:34.041 1495 1611 D CompatibilityChangeReporter: Compat change id reported: 143937733; UID 10064; state: ENABLED
12-01 18:34:34.042 1495 1611 W ActivityManager: com.thundercomm.gamemode.provider inode == 0 (b/152760674)
12-01 18:34:34.047 1495 1611 I ActivityManager: Start proc 3015:com.thundercomm.gamemode.provider/u0a64 for content provider {com.thundercomm.gamemode.provider/com.thundercomm.gamemode.provider.SettingsProvider}
12-01 18:34:34.056 1495 2404 D CompatibilityChangeReporter: Compat change id reported: 168419799; UID 10064; state: DISABLED
12-01 18:34:34.160 1495 1602 I ActivityManagerTiming: FinishBooting
12-01 18:34:34.161 1495 1602 I ActivityManager: About to commit checkpoint
12-01 18:34:34.198 515 515 I Checkpoint: Marked slot as booted successfully.
12-01 18:34:34.203 515 515 I Checkpoint: Checkpoint has been committed.
12-01 18:34:34.203 1495 1602 W ActivityManager: FinishBooting sync begin
12-01 18:34:34.210 1495 1602 W ActivityManager: FinishBooting sync end
12-01 18:34:34.210 1495 1602 I SystemServiceManager: Starting phase 1000
12-01 18:34:34.210 1495 1602 I ActivityManagerTiming: OnBootPhase_1000
12-01 18:34:34.210 1495 1602 I ActivityManagerTiming: OnBootPhase_1000_com.android.server.security.FileIntegrityService
12-01 18:34:34.210 1495 1602 I ActivityManagerTiming: OnBootPhase_1000_com.android.server.pm.Installer
12-01 18:34:34.210 1495 1602 I ActivityManagerTiming: OnBootPhase_1000_com.android.server.os.DeviceIdentifiersPolicyService
12-01 18:34:34.210 1495 1602 I ActivityManagerTiming: OnBootPhase_1000_com.android.server.uri.UriGrantsManagerService$Lifecycle
12-01 18:34:34.210 1495 1602 I ActivityManagerTiming: OnBootPhase_1000_com.android.server.powerstats.PowerStatsService
12-01 18:34:34.210 1495 1602 E PowerStatsService: Failed to start PowerStatsService loggers
12-01 18:34:34.210 1495 1602 I ActivityManagerTiming: OnBootPhase_1000_com.android.server.wm.ActivityTaskManagerService$Lifecycle
12-01 18:34:34.210 1495 1602 I ActivityManagerTiming: OnBootPhase_1000_com.android.server.am.ActivityManagerService$Lifecycle
12-01 18:34:34.210 1495 1602 I ActivityManagerTiming: OnBootPhase_1000_com.android.server.pm.DataLoaderManagerService
12-01 18:34:34.210 1495 1602 I ActivityManagerTiming: OnBootPhase_1000_com.android.server.power.PowerManagerService
12-01 18:34:34.210 1495 1602 I ActivityManagerTiming: OnBootPhase_1000_com.android.server.power.ThermalManagerService
12-01 18:34:34.210 1495 1602 I ActivityManagerTiming: OnBootPhase_1000_com.android.server.power.hint.HintManagerService
12-01 18:34:34.210 1495 1602 I ActivityManagerTiming: OnBootPhase_1000_com.android.server.recoverysystem.RecoverySystemService$Lifecycle
12-01 18:34:34.210 1495 1602 I ActivityManagerTiming: OnBootPhase_1000_com.android.server.lights.LightsService
12-01 18:34:34.210 1495 1602 I ActivityManagerTiming: OnBootPhase_1000_com.android.server.display.DisplayManagerService
12-01 18:34:34.211 1495 1602 I ActivityManagerTiming: OnBootPhase_1000_com.android.server.pm.verify.domain.DomainVerificationService
12-01 18:34:34.211 1495 1625 V DisplayPowerController[0]: Brightness [1.0] reason changing to: 'manual', previous reason: 'override'.
12-01 18:34:34.211 1495 1602 I ActivityManagerTiming: OnBootPhase_1000_com.android.server.pm.PackageInstallerService$Lifecycle
12-01 18:34:34.211 1495 1602 I ActivityManagerTiming: OnBootPhase_1000_com.android.server.pm.UserManagerService$LifeCycle
12-01 18:34:34.211 1495 1602 I ActivityManagerTiming: OnBootPhase_1000_com.android.server.om.OverlayManagerService
12-01 18:34:34.211 1495 1602 I ActivityManagerTiming: OnBootPhase_1000_com.android.server.SensorPrivacyService
12-01 18:34:34.211 1495 1602 I ActivityManagerTiming: OnBootPhase_1000_com.android.server.sensors.SensorService
12-01 18:34:34.211 1495 1602 I ActivityManagerTiming: OnBootPhase_1000_com.android.server.SystemConfigService
12-01 18:34:34.211 1495 1602 I ActivityManagerTiming: OnBootPhase_1000_com.android.server.BatteryService
12-01 18:34:34.211 1495 1602 I ActivityManagerTiming: OnBootPhase_1000_com.android.server.usage.UsageStatsService
12-01 18:34:34.212 1495 1602 I ActivityManagerTiming: OnBootPhase_1000_com.android.server.webkit.WebViewUpdateService
12-01 18:34:34.212 1495 1602 I ActivityManagerTiming: OnBootPhase_1000_com.android.server.CachedDeviceStateService
12-01 18:34:34.212 1495 1602 I ActivityManagerTiming: OnBootPhase_1000_com.android.server.BinderCallsStatsService$LifeCycle
12-01 18:34:34.212 1495 1602 I ActivityManagerTiming: OnBootPhase_1000_com.android.server.LooperStatsService$Lifecycle
12-01 18:34:34.212 1495 1602 I ActivityManagerTiming: OnBootPhase_1000_com.android.server.rollback.RollbackManagerService
12-01 18:34:34.212 1495 1602 I ActivityManagerTiming: OnBootPhase_1000_com.android.server.os.NativeTombstoneManagerService
12-01 18:34:34.212 1495 1602 I ActivityManagerTiming: OnBootPhase_1000_com.android.server.os.BugreportManagerService
12-01 18:34:34.212 1495 1602 I ActivityManagerTiming: OnBootPhase_1000_com.android.server.gpu.GpuService
12-01 18:34:34.212 1495 1692 D RollbackManager: mRollbackLifetimeDurationInMillis=1209600000
12-01 18:34:34.216 1495 1688 D AppStandbyController: Loading headless system app cache. appIdleEnabled=false
12-01 18:34:34.218 1495 1602 I ActivityManagerTiming: OnBootPhase_1000_com.android.server.security.KeyChainSystemService
12-01 18:34:34.218 1495 1602 I ActivityManagerTiming: OnBootPhase_1000_com.android.server.telecom.TelecomLoaderService
12-01 18:34:34.218 1495 1602 I ActivityManagerTiming: OnBootPhase_1000_com.android.server.accounts.AccountManagerService$Lifecycle
12-01 18:34:34.218 1495 1602 I ActivityManagerTiming: OnBootPhase_1000_com.android.server.content.ContentService$Lifecycle
12-01 18:34:34.218 1495 1602 I ActivityManagerTiming: OnBootPhase_1000_com.android.server.DropBoxManagerService
12-01 18:34:34.219 1495 1602 I ActivityManagerTiming: OnBootPhase_1000_com.android.role.RoleService
12-01 18:34:34.219 1495 1602 I ActivityManagerTiming: OnBootPhase_1000_com.android.server.vibrator.VibratorManagerService$Lifecycle
12-01 18:34:34.219 1495 1602 I ActivityManagerTiming: OnBootPhase_1000_com.android.server.alarm.AlarmManagerService
12-01 18:34:34.219 1495 1602 I ActivityManagerTiming: OnBootPhase_1000_com.android.server.devicestate.DeviceStateManagerService
12-01 18:34:34.219 1495 1602 I ActivityManagerTiming: OnBootPhase_1000_com.android.server.camera.CameraServiceProxy
12-01 18:34:34.219 1495 1602 I ActivityManagerTiming: OnBootPhase_1000_com.android.server.BluetoothService
12-01 18:34:34.219 1495 1602 I ActivityManagerTiming: OnBootPhase_1000_com.android.server.connectivity.IpConnectivityMetrics
12-01 18:34:34.219 1495 1602 I ActivityManagerTiming: OnBootPhase_1000_com.android.server.net.watchlist.NetworkWatchlistService$Lifecycle
12-01 18:34:34.219 1495 1602 I ActivityManagerTiming: OnBootPhase_1000_com.android.server.PinnerService
12-01 18:34:34.219 1495 1602 I ActivityManagerTiming: OnBootPhase_1000_com.google.android.startop.iorap.IorapForwardingService
12-01 18:34:34.219 1495 1602 I ActivityManagerTiming: OnBootPhase_1000_com.android.server.ActivityTriggerService
12-01 18:34:34.219 1495 1602 I ActivityManagerTiming: OnBootPhase_1000_com.android.server.integrity.AppIntegrityManagerService
12-01 18:34:34.219 1495 1602 I ActivityManagerTiming: OnBootPhase_1000_com.android.server.inputmethod.InputMethodManagerService$Lifecycle
12-01 18:34:34.219 1495 1602 I ActivityManagerTiming: OnBootPhase_1000_com.android.server.accessibility.AccessibilityManagerService$Lifecycle
12-01 18:34:34.219 1495 1602 I ActivityManagerTiming: OnBootPhase_1000_com.android.server.StorageManagerService$Lifecycle
12-01 18:34:34.219 1495 1602 I ActivityManagerTiming: OnBootPhase_1000_com.android.server.usage.StorageStatsService$Lifecycle
12-01 18:34:34.219 1495 1602 I ActivityManagerTiming: OnBootPhase_1000_com.android.server.UiModeManagerService
12-01 18:34:34.219 1495 1994 D StorageManagerService: Thinking about init, mBootCompleted=true, mDaemonConnected=true
12-01 18:34:34.219 1495 1602 I ActivityManagerTiming: OnBootPhase_1000_com.android.server.locksettings.LockSettingsService$Lifecycle
12-01 18:34:34.219 1495 1994 D StorageManagerService: Thinking about reset, mBootCompleted=true, mDaemonConnected=true
12-01 18:34:34.219 1495 1602 I ActivityManagerTiming: OnBootPhase_1000_com.android.server.PersistentDataBlockService
12-01 18:34:34.219 1495 1602 I ActivityManagerTiming: OnBootPhase_1000_com.android.server.testharness.TestHarnessModeService
12-01 18:34:34.219 1495 1602 D TestHarnessModeService: Completing Test Harness Mode setup.
12-01 18:34:34.219 1495 1994 I StorageSessionController: Started resetting external storage service...
12-01 18:34:34.219 1495 1994 I StorageSessionController: Finished resetting external storage service
12-01 18:34:34.219 1495 1994 I StorageManagerService: Resetting vold...
12-01 18:34:34.220 1495 1994 I StorageManagerService: Reset vold
12-01 18:34:34.220 515 515 I vold : onUserAdded: 0
12-01 18:34:34.229 1495 1602 I ActivityManagerTiming: OnBootPhase_1000_com.android.server.oemlock.OemLockService
12-01 18:34:34.229 1495 1602 I ActivityManagerTiming: OnBootPhase_1000_com.android.server.DeviceIdleController
12-01 18:34:34.229 1495 1602 I ActivityManagerTiming: OnBootPhase_1000_com.android.server.devicepolicy.DevicePolicyManagerService$Lifecycle
12-01 18:34:34.229 1495 1602 I ActivityManagerTiming: OnBootPhase_1000_com.android.server.texttospeech.TextToSpeechManagerService
12-01 18:34:34.229 1495 1602 I ActivityManagerTiming: OnBootPhase_1000_com.android.server.speech.SpeechRecognitionManagerService
12-01 18:34:34.229 1495 1602 I ActivityManagerTiming: OnBootPhase_1000_com.android.server.searchui.SearchUiManagerService
12-01 18:34:34.229 1495 1602 I ActivityManagerTiming: OnBootPhase_1000_com.android.server.smartspace.SmartspaceManagerService
12-01 18:34:34.229 1495 1602 I ActivityManagerTiming: OnBootPhase_1000_com.android.server.graphics.fonts.FontManagerService$Lifecycle
12-01 18:34:34.229 1495 1602 I ActivityManagerTiming: OnBootPhase_1000_com.android.server.textservices.TextServicesManagerService$Lifecycle
12-01 18:34:34.229 1495 1602 I ActivityManagerTiming: OnBootPhase_1000_com.android.server.textclassifier.TextClassificationManagerService$Lifecycle
12-01 18:34:34.229 1495 1602 I ActivityManagerTiming: OnBootPhase_1000_com.android.server.NetworkScoreService$Lifecycle
12-01 18:34:34.229 1495 1602 I ActivityManagerTiming: OnBootPhase_1000_com.android.server.wifi.WifiService
12-01 18:34:34.229 1495 1602 I ActivityManagerTiming: OnBootPhase_1000_com.android.server.wifi.scanner.WifiScanningService
12-01 18:34:34.229 1495 1602 I ActivityManagerTiming: OnBootPhase_1000_com.android.server.wifi.rtt.RttService
12-01 18:34:34.229 1495 1602 I ActivityManagerTiming: OnBootPhase_1000_com.android.server.wifi.aware.WifiAwareService
12-01 18:34:34.229 1495 1602 I ActivityManagerTiming: OnBootPhase_1000_com.android.server.wifi.p2p.WifiP2pService
12-01 18:34:34.229 1495 1602 I ActivityManagerTiming: OnBootPhase_1000_com.android.server.ethernet.EthernetService
12-01 18:34:34.229 1495 1602 I ActivityManagerTiming: OnBootPhase_1000_com.android.server.ConnectivityServiceInitializer
12-01 18:34:34.229 1495 1602 I ActivityManagerTiming: OnBootPhase_1000_com.android.server.notification.NotificationManagerService
12-01 18:34:34.229 1495 1602 I ActivityManagerTiming: OnBootPhase_1000_com.android.server.storage.DeviceStorageMonitorService
12-01 18:34:34.229 1495 1602 I ActivityManagerTiming: OnBootPhase_1000_com.android.server.location.LocationManagerService$Lifecycle
12-01 18:34:34.229 1495 1602 I ActivityManagerTiming: OnBootPhase_1000_com.android.server.timedetector.TimeDetectorService$Lifecycle
12-01 18:34:34.229 1495 1602 I ActivityManagerTiming: OnBootPhase_1000_com.android.server.timezonedetector.TimeZoneDetectorService$Lifecycle
12-01 18:34:34.230 1495 1602 I ActivityManagerTiming: OnBootPhase_1000_com.android.server.timezonedetector.location.LocationTimeZoneManagerService$Lifecycle
12-01 18:34:34.230 1495 1602 I ActivityManagerTiming: OnBootPhase_1000_com.android.server.search.SearchManagerService$Lifecycle
12-01 18:34:34.230 1495 1602 I ActivityManagerTiming: OnBootPhase_1000_com.android.server.wallpaper.WallpaperManagerService$Lifecycle
12-01 18:34:34.230 1495 1602 I ActivityManagerTiming: OnBootPhase_1000_com.android.server.audio.AudioService$Lifecycle
12-01 18:34:34.230 1495 1602 I ActivityManagerTiming: OnBootPhase_1000_com.android.server.soundtrigger_middleware.SoundTriggerMiddlewareService$Lifecycle
12-01 18:34:34.230 1495 1602 I ActivityManagerTiming: OnBootPhase_1000_com.android.server.DockObserver
12-01 18:34:34.230 1495 1602 I ActivityManagerTiming: OnBootPhase_1000_com.android.server.midi.MidiService$Lifecycle
12-01 18:34:34.230 1495 1602 I ActivityManagerTiming: OnBootPhase_1000_com.android.server.adb.AdbService$Lifecycle
12-01 18:34:34.230 1495 1602 I ActivityManagerTiming: OnBootPhase_1000_com.android.server.usb.UsbService$Lifecycle
12-01 18:34:34.230 1495 1602 I ActivityManagerTiming: OnBootPhase_1000_com.android.server.twilight.TwilightService
12-01 18:34:34.230 1495 1599 I UsbDeviceManager: Setting USB config to mtp
12-01 18:34:34.231 1495 1602 I ActivityManagerTiming: OnBootPhase_1000_com.android.server.display.color.ColorDisplayService
12-01 18:34:34.231 1495 1602 I ActivityManagerTiming: OnBootPhase_1000_com.android.server.job.JobSchedulerService
12-01 18:34:34.231 1495 1602 I ActivityManagerTiming: OnBootPhase_1000_com.android.server.soundtrigger.SoundTriggerService
12-01 18:34:34.231 1495 1602 D SoundTriggerService: onBootPhase: 1000 : false
12-01 18:34:34.231 1495 1602 I ActivityManagerTiming: OnBootPhase_1000_com.android.server.trust.TrustManagerService
12-01 18:34:34.232 1495 1602 I ActivityManagerTiming: OnBootPhase_1000_com.android.server.backup.BackupManagerService$Lifecycle
12-01 18:34:34.232 1495 1602 I ActivityManagerTiming: OnBootPhase_1000_com.android.server.appwidget.AppWidgetService
12-01 18:34:34.232 1495 1602 I ActivityManagerTiming: OnBootPhase_1000_com.android.server.voiceinteraction.VoiceInteractionManagerService
12-01 18:34:34.232 1495 1602 I ActivityManagerTiming: OnBootPhase_1000_com.android.server.apphibernation.AppHibernationService
12-01 18:34:34.232 1495 1602 I ActivityManagerTiming: OnBootPhase_1000_com.android.server.GestureLauncherService
12-01 18:34:34.232 1495 1602 I ActivityManagerTiming: OnBootPhase_1000_com.android.server.SensorNotificationService
12-01 18:34:34.232 1495 3044 I HibernationStateDiskStore: No hibernation file on disk for file /data/system/hibernation/states
12-01 18:34:34.233 1495 1602 D CompatibilityChangeReporter: Compat change id reported: 168936375; UID 1000; state: ENABLED
12-01 18:34:34.233 1495 1602 D CompatibilityChangeReporter: Compat change id reported: 168936375; UID 1000; state: DISABLED
12-01 18:34:34.234 1495 1602 D CompatibilityChangeReporter: Compat change id reported: 73144566; UID 1000; state: ENABLED
12-01 18:34:34.234 1495 1602 D CompatibilityChangeReporter: Compat change id reported: 73144566; UID 1000; state: DISABLED
12-01 18:34:34.234 1495 1602 I ActivityManagerTiming: OnBootPhase_1000_com.android.server.emergency.EmergencyAffordanceService
12-01 18:34:34.234 1495 1602 I ActivityManagerTiming: OnBootPhase_1000_com.android.server.blob.BlobStoreManagerService
12-01 18:34:34.235 1495 1602 I ActivityManagerTiming: OnBootPhase_1000_com.android.server.dreams.DreamManagerService
12-01 18:34:34.235 1495 1602 I ActivityManagerTiming: OnBootPhase_1000_com.android.server.companion.CompanionDeviceManagerService
12-01 18:34:34.235 1495 1602 I ActivityManagerTiming: OnBootPhase_1000_com.android.server.restrictions.RestrictionsManagerService
12-01 18:34:34.235 1495 1602 I ActivityManagerTiming: OnBootPhase_1000_com.android.server.media.MediaSessionService
12-01 18:34:34.235 1495 1602 I ActivityManagerTiming: OnBootPhase_1000_com.android.server.media.MediaResourceMonitorService
12-01 18:34:34.235 1495 1602 I ActivityManagerTiming: OnBootPhase_1000_com.android.server.biometrics.sensors.fingerprint.FingerprintService
12-01 18:34:34.235 1495 1602 I ActivityManagerTiming: OnBootPhase_1000_com.android.server.biometrics.BiometricService
12-01 18:34:34.235 1495 1602 I ActivityManagerTiming: OnBootPhase_1000_com.android.server.biometrics.AuthService
12-01 18:34:34.235 1495 1602 I ActivityManagerTiming: OnBootPhase_1000_com.android.server.pm.ShortcutService$Lifecycle
12-01 18:34:34.235 1495 1602 I ActivityManagerTiming: OnBootPhase_1000_com.android.server.pm.LauncherAppsService
12-01 18:34:34.235 1495 1602 I ActivityManagerTiming: OnBootPhase_1000_com.android.server.pm.CrossProfileAppsService
12-01 18:34:34.235 1495 1602 I ActivityManagerTiming: OnBootPhase_1000_com.android.server.people.PeopleService
12-01 18:34:34.235 1495 1602 I ActivityManagerTiming: OnBootPhase_1000_com.android.server.media.metrics.MediaMetricsManagerService
12-01 18:34:34.235 1495 1602 I ActivityManagerTiming: OnBootPhase_1000_com.android.server.media.projection.MediaProjectionManagerService
12-01 18:34:34.235 1495 1602 I ActivityManagerTiming: OnBootPhase_1000_com.android.server.slice.SliceManagerService$Lifecycle
12-01 18:34:34.235 1495 1602 I ActivityManagerTiming: OnBootPhase_1000_com.android.server.stats.StatsCompanion$Lifecycle
12-01 18:34:34.235 1495 1602 I ActivityManagerTiming: OnBootPhase_1000_com.android.server.scheduling.RebootReadinessManagerService$Lifecycle
12-01 18:34:34.235 1495 1602 I ActivityManagerTiming: OnBootPhase_1000_com.android.server.stats.pull.StatsPullAtomService
12-01 18:34:34.235 1495 1602 I ActivityManagerTiming: OnBootPhase_1000_com.android.server.incident.IncidentCompanionService
12-01 18:34:34.235 1495 1602 I ActivityManagerTiming: OnBootPhase_1000_com.android.server.MmsServiceBroker
12-01 18:34:34.235 1495 1602 I ActivityManagerTiming: OnBootPhase_1000_com.android.server.autofill.AutofillManagerService
12-01 18:34:34.235 1495 1602 I ActivityManagerTiming: OnBootPhase_1000_com.android.server.clipboard.ClipboardService
12-01 18:34:34.235 1495 1602 I ActivityManagerTiming: OnBootPhase_1000_com.android.server.appbinding.AppBindingService$Lifecycle
12-01 18:34:34.235 1495 1602 I ActivityManagerTiming: OnBootPhase_1000_com.android.server.tracing.TracingServiceProxy
12-01 18:34:34.235 1495 1602 I ActivityManagerTiming: OnBootPhase_1000_com.android.server.policy.PermissionPolicyService
12-01 18:34:34.235 1495 1602 I ActivityManagerTiming: OnBootPhase_1000_com.android.server.pm.StagingManager$Lifecycle
12-01 18:34:34.235 1495 1602 I ActivityManagerTiming: OnBootPhase_1000_com.android.server.app.GameManagerService$Lifecycle
12-01 18:34:34.235 1495 1602 D GameManagerService: onBootCompleted
12-01 18:34:34.235 1495 1602 I ActivityManagerTiming: OnBootPhase_1000_com.android.server.appsearch.AppSearchManagerService
12-01 18:34:34.236 1495 1602 I ActivityManagerTiming: OnBootPhase_1000_com.android.server.media.MediaCommunicationService
12-01 18:34:34.236 1495 1602 D ActivityManagerTiming: TotalBootTime took to complete: 15111ms
12-01 18:34:34.236 1495 1602 D SystemServerInitThreadPool: Shutdown requested
12-01 18:34:34.236 1495 1602 I SystemServerTiming: WaitInitThreadPoolShutdown
12-01 18:34:34.237 1495 1602 D SystemServerInitThreadPool: Shutdown successful
12-01 18:34:34.237 1495 1602 D CompatibilityChangeReporter: Compat change id reported: 135634846; UID 10097; state: DISABLED
12-01 18:34:34.237 1495 1602 D CompatibilityChangeReporter: Compat change id reported: 177438394; UID 10097; state: DISABLED
12-01 18:34:34.237 1495 1602 D CompatibilityChangeReporter: Compat change id reported: 135772972; UID 10097; state: DISABLED
12-01 18:34:34.237 1495 1602 D CompatibilityChangeReporter: Compat change id reported: 135754954; UID 10097; state: ENABLED
12-01 18:34:34.237 1495 1611 D CompatibilityChangeReporter: Compat change id reported: 143937733; UID 10097; state: ENABLED
12-01 18:34:34.237 1495 1611 W ActivityManager: android.ext.services inode == 0 (b/152760674)
12-01 18:34:34.238 1495 1602 I ActivityManager: User 0 state changed from BOOTING to RUNNING_LOCKED
12-01 18:34:34.238 1495 1602 W ActivityManager: UserLifecycleEvent 4 received without an active userJourneySession.
12-01 18:34:34.238 1495 1602 W ActivityManager: UserLifecycleEvent 5 received without an active userJourneySession.
12-01 18:34:34.238 1495 1602 D ActivityManager: Started unlocking user 0
12-01 18:34:34.238 1495 1602 D ActivityManager: Unlocking user 0 progress 0
12-01 18:34:34.238 1495 1602 D ActivityManager: Unlocking user 0 progress 5
12-01 18:34:34.240 1495 1610 D CompatibilityChangeReporter: Compat change id reported: 135634846; UID 10071; state: DISABLED
12-01 18:34:34.240 1495 1610 D CompatibilityChangeReporter: Compat change id reported: 177438394; UID 10071; state: DISABLED
12-01 18:34:34.240 1495 1610 D CompatibilityChangeReporter: Compat change id reported: 135772972; UID 10071; state: DISABLED
12-01 18:34:34.240 1495 1610 D CompatibilityChangeReporter: Compat change id reported: 135754954; UID 10071; state: DISABLED
12-01 18:34:34.243 1495 1611 I ActivityManager: Start proc 3046:android.ext.services/u0a97 for on-hold
12-01 18:34:34.243 1495 1611 D CompatibilityChangeReporter: Compat change id reported: 143937733; UID 10071; state: DISABLED
12-01 18:34:34.243 1495 1611 W ActivityManager: com.android.deskclock inode == 0 (b/152760674)
12-01 18:34:34.249 1495 1611 I ActivityManager: Start proc 3047:com.android.deskclock/u0a71 for broadcast {com.android.deskclock/com.android.deskclock.AlarmInitReceiver}
12-01 18:34:34.255 1495 2417 D CompatibilityChangeReporter: Compat change id reported: 168419799; UID 10097; state: DISABLED
12-01 18:34:34.263 1495 2416 D CompatibilityChangeReporter: Compat change id reported: 168419799; UID 10071; state: DISABLED
12-01 18:34:34.281 515 515 D vold : fscrypt_prepare_user_storage for volume null, user 0, serial 0, flags 2
12-01 18:34:34.281 515 515 D vold : Preparing: /data/system_ce/0
12-01 18:34:34.281 515 515 D vold : Preparing: /data/misc_ce/0
12-01 18:34:34.281 515 515 D vold : Preparing: /data/vendor_ce/0
12-01 18:34:34.281 515 515 D vold : Preparing: /data/media/0
12-01 18:34:34.282 515 515 D vold : Preparing: /data/data
12-01 18:34:34.282 515 515 I vold : Encryption policy of /data/system_ce/0 set to f545c691c8a270d59fc5cd22953bcd49 v2 modes 1/4 flags 0xa
12-01 18:34:34.282 515 515 I vold : Encryption policy of /data/misc_ce/0 set to f545c691c8a270d59fc5cd22953bcd49 v2 modes 1/4 flags 0xa
12-01 18:34:34.282 515 515 I vold : Encryption policy of /data/vendor_ce/0 set to f545c691c8a270d59fc5cd22953bcd49 v2 modes 1/4 flags 0xa
12-01 18:34:34.282 515 515 I vold : Encryption policy of /data/media/0 set to f545c691c8a270d59fc5cd22953bcd49 v2 modes 1/4 flags 0xa
12-01 18:34:34.282 515 515 I vold : Encryption policy of /data/data set to f545c691c8a270d59fc5cd22953bcd49 v2 modes 1/4 flags 0xa
12-01 18:34:34.282 515 515 D vold : Starting restorecon of /data/system_ce/0
12-01 18:34:34.283 515 515 D vold : Finished restorecon of /data/system_ce/0
12-01 18:34:34.283 515 515 D vold : Starting restorecon of /data/vendor_ce/0
12-01 18:34:34.284 515 515 D vold : Finished restorecon of /data/vendor_ce/0
12-01 18:34:34.284 515 515 D vold : Starting restorecon of /data/misc_ce/0
12-01 18:34:34.284 515 515 D vold : Finished restorecon of /data/misc_ce/0
12-01 18:34:34.284 515 515 D vold : /system/bin/vold_prepare_subdirs
12-01 18:34:34.284 515 515 D vold : prepare
12-01 18:34:34.284 515 515 D vold :
12-01 18:34:34.284 515 515 D vold : 0
12-01 18:34:34.284 515 515 D vold : 2
12-01 18:34:34.299 1495 1599 V UserDataPreparer: Found /data/user/0 with serial number 0
12-01 18:34:34.299 1495 1599 V UserDataPreparer: Found /data/system_ce/0 with serial number -1
12-01 18:34:34.299 1495 1599 D UserDataPreparer: Serial number missing on /data/system_ce/0; assuming current is valid
12-01 18:34:34.300 1495 1599 D UserDataPreparer: Setting property: sys.user.0.ce_available=true
12-01 18:34:34.301 1495 1599 V PackageManager: reconcileAppsData for null u0 0x2 migrateAppData=true
12-01 18:34:34.308 1495 2416 D CompatibilityChangeReporter: Compat change id reported: 168419799; UID 10088; state: DISABLED
12-01 18:34:34.311 1495 2416 D CompatibilityChangeReporter: Compat change id reported: 135634846; UID 10073; state: DISABLED
12-01 18:34:34.311 1495 2416 D CompatibilityChangeReporter: Compat change id reported: 177438394; UID 10073; state: DISABLED
12-01 18:34:34.311 1495 2416 D CompatibilityChangeReporter: Compat change id reported: 135772972; UID 10073; state: DISABLED
12-01 18:34:34.311 1495 2416 D CompatibilityChangeReporter: Compat change id reported: 135754954; UID 10073; state: ENABLED
12-01 18:34:34.311 1495 1611 D CompatibilityChangeReporter: Compat change id reported: 143937733; UID 10073; state: ENABLED
12-01 18:34:34.311 1495 1611 W ActivityManager: com.qualcomm.location inode == 0 (b/152760674)
12-01 18:34:34.317 1495 1611 I ActivityManager: Start proc 3090:com.qualcomm.location/u0a73 for broadcast {com.qualcomm.location/com.qualcomm.location.LocationServiceReceiver}
12-01 18:34:34.318 3089 3089 F libc : Fatal signal 6 (SIGABRT), code -1 (SI_QUEUE) in tid 3089 (init), pid 3089 (init)
12-01 18:34:34.328 3089 3089 F libc : crash_dump helper failed to exec, or was killed
12-01 18:34:34.345 1495 2847 D CompatibilityChangeReporter: Compat change id reported: 168419799; UID 10073; state: DISABLED
12-01 18:34:34.353 1495 1495 W Looper : Slow dispatch took 387ms main h=android.app.ActivityThread$H c=android.app.LoadedApk$ReceiverDispatcher$Args$$ExternalSyntheticLambda0@57ef7ff m=0
12-01 18:34:34.354 1495 1495 D BiometricScheduler/Fingerprint21: [Finishing] {[0] FingerprintUpdateActiveUserClient, proto=1, owner=android, cookie=0, requestId=-1, userId=0}, success: true
12-01 18:34:34.354 1495 1495 D BiometricScheduler/Fingerprint21: [Polled] {[1] FingerprintUpdateActiveUserClient, proto=1, owner=android, cookie=0, requestId=-1, userId=0}, State: 0
12-01 18:34:34.354 1495 1495 D BiometricScheduler/Fingerprint21: [Starting] {[1] FingerprintUpdateActiveUserClient, proto=1, owner=android, cookie=0, requestId=-1, userId=0}, State: 0
12-01 18:34:34.354 1495 1495 D BiometricScheduler/Fingerprint21: [Started] {[1] FingerprintUpdateActiveUserClient, proto=1, owner=android, cookie=0, requestId=-1, userId=0}
12-01 18:34:34.413 2783 2783 W ContextImpl: Calling a method in the system process without a qualified user: android.app.ContextImpl.startService:1816 android.content.ContextWrapper.startService:774 android.content.ContextWrapper.startService:774 com.qualcomm.qti.qdma.app.BootReceiver.onBootReceived:115 com.qualcomm.qti.innodme.InnoBootReceiver.onReceive:22
12-01 18:34:34.423 1495 1751 D CompatibilityChangeReporter: Compat change id reported: 135634846; UID 10087; state: DISABLED
12-01 18:34:34.423 1495 1751 D CompatibilityChangeReporter: Compat change id reported: 177438394; UID 10087; state: DISABLED
12-01 18:34:34.423 1495 1751 D CompatibilityChangeReporter: Compat change id reported: 135772972; UID 10087; state: DISABLED
12-01 18:34:34.423 1495 1751 D CompatibilityChangeReporter: Compat change id reported: 135754954; UID 10087; state: ENABLED
12-01 18:34:34.423 1495 1611 D CompatibilityChangeReporter: Compat change id reported: 143937733; UID 10087; state: ENABLED
12-01 18:34:34.423 1495 1611 W ActivityManager: com.qualcomm.qtil.aptxui inode == 0 (b/152760674)
12-01 18:34:34.425 2783 3137 W ContextImpl: Calling a method in the system process without a qualified user: android.app.ContextImpl.startService:1816 android.content.ContextWrapper.startService:774 com.qualcomm.qti.qdma.util.PeriodicCI.run:477 com.qualcomm.qti.qdma.util.PeriodicCI.start:390 com.qualcomm.qti.qdma.app.ActiveCareService$ProcessSessionRequest.run:457
12-01 18:34:34.441 1495 2278 D CompatibilityChangeReporter: Compat change id reported: 182478738; UID 1001; state: DISABLED
12-01 18:34:34.443 1495 1611 I ActivityManager: Start proc 3143:com.qualcomm.qtil.aptxui/u0a87 for broadcast {com.qualcomm.qtil.aptxui/com.qualcomm.qtil.aptxui.aptxuiBootReceiver}
12-01 18:34:34.466 1495 2417 D CompatibilityChangeReporter: Compat change id reported: 168419799; UID 10087; state: DISABLED
12-01 18:34:34.520 1495 2417 D CompatibilityChangeReporter: Compat change id reported: 168419799; UID 10057; state: DISABLED
12-01 18:34:34.527 1495 2417 D CompatibilityChangeReporter: Compat change id reported: 168419799; UID 1000; state: DISABLED
12-01 18:34:34.529 2663 2663 W ContextImpl: Calling a method in the system process without a qualified user: android.app.ContextImpl.startService:1816 android.content.ContextWrapper.startService:774 android.content.ContextWrapper.startService:774 vendor.qti.qesdk.sysservice.QesdkSysReceiver.onReceive:42 android.app.ActivityThread.handleReceiver:4309
12-01 18:34:34.603 1495 1599 V PackageManager: reconcileAppsData finished 139 packages
12-01 18:34:34.603 1495 1599 I ActivityManager: User 0 state changed from RUNNING_LOCKED to RUNNING_UNLOCKING
12-01 18:34:34.604 1495 1599 D ActivityManager: Unlocking user 0 progress 20
12-01 18:34:34.604 1495 1599 W Looper : Slow dispatch took 323ms android.fg h=android.os.Handler c=com.android.server.am.UserController$$ExternalSyntheticLambda3@e21de07 m=0
12-01 18:34:34.604 1495 1599 W Looper : Slow delivery took 366ms android.fg h=android.os.Handler c=com.android.server.am.UserController$$ExternalSyntheticLambda1@dbe5d5d m=0
12-01 18:34:34.604 1495 1610 I SystemServerTimingAsync: ssm.UnlockingUser-0
12-01 18:34:34.604 1495 1610 I SystemServiceManager: Calling onUnlockingUser 0
12-01 18:34:34.604 1495 1610 I SystemServerTimingAsync: ssm.onUnlockingUser-0_com.android.server.security.FileIntegrityService
12-01 18:34:34.605 1495 1610 I SystemServerTimingAsync: ssm.onUnlockingUser-0_com.android.server.pm.Installer
12-01 18:34:34.605 1495 1610 I SystemServerTimingAsync: ssm.onUnlockingUser-0_com.android.server.os.DeviceIdentifiersPolicyService
12-01 18:34:34.605 1495 1610 I SystemServerTimingAsync: ssm.onUnlockingUser-0_com.android.server.uri.UriGrantsManagerService$Lifecycle
12-01 18:34:34.605 1495 1610 I SystemServerTimingAsync: ssm.onUnlockingUser-0_com.android.server.powerstats.PowerStatsService
12-01 18:34:34.605 1495 1610 I SystemServerTimingAsync: ssm.onUnlockingUser-0_com.android.server.wm.ActivityTaskManagerService$Lifecycle
12-01 18:34:34.605 1495 1610 I SystemServerTimingAsync: ssm.onUnlockingUser-0_com.android.server.am.ActivityManagerService$Lifecycle
12-01 18:34:34.605 1495 1610 I SystemServerTimingAsync: ssm.onUnlockingUser-0_com.android.server.pm.DataLoaderManagerService
12-01 18:34:34.605 1495 1610 I SystemServerTimingAsync: ssm.onUnlockingUser-0_com.android.server.power.PowerManagerService
12-01 18:34:34.605 1495 1610 I SystemServerTimingAsync: ssm.onUnlockingUser-0_com.android.server.power.ThermalManagerService
12-01 18:34:34.605 1495 1610 I SystemServerTimingAsync: ssm.onUnlockingUser-0_com.android.server.power.hint.HintManagerService
12-01 18:34:34.605 1495 1610 I SystemServerTimingAsync: ssm.onUnlockingUser-0_com.android.server.recoverysystem.RecoverySystemService$Lifecycle
12-01 18:34:34.605 1495 1610 I SystemServerTimingAsync: ssm.onUnlockingUser-0_com.android.server.lights.LightsService
12-01 18:34:34.605 1495 1610 I SystemServerTimingAsync: ssm.onUnlockingUser-0_com.android.server.display.DisplayManagerService
12-01 18:34:34.605 1495 1610 I SystemServerTimingAsync: ssm.onUnlockingUser-0_com.android.server.pm.verify.domain.DomainVerificationService
12-01 18:34:34.605 1495 1610 I SystemServerTimingAsync: ssm.onUnlockingUser-0_com.android.server.pm.PackageInstallerService$Lifecycle
12-01 18:34:34.605 1495 1610 I SystemServerTimingAsync: ssm.onUnlockingUser-0_com.android.server.pm.UserManagerService$LifeCycle
12-01 18:34:34.605 1495 1610 I SystemServerTimingAsync: ssm.onUnlockingUser-0_com.android.server.om.OverlayManagerService
12-01 18:34:34.605 1495 1610 I SystemServerTimingAsync: ssm.onUnlockingUser-0_com.android.server.SensorPrivacyService
12-01 18:34:34.605 1495 1610 I SystemServerTimingAsync: ssm.onUnlockingUser-0_com.android.server.sensors.SensorService
12-01 18:34:34.605 1495 1610 I SystemServerTimingAsync: ssm.onUnlockingUser-0_com.android.server.SystemConfigService
12-01 18:34:34.605 1495 1610 I SystemServerTimingAsync: ssm.onUnlockingUser-0_com.android.server.BatteryService
12-01 18:34:34.605 1495 1610 I SystemServerTimingAsync: ssm.onUnlockingUser-0_com.android.server.usage.UsageStatsService
12-01 18:34:34.605 1495 1610 I SystemServerTimingAsync: ssm.onUnlockingUser-0_com.android.server.webkit.WebViewUpdateService
12-01 18:34:34.606 1495 1610 I SystemServerTimingAsync: ssm.onUnlockingUser-0_com.android.server.CachedDeviceStateService
12-01 18:34:34.606 1495 1610 I SystemServerTimingAsync: ssm.onUnlockingUser-0_com.android.server.BinderCallsStatsService$LifeCycle
12-01 18:34:34.606 1495 1610 I SystemServerTimingAsync: ssm.onUnlockingUser-0_com.android.server.LooperStatsService$Lifecycle
12-01 18:34:34.606 1495 1610 I SystemServerTimingAsync: ssm.onUnlockingUser-0_com.android.server.rollback.RollbackManagerService
12-01 18:34:34.607 1495 1610 I SystemServerTimingAsync: ssm.onUnlockingUser-0_com.android.server.os.NativeTombstoneManagerService
12-01 18:34:34.607 1495 1610 I SystemServerTimingAsync: ssm.onUnlockingUser-0_com.android.server.os.BugreportManagerService
12-01 18:34:34.607 1495 1610 I SystemServerTimingAsync: ssm.onUnlockingUser-0_com.android.server.gpu.GpuService
12-01 18:34:34.607 1495 1610 I SystemServerTimingAsync: ssm.onUnlockingUser-0_com.android.server.security.KeyChainSystemService
12-01 18:34:34.607 1495 1599 D UsbDeviceManager: push notification:正在通过 USB 为此设备充电
12-01 18:34:34.607 1495 1610 I SystemServerTimingAsync: ssm.onUnlockingUser-0_com.android.server.telecom.TelecomLoaderService
12-01 18:34:34.607 1495 1610 I SystemServerTimingAsync: ssm.onUnlockingUser-0_com.android.server.accounts.AccountManagerService$Lifecycle
12-01 18:34:34.607 1495 1610 I SystemServerTimingAsync: ssm.onUnlockingUser-0_com.android.server.content.ContentService$Lifecycle
12-01 18:34:34.607 1495 1610 I SystemServerTimingAsync: ssm.onUnlockingUser-0_com.android.server.DropBoxManagerService
12-01 18:34:34.607 1495 1610 I SystemServerTimingAsync: ssm.onUnlockingUser-0_com.android.role.RoleService
12-01 18:34:34.607 1495 1610 I SystemServerTimingAsync: ssm.onUnlockingUser-0_com.android.server.vibrator.VibratorManagerService$Lifecycle
12-01 18:34:34.607 1495 1610 I SystemServerTimingAsync: ssm.onUnlockingUser-0_com.android.server.alarm.AlarmManagerService
12-01 18:34:34.607 1495 1610 I SystemServerTimingAsync: ssm.onUnlockingUser-0_com.android.server.devicestate.DeviceStateManagerService
12-01 18:34:34.607 1495 1610 I SystemServerTimingAsync: ssm.onUnlockingUser-0_com.android.server.camera.CameraServiceProxy
12-01 18:34:34.607 1495 1610 I SystemServerTimingAsync: ssm.onUnlockingUser-0_com.android.server.BluetoothService
12-01 18:34:34.607 1495 1610 D BluetoothManagerService: User 0 unlocked
12-01 18:34:34.607 1495 1610 I SystemServerTimingAsync: ssm.onUnlockingUser-0_com.android.server.connectivity.IpConnectivityMetrics
12-01 18:34:34.607 1495 1599 W Looper : Drained
12-01 18:34:34.607 1495 1601 D BluetoothManagerService: MESSAGE_USER_UNLOCKED
12-01 18:34:34.607 1495 1610 I SystemServerTimingAsync: ssm.onUnlockingUser-0_com.android.server.net.watchlist.NetworkWatchlistService$Lifecycle
12-01 18:34:34.607 1495 1610 I SystemServerTimingAsync: ssm.onUnlockingUser-0_com.android.server.PinnerService
12-01 18:34:34.607 1495 1610 I SystemServerTimingAsync: ssm.onUnlockingUser-0_com.google.android.startop.iorap.IorapForwardingService
12-01 18:34:34.607 1495 1610 I SystemServerTimingAsync: ssm.onUnlockingUser-0_com.android.server.ActivityTriggerService
12-01 18:34:34.607 1495 1610 I SystemServerTimingAsync: ssm.onUnlockingUser-0_com.android.server.integrity.AppIntegrityManagerService
12-01 18:34:34.607 1495 1610 I SystemServerTimingAsync: ssm.onUnlockingUser-0_com.android.server.inputmethod.InputMethodManagerService$Lifecycle
12-01 18:34:34.607 1495 1610 I SystemServerTimingAsync: ssm.onUnlockingUser-0_com.android.server.accessibility.AccessibilityManagerService$Lifecycle
12-01 18:34:34.607 1495 1610 I SystemServerTimingAsync: ssm.onUnlockingUser-0_com.android.server.StorageManagerService$Lifecycle
12-01 18:34:34.607 1495 1610 D StorageManagerService: onUnlockUser 0
12-01 18:34:34.607 1495 1610 I StorageSessionController: On user unlock 0
12-01 18:34:34.607 1495 1610 I StorageSessionController: Initialialising...
12-01 18:34:34.608 515 515 I vold : onUserStarted: 0
12-01 18:34:34.609 1495 1610 I SystemServerTimingAsync: ssm.onUnlockingUser-0_com.android.server.usage.StorageStatsService$Lifecycle
12-01 18:34:34.609 1495 1751 V StorageManagerService: Found primary storage at VolumeInfo{emulated;0}:
12-01 18:34:34.609 1495 1751 V StorageManagerService: type=EMULATED diskId=null partGuid= mountFlags=0 mountUserId=0
12-01 18:34:34.609 1495 1751 V StorageManagerService: state=UNMOUNTED
12-01 18:34:34.609 1495 1751 V StorageManagerService: fsType=null fsUuid=null fsLabel=null
12-01 18:34:34.609 1495 1751 V StorageManagerService: path=null internalPath=null
12-01 18:34:34.609 1495 1610 I SystemServerTimingAsync: ssm.onUnlockingUser-0_com.android.server.UiModeManagerService
12-01 18:34:34.609 1495 1610 I SystemServerTimingAsync: ssm.onUnlockingUser-0_com.android.server.locksettings.LockSettingsService$Lifecycle
12-01 18:34:34.609 1495 1610 I SystemServerTimingAsync: ssm.onUnlockingUser-0_com.android.server.PersistentDataBlockService
12-01 18:34:34.609 1495 1610 I SystemServerTimingAsync: ssm.onUnlockingUser-0_com.android.server.testharness.TestHarnessModeService
12-01 18:34:34.609 1495 1610 I SystemServerTimingAsync: ssm.onUnlockingUser-0_com.android.server.oemlock.OemLockService
12-01 18:34:34.609 1495 1610 I SystemServerTimingAsync: ssm.onUnlockingUser-0_com.android.server.DeviceIdleController
12-01 18:34:34.609 1495 1610 I SystemServerTimingAsync: ssm.onUnlockingUser-0_com.android.server.devicepolicy.DevicePolicyManagerService$Lifecycle
12-01 18:34:34.609 1495 1610 I SystemServerTimingAsync: ssm.onUnlockingUser-0_com.android.server.texttospeech.TextToSpeechManagerService
12-01 18:34:34.610 1495 1610 I SystemServerTimingAsync: ssm.onUnlockingUser-0_com.android.server.speech.SpeechRecognitionManagerService
12-01 18:34:34.610 1495 1994 I StorageManagerService: Mounting volume VolumeInfo{emulated;0}:
12-01 18:34:34.610 1495 1994 I StorageManagerService: type=EMULATED diskId=null partGuid= mountFlags=PRIMARY|VISIBLE
12-01 18:34:34.610 1495 1994 I StorageManagerService: mountUserId=0 state=UNMOUNTED
12-01 18:34:34.610 1495 1994 I StorageManagerService: fsType=null fsUuid=null fsLabel=null
12-01 18:34:34.610 1495 1994 I StorageManagerService: path=null internalPath=null
12-01 18:34:34.610 1495 1610 I SystemServerTimingAsync: ssm.onUnlockingUser-0_com.android.server.searchui.SearchUiManagerService
12-01 18:34:34.610 1495 1610 I SystemServerTimingAsync: ssm.onUnlockingUser-0_com.android.server.smartspace.SmartspaceManagerService
12-01 18:34:34.610 1495 1610 I SystemServerTimingAsync: ssm.onUnlockingUser-0_com.android.server.graphics.fonts.FontManagerService$Lifecycle
12-01 18:34:34.610 1495 1610 I SystemServerTimingAsync: ssm.onUnlockingUser-0_com.android.server.textservices.TextServicesManagerService$Lifecycle
12-01 18:34:34.610 515 515 I vold : Executing sdcardfs
12-01 18:34:34.612 515 515 D vold : Waiting for sdcardfs to spin up...
12-01 18:34:34.616 1495 1610 I SystemServerTimingAsync: ssm.onUnlockingUser-0_com.android.server.textclassifier.TextClassificationManagerService$Lifecycle
12-01 18:34:34.616 1495 1610 I SystemServerTimingAsync: ssm.onUnlockingUser-0_com.android.server.NetworkScoreService$Lifecycle
12-01 18:34:34.616 1495 1610 I SystemServerTimingAsync: ssm.onUnlockingUser-0_com.android.server.wifi.WifiService
12-01 18:34:34.616 1495 1610 I SystemServerTimingAsync: ssm.onUnlockingUser-0_com.android.server.wifi.scanner.WifiScanningService
12-01 18:34:34.617 1495 1610 I SystemServerTimingAsync: ssm.onUnlockingUser-0_com.android.server.wifi.rtt.RttService
12-01 18:34:34.617 1495 1610 I SystemServerTimingAsync: ssm.onUnlockingUser-0_com.android.server.wifi.aware.WifiAwareService
12-01 18:34:34.617 1495 1610 I SystemServerTimingAsync: ssm.onUnlockingUser-0_com.android.server.wifi.p2p.WifiP2pService
12-01 18:34:34.617 1495 1610 I SystemServerTimingAsync: ssm.onUnlockingUser-0_com.android.server.ethernet.EthernetService
12-01 18:34:34.617 1495 1610 I SystemServerTimingAsync: ssm.onUnlockingUser-0_com.android.server.ConnectivityServiceInitializer
12-01 18:34:34.617 1495 1610 I SystemServerTimingAsync: ssm.onUnlockingUser-0_com.android.server.notification.NotificationManagerService
12-01 18:34:34.617 1495 1610 I SystemServerTimingAsync: ssm.onUnlockingUser-0_com.android.server.storage.DeviceStorageMonitorService
12-01 18:34:34.617 1495 1610 I SystemServerTimingAsync: ssm.onUnlockingUser-0_com.android.server.location.LocationManagerService$Lifecycle
12-01 18:34:34.617 1495 1610 I SystemServerTimingAsync: ssm.onUnlockingUser-0_com.android.server.timedetector.TimeDetectorService$Lifecycle
12-01 18:34:34.617 1495 1610 I SystemServerTimingAsync: ssm.onUnlockingUser-0_com.android.server.timezonedetector.TimeZoneDetectorService$Lifecycle
12-01 18:34:34.617 1495 1610 I SystemServerTimingAsync: ssm.onUnlockingUser-0_com.android.server.timezonedetector.location.LocationTimeZoneManagerService$Lifecycle
12-01 18:34:34.617 1495 1610 I SystemServerTimingAsync: ssm.onUnlockingUser-0_com.android.server.search.SearchManagerService$Lifecycle
12-01 18:34:34.617 1495 1610 I SystemServerTimingAsync: ssm.onUnlockingUser-0_com.android.server.wallpaper.WallpaperManagerService$Lifecycle
12-01 18:34:34.617 1495 1610 I WallpaperManagerService: on-unlock-user-0
12-01 18:34:34.617 1495 1610 I SystemServerTimingAsync: ssm.onUnlockingUser-0_com.android.server.audio.AudioService$Lifecycle
12-01 18:34:34.617 1495 1610 I SystemServerTimingAsync: ssm.onUnlockingUser-0_com.android.server.soundtrigger_middleware.SoundTriggerMiddlewareService$Lifecycle
12-01 18:34:34.617 1495 1610 I SystemServerTimingAsync: ssm.onUnlockingUser-0_com.android.server.DockObserver
12-01 18:34:34.617 1495 1610 I SystemServerTimingAsync: ssm.onUnlockingUser-0_com.android.server.midi.MidiService$Lifecycle
12-01 18:34:34.617 1495 1610 I SystemServerTimingAsync: ssm.onUnlockingUser-0_com.android.server.adb.AdbService$Lifecycle
12-01 18:34:34.617 1495 1610 I SystemServerTimingAsync: ssm.onUnlockingUser-0_com.android.server.usb.UsbService$Lifecycle
12-01 18:34:34.617 1495 1610 I SystemServerTimingAsync: ssm.onUnlockingUser-0_com.android.server.twilight.TwilightService
12-01 18:34:34.617 1495 1610 I SystemServerTimingAsync: ssm.onUnlockingUser-0_com.android.server.display.color.ColorDisplayService
