12-01 18:45:44.389 4281 4303 W ContextImpl: Calling a method in the system process without a qualified user: android.app.ContextImpl.startService:1816 android.content.ContextWrapper.startService:774 com.thundercomm.gamemode.ingame.services.GameModeActionUtils.startGameModeService:93 com.thundercomm.gamemode.ingame.services.GameModeActionUtils.startGameModeEntry:21 com.thundercomm.gamemode.ingame.services.ActivityMonitoringService$1.onActivityLaunch:127
12-01 18:45:44.392 1495 2334 E DisplayDeviceConfig: requesting nits when no mapping exists.
12-01 18:45:44.393 1495 2334 E DisplayDeviceConfig: requesting nits when no mapping exists.
12-01 18:45:44.404 1495 1495 I GameModeConfig: Current uri is uri = content://com.thundercomm.gamemode.api/gamemode_settings/gamemode_isgaming
12-01 18:45:44.405 1495 1495 I GameModeConfig: isGameModeOn = false
12-01 18:45:44.406 1495 1495 I GameModeConfig: isGameModeOn = false
12-01 18:45:44.406 1495 1495 I GameModeConfig: isDisableVoice = true
12-01 18:45:44.410 1495 2334 E DisplayDeviceConfig: requesting nits when no mapping exists.
12-01 18:45:44.410 1495 2334 E DisplayDeviceConfig: requesting nits when no mapping exists.
12-01 18:45:44.425 1495 2334 E DisplayDeviceConfig: requesting nits when no mapping exists.
12-01 18:45:44.426 1495 2334 E DisplayDeviceConfig: requesting nits when no mapping exists.
12-01 18:45:44.442 1495 2334 E DisplayDeviceConfig: requesting nits when no mapping exists.
12-01 18:45:44.442 1495 2334 E DisplayDeviceConfig: requesting nits when no mapping exists.
12-01 18:45:44.461 1495 2334 E DisplayDeviceConfig: requesting nits when no mapping exists.
12-01 18:45:44.461 1495 2334 E DisplayDeviceConfig: requesting nits when no mapping exists.
12-01 18:45:44.476 1495 2334 E DisplayDeviceConfig: requesting nits when no mapping exists.
12-01 18:45:44.476 1495 2334 E DisplayDeviceConfig: requesting nits when no mapping exists.
12-01 18:45:44.492 1495 2334 E DisplayDeviceConfig: requesting nits when no mapping exists.
12-01 18:45:44.493 1495 2334 E DisplayDeviceConfig: requesting nits when no mapping exists.
12-01 18:45:44.509 1495 2334 E DisplayDeviceConfig: requesting nits when no mapping exists.
12-01 18:45:44.509 1495 2334 E DisplayDeviceConfig: requesting nits when no mapping exists.
12-01 18:45:44.526 1495 2334 E DisplayDeviceConfig: requesting nits when no mapping exists.
12-01 18:45:44.527 1495 2334 E DisplayDeviceConfig: requesting nits when no mapping exists.
12-01 18:45:44.542 1495 1495 I GameModeConfig: isGameModeOn = false
12-01 18:45:44.542 1495 2334 E DisplayDeviceConfig: requesting nits when no mapping exists.
12-01 18:45:44.543 1495 2334 E DisplayDeviceConfig: requesting nits when no mapping exists.
12-01 18:45:44.562 1495 2334 E DisplayDeviceConfig: requesting nits when no mapping exists.
12-01 18:45:44.562 1495 2334 E DisplayDeviceConfig: requesting nits when no mapping exists.
12-01 18:45:44.576 1495 2334 E DisplayDeviceConfig: requesting nits when no mapping exists.
12-01 18:45:44.577 1495 2334 E DisplayDeviceConfig: requesting nits when no mapping exists.
12-01 18:45:44.592 1495 2334 E DisplayDeviceConfig: requesting nits when no mapping exists.
12-01 18:45:44.593 1495 2334 E DisplayDeviceConfig: requesting nits when no mapping exists.
12-01 18:45:44.609 1495 2334 E DisplayDeviceConfig: requesting nits when no mapping exists.
12-01 18:45:44.609 1495 2334 E DisplayDeviceConfig: requesting nits when no mapping exists.
12-01 18:45:44.626 1495 2334 E DisplayDeviceConfig: requesting nits when no mapping exists.
12-01 18:45:44.627 1495 2334 E DisplayDeviceConfig: requesting nits when no mapping exists.
12-01 18:45:44.643 1495 2334 E DisplayDeviceConfig: requesting nits when no mapping exists.
12-01 18:45:44.643 1495 2334 E DisplayDeviceConfig: requesting nits when no mapping exists.
12-01 18:45:44.659 1495 2334 E DisplayDeviceConfig: requesting nits when no mapping exists.
12-01 18:45:44.661 1495 2334 E DisplayDeviceConfig: requesting nits when no mapping exists.
12-01 18:45:44.676 1495 2334 E DisplayDeviceConfig: requesting nits when no mapping exists.
12-01 18:45:44.676 1495 2334 E DisplayDeviceConfig: requesting nits when no mapping exists.
12-01 18:45:44.693 1495 2334 E DisplayDeviceConfig: requesting nits when no mapping exists.
12-01 18:45:44.697 1495 2334 E DisplayDeviceConfig: requesting nits when no mapping exists.
12-01 18:45:44.710 1495 2334 E DisplayDeviceConfig: requesting nits when no mapping exists.
12-01 18:45:44.711 1495 2334 E DisplayDeviceConfig: requesting nits when no mapping exists.
12-01 18:45:44.726 1495 2334 E DisplayDeviceConfig: requesting nits when no mapping exists.
12-01 18:45:44.727 1495 2334 E DisplayDeviceConfig: requesting nits when no mapping exists.
12-01 18:45:44.744 1495 2334 E DisplayDeviceConfig: requesting nits when no mapping exists.
12-01 18:45:44.745 1495 2334 E DisplayDeviceConfig: requesting nits when no mapping exists.
12-01 18:45:44.760 1495 2334 E DisplayDeviceConfig: requesting nits when no mapping exists.
12-01 18:45:44.760 1495 2334 E DisplayDeviceConfig: requesting nits when no mapping exists.
12-01 18:45:44.777 1495 2334 E DisplayDeviceConfig: requesting nits when no mapping exists.
12-01 18:45:44.778 1495 2334 E DisplayDeviceConfig: requesting nits when no mapping exists.
12-01 18:45:44.793 1495 2334 E DisplayDeviceConfig: requesting nits when no mapping exists.
12-01 18:45:44.794 1495 2334 E DisplayDeviceConfig: requesting nits when no mapping exists.
12-01 18:45:44.809 1495 2334 E DisplayDeviceConfig: requesting nits when no mapping exists.
12-01 18:45:44.810 1495 2334 E DisplayDeviceConfig: requesting nits when no mapping exists.
12-01 18:45:44.826 1495 2334 E DisplayDeviceConfig: requesting nits when no mapping exists.
12-01 18:45:44.827 1495 2334 E DisplayDeviceConfig: requesting nits when no mapping exists.
12-01 18:45:44.845 1495 2334 E DisplayDeviceConfig: requesting nits when no mapping exists.
12-01 18:45:44.845 1495 2334 E DisplayDeviceConfig: requesting nits when no mapping exists.
12-01 18:45:44.860 1495 2334 E DisplayDeviceConfig: requesting nits when no mapping exists.
12-01 18:45:44.860 1495 2334 E DisplayDeviceConfig: requesting nits when no mapping exists.
12-01 18:45:44.880 1495 2334 E DisplayDeviceConfig: requesting nits when no mapping exists.
12-01 18:45:44.880 1495 2334 E DisplayDeviceConfig: requesting nits when no mapping exists.
12-01 18:45:44.898 1495 2334 E DisplayDeviceConfig: requesting nits when no mapping exists.
12-01 18:45:44.899 1495 2334 E DisplayDeviceConfig: requesting nits when no mapping exists.
12-01 18:45:44.912 1495 2334 E DisplayDeviceConfig: requesting nits when no mapping exists.
12-01 18:45:44.913 1495 2334 E DisplayDeviceConfig: requesting nits when no mapping exists.
12-01 18:45:44.927 1495 2334 E DisplayDeviceConfig: requesting nits when no mapping exists.
12-01 18:45:44.928 1495 2334 E DisplayDeviceConfig: requesting nits when no mapping exists.
12-01 18:45:44.931 4281 4303 W ContextImpl: Calling a method in the system process without a qualified user: android.app.ContextImpl.startService:1816 android.content.ContextWrapper.startService:774 com.thundercomm.gamemode.ingame.services.GameModeActionUtils.startGameModeService:93 com.thundercomm.gamemode.ingame.services.GameModeActionUtils.startGameModeEntry:21 com.thundercomm.gamemode.ingame.services.ActivityMonitoringService$1.onActivityLaunch:127
12-01 18:45:44.935 1495 1495 I GameModeConfig: Current uri is uri = content://com.thundercomm.gamemode.api/gamemode_settings/gamemode_isgaming
12-01 18:45:44.937 1495 1495 I GameModeConfig: isGameModeOn = false
12-01 18:45:44.937 1495 1495 I GameModeConfig: isGameModeOn = false
12-01 18:45:44.937 1495 1495 I GameModeConfig: isDisableVoice = true
12-01 18:45:44.946 1495 2334 E DisplayDeviceConfig: requesting nits when no mapping exists.
12-01 18:45:44.947 1495 2334 E DisplayDeviceConfig: requesting nits when no mapping exists.
12-01 18:45:44.960 1495 2334 E DisplayDeviceConfig: requesting nits when no mapping exists.
12-01 18:45:44.961 1495 2334 E DisplayDeviceConfig: requesting nits when no mapping exists.
12-01 18:45:44.978 1495 2334 E DisplayDeviceConfig: requesting nits when no mapping exists.
12-01 18:45:44.980 1495 2334 E DisplayDeviceConfig: requesting nits when no mapping exists.
12-01 18:45:44.996 1495 2334 E DisplayDeviceConfig: requesting nits when no mapping exists.
12-01 18:45:44.997 1495 2334 E DisplayDeviceConfig: requesting nits when no mapping exists.
12-01 18:45:45.011 1495 2334 E DisplayDeviceConfig: requesting nits when no mapping exists.
12-01 18:45:45.011 1495 2334 E DisplayDeviceConfig: requesting nits when no mapping exists.
12-01 18:45:45.029 1495 2334 E DisplayDeviceConfig: requesting nits when no mapping exists.
12-01 18:45:45.030 1495 2334 E DisplayDeviceConfig: requesting nits when no mapping exists.
12-01 18:45:45.044 1495 2334 E DisplayDeviceConfig: requesting nits when no mapping exists.
12-01 18:45:45.045 1495 2334 E DisplayDeviceConfig: requesting nits when no mapping exists.
12-01 18:45:45.061 1495 2334 E DisplayDeviceConfig: requesting nits when no mapping exists.
12-01 18:45:45.061 1495 2334 E DisplayDeviceConfig: requesting nits when no mapping exists.
12-01 18:45:45.077 1495 2334 E DisplayDeviceConfig: requesting nits when no mapping exists.
12-01 18:45:45.080 1495 2334 E DisplayDeviceConfig: requesting nits when no mapping exists.
12-01 18:45:45.095 1495 2334 E DisplayDeviceConfig: requesting nits when no mapping exists.
12-01 18:45:45.097 1495 2334 E DisplayDeviceConfig: requesting nits when no mapping exists.
12-01 18:45:45.111 1495 2334 E DisplayDeviceConfig: requesting nits when no mapping exists.
12-01 18:45:45.112 1495 2334 E DisplayDeviceConfig: requesting nits when no mapping exists.
12-01 18:45:45.132 1495 2334 E DisplayDeviceConfig: requesting nits when no mapping exists.
12-01 18:45:45.132 1495 2334 E DisplayDeviceConfig: requesting nits when no mapping exists.
12-01 18:45:45.145 1495 2334 E DisplayDeviceConfig: requesting nits when no mapping exists.
12-01 18:45:45.146 1495 2334 E DisplayDeviceConfig: requesting nits when no mapping exists.
12-01 18:45:45.162 1495 2334 E DisplayDeviceConfig: requesting nits when no mapping exists.
12-01 18:45:45.163 1495 2334 E DisplayDeviceConfig: requesting nits when no mapping exists.
12-01 18:45:45.178 1495 2334 E DisplayDeviceConfig: requesting nits when no mapping exists.
12-01 18:45:45.180 1495 2334 E DisplayDeviceConfig: requesting nits when no mapping exists.
12-01 18:45:45.195 1495 2334 E DisplayDeviceConfig: requesting nits when no mapping exists.
12-01 18:45:45.196 1495 2334 E DisplayDeviceConfig: requesting nits when no mapping exists.
12-01 18:45:45.211 1495 2334 E DisplayDeviceConfig: requesting nits when no mapping exists.
12-01 18:45:45.212 1495 2334 E DisplayDeviceConfig: requesting nits when no mapping exists.
12-01 18:45:45.228 1495 2334 E DisplayDeviceConfig: requesting nits when no mapping exists.
12-01 18:45:45.229 1495 2334 E DisplayDeviceConfig: requesting nits when no mapping exists.
12-01 18:45:45.244 1495 2334 E DisplayDeviceConfig: requesting nits when no mapping exists.
12-01 18:45:45.245 1495 2334 E DisplayDeviceConfig: requesting nits when no mapping exists.
12-01 18:45:45.261 1495 2334 E DisplayDeviceConfig: requesting nits when no mapping exists.
12-01 18:45:45.262 1495 2334 E DisplayDeviceConfig: requesting nits when no mapping exists.
12-01 18:45:45.285 1495 2334 E DisplayDeviceConfig: requesting nits when no mapping exists.
12-01 18:45:45.286 1495 2334 E DisplayDeviceConfig: requesting nits when no mapping exists.
12-01 18:45:45.295 1495 2334 E DisplayDeviceConfig: requesting nits when no mapping exists.
12-01 18:45:45.295 1495 2334 E DisplayDeviceConfig: requesting nits when no mapping exists.
12-01 18:45:45.311 1495 2334 E DisplayDeviceConfig: requesting nits when no mapping exists.
12-01 18:45:45.311 1495 2334 E DisplayDeviceConfig: requesting nits when no mapping exists.
12-01 18:45:48.350 1495 2404 I DreamManagerService: Gently waking up from dream.
12-01 18:45:48.351 1495 1599 I DreamManagerService: Performing gentle wake from dream.
12-01 18:45:48.353 1495 2404 I ActivityTaskManager: FOREGROUND_APPLICATION_CHANGED to com.android.settings.homepage.SettingsHomepageActivity
12-01 18:45:48.369 4281 4303 W ContextImpl: Calling a method in the system process without a qualified user: android.app.ContextImpl.startService:1816 android.content.ContextWrapper.startService:774 com.thundercomm.gamemode.ingame.services.GameModeActionUtils.startGameModeService:93 com.thundercomm.gamemode.ingame.services.GameModeActionUtils.startGameModeEntry:21 com.thundercomm.gamemode.ingame.services.ActivityMonitoringService$1.onActivityLaunch:127
12-01 18:45:48.375 1495 1495 I GameModeConfig: Current uri is uri = content://com.thundercomm.gamemode.api/gamemode_settings/gamemode_isgaming
12-01 18:45:48.377 1495 1495 I GameModeConfig: isGameModeOn = false
12-01 18:45:48.377 1495 1495 I GameModeConfig: isGameModeOn = false
12-01 18:45:48.377 1495 1495 I GameModeConfig: isDisableVoice = true
12-01 18:45:48.452 1495 1625 I PowerManagerService: Powering on display group fromDreaming (groupId=0, uid=1000, reason=WAKE_REASON_UNKNOWN, details=android.server.power:DREAM_FINISHED)...
12-01 18:45:48.453 1495 1625 I PowerManagerService: Waking up from Dreaming (uid=1000, reason=WAKE_REASON_UNKNOWN, details=android.server.power:DREAM_FINISHED)...
12-01 18:45:48.465 4281 4303 W ContextImpl: Calling a method in the system process without a qualified user: android.app.ContextImpl.startService:1816 android.content.ContextWrapper.startService:774 com.thundercomm.gamemode.ingame.services.GameModeActionUtils.startGameModeService:93 com.thundercomm.gamemode.ingame.services.GameModeActionUtils.startGameModeEntry:21 com.thundercomm.gamemode.ingame.services.ActivityMonitoringService$1.onActivityLaunch:127
12-01 18:45:48.469 1495 1495 I GameModeConfig: Current uri is uri = content://com.thundercomm.gamemode.api/gamemode_settings/gamemode_isgaming
12-01 18:45:48.470 1495 1495 I GameModeConfig: isGameModeOn = false
12-01 18:45:48.470 1495 1495 I GameModeConfig: isGameModeOn = false
12-01 18:45:48.470 1495 1495 I GameModeConfig: isDisableVoice = true
12-01 18:45:48.939 4281 4303 W ContextImpl: Calling a method in the system process without a qualified user: android.app.ContextImpl.startService:1816 android.content.ContextWrapper.startService:774 com.thundercomm.gamemode.ingame.services.GameModeActionUtils.startGameModeService:93 com.thundercomm.gamemode.ingame.services.GameModeActionUtils.startGameModeEntry:21 com.thundercomm.gamemode.ingame.services.ActivityMonitoringService$1.onActivityLaunch:127
12-01 18:45:48.946 1495 1495 I GameModeConfig: Current uri is uri = content://com.thundercomm.gamemode.api/gamemode_settings/gamemode_isgaming
12-01 18:45:48.947 1495 1495 I GameModeConfig: isGameModeOn = false
12-01 18:45:48.948 1495 1495 I GameModeConfig: isGameModeOn = false
12-01 18:45:48.948 1495 1495 I GameModeConfig: isDisableVoice = true
12-01 18:45:48.949 1495 5797 I DreamManagerService: Leaving dreamland.
12-01 18:45:48.950 1495 1599 I DreamManagerService: Performing gentle wake from dream.
12-01 18:45:48.950 1495 1599 I DreamController: Stopping dream: name=ComponentInfo{com.thundercomm.screensaver/com.thundercomm.saverclock.service.ClockScreensaver}, isTest=false, canDoze=false, userId=0, reason='finished self'(from 'finished self')
12-01 18:45:48.961 1495 1603 W ActivityTaskManager: Can't find TaskDisplayArea to determine support for multi window. Task id=16 attached=false
12-01 18:45:54.593 1495 2298 I GameModeConfig: isGameModeOn = false
12-01 18:45:55.165 826 826 D android.hardware.wifi@1.0-service: Initialize legacy HAL
12-01 18:45:55.166 826 826 I android.hardware.wifi@1.0-service: Wifi HAL started
12-01 18:45:55.170 826 826 D android.hardware.wifi@1.0-service: Waiting for the driver ready
12-01 18:45:55.171 826 826 D android.hardware.wifi@1.0-service: Starting legacy HAL
12-01 18:45:56.065 1186 1186 I wificond: Regulatory domain changed to country: CN on wiphy_index: 0
12-01 18:45:56.067 1186 1186 I wificond: 2.4Ghz frequencies: 2412 2417 2422 2427 2432 2437 2442 2447 2452 2457 2462 2467 2472
12-01 18:45:56.067 1186 1186 I wificond: 5Ghz non-DFS frequencies: 5180 5200 5220 5240 5745 5765 5785 5805 5825
12-01 18:45:56.067 1186 1186 I wificond: 5Ghz DFS frequencies: 5260 5280 5300 5320
12-01 18:45:56.067 1186 1186 I wificond: 6Ghz frequencies:
12-01 18:45:56.067 1186 1186 I wificond: 60Ghz frequencies:
12-01 18:45:56.069 826 826 I android.hardware.wifi@1.0-service: Adding interface handle for p2p0
12-01 18:45:56.069 826 826 I android.hardware.wifi@1.0-service: Adding interface handle for wlan0
12-01 18:45:56.069 826 826 I android.hardware.wifi@1.0-service: Adding interface handle for wifi-aware0
12-01 18:45:56.069 826 826 D android.hardware.wifi@1.0-service: Legacy HAL start complete
12-01 18:45:56.069 826 826 W android.hardware.wifi@1.0-service: No active wlan interfaces in use! Using default
12-01 18:45:56.069 826 826 W android.hardware.wifi@1.0-service: No active wlan interfaces in use! Using default
12-01 18:45:56.070 826 5937 D android.hardware.wifi@1.0-service: Starting legacy HAL event loop
12-01 18:45:56.070 826 826 I android.hardware.wifi@1.0-service: Configured chip in mode 3
12-01 18:45:56.070 826 826 W android.hardware.wifi@1.0-service: No active wlan interfaces in use! Using default
12-01 18:45:56.083 1186 1186 I wificond: createClientInterface: wiphy_index 0 iface_name wlan0
12-01 18:45:56.084 1186 1186 I wificond: create scanner for interface with index: 17
12-01 18:45:56.084 1186 1186 I wificond: subscribe scan result for interface with index: 17
12-01 18:45:56.085 1186 1186 I wificond: add channel type 0 support at wiphy index: 0
12-01 18:45:56.085 1186 1186 I wificond: add channel type 1 support at wiphy index: 0
12-01 18:45:56.446 826 826 D android.hardware.wifi@1.0-service: Successfully SetMacAddress.
12-01 18:45:56.742 1495 1495 W Looper : Slow dispatch took 364ms main h=android.app.ActivityThread$H c=android.app.LoadedApk$ReceiverDispatcher$Args$$ExternalSyntheticLambda0@68605df m=0
12-01 18:45:56.742 1495 1495 W Looper : Slow delivery took 364ms main h=android.app.ActivityThread$H c=android.app.LoadedApk$ReceiverDispatcher$Args$$ExternalSyntheticLambda0@654a22c m=0
12-01 18:45:56.752 1495 1495 W Looper : Drained
12-01 18:45:56.775 1495 1617 V BatteryExternalStatsWorker: WiFi energy data was reset, new WiFi energy data is WifiActivityEnergyInfo{ mTimeSinceBootMillis=711308 mStackState=3 mControllerTxDurationMillis=0 mControllerRxDurationMillis=7 mControllerScanDurationMillis=0 mControllerIdleDurationMillis=67 mControllerEnergyUsedMicroJoules=4184 }
12-01 18:45:58.041 826 826 D android.hardware.wifi@1.0-service: Successfully SetMacAddress.
12-01 18:45:58.062 1186 1186 W wificond: Scan is not started. Ignore abort request
12-01 18:45:58.625 1186 1186 I wificond: Regulatory domain changed to country: CN on wiphy_index: 0
12-01 18:45:58.635 1186 1186 I wificond: 2.4Ghz frequencies: 2412 2417 2422 2427 2432 2437 2442 2447 2452 2457 2462 2467 2472
12-01 18:45:58.635 1186 1186 I wificond: 5Ghz non-DFS frequencies: 5180 5200 5220 5240 5745 5765 5785 5805 5825
12-01 18:45:58.635 1186 1186 I wificond: 5Ghz DFS frequencies: 5260 5280 5300 5320
12-01 18:45:58.635 1186 1186 I wificond: 6Ghz frequencies:
12-01 18:45:58.635 1186 1186 I wificond: 60Ghz frequencies:
12-01 18:45:58.688 663 725 E NetlinkEvent: NetlinkEvent::FindParam(): Parameter 'INTERFACE' not found
12-01 18:45:58.688 663 725 E NetlinkEvent: NetlinkEvent::FindParam(): Parameter 'STATE' not found
12-01 18:45:58.688 663 725 E NetlinkEvent: NetlinkEvent::FindParam(): Parameter 'TIME_NS' not found
12-01 18:45:58.688 663 725 E NetlinkEvent: NetlinkEvent::FindParam(): Parameter 'UID' not found
12-01 18:45:58.703 1495 2293 W ContextImpl: Calling a method in the system process without a qualified user: android.app.ContextImpl.sendStickyBroadcast:1559 com.android.server.ConnectivityService.sendStickyBroadcast:2811 com.android.server.ConnectivityService.sendGeneralBroadcast:2786 com.android.server.ConnectivityService.sendConnectedBroadcast:2759 com.android.server.ConnectivityService.sendLegacyNetworkBroadcast:8704
12-01 18:45:58.707 1495 2293 W ContextImpl: Calling a method in the system process without a qualified user: android.app.ContextImpl.sendStickyBroadcast:1559 com.android.server.ConnectivityService.sendStickyBroadcast:2811 com.android.server.ConnectivityService.sendGeneralBroadcast:2786 com.android.server.ConnectivityService.sendInetConditionBroadcast:2763 com.android.server.ConnectivityService.updateInetCondition:8451
12-01 18:45:58.779 1495 1610 W BroadcastQueue: Permission Denial: broadcasting Intent { act=android.net.conn.CONNECTIVITY_CHANGE flg=0x4200010 (has extras) } from null (pid=-1, uid=-1) requires com.baidu.input.permission.sofire.RECEIVE due to registered receiver BroadcastFilter{943323a 10036/u0 ReceiverList{affb565 3757 com.baidu.input/10036/u0 remote:adaee5c}} --------- beginning of main
12-01 18:46:29.005 1381 5946 D LOWI-9.0.0.87.a: [LOWI-Scan] BSS 18:6f:2d:81:18:81 LOWI_PHY_MODE_11NG_HT20(5), Beacon Interval: 100, LOWI_ENCRYPTION_TYPE_OPEN 11mcRanging: No, ANQP: No, LCI: No, Civic: No, capability(0x0521): ESS ShortPreamble SpectrumMgmt ShortSlotTime
12-01 18:46:29.005 1381 5946 D LOWI-9.0.0.87.a: [LOWI-Scan] BSS 18:6f:2d:81:18:81 FREQ: 2472, cFreq1[40:80:160] = [2472:0:0] cFreq2 = 0 Country Code = CN
12-01 18:46:29.005 1381 5946 D LOWI-9.0.0.87.a: [LOWI-Scan] BSS 18:6f:2d:81:18:81 (wlan0) ASSO: NO AddInfo: 0x1, TSF 0, 00:12:12.561, RSSI: -134, CPL: 127, AGE: 10964, SSID Guest, TSFDelta: 0x24ded8a3, TXRate: 0
12-01 18:46:29.005 1381 5946 D LOWI-9.0.0.87.a: [LOWI-Scan]
12-01 18:46:29.005 1381 5946 D LOWI-9.0.0.87.a: [LOWI-Scan] print_bss_handler: Report Probe TSF 722005093 as it greater than Beacon TSF 711485801
12-01 18:46:29.005 1381 5946 D LOWI-9.0.0.87.a: [LOWI-Scan] decode_rsn_wpa_ie: LOWI_ENCRYPTION_TYPE_WPA_PSK
12-01 18:46:29.005 1381 5946 D LOWI-9.0.0.87.a: [LOWI-Scan] is_qcom_ie, bss_age: 0
12-01 18:46:29.005 1381 5946 D LOWI-9.0.0.87.a: [LOWI-Scan] adjust_age:AP AGE upper limit reached. Dont store
12-01 18:46:29.005 1381 5946 D LOWI-9.0.0.87.a: [LOWI-Scan] BSS 1e:5e:bf:bc:68:75 LOWI_PHY_MODE_11AC_VHT80(10), Beacon Interval: 100, LOWI_ENCRYPTION_TYPE_WPA_PSK 11mcRanging: No, ANQP: Yes, LCI: No, Civic: No, capability(0x1131): ESS Privacy ShortPreamble SpectrumMgmt
12-01 18:46:29.005 1381 5946 D LOWI-9.0.0.87.a: [LOWI-Scan] BSS 1e:5e:bf:bc:68:75 FREQ: 5745, cFreq1[40:80:160] = [5755:5775:0] cFreq2 = 0 Country Code = CN
12-01 18:46:29.005 1381 5946 D LOWI-9.0.0.87.a: [LOWI-Scan] BSS 1e:5e:bf:bc:68:75 (wlan0) ASSO: NO AddInfo: 0x0, TSF 0, 00:12:02.005, RSSI: -166, CPL: 127, AGE: 21528, SSID CHEVROLET_1131, TSFDelta: 0x95248cc6, TXRate: 0
12-01 18:46:29.005 1381 5946 D LOWI-9.0.0.87.a: [LOWI-Scan]
12-01 18:46:29.005 1381 5946 D LOWI-9.0.0.87.a: [LOWI-Scan] print_bss_handler: Report beacon TSF 742491915 as it greater than probe TSF 742436573
12-01 18:46:29.005 1381 5946 D LOWI-9.0.0.87.a: [LOWI-Scan] decode_rsn_wpa_ie: LOWI_ENCRYPTION_TYPE_WPA_PSK
12-01 18:46:29.005 1381 5946 D LOWI-9.0.0.87.a: [LOWI-Scan] is_qcom_ie, bss_age: 0
12-01 18:46:29.005 1381 5946 D LOWI-9.0.0.87.a: [LOWI-Scan] BSS dc:fe:18:77:4e:9a LOWI_PHY_MODE_11NG_HT40(7), Beacon Interval: 100, LOWI_ENCRYPTION_TYPE_WPA_PSK 11mcRanging: No, ANQP: No, LCI: No, Civic: No, capability(0x0431): ESS Privacy ShortPreamble ShortSlotTime
12-01 18:46:29.005 1381 5946 D LOWI-9.0.0.87.a: [LOWI-Scan] BSS dc:fe:18:77:4e:9a FREQ: 2462, cFreq1[40:80:160] = [2452:0:0] cFreq2 = 0 Country Code =
12-01 18:46:29.005 1381 5946 D LOWI-9.0.0.87.a: [LOWI-Scan] BSS dc:fe:18:77:4e:9a (wlan0) ASSO: NO AddInfo: 0x1, TSF 0, 00:12:22.491, RSSI: -128, CPL: 127, AGE: 1044, SSID TP-LINK_4E9A, TSFDelta: 0xce279692, TXRate: 0
12-01 18:46:29.005 1381 5946 D LOWI-9.0.0.87.a: [LOWI-Scan]
12-01 18:46:29.005 1381 5946 D LOWI-9.0.0.87.a: [LOWI-Scan] print_bss_handler: Report beacon TSF 742222668 as it greater than probe TSF 742218159
12-01 18:46:29.005 1381 5946 D LOWI-9.0.0.87.a: [LOWI-Scan] decode_rsn_wpa_ie: LOWI_ENCRYPTION_TYPE_WPA_PSK
12-01 18:46:29.005 1381 5946 D LOWI-9.0.0.87.a: [LOWI-Scan] is_qcom_ie, bss_age: 0
12-01 18:46:29.005 1381 5946 D LOWI-9.0.0.87.a: [LOWI-Scan] BSS 18:6f:2d:81:23:c2 LOWI_PHY_MODE_11NG_HT20(5), Beacon Interval: 100, LOWI_ENCRYPTION_TYPE_WPA_PSK 11mcRanging: No, ANQP: No, LCI: No, Civic: No, capability(0x0531): ESS Privacy ShortPreamble SpectrumMgmt ShortSlotTime
12-01 18:46:29.005 1381 5946 D LOWI-9.0.0.87.a: [LOWI-Scan] BSS 18:6f:2d:81:23:c2 FREQ: 2452, cFreq1[40:80:160] = [2452:0:0] cFreq2 = 0 Country Code = CN
12-01 18:46:29.005 1381 5946 D LOWI-9.0.0.87.a: [LOWI-Scan] BSS 18:6f:2d:81:23:c2 (wlan0) ASSO: NO AddInfo: 0x1, TSF 0, 00:12:22.222, RSSI: -150, CPL: 127, AGE: 1312, SSID ThunderSoft_2.4G, TSFDelta: 0x15f20630, TXRate: 0
12-01 18:46:29.006 1381 5946 D LOWI-9.0.0.87.a: [LOWI-Scan]
12-01 18:46:29.006 1381 5946 D LOWI-9.0.0.87.a: [LOWI-Scan] print_bss_handler: Report beacon TSF 742602333 as it greater than probe TSF 601307123
12-01 18:46:29.006 1381 5946 D LOWI-9.0.0.87.a: [LOWI-Scan] decode_rsn_wpa_ie: LOWI_ENCRYPTION_TYPE_WPA_PSK
12-01 18:46:29.006 1381 5946 D LOWI-9.0.0.87.a: [LOWI-Scan] is_qcom_ie, bss_age: 0
12-01 18:46:29.006 1381 5946 D LOWI-9.0.0.87.a: [LOWI-Scan] BSS 18:6f:2d:81:18:84 LOWI_PHY_MODE_11NG_HT20(5), Beacon Interval: 100, LOWI_ENCRYPTION_TYPE_WPA_PSK 11mcRanging: No, ANQP: No, LCI: No, Civic: No, capability(0x0531): ESS Privacy ShortPreamble SpectrumMgmt ShortSlotTime
12-01 18:46:29.006 1381 5946 D LOWI-9.0.0.87.a: [LOWI-Scan] BSS 18:6f:2d:81:18:84 FREQ: 2472, cFreq1[40:80:160] = [2472:0:0] cFreq2 = 0 Country Code = CN
12-01 18:46:29.006 1381 5946 D LOWI-9.0.0.87.a: [LOWI-Scan] BSS 18:6f:2d:81:18:84 (wlan0) ASSO: NO AddInfo: 0x1, TSF 0, 00:12:22.602, RSSI: -144, CPL: 127, AGE: 932, SSID Fanya, TSFDelta: 0x28aba411, TXRate: 0
12-01 18:46:29.006 1381 5946 D LOWI-9.0.0.87.a: [LOWI-Scan]
12-01 18:46:29.006 1381 5946 D LOWI-9.0.0.87.a: [LOWI-Scan] print_bss_handler: Report Probe TSF 731646540 as it greater than Beacon TSF 626264684
12-01 18:46:29.006 1381 5946 D LOWI-9.0.0.87.a: [LOWI-Scan] is_qcom_ie, bss_age: 0
12-01 18:46:29.006 1381 5946 D LOWI-9.0.0.87.a: [LOWI-Scan] adjust_age:AP AGE upper limit reached. Dont store
12-01 18:46:29.006 1381 5946 D LOWI-9.0.0.87.a: [LOWI-Scan] BSS 18:6f:2d:81:0d:81 LOWI_PHY_MODE_11NG_HT20(5), Beacon Interval: 100, LOWI_ENCRYPTION_TYPE_OPEN 11mcRanging: No, ANQP: No, LCI: No, Civic: No, capability(0x0521): ESS ShortPreamble SpectrumMgmt ShortSlotTime
12-01 18:46:29.006 1381 5946 D LOWI-9.0.0.87.a: [LOWI-Scan] BSS 18:6f:2d:81:0d:81 FREQ: 2422, cFreq1[40:80:160] = [2422:0:0] cFreq2 = 0 Country Code = CN
12-01 18:46:29.006 1381 5946 D LOWI-9.0.0.87.a: [LOWI-Scan] BSS 18:6f:2d:81:0d:81 (wlan0) ASSO: NO AddInfo: 0x0, TSF 0, 00:12:11.646, RSSI: -122, CPL: 127, AGE: 11888, SSID Guest, TSFDelta: 0x5001c00, TXRate: 0
12-01 18:46:29.006 1381 5946 D LOWI-9.0.0.87.a: [LOWI-Scan]
12-01 18:46:29.006 1381 5946 D LOWI-9.0.0.87.a: [LOWI-Scan] print_bss_handler: Report Probe TSF 742260487 as it greater than Beacon TSF 742224260
12-01 18:46:29.006 1381 5946 D LOWI-9.0.0.87.a: [LOWI-Scan] decode_rsn_wpa_ie: LOWI_ENCRYPTION_TYPE_WPA_PSK
12-01 18:46:29.006 1381 5946 D LOWI-9.0.0.87.a: [LOWI-Scan] is_qcom_ie, bss_age: 0
12-01 18:46:29.006 1381 5946 D LOWI-9.0.0.87.a: [LOWI-Scan] BSS 18:6f:2d:81:23:c4 LOWI_PHY_MODE_11NG_HT20(5), Beacon Interval: 100, LOWI_ENCRYPTION_TYPE_WPA_PSK 11mcRanging: No, ANQP: No, LCI: No, Civic: No, capability(0x0531): ESS Privacy ShortPreamble SpectrumMgmt ShortSlotTime
12-01 18:46:29.006 1381 5946 D LOWI-9.0.0.87.a: [LOWI-Scan] BSS 18:6f:2d:81:23:c4 FREQ: 2452, cFreq1[40:80:160] = [2452:0:0] cFreq2 = 0 Country Code = CN
12-01 18:46:29.006 1381 5946 D LOWI-9.0.0.87.a: [LOWI-Scan] BSS 18:6f:2d:81:23:c4 (wlan0) ASSO: NO AddInfo: 0x0, TSF 0, 00:12:22.260, RSSI: -144, CPL: 127, AGE: 1272, SSID Fanya, TSFDelta: 0x17266dbf, TXRate: 0
12-01 18:46:29.006 1381 5946 D LOWI-9.0.0.87.a: [LOWI-Scan]
12-01 18:46:29.006 1381 5946 D LOWI-9.0.0.87.a: [LOWI-Scan] print_bss_handler: Report beacon TSF 742223471 as it greater than probe TSF 742218815
12-01 18:46:29.006 1381 5946 D LOWI-9.0.0.87.a: [LOWI-Scan] decode_rsn_wpa_ie: LOWI_ENCRYPTION_TYPE_WPA_PSK
12-01 18:46:29.006 1381 5946 D LOWI-9.0.0.87.a: [LOWI-Scan] is_qcom_ie, bss_age: 0
12-01 18:46:29.006 1381 5946 D LOWI-9.0.0.87.a: [LOWI-Scan] BSS 18:6f:2d:81:23:c3 LOWI_PHY_MODE_11NG_HT20(5), Beacon Interval: 100, LOWI_ENCRYPTION_TYPE_WPA_PSK 11mcRanging: No, ANQP: No, LCI: No, Civic: No, capability(0x0531): ESS Privacy ShortPreamble SpectrumMgmt ShortSlotTime
12-01 18:46:29.006 1381 5946 D LOWI-9.0.0.87.a: [LOWI-Scan] BSS 18:6f:2d:81:23:c3 FREQ: 2452, cFreq1[40:80:160] = [2452:0:0] cFreq2 = 0 Country Code = CN
12-01 18:46:29.006 1381 5946 D LOWI-9.0.0.87.a: [LOWI-Scan] BSS 18:6f:2d:81:23:c3 (wlan0) ASSO: NO AddInfo: 0x1, TSF 0, 00:12:22.223, RSSI: -148, CPL: 127, AGE: 1312, SSID ZXHY, TSFDelta: 0x15f72ce4, TXRate: 0
12-01 18:46:29.006 1381 5946 D LOWI-9.0.0.87.a: [LOWI-Scan]
12-01 18:46:29.006 1381 5946 D LOWI-9.0.0.87.a: [LOWI-Scan] print_bss_handler: Report Probe TSF 742432627 as it greater than Beacon TSF 732424984
12-01 18:46:29.006 1381 5946 D LOWI-9.0.0.87.a: [LOWI-Scan] decode_rsn_wpa_ie: LOWI_ENCRYPTION_TYPE_WPA_PSK
12-01 18:46:29.006 1381 5946 D LOWI-9.0.0.87.a: [LOWI-Scan] is_qcom_ie, bss_age: 0
12-01 18:46:29.007 1381 5946 D LOWI-9.0.0.87.a: [LOWI-Scan] BSS 18:6f:2d:25:0e:62 LOWI_PHY_MODE_11G(1), Beacon Interval: 100, LOWI_ENCRYPTION_TYPE_WPA_PSK 11mcRanging: No, ANQP: No, LCI: No, Civic: No, capability(0x0531): ESS Privacy ShortPreamble SpectrumMgmt ShortSlotTime
12-01 18:46:29.007 1381 5946 D LOWI-9.0.0.87.a: [LOWI-Scan] BSS 18:6f:2d:25:0e:62 FREQ: 2462, cFreq1[40:80:160] = [0:0:0] cFreq2 = 0 Country Code = CN
12-01 18:46:29.007 1381 5946 D LOWI-9.0.0.87.a: [LOWI-Scan] BSS 18:6f:2d:25:0e:62 (wlan0) ASSO: NO AddInfo: 0x0, TSF 0, 00:12:22.432, RSSI: -154, CPL: 127, AGE: 1100, SSID ThunderSoft_2.4G, TSFDelta: 0x25c37faa, TXRate: 0
12-01 18:46:29.007 1381 5946 D LOWI-9.0.0.87.a: [LOWI-Scan]
12-01 18:46:29.007 1381 5946 D LOWI-9.0.0.87.a: [LOWI-Scan] print_bss_handler: Report Probe TSF 742248603 as it greater than Beacon TSF 742221321
12-01 18:46:29.007 1381 5946 D LOWI-9.0.0.87.a: [LOWI-Scan] decode_rsn_wpa_ie: LOWI_ENCRYPTION_TYPE_WPA_PSK
12-01 18:46:29.007 1381 5946 D LOWI-9.0.0.87.a: [LOWI-Scan] is_qcom_ie, bss_age: 0
12-01 18:46:29.007 1381 5946 D LOWI-9.0.0.87.a: [LOWI-Scan] BSS 18:6f:2d:81:23:c0 LOWI_PHY_MODE_11NG_HT20(5), Beacon Interval: 100, LOWI_ENCRYPTION_TYPE_WPA_PSK 11mcRanging: No, ANQP: No, LCI: No, Civic: No, capability(0x0531): ESS Privacy ShortPreamble SpectrumMgmt ShortSlotTime
12-01 18:46:29.007 1381 5946 D LOWI-9.0.0.87.a: [LOWI-Scan] BSS 18:6f:2d:81:23:c0 FREQ: 2452, cFreq1[40:80:160] = [2452:0:0] cFreq2 = 0 Country Code = CN
12-01 18:46:29.007 1381 5946 D LOWI-9.0.0.87.a: [LOWI-Scan] BSS 18:6f:2d:81:23:c0 (wlan0) ASSO: NO AddInfo: 0x0, TSF 0, 00:12:22.248, RSSI: -144, CPL: 127, AGE: 1284, SSID Testing , TSFDelta: 0x16cf324d, TXRate: 0
12-01 18:46:29.007 1381 5946 D LOWI-9.0.0.87.a: [LOWI-Scan]
12-01 18:46:29.007 1381 5946 D LOWI-9.0.0.87.a: [LOWI-Scan] print_bss_handler: Report Probe TSF 742251253 as it greater than Beacon TSF 742221977
12-01 18:46:29.007 1381 5946 D LOWI-9.0.0.87.a: [LOWI-Scan] is_qcom_ie, bss_age: 0
12-01 18:46:29.007 1381 5946 D LOWI-9.0.0.87.a: [LOWI-Scan] BSS 18:6f:2d:81:23:c1 LOWI_PHY_MODE_11NG_HT20(5), Beacon Interval: 100, LOWI_ENCRYPTION_TYPE_OPEN 11mcRanging: No, ANQP: No, LCI: No, Civic: No, capability(0x0521): ESS ShortPreamble SpectrumMgmt ShortSlotTime
12-01 18:46:29.007 1381 5946 D LOWI-9.0.0.87.a: [LOWI-Scan] BSS 18:6f:2d:81:23:c1 FREQ: 2452, cFreq1[40:80:160] = [2452:0:0] cFreq2 = 0 Country Code = CN
12-01 18:46:29.007 1381 5946 D LOWI-9.0.0.87.a: [LOWI-Scan] BSS 18:6f:2d:81:23:c1 (wlan0) ASSO: NO AddInfo: 0x0, TSF 0, 00:12:22.251, RSSI: -152, CPL: 127, AGE: 1284, SSID Guest, TSFDelta: 0x16e54874, TXRate: 0
12-01 18:46:29.007 1381 5946 D LOWI-9.0.0.87.a: [LOWI-Scan]
12-01 18:46:29.007 1381 5946 D LOWI-9.0.0.87.a: [LOWI-Scan] print_bss_handler: Report beacon TSF 721972382 as it greater than probe TSF 636530123
12-01 18:46:29.007 1381 5946 D LOWI-9.0.0.87.a: [LOWI-Scan] decode_rsn_wpa_ie: LOWI_ENCRYPTION_TYPE_WPA_PSK
12-01 18:46:29.007 1381 5946 D LOWI-9.0.0.87.a: [LOWI-Scan] is_qcom_ie, bss_age: 0
12-01 18:46:29.007 1381 5946 D LOWI-9.0.0.87.a: [LOWI-Scan] adjust_age:AP AGE upper limit reached. Dont store
12-01 18:46:29.007 1381 5946 D LOWI-9.0.0.87.a: [LOWI-Scan] BSS 20:dc:e6:42:b5:62 LOWI_PHY_MODE_11NG_HT40(7), Beacon Interval: 100, LOWI_ENCRYPTION_TYPE_WPA_PSK 11mcRanging: No, ANQP: No, LCI: No, Civic: No, capability(0x0431): ESS Privacy ShortPreamble ShortSlotTime
12-01 18:46:29.007 1381 5946 D LOWI-9.0.0.87.a: [LOWI-Scan] BSS 20:dc:e6:42:b5:62 FREQ: 2437, cFreq1[40:80:160] = [2447:0:0] cFreq2 = 0 Country Code =
12-01 18:46:29.007 1381 5946 D LOWI-9.0.0.87.a: [LOWI-Scan] BSS 20:dc:e6:42:b5:62 (wlan0) ASSO: NO AddInfo: 0x1, TSF 0, 00:12:01.972, RSSI: -138, CPL: 127, AGE: 21560, SSID TP-LINK_42B562, TSFDelta: 0x70700117, TXRate: 0
12-01 18:46:29.007 1381 5946 D LOWI-9.0.0.87.a: [LOWI-Scan]
12-01 18:46:29.007 1381 5946 D LOWI-9.0.0.87.a: [LOWI-Scan] print_bss_handler: Report Probe TSF 732002484 as it greater than Beacon TSF 0
12-01 18:46:29.007 1381 5946 D LOWI-9.0.0.87.a: [LOWI-Scan] decode_rsn_wpa_ie: LOWI_ENCRYPTION_TYPE_WPA_PSK
12-01 18:46:29.007 1381 5946 D LOWI-9.0.0.87.a: [LOWI-Scan] is_qcom_ie, bss_age: 0
12-01 18:46:29.007 1381 5946 D LOWI-9.0.0.87.a: [LOWI-Scan] adjust_age:AP AGE upper limit reached. Dont store
12-01 18:46:29.007 1381 5946 D LOWI-9.0.0.87.a: [LOWI-Scan] BSS 64:6e:97:1c:71:47 LOWI_PHY_MODE_11AC_VHT80(10), Beacon Interval: 100, LOWI_ENCRYPTION_TYPE_WPA_PSK 11mcRanging: No, ANQP: No, LCI: No, Civic: No, capability(0x0011): ESS Privacy
12-01 18:46:29.007 1381 5946 D LOWI-9.0.0.87.a: [LOWI-Scan] BSS 64:6e:97:1c:71:47 FREQ: 5765, cFreq1[40:80:160] = [5755:5775:0] cFreq2 = 0 Country Code = CN
12-01 18:46:29.007 1381 5946 D LOWI-9.0.0.87.a: [LOWI-Scan] BSS 64:6e:97:1c:71:47 (wlan0) ASSO: NO AddInfo: 0x0, TSF 0, 00:12:12.002, RSSI: -178, CPL: 127, AGE: 11532, SSID TP-LINK_5G_7145, TSFDelta: 0x758cc0cc, TXRate: 0
12-01 18:46:29.007 1381 5946 D LOWI-9.0.0.87.a: [LOWI-Scan]
12-01 18:46:29.007 1381 5946 D LOWI-9.0.0.87.a: [LOWI-Scan] print_bss_handler: Report beacon TSF 731684526 as it greater than probe TSF 711508621
12-01 18:46:29.007 1381 5946 D LOWI-9.0.0.87.a: [LOWI-Scan] decode_rsn_wpa_ie: LOWI_ENCRYPTION_TYPE_WPA_PSK
12-01 18:46:29.008 1381 5946 D LOWI-9.0.0.87.a: [LOWI-Scan] is_qcom_ie, bss_age: 0
12-01 18:46:29.008 1381 5946 D LOWI-9.0.0.87.a: [LOWI-Scan] adjust_age:AP AGE upper limit reached. Dont store
12-01 18:46:29.008 1381 5946 D LOWI-9.0.0.87.a: [LOWI-Scan] BSS 18:6f:2d:0a:ae:04 LOWI_PHY_MODE_11NG_HT20(5), Beacon Interval: 100, LOWI_ENCRYPTION_TYPE_WPA_PSK 11mcRanging: No, ANQP: No, LCI: No, Civic: No, capability(0x0531): ESS Privacy ShortPreamble SpectrumMgmt ShortSlotTime
12-01 18:46:29.008 1381 5946 D LOWI-9.0.0.87.a: [LOWI-Scan] BSS 18:6f:2d:0a:ae:04 FREQ: 2422, cFreq1[40:80:160] = [2422:0:0] cFreq2 = 0 Country Code = CN
12-01 18:46:29.008 1381 5946 D LOWI-9.0.0.87.a: [LOWI-Scan] BSS 18:6f:2d:0a:ae:04 (wlan0) ASSO: NO AddInfo: 0x1, TSF 0, 00:12:11.684, RSSI: -148, CPL: 127, AGE: 11848, SSID Fanya, TSFDelta: 0xbfef3891, TXRate: 0
12-01 18:46:29.008 1381 5946 D LOWI-9.0.0.87.a: [LOWI-Scan]
12-01 18:46:29.008 1381 5946 D LOWI-9.0.0.87.a: [LOWI-Scan] print_bss_handler: Report Probe TSF 742432861 as it greater than Beacon TSF 722427004
12-01 18:46:29.008 1381 5946 D LOWI-9.0.0.87.a: [LOWI-Scan] decode_rsn_wpa_ie: LOWI_ENCRYPTION_TYPE_WPA_PSK
12-01 18:46:29.008 1381 5946 D LOWI-9.0.0.87.a: [LOWI-Scan] is_qcom_ie, bss_age: 0
12-01 18:46:29.008 1381 5946 D LOWI-9.0.0.87.a: [LOWI-Scan] BSS 62:ae:8f:61:d1:2a LOWI_PHY_MODE_11NG_HT20(5), Beacon Interval: 100, LOWI_ENCRYPTION_TYPE_WPA_PSK 11mcRanging: No, ANQP: No, LCI: No, Civic: No, capability(0x1c31): ESS Privacy ShortPreamble ShortSlotTime APSD
12-01 18:46:29.008 1381 5946 D LOWI-9.0.0.87.a: [LOWI-Scan] BSS 62:ae:8f:61:d1:2a FREQ: 2462, cFreq1[40:80:160] = [2462:0:0] cFreq2 = 0 Country Code =
12-01 18:46:29.008 1381 5946 D LOWI-9.0.0.87.a: [LOWI-Scan] BSS 62:ae:8f:61:d1:2a (wlan0) ASSO: NO AddInfo: 0x0, TSF 0, 00:12:22.432, RSSI: -114, CPL: 127, AGE: 1100, SSID GM_VCU_MM, TSFDelta: 0x1941e815, TXRate: 0
12-01 18:46:29.008 1381 5946 D LOWI-9.0.0.87.a: [LOWI-Scan]
12-01 18:46:29.008 1381 5946 D LOWI-9.0.0.87.a: [LOWI-Scan] print_bss_handler: Report beacon TSF 731656963 as it greater than probe TSF 656314593
12-01 18:46:29.008 1381 5946 D LOWI-9.0.0.87.a: [LOWI-Scan] is_qcom_ie, bss_age: 0
12-01 18:46:29.008 1381 5946 D LOWI-9.0.0.87.a: [LOWI-Scan] adjust_age:AP AGE upper limit reached. Dont store
12-01 18:46:29.008 1381 5946 D LOWI-9.0.0.87.a: [LOWI-Scan] BSS 18:6f:2d:0a:ae:01 LOWI_PHY_MODE_11NG_HT20(5), Beacon Interval: 100, LOWI_ENCRYPTION_TYPE_OPEN 11mcRanging: No, ANQP: No, LCI: No, Civic: No, capability(0x0521): ESS ShortPreamble SpectrumMgmt ShortSlotTime
12-01 18:46:29.008 1381 5946 D LOWI-9.0.0.87.a: [LOWI-Scan] BSS 18:6f:2d:0a:ae:01 FREQ: 2422, cFreq1[40:80:160] = [2422:0:0] cFreq2 = 0 Country Code = CN
12-01 18:46:29.008 1381 5946 D LOWI-9.0.0.87.a: [LOWI-Scan] BSS 18:6f:2d:0a:ae:01 (wlan0) ASSO: NO AddInfo: 0x1, TSF 0, 00:12:11.656, RSSI: -146, CPL: 127, AGE: 11876, SSID Guest, TSFDelta: 0xc2e44dd4, TXRate: 0
12-01 18:46:29.008 1381 5946 D LOWI-9.0.0.87.a: [LOWI-Scan]
12-01 18:46:29.008 1381 5946 D LOWI-9.0.0.87.a: [LOWI-Scan] print_bss_handler: Report beacon TSF 722421523 as it greater than probe TSF 722421523
12-01 18:46:29.008 1381 5946 D LOWI-9.0.0.87.a: [LOWI-Scan] decode_rsn_wpa_ie: LOWI_ENCRYPTION_TYPE_WPA_PSK
12-01 18:46:29.008 1381 5946 D LOWI-9.0.0.87.a: [LOWI-Scan] is_qcom_ie, bss_age: 0
12-01 18:46:29.008 1381 5946 D LOWI-9.0.0.87.a: [LOWI-Scan] adjust_age:AP AGE upper limit reached. Dont store
12-01 18:46:29.008 1381 5946 D LOWI-9.0.0.87.a: [LOWI-Scan] BSS f6:84:8d:21:25:a7 LOWI_PHY_MODE_11NG_HT40(7), Beacon Interval: 100, LOWI_ENCRYPTION_TYPE_WPA_PSK 11mcRanging: No, ANQP: No, LCI: No, Civic: No, capability(0x0411): ESS Privacy ShortSlotTime
12-01 18:46:29.008 1381 5946 D LOWI-9.0.0.87.a: [LOWI-Scan] BSS f6:84:8d:21:25:a7 FREQ: 2462, cFreq1[40:80:160] = [2452:0:0] cFreq2 = 0 Country Code = CN
12-01 18:46:29.008 1381 5946 D LOWI-9.0.0.87.a: [LOWI-Scan] BSS f6:84:8d:21:25:a7 (wlan0) ASSO: NO AddInfo: 0x1, TSF 0, 00:12:02.421, RSSI: -128, CPL: 127, AGE: 21112, SSID , TSFDelta: 0x3aae17f7, TXRate: 0
12-01 18:46:29.008 1381 5946 D LOWI-9.0.0.87.a: [LOWI-Scan]
12-01 18:46:29.008 1381 5946 D LOWI-9.0.0.87.a: [LOWI-Scan] print_bss_handler: Report beacon TSF 721410873 as it greater than probe TSF 721410873
12-01 18:46:29.008 1381 5946 D LOWI-9.0.0.87.a: [LOWI-Scan] decode_rsn_wpa_ie: LOWI_ENCRYPTION_TYPE_WPA_PSK
12-01 18:46:29.008 1381 5946 D LOWI-9.0.0.87.a: [LOWI-Scan] is_qcom_ie, bss_age: 0
12-01 18:46:29.008 1381 5946 D LOWI-9.0.0.87.a: [LOWI-Scan] adjust_age:AP AGE upper limit reached. Dont store
12-01 18:46:29.008 1381 5946 D LOWI-9.0.0.87.a: [LOWI-Scan] BSS e2:a6:91:5c:d1:2e LOWI_PHY_MODE_11AC_VHT80(10), Beacon Interval: 100, LOWI_ENCRYPTION_TYPE_WPA_PSK 11mcRanging: No, ANQP: No, LCI: No, Civic: No, capability(0x1031): ESS Privacy ShortPreamble
12-01 18:46:29.008 1381 5946 D LOWI-9.0.0.87.a: [LOWI-Scan] BSS e2:a6:91:5c:d1:2e FREQ: 5180, cFreq1[40:80:160] = [5190:5210:0] cFreq2 = 0 Country Code =
12-01 18:46:29.008 1381 5946 D LOWI-9.0.0.87.a: [LOWI-Scan] BSS e2:a6:91:5c:d1:2e (wlan0) ASSO: NO AddInfo: 0x1, TSF 0, 00:12:01.410, RSSI: -142, CPL: 127, AGE: 22124, SSID HUAWEI-GM-test1-5G, TSFDelta: 0xd89e5fc0, TXRate: 0
12-01 18:46:29.009 1381 5946 D LOWI-9.0.0.87.a: [LOWI-Scan] -- associated
12-01 18:46:29.009 1381 5946 D LOWI-9.0.0.87.a: [LOWI-Scan]
12-01 18:46:29.009 1381 5946 D LOWI-9.0.0.87.a: [LOWI-Scan] print_bss_handler: Report beacon TSF 743302985 as it greater than probe TSF 741469896
12-01 18:46:29.009 1381 5946 D LOWI-9.0.0.87.a: [LOWI-Scan] decode_rsn_wpa_ie: LOWI_ENCRYPTION_TYPE_WPA_PSK
12-01 18:46:29.009 1381 5946 D LOWI-9.0.0.87.a: [LOWI-Scan] is_qcom_ie, bss_age: 0
12-01 18:46:29.009 1381 5946 D LOWI-9.0.0.87.a: [LOWI-Scan] BSS 8c:53:c3:d7:7f:93 LOWI_PHY_MODE_11AC_VHT160(15), Beacon Interval: 100, LOWI_ENCRYPTION_TYPE_WPA_PSK 11mcRanging: No, ANQP: No, LCI: No, Civic: No, capability(0x0511): ESS Privacy SpectrumMgmt ShortSlotTime
12-01 18:46:29.009 1381 5946 D LOWI-9.0.0.87.a: [LOWI-Scan] BSS 8c:53:c3:d7:7f:93 FREQ: 5180, cFreq1[40:80:160] = [5190:5210:5210] cFreq2 = 5250 Country Code = CN
12-01 18:46:29.009 1381 5946 D LOWI-9.0.0.87.a: [LOWI-Scan] BSS 8c:53:c3:d7:7f:93 (wlan0) ASSO: YES AddInfo: 0x1, TSF 0, 00:12:23.302, RSSI: -38, CPL: 127, AGE: 0, SSID Xiaomi_C0F6_5G, TSFDelta: 0xfaa189c0, TXRate: 0
12-01 18:46:29.009 1381 5946 D LOWI-9.0.0.87.a: [LOWI-Scan]
12-01 18:46:29.009 1381 5946 D LOWI-9.0.0.87.a: [LOWI-Scan] print_bss_handler: Report beacon TSF 741458814 as it greater than probe TSF 741458293
12-01 18:46:29.009 1381 5946 D LOWI-9.0.0.87.a: [LOWI-Scan] decode_rsn_wpa_ie: LOWI_ENCRYPTION_TYPE_WPA_PSK
12-01 18:46:29.009 1381 5946 D LOWI-9.0.0.87.a: [LOWI-Scan] is_qcom_ie, bss_age: 0
12-01 18:46:29.009 1381 5946 D LOWI-9.0.0.87.a: [LOWI-Scan] BSS 58:41:20:1d:fe:89 LOWI_PHY_MODE_11AC_VHT80(10), Beacon Interval: 100, LOWI_ENCRYPTION_TYPE_WPA_PSK 11mcRanging: No, ANQP: No, LCI: No, Civic: No, capability(0x1011): ESS Privacy
12-01 18:46:29.009 1381 5946 D LOWI-9.0.0.87.a: [LOWI-Scan] BSS 58:41:20:1d:fe:89 FREQ: 5180, cFreq1[40:80:160] = [5190:5210:0] cFreq2 = 0 Country Code = CN
12-01 18:46:29.009 1381 5946 D LOWI-9.0.0.87.a: [LOWI-Scan] BSS 58:41:20:1d:fe:89 (wlan0) ASSO: NO AddInfo: 0x1, TSF 0, 00:12:21.458, RSSI: 0, CPL: 127, AGE: 2076, SSID TP-LINK_5G_FE87, TSFDelta: 0x33e1c148, TXRate: 0
12-01 18:46:29.009 1381 5946 D LOWI-9.0.0.87.a: [LOWI-Scan]
12-01 18:46:29.009 1381 5946 D LOWI-9.0.0.87.a: [LOWI-Scan] print_bss_handler: Report Probe TSF 741470847 as it greater than Beacon TSF 741463274
12-01 18:46:29.009 1381 5946 D LOWI-9.0.0.87.a: [LOWI-Scan] is_qcom_ie, bss_age: 0
12-01 18:46:29.009 1381 5946 D LOWI-9.0.0.87.a: [LOWI-Scan] BSS 38:a9:1c:35:03:0b LOWI_PHY_MODE_11AC_VHT80(10), Beacon Interval: 100, LOWI_ENCRYPTION_TYPE_OPEN 11mcRanging: No, ANQP: No, LCI: No, Civic: No, capability(0x0501): ESS SpectrumMgmt ShortSlotTime
12-01 18:46:29.009 1381 5946 D LOWI-9.0.0.87.a: [LOWI-Scan] BSS 38:a9:1c:35:03:0b FREQ: 5180, cFreq1[40:80:160] = [5190:5210:0] cFreq2 = 0 Country Code = US
12-01 18:46:29.009 1381 5946 D LOWI-9.0.0.87.a: [LOWI-Scan] BSS 38:a9:1c:35:03:0b (wlan0) ASSO: NO AddInfo: 0x0, TSF 0, 00:12:21.470, RSSI: -78, CPL: 127, AGE: 2064, SSID , TSFDelta: 0x410121a2, TXRate: 0
12-01 18:46:29.009 1381 5946 D LOWI-9.0.0.87.a: [LOWI-Scan]
12-01 18:46:29.009 1381 5946 D LOWI-9.0.0.87.a: [LOWI-Scan] print_bss_handler: Report beacon TSF 741475803 as it greater than probe TSF 741475803
12-01 18:46:29.009 1381 5946 D LOWI-9.0.0.87.a: [LOWI-Scan] decode_rsn_wpa_ie: LOWI_ENCRYPTION_TYPE_WPA_PSK
12-01 18:46:29.009 1381 5946 D LOWI-9.0.0.87.a: [LOWI-Scan] is_qcom_ie, bss_age: 0
12-01 18:46:29.009 1381 5946 D LOWI-9.0.0.87.a: [LOWI-Scan] BSS 7c:d9:5c:9d:f7:dc LOWI_PHY_MODE_11AC_VHT80(10), Beacon Interval: 100, LOWI_ENCRYPTION_TYPE_WPA_PSK 11mcRanging: Yes, ANQP: No, LCI: No, Civic: No, capability(0x1031): ESS Privacy ShortPreamble
12-01 18:46:29.009 1381 5946 D LOWI-9.0.0.87.a: [LOWI-Scan] BSS 7c:d9:5c:9d:f7:dc FREQ: 5180, cFreq1[40:80:160] = [5190:5210:0] cFreq2 = 0 Country Code = US
12-01 18:46:29.009 1381 5946 D LOWI-9.0.0.87.a: [LOWI-Scan] BSS 7c:d9:5c:9d:f7:dc (wlan0) ASSO: NO AddInfo: 0x1, TSF 0, 00:12:21.475, RSSI: -148, CPL: 127, AGE: 2064, SSID Google nest wifi, TSFDelta: 0x66352aeb, TXRate: 0
12-01 18:46:29.010 1381 5946 D LOWI-9.0.0.87.a: [LOWI-Scan]
12-01 18:46:29.010 1381 5946 D LOWI-9.0.0.87.a: [LOWI-Scan] print_bss_handler: Report beacon TSF 721428437 as it greater than probe TSF 721428437
12-01 18:46:29.010 1381 5946 D LOWI-9.0.0.87.a: [LOWI-Scan] decode_rsn_wpa_ie: LOWI_ENCRYPTION_TYPE_WPA_PSK
12-01 18:46:29.010 1381 5946 D LOWI-9.0.0.87.a: [LOWI-Scan] is_qcom_ie, bss_age: 0
12-01 18:46:29.010 1381 5946 D LOWI-9.0.0.87.a: [LOWI-Scan] adjust_age:AP AGE upper limit reached. Dont store
12-01 18:46:29.010 1381 5946 D LOWI-9.0.0.87.a: [LOWI-Scan] BSS e2:a6:91:5c:d1:2a LOWI_PHY_MODE_11NG_HT20(5), Beacon Interval: 100, LOWI_ENCRYPTION_TYPE_WPA_PSK 11mcRanging: No, ANQP: No, LCI: No, Civic: No, capability(0x1c31): ESS Privacy ShortPreamble ShortSlotTime APSD
12-01 18:46:29.010 1381 5946 D LOWI-9.0.0.87.a: [LOWI-Scan] BSS e2:a6:91:5c:d1:2a FREQ: 2412, cFreq1[40:80:160] = [2412:0:0] cFreq2 = 0 Country Code =
12-01 18:46:29.010 1381 5946 D LOWI-9.0.0.87.a: [LOWI-Scan] BSS e2:a6:91:5c:d1:2a (wlan0) ASSO: NO AddInfo: 0x1, TSF 0, 00:12:01.428, RSSI: -124, CPL: 127, AGE: 22108, SSID HUAWEI-GM-test1, TSFDelta: 0x9d8b2a3c, TXRate: 0
12-01 18:46:29.010 1381 5946 D LOWI-9.0.0.87.a: [LOWI-Scan]
12-01 18:46:29.010 1381 5946 D LOWI-9.0.0.87.a: [LOWI-Scan] print_bss_handler: Report beacon TSF 741528896 as it greater than probe TSF 731441449
12-01 18:46:29.010 1381 5946 D LOWI-9.0.0.87.a: [LOWI-Scan] decode_rsn_wpa_ie: LOWI_ENCRYPTION_TYPE_WPA_PSK
12-01 18:46:29.010 1381 5946 D LOWI-9.0.0.87.a: [LOWI-Scan] is_qcom_ie, bss_age: 0
12-01 18:46:29.010 1381 5946 D LOWI-9.0.0.87.a: [LOWI-Scan] BSS 18:6f:2d:81:16:e0 LOWI_PHY_MODE_11NG_HT20(5), Beacon Interval: 100, LOWI_ENCRYPTION_TYPE_WPA_PSK 11mcRanging: No, ANQP: No, LCI: No, Civic: No, capability(0x0531): ESS Privacy ShortPreamble SpectrumMgmt ShortSlotTime
12-01 18:46:29.010 1381 5946 D LOWI-9.0.0.87.a: [LOWI-Scan] BSS 18:6f:2d:81:16:e0 FREQ: 2412, cFreq1[40:80:160] = [2412:0:0] cFreq2 = 0 Country Code = CN
12-01 18:46:29.010 1381 5946 D LOWI-9.0.0.87.a: [LOWI-Scan] BSS 18:6f:2d:81:16:e0 (wlan0) ASSO: NO AddInfo: 0x1, TSF 0, 00:12:21.528, RSSI: -116, CPL: 127, AGE: 2008, SSID Testing , TSFDelta: 0x75daea4d, TXRate: 0
12-01 18:46:29.010 1381 5946 D LOWI-9.0.0.87.a: [LOWI-Scan]
12-01 18:46:29.010 1381 5946 D LOWI-9.0.0.87.a: [LOWI-Scan] print_bss_handler: Report beacon TSF 741545657 as it greater than probe TSF 731442978
12-01 18:46:29.010 1381 5946 D LOWI-9.0.0.87.a: [LOWI-Scan] is_qcom_ie, bss_age: 0
12-01 18:46:29.010 1381 5946 D LOWI-9.0.0.87.a: [LOWI-Scan] BSS 18:6f:2d:81:16:e1 LOWI_PHY_MODE_11NG_HT20(5), Beacon Interval: 100, LOWI_ENCRYPTION_TYPE_OPEN 11mcRanging: No, ANQP: No, LCI: No, Civic: No, capability(0x0521): ESS ShortPreamble SpectrumMgmt ShortSlotTime
12-01 18:46:29.010 1381 5946 D LOWI-9.0.0.87.a: [LOWI-Scan] BSS 18:6f:2d:81:16:e1 FREQ: 2412, cFreq1[40:80:160] = [2412:0:0] cFreq2 = 0 Country Code = CN
12-01 18:46:29.010 1381 5946 D LOWI-9.0.0.87.a: [LOWI-Scan] BSS 18:6f:2d:81:16:e1 (wlan0) ASSO: NO AddInfo: 0x1, TSF 0, 00:12:21.545, RSSI: -118, CPL: 127, AGE: 1992, SSID Guest, TSFDelta: 0x75e8ef47, TXRate: 0
12-01 18:46:29.010 1381 5946 D LOWI-9.0.0.87.a: [LOWI-Scan]
12-01 18:46:29.010 1381 5946 D LOWI-9.0.0.87.a: [LOWI-Scan] print_bss_handler: Report Probe TSF 731453993 as it greater than Beacon TSF 0
12-01 18:46:29.010 1381 5946 D LOWI-9.0.0.87.a: [LOWI-Scan] decode_rsn_wpa_ie: LOWI_ENCRYPTION_TYPE_WPA_PSK
12-01 18:46:29.010 1381 5946 D LOWI-9.0.0.87.a: [LOWI-Scan] is_qcom_ie, bss_age: 0
12-01 18:46:29.010 1381 5946 D LOWI-9.0.0.87.a: [LOWI-Scan] adjust_age:AP AGE upper limit reached. Dont store
12-01 18:46:29.010 1381 5946 D LOWI-9.0.0.87.a: [LOWI-Scan] BSS 18:6f:2d:81:16:e3 LOWI_PHY_MODE_11NG_HT20(5), Beacon Interval: 100, LOWI_ENCRYPTION_TYPE_WPA_PSK 11mcRanging: No, ANQP: No, LCI: No, Civic: No, capability(0x0531): ESS Privacy ShortPreamble SpectrumMgmt ShortSlotTime
12-01 18:46:29.010 1381 5946 D LOWI-9.0.0.87.a: [LOWI-Scan] BSS 18:6f:2d:81:16:e3 FREQ: 2412, cFreq1[40:80:160] = [2412:0:0] cFreq2 = 0 Country Code = CN
12-01 18:46:29.010 1381 5946 D LOWI-9.0.0.87.a: [LOWI-Scan] BSS 18:6f:2d:81:16:e3 (wlan0) ASSO: NO AddInfo: 0x0, TSF 0, 00:12:11.453, RSSI: -118, CPL: 127, AGE: 12084, SSID ZXHY, TSFDelta: 0x7637bd3a, TXRate: 0
12-01 18:46:29.010 1381 5946 D LOWI-9.0.0.87.a: [LOWI-Scan]
12-01 18:46:29.010 1381 5946 D LOWI-9.0.0.87.a: [LOWI-Scan] print_bss_handler: Report Probe TSF 731459863 as it greater than Beacon TSF 721504426
12-01 18:46:29.010 1381 5946 D LOWI-9.0.0.87.a: [LOWI-Scan] decode_rsn_wpa_ie: LOWI_ENCRYPTION_TYPE_WPA_PSK
12-01 18:46:29.010 1381 5946 D LOWI-9.0.0.87.a: [LOWI-Scan] is_qcom_ie, bss_age: 0
12-01 18:46:29.010 1381 5946 D LOWI-9.0.0.87.a: [LOWI-Scan] adjust_age:AP AGE upper limit reached. Dont store
12-01 18:46:29.010 1381 5946 D LOWI-9.0.0.87.a: [LOWI-Scan] BSS 18:6f:2d:81:16:e4 LOWI_PHY_MODE_11NG_HT20(5), Beacon Interval: 100, LOWI_ENCRYPTION_TYPE_WPA_PSK 11mcRanging: No, ANQP: No, LCI: No, Civic: No, capability(0x0531): ESS Privacy ShortPreamble SpectrumMgmt ShortSlotTime
12-01 18:46:29.010 1381 5946 D LOWI-9.0.0.87.a: [LOWI-Scan] BSS 18:6f:2d:81:16:e4 FREQ: 2412, cFreq1[40:80:160] = [2412:0:0] cFreq2 = 0 Country Code = CN
12-01 18:46:29.011 1381 5946 D LOWI-9.0.0.87.a: [LOWI-Scan] BSS 18:6f:2d:81:16:e4 (wlan0) ASSO: NO AddInfo: 0x0, TSF 0, 00:12:11.459, RSSI: -120, CPL: 127, AGE: 12080, SSID Fanya, TSFDelta: 0x766071ef, TXRate: 0
12-01 18:46:29.011 1381 5946 D LOWI-9.0.0.87.a: [LOWI-Scan]
12-01 18:46:29.011 1381 5946 D LOWI-9.0.0.87.a: [LOWI-Scan] print_bss_handler: Report Probe TSF 731595489 as it greater than Beacon TSF 0
12-01 18:46:29.011 1381 5946 D LOWI-9.0.0.87.a: [LOWI-Scan] decode_rsn_wpa_ie: LOWI_ENCRYPTION_TYPE_WPA_PSK
12-01 18:46:29.011 1381 5946 D LOWI-9.0.0.87.a: [LOWI-Scan] is_qcom_ie, bss_age: 0
12-01 18:46:29.011 1381 5946 D LOWI-9.0.0.87.a: [LOWI-Scan] adjust_age:AP AGE upper limit reached. Dont store
