01-01 08:05:59.552 1495 1606 I SystemConfig: Reading permissions from /system_ext/etc/permissions/com.android.systemui.xml
01-01 08:05:59.552 1495 1606 I SystemConfig: Reading permissions from /system_ext/etc/permissions/izat.xt.srv.xml
01-01 08:05:59.553 1495 1606 I SystemConfig: Reading permissions from /system_ext/etc/permissions/com.qualcomm.location.xml
01-01 08:05:59.553 1495 1606 I SystemConfig: Reading permissions from /system_ext/etc/permissions/com.thundercomm.microsettings.xml
01-01 08:05:59.553 1495 1606 I SystemConfig: Reading permissions from /system_ext/etc/permissions/wfd-system-ext-privapp-permissions-qti.xml
01-01 08:05:59.553 1495 1606 I SystemConfig: Reading permissions from /system_ext/etc/permissions/android.software.verified_boot.xml
01-01 08:05:59.554 1495 1606 I SystemConfig: Reading permissions from /system_ext/etc/permissions/telephony_system-ext_privapp-permissions-qti.xml
01-01 08:05:59.554 1495 1606 I SystemConfig: Reading permissions from /system_ext/etc/permissions/com.qti.location.sdk.xml
01-01 08:05:59.554 1495 1606 I SystemConfig: Reading permissions from /system_ext/etc/permissions/embms.xml
01-01 08:05:59.555 1495 1606 I SystemConfig: Reading permissions from /system_ext/etc/permissions/qti_libpermissions.xml
01-01 08:05:59.555 1495 1606 I SystemConfig: Reading permissions from /system_ext/etc/permissions/com.android.storagemanager.xml
01-01 08:05:59.556 1495 1606 I SystemConfig: Reading permissions from /apex/com.android.ipsec/etc/permissions/android.net.ipsec.ike.xml
01-01 08:05:59.566 1495 1495 D BatteryStatsImpl: Reading daily items from /data/system/batterystats-daily.xml
01-01 08:05:59.567 1495 1617 I KernelCpuUidFreqTimeReader: mPerClusterTimesAvailable=false
01-01 08:05:59.569 1495 1617 E KernelCpuSpeedReader: Failed to read cpu-freq: /sys/devices/system/cpu/cpu4/cpufreq/stats/time_in_state: open failed: ENOENT (No such file or directory)
01-01 08:05:59.569 1495 1617 E KernelCpuSpeedReader: Failed to read cpu-freq: /sys/devices/system/cpu/cpu0/cpufreq/stats/time_in_state: open failed: ENOENT (No such file or directory)
01-01 08:05:59.573 1495 1617 W KernelMemoryBandwidthStats: No kernel memory bandwidth stats available
01-01 08:05:59.593 1495 1495 I AppOps : No existing app ops /data/system/appops.xml; starting empty
01-01 08:05:59.594 1495 1495 I IntentFirewall: Read new rules (A:0 B:0 S:0)
01-01 08:05:59.596 1495 1495 D AppOps : AppOpsService published
01-01 08:05:59.596 1495 1495 I SystemServerTiming: StartDataLoaderManagerService
01-01 08:05:59.596 1495 1495 I SystemServiceManager: Starting com.android.server.pm.DataLoaderManagerService
01-01 08:05:59.597 1495 1495 I SystemServerTiming: StartIncrementalService
01-01 08:05:59.598 1495 1495 I SystemServerTiming: StartPowerManager
01-01 08:05:59.598 1495 1495 I SystemServiceManager: Starting com.android.server.power.PowerManagerService
01-01 08:05:59.603 1495 1495 I SystemServerTiming: StartThermalManager
01-01 08:05:59.603 1495 1495 I SystemServiceManager: Starting com.android.server.power.ThermalManagerService
01-01 08:05:59.603 1495 1495 I SystemServerTiming: StartHintManager
01-01 08:05:59.603 1495 1495 I SystemServiceManager: Starting com.android.server.power.hint.HintManagerService
01-01 08:05:59.603 1495 1495 I SystemServerTiming: InitPowerManagement
01-01 08:05:59.604 1495 1495 I SystemServerTiming: StartRecoverySystemService
01-01 08:05:59.604 1495 1495 I SystemServiceManager: Starting com.android.server.recoverysystem.RecoverySystemService$Lifecycle
01-01 08:05:59.604 1495 1495 I PackageWatchdog: Syncing state, reason: added new observer
01-01 08:05:59.604 1495 1495 I PackageWatchdog: Not pruning observers, elapsed time: 0ms
01-01 08:05:59.604 1495 1495 I PackageWatchdog: Cancelling state sync, nothing to sync
01-01 08:05:59.604 1495 1608 I PackageWatchdog: Saving observer state to file
01-01 08:05:59.605 1495 1495 I SystemServerTiming: StartLightsService
01-01 08:05:59.605 1495 1495 I SystemServiceManager: Starting com.android.server.lights.LightsService
01-01 08:05:59.607 1495 1495 I SystemServerTiming: StartSidekickService
01-01 08:05:59.607 1495 1495 I SystemServerTiming: StartDisplayManager
01-01 08:05:59.607 1495 1495 I SystemServiceManager: Starting com.android.server.display.DisplayManagerService
01-01 08:05:59.610 1495 1495 I SystemServerTiming: WaitForDisplay
01-01 08:05:59.610 1495 1495 I SystemServiceManager: Starting phase 100
01-01 08:05:59.610 1495 1495 I SystemServerTiming: OnBootPhase_100
01-01 08:05:59.610 1495 1495 I SystemServerTiming: OnBootPhase_100_com.android.server.security.FileIntegrityService
01-01 08:05:59.610 1495 1495 I SystemServerTiming: OnBootPhase_100_com.android.server.pm.Installer
01-01 08:05:59.610 1495 1495 I SystemServerTiming: OnBootPhase_100_com.android.server.os.DeviceIdentifiersPolicyService
01-01 08:05:59.610 1495 1495 I SystemServerTiming: OnBootPhase_100_com.android.server.uri.UriGrantsManagerService$Lifecycle
01-01 08:05:59.610 1495 1495 I SystemServerTiming: OnBootPhase_100_com.android.server.powerstats.PowerStatsService
01-01 08:05:59.610 1495 1495 I SystemServerTiming: OnBootPhase_100_com.android.server.wm.ActivityTaskManagerService$Lifecycle
01-01 08:05:59.610 1495 1495 I SystemServerTiming: OnBootPhase_100_com.android.server.am.ActivityManagerService$Lifecycle
01-01 08:05:59.610 1495 1495 I SystemServerTiming: OnBootPhase_100_com.android.server.pm.DataLoaderManagerService
01-01 08:05:59.610 1495 1495 I SystemServerTiming: OnBootPhase_100_com.android.server.power.PowerManagerService
01-01 08:05:59.610 1495 1495 I SystemServerTiming: OnBootPhase_100_com.android.server.power.ThermalManagerService
01-01 08:05:59.610 1495 1495 I SystemServerTiming: OnBootPhase_100_com.android.server.power.hint.HintManagerService
01-01 08:05:59.610 1495 1495 I SystemServerTiming: OnBootPhase_100_com.android.server.recoverysystem.RecoverySystemService$Lifecycle
01-01 08:05:59.610 1495 1495 I SystemServerTiming: OnBootPhase_100_com.android.server.lights.LightsService
01-01 08:05:59.610 1495 1495 I SystemServerTiming: OnBootPhase_100_com.android.server.display.DisplayManagerService
01-01 08:05:59.615 1495 1602 I DisplayDeviceRepository: Display device added: DisplayDeviceInfo{"内置屏幕": uniqueId="local:4630946370410392961", 2380 x 1020, modeId 1, defaultModeId 1, supportedModes [{id=1, width=2380, height=1020, fps=60.000004, alternativeRefreshRates=[]}], colorMode 0, supportedColorModes [0], hdrCapabilities HdrCapabilities{mSupportedHdrTypes=[2, 3, 4], mMaxLuminance=500.0, mMaxAverageLuminance=500.0, mMinLuminance=0.0}, allmSupported false, gameContentTypeSupported false, density 240, 319.851 x 319.851 dpi, appVsyncOff 1000000, presDeadline 16666666, touch INTERNAL, rotation 0, type INTERNAL, address {port=129, model=0x40446d3026322d}, deviceProductInfo DeviceProductInfo{name=, manufacturerPnpId=QCM, productId=1, modelYear=null, manufactureDate=ManufactureDate{week=27, year=2006}, connectionToSinkType=0}, state UNKNOWN, frameRateOverride , brightnessMinimum 0.0, brightnessMaximum 1.0, brightnessDefault 1.0, FLAG_DEFAULT_DISPLAY, FLAG_ROTATES_WITH_CONTENT, FLAG_SECURE, FLAG_SUPPORTS_PROTECTED_BUFFERS}
01-01 08:05:59.615 1495 1602 I LogicalDisplayMapper: Applying layout: [{addr: {port=129, model=0x40446d3026322d}, dispId: 0(ON)}], Previous layout: null
01-01 08:05:59.616 1495 1602 I LogicalDisplayMapper: Adding new display: 0: DisplayInfo{"内置屏幕", displayId 0", displayGroupId -1, FLAG_SECURE, FLAG_SUPPORTS_PROTECTED_BUFFERS, FLAG_TRUSTED, real 2380 x 1020, largest app 2380 x 1020, smallest app 2380 x 1020, appVsyncOff 1000000, presDeadline 16666666, mode 1, defaultMode 1, modes [{id=1, width=2380, height=1020, fps=60.000004, alternativeRefreshRates=[]}], hdrCapabilities HdrCapabilities{mSupportedHdrTypes=[2, 3, 4], mMaxLuminance=500.0, mMaxAverageLuminance=500.0, mMinLuminance=0.0}, userDisabledHdrTypes [], minimalPostProcessingSupported false, rotation 0, state UNKNOWN, type INTERNAL, uniqueId "local:4630946370410392961", app 2380 x 1020, density 240 (319.851 x 319.851) dpi, layerStack 0, colorMode 0, supportedColorModes [0], address {port=129, model=0x40446d3026322d}, deviceProductInfo DeviceProductInfo{name=, manufacturerPnpId=QCM, productId=1, modelYear=null, manufactureDate=ManufactureDate{week=27, year=2006}, connectionToSinkType=0}, removeMode 0, refreshRateOverride 0.0, brightnessMinimum 0.0, brightnessMaximum 1.0, brightnessDefault 1.0}
01-01 08:05:59.616 1495 1602 I LogicalDisplayMapper: Setting new display group 0 for display 0, from previous group: null
01-01 08:05:59.617 1495 1602 E DisplayDeviceConfig: requesting nits when no mapping exists.
01-01 08:05:59.620 1495 1602 E DisplayDeviceConfig: requesting nits when no mapping exists.
01-01 08:05:59.621 1495 1495 I SystemServerTiming: StartDomainVerificationService
01-01 08:05:59.621 1495 1602 I DisplayDeviceRepository: Display device changed state: "内置屏幕", ON
01-01 08:05:59.623 1495 1495 I SystemServerTiming: StartPackageManagerService
01-01 08:05:59.623 1495 1495 I Watchdog: Pausing HandlerChecker: main thread for reason: packagemanagermain. Pause count: 1
01-01 08:05:59.625 1495 1495 I PackageManagerTiming: create package manager
01-01 08:05:59.627 1495 1495 I PackageManagerTiming: readListOfPackagesToBeDisabled
01-01 08:05:59.627 1495 1495 D PackageManager: Disabling packages for wifi-only device, source: /vendor/etc/telephony_packages.xml
01-01 08:05:59.627 1495 1495 I PackageManagerTiming: createSubComponents
01-01 08:05:59.631 1495 1495 W FileUtils: Failed to chmod(/data/system/packages.list): android.system.ErrnoException: chmod failed: ENOENT (No such file or directory)
01-01 08:05:59.632 1495 1495 I PackageManagerTiming: addSharedUsers
01-01 08:05:59.633 1495 1495 I PackageManagerTiming: get system config
01-01 08:05:59.634 1495 1495 D PackageManager: Directories scanned as system partitions: [/system:0, /vendor:524288, /odm:4194304, /oem:262144, /product:1048576, /system_ext:2097152, /apex/com.android.vndk.v30:8388608, /apex/com.android.wifi:8388608, /apex/com.android.vndk.v31:8388608, /apex/com.android.tzdata:8388608, /apex/com.android.tethering:8388608, /apex/com.android.sdkext:8388608, /apex/com.android.scheduling:8388608, /apex/com.android.runtime:8388608, /apex/com.android.resolv:8388608, /apex/com.android.permission:8388608, /apex/com.android.os.statsd:8388608, /apex/com.android.neuralnetworks:8388608, /apex/com.android.mediaprovider:8388608, /apex/com.android.media.swcodec:8388608, /apex/com.android.media:8388608, /apex/com.android.ipsec:8388608, /apex/com.android.i18n:8388608, /apex/com.android.extservices:8388608, /apex/com.android.conscrypt:8388608, /apex/com.android.art:8388608, /apex/com.android.appsearch:8388608, /apex/com.android.adbd:8388608]
01-01 08:05:59.635 1495 1495 D SELinuxMMAC: Using policy file /system/etc/selinux/plat_mac_permissions.xml
01-01 08:05:59.638 1495 1495 D SELinuxMMAC: Using policy file /system_ext/etc/selinux/system_ext_mac_permissions.xml
01-01 08:05:59.638 1495 1495 D SELinuxMMAC: Using policy file /product/etc/selinux/product_mac_permissions.xml
01-01 08:05:59.638 1495 1495 D SELinuxMMAC: Using policy file /vendor/etc/selinux/vendor_mac_permissions.xml
01-01 08:05:59.638 1495 1495 D SELinuxMMAC: Using policy file /odm/etc/selinux/odm_mac_permissions.xml
01-01 08:05:59.639 1495 1495 I PackageManagerTiming: loadFallbacks
01-01 08:05:59.639 1495 1495 I PackageManagerTiming: read user settings
01-01 08:05:59.639 1495 1495 I PackageManager: No settings file; creating initial state
01-01 08:05:59.641 1495 1495 W android.permission.PermissionManager: Missing ActivityManager; assuming 1000 holds android.permission.WATCH_APPOPS
01-01 08:05:59.642 1495 1495 W android.permission.PermissionManager: Missing ActivityManager; assuming 1000 holds android.permission.WATCH_APPOPS
01-01 08:05:59.644 1495 1495 I PackageManager: /product/overlay/CellBroadcastReceiverResCommon_Sys.apk changed; collecting certs
01-01 08:05:59.647 1495 1495 D CompatibilityChangeReporter: Compat change id reported: 143539591; UID -1; state: ENABLED
01-01 08:05:59.649 1495 1495 I PackageManager: /product/overlay/SettingsProviderResource changed; collecting certs
01-01 08:05:59.650 1495 1495 I PackageManager: /product/overlay/DisplayCutoutEmulationWaterfall changed; collecting certs
01-01 08:05:59.652 1495 1495 I PackageManager: /product/overlay/NavigationBarModeGestural changed; collecting certs
01-01 08:05:59.652 1495 1495 I PackageManager: /product/overlay/SystemUIResCommon_Sys.apk changed; collecting certs
01-01 08:05:59.653 1495 1495 I PackageManager: /product/overlay/WifiResCommon_Sys.apk changed; collecting certs
01-01 08:05:59.654 1495 1495 I PackageManager: /product/overlay/FontNotoSerifSource changed; collecting certs
01-01 08:05:59.655 1495 1495 I PackageManager: /product/overlay/NavigationBarModeGesturalWideBack changed; collecting certs
01-01 08:05:59.656 1495 1495 I PackageManager: /product/overlay/NavigationBarModeGesturalNarrowBack changed; collecting certs
01-01 08:05:59.657 1495 1495 I PackageManager: /product/overlay/NavigationBarModeGesturalExtraWideBack changed; collecting certs
01-01 08:05:59.658 1495 1495 I PackageManager: /product/overlay/SettingsResCommon_Sys.apk changed; collecting certs
01-01 08:05:59.659 1495 1495 I PackageManager: /product/overlay/FrameworksResCommon_Sys.apk changed; collecting certs
01-01 08:05:59.660 1495 1495 I PackageManager: /product/overlay/FrameworkResource changed; collecting certs
01-01 08:05:59.661 1495 1495 I PackageManager: /product/overlay/OneHandedModeGestural changed; collecting certs
01-01 08:05:59.662 1495 1495 I PackageManager: /product/overlay/FrameworksResCommonQva_Sys.apk changed; collecting certs
01-01 08:05:59.664 1495 1495 I PackageManager: /vendor/overlay/FrameworksResTarget.apk changed; collecting certs
01-01 08:05:59.665 1495 1495 D CompatibilityChangeReporter: Compat change id reported: 143539591; UID -1; state: DISABLED
01-01 08:05:59.665 1495 1495 D CompatibilityChangeReporter: Compat change id reported: 168782947; UID -1; state: ENABLED
01-01 08:05:59.665 1495 1495 I PackageManager: /vendor/overlay/WifiResTarget.apk changed; collecting certs
01-01 08:05:59.667 1495 1495 W PackageManager: Failed to parse /system/framework/oat: Missing base APK in /system/framework/oat
01-01 08:05:59.667 1495 1495 W PackageManager: Failed to parse /system/framework/arm64: Missing base APK in /system/framework/arm64
01-01 08:05:59.667 1495 1495 W PackageManager: Failed to parse /system/framework/arm: Missing base APK in /system/framework/arm
01-01 08:05:59.686 1495 1495 I PackageManager: /system/framework/framework-res.apk changed; collecting certs
01-01 08:05:59.688 1495 1495 W PackageManager: Adding duplicate shared id: 1000 name=android
01-01 08:05:59.695 1495 1495 I PackageManager: /system/priv-app/FusedLocation changed; collecting certs
01-01 08:05:59.696 1495 1495 W PackageManager: Adding duplicate shared id: 1000 name=com.android.location.fused
01-01 08:05:59.697 1495 1495 I PackageManager: /system/priv-app/DownloadProviderUi changed; collecting certs
01-01 08:05:59.698 1495 1495 W PackageManager: Adding duplicate app id: 10017 name=com.android.providers.downloads.ui
01-01 08:05:59.698 1495 1495 I PackageManager: /system/priv-app/DownloadProvider changed; collecting certs
01-01 08:05:59.699 1495 1495 W PackageManager: Adding duplicate app id: 10017 name=com.android.providers.downloads
01-01 08:05:59.701 1495 1495 I PackageManager: /system/priv-app/DynamicSystemInstallationService changed; collecting certs
01-01 08:05:59.703 1495 1495 W PackageManager: Adding duplicate shared id: 1000 name=com.android.dynsystem
01-01 08:05:59.704 1495 1495 I PackageManager: /system/priv-app/SoundPicker changed; collecting certs
01-01 08:05:59.705 1495 1495 W PackageManager: Adding duplicate app id: 10017 name=com.android.soundpicker
01-01 08:05:59.705 1495 1495 I PackageManager: /system/priv-app/DocumentsUI changed; collecting certs
01-01 08:05:59.707 1495 1495 I PackageManager: /system/priv-app/ProxyHandler changed; collecting certs
01-01 08:05:59.708 1495 1495 I PackageManager: /system/priv-app/HiphiShowFSEControl-MCE-1.0.10.22-11-18-14_48_36.39d265a-10-debug changed; collecting certs
01-01 08:05:59.710 1495 1495 I PackageManager: /system/priv-app/MtpService changed; collecting certs
01-01 08:05:59.712 1495 1495 W PackageManager: Adding duplicate app id: 10017 name=com.android.mtp
01-01 08:05:59.712 1495 1495 I PackageManager: /system/priv-app/SettingsProvider changed; collecting certs
01-01 08:05:59.713 1495 1495 W PackageManager: Adding duplicate shared id: 1000 name=com.android.providers.settings
01-01 08:05:59.714 1495 1495 I PackageManager: /system/priv-app/Tag changed; collecting certs
01-01 08:05:59.715 1495 1495 I PackageManager: /system/priv-app/PackageInstaller changed; collecting certs
01-01 08:05:59.717 1495 1495 I PackageManager: /system/priv-app/MusicFX changed; collecting certs
01-01 08:05:59.718 1495 1495 I PackageManager: /system/priv-app/McuUpdate changed; collecting certs
01-01 08:05:59.719 1495 1495 W PackageManager: Adding duplicate shared id: 1000 name=com.thundercomm.mcuupgrade
01-01 08:05:59.722 1495 1495 I PackageManager: /system/priv-app/Telecom changed; collecting certs
01-01 08:05:59.724 1495 1495 W PackageManager: Adding duplicate shared id: 1000 name=com.android.server.telecom
01-01 08:05:59.724 1495 1495 I PackageManager: /system/priv-app/TcService changed; collecting certs
01-01 08:05:59.726 1495 1495 W PackageManager: Adding duplicate shared id: 1000 name=com.thundercomm.tcservice
01-01 08:05:59.726 1495 1495 I PackageManager: /system/priv-app/ExternalStorageProvider changed; collecting certs
01-01 08:05:59.729 1495 1495 I PackageManager: /system/priv-app/InputDevices changed; collecting certs
01-01 08:05:59.730 1495 1495 W PackageManager: Adding duplicate shared id: 1000 name=com.android.inputdevices
01-01 08:05:59.731 1495 1495 I PackageManager: /system/priv-app/Traceur changed; collecting certs
01-01 08:05:59.737 1495 1495 I PackageManager: /system/priv-app/BuiltInPrintService changed; collecting certs
01-01 08:05:59.739 1495 1495 I PackageManager: /system/priv-app/NetworkStack changed; collecting certs
01-01 08:05:59.740 1495 1635 D CompatibilityChangeReporter: Compat change id reported: 150232615; UID -1; state: DISABLED
01-01 08:05:59.741 1495 1495 W PackageManager: Adding duplicate shared id: 1073 name=com.android.networkstack
01-01 08:05:59.742 1495 1495 I PackageManager: /system/priv-app/Shell changed; collecting certs
01-01 08:05:59.744 1495 1495 W PackageManager: Adding duplicate shared id: 2000 name=com.android.shell
01-01 08:05:59.745 1495 1495 I PackageManager: /system/priv-app/SogouInput_huaren_1.0.0.255_Build_14302_20210415 changed; collecting certs
01-01 08:05:59.748 1495 1634 W PackageParsing: Ignoring duplicate uses-permissions/uses-permissions-sdk-m: android.permission.ACCESS_WIFI_STATE in package: com.microsoft.emmx at: Binary XML file line #105
01-01 08:05:59.783 1495 1495 D CompatibilityChangeReporter: Compat change id reported: 168782947; UID -1; state: DISABLED
01-01 08:05:59.784 1495 1495 I PackageManager: /system/priv-app/VpnDialogs changed; collecting certs
01-01 08:05:59.786 1495 1495 I PackageManager: /system/priv-app/UserDictionaryProvider changed; collecting certs
01-01 08:05:59.787 1495 1495 W PackageManager: Adding duplicate app id: 10029 name=com.android.providers.userdictionary
01-01 08:05:59.788 1495 1495 I PackageManager: /system/priv-app/NetworkPermissionConfig changed; collecting certs
01-01 08:05:59.789 1495 1636 W PackageParsing: No actions in intent-filter at /system/priv-app/baidu_ime-mainLine-release/baidu_ime-mainLine-release.apk Binary XML file line #388
01-01 08:05:59.790 1495 1495 W PackageManager: Adding duplicate shared id: 1073 name=com.android.networkstack.permissionconfig
01-01 08:05:59.791 1495 1495 I PackageManager: /system/priv-app/SharedStorageBackup changed; collecting certs
01-01 08:05:59.792 1495 1495 I PackageManager: /system/priv-app/ContactsProvider changed; collecting certs
01-01 08:05:59.794 1495 1495 W PackageManager: Adding duplicate app id: 10029 name=com.android.providers.contacts
01-01 08:05:59.794 1495 1495 I PackageManager: /system/priv-app/ManagedProvisioning changed; collecting certs
01-01 08:05:59.796 1495 1495 I PackageManager: /system/priv-app/BackupRestoreConfirmation changed; collecting certs
01-01 08:05:59.797 1495 1495 I PackageManager: /system/priv-app/CtsShimPrivPrebuilt changed; collecting certs
01-01 08:05:59.798 1495 1495 I PackageManager: /system/priv-app/com.microsoft.emmx_134305015 changed; collecting certs
01-01 08:06:00.014 1495 1495 I PackageManager: /system/priv-app/LocalTransport changed; collecting certs
01-01 08:06:00.015 1495 1495 W PackageManager: Adding duplicate shared id: 1000 name=com.android.localtransport
01-01 08:06:00.015 1495 1495 I PackageManager: /system/priv-app/MediaProviderLegacy changed; collecting certs
01-01 08:06:00.016 1495 1495 W PackageManager: Adding duplicate app id: 10017 name=com.android.providers.media
01-01 08:06:00.016 1495 1495 I PackageManager: /system/priv-app/CalendarProvider changed; collecting certs
01-01 08:06:00.017 1495 1495 W PackageManager: Adding duplicate app id: 10035 name=com.android.providers.calendar
01-01 08:06:00.018 1495 1495 I PackageManager: /system/priv-app/baidu_ime-mainLine-release changed; collecting certs
01-01 08:06:00.357 1495 1495 I PackageManager: /system/app/ExtShared changed; collecting certs
01-01 08:06:00.359 1495 1495 I PackageManager: /system/app/CtsShimPrebuilt changed; collecting certs
01-01 08:06:00.361 1495 1495 I PackageManager: /system/app/LogClient changed; collecting certs
01-01 08:06:00.362 1495 1495 W PackageManager: Adding duplicate shared id: 1000 name=com.tc.logclient
01-01 08:06:00.363 1495 1495 I PackageManager: /system/app/BasicDreams changed; collecting certs
01-01 08:06:00.365 1495 1495 I PackageManager: /system/app/PacProcessor changed; collecting certs
01-01 08:06:00.366 1495 1495 I PackageManager: /system/app/BluetoothMidiService changed; collecting certs
01-01 08:06:00.367 1495 1495 I PackageManager: /system/app/EasterEgg changed; collecting certs
01-01 08:06:00.369 1495 1495 I PackageManager: /system/app/HTMLViewer changed; collecting certs
01-01 08:06:00.370 1495 1495 I PackageManager: /system/app/CaptivePortalLogin changed; collecting certs
01-01 08:06:00.372 1495 1495 I PackageManager: /system/app/KeyChain changed; collecting certs
01-01 08:06:00.374 1495 1495 W PackageManager: Adding duplicate shared id: 1000 name=com.android.keychain
01-01 08:06:00.374 1495 1495 I PackageManager: /system/app/ScreenSaver changed; collecting certs
01-01 08:06:00.376 1495 1495 I PackageManager: /system/app/WallpaperBackup changed; collecting certs
01-01 08:06:00.377 1495 1495 W PackageManager: Adding duplicate shared id: 1000 name=com.android.wallpaperbackup
01-01 08:06:00.378 1495 1495 I PackageManager: /system/app/SecureElement changed; collecting certs
01-01 08:06:00.378 1495 1634 W PackageParsing: No actions in intent-filter at /system/app/Bluetooth/Bluetooth.apk Binary XML file line #284
01-01 08:06:00.379 1495 1495 W PackageManager: Adding duplicate shared id: 1068 name=com.android.se
01-01 08:06:00.380 1495 1495 I PackageManager: /system/app/CompanionDeviceManager changed; collecting certs
01-01 08:06:00.381 1495 1495 I PackageManager: /system/app/CameraExtensionsProxy changed; collecting certs
01-01 08:06:00.383 1495 1495 I PackageManager: /system/app/Bluetooth changed; collecting certs
01-01 08:06:00.384 1495 1495 W PackageManager: Adding duplicate shared id: 1002 name=com.android.bluetooth
01-01 08:06:00.385 1495 1495 I PackageManager: /system/app/LiveWallpapersPicker changed; collecting certs
01-01 08:06:00.387 1495 1495 I PackageManager: /system/app/Stk changed; collecting certs
01-01 08:06:00.388 1495 1495 W PackageManager: Adding duplicate shared id: 1001 name=com.android.stk
01-01 08:06:00.389 1495 1495 I PackageManager: /system/app/PrintRecommendationService changed; collecting certs
01-01 08:06:00.390 1495 1495 I PackageManager: /system/app/BookmarkProvider changed; collecting certs
01-01 08:06:00.391 1495 1495 I PackageManager: /system/app/CertInstaller changed; collecting certs
01-01 08:06:00.392 1495 1495 I PackageManager: /system/app/PrintSpooler changed; collecting certs
01-01 08:06:00.393 1495 1495 I PackageManager: /system/app/TCHttpServer changed; collecting certs
01-01 08:06:00.395 1495 1495 W PackageManager: Adding duplicate shared id: 1000 name=com.thundercomm.tchttpserver
01-01 08:06:00.399 1495 1495 I PackageManager: /vendor/app/pasrservice changed; collecting certs
01-01 08:06:00.401 1495 1495 I PackageManager: /vendor/app/TsUartService changed; collecting certs
01-01 08:06:00.404 1495 1495 I PackageManager: /vendor/app/ConnectionSecurityService changed; collecting certs
01-01 08:06:00.407 1495 1495 I PackageManager: /vendor/app/TimeService changed; collecting certs
01-01 08:06:00.409 1495 1495 I PackageManager: /vendor/app/CACertService changed; collecting certs
01-01 08:06:00.410 1495 1495 W PackageManager: Adding duplicate app id: 10057 name=vendor.qti.hardware.cacert.server
01-01 08:06:00.410 1495 1495 W PackageManager: Failed to parse /vendor/app/CneApp: Missing base APK in /vendor/app/CneApp/lib/arm64
01-01 08:06:00.410 1495 1495 I PackageManager: /vendor/app/com.qualcomm.qti.gpudrivers.kona.api30 changed; collecting certs
01-01 08:06:00.412 1495 1495 I PackageManager: /vendor/app/TrustZoneAccessService changed; collecting certs
01-01 08:06:00.413 1495 1495 I PackageManager: /vendor/app/IWlanService changed; collecting certs
01-01 08:06:00.414 1495 1495 W PackageManager: Adding duplicate app id: 10057 name=vendor.qti.iwlan
01-01 08:06:00.418 1495 1495 I PackageManager: /product/priv-app/OneTimeInitializer changed; collecting certs
01-01 08:06:00.421 1495 1495 I PackageManager: /product/priv-app/QtiSoundRecorder changed; collecting certs
01-01 08:06:00.422 1495 1495 I PackageManager: /product/priv-app/SettingsIntelligence changed; collecting certs
01-01 08:06:00.429 1495 1495 I PackageManager: /product/app/PhotoTable changed; collecting certs
01-01 08:06:00.431 1495 1495 I PackageManager: /product/app/GameModeProvider changed; collecting certs
01-01 08:06:00.433 1495 1495 I PackageManager: /product/app/DeviceStatisticsService changed; collecting certs
01-01 08:06:00.434 1495 1495 I PackageManager: /product/app/Calendar changed; collecting certs
01-01 08:06:00.437 1495 1495 I PackageManager: /product/app/ModuleMetadata changed; collecting certs
01-01 08:06:00.445 1495 1495 I PackageManager: /product/app/Gallery2 changed; collecting certs
01-01 08:06:00.449 1495 1495 I PackageManager: /product/app/LatinIME changed; collecting certs
01-01 08:06:00.452 1495 1495 I PackageManager: /product/app/webview changed; collecting certs
01-01 08:06:00.455 1495 1495 I PackageManager: /product/app/DeskClock changed; collecting certs
01-01 08:06:00.461 1495 1495 I PackageManager: /system_ext/priv-app/WallpaperCropper changed; collecting certs
01-01 08:06:00.464 1495 1495 I PackageManager: /system_ext/priv-app/dpmserviceapp changed; collecting certs
01-01 08:06:00.465 1495 1495 W PackageManager: Adding duplicate shared id: 1001 name=com.qti.dpmserviceapp
01-01 08:06:00.466 1495 1495 I PackageManager: /system_ext/priv-app/xrvdservice changed; collecting certs
01-01 08:06:00.468 1495 1495 W PackageManager: Adding duplicate shared id: 1000 name=com.qualcomm.qti.xrvd.service
01-01 08:06:00.472 1495 1495 I PackageManager: /system_ext/priv-app/com.qualcomm.location changed; collecting certs
01-01 08:06:00.475 1495 1495 I PackageManager: /system_ext/priv-app/GameMode changed; collecting certs
01-01 08:06:00.477 1495 1495 W PackageManager: Adding duplicate shared id: 1000 name=com.thundercomm.gamemode
01-01 08:06:00.478 1495 1495 I PackageManager: /system_ext/priv-app/com.qualcomm.qti.services.systemhelper changed; collecting certs
01-01 08:06:00.482 1495 1495 I PackageManager: /system_ext/priv-app/xrcbservice changed; collecting certs
01-01 08:06:00.489 1495 1495 I PackageManager: /system_ext/priv-app/xtra_t_app changed; collecting certs
01-01 08:06:00.491 1495 1495 W PackageManager: Adding duplicate app id: 10076 name=com.qualcomm.location.XT
01-01 08:06:00.493 1495 1495 I PackageManager: /system_ext/priv-app/WfdService changed; collecting certs
01-01 08:06:00.503 1495 1495 I PackageManager: /system_ext/priv-app/StorageManager changed; collecting certs
01-01 08:06:00.506 1495 1637 W PackageParsing: Ignoring duplicate uses-permissions/uses-permissions-sdk-m: android.permission.CONFIGURE_WIFI_DISPLAY in package: com.android.systemui at: Binary XML file line #160
01-01 08:06:00.507 1495 1495 I PackageManager: /system_ext/priv-app/Provision changed; collecting certs
01-01 08:06:00.514 1495 1495 I PackageManager: /system_ext/priv-app/QAS_DVC_MSP changed; collecting certs
01-01 08:06:00.517 1495 1495 I PackageManager: /system_ext/priv-app/Launcher3QuickStep changed; collecting certs
01-01 08:06:00.520 1495 1495 I PackageManager: /system_ext/priv-app/SystemUI changed; collecting certs
01-01 08:06:00.522 1495 1495 W PackageManager: Adding duplicate app id: 10082 name=com.android.systemui
01-01 08:06:00.530 1495 1495 I PackageManager: /system_ext/priv-app/EmergencyInfo changed; collecting certs
01-01 08:06:00.532 1495 1495 W PackageManager: Adding duplicate app id: 10083 name=com.android.emergency
01-01 08:06:00.617 1495 1495 I PackageManager: /system_ext/priv-app/Settings changed; collecting certs
01-01 08:06:00.618 1495 1495 W PackageManager: Adding duplicate shared id: 1000 name=com.android.settings
01-01 08:06:00.623 1495 1495 I PackageManager: /system_ext/app/QCC-Netstat changed; collecting certs
01-01 08:06:00.625 1495 1495 I PackageManager: /system_ext/app/embms changed; collecting certs
01-01 08:06:00.626 1495 1495 I PackageManager: /system_ext/app/QdcmFF changed; collecting certs
01-01 08:06:00.628 1495 1495 W PackageManager: Adding duplicate shared id: 1000 name=com.qti.snapdragon.qdcm_ff
01-01 08:06:00.628 1495 1495 I PackageManager: /system_ext/app/QCC-AUTHMGR changed; collecting certs
01-01 08:06:00.630 1495 1495 I PackageManager: /system_ext/app/uceShimService changed; collecting certs
01-01 08:06:00.632 1495 1495 W PackageManager: Adding duplicate shared id: 1001 name=com.qualcomm.qti.uceShimService
01-01 08:06:00.633 1495 1495 I PackageManager: /system_ext/app/aptxui changed; collecting certs
01-01 08:06:00.635 1495 1495 I PackageManager: /system_ext/app/DynamicDDSService changed; collecting certs
01-01 08:06:00.636 1495 1495 W PackageManager: Adding duplicate shared id: 1001 name=com.qualcomm.qti.dynamicddsservice
01-01 08:06:00.637 1495 1495 I PackageManager: /system_ext/app/MStatsSystemService changed; collecting certs
01-01 08:06:00.638 1495 1495 I PackageManager: /system_ext/app/TCSetupWizard changed; collecting certs
01-01 08:06:00.640 1495 1495 W PackageManager: Adding duplicate shared id: 1000 name=com.thundercomm.tcsetupWizard
01-01 08:06:00.641 1495 1495 I PackageManager: /system_ext/app/NQNfcNci changed; collecting certs
01-01 08:06:00.646 1495 1495 W PackageManager: Adding duplicate shared id: 1027 name=com.android.nfc
01-01 08:06:00.646 1495 1634 W PackageParsing: Ignoring duplicate uses-permissions/uses-permissions-sdk-m: android.permission.INTERACT_ACROSS_USERS in package: com.thundercomm.microsettings at: Binary XML file line #13
01-01 08:06:00.647 1495 1634 W PackageParsing: Ignoring duplicate uses-permissions/uses-permissions-sdk-m: android.permission.SET_TIME_ZONE in package: com.thundercomm.microsettings at: Binary XML file line #31
01-01 08:06:00.647 1495 1495 I PackageManager: /system_ext/app/RemoteControlServer changed; collecting certs
01-01 08:06:00.649 1495 1495 W PackageManager: Adding duplicate shared id: 1000 name=com.thundercomm.remotecontrolservice
01-01 08:06:00.649 1495 1495 I PackageManager: /system_ext/app/QesdkSysService changed; collecting certs
01-01 08:06:00.651 1495 1495 W PackageManager: Adding duplicate shared id: 1000 name=vendor.qti.qesdk.sysservice
01-01 08:06:00.651 1495 1495 I PackageManager: /system_ext/app/MircoService changed; collecting certs
01-01 08:06:00.653 1495 1495 W PackageManager: Adding duplicate shared id: 1000 name=com.thundercomm.microservice
01-01 08:06:00.654 1495 1495 I PackageManager: /system_ext/app/workloadclassifier changed; collecting certs
01-01 08:06:00.656 1495 1495 I PackageManager: /system_ext/app/QCC changed; collecting certs
01-01 08:06:00.657 1495 1495 W PackageManager: Adding duplicate shared id: 1000 name=com.qualcomm.qti.qdma
01-01 08:06:00.658 1495 1635 W PackageParsing: No actions in intent-filter at /system_ext/app/SnapdragonMusic/SnapdragonMusic.apk Binary XML file line #82
01-01 08:06:00.658 1495 1495 I PackageManager: /system_ext/app/QTIDiagServices changed; collecting certs
01-01 08:06:00.658 1495 1635 W PackageParsing: No actions in intent-filter at /system_ext/app/SnapdragonMusic/SnapdragonMusic.apk Binary XML file line #205
01-01 08:06:00.659 1495 1495 W PackageManager: Adding duplicate shared id: 1000 name=com.qti.diagservices
01-01 08:06:00.660 1495 1495 I PackageManager: /system_ext/app/TCCast changed; collecting certs
01-01 08:06:00.666 1495 1495 I PackageManager: /system_ext/app/MicroSettings changed; collecting certs
01-01 08:06:00.667 1495 1495 W PackageManager: Adding duplicate shared id: 1000 name=com.thundercomm.microsettings
01-01 08:06:00.668 1495 1495 I PackageManager: /system_ext/app/SnapdragonMusic changed; collecting certs
01-01 08:06:00.676 1495 1495 I PackageManager: /apex/com.android.wifi/priv-app/ServiceWifiResources changed; collecting certs
01-01 08:06:00.681 1495 1495 I PackageManager: /apex/com.android.wifi/app/OsuLogin changed; collecting certs
01-01 08:06:00.687 1495 1495 I PackageManager: /apex/com.android.tethering/priv-app/ServiceConnectivityResources changed; collecting certs
01-01 08:06:00.689 1495 1495 I PackageManager: /apex/com.android.tethering/priv-app/Tethering changed; collecting certs
01-01 08:06:00.691 1495 1495 W PackageManager: Adding duplicate shared id: 1073 name=com.android.networkstack.tethering
01-01 08:06:00.706 1495 1495 I PackageManager: /apex/com.android.permission/priv-app/PermissionController changed; collecting certs
01-01 08:06:00.715 1495 1495 I PackageManager: /apex/com.android.mediaprovider/priv-app/MediaProvider changed; collecting certs
01-01 08:06:00.728 1495 1495 I PackageManager: /apex/com.android.extservices/priv-app/ExtServices changed; collecting certs
01-01 08:06:00.734 1495 1495 I PackageManager: Finished scanning system apps. Time: 1095 ms, packageCount: 139 , timePerPackage: 7 , cached: 0
01-01 08:06:00.735 1495 1495 I PackageManager: Finished scanning non-system apps. Time: 0 ms, packageCount: 0 , timePerPackage: 0 , cached: 0
01-01 08:06:00.736 1495 1495 E PackageManager: updateAllSharedLibrariesLPw failed: Package com.qualcomm.embms requires unavailable shared library com.qualcomm.qcrilhook; failing!
01-01 08:06:00.736 1495 1495 E PackageManager: updateAllSharedLibrariesLPw failed: Package com.android.systemui requires unavailable shared library com.qti.extphone.extphonelib; failing!
01-01 08:06:00.736 1495 1495 E PackageManager: updateAllSharedLibrariesLPw failed: Package com.android.settings requires unavailable shared library com.qti.extphone.extphonelib; failing!
01-01 08:06:00.736 1495 1495 E PackageManager: updateAllSharedLibrariesLPw failed: Package com.qualcomm.qti.devicestatisticsservice requires unavailable shared library qti-telephony-hidl-wrapper-prd; failing!
01-01 08:06:00.736 1495 1495 E PackageManager: updateAllSharedLibrariesLPw failed: Package com.qti.snapdragon.qdcm_ff requires unavailable shared library vendor.display.color.V1_0.IDisplayColor; failing!
01-01 08:06:00.736 1495 1495 E PackageManager: updateAllSharedLibrariesLPw failed: Package com.qti.pasrservice requires unavailable shared library vendor.qti.power.pasrmanager.V1_0.IPasrManager; failing!
01-01 08:06:00.737 1495 1495 E PackageManager: updateAllSharedLibrariesLPw failed: Package com.qualcomm.wfd.service requires unavailable shared library .WfdService; failing!
01-01 08:06:00.738 1495 1495 I PackageManager: Time to scan packages: 1.098 seconds
01-01 08:06:00.738 1495 1495 I PackageManager: Permission ownership changed. Updating all permissions.
01-01 08:06:00.751 1495 1495 V PackageManager: reconcileAppsData for null u0 0x1 migrateAppData=true
01-01 08:06:00.790 1495 1495 V PackageManager: reconcileAppsData finished 27 packages
01-01 08:06:00.790 1495 1495 I PackageManagerTiming: write settings
01-01 08:06:00.791 1495 1677 I SystemServerTimingAsync: InitThreadPoolExec:prepareAppData
01-01 08:06:00.815 1495 1495 W PackageManager: Intent filter verifier not found
01-01 08:06:00.816 1495 1495 W PackageManager: Domain verification agent not found
01-01 08:06:00.818 1495 1495 I PackageManagerTiming: GC
01-01 08:06:00.818 1495 1495 I PackageManager: Fix for b/169414761 is applied
01-01 08:06:00.818 1495 1495 V UserManagerService: Checking that all system packages are whitelisted.
01-01 08:06:00.820 1495 1495 W UserManagerService: checkWhitelistedSystemPackages(mode=ENFORCE|IMPLICIT_WHITELIST|IMPLICIT_WHITELIST_SYSTEM) has 68 warnings:
01-01 08:06:00.820 1495 1495 W UserManagerService: com.android.internal.display.cutout.emulation.corner is allowlisted but not present.
01-01 08:06:00.820 1495 1495 W UserManagerService: com.android.internal.display.cutout.emulation.double is allowlisted but not present.
01-01 08:06:00.820 1495 1495 W UserManagerService: com.android.theme.color.amethyst is allowlisted but not present.
01-01 08:06:00.820 1495 1495 W UserManagerService: com.android.theme.icon.pebble is allowlisted but not present.
01-01 08:06:00.820 1495 1495 W UserManagerService: com.android.theme.color.sand is allowlisted but not present.
01-01 08:06:00.820 1495 1495 W UserManagerService: com.android.theme.icon.vessel is allowlisted but not present.
01-01 08:06:00.820 1495 1495 W UserManagerService: com.android.theme.color.cinnamon is allowlisted but not present.
01-01 08:06:00.820 1495 1495 W UserManagerService: com.android.theme.icon_pack.victor.settings is allowlisted but not present.
01-01 08:06:00.820 1495 1495 W UserManagerService: com.android.theme.icon_pack.rounded.systemui is allowlisted but not present.
01-01 08:06:00.820 1495 1495 W UserManagerService: com.android.theme.icon.taperedrect is allowlisted but not present.
01-01 08:06:00.820 1495 1495 W UserManagerService: com.android.theme.icon_pack.rounded.android is allowlisted but not present.
01-01 08:06:00.820 1495 1495 W UserManagerService: com.qualcomm.qti.euiccresource is allowlisted but not present.
01-01 08:06:00.820 1495 1495 W UserManagerService: com.qualcomm.qti.telephonyservice is allowlisted but not present.
01-01 08:06:00.820 1495 1495 W UserManagerService: com.android.theme.icon_pack.victor.systemui is allowlisted but not present.
01-01 08:06:00.820 1495 1495 W UserManagerService: com.android.theme.icon_pack.circular.themepicker is allowlisted but not present.
01-01 08:06:00.820 1495 1495 W UserManagerService: com.android.theme.color.tangerine is allowlisted but not present.
01-01 08:06:00.820 1495 1495 W UserManagerService: com.android.theme.color.aquamarine is allowlisted but not present.
01-01 08:06:00.820 1495 1495 W UserManagerService: com.android.internal.display.cutout.emulation.hole is allowlisted but not present.
01-01 08:06:00.820 1495 1495 W UserManagerService: com.android.internal.display.cutout.emulation.tall is allowlisted but not present.
01-01 08:06:00.820 1495 1495 W UserManagerService: com.android.theme.color.black is allowlisted but not present.
01-01 08:06:00.820 1495 1495 W UserManagerService: com.android.theme.color.green is allowlisted but not present.
01-01 08:06:00.821 1495 1495 W UserManagerService: com.android.theme.color.ocean is allowlisted but not present.
01-01 08:06:00.821 1495 1495 W UserManagerService: com.android.theme.color.space is allowlisted but not present.
01-01 08:06:00.821 1495 1495 W UserManagerService: com.android.internal.systemui.navbar.threebutton is allowlisted but not present.
01-01 08:06:00.821 1495 1495 W UserManagerService: com.qti.qualcomm.datastatusnotification is allowlisted but not present.
01-01 08:06:00.821 1495 1495 W UserManagerService: com.qualcomm.qti.callfeaturessetting is allowlisted but not present.
01-01 08:06:00.821 1495 1495 W UserManagerService: com.android.theme.icon_pack.rounded.launcher is allowlisted but not present.
01-01 08:06:00.821 1495 1495 W UserManagerService: com.qti.qualcomm.deviceinfo is allowlisted but not present.
01-01 08:06:00.821 1495 1495 W UserManagerService: com.android.theme.icon_pack.kai.settings is allowlisted but not present.
01-01 08:06:00.821 1495 1495 W UserManagerService: com.android.internal.systemui.navbar.twobutton is allowlisted but not present.
01-01 08:06:00.821 1495 1495 W UserManagerService: org.codeaurora.ims is allowlisted but not present.
01-01 08:06:00.821 1495 1495 W UserManagerService: com.android.theme.icon_pack.sam.settings is allowlisted but not present.
01-01 08:06:00.821 1495 1495 W UserManagerService: com.android.theme.icon_pack.kai.themepicker is allowlisted but not present.
01-01 08:06:00.821 1495 1495 W UserManagerService: com.qualcomm.qcrilmsgtunnel is allowlisted but not present.
01-01 08:06:00.821 1495 1495 W UserManagerService: com.android.theme.icon_pack.victor.launcher is allowlisted but not present.
01-01 08:06:00.821 1495 1495 W UserManagerService: com.android.theme.icon_pack.filled.settings is allowlisted but not present.
01-01 08:06:00.821 1495 1495 W UserManagerService: com.android.theme.icon_pack.kai.systemui is allowlisted but not present.
01-01 08:06:00.821 1495 1495 W UserManagerService: com.android.theme.icon_pack.circular.settings is allowlisted but not present.
01-01 08:06:00.821 1495 1495 W UserManagerService: com.qti.xdivert is allowlisted but not present.
01-01 08:06:00.821 1495 1495 W UserManagerService: com.android.theme.icon_pack.sam.systemui is allowlisted but not present.
01-01 08:06:00.821 1495 1495 W UserManagerService: com.android.theme.icon.teardrop is allowlisted but not present.
01-01 08:06:00.821 1495 1495 W UserManagerService: com.android.theme.icon_pack.rounded.themepicker is allowlisted but not present.
01-01 08:06:00.821 1495 1495 W UserManagerService: com.android.theme.icon_pack.filled.systemui is allowlisted but not present.
01-01 08:06:00.821 1495 1495 W UserManagerService: com.qualcomm.qti.imsiprivacy.tests is allowlisted but not present.
01-01 08:06:00.821 1495 1495 W UserManagerService: com.android.theme.icon_pack.sam.android is allowlisted but not present.
01-01 08:06:00.821 1495 1495 W UserManagerService: com.android.theme.icon_pack.filled.android is allowlisted but not present.
01-01 08:06:00.821 1495 1495 W UserManagerService: com.android.theme.icon_pack.circular.systemui is allowlisted but not present.
01-01 08:06:00.821 1495 1495 W UserManagerService: com.android.theme.icon_pack.kai.android is allowlisted but not present.
01-01 08:06:00.821 1495 1495 W UserManagerService: com.android.theme.icon_pack.kai.launcher is allowlisted but not present.
01-01 08:06:00.821 1495 1495 W UserManagerService: com.qualcomm.qti.sam.service is allowlisted but not present.
01-01 08:06:00.821 1495 1495 W UserManagerService: com.android.theme.icon_pack.sam.launcher is allowlisted but not present.
01-01 08:06:00.821 1495 1495 W UserManagerService: com.android.theme.icon.squircle is allowlisted but not present.
01-01 08:06:00.821 1495 1495 W UserManagerService: com.android.theme.icon_pack.victor.android is allowlisted but not present.
01-01 08:06:00.821 1495 1495 W UserManagerService: com.android.theme.color.palette is allowlisted but not present.
01-01 08:06:00.821 1495 1495 W UserManagerService: com.android.theme.icon_pack.filled.launcher is allowlisted but not present.
01-01 08:06:00.821 1495 1495 W UserManagerService: com.android.theme.color.carbon is allowlisted but not present.
01-01 08:06:00.821 1495 1495 W UserManagerService: com.android.theme.icon_pack.circular.launcher is allowlisted but not present.
01-01 08:06:00.821 1495 1495 W UserManagerService: com.android.theme.icon_pack.filled.themepicker is allowlisted but not present.
01-01 08:06:00.821 1495 1495 W UserManagerService: com.android.theme.icon_pack.victor.themepicker is allowlisted but not present.
01-01 08:06:00.821 1495 1495 W UserManagerService: com.android.theme.color.orchid is allowlisted but not present.
01-01 08:06:00.821 1495 1495 W UserManagerService: com.android.theme.color.purple is allowlisted but not present.
01-01 08:06:00.821 1495 1495 W UserManagerService: com.qualcomm.qti.confdialer is allowlisted but not present.
01-01 08:06:00.821 1495 1495 W UserManagerService: com.android.theme.icon_pack.sam.themepicker is allowlisted but not present.
01-01 08:06:00.821 1495 1495 W UserManagerService: com.qualcomm.atfwd is allowlisted but not present.
01-01 08:06:00.821 1495 1495 W UserManagerService: com.android.theme.icon.roundedrect is allowlisted but not present.
01-01 08:06:00.821 1495 1495 W UserManagerService: com.android.theme.icon_pack.rounded.settings is allowlisted but not present.
01-01 08:06:00.821 1495 1495 W UserManagerService: org.codeaurora.qti.nrNetworkSettingApp is allowlisted but not present.
01-01 08:06:00.821 1495 1495 W UserManagerService: com.android.theme.icon_pack.circular.android is allowlisted but not present.
01-01 08:06:00.821 1495 1495 I UserManagerService: Reviewing whitelisted packages due to [firstBoot]
01-01 08:06:00.822 1495 1495 I Watchdog: Resuming HandlerChecker: main thread for reason: packagemanagermain. Pause count: 0
01-01 08:06:00.822 1495 1495 I SystemServerDexLoadReporter: Configuring system server dex reporter
01-01 08:06:00.825 1495 1495 I SystemServerTiming: StartOtaDexOptService
01-01 08:06:00.825 1495 1495 I Watchdog: Pausing HandlerChecker: main thread for reason: moveab. Pause count: 1
01-01 08:06:00.825 1495 1495 D OTADexopt: No upgrade, skipping A/B artifacts check.
01-01 08:06:00.825 1495 1495 I Watchdog: Resuming HandlerChecker: main thread for reason: moveab. Pause count: 0
01-01 08:06:00.825 1495 1495 I SystemServerTiming: StartUserManagerService
01-01 08:06:00.825 1495 1495 I SystemServiceManager: Starting com.android.server.pm.UserManagerService$LifeCycle
01-01 08:06:00.826 1495 1495 I SystemServerTiming: InitAttributerCache
01-01 08:06:00.826 1495 1495 I SystemServerTiming: SetSystemProcess
01-01 08:06:00.846 1495 1589 V HistoricalRegistry: Interaction before persistence initialized
01-01 08:06:00.848 1183 1679 I storaged: storaged: Start
01-01 08:06:00.854 1495 1612 I ActivityManager: Connection with lmkd established
01-01 08:06:00.856 1495 1495 I SystemServerTiming: InitWatchdog
01-01 08:06:00.857 1495 1495 I SystemServerTiming: StartOverlayManagerService
01-01 08:06:00.903 1495 1495 I SystemServerTiming: StartSensorPrivacyService
01-01 08:06:00.905 1495 1495 I SystemServerTiming: StartSensorService
01-01 08:06:00.905 1495 1495 I SystemServiceManager: Starting com.android.server.sensors.SensorService
01-01 08:06:00.905 1495 1495 I SystemServerTiming: startCoreServices
01-01 08:06:00.905 1495 1495 I SystemServerTiming: StartSystemConfigService
01-01 08:06:00.905 1495 1495 I SystemServiceManager: Starting com.android.server.SystemConfigService
01-01 08:06:00.905 1495 1684 I SystemServerTimingAsync: InitThreadPoolExec:StartNativeSensorService
01-01 08:06:00.905 1495 1684 I SystemServerTimingAsync: StartNativeSensorService
01-01 08:06:00.905 1495 1495 I SystemServerTiming: StartBatteryService
01-01 08:06:00.906 1495 1495 I SystemServiceManager: Starting com.android.server.BatteryService
01-01 08:06:00.914 1495 1495 I HealthServiceWrapper: health: HealthServiceWrapper listening to instance default
01-01 08:06:00.914 1495 1495 I BatteryService: health: Waited 0ms and received the update.
01-01 08:06:00.915 1495 1495 I SystemServerTiming: StartUsageService
01-01 08:06:00.915 1495 1495 I SystemServiceManager: Starting com.android.server.usage.UsageStatsService
01-01 08:06:00.921 1495 1495 I SystemServerTiming: StartWebViewUpdateService
01-01 08:06:00.922 1495 1495 I SystemServiceManager: Starting com.android.server.webkit.WebViewUpdateService
01-01 08:06:00.928 1495 1495 I SystemServerTiming: StartCachedDeviceStateService
01-01 08:06:00.928 1495 1495 I SystemServiceManager: Starting com.android.server.CachedDeviceStateService
01-01 08:06:00.928 1495 1495 I SystemServerTiming: StartBinderCallsStatsService
01-01 08:06:00.928 1495 1495 I SystemServiceManager: Starting com.android.server.BinderCallsStatsService$LifeCycle
01-01 08:06:00.929 1495 1495 I SystemServerTiming: StartLooperStatsService
01-01 08:06:00.929 1495 1495 I SystemServiceManager: Starting com.android.server.LooperStatsService$Lifecycle
01-01 08:06:00.929 1495 1495 I SystemServerTiming: StartRollbackManagerService
01-01 08:06:00.929 1495 1495 I SystemServiceManager: Starting com.android.server.rollback.RollbackManagerService
01-01 08:06:00.933 1495 1495 I PackageWatchdog: Syncing state, reason: added new observer
01-01 08:06:00.933 1495 1495 I PackageWatchdog: Not pruning observers, elapsed time: 0ms
01-01 08:06:00.933 1495 1495 I PackageWatchdog: Cancelling state sync, nothing to sync
01-01 08:06:00.933 1495 1608 I PackageWatchdog: Saving observer state to file
01-01 08:06:00.935 1495 1495 I SystemServerTiming: StartNativeTombstoneManagerService
01-01 08:06:00.935 1495 1495 I SystemServiceManager: Starting com.android.server.os.NativeTombstoneManagerService
01-01 08:06:00.935 1495 1495 I SystemServerTiming: StartBugreportManagerService
01-01 08:06:00.935 1495 1495 I SystemServiceManager: Starting com.android.server.os.BugreportManagerService
01-01 08:06:00.936 1495 1495 I SystemServerTiming: GpuService
