12-01 18:44:00.827 1495 2334 E DisplayDeviceConfig: requesting nits when no mapping exists.
12-01 18:44:00.844 1495 2334 E DisplayDeviceConfig: requesting nits when no mapping exists.
12-01 18:44:00.844 1495 2334 E DisplayDeviceConfig: requesting nits when no mapping exists.
12-01 18:44:00.860 1495 2334 E DisplayDeviceConfig: requesting nits when no mapping exists.
12-01 18:44:00.861 1495 2334 E DisplayDeviceConfig: requesting nits when no mapping exists.
12-01 18:44:00.877 1495 2334 E DisplayDeviceConfig: requesting nits when no mapping exists.
12-01 18:44:00.877 1495 2334 E DisplayDeviceConfig: requesting nits when no mapping exists.
12-01 18:44:00.894 1495 2334 E DisplayDeviceConfig: requesting nits when no mapping exists.
12-01 18:44:00.894 1495 2334 E DisplayDeviceConfig: requesting nits when no mapping exists.
12-01 18:44:06.946 1495 1625 I PowerManagerService: Napping display group (groupId=0, uid=1000)...
12-01 18:44:06.946 1495 1625 I PowerManagerService: Nap time (uid 1000)...
12-01 18:44:06.948 1495 1625 I DreamManagerService: Entering dreamland.
12-01 18:44:06.949 1495 1625 I PowerManagerService: Dreaming...
12-01 18:44:06.953 1495 1599 I DreamController: Starting dream: name=ComponentInfo{com.thundercomm.screensaver/com.thundercomm.saverclock.service.ClockScreensaver}, isTest=false, canDoze=false, userId=0
12-01 18:44:06.971 1495 3291 I ActivityTaskManager: START u0 {flg=0x10000000 pkg=com.thundercomm.screensaver cmp=com.thundercomm.screensaver/android.service.dreams.DreamActivity (has extras)} from uid 10045
12-01 18:44:06.975 1495 3291 W ActivityTaskManager: Can't find TaskDisplayArea to determine support for multi window. Task id=15 attached=false
12-01 18:44:07.005 1495 3622 I ActivityTaskManager: FOREGROUND_APPLICATION_CHANGED to android.service.dreams.DreamActivity
12-01 18:44:07.005 1495 3622 I ActivityTaskManager: The Process com.thundercomm.screensaver Already Exists in BG. So sending its PID: 4587
12-01 18:44:07.005 1495 3622 W ActivityTaskManager: Tried to set launchTime (0) < mLastActivityLaunchTime (396844)
12-01 18:44:07.015 1495 3622 W WindowManager: Failed looking up window session=Session{5ec65b0 4587:u0a10045} callers=com.android.server.wm.WindowManagerService.windowForClientLocked:5628 com.android.server.wm.Session.insetsModified:629 android.view.IWindowSession$Stub.onTransact:1151
12-01 18:44:07.021 4281 4303 W ContextImpl: Calling a method in the system process without a qualified user: android.app.ContextImpl.startService:1816 android.content.ContextWrapper.startService:774 com.thundercomm.gamemode.ingame.services.GameModeActionUtils.startGameModeService:93 com.thundercomm.gamemode.ingame.services.GameModeActionUtils.startGameModeEntry:21 com.thundercomm.gamemode.ingame.services.ActivityMonitoringService$1.onActivityLaunch:127
12-01 18:44:07.027 1495 1495 I GameModeConfig: Current uri is uri = content://com.thundercomm.gamemode.api/gamemode_settings/gamemode_isgaming
12-01 18:44:07.029 1495 1495 I GameModeConfig: isGameModeOn = false
12-01 18:44:07.030 1495 1495 I GameModeConfig: isGameModeOn = false
12-01 18:44:07.030 1495 1495 I GameModeConfig: isDisableVoice = true
12-01 18:44:07.038 1495 2298 I GameModeConfig: isGameModeOn = false
12-01 18:44:07.039 1495 2298 I GameModeConfig: isGameModeOn = false
12-01 18:44:07.039 1495 2298 I GameModeConfig: isGameModeOn = false
12-01 18:44:07.039 1495 2298 I GameModeConfig: isGameModeOn = false
12-01 18:44:07.039 1495 2298 I GameModeConfig: isGameModeOn = false
12-01 18:44:07.058 1495 1625 V DisplayPowerController[0]: Brightness [1.0] reason changing to: 'manual', previous reason: 'manual [ dim ]'.
12-01 18:44:07.059 1495 2334 E DisplayDeviceConfig: requesting nits when no mapping exists.
12-01 18:44:07.059 1495 2334 E DisplayDeviceConfig: requesting nits when no mapping exists.
12-01 18:44:07.078 1495 2334 E DisplayDeviceConfig: requesting nits when no mapping exists.
12-01 18:44:07.079 1495 2334 E DisplayDeviceConfig: requesting nits when no mapping exists.
12-01 18:44:07.091 1495 2334 E DisplayDeviceConfig: requesting nits when no mapping exists.
12-01 18:44:07.092 1495 2334 E DisplayDeviceConfig: requesting nits when no mapping exists.
12-01 18:44:07.113 1495 2334 E DisplayDeviceConfig: requesting nits when no mapping exists.
12-01 18:44:07.114 1495 2334 E DisplayDeviceConfig: requesting nits when no mapping exists.
12-01 18:44:07.118 4281 4303 W ContextImpl: Calling a method in the system process without a qualified user: android.app.ContextImpl.startService:1816 android.content.ContextWrapper.startService:774 com.thundercomm.gamemode.ingame.services.GameModeActionUtils.startGameModeService:93 com.thundercomm.gamemode.ingame.services.GameModeActionUtils.startGameModeEntry:21 com.thundercomm.gamemode.ingame.services.ActivityMonitoringService$1.onActivityLaunch:127
12-01 18:44:07.121 1495 1495 I GameModeConfig: Current uri is uri = content://com.thundercomm.gamemode.api/gamemode_settings/gamemode_isgaming
12-01 18:44:07.122 1495 1495 I GameModeConfig: isGameModeOn = false
12-01 18:44:07.122 1495 1495 I GameModeConfig: isGameModeOn = false
12-01 18:44:07.122 1495 1495 I GameModeConfig: isDisableVoice = true
12-01 18:44:07.125 1495 2334 E DisplayDeviceConfig: requesting nits when no mapping exists.
12-01 18:44:07.125 1495 2334 E DisplayDeviceConfig: requesting nits when no mapping exists.
12-01 18:44:07.141 1495 2334 E DisplayDeviceConfig: requesting nits when no mapping exists.
12-01 18:44:07.142 1495 2334 E DisplayDeviceConfig: requesting nits when no mapping exists.
12-01 18:44:07.158 1495 2334 E DisplayDeviceConfig: requesting nits when no mapping exists.
12-01 18:44:07.159 1495 2334 E DisplayDeviceConfig: requesting nits when no mapping exists.
12-01 18:44:07.176 1495 2334 E DisplayDeviceConfig: requesting nits when no mapping exists.
12-01 18:44:07.176 1495 2334 E DisplayDeviceConfig: requesting nits when no mapping exists.
12-01 18:44:07.193 1495 2334 E DisplayDeviceConfig: requesting nits when no mapping exists.
12-01 18:44:07.194 1495 2334 E DisplayDeviceConfig: requesting nits when no mapping exists.
12-01 18:44:07.211 1495 2334 E DisplayDeviceConfig: requesting nits when no mapping exists.
12-01 18:44:07.211 1495 2334 E DisplayDeviceConfig: requesting nits when no mapping exists.
12-01 18:44:07.227 1495 2334 E DisplayDeviceConfig: requesting nits when no mapping exists.
12-01 18:44:07.228 1495 2334 E DisplayDeviceConfig: requesting nits when no mapping exists.
12-01 18:44:07.245 1495 1495 I GameModeConfig: isGameModeOn = false
12-01 18:44:07.248 1495 2334 E DisplayDeviceConfig: requesting nits when no mapping exists.
12-01 18:44:07.249 1495 2334 E DisplayDeviceConfig: requesting nits when no mapping exists.
12-01 18:44:07.261 1495 2334 E DisplayDeviceConfig: requesting nits when no mapping exists.
12-01 18:44:07.261 1495 2334 E DisplayDeviceConfig: requesting nits when no mapping exists.
12-01 18:44:07.275 1495 2334 E DisplayDeviceConfig: requesting nits when no mapping exists.
12-01 18:44:07.275 1495 2334 E DisplayDeviceConfig: requesting nits when no mapping exists.
12-01 18:44:07.292 1495 2334 E DisplayDeviceConfig: requesting nits when no mapping exists.
12-01 18:44:07.292 1495 2334 E DisplayDeviceConfig: requesting nits when no mapping exists.
12-01 18:44:07.310 1495 2334 E DisplayDeviceConfig: requesting nits when no mapping exists.
12-01 18:44:07.311 1495 2334 E DisplayDeviceConfig: requesting nits when no mapping exists.
12-01 18:44:07.325 1495 2334 E DisplayDeviceConfig: requesting nits when no mapping exists.
12-01 18:44:07.326 1495 2334 E DisplayDeviceConfig: requesting nits when no mapping exists.
12-01 18:44:07.342 1495 2334 E DisplayDeviceConfig: requesting nits when no mapping exists.
12-01 18:44:07.343 1495 2334 E DisplayDeviceConfig: requesting nits when no mapping exists.
12-01 18:44:07.359 1495 2334 E DisplayDeviceConfig: requesting nits when no mapping exists.
12-01 18:44:07.360 1495 2334 E DisplayDeviceConfig: requesting nits when no mapping exists.
12-01 18:44:07.376 1495 2334 E DisplayDeviceConfig: requesting nits when no mapping exists.
12-01 18:44:07.377 1495 2334 E DisplayDeviceConfig: requesting nits when no mapping exists.
12-01 18:44:07.392 1495 2334 E DisplayDeviceConfig: requesting nits when no mapping exists.
12-01 18:44:07.393 1495 2334 E DisplayDeviceConfig: requesting nits when no mapping exists.
12-01 18:44:07.408 1495 2334 E DisplayDeviceConfig: requesting nits when no mapping exists.
12-01 18:44:07.410 1495 2334 E DisplayDeviceConfig: requesting nits when no mapping exists.
12-01 18:44:07.432 1495 2334 E DisplayDeviceConfig: requesting nits when no mapping exists.
12-01 18:44:07.432 1495 2334 E DisplayDeviceConfig: requesting nits when no mapping exists.
12-01 18:44:07.442 1495 2334 E DisplayDeviceConfig: requesting nits when no mapping exists.
12-01 18:44:07.443 1495 2334 E DisplayDeviceConfig: requesting nits when no mapping exists.
12-01 18:44:07.460 1495 2334 E DisplayDeviceConfig: requesting nits when no mapping exists.
12-01 18:44:07.461 1495 2334 E DisplayDeviceConfig: requesting nits when no mapping exists.
12-01 18:44:07.477 1495 2334 E DisplayDeviceConfig: requesting nits when no mapping exists.
12-01 18:44:07.479 1495 2334 E DisplayDeviceConfig: requesting nits when no mapping exists.
12-01 18:44:07.492 1495 2334 E DisplayDeviceConfig: requesting nits when no mapping exists.
12-01 18:44:07.493 1495 2334 E DisplayDeviceConfig: requesting nits when no mapping exists.
12-01 18:44:07.510 1495 2334 E DisplayDeviceConfig: requesting nits when no mapping exists.
12-01 18:44:07.511 1495 2334 E DisplayDeviceConfig: requesting nits when no mapping exists.
12-01 18:44:07.527 1495 2334 E DisplayDeviceConfig: requesting nits when no mapping exists.
12-01 18:44:07.529 1495 2334 E DisplayDeviceConfig: requesting nits when no mapping exists.
12-01 18:44:07.543 1495 2334 E DisplayDeviceConfig: requesting nits when no mapping exists.
12-01 18:44:07.544 1495 2334 E DisplayDeviceConfig: requesting nits when no mapping exists.
12-01 18:44:07.560 1495 2334 E DisplayDeviceConfig: requesting nits when no mapping exists.
12-01 18:44:07.560 1495 2334 E DisplayDeviceConfig: requesting nits when no mapping exists.
12-01 18:44:07.577 1495 2334 E DisplayDeviceConfig: requesting nits when no mapping exists.
12-01 18:44:07.577 1495 2334 E DisplayDeviceConfig: requesting nits when no mapping exists.
12-01 18:44:07.594 1495 2334 E DisplayDeviceConfig: requesting nits when no mapping exists.
12-01 18:44:07.595 1495 2334 E DisplayDeviceConfig: requesting nits when no mapping exists.
12-01 18:44:07.615 1495 2334 E DisplayDeviceConfig: requesting nits when no mapping exists.
12-01 18:44:07.617 1495 2334 E DisplayDeviceConfig: requesting nits when no mapping exists.
12-01 18:44:07.626 1495 2334 E DisplayDeviceConfig: requesting nits when no mapping exists.
12-01 18:44:07.627 1495 2334 E DisplayDeviceConfig: requesting nits when no mapping exists.
12-01 18:44:07.632 4281 4303 W ContextImpl: Calling a method in the system process without a qualified user: android.app.ContextImpl.startService:1816 android.content.ContextWrapper.startService:774 com.thundercomm.gamemode.ingame.services.GameModeActionUtils.startGameModeService:93 com.thundercomm.gamemode.ingame.services.GameModeActionUtils.startGameModeEntry:21 com.thundercomm.gamemode.ingame.services.ActivityMonitoringService$1.onActivityLaunch:127
12-01 18:44:07.635 1495 1495 I GameModeConfig: Current uri is uri = content://com.thundercomm.gamemode.api/gamemode_settings/gamemode_isgaming
12-01 18:44:07.636 1495 1495 I GameModeConfig: isGameModeOn = false
12-01 18:44:07.637 1495 1495 I GameModeConfig: isGameModeOn = false
12-01 18:44:07.637 1495 1495 I GameModeConfig: isDisableVoice = true
12-01 18:44:07.642 1495 2334 E DisplayDeviceConfig: requesting nits when no mapping exists.
12-01 18:44:07.643 1495 2334 E DisplayDeviceConfig: requesting nits when no mapping exists.
12-01 18:44:07.660 1495 2334 E DisplayDeviceConfig: requesting nits when no mapping exists.
12-01 18:44:07.660 1495 2334 E DisplayDeviceConfig: requesting nits when no mapping exists.
12-01 18:44:07.677 1495 2334 E DisplayDeviceConfig: requesting nits when no mapping exists.
12-01 18:44:07.678 1495 2334 E DisplayDeviceConfig: requesting nits when no mapping exists.
12-01 18:44:07.693 1495 2334 E DisplayDeviceConfig: requesting nits when no mapping exists.
12-01 18:44:07.695 1495 2334 E DisplayDeviceConfig: requesting nits when no mapping exists.
12-01 18:44:07.710 1495 2334 E DisplayDeviceConfig: requesting nits when no mapping exists.
12-01 18:44:07.711 1495 2334 E DisplayDeviceConfig: requesting nits when no mapping exists.
12-01 18:44:07.731 1495 2334 E DisplayDeviceConfig: requesting nits when no mapping exists.
12-01 18:44:07.732 1495 2334 E DisplayDeviceConfig: requesting nits when no mapping exists.
12-01 18:44:07.745 1495 2334 E DisplayDeviceConfig: requesting nits when no mapping exists.
12-01 18:44:07.745 1495 2334 E DisplayDeviceConfig: requesting nits when no mapping exists.
12-01 18:44:07.760 1495 2334 E DisplayDeviceConfig: requesting nits when no mapping exists.
12-01 18:44:07.761 1495 2334 E DisplayDeviceConfig: requesting nits when no mapping exists.
12-01 18:44:07.778 1495 2334 E DisplayDeviceConfig: requesting nits when no mapping exists.
12-01 18:44:07.780 1495 2334 E DisplayDeviceConfig: requesting nits when no mapping exists.
12-01 18:44:07.794 1495 2334 E DisplayDeviceConfig: requesting nits when no mapping exists.
12-01 18:44:07.794 1495 2334 E DisplayDeviceConfig: requesting nits when no mapping exists.
12-01 18:44:07.813 1495 2334 E DisplayDeviceConfig: requesting nits when no mapping exists.
12-01 18:44:07.815 1495 2334 E DisplayDeviceConfig: requesting nits when no mapping exists.
12-01 18:44:07.827 1495 2334 E DisplayDeviceConfig: requesting nits when no mapping exists.
12-01 18:44:07.828 1495 2334 E DisplayDeviceConfig: requesting nits when no mapping exists.
12-01 18:44:07.845 1495 2334 E DisplayDeviceConfig: requesting nits when no mapping exists.
12-01 18:44:07.846 1495 2334 E DisplayDeviceConfig: requesting nits when no mapping exists.
12-01 18:44:07.862 1495 2334 E DisplayDeviceConfig: requesting nits when no mapping exists.
12-01 18:44:07.863 1495 2334 E DisplayDeviceConfig: requesting nits when no mapping exists.
12-01 18:44:07.878 1495 2334 E DisplayDeviceConfig: requesting nits when no mapping exists.
12-01 18:44:07.878 1495 2334 E DisplayDeviceConfig: requesting nits when no mapping exists.
12-01 18:44:07.895 1495 2334 E DisplayDeviceConfig: requesting nits when no mapping exists.
12-01 18:44:07.895 1495 2334 E DisplayDeviceConfig: requesting nits when no mapping exists.
12-01 18:44:07.912 1495 2334 E DisplayDeviceConfig: requesting nits when no mapping exists.
12-01 18:44:07.914 1495 2334 E DisplayDeviceConfig: requesting nits when no mapping exists.
12-01 18:44:07.928 1495 2334 E DisplayDeviceConfig: requesting nits when no mapping exists.
12-01 18:44:07.929 1495 2334 E DisplayDeviceConfig: requesting nits when no mapping exists.
12-01 18:44:07.945 1495 2334 E DisplayDeviceConfig: requesting nits when no mapping exists.
12-01 18:44:07.946 1495 2334 E DisplayDeviceConfig: requesting nits when no mapping exists.
12-01 18:44:07.960 1495 2334 E DisplayDeviceConfig: requesting nits when no mapping exists.
12-01 18:44:07.961 1495 2334 E DisplayDeviceConfig: requesting nits when no mapping exists.
12-01 18:44:07.977 1495 2334 E DisplayDeviceConfig: requesting nits when no mapping exists.
12-01 18:44:07.977 1495 2334 E DisplayDeviceConfig: requesting nits when no mapping exists.
12-01 18:44:07.994 1495 2334 E DisplayDeviceConfig: requesting nits when no mapping exists.
12-01 18:44:07.995 1495 2334 E DisplayDeviceConfig: requesting nits when no mapping exists.
12-01 18:44:08.011 1495 2334 E DisplayDeviceConfig: requesting nits when no mapping exists.
12-01 18:44:08.012 1495 2334 E DisplayDeviceConfig: requesting nits when no mapping exists.
12-01 18:44:17.296 1495 2298 I GameModeConfig: isGameModeOn = false
12-01 18:44:21.289 1495 3622 I DreamManagerService: Gently waking up from dream.
12-01 18:44:21.290 1495 1599 I DreamManagerService: Performing gentle wake from dream.
12-01 18:44:21.292 1495 3714 I ActivityTaskManager: FOREGROUND_APPLICATION_CHANGED to com.android.settings.homepage.SettingsHomepageActivity
12-01 18:44:21.314 4281 4303 W ContextImpl: Calling a method in the system process without a qualified user: android.app.ContextImpl.startService:1816 android.content.ContextWrapper.startService:774 com.thundercomm.gamemode.ingame.services.GameModeActionUtils.startGameModeService:93 com.thundercomm.gamemode.ingame.services.GameModeActionUtils.startGameModeEntry:21 com.thundercomm.gamemode.ingame.services.ActivityMonitoringService$1.onActivityLaunch:127
12-01 18:44:21.322 1495 1495 I GameModeConfig: Current uri is uri = content://com.thundercomm.gamemode.api/gamemode_settings/gamemode_isgaming
12-01 18:44:21.326 1495 1495 I GameModeConfig: isGameModeOn = false
12-01 18:44:21.326 1495 1495 I GameModeConfig: isGameModeOn = false
12-01 18:44:21.326 1495 1495 I GameModeConfig: isDisableVoice = true
12-01 18:44:21.398 1495 1625 I PowerManagerService: Powering on display group fromDreaming (groupId=0, uid=1000, reason=WAKE_REASON_UNKNOWN, details=android.server.power:DREAM_FINISHED)...
12-01 18:44:21.398 1495 1625 I PowerManagerService: Waking up from Dreaming (uid=1000, reason=WAKE_REASON_UNKNOWN, details=android.server.power:DREAM_FINISHED)...
12-01 18:44:21.404 4281 4303 W ContextImpl: Calling a method in the system process without a qualified user: android.app.ContextImpl.startService:1816 android.content.ContextWrapper.startService:774 com.thundercomm.gamemode.ingame.services.GameModeActionUtils.startGameModeService:93 com.thundercomm.gamemode.ingame.services.GameModeActionUtils.startGameModeEntry:21 com.thundercomm.gamemode.ingame.services.ActivityMonitoringService$1.onActivityLaunch:127
12-01 18:44:21.407 1495 1495 I GameModeConfig: Current uri is uri = content://com.thundercomm.gamemode.api/gamemode_settings/gamemode_isgaming
12-01 18:44:21.409 1495 1495 I GameModeConfig: isGameModeOn = false
12-01 18:44:21.409 1495 1495 I GameModeConfig: isGameModeOn = false
12-01 18:44:21.409 1495 1495 I GameModeConfig: isDisableVoice = true
12-01 18:44:21.894 4281 4303 W ContextImpl: Calling a method in the system process without a qualified user: android.app.ContextImpl.startService:1816 android.content.ContextWrapper.startService:774 com.thundercomm.gamemode.ingame.services.GameModeActionUtils.startGameModeService:93 com.thundercomm.gamemode.ingame.services.GameModeActionUtils.startGameModeEntry:21 com.thundercomm.gamemode.ingame.services.ActivityMonitoringService$1.onActivityLaunch:127
12-01 18:44:21.903 1495 1495 I GameModeConfig: Current uri is uri = content://com.thundercomm.gamemode.api/gamemode_settings/gamemode_isgaming
12-01 18:44:21.905 1495 1495 I GameModeConfig: isGameModeOn = false
12-01 18:44:21.905 1495 1495 I GameModeConfig: isGameModeOn = false
12-01 18:44:21.905 1495 1495 I GameModeConfig: isDisableVoice = true
12-01 18:44:21.907 1495 3715 I DreamManagerService: Leaving dreamland.
12-01 18:44:21.908 1495 1599 I DreamManagerService: Performing gentle wake from dream.
12-01 18:44:21.908 1495 1599 I DreamController: Stopping dream: name=ComponentInfo{com.thundercomm.screensaver/com.thundercomm.saverclock.service.ClockScreensaver}, isTest=false, canDoze=false, userId=0, reason='finished self'(from 'finished self')
12-01 18:44:21.927 1495 1603 W ActivityTaskManager: Can't find TaskDisplayArea to determine support for multi window. Task id=15 attached=false
12-01 18:44:33.736 1495 1698 D ActivityManager: freezing 2790 com.android.settings:CryptKeeper
12-01 18:44:33.737 1495 1698 E ActivityManager: Unable to freeze binder for 2790 com.android.settings:CryptKeeper
12-01 18:44:33.739 1495 1698 D ActivityManager: froze 2790 com.android.settings:CryptKeeper
12-01 18:44:33.740 1495 1698 E ActivityManager: Unable to freeze binder for 2790 com.android.settings:CryptKeeper
12-01 18:44:33.741 1495 1698 I ActivityManager: Killing 2790:com.android.settings:CryptKeeper/1000 (adj 995): Unable to freeze binder interface
12-01 18:44:35.005 1495 1698 D ActivityManager: freezing 3471 com.android.provision
12-01 18:44:35.006 1495 1698 E ActivityManager: Unable to freeze binder for 3471 com.android.provision
12-01 18:44:35.007 1495 1698 D ActivityManager: froze 3471 com.android.provision
12-01 18:44:35.007 1495 1698 E ActivityManager: Unable to freeze binder for 3471 com.android.provision
12-01 18:44:35.009 1495 1698 D ActivityManager: freezing 3416 com.android.documentsui
12-01 18:44:35.009 1495 1698 E ActivityManager: Unable to freeze binder for 3416 com.android.documentsui
12-01 18:44:35.010 1495 1698 D ActivityManager: froze 3416 com.android.documentsui
12-01 18:44:35.010 1495 1698 E ActivityManager: Unable to freeze binder for 3416 com.android.documentsui
12-01 18:44:35.012 1495 1698 I ActivityManager: Killing 3471:com.android.provision/u0a79 (adj 985): Unable to freeze binder interface
12-01 18:44:35.018 1495 1698 I ActivityManager: Killing 3416:com.android.documentsui/u0a18 (adj 995): Unable to freeze binder interface
12-01 18:44:35.235 1495 1698 D ActivityManager: freezing 3423 com.android.keychain
12-01 18:44:35.236 1495 1698 E ActivityManager: Unable to freeze binder for 3423 com.android.keychain
12-01 18:44:35.237 1495 1698 D ActivityManager: froze 3423 com.android.keychain
12-01 18:44:35.237 1495 1698 E ActivityManager: Unable to freeze binder for 3423 com.android.keychain
12-01 18:44:35.240 1495 1698 I ActivityManager: Killing 3423:com.android.keychain/1000 (adj 985): Unable to freeze binder interface
12-01 18:44:35.773 1495 1698 D ActivityManager: freezing 3817 com.android.traceur
12-01 18:44:35.773 1495 1698 E ActivityManager: Unable to freeze binder for 3817 com.android.traceur
12-01 18:44:35.774 1495 1698 D ActivityManager: froze 3817 com.android.traceur
12-01 18:44:35.774 1495 1698 E ActivityManager: Unable to freeze binder for 3817 com.android.traceur
12-01 18:44:35.775 1495 1698 I ActivityManager: Killing 3817:com.android.traceur/u0a25 (adj 985): Unable to freeze binder interface
12-01 18:44:36.240 1495 1698 D ActivityManager: freezing 3950 com.hryt.hiphishowfsecontrol
12-01 18:44:36.240 1495 1698 E ActivityManager: Unable to freeze binder for 3950 com.hryt.hiphishowfsecontrol
12-01 18:44:36.241 1495 1698 D ActivityManager: froze 3950 com.hryt.hiphishowfsecontrol
12-01 18:44:36.242 1495 1698 E ActivityManager: Unable to freeze binder for 3950 com.hryt.hiphishowfsecontrol
12-01 18:44:36.243 1495 1698 D ActivityManager: freezing 3890 com.android.calendar
12-01 18:44:36.243 1495 1698 E ActivityManager: Unable to freeze binder for 3890 com.android.calendar
12-01 18:44:36.244 1495 1698 D ActivityManager: froze 3890 com.android.calendar
12-01 18:44:36.244 1495 1698 E ActivityManager: Unable to freeze binder for 3890 com.android.calendar
12-01 18:44:36.245 1495 1698 I ActivityManager: Killing 3950:com.hryt.hiphishowfsecontrol/u0a20 (adj 975): Unable to freeze binder interface
12-01 18:44:36.246 1495 1698 I ActivityManager: Killing 3890:com.android.calendar/u0a66 (adj 975): Unable to freeze binder interface
12-01 18:44:36.319 1495 1698 D ActivityManager: freezing 3047 com.android.deskclock
12-01 18:44:36.319 1495 1698 E ActivityManager: Unable to freeze binder for 3047 com.android.deskclock
12-01 18:44:36.321 1495 1698 D ActivityManager: froze 3047 com.android.deskclock
12-01 18:44:36.321 1495 1698 E ActivityManager: Unable to freeze binder for 3047 com.android.deskclock
12-01 18:44:36.321 1495 1698 I ActivityManager: Killing 3047:com.android.deskclock/u0a71 (adj 975): Unable to freeze binder interface
12-01 18:44:36.390 1495 1698 D ActivityManager: freezing 4005 com.android.dynsystem
12-01 18:44:36.391 1495 1698 E ActivityManager: Unable to freeze binder for 4005 com.android.dynsystem
12-01 18:44:36.391 1495 1698 D ActivityManager: froze 4005 com.android.dynsystem
12-01 18:44:36.391 1495 1698 E ActivityManager: Unable to freeze binder for 4005 com.android.dynsystem
12-01 18:44:36.392 1495 1698 I ActivityManager: Killing 4005:com.android.dynsystem/1000 (adj 965): Unable to freeze binder interface
12-01 18:44:36.579 1495 1698 D ActivityManager: freezing 4025 com.android.dynsystem:dynsystem
12-01 18:44:36.579 1495 1698 E ActivityManager: Unable to freeze binder for 4025 com.android.dynsystem:dynsystem
12-01 18:44:36.580 1495 1698 D ActivityManager: froze 4025 com.android.dynsystem:dynsystem
12-01 18:44:36.580 1495 1698 E ActivityManager: Unable to freeze binder for 4025 com.android.dynsystem:dynsystem
12-01 18:44:36.581 1495 1698 I ActivityManager: Killing 4025:com.android.dynsystem:dynsystem/1000 (adj 995): Unable to freeze binder interface
12-01 18:44:36.856 1495 1698 D ActivityManager: freezing 4084 com.android.music
12-01 18:44:36.856 1495 1698 E ActivityManager: Unable to freeze binder for 4084 com.android.music
12-01 18:44:36.857 1495 1698 D ActivityManager: froze 4084 com.android.music
12-01 18:44:36.857 1495 1698 E ActivityManager: Unable to freeze binder for 4084 com.android.music
12-01 18:44:36.858 1495 1698 I ActivityManager: Killing 4084:com.android.music/u0a91 (adj 985): Unable to freeze binder interface
12-01 18:44:37.045 1495 1698 D ActivityManager: freezing 4123 com.android.onetimeinitializer
12-01 18:44:37.046 1495 1698 E ActivityManager: Unable to freeze binder for 4123 com.android.onetimeinitializer
12-01 18:44:37.050 1495 1698 D ActivityManager: froze 4123 com.android.onetimeinitializer
12-01 18:44:37.051 1495 1698 E ActivityManager: Unable to freeze binder for 4123 com.android.onetimeinitializer
12-01 18:44:37.051 1495 1698 I ActivityManager: Killing 4123:com.android.onetimeinitializer/u0a60 (adj 985): Unable to freeze binder interface
12-01 18:44:37.388 1495 1698 D ActivityManager: freezing 4178 com.android.phone
12-01 18:44:37.388 1495 1698 E ActivityManager: Unable to freeze binder for 4178 com.android.phone
12-01 18:44:37.389 1495 1698 D ActivityManager: froze 4178 com.android.phone
12-01 18:44:37.389 1495 1698 E ActivityManager: Unable to freeze binder for 4178 com.android.phone
12-01 18:44:37.390 1495 1698 I ActivityManager: Killing 4178:com.android.phone/1001 (adj 965): Unable to freeze binder interface
12-01 18:44:37.417 1495 2417 I Watchdog: Interesting Java process com.android.phone died. Pid 4178
12-01 18:44:37.833 1495 1698 D ActivityManager: freezing 4236 com.android.localtransport
12-01 18:44:37.833 1495 1698 E ActivityManager: Unable to freeze binder for 4236 com.android.localtransport
12-01 18:44:37.834 1495 1698 D ActivityManager: froze 4236 com.android.localtransport
12-01 18:44:37.834 1495 1698 E ActivityManager: Unable to freeze binder for 4236 com.android.localtransport
12-01 18:44:37.835 1495 1698 I ActivityManager: Killing 4236:com.android.localtransport/1000 (adj 965): Unable to freeze binder interface
12-01 18:44:37.950 1495 1698 D ActivityManager: freezing 4260 com.qualcomm.qti.qms.service.connectionsecurity
12-01 18:44:37.951 1495 1698 E ActivityManager: Unable to freeze binder for 4260 com.qualcomm.qti.qms.service.connectionsecurity
12-01 18:44:37.952 1495 1698 D ActivityManager: froze 4260 com.qualcomm.qti.qms.service.connectionsecurity
12-01 18:44:37.952 1495 1698 E ActivityManager: Unable to freeze binder for 4260 com.qualcomm.qti.qms.service.connectionsecurity
12-01 18:44:37.953 1495 1698 I ActivityManager: Killing 4260:com.qualcomm.qti.qms.service.connectionsecurity/u0a55 (adj 955): Unable to freeze binder interface
12-01 18:44:37.957 1495 1698 D ActivityManager: freezing 3143 com.qualcomm.qtil.aptxui
12-01 18:44:37.957 1495 1698 E ActivityManager: Unable to freeze binder for 3143 com.qualcomm.qtil.aptxui
12-01 18:44:37.957 1495 1698 D ActivityManager: froze 3143 com.qualcomm.qtil.aptxui
12-01 18:44:37.957 1495 1698 E ActivityManager: Unable to freeze binder for 3143 com.qualcomm.qtil.aptxui
12-01 18:44:37.958 1495 1698 I ActivityManager: Killing 3143:com.qualcomm.qtil.aptxui/u0a87 (adj 955): Unable to freeze binder interface
12-01 18:44:38.140 1495 1698 D ActivityManager: freezing 3656 com.android.externalstorage
12-01 18:44:38.141 1495 1698 E ActivityManager: Unable to freeze binder for 3656 com.android.externalstorage
12-01 18:44:38.141 1495 1698 D ActivityManager: froze 3656 com.android.externalstorage
12-01 18:44:38.141 1495 1698 E ActivityManager: Unable to freeze binder for 3656 com.android.externalstorage
12-01 18:44:38.142 1495 1698 I ActivityManager: Killing 3656:com.android.externalstorage/u0a24 (adj 945): Unable to freeze binder interface
12-01 18:44:38.185 1495 2847 I ActivityTaskManager: START u0 {act=android.intent.action.MAIN cmp=com.android.settings/.SubSettings (has extras)} from uid 1000
12-01 18:44:38.206 1495 5797 I ActivityTaskManager: FOREGROUND_APPLICATION_CHANGED to com.android.settings.SubSettings
12-01 18:44:38.207 1495 5797 I ActivityTaskManager: The Process com.android.settings Already Exists in BG. So sending its PID: 2908
12-01 18:44:38.207 1495 5797 W ActivityTaskManager: Tried to set launchTime (0) < mLastActivityLaunchTime (539599)
12-01 18:44:38.238 1495 2847 I ActivityTaskManager: START u0 {act=android.intent.action.MAIN cmp=com.android.settings/.homepage.SettingsHomepageActivity (has extras)} from uid 1000
12-01 18:44:38.251 1495 2847 W ActivityTaskManager: Duplicate finish request for r=ActivityRecord{56b770d u0 com.android.settings/.SubSettings t12 f}}
12-01 18:44:38.257 1495 5797 I ActivityTaskManager: FOREGROUND_APPLICATION_CHANGED to com.android.settings.homepage.SettingsHomepageActivity
12-01 18:44:38.372 4281 4303 W ContextImpl: Calling a method in the system process without a qualified user: android.app.ContextImpl.startService:1816 android.content.ContextWrapper.startService:774 com.thundercomm.gamemode.ingame.services.GameModeActionUtils.startGameModeService:93 com.thundercomm.gamemode.ingame.services.GameModeActionUtils.startGameModeEntry:21 com.thundercomm.gamemode.ingame.services.ActivityMonitoringService$1.onActivityLaunch:127
12-01 18:44:38.380 1495 1495 I GameModeConfig: Current uri is uri = content://com.thundercomm.gamemode.api/gamemode_settings/gamemode_isgaming
12-01 18:44:38.383 1495 1495 I GameModeConfig: isGameModeOn = false
12-01 18:44:38.384 1495 1495 I GameModeConfig: isGameModeOn = false
12-01 18:44:38.384 1495 1495 I GameModeConfig: isDisableVoice = true
12-01 18:44:38.623 1495 1698 D ActivityManager: freezing 4027 com.android.gallery3d
12-01 18:44:38.624 1495 1698 E ActivityManager: Unable to freeze binder for 4027 com.android.gallery3d
12-01 18:44:38.625 1495 1698 D ActivityManager: froze 4027 com.android.gallery3d
12-01 18:44:38.625 1495 1698 E ActivityManager: Unable to freeze binder for 4027 com.android.gallery3d
12-01 18:44:38.626 1495 1698 I ActivityManager: Killing 4027:com.android.gallery3d/u0a68 (adj 935): Unable to freeze binder interface
12-01 18:44:40.275 1495 3715 W ActivityManager: Unable to start service Intent { act=android.intent.action.START_LEBO_SERVICE pkg=com.hpplay.happyplay.aw } U=0: not found
12-01 18:44:41.709 1495 3812 E TaskPersister: File error accessing recents directory (directory doesn't exist?).
12-01 18:44:42.193 1495 1698 D ActivityManager: freezing 3772 com.android.providers.calendar
12-01 18:44:42.193 1495 1698 E ActivityManager: Unable to freeze binder for 3772 com.android.providers.calendar
12-01 18:44:42.194 1495 1698 D ActivityManager: froze 3772 com.android.providers.calendar
12-01 18:44:42.194 1495 1698 E ActivityManager: Unable to freeze binder for 3772 com.android.providers.calendar
12-01 18:44:42.195 1495 1698 I ActivityManager: Killing 3772:com.android.providers.calendar/u0a35 (adj 965): Unable to freeze binder interface
12-01 18:44:42.870 1495 2847 W NotificationService: Toast already killed. pkg=com.hht.lebocast token=android.os.BinderProxy@b60d388
12-01 18:44:43.362 1495 1698 D ActivityManager: freezing 4433 com.qualcomm.qti.qms.service.trustzoneaccess
12-01 18:44:43.363 1495 1698 E ActivityManager: Unable to freeze binder for 4433 com.qualcomm.qti.qms.service.trustzoneaccess
12-01 18:44:43.364 1495 1698 D ActivityManager: froze 4433 com.qualcomm.qti.qms.service.trustzoneaccess
12-01 18:44:43.364 1495 1698 E ActivityManager: Unable to freeze binder for 4433 com.qualcomm.qti.qms.service.trustzoneaccess
12-01 18:44:43.366 1495 1698 I ActivityManager: Killing 4433:com.qualcomm.qti.qms.service.trustzoneaccess/u0a59 (adj 955): Unable to freeze binder interface
12-01 18:44:53.603 1495 1495 W WindowManager: removeWindowToken: Attempted to remove non-existing token: android.os.Binder@bd36e96
12-01 18:45:09.104 1495 1688 W DeviceIdleController: motion timeout went off and device isn't stationary
12-01 18:45:09.134 826 826 W android.hardware.wifi@1.0-service: No active wlan interfaces in use! Using default
12-01 18:45:09.147 1186 1186 I wificond: Unsubscribe scan result for interface with index: 17
12-01 18:45:09.292 1186 1186 I wificond: tearDownClientInterface: erasing wiphy_index for iface_name wlan0
12-01 18:45:09.292 1186 1186 I wificond: remove channel type 0 support at wiphy index 0
12-01 18:45:09.292 1186 1186 I wificond: remove channel type 1 support at wiphy index 0
12-01 18:45:09.295 1186 1186 W wificond: No handler for scan result notification from interface with index: 17
12-01 18:45:09.350 826 826 E android.hardware.wifi@1.0-service: Failed to open directory: Permission denied
12-01 18:45:09.350 826 826 E android.hardware.wifi@1.0-service: Error occurred while deleting old tombstone files
12-01 18:45:09.350 826 826 E android.hardware.wifi@1.0-service: Error writing files to flash
12-01 18:45:09.351 826 826 E android.hardware.wifi@1.0-service: Stopping legacy HAL
12-01 18:45:09.351 826 826 E android.hardware.wifi@1.0-service: Legacy HAL trigger wifi cleanup
12-01 18:45:09.352 826 2881 I android.hardware.wifi@1.0-service: Legacy HAL stop complete callback received
12-01 18:45:09.352 826 2881 E android.hardware.wifi@1.0-service: SetWifiUpState(false) completed
12-01 18:45:09.352 826 2881 E android.hardware.wifi@1.0-service: Legacy HAL Wifi event loop exited
12-01 18:45:09.352 826 2881 E android.hardware.wifi@1.0-service: Legacy HAL event loop terminated
12-01 18:45:09.352 826 826 D android.hardware.wifi@1.0-service: Legacy HAL stop complete
12-01 18:45:09.353 826 826 I android.hardware.wifi@1.0-service: Wifi HAL stopped
12-01 18:45:10.810 1495 5846 I BackgroundDexOptService: Pinning optimized code {android}
12-01 18:45:37.249 1495 1625 V DisplayPowerController[0]: Brightness [0.05] reason changing to: 'manual [ dim ]', previous reason: 'manual'.
12-01 18:45:37.250 1495 1625 W PowerManagerService: Screen on took 75851 ms
12-01 18:45:37.264 1495 2334 E DisplayDeviceConfig: requesting nits when no mapping exists.
12-01 18:45:37.265 1495 2334 E DisplayDeviceConfig: requesting nits when no mapping exists.
12-01 18:45:37.267 1495 1610 I DropBoxManagerService: add tag=system_server_wtf isTagEnabled=true flags=0x2
12-01 18:45:37.269 1495 1610 I DropBoxManagerService: add tag=system_server_wtf isTagEnabled=true flags=0x2
12-01 18:45:37.279 1495 2334 E DisplayDeviceConfig: requesting nits when no mapping exists.
12-01 18:45:37.280 1495 2334 E DisplayDeviceConfig: requesting nits when no mapping exists.
12-01 18:45:37.281 1495 1610 I DropBoxManagerService: add tag=system_server_wtf isTagEnabled=true flags=0x2
12-01 18:45:37.282 1495 1610 I DropBoxManagerService: add tag=system_server_wtf isTagEnabled=true flags=0x2
12-01 18:45:37.292 1495 2334 E DisplayDeviceConfig: requesting nits when no mapping exists.
12-01 18:45:37.292 1495 2334 E DisplayDeviceConfig: requesting nits when no mapping exists.
12-01 18:45:37.293 1495 1610 I DropBoxManagerService: add tag=system_server_wtf isTagEnabled=true flags=0x2
12-01 18:45:37.308 1495 2334 E DisplayDeviceConfig: requesting nits when no mapping exists.
12-01 18:45:37.309 1495 2334 E DisplayDeviceConfig: requesting nits when no mapping exists.
12-01 18:45:37.325 1495 2334 E DisplayDeviceConfig: requesting nits when no mapping exists.
12-01 18:45:37.325 1495 2334 E DisplayDeviceConfig: requesting nits when no mapping exists.
12-01 18:45:37.341 1495 2334 E DisplayDeviceConfig: requesting nits when no mapping exists.
12-01 18:45:37.342 1495 2334 E DisplayDeviceConfig: requesting nits when no mapping exists.
12-01 18:45:37.359 1495 2334 E DisplayDeviceConfig: requesting nits when no mapping exists.
12-01 18:45:37.359 1495 2334 E DisplayDeviceConfig: requesting nits when no mapping exists.
12-01 18:45:37.376 1495 2334 E DisplayDeviceConfig: requesting nits when no mapping exists.
12-01 18:45:37.376 1495 2334 E DisplayDeviceConfig: requesting nits when no mapping exists.
12-01 18:45:37.392 1495 2334 E DisplayDeviceConfig: requesting nits when no mapping exists.
12-01 18:45:37.393 1495 2334 E DisplayDeviceConfig: requesting nits when no mapping exists.
12-01 18:45:37.409 1495 2334 E DisplayDeviceConfig: requesting nits when no mapping exists.
12-01 18:45:37.409 1495 2334 E DisplayDeviceConfig: requesting nits when no mapping exists.
12-01 18:45:37.426 1495 2334 E DisplayDeviceConfig: requesting nits when no mapping exists.
12-01 18:45:37.426 1495 2334 E DisplayDeviceConfig: requesting nits when no mapping exists.
12-01 18:45:37.442 1495 2334 E DisplayDeviceConfig: requesting nits when no mapping exists.
12-01 18:45:37.443 1495 2334 E DisplayDeviceConfig: requesting nits when no mapping exists.
12-01 18:45:37.459 1495 2334 E DisplayDeviceConfig: requesting nits when no mapping exists.
12-01 18:45:37.459 1495 2334 E DisplayDeviceConfig: requesting nits when no mapping exists.
12-01 18:45:37.476 1495 2334 E DisplayDeviceConfig: requesting nits when no mapping exists.
12-01 18:45:37.476 1495 2334 E DisplayDeviceConfig: requesting nits when no mapping exists.
12-01 18:45:37.492 1495 2334 E DisplayDeviceConfig: requesting nits when no mapping exists.
12-01 18:45:37.493 1495 2334 E DisplayDeviceConfig: requesting nits when no mapping exists.
12-01 18:45:37.509 1495 2334 E DisplayDeviceConfig: requesting nits when no mapping exists.
12-01 18:45:37.510 1495 2334 E DisplayDeviceConfig: requesting nits when no mapping exists.
12-01 18:45:37.526 1495 2334 E DisplayDeviceConfig: requesting nits when no mapping exists.
12-01 18:45:37.526 1495 2334 E DisplayDeviceConfig: requesting nits when no mapping exists.
12-01 18:45:37.543 1495 2334 E DisplayDeviceConfig: requesting nits when no mapping exists.
12-01 18:45:37.543 1495 2334 E DisplayDeviceConfig: requesting nits when no mapping exists.
12-01 18:45:37.559 1495 2334 E DisplayDeviceConfig: requesting nits when no mapping exists.
12-01 18:45:37.560 1495 2334 E DisplayDeviceConfig: requesting nits when no mapping exists.
12-01 18:45:37.576 1495 2334 E DisplayDeviceConfig: requesting nits when no mapping exists.
12-01 18:45:37.576 1495 2334 E DisplayDeviceConfig: requesting nits when no mapping exists.
12-01 18:45:37.592 1495 2334 E DisplayDeviceConfig: requesting nits when no mapping exists.
12-01 18:45:37.593 1495 2334 E DisplayDeviceConfig: requesting nits when no mapping exists.
12-01 18:45:37.609 1495 2334 E DisplayDeviceConfig: requesting nits when no mapping exists.
12-01 18:45:37.610 1495 2334 E DisplayDeviceConfig: requesting nits when no mapping exists.
12-01 18:45:37.626 1495 2334 E DisplayDeviceConfig: requesting nits when no mapping exists.
12-01 18:45:37.627 1495 2334 E DisplayDeviceConfig: requesting nits when no mapping exists.
12-01 18:45:37.643 1495 2334 E DisplayDeviceConfig: requesting nits when no mapping exists.
12-01 18:45:37.643 1495 2334 E DisplayDeviceConfig: requesting nits when no mapping exists.
12-01 18:45:37.659 1495 2334 E DisplayDeviceConfig: requesting nits when no mapping exists.
12-01 18:45:37.660 1495 2334 E DisplayDeviceConfig: requesting nits when no mapping exists.
12-01 18:45:37.676 1495 2334 E DisplayDeviceConfig: requesting nits when no mapping exists.
12-01 18:45:37.676 1495 2334 E DisplayDeviceConfig: requesting nits when no mapping exists.
12-01 18:45:37.693 1495 2334 E DisplayDeviceConfig: requesting nits when no mapping exists.
12-01 18:45:37.693 1495 2334 E DisplayDeviceConfig: requesting nits when no mapping exists.
12-01 18:45:37.709 1495 2334 E DisplayDeviceConfig: requesting nits when no mapping exists.
12-01 18:45:37.710 1495 2334 E DisplayDeviceConfig: requesting nits when no mapping exists.
12-01 18:45:37.726 1495 2334 E DisplayDeviceConfig: requesting nits when no mapping exists.
12-01 18:45:37.727 1495 2334 E DisplayDeviceConfig: requesting nits when no mapping exists.
12-01 18:45:37.743 1495 2334 E DisplayDeviceConfig: requesting nits when no mapping exists.
12-01 18:45:37.744 1495 2334 E DisplayDeviceConfig: requesting nits when no mapping exists.
12-01 18:45:37.760 1495 2334 E DisplayDeviceConfig: requesting nits when no mapping exists.
12-01 18:45:37.760 1495 2334 E DisplayDeviceConfig: requesting nits when no mapping exists.
12-01 18:45:37.776 1495 2334 E DisplayDeviceConfig: requesting nits when no mapping exists.
12-01 18:45:37.777 1495 2334 E DisplayDeviceConfig: requesting nits when no mapping exists.
12-01 18:45:37.793 1495 2334 E DisplayDeviceConfig: requesting nits when no mapping exists.
12-01 18:45:37.793 1495 2334 E DisplayDeviceConfig: requesting nits when no mapping exists.
12-01 18:45:37.810 1495 2334 E DisplayDeviceConfig: requesting nits when no mapping exists.
12-01 18:45:37.811 1495 2334 E DisplayDeviceConfig: requesting nits when no mapping exists.
12-01 18:45:37.826 1495 2334 E DisplayDeviceConfig: requesting nits when no mapping exists.
12-01 18:45:37.827 1495 2334 E DisplayDeviceConfig: requesting nits when no mapping exists.
12-01 18:45:37.843 1495 2334 E DisplayDeviceConfig: requesting nits when no mapping exists.
12-01 18:45:37.844 1495 2334 E DisplayDeviceConfig: requesting nits when no mapping exists.
12-01 18:45:37.860 1495 2334 E DisplayDeviceConfig: requesting nits when no mapping exists.
12-01 18:45:37.860 1495 2334 E DisplayDeviceConfig: requesting nits when no mapping exists.
12-01 18:45:37.876 1495 2334 E DisplayDeviceConfig: requesting nits when no mapping exists.
12-01 18:45:37.877 1495 2334 E DisplayDeviceConfig: requesting nits when no mapping exists.
12-01 18:45:37.893 1495 2334 E DisplayDeviceConfig: requesting nits when no mapping exists.
12-01 18:45:37.894 1495 2334 E DisplayDeviceConfig: requesting nits when no mapping exists.
12-01 18:45:37.910 1495 2334 E DisplayDeviceConfig: requesting nits when no mapping exists.
12-01 18:45:37.911 1495 2334 E DisplayDeviceConfig: requesting nits when no mapping exists.
12-01 18:45:37.927 1495 2334 E DisplayDeviceConfig: requesting nits when no mapping exists.
12-01 18:45:37.928 1495 2334 E DisplayDeviceConfig: requesting nits when no mapping exists.
12-01 18:45:37.944 1495 2334 E DisplayDeviceConfig: requesting nits when no mapping exists.
12-01 18:45:37.944 1495 2334 E DisplayDeviceConfig: requesting nits when no mapping exists.
12-01 18:45:37.960 1495 2334 E DisplayDeviceConfig: requesting nits when no mapping exists.
12-01 18:45:37.960 1495 2334 E DisplayDeviceConfig: requesting nits when no mapping exists.
12-01 18:45:37.977 1495 2334 E DisplayDeviceConfig: requesting nits when no mapping exists.
12-01 18:45:37.977 1495 2334 E DisplayDeviceConfig: requesting nits when no mapping exists.
12-01 18:45:37.994 1495 2334 E DisplayDeviceConfig: requesting nits when no mapping exists.
12-01 18:45:37.994 1495 2334 E DisplayDeviceConfig: requesting nits when no mapping exists.
12-01 18:45:38.010 1495 2334 E DisplayDeviceConfig: requesting nits when no mapping exists.
12-01 18:45:38.010 1495 2334 E DisplayDeviceConfig: requesting nits when no mapping exists.
12-01 18:45:38.027 1495 2334 E DisplayDeviceConfig: requesting nits when no mapping exists.
12-01 18:45:38.028 1495 2334 E DisplayDeviceConfig: requesting nits when no mapping exists.
12-01 18:45:38.043 1495 2334 E DisplayDeviceConfig: requesting nits when no mapping exists.
12-01 18:45:38.044 1495 2334 E DisplayDeviceConfig: requesting nits when no mapping exists.
12-01 18:45:38.060 1495 2334 E DisplayDeviceConfig: requesting nits when no mapping exists.
12-01 18:45:38.061 1495 2334 E DisplayDeviceConfig: requesting nits when no mapping exists.
12-01 18:45:38.077 1495 2334 E DisplayDeviceConfig: requesting nits when no mapping exists.
12-01 18:45:38.077 1495 2334 E DisplayDeviceConfig: requesting nits when no mapping exists.
12-01 18:45:38.094 1495 2334 E DisplayDeviceConfig: requesting nits when no mapping exists.
12-01 18:45:38.095 1495 2334 E DisplayDeviceConfig: requesting nits when no mapping exists.
12-01 18:45:38.110 1495 2334 E DisplayDeviceConfig: requesting nits when no mapping exists.
12-01 18:45:38.111 1495 2334 E DisplayDeviceConfig: requesting nits when no mapping exists.
12-01 18:45:38.128 1495 2334 E DisplayDeviceConfig: requesting nits when no mapping exists.
12-01 18:45:38.128 1495 2334 E DisplayDeviceConfig: requesting nits when no mapping exists.
12-01 18:45:38.144 1495 2334 E DisplayDeviceConfig: requesting nits when no mapping exists.
12-01 18:45:38.144 1495 2334 E DisplayDeviceConfig: requesting nits when no mapping exists.
12-01 18:45:38.161 1495 2334 E DisplayDeviceConfig: requesting nits when no mapping exists.
12-01 18:45:38.161 1495 2334 E DisplayDeviceConfig: requesting nits when no mapping exists.
12-01 18:45:38.177 1495 2334 E DisplayDeviceConfig: requesting nits when no mapping exists.
12-01 18:45:38.178 1495 2334 E DisplayDeviceConfig: requesting nits when no mapping exists.
12-01 18:45:38.194 1495 2334 E DisplayDeviceConfig: requesting nits when no mapping exists.
12-01 18:45:38.194 1495 2334 E DisplayDeviceConfig: requesting nits when no mapping exists.
12-01 18:45:38.211 1495 2334 E DisplayDeviceConfig: requesting nits when no mapping exists.
12-01 18:45:38.211 1495 2334 E DisplayDeviceConfig: requesting nits when no mapping exists.
12-01 18:45:42.840 1495 1698 D ActivityManager: freezing 3713 android.process.acore
12-01 18:45:42.840 1495 1698 E ActivityManager: Unable to freeze binder for 3713 android.process.acore
12-01 18:45:42.842 1495 1698 D ActivityManager: froze 3713 android.process.acore
12-01 18:45:42.842 1495 1698 E ActivityManager: Unable to freeze binder for 3713 android.process.acore
12-01 18:45:42.844 1495 1698 I ActivityManager: Killing 3713:android.process.acore/u0a29 (adj 955): Unable to freeze binder interface
12-01 18:45:42.878 1495 2847 D CountryDetector: No listener is left
12-01 18:45:44.241 1495 1625 I PowerManagerService: Napping display group (groupId=0, uid=1000)...
12-01 18:45:44.241 1495 1625 I PowerManagerService: Nap time (uid 1000)...
12-01 18:45:44.243 1495 1625 I DreamManagerService: Entering dreamland.
12-01 18:45:44.246 1495 1625 I PowerManagerService: Dreaming...
12-01 18:45:44.248 1495 1599 I DreamController: Starting dream: name=ComponentInfo{com.thundercomm.screensaver/com.thundercomm.saverclock.service.ClockScreensaver}, isTest=false, canDoze=false, userId=0
12-01 18:45:44.258 1495 2417 I ActivityTaskManager: START u0 {flg=0x10000000 pkg=com.thundercomm.screensaver cmp=com.thundercomm.screensaver/android.service.dreams.DreamActivity (has extras)} from uid 10045
12-01 18:45:44.260 1495 2417 W ActivityTaskManager: Can't find TaskDisplayArea to determine support for multi window. Task id=16 attached=false
12-01 18:45:44.276 1495 2847 I ActivityTaskManager: FOREGROUND_APPLICATION_CHANGED to android.service.dreams.DreamActivity
12-01 18:45:44.276 1495 2847 I ActivityTaskManager: The Process com.thundercomm.screensaver Already Exists in BG. So sending its PID: 4587
12-01 18:45:44.276 1495 2847 W ActivityTaskManager: Tried to set launchTime (0) < mLastActivityLaunchTime (601539)
12-01 18:45:44.292 4281 4303 W ContextImpl: Calling a method in the system process without a qualified user: android.app.ContextImpl.startService:1816 android.content.ContextWrapper.startService:774 com.thundercomm.gamemode.ingame.services.GameModeActionUtils.startGameModeService:93 com.thundercomm.gamemode.ingame.services.GameModeActionUtils.startGameModeEntry:21 com.thundercomm.gamemode.ingame.services.ActivityMonitoringService$1.onActivityLaunch:127
12-01 18:45:44.293 1495 2847 W WindowManager: Failed looking up window session=Session{5ec65b0 4587:u0a10045} callers=com.android.server.wm.WindowManagerService.windowForClientLocked:5628 com.android.server.wm.Session.insetsModified:629 android.view.IWindowSession$Stub.onTransact:1151
12-01 18:45:44.301 1495 1495 I GameModeConfig: Current uri is uri = content://com.thundercomm.gamemode.api/gamemode_settings/gamemode_isgaming
12-01 18:45:44.305 1495 1495 I GameModeConfig: isGameModeOn = false
12-01 18:45:44.305 1495 1495 I GameModeConfig: isGameModeOn = false
12-01 18:45:44.305 1495 1495 I GameModeConfig: isDisableVoice = true
12-01 18:45:44.338 1495 2298 I GameModeConfig: isGameModeOn = false
12-01 18:45:44.338 1495 2298 I GameModeConfig: isGameModeOn = false
12-01 18:45:44.338 1495 2298 I GameModeConfig: isGameModeOn = false
12-01 18:45:44.338 1495 2298 I GameModeConfig: isGameModeOn = false
12-01 18:45:44.358 1495 1625 V DisplayPowerController[0]: Brightness [1.0] reason changing to: 'manual', previous reason: 'manual [ dim ]'.
12-01 18:45:44.358 1495 2334 E DisplayDeviceConfig: requesting nits when no mapping exists.
12-01 18:45:44.359 1495 2334 E DisplayDeviceConfig: requesting nits when no mapping exists.
12-01 18:45:44.375 1495 2334 E DisplayDeviceConfig: requesting nits when no mapping exists.
12-01 18:45:44.375 1495 2334 E DisplayDeviceConfig: requesting nits when no mapping exists.
