12-01 18:47:17.002 2742 2742 W WifiDebugService: can not find target wifi ap : hht_test_wifi_fc4318c9
12-01 18:47:17.264 643 657 I mpu_uart: [MSG-P:RECV]:No message received in 1000 ms
12-01 18:47:17.414 3267 3267 I hpplay-java: [main]:Upgrade:upgrade not be allowed
12-01 18:47:17.427 0 0 W swapper/2: type=1400 audit(0.0:746): avc: denied { kill } for capability=5 scontext=u:r:kernel:s0 tcontext=u:r:kernel:s0 tclass=capability permissive=0
12-01 18:47:17.727 1495 2282 W BestClock: java.time.DateTimeException: Missing NTP fix
12-01 18:47:17.751 1495 2282 W BestClock: java.time.DateTimeException: Missing NTP fix
12-01 18:47:17.756 1495 2283 W BestClock: java.time.DateTimeException: Missing NTP fix
12-01 18:47:17.757 1495 2283 W BestClock: java.time.DateTimeException: Missing NTP fix
12-01 18:47:18.000 3267 3267 I hpplay-java: [main]:ServerBusiness:get deviceCode:
12-01 18:47:18.000 3267 3267 W hpplay-java: [main]:ServerBusiness:startDeviceService ignore,invalid deviceCode
12-01 18:47:18.264 643 657 I mpu_uart: [MSG-P:RECV]:No message received in 1000 ms
12-01 18:47:18.427 0 0 W swapper/2: type=1400 audit(0.0:747): avc: denied { kill } for capability=5 scontext=u:r:kernel:s0 tcontext=u:r:kernel:s0 tclass=capability permissive=0
12-01 18:47:18.808 1495 2282 W BestClock: java.time.DateTimeException: Missing NTP fix
12-01 18:47:18.826 1495 2282 W BestClock: java.time.DateTimeException: Missing NTP fix
12-01 18:47:18.829 1495 2283 W BestClock: java.time.DateTimeException: Missing NTP fix
12-01 18:47:18.830 1495 2283 W BestClock: java.time.DateTimeException: Missing NTP fix
12-01 18:47:19.229 3267 3267 I hpplay-java: [main]:ServerTaskManager:restart by error
12-01 18:47:19.229 3267 3267 I hpplay-java: [main]:ServerTaskManager:startServer
12-01 18:47:19.229 3267 3267 I hpplay-java: [main]:ServerTaskManager:startServer add, reason: server is starting or running
12-01 18:47:19.229 3267 3267 I hpplay-java: [main]:ServerTaskManager:addStopTask
12-01 18:47:19.229 3267 3267 I hpplay-java: [main]:ServerTaskManager:addStartTask
12-01 18:47:19.229 3267 3267 I hpplay-java: [main]:ServerTaskManager:exeTask stopServer
12-01 18:47:19.229 3267 3267 I hpplay-java: [main]:Bridge:stopServer keepPush: false
12-01 18:47:19.229 3267 3267 D hpplay-base: [jniBridge:909] Bridge__1stopServer status:2
12-01 18:47:19.229 3267 3267 D hpplay-base: [LelinkBase:654] stopAllServer will start thread!
12-01 18:47:19.230 3267 6648 D hpplay-base: [AEventUtils:588] handle AEvent thread end!!,tid is 6648
12-01 18:47:19.230 3267 6649 D hpplay-base: [REventUtils:197] handleREventThread thread end!!,tid is 6649
12-01 18:47:19.230 3267 6653 I hpplay-base: [mDNSEmbeded:65] embedded_mDNSExit call
12-01 18:47:19.264 643 657 I mpu_uart: [MSG-P:RECV]:No message received in 1000 ms
12-01 18:47:19.311 3267 6624 D hpplay-base: [stream_mirror_compat:1284] mirror stream begin to exit,server fd:113,thread_id:3057377728!!
12-01 18:47:19.311 3267 6624 D hpplay-base: [stream_mirror_compat:1323] ##screen stream exit successfully!!##
12-01 18:47:19.334 3267 6623 D hpplay-base: [Server:447] startHttpServer will END srv->serverType:0
12-01 18:47:19.334 3267 6623 D hpplay-base: [Server:646] startHttpServer cond srv_shutdown:1 connectNummber:0
12-01 18:47:19.334 3267 6623 D hpplay-base: [Server:669] startHttpServer wait cond END. srv_shutdown:1 connectNummber:0
12-01 18:47:19.334 3267 6623 D hpplay-base: [Server:457] HttpServer END, tid is 6623
12-01 18:47:19.427 1177 1177 W selfinstaller: type=1400 audit(0.0:748): avc: denied { kill } for capability=5 scontext=u:r:selfinstaller:s0 tcontext=u:r:selfinstaller:s0 tclass=capability permissive=0
12-01 18:47:19.741 643 655 I mpu_uart: [MSG-P:R]:recv sync frame timeout
12-01 18:47:19.905 1495 2282 W BestClock: java.time.DateTimeException: Missing NTP fix
12-01 18:47:19.922 1495 2282 W BestClock: java.time.DateTimeException: Missing NTP fix
12-01 18:47:19.926 1495 2283 W BestClock: java.time.DateTimeException: Missing NTP fix
12-01 18:47:19.927 1495 2283 W BestClock: java.time.DateTimeException: Missing NTP fix
12-01 18:47:20.108 3267 6645 I hpplay-base: [mDNSEmbeded:140] embedded_mDNSLoop Exiting end,tid is 6645
12-01 18:47:20.109 3267 6653 D hpplay-base: [mDNSEmbeded:452] stopmDNSServer end stopmDNSNow=2, nRet=0
12-01 18:47:20.264 643 657 I mpu_uart: [MSG-P:RECV]:No message received in 1000 ms
12-01 18:47:20.322 3267 6646 I hpplay-base: [mDNSEmbeded:376] end lelink publish server, tid is 6646
12-01 18:47:20.323 3267 6653 D hpplay-base: [mDNSEmbeded:420] stopmLelinkServer end nRet=0
12-01 18:47:20.323 3267 6653 D hpplay-base: [LelinkBase:615] lebodlna sto