12-01 18:46:48.863 3267 3267 I hpplay-java: [main]:ServerTaskManager:startServer add, reason: server is starting or running
12-01 18:46:48.863 3267 3267 I hpplay-java: [main]:ServerTaskManager:addStopTask
12-01 18:46:48.863 3267 3267 I hpplay-java: [main]:ServerTaskManager:addStartTask
12-01 18:46:48.863 3267 3267 I hpplay-java: [main]:ServerTaskManager:exeTask stopServer
12-01 18:46:48.863 3267 3267 I hpplay-java: [main]:Bridge:stopServer keepPush: false
12-01 18:46:48.863 3267 3267 D hpplay-base: [jniBridge:909] Bridge__1stopServer status:2
12-01 18:46:48.864 3267 3267 D hpplay-base: [LelinkBase:654] stopAllServer will start thread!
12-01 18:46:48.865 3267 6378 I hpplay-base: [mDNSEmbeded:65] embedded_mDNSExit call
12-01 18:46:48.865 3267 6371 D hpplay-base: [REventUtils:197] handleREventThread thread end!!,tid is 6371
12-01 18:46:48.865 3267 6369 D hpplay-base: [AEventUtils:588] handle AEvent thread end!!,tid is 6369
12-01 18:46:48.870 3267 6348 D hpplay-base: [Server:447] startHttpServer will END srv->serverType:0
12-01 18:46:48.870 3267 6348 D hpplay-base: [Server:646] startHttpServer cond srv_shutdown:1 connectNummber:0
12-01 18:46:48.870 3267 6348 D hpplay-base: [Server:669] startHttpServer wait cond END. srv_shutdown:1 connectNummber:0
12-01 18:46:48.870 3267 6348 D hpplay-base: [Server:457] HttpServer END, tid is 6348
12-01 18:46:48.895 3267 6349 D hpplay-base: [stream_mirror_compat:1284] mirror stream begin to exit,server fd:105,thread_id:3082740160!!
12-01 18:46:48.895 3267 6349 D hpplay-base: [stream_mirror_compat:1323] ##screen stream exit successfully!!##
12-01 18:46:49.131 3267 6366 I hpplay-base: [mDNSEmbeded:140] embedded_mDNSLoop Exiting end,tid is 6366
12-01 18:46:49.131 3267 6378 D hpplay-base: [mDNSEmbeded:452] stopmDNSServer end stopmDNSNow=2, nRet=0
12-01 18:46:49.249 643 657 I mpu_uart: [MSG-P:RECV]:No message received in 1000 ms
12-01 18:46:49.363 3267 6367 I hpplay-base: [mDNSEmbeded:376] end lelink publish server, tid is 6367
12-01 18:46:49.364 3267 6378 D hpplay-base: [mDNSEmbeded:420] stopmLelinkServer end nRet=0
12-01 18:46:49.364 3267 6378 D hpplay-base: [LelinkBase:615] lebodlna stopServerThreadFunc dlnaEnable:1
12-01 18:46:49.364 3267 6378 D hpplay-base-dlna: [lebodlna_api:49] stop DMR
12-01 18:46:49.364 3267 6378 D hpplay-base-dlna: [lebodlna_api:344] m_pRender Release
12-01 18:46:49.424 3267 6378 D hpplay-base-dlna: [UpnpDefine:867] DMRender release success
12-01 18:46:49.424 3267 6378 D hpplay-base-dlna: [lebodlna_api:352] m_pAVT Release
12-01 18:46:49.424 3267 6378 D hpplay-base-dlna: [lebodlna_api:360] m_pRCS Release
12-01 18:46:49.424 3267 6378 D hpplay-base-dlna: [lebodlna_api:365] dmrender destroydmr
12-01 18:46:49.427 0 0 W swapper/0: type=1400 audit(0.0:721): avc: denied { kill } for capability=5 scontext=u:r:kernel:s0 tcontext=u:r:kernel:s0 tclass=capability permissive=0
12-01 18:46:49.717 643 655 I mpu_uart: [MSG-P:R]:recv sync frame timeout
12-01 18:46:49.724 3267 6378 D hpplay-base-dlna: [lebodlna-dlna_android:186] stopDLNA
12-01 18:46:49.725 3267 6378 D hpplay-base-dlna: [lebodlna-dlna_android:189] dlnaservice destroy
12-01 18:46:49.725 3267 6378 D hpplay-base-dlna: [lebodlna-dlna_android:49] dlnaservice Destroy 49 int CDlnaService::Destroy()
12-01 18:46:49.725 3267 6378 D hpplay-base-dlna: [lebodlna-dlnaframe:245] dlnaservice Destroy 245 static ERROR_TYPE IDlnaFrame::DestroyDlnaFrame(IDlnaFrame *)
12-01 18:46:49.725 3267 6378 D hpplay-base-dlna: [lebodlna-dlnaframe:179] dlnaservice Destroy 179 virtual void CDlnaFrame::Release()
12-01 18:46:49.725 3267 6378 D hpplay-base-dlna: [lebodlna-dlnaframe:190] dlnaservice Destroy 190 virtual void CDlnaFrame::Release()
12-01 18:46:49.725 3267 6378 D hpplay-base-dlna: [lebodlna-dlnaframe:192] dlnaservice Destroy 192 virtual void CDlnaFrame::Release()
12-01 18:46:49.725 3267 6378 D hpplay-base-dlna: [lebodlna-dlnaframe:247] dlnaservice Destroy 247 static ERROR_TYPE IDlnaFrame::DestroyDlnaFrame(IDlnaFrame *)
12-01 18:46:49.725 3267 6378 D hpplay-base-dlna: [lebodlna-dlnaframe:251] dlnaservice Destroy 251 static ERROR_TYPE IDlnaFrame::DestroyDlnaFrame(IDlnaFrame *)
12-01 18:46:49.727 3267 6378 E hpplay-base-dlna: upnpapi.c:655::before gminiserver ThreadPoolShutdown
12-01 18:46:49.727 3267 6378 E hpplay-base-dlna: ThreadPool.c:1047::on ThreadPoolShutdown tp->totalThreads:3
12-01 18:46:49.728 3267 6378 E hpplay-base-dlna: ThreadPool.c:1056::after ThreadPoolShutdown
12-01 18:46:49.728 3267 6378 E hpplay-base-dlna: ThreadPool.c:1057::ThreadPoolShutdown tp->totalThreads:0
12-01 18:46:49.728 3267 6378 E hpplay-base-dlna: upnpapi.c:657::after gminiserver ThreadPoolShutdown
12-01 18:46:49.728 3267 6378 E hpplay-base-dlna: upnpapi.c:659::before grecv ThreadPoolShutdown
12-01 18:46:49.728 3267 6378 E hpplay-base-dlna: ThreadPool.c:1047::on ThreadPoolShutdown tp->totalThreads:12
12-01 18:46:49.728 3267 6378 E hpplay-base-dlna: ThreadPool.c:1047::on ThreadPoolShutdown tp->totalThreads:11
12-01 18:46:49.729 3267 6378 E hpplay-base-dlna: ThreadPool.c:1047::on ThreadPoolShutdown tp->totalThreads:10
12-01 18:46:49.730 3267 6378 E hpplay-base-dlna: ThreadPool.c:1056::after ThreadPoolShutdown
12-01 18:46:49.730 3267 6378 E hpplay-base-dlna: ThreadPool.c:1057::ThreadPoolShutdown tp->totalThreads:0
12-01 18:46:49.730 3267 6378 E hpplay-base-dlna: upnpapi.c:661::after grecv ThreadPoolShutdown
12-01 18:46:49.730 3267 6378 E hpplay-base-dlna: upnpapi.c:663::before gsend ThreadPoolShutdown
12-01 18:46:49.730 3267 6378 E hpplay-base-dlna: ThreadPool.c:1047::on ThreadPoolShutdown tp->totalThreads:3
12-01 18:46:49.730 3267 6378 E hpplay-base-dlna: ThreadPool.c:1047::on ThreadPoolShutdown tp->totalThreads:2
12-01 18:46:49.731 3267 6378 E hpplay-base-dlna: ThreadPool.c:1047::on ThreadPoolShutdown tp->totalThreads:1
12-01 18:46:49.731 3267 6378 E hpplay-base-dlna: ThreadPool.c:1056::after ThreadPoolShutdown
12-01 18:46:49.731 3267 6378 E hpplay-base-dlna: ThreadPool.c:1057::ThreadPoolShutdown tp->totalThreads:0
12-01 18:46:49.731 3267 6378 E hpplay-base-dlna: upnpapi.c:665::after gsend ThreadPoolShutdown
12-01 18:46:49.731 3267 6378 D hpplay-base-dlna: [lebodlna-dlnaframe:253] dlnaservice Destroy 253 static ERROR_TYPE IDlnaFrame::DestroyDlnaFrame(IDlnaFrame *)
12-01 18:46:49.731 3267 6378 D hpplay-base-dlna: [lebodlna-dlna_android:51] dlnaservice Destroy 51 int CDlnaService::Destroy()
12-01 18:46:49.731 3267 6378 D hpplay-base-dlna: [lebodlna-dlna_android:194] stopDLNA end
12-01 18:46:50.032 3267 6378 D hpplay-base: [stream_mirror_compat:1489] request to stop screen stream session!!
12-01 18:46:50.032 3267 6378 D hpplay-base: [AEventUtils:625] begin to stop event handle service!!
12-01 18:46:50.032 3267 6378 D hpplay-base: [AEventUtils:628] stop event handle service ok!!
12-01 18:46:50.032 3267 6378 D hpplay-base: [REventUtils:231] begin to stop report handle service!!
12-01 18:46:50.032 3267 6378 D hpplay-base: [REventUtils:234] stop report handle service ok!!
12-01 18:46:50.032 3267 6378 D hpplay-base: [lelinkSinkServer:711] HTTP Server stopSinkServer End .
12-01 18:46:50.032 3267 6378 D hpplay-base: [jniBridge:1135] notifyJavaServerStoped
12-01 18:46:50.032 3267 6378 D hpplay-base: [jniBridge:1726] notifyJava, what:202, castType:0, mimeType:0 baseStatus:4
12-01 18:46:50.032 3267 6378 D hpplay-base: [jniBridge:1727] notifyJava sessionID:(null)
12-01 18:46:50.033 3267 6378 I hpplay-java: [Thread-89]:Bridge:notify: what: 202
12-01 18:46:50.035 3267 6378 I hpplay-java: [Thread-89]:Bridge:notify: out: OutParameters:{audioSessionId=-1, audiotrackIndex=0, castHandleType=-1, castType=0, deviceName='', dlnaName='', dramaID='', extra=0, frameHandleType=-1, handleInside=true, headduration=0, header='', headers=null, isAD=false, isMultiMirror=false, lelinkVer='', limitTime=0, , mediaAlbum='null', mediaAlbumArtURI='', mediaArtist='null', mediaAssets='', mediaTitle='null', mimeType=0, multiSession=null, period=0, pinCode='', playSpeed=0.0, playerChoice=0, plugin=0, port=0, position=0.0, positionUnit=2, protocol=0, realSessionID='', regType='', , sinkIp='', sourceAPPVersion='', sourceChannel='', sourceClientInfo='', sourceDeviceInfo='', sourceDeviceModel='', sourceDeviceName='', sourceDeviceType=0, sourceHID='', , sourceInfo='', , , sourceOSVersion='', sourceSDKVersion='', sourceUid='', stopDetail=0, stopReason=0, tailduration=0, url='', urlID='', urls=null, userAgent='', videoDecoder=0, volume=0, what=202}com.hpplay.sdk.sink.protocol.OutParameters@5f2eea
12-01 18:46:50.035 3267 6378 I hpplay-java: [Thread-89]:Bridge:notify: address:198079963
12-01 18:46:50.035 3267 6378 D hpplay-base: [LelinkBase:645] stopServerThreadFunc notifyJavaServerStoped!
12-01 18:46:50.036 3267 3267 I hpplay-java: [main]:ServerTaskManager:startTimeOutCheck
12-01 18:46:50.036 3267 3267 I hpplay-java: [main]:ServerBusiness:stopDaemonBusiness
12-01 18:46:50.036 3267 3267 I hpplay-java: [main]:SinkDataReport:logout
12-01 18:46:50.037 3267 3267 I hpplay-java: [main]:EPControl:release
12-01 18:46:50.038 3267 6060 I hpplay-java: [AsyncTask #104]:GlideCreator:clearCache clearDiskCache
12-01 18:46:50.040 3267 3267 I hpplay-java: [main]:Dispatcher:notifyAllReverseControlsStop
12-01 18:46:50.040 3267 3267 I hpplay-java: [main]:Preference:checkFeature none
12-01 18:46:50.040 3267 3267 I hpplay-java: [main]:Dispatcher:notifyAllUIControlsStop set: []
12-01 18:46:50.040 3267 3267 I hpplay-java: [main]:Bridge:findServiceID start out: 198079963
12-01 18:46:50.040 3267 3267 I hpplay-java: [main]:Bridge:findServiceID end
12-01 18:46:50.041 3267 3267 I hpplay-java: [main]:ServerTaskManager:onStop retry:true
12-01 18:46:50.041 3267 3267 I hpplay-java: [main]:ServerTaskManager:cancelTimeOutCheck
12-01 18:46:50.041 3267 6343 W hpplay-java: NanoHTTPDServerRunnable:Communication with the client broken
12-01 18:46:50.041 3267 6343 W hpplay-java: java.net.SocketException: Socket closed
12-01 18:46:50.041 3267 6343 W hpplay-java: at java.net.PlainSocketImpl.socketAccept(PlainSocketImpl.java:213)
12-01 18:46:50.041 3267 6343 W hpplay-java: at java.net.AbstractPlainSocketImpl.accept(AbstractPlainSocketImpl.java:451)
12-01 18:46:50.041 3267 6343 W hpplay-java: at java.net.ServerSocket.implAccept(ServerSocket.java:547)
12-01 18:46:50.041 3267 6343 W hpplay-java: at java.net.ServerSocket.accept(ServerSocket.java:515)
12-01 18:46:50.041 3267 6343 W hpplay-java: at com.hpplay.nanohttpd.protocols.http.ServerRunnable.run(SourceFile:118)
12-01 18:46:50.041 3267 6343 W hpplay-java: at java.lang.Thread.run(Thread.java:920)
12-01 18:46:50.041 3267 6343 I hpplay-java: NanoHTTPDNanoHTTPD:server is stoped
12-01 18:46:50.041 3267 6343 I hpplay-java: NanoHTTPDNanoHTTPD:clear obj
12-01 18:46:50.042 3267 3267 I hpplay-java: [main]:IPManager:getActiveNets type: WIFI
12-01 18:46:50.042 3267 3267 I hpplay-java: [main]:IPManager:getActiveNets eth0:false wifi:true mobile:false ap:false
12-01 18:46:50.042 3267 3267 I hpplay-java: [main]:IPManager:getIPAddress IP_WLAN0
12-01 18:46:50.046 3267 3267 I hpplay-java: [main]:IPManager:updateIPAddress getIPAddress: 192.168.4.16 name:vlan4
12-01 18:46:50.046 3267 3267 I hpplay-java: [main]:IPManager:updateIPAddress getIPAddress: 192.168.0.18 name:wlan0
12-01 18:46:50.046 3267 3267 I hpplay-java: [main]:IPManager:updateIPAddress getIPAddress: 192.168.8.16 name:vlan8
12-01 18:46:50.046 3267 3267 I hpplay-java: [main]:IPManager:updateIPAddress getIPAddress: 192.168.11.16 name:vlan11
12-01 18:46:50.046 3267 3267 I hpplay-java: [main]:IPManager:updateIPAddress getIPAddress: 192.168.0.16 name:vlan0
12-01 18:46:50.046 3267 3267 I hpplay-java: [main]:IPManager:updateIPAddress getIPAddress: 192.168.2.16 name:vlan2
12-01 18:46:50.046 3267 3267 I hpplay-java: [main]:IPManager:updateIPAddress getIPAddress: 192.168.1.16 name:vlan1
12-01 18:46:50.047 3267 3267 I hpplay-java: [main]:ServerTaskManager:exeTask startServer
12-01 18:46:50.047 3267 3267 I hpplay-java: [main]:ServerTaskManager:startTimeOutCheck
12-01 18:46:50.047 3267 6061 I hpplay-java: [AsyncTask #105]:ServerBusiness:startDaemonBusiness
12-01 18:46:50.047 3267 6065 I hpplay-java: [AsyncTask #107]:Bridge:assembleInParameters
12-01 18:46:50.047 3267 6061 I hpplay-java: [AsyncTask #105]:TimeOutCheckUtil:addTask id:upgrade
12-01 18:46:50.047 3267 6061 I hpplay-java: [AsyncTask #105]:TimeOutCheckUtil:addTask id:ijkupgrade
12-01 18:46:50.048 3267 6065 I hpplay-java: [AsyncTask #107]:Bridge:createDeviceId deviceId:ZjQ6M2E6MTk6MWQ6Yjg6MzM=
12-01 18:46:50.049 3267 6065 I hpplay-java: [AsyncTask #107]:IPManager:getActiveNets type: WIFI
12-01 18:46:50.049 3267 6383 I hpplay-java: NanoHTTPDNanoHTTPD:server is started
12-01 18:46:50.049 3267 6065 I hpplay-java: [AsyncTask #107]:IPManager:getActiveNets eth0:false wifi:true mobile:false ap:false
12-01 18:46:50.049 3267 6065 I hpplay-java: [AsyncTask #107]:IPManager:getIPAddress IP_WLAN0
12-01 18:46:50.049 3267 6065 I hpplay-java: [AsyncTask #107]:Preference:checkFeature none
12-01 18:46:50.049 3267 6065 I hpplay-java: [AsyncTask #107]:SWI:dlna tip
12-01 18:46:50.049 3267 6065 I hpplay-java: [AsyncTask #107]:SWI:lefp tip
12-01 18:46:50.049 3267 6065 I hpplay-java: [AsyncTask #107]:Bridge:assembleInParameters none alias name use device name: 高合娱乐副屏
12-01 18:46:50.049 3267 6065 I hpplay-java: [AsyncTask #107]:Feature:isSendAdvertisement
12-01 18:46:50.049 3267 6065 I hpplay-java: [AsyncTask #107]:Preference:checkFeature none
12-01 18:46:50.050 3267 6065 I hpplay-java: [AsyncTask #107]:Preference:checkFeature none
12-01 18:46:50.050 3267 6065 I hpplay-java: [AsyncTask #107]:Bridge:backupHpplayDat bakPath:
12-01 18:46:50.050 3267 6065 I hpplay-java: [AsyncTask #107]:Bridge:path:/data/user/0/com.hht.lebocast/files/hpplay/file/happyplay.dat
12-01 18:46:50.050 3267 6065 I hpplay-java: [AsyncTask #107]:Bridge:mAppId:21409
12-01 18:46:50.050 3267 6065 I hpplay-java: [AsyncTask #107]:Bridge:mode:3
12-01 18:46:50.050 3267 6065 I hpplay-java: [AsyncTask #107]:Bridge:type:1
12-01 18:46:50.050 3267 6065 I hpplay-java: [AsyncTask #107]:Bridge:SN:
12-01 18:46:50.050 3267 6065 I hpplay-java: [AsyncTask #107]:Preference:checkFeature none
12-01 18:46:50.050 3267 6065 I hpplay-java: [AsyncTask #107]:Bridge:backPath:
12-01 18:46:50.050 3267 6065 I hpplay-java: [AsyncTask #107]:DeviceUtil:getPermissionDid: 1
12-01 18:46:50.050 3267 6065 I hpplay-java: [AsyncTask #107]:DeviceUtil:getPermissionDid: 1
12-01 18:46:50.050 3267 6065 I hpplay-java: [AsyncTask #107]:Preference:checkFeature none
12-01 18:46:50.050 3267 6065 I hpplay-java: [AsyncTask #107]:Preference:checkFeature none
12-01 18:46:50.050 3267 6065 I hpplay-java: [AsyncTask #107]:Preference:checkFeature none
12-01 18:46:50.050 3267 6065 I hpplay-java: [AsyncTask #107]:Preference:checkFeature none
12-01 18:46:50.050 3267 6065 I hpplay-java: [AsyncTask #107]:Preference:checkFeature none
12-01 18:46:50.050 3267 6065 I hpplay-java: [AsyncTask #107]:Preference:checkFeature none
12-01 18:46:50.058 3267 6061 W hpplay-java: [AsyncTask #105]:ServerBusiness:startDaemonBusiness start LelinkHTTPD sucess 52288
12-01 18:46:50.068 3267 6065 W hpplay-java: [AsyncTask #107]:DeviceUtils:getDomain create lb domain
12-01 18:46:50.070 3267 6065 I hpplay-java: [AsyncTask #107]:Feature:getMirrorAudioVideoSync DISABLE
12-01 18:46:50.070 3267 6065 I hpplay-java: [AsyncTask #107]:Feature:checkSupportRedirectOtherApp,no set redirect api
12-01 18:46:50.070 3267 6065 I hpplay-java: [AsyncTask #107]:Feature:getRedirectSearchFlag,value: 0
12-01 18:46:50.071 3267 6065 I hpplay-java: [AsyncTask #107]:Bridge:mIn: InParameters{appInfo='0', appKey='21409', authMode=0, authPwd='null', broadcastDirection=0, broadcastState=1, broadcastTimeout=3, buildType='release', cacheAVPath='/data/user/0/com.hht.lebocast/cache/hpplay/av', cachePhotoPath='/data/user/0/com.hht.lebocast/cache/hpplay/image', channel='LEBO-APK--60146-25915', desPath='', , deviceName='高合娱乐副屏', dlna=1, dlnaCompany='null', dlnaCompanyURL='null', dlnaDeviceDescribe='null', dlnaDeviceName='null', dlnaDeviceURL='null', dlnaLelinkSwitch=1, dlnaManufacturer=0, dlnaName='高合娱乐副屏', dlnaUPC='', dlnaUUID='f0e48867-b427-01a9-e4c2-9cad7efbe861', domain='Lebo-figure-9232c50cda73', drainage=0, feature='6655', fps=60, height=1080, host='null', , keyPath='/data/user/0/com.hht.lebocast/files/hpplay/file', lelinkfp=1, lelinkfp2=0, logBaseState=1, logPath='/storage/emulated/0/com.hht.lebocast/sink/sdk/common', , mdnsEnable=1, mirrorSyncType=0, netCastVer='2.0', packageName='com.hht.lebocast', packagePath='/data/user/0/com.hht.lebocast', permissionDid='92:32:c5:0c:da:73', permissionMode=3, permissionPreSN='', port=0, preemptMode=0, regType='_leboremote._tcp.', serverPorts=null, sockWaitTimeOut=45, teleControlPort=53388, tunnels=3, txtKeys=null, txtValues=null, uid='-1064672117243984124', videoFrameType=1001, width=1920}com.hpplay.sdk.sink.protocol.InParameters@5a8ab33
12-01 18:46:50.072 3267 3267 I hpplay-java: [main]:Bridge:startServer state: 0
12-01 18:46:50.073 3267 3267 D hpplay-base: [jniBridge:185] not conference version
12-01 18:46:50.074 3267 3267 I hpplay-base: [jniBridge:241] 1initServer nSettingWidth=1920 nSettingHeight=1080 nSettingMaxFPS=60 dlnaEnable=1 lelinkFpEnable=1
12-01 18:46:50.074 3267 3267 D hpplay-base: [jniBridge:283] 1initServer cfg.leLinkIp=192.168.0.18
12-01 18:46:50.074 3267 3267 D hpplay-base: [jniBridge:286] 1initServer cfg.mPermissionMode=3
12-01 18:46:50.074 3267 3267 D hpplay-base: [jniBridge:304] 1initServer cfg.permissionDid=92:32:c5:0c:da:73000000000000000
12-01 18:46:50.074 3267 3267 D hpplay-base: [jniBridge:313] 1initServer cfg.mPermissionPreSN=00000000000000000000000000000000
12-01 18:46:50.074 3267 3267 D hpplay-base: [jniBridge:317] Bridge___1initServer status:0
12-01 18:46:50.074 3267 3267 I hpplay-base: [jniBridge:325] 1initServer cfg.feature=6655
12-01 18:46:50.074 3267 3267 D hpplay-base: [jniBridge:377] 1initServer isSendBroadCast=3
12-01 18:46:50.074 3267 3267 D hpplay-base: [jniBridge:380] 1initServer broadcastDirection=0
12-01 18:46:50.074 3267 3267 D hpplay-base: [jniBridge:382] 1initServer ipBroadcast direction=0
12-01 18:46:50.074 3267 3267 D hpplay-base: [jniBridge:387] 1initServer tunnel=3
12-01 18:46:50.074 3267 3267 D hpplay-base: [jniBridge:390] 1initServer drainage=0
12-01 18:46:50.074 3267 3267 D hpplay-base: [jniBridge:401] 1initServer mDNSEnable=1
12-01 18:46:50.074 3267 3267 D hpplay-base: [jniBridge:406] 1initServer nSockWaitTimeOut=45
12-01 18:46:50.075 3267 3267 D hpplay-base: [jniBridge:410] 1initServer nMirrorAudioVideoSync=0
12-01 18:46:50.075 3267 3267 I hpplay-base: [sign_check:168] checkSign strPackageName:com.hht.lebocast
12-01 18:46:50.075 3267 3267 I hpplay-base: [sign_check:169] checkSign buildType:release
12-01 18:46:50.075 3267 3267 I hpplay-base: [sign_check:170] checkSign appKey:21409
12-01 18:46:50.075 3267 3267 D hpplay-base: [LelinkBase:405] bridgeInit port: 0, lelinkfp: 0
12-01 18:46:50.075 3267 3267 D hpplay-base: [LelinkBase:462] bridgeInit mPackagePath =/data/user/0/com.hht.lebocast
12-01 18:46:50.075 3267 3267 D hpplay-base: [LelinkBase:463] bridgeInit mKeyPath =/data/user/0/com.hht.lebocast/files/hpplay/file
12-01 18:46:50.075 3267 3267 D hpplay-base: [SinkContext:97] initSinkContext mPackagePath =/data/user/0/com.hht.lebocast
12-01 18:46:50.075 3267 3267 D hpplay-base: [SinkContext:98] initSinkContext mKeyPath =/data/user/0/com.hht.lebocast/files/hpplay/file
12-01 18:46:50.075 3267 3267 D hpplay-base: [jniBridge:478] Java_com_hpplay_sdk_sink_protocol_Bridge__1initServer end
12-01 18:46:50.075 3267 3267 D hpplay-base: [jniBridge:869] Bridge__1startServer status:1
12-01 18:46:50.075 3267 3267 D hpplay-base: [LelinkBase:492] startAllServer at base
12-01 18:46:50.075 3267 3267 D hpplay-base: [lelinkSinkServer:152] httpPlugins_SetServerPort TYPE_SERVER_LELINK:52266
12-01 18:46:50.075 3267 3267 D hpplay-base: [network.c:362] protocol bind host :192.168.0.18 port:52266 curent bind port:52266
12-01 18:46:50.075 3267 3267 D hpplay-base: [lelinkSinkServer:681] HTTP Server real at:52266
12-01 18:46:50.076 3267 3267 D hpplay-base: [ScreenStream:1285] current bind port:7100
12-01 18:46:50.076 3267 3267 D hpplay-base: [LelinkBase:515] startAllServer pBaseContext->config.dlnaEnable:1
12-01 18:46:50.076 3267 3267 D hpplay-base: [lelinkDlna:324] addDMRCallback end
12-01 18:46:50.076 3267 6389 D hpplay-base: [stream_mirror_compat:759] compat mirror stream begin to run,server fd:111,thread_id:3075305920!!
12-01 18:46:50.076 3267 6388 D hpplay-base: [lelinkSinkServer:644] Connected Service Type:0
12-01 18:46:50.076 3267 6388 I hpplay-base: : (server.c.315) startServer listen_ing....:
12-01 18:46:50.076 3267 6388 D hpplay-base: [Server:371] startHttpServer srv_sockets.used:1 nCurrentFd:103, tid is 6388
12-01 18:46:50.078 3267 3267 E hpplay-base-dlna: miniserver.c:788::dlna_port(ipv4: 49152 ipv6:0)
12-01 18:46:50.129 3267 3267 D hpplay-base-dlna: [lebodlna-dlnaframe:166] succeed to load lebodlnaplugin
12-01 18:46:50.129 3267 3267 D hpplay-base-dlna: [lebodlna-dlnaframe:232] Succeed to load specified plugin:lebodlna_plugin
12-01 18:46:50.129 3267 3267 D hpplay-base: [lelinkDlna:328] startDLNAServer ret=0
12-01 18:46:50.129 3267 3267 D hpplay-base: [LelinkBase:531] startDLNAServer ret= 0
12-01 18:46:50.129 3267 3267 D hpplay-base: [lelinkDlna:342] setDMRFriendlyName 高合娱乐副屏
12-01 18:46:50.129 3267 3267 D hpplay-base-dlna: [lebodlna-dlna_android:136] setBroadcastTimeout mBroadcastTimeOut=66 status=3!
12-01 18:46:50.129 3267 3267 D hpplay-base-dlna: [lebodlna_api:32] start DMR
12-01 18:46:50.129 3267 3267 D hpplay-base-dlna: [UpnpDefine:434] RegisterDMRender invalid lelink info
12-01 18:46:50.129 3267 3267 D hpplay-base-dlna: [UpnpDefine:467] DLNA DEFAULT_DESCRIPTION
12-01 18:46:50.131 3267 3267 E hpplay-base-dlna: upnpapi.c:1078::Exiting RegisterRootDevice2 *Hnd =1, return value == 0
12-01 18:46:50.131 3267 3267 D hpplay-base-dlna: [CUpnpDevice:41] Register Root Device 2:0
12-01 18:46:50.131 3267 3267 D hpplay-base-dlna: [UpnpDefine:794] ESDMRender:Register success
12-01 18:46:50.131 3267 3267 D hpplay-base-dlna: [lebodlna_api:41] sendBroadcast mBroadcastTimeOut=3
12-01 18:46:50.131 3267 3267 D hpplay-base-dlna: [lebodlna_api:44] sendBroadcast timeout=66
12-01 18:46:50.189 3267 3267 D hpplay-base: [lelinkDlna:361] startDLNADevice dlnaManufacturer:0 ret=0
12-01 18:46:50.190 3267 3267 D hpplay-base: [LelinkBase:535] lelinkSetDlnaInfo ret= 0
12-01 18:46:50.190 3267 3267 D hpplay-base: [LelinkBase:547] startAllServer pBaseContext->config.mDNSEnable:1
12-01 18:46:50.191 3267 3267 D hpplay-base: [base_mdns:509] mdns net.hostname:
12-01 18:46:50.191 3267 3267 D hpplay-base: [base_mdns:529] mdns namelabel:-00-80-0F-74-31-00
12-01 18:46:50.191 3267 3267 D hpplay-base: [base_mdns:509] mdns net.hostname:
12-01 18:46:50.192 3267 3267 D hpplay-base: [base_mdns:529] mdns namelabel:-00-80-0F-74-31-00
12-01 18:46:50.192 3267 3267 D hpplay-base: [mdns:813] mdns start bind port:0
12-01 18:46:50.194 3267 3267 D hpplay-base: [mdns:813] mdns start bind port:5353
12-01 18:46:50.195 3267 3267 D hpplay-base: [mdns:813] mdns start bind port:5353
12-01 18:46:50.195 3267 3267 D hpplay-base: [mdns:813] mdns start bind port:5353
12-01 18:46:50.195 3267 3267 D hpplay-base: [mdns:813] mdns start bind port:5353
12-01 18:46:50.195 3267 3267 D hpplay-base: [mdns:813] mdns start bind port:5353
12-01 18:46:50.196 3267 3267 D hpplay-base: [mdns:813] mdns start bind port:5353
12-01 18:46:50.196 3267 3267 D hpplay-base: [mdns:813] mdns start bind port:5353
12-01 18:46:50.196 3267 3267 I hpplay-base: [mDNSEmbeded:57] embedded_mDNSInit stopmDNSNow:0 status:0
12-01 18:46:50.196 3267 3267 D hpplay-base: [mDNSEmbeded:436] startmDNSServer end nRet=0
12-01 18:46:50.197 3267 3267 D hpplay-base: [LelinkBase:555] lelink broadcast_on_off:1 log2java_on_off:1
12-01 18:46:50.197 3267 6410 D hpplay-base: [LelinkMDNS:729] leboAuthorizationCheck strUuid=92:32:c5:0c:da:73000000000000000
12-01 18:46:50.197 3267 6410 D hpplay-base: [LelinkMDNS:730] leboAuthorizationCheck mPermissionDid=92:32:c5:0c:da:73000000000000000
12-01 18:46:50.197 3267 6410 D hpplay-base: [LelinkMDNS:755] leboAuthorizationCheck mPermissionMac=92:32:c5:0c:da:73000000000000000
12-01 18:46:50.197 3267 6411 I hpplay-base: [mDNSEmbeded:268] start lelink publish server, tid is 6411
12-01 18:46:50.197 3267 3267 D hpplay-base: [AEventUtils:595] request to start event handle service!!
12-01 18:46:50.197 3267 3267 D hpplay-base: [AEventUtils:603] start_event_handle_service,begin to run!!
12-01 18:46:50.197 3267 3267 D hpplay-base: [REventUtils:210] start_event_handle_service,begin to run!!
12-01 18:46:50.198 3267 3267 D hpplay-base: [LelinkBase:576] startAllServer success .
12-01 18:46:50.198 3267 6412 D hpplay-base: [mDNSEmbeded:197] http_port bind check 197 http_port_check
12-01 18:46:50.198 3267 3267 D hpplay-base: [jniBridge:894] startDlna_link:http://192.168.0.18:49152/description.xml
12-01 18:46:50.198 3267 6415 D hpplay-base: [jniBridge:1081] notifyJavaDlnalink:http://192.168.0.18:49152/description.xml
12-01 18:46:50.198 3267 6415 D hpplay-base: [jniBridge:1726] notifyJava, what:207, castType:0, mimeType:0 baseStatus:2
12-01 18:46:50.198 3267 6415 D hpplay-base: [jniBridge:1727] notifyJava sessionID:(null)
12-01 18:46:50.198 3267 6413 D hpplay-base: [AEventUtils:171] create handle AEvent thread ok!!,tid is 6413
12-01 18:46:50.198 3267 6414 D hpplay-base: [REventUtils:59] create handleREventThread thread ok!!,tid is 6414
12-01 18:46:50.199 3267 6415 I hpplay-java: [Thread-91]:Bridge:notify: what: 207
12-01 18:46:50.199 3267 6412 D hpplay-base: [mDNSEmbeded:217] http_port bind check 217 http_port_check
12-01 18:46:50.200 3267 6412 D hpplay-base: [mDNSEmbeded:222] http_port bind check 222 http_port_check
12-01 18:46:50.201 3267 6410 D hpplay-base: [LelinkMDNS:766] devicePermissionPublic leboPermissionCheck:-2
12-01 18:46:50.201 3267 6410 D hpplay-base: [jniBridge:1125] com_hpplay_sdk_sink_protocol_Bridge_WHAT_SERVER_ERROR
12-01 18:46:50.201 3267 6415 I hpplay-java: [Thread-91]:Bridge:notify: out: OutParameters:{audioSessionId=-1, audiotrackIndex=0, castHandleType=-1, castType=0, deviceName='http://192.168.0.18:49152/description.xml', dlnaName='', dramaID='', extra=0, frameHandleType=-1, handleInside=true, headduration=0, header='', headers=null, isAD=false, isMultiMirror=false, lelinkVer='', limitTime=0, , mediaAlbum='null', mediaAlbumArtURI='', mediaArtist='null', mediaAssets='', mediaTitle='null', mimeType=0, multiSession=null, period=0, pinCode='', playSpeed=0.0, playerChoice=0, plugin=0, port=0, position=0.0, positionUnit=2, protocol=0, realSessionID='', regType='', , sinkIp='', sourceAPPVersion='', sourceChannel='', sourceClientInfo='', sourceDeviceInfo='', sourceDeviceModel='', sourceDeviceName='', sourceDeviceType=0, sourceHID='', , sourceInfo='', , , sourceOSVersion='', sourceSDKVersion='', sourceUid='', stopDetail=0, stopReason=0, tailduration=0, url='', urlID='', urls=null, userAgent='', videoDecoder=0, volume=0, what=207}com.hpplay.sdk.sink.protocol.OutParameters@a91f389
12-01 18:46:50.202 3267 6415 I hpplay-java: [Thread-91]:Bridge:notify: address:223256462
12-01 18:46:50.202 3267 6410 D hpplay-base: [jniBridge:1726] notifyJava, what:204, castType:0, mimeType:0 baseStatus:2
12-01 18:46:50.202 3267 6410 D hpplay-base: [jniBridge:1727] notifyJava sessionID:(null)
12-01 18:46:50.202 3267 6410 I hpplay-java: [Thread-92]:Bridge:notify: what: 204
12-01 18:46:50.203 3267 6412 D hpplay-base: [mDNSEmbeded:234] http_port bind check 234 http_port_check port:52266
12-01 18:46:50.203 3267 6412 D hpplay-base: [mDNSEmbeded:237] http_port bind check 237 http_port_check
12-01 18:46:50.203 3267 6410 I hpplay-java: [Thread-92]:Bridge:notify: out: OutParameters:{audioSessionId=-1, audiotrackIndex=0, castHandleType=-1, castType=0, deviceName='', dlnaName='', dramaID='', extra=-2002, frameHandleType=-1, handleInside=true, headduration=0, header='', headers=null, isAD=false, isMultiMirror=false, lelinkVer='', limitTime=0, , mediaAlbum='null', mediaAlbumArtURI='', mediaArtist='null', mediaAssets='', mediaTitle='null', mimeType=0, multiSession=null, period=0, pinCode='', playSpeed=0.0, playerChoice=0, plugin=0, port=0, position=0.0, positionUnit=2, protocol=0, realSessionID='', regType='', , sinkIp='', sourceAPPVersion='', sourceChannel='', sourceClientInfo='', sourceDeviceInfo='', sourceDeviceModel='', sourceDeviceName='', sourceDeviceType=0, sourceHID='', , sourceInfo='', , , sourceOSVersion='', sourceSDKVersion='', sourceUid='', stopDetail=0, stopReason=0, tailduration=0, url='', urlID='', urls=null, userAgent='', videoDecoder=0, volume=0, what=204}com.hpplay.sdk.sink.protocol.OutParameters@4eb63af
12-01 18:46:50.203 3267 6410 I hpplay-java: [Thread-92]:Bridge:notify: address:150139836
12-01 18:46:50.204 3267 6410 I hpplay-base: [mDNSEmbeded:79] embedded_mDNSLoop stopmDNSNow:0 nPublish:-2 nExitFlag:6 tid is 6410
12-01 18:46:50.204 3267 3267 I hpplay-java: [main]:Bridge:findServiceID start out: 150139836
12-01 18:46:50.204 3267 6417 D hpplay-base: [lelinkSinkServer:93] new client connection from 127.0.0.1 1185, fd=130
12-01 18:46:50.204 3267 3267 I hpplay-java: [main]:Bridge:findServiceID end
12-01 18:46:50.204 3267 6417 D hpplay-base: [SinkContext:137] addSinkContextSession,begin to run!!
12-01 18:46:50.204 3267 3267 E hpplay-java: [main]:ServerTaskManager:onError 204/-2002 com.hht.lebocast.LelinkHelper$e@9cae7c9
12-01 18:46:50.204 3267 6417 D hpplay-base: [SinkContext:142] addSinkContextSession,begin to get lock!!
12-01 18:46:50.204 3267 3267 I hpplay-java: [main]:ServerTaskManager:cancelTimeOutCheck
12-01 18:46:50.204 3267 6417 D hpplay-base: [SinkContext:144] addSinkContextSession,get lock ok!!
12-01 18:46:50.204 3267 6417 D hpplay-base: [SinkContext:149] addSinkContextSession,session list is null,begin to malloc!!
12-01 18:46:50.204 3267 6417 D hpplay-base: [SinkContext:156] addSinkContextSession,begin to update!!
12-01 18:46:50.204 3267 6417 D hpplay-base: [SinkContext:160] addSinkContextSession,begin to update header!!
12-01 18:46:50.205 3267 6417 D hpplay-base: [SinkContext:172] addSinkContextSession,begin to unlock!!
12-01 18:46:50.205 3267 6417 D hpplay-base: [SinkContext:174] addSinkContextSession,unlock ok!!
12-01 18:46:50.205 3267 6417 D hpplay-base: [LelinkReceiver:4908] get ping !!!
12-01 18:46:50.205 3267 6412 D hpplay-base: [mDNSEmbeded:240] http_port bind check 240 http_port_check recieved:64
12-01 18:46:50.205 3267 6412 D hpplay-base: [mDNSEmbeded:243] http_port bind check 243 http_port_check
12-01 18:46:50.205 3267 6412 D hpplay-base: [mDNSEmbeded:244] http_port bind check ok!
12-01 18:46:50.205 3267 3267 W hpplay-java: [main]:ServerTaskManager:onErrorDispatcher errorCode:-2002
12-01 18:46:50.205 3267 3267 I hpplay-java: [main]:ServerTaskManager:onError retry later
12-01 18:46:50.230 3267 6062 I hpplay-java: [AsyncTask #106]:HttpRequest:doGet responseCode:200 0
12-01 18:46:50.250 643 657 I mpu_uart: [MSG-P:RECV]:No message received in 1000 ms
12-01 18:46:50.294 3267 6052 I hpplay-java: [AsyncTask #102]:HttpRequest:doGet responseCode:200 0
12-01 18:46:50.406 3267 6417 I hpplay-base: [LelinkReceiver:14605] _connectionFinalize (130)
12-01 18:46:50.406 3267 6417 D hpplay-base: [LelinkReceiver:14752] ###connectionFinalize,release ok!!###
12-01 18:46:50.427 0 0 W swapper/0: type=1400 audit(0.0:722): avc: denied { kill } for capability=5 scontext=u:r:kernel:s0 tcontext=u:r:kernel:s0 tclass=capability permissive=0
12-01 18:46:51.250 643 657 I mpu_uart: [MSG-P:RECV]:No message received in 1000 ms
12-01 18:46:51.427 0 0 W swapper/0: type=1400 audit(0.0:723): avc: denied { kill } for capability=5 scontext=u:r:kernel:s0 tcontext=u:r:kernel:s0 tclass=capability permissive=0
12-01 18:46:51.671 3267 3267 I hpplay-java: [main]:Upgrade:upgrade not be allowed
12-01 18:46:52.061 3267 3267 I hpplay-java: [main]:ServerBusiness:get deviceCode:
12-01 18:46:52.061 3267 3267 W hpplay-java: [main]:ServerBusiness:startDeviceService ignore,invalid deviceCode
12-01 18:46:52.251 643 657 I mpu_uart: [MSG-P:RECV]:No message received in 1000 ms
12-01 18:46:52.431 0 0 W swapper/0: type=1400 audit(0.0:724): avc: denied { kill } for capability=5 scontext=u:r:kernel:s0 tcontext=u:r:kernel:s0 tclass=capability permissive=0
12-01 18:46:52.720 643 655 I mpu_uart: [MSG-P:R]:recv sync frame timeout
12-01 18:46:53.207 3267 3267 I hpplay-java: [main]:ServerTaskManager:restart by error
12-01 18:46:53.207 3267 3267 I hpplay-java: [main]:ServerTaskManager:startServer
12-01 18:46:53.207 3267 3267 I hpplay-java: [main]:ServerTaskManager:startServer add, reason: server is starting or running
12-01 18:46:53.207 3267 3267 I hpplay-java: [main]:ServerTaskManager:addStopTask
12-01 18:46:53.207 3267 3267 I hpplay-java: [main]:ServerTaskManager:addStartTask
12-01 18:46:53.207 3267 3267 I hpplay-java: [main]:ServerTaskManager:exeTask stopServer
12-01 18:46:53.207 3267 3267 I hpplay-java: [main]:Bridge:stopServer keepPush: false
12-01 18:46:53.208 3267 3267 D hpplay-base: [jniBridge:909] Bridge__1stopServer status:2
12-01 18:46:53.208 3267 3267 D hpplay-base: [LelinkBase:654] stopAllServer will start thread!
12-01 18:46:53.209 3267 6418 I hpplay-base: [mDNSEmbeded:65] embedded_mDNSExit call
12-01 18:46:53.209 3267 6413 D hpplay-base: [AEventUtils:588] handle AEvent thread end!!,tid is 6413
12-01 18:46:53.209 3267 6414 D hpplay-base: [REventUtils:197] handleREventThread thread end!!,tid is 6414
12-01 18:46:53.251 643 657 I mpu_uart: [MSG-P:RECV]:No message received in 1000 ms
12-01 18:46:53.287 3267 6389 D hpplay-base: [stream_mirror_compat:1284] mirror stream begin to exit,server fd:111,thread_id:3075305920!!
12-01 18:46:53.287 3267 6389 D hpplay-base: [stream_mirror_compat:1323] ##screen stream exit successfully!!##
12-01 18:46:53.407 3267 6388 D hpplay-base: [Server:447] startHttpServer will END srv->serverType:0
12-01 18:46:53.407 3267 6388 D hpplay-base: [Server:646] startHttpServer cond srv_shutdown:1 connectNummber:0
12-01 18:46:53.407 3267 6388 D hpplay-base: [Server:669] startHttpServer wait cond END. srv_shutdown:1 connectNummber:0
12-01 18:46:53.407 3267 6388 D hpplay-base: [Server:457] HttpServer END, tid is 6388
12-01 18:46:53.431 0 0 W swapper/0: type=1400 audit(0.0:725): avc: denied { kill } for capability=5 scontext=u:r:kernel:s0 tcontext=u:r:kernel:s0 tclass=capability permissive=0
12-01 18:46:53.729 3267 6410 I hpplay-base: [mDNSEmbeded:140] embedded_mDNSLoop Exiting end,tid is 6410
12-01 18:46:53.730 3267 6418 D hpplay-base: [mDNSEmbeded:452] stopmDNSServer end stopmDNSNow=2, nRet=0
12-01 18:46:53.894 3267 6411 I hpplay-base: [mDNSEmbeded:376] end lelink publish server, tid is 6411
12-01 18:46:53.895 3267 6418 D hpplay-base: [mDNSEmbeded:420] stopmLelinkServer end nRet=0
12-01 18:46:53.895 3267 6418 D hpplay-base: [LelinkBase:615] lebodlna stopServerThreadFunc dlnaEnable:1
12-01 18:46:53.895 3267 6418 D hpplay-base-dlna: [lebodlna_api:49] stop DMR
12-01 18:46:53.895 3267 6418 D hpplay-base-dlna: [lebodlna_api:344] m_pRender Release
12-01 18:46:53.952 3267 6418 D hpplay-base-dlna: [UpnpDefine:867] DMRender release success
12-01 18:46:53.953 3267 6418 D hpplay-base-dlna: [lebodlna_api:352] m_pAVT Release
12-01 18:46:53.953 3267 6418 D hpplay-base-dlna: [lebodlna_api:360] m_pRCS Release
12-01 18:46:53.953 3267 6418 D hpplay-base-dlna: [lebodlna_api:365] dmrender destroydmr
12-01 18:46:54.179 1495 2417 I WifiService: startScan uid=1000
12-01 18:46:54.189 1381 6279 D LOWI-9.0.0.87.a: [LOWI-Scan] wait_event:Wait done with Cmd 33
12-01 18:46:54.189 1381 6279 D LOWI-9.0.0.87.a: [LOWI-Scan] do_listen_events: Rcvd valid Netlink Cmd 0 Err 0
12-01 18:46:54.251 643 657 I mpu_uart: [MSG-P:RECV]:No message received in 1000 ms
12-01 18:46:54.253 3267 6418 D hpplay-base-dlna: [lebodlna-dlna_android:186] stopDLNA
12-01 18:46:54.253 3267 6418 D hpplay-base-dlna: [lebodlna-dlna_android:189] dlnaservice destroy
12-01 18:46:54.253 3267 6418 D hpplay-base-dlna: [lebodlna-dlna_android:49] dlnaservice Destroy 49 int CDlnaService::Destroy()
12-01 18:46:54.253 3267 6418 D hpplay-base-dlna: [lebodlna-dlnaframe:245] dlnaservice Destroy 245 static ERROR_TYPE IDlnaFrame::DestroyDlnaFrame(IDlnaFrame *)
12-01 18:46:54.253 3267 6418 D hpplay-base-dlna: [lebodlna-dlnaframe:179] dlnaservice Destroy 179 virtual void CDlnaFrame::Release()
12-01 18:46:54.253 3267 6418 D hpplay-base-dlna: [lebodlna-dlnaframe:190] dlnaservice Destroy 190 virtual void CDlnaFrame::Release()
12-01 18:46:54.253 3267 6418 D hpplay-base-dlna: [lebodlna-dlnaframe:192] dlnaservice Destroy 192 virtual void CDlnaFrame::Release()
12-01 18:46:54.253 3267 6418 D hpplay-base-dlna: [lebodlna-dlnaframe:247] dlnaservice Destroy 247 static ERROR_TYPE IDlnaFrame::DestroyDlnaFrame(IDlnaFrame *)
12-01 18:46:54.253 3267 6418 D hpplay-base-dlna: [lebodlna-dlnaframe:251] dlnaservice Destroy 251 static ERROR_TYPE IDlnaFrame::DestroyDlnaFrame(IDlnaFrame *)
12-01 18:46:54.257 3267 6418 E hpplay-base-dlna: upnpapi.c:655::before gminiserver ThreadPoolShutdown
12-01 18:46:54.257 3267 6418 E hpplay-base-dlna: ThreadPool.c:1047::on ThreadPoolShutdown tp->totalThreads:3
12-01 18:46:54.257 3267 6418 E hpplay-base-dlna: ThreadPool.c:1047::on ThreadPoolShutdown tp->totalThreads:2
12-01 18:46:54.257 3267 6418 E hpplay-base-dlna: ThreadPool.c:1047::on ThreadPoolShutdown tp->totalThreads:1
12-01 18:46:54.257 3267 6418 E hpplay-base-dlna: ThreadPool.c:1056::after ThreadPoolShutdown
12-01 18:46:54.257 3267 6418 E hpplay-base-dlna: ThreadPool.c:1057::ThreadPoolShutdown tp->totalThreads:0
12-01 18:46:54.258 3267 6418 E hpplay-base-dlna: upnpapi.c:657::after gminiserver ThreadPoolShutdown
12-01 18:46:54.258 3267 6418 E hpplay-base-dlna: upnpapi.c:659::before grecv ThreadPoolShutdown
12-01 18:46:54.258 3267 6418 E hpplay-base-dlna: ThreadPool.c:1047::on ThreadPoolShutdown tp->totalThreads:12
12-01 18:46:54.258 3267 6418 E hpplay-base-dlna: ThreadPool.c:1047::on ThreadPoolShutdown tp->totalThreads:11
12-01 18:46:54.258 3267 6418 E hpplay-base-dlna: ThreadPool.c:1047::on ThreadPoolShutdown tp->totalThreads:10
12-01 18:46:54.258 3267 6418 E hpplay-base-dlna: ThreadPool.c:1047::on ThreadPoolShutdown tp->totalThreads:9
12-01 18:46:54.258 3267 6418 E hpplay-base-dlna: ThreadPool.c:1047::on ThreadPoolShutdown tp->totalThreads:8
12-01 18:46:54.259 3267 6418 E hpplay-base-dlna: ThreadPool.c:1047::on ThreadPoolShutdown tp->totalThreads:7
12-01 18:46:54.259 3267 6418 E hpplay-base-dlna: ThreadPool.c:1047::on ThreadPoolShutdown tp->totalThreads:6
12-01 18:46:54.259 3267 6418 E hpplay-base-dlna: ThreadPool.c:1047::on ThreadPoolShutdown tp->totalThreads:5
12-01 18:46:54.259 3267 6418 E hpplay-base-dlna: ThreadPool.c:1047::on ThreadPoolShutdown tp->totalThreads:4
12-01 18:46:54.259 3267 6418 E hpplay-base-dlna: ThreadPool.c:1047::on ThreadPoolShutdown tp->totalThreads:3
12-01 18:46:54.259 3267 6418 E hpplay-base-dlna: ThreadPool.c:1047::on ThreadPoolShutdown tp->totalThreads:2
12-01 18:46:54.259 3267 6418 E hpplay-base-dlna: ThreadPool.c:1047::on ThreadPoolShutdown tp->totalThreads:1
12-01 18:46:54.260 3267 6418 E hpplay-base-dlna: ThreadPool.c:1056::after ThreadPoolShutdown
12-01 18:46:54.260 3267 6418 E hpplay-base-dlna: ThreadPool.c:1057::ThreadPoolShutdown tp->totalThreads:0
12-01 18:46:54.260 3267 6418 E hpplay-base-dlna: upnpapi.c:661::after grecv ThreadPoolShutdown
12-01 18:46:54.260 3267 6418 E hpplay-base-dlna: upnpapi.c:663::before gsend ThreadPoolShutdown
12-01 18:46:54.260 3267 6418 E hpplay-base-dlna: ThreadPool.c:1047::on ThreadPoolShutdown tp->totalThreads:3
12-01 18:46:54.260 3267 6418 E hpplay-base-dlna: ThreadPool.c:1047::on ThreadPoolShutdown tp->totalThreads:2
12-01 18:46:54.260 3267 6418 E hpplay-base-dlna: ThreadPool.c:1047::on ThreadPoolShutdown tp->totalThreads:1
12-01 18:46:54.260 3267 6418 E hpplay-base-dlna: ThreadPool.c:1056::after ThreadPoolShutdown
12-01 18:46:54.260 3267 6418 E hpplay-base-dlna: ThreadPool.c:1057::ThreadPoolShutdown tp->totalThreads:0
12-01 18:46:54.260 3267 6418 E hpplay-base-dlna: upnpapi.c:665::after gsend ThreadPoolShutdown
12-01 18:46:54.260 3267 6418 D hpplay-base-dlna: [lebodlna-dlnaframe:253] dlnaservice Destroy 253 static ERROR_TYPE IDlnaFrame::DestroyDlnaFrame(IDlnaFrame *)
12-01 18:46:54.260 3267 6418 D hpplay-base-dlna: [lebodlna-dlna_android:51] dlnaservice Destroy 51 int CDlnaService::Destroy()
12-01 18:46:54.260 3267 6418 D hpplay-base-dlna: [lebodlna-dlna_android:194] stopDLNA end
12-01 18:46:54.431 0 0 W swapper/1: type=1400 audit(0.0:726): avc: denied { kill } for capability=5 scontext=u:r:kernel:s0 tcontext=u:r:kernel:s0 tclass=capability permissive=0
12-01 18:46:54.561 3267 6418 D hpplay-base: [stream_mirror_compat:1489] request to stop screen stream session!!
12-01 18:46:54.561 3267 6418 D hpplay-base: [AEventUtils:625] begin to stop event handle service!!
12-01 18:46:54.561 3267 6418 D hpplay-base: [AEventUtils:628] stop event handle service ok!!
12-01 18:46:54.561 3267 6418 D hpplay-base: [REventUtils:231] begin to stop report handle service!!
12-01 18:46:54.561 3267 6418 D hpplay-base: [REventUtils:234] stop report handle service ok!!
12-01 18:46:54.561 3267 6418 D hpplay-base: [lelinkSinkServer:711] HTTP Server stopSinkServer End .
12-01 18:46:54.561 3267 6418 D hpplay-base: [jniBridge:1135] notifyJavaServerStoped
12-01 18:46:54.561 3267 6418 D hpplay-base: [jniBridge:1726] notifyJava, what:202, castType:0, mimeType:0 baseStatus:4
12-01 18:46:54.561 3267 6418 D hpplay-base: [jniBridge:1727] notifyJava sessionID:(null)
12-01 18:46:54.562 3267 6418 I hpplay-java: [Thread-93]:Bridge:notify: what: 202
12-01 18:46:54.564 3267 6418 I hpplay-java: [Thread-93]:Bridge:notify: out: OutParameters:{audioSessionId=-1, audiotrackIndex=0, castHandleType=-1, castType=0, deviceName='', dlnaName='', dramaID='', extra=0, frameHandleType=-1, handleInside=true, headduration=0, header='', headers=null, isAD=false, isMultiMirror=false, lelinkVer='', limitTime=0, , mediaAlbum='null', mediaAlbumArtURI='', mediaArtist='null', mediaAssets='', mediaTitle='null', mimeType=0, multiSession=null, period=0, pinCode='', playSpeed=0.0, playerChoice=0, plugin=0, port=0, position=0.0, positionUnit=2, protocol=0, realSessionID='', regType='', , sinkIp='', sourceAPPVersion='', sourceChannel='', sourceClientInfo='', sourceDeviceInfo='', sourceDeviceModel='', sourceDeviceName='', sourceDeviceType=0, sourceHID='', , sourceInfo='', , , sourceOSVersion='', sourceSDKVersion='', sourceUid='', stopDetail=0, stopReason=0, tailduration=0, url='', urlID='', urls=null, userAgent='', videoDecoder=0, volume=0, what=202}com.hpplay.sdk.sink.protocol.OutParameters@8948bcb
12-01 18:46:54.564 3267 6418 I hpplay-java: [Thread-93]:Bridge:notify: address:64589736
12-01 18:46:54.564 3267 6418 D hpplay-base: [LelinkBase:645] stopServerThreadFunc notifyJavaServerStoped!
12-01 18:46:54.564 3267 3267 I hpplay-java: [main]:ServerTaskManager:startTimeOutCheck
12-01 18:46:54.565 3267 3267 I hpplay-java: [main]:ServerBusiness:stopDaemonBusiness
12-01 18:46:54.565 3267 3267 I hpplay-java: [main]:SinkDataReport:logout
12-01 18:46:54.565 3267 3267 I hpplay-java: [main]:EPControl:release
12-01 18:46:54.567 3267 6106 I hpplay-java: [AsyncTask #112]:GlideCreator:clearCache clearDiskCache
12-01 18:46:54.569 3267 3267 I hpplay-java: [main]:Dispatcher:notifyAllReverseControlsStop
12-01 18:46:54.569 3267 3267 I hpplay-java: [main]:Preference:checkFeature none
12-01 18:46:54.569 3267 3267 I hpplay-java: [main]:Dispatcher:notifyAllUIControlsStop set: []
12-01 18:46:54.569 3267 3267 I hpplay-java: [main]:Bridge:findServiceID start out: 64589736
12-01 18:46:54.569 3267 3267 I hpplay-java: [main]:Bridge:findServiceID end
12-01 18:46:54.569 3267 3267 I hpplay-java: [main]:ServerTaskManager:onStop retry:true
12-01 18:46:54.569 3267 3267 I hpplay-java: [main]:ServerTaskManager:cancelTimeOutCheck
12-01 18:46:54.569 3267 6383 W hpplay-java: NanoHTTPDServerRunnable:Communication with the client broken
12-01 18:46:54.569 3267 6383 W hpplay-java: java.net.SocketException: Socket closed
12-01 18:46:54.569 3267 6383 W hpplay-java: at java.net.PlainSocketImpl.socketAccept(PlainSocketImpl.java:213)
12-01 18:46:54.569 3267 6383 W hpplay-java: at java.net.AbstractPlainSocketImpl.accept(AbstractPlainSocketImpl.java:451)
12-01 18:46:54.569 3267 6383 W hpplay-java: at java.net.ServerSocket.implAccept(ServerSocket.java:547)
12-01 18:46:54.569 3267 6383 W hpplay-java: at java.net.ServerSocket.accept(ServerSocket.java:515)
12-01 18:46:54.569 3267 6383 W hpplay-java: at com.hpplay.nanohttpd.protocols.http.ServerRunnable.run(SourceFile:118)
12-01 18:46:54.569 3267 6383 W hpplay-java: at java.lang.Thread.run(Thread.java:920)
12-01 18:46:54.570 3267 6383 I hpplay-java: NanoHTTPDNanoHTTPD:server is stoped
12-01 18:46:54.570 3267 6383 I hpplay-java: NanoHTTPDNanoHTTPD:clear obj
12-01 18:46:54.570 3267 3267 I hpplay-java: [main]:IPManager:getActiveNets type: WIFI
12-01 18:46:54.570 3267 3267 I hpplay-java: [main]:IPManager:getActiveNets eth0:false wifi:true mobile:false ap:false
12-01 18:46:54.571 3267 3267 I hpplay-java: [main]:IPManager:getIPAddress IP_WLAN0
12-01 18:46:54.575 3267 3267 I hpplay-java: [main]:IPManager:updateIPAddress getIPAddress: 192.168.4.16 name:vlan4
12-01 18:46:54.575 3267 3267 I hpplay-java: [main]:IPManager:updateIPAddress getIPAddress: 192.168.0.18 name:wlan0
12-01 18:46:54.575 3267 3267 I hpplay-java: [main]:IPManager:updateIPAddress getIPAddress: 192.168.8.16 name:vlan8
12-01 18:46:54.575 3267 3267 I hpplay-java: [main]:IPManager:updateIPAddress getIPAddress: 192.168.11.16 name:vlan11
12-01 18:46:54.575 3267 3267 I hpplay-java: [main]:IPManager:updateIPAddress getIPAddress: 192.168.0.16 name:vlan0
12-01 18:46:54.575 3267 3267 I hpplay-java: [main]:IPManager:updateIPAddress getIPAddress: 192.168.2.16 name:vlan2
12-01 18:46:54.575 3267 3267 I hpplay-java: [main]:IPManager:updateIPAddress getIPAddress: 192.168.1.16 name:vlan1
12-01 18:46:54.576 3267 3267 I hpplay-java: [main]:ServerTaskManager:exeTask startServer
12-01 18:46:54.576 3267 3267 I hpplay-java: [main]:ServerTaskManager:startTimeOutCheck
12-01 18:46:54.576 3267 6110 I hpplay-java: [AsyncTask #114]:ServerBusiness:startDaemonBusiness
12-01 18:46:54.576 3267 6097 I hpplay-java: [AsyncTask #110]:Bridge:assembleInParameters
12-01 18:46:54.576 3267 6110 I hpplay-java: [AsyncTask #114]:TimeOutCheckUtil:addTask id:upgrade
12-01 18:46:54.576 3267 6110 I hpplay-java: [AsyncTask #114]:TimeOutCheckUtil:addTask id:ijkupgrade
12-01 18:46:54.577 3267 6097 I hpplay-java: [AsyncTask #110]:Bridge:createDeviceId deviceId:ZjQ6M2E6MTk6MWQ6Yjg6MzM=
12-01 18:46:54.578 3267 6421 I hpplay-java: NanoHTTPDNanoHTTPD:server is started
12-01 18:46:54.578 3267 6097 I hpplay-java: [AsyncTask #110]:IPManager:getActiveNets type: WIFI
12-01 18:46:54.578 3267 6097 I hpplay-java: [AsyncTask #110]:IPManager:getActiveNets eth0:false wifi:true mobile:false ap:false
12-01 18:46:54.578 3267 6097 I hpplay-java: [AsyncTask #110]:IPManager:getIPAddress IP_WLAN0
12-01 18:46:54.578 3267 6097 I hpplay-java: [AsyncTask #110]:Preference:checkFeature none
12-01 18:46:54.578 3267 6097 I hpplay-java: [AsyncTask #110]:SWI:dlna tip
12-01 18:46:54.578 3267 6097 I hpplay-java: [AsyncTask #110]:SWI:lefp tip
12-01 18:46:54.579 3267 6097 I hpplay-java: [AsyncTask #110]:Bridge:assembleInParameters none alias name use device name: 高合娱乐副屏
12-01 18:46:54.579 3267 6097 I hpplay-java: [AsyncTask #110]:Feature:isSendAdvertisement
12-01 18:46:54.579 3267 6097 I hpplay-java: [AsyncTask #110]:Preference:checkFeature none
12-01 18:46:54.579 3267 6097 I hpplay-java: [AsyncTask #110]:Preference:checkFeature none
12-01 18:46:54.579 3267 6097 I hpplay-java: [AsyncTask #110]:Bridge:backupHpplayDat bakPath:
12-01 18:46:54.579 3267 6097 I hpplay-java: [AsyncTask #110]:Bridge:path:/data/user/0/com.hht.lebocast/files/hpplay/file/happyplay.dat
12-01 18:46:54.579 3267 6097 I hpplay-java: [AsyncTask #110]:Bridge:mAppId:21409
12-01 18:46:54.579 3267 6097 I hpplay-java: [AsyncTask #110]:Bridge:mode:3
12-01 18:46:54.579 3267 6097 I hpplay-java: [AsyncTask #110]:Bridge:type:1
12-01 18:46:54.579 3267 6097 I hpplay-java: [AsyncTask #110]:Bridge:SN:
12-01 18:46:54.579 3267 6097 I hpplay-java: [AsyncTask #110]:Preference:checkFeature none
12-01 18:46:54.580 3267 6097 I hpplay-java: [AsyncTask #110]:Bridge:backPath:
12-01 18:46:54.580 3267 6097 I hpplay-java: [AsyncTask #110]:DeviceUtil:getPermissionDid: 1
12-01 18:46:54.580 3267 6097 I hpplay-java: [AsyncTask #110]:DeviceUtil:getPermissionDid: 1
12-01 18:46:54.580 3267 6097 I hpplay-java: [AsyncTask #110]:Preference:checkFeature none
12-01 18:46:54.580 3267 6097 I hpplay-java: [AsyncTask #110]:Preference:checkFeature none
12-01 18:46:54.580 3267 6097 I hpplay-java: [AsyncTask #110]:Preference:checkFeature none
12-01 18:46:54.580 3267 6097 I hpplay-java: [AsyncTask #110]:Preference:checkFeature none
12-01 18:46:54.580 3267 6097 I hpplay-java: [AsyncTask #110]:Preference:checkFeature none
12-01 18:46:54.580 3267 6097 I hpplay-java: [AsyncTask #110]:Preference:checkFeature none
12-01 18:46:54.587 3267 6110 W hpplay-java: [AsyncTask #114]:ServerBusiness:startDaemonBusiness start LelinkHTTPD sucess 52288
12-01 18:46:54.604 3267 6097 W hpplay-java: [AsyncTask #110]:DeviceUtils:getDomain create lb domain
12-01 18:46:54.605 3267 6097 I hpplay-java: [AsyncTask #110]:Feature:getMirrorAudioVideoSync DISABLE
12-01 18:46:54.605 3267 6097 I hpplay-java: [AsyncTask #110]:Feature:checkSupportRedirectOtherApp,no set redirect api
12-01 18:46:54.605 3267 6097 I hpplay-java: [AsyncTask #110]:Feature:getRedirectSearchFlag,value: 0
