12-01 18:46:35.331 1381 6276 D LOWI-9.0.0.87.a: [LOWI-Scan] BSS 18:6f:2d:81:18:83 LOWI_PHY_MODE_11NG_HT20(5), Beacon Interval: 100, LOWI_ENCRYPTION_TYPE_WPA_PSK 11mcRanging: No, ANQP: No, LCI: No, Civic: No, capability(0x0531): ESS Privacy ShortPreamble SpectrumMgmt ShortSlotTime
12-01 18:46:35.331 1381 6276 D LOWI-9.0.0.87.a: [LOWI-Scan] BSS 18:6f:2d:81:18:83 FREQ: 2472, cFreq1[40:80:160] = [2472:0:0] cFreq2 = 0 Country Code = CN
12-01 18:46:35.331 1381 6276 D LOWI-9.0.0.87.a: [LOWI-Scan] BSS 18:6f:2d:81:18:83 (wlan0) ASSO: NO AddInfo: 0x1, TSF 0, 00:12:29.772, RSSI: -146, CPL: 127, AGE: 84, SSID ZXHY, TSFDelta: 0x1e639821, TXRate: 0
12-01 18:46:35.331 1381 6276 D LOWI-9.0.0.87.a: [LOWI-Scan]
12-01 18:46:35.331 1381 6276 D LOWI-9.0.0.87.a: [LOWI-Scan] print_bss_handler: Report Probe TSF 741729631 as it greater than Beacon TSF 0
12-01 18:46:35.331 1381 6276 D LOWI-9.0.0.87.a: [LOWI-Scan] decode_rsn_wpa_ie: LOWI_ENCRYPTION_TYPE_WPA_PSK
12-01 18:46:35.331 1381 6276 D LOWI-9.0.0.87.a: [LOWI-Scan] is_qcom_ie, bss_age: 0
12-01 18:46:35.331 1381 6276 D LOWI-9.0.0.87.a: [LOWI-Scan] BSS 62:14:c3:e9:eb:cb LOWI_PHY_MODE_11AC_VHT80(10), Beacon Interval: 100, LOWI_ENCRYPTION_TYPE_WPA_PSK 11mcRanging: No, ANQP: Yes, LCI: No, Civic: No, capability(0x1131): ESS Privacy ShortPreamble SpectrumMgmt
12-01 18:46:35.331 1381 6276 D LOWI-9.0.0.87.a: [LOWI-Scan] BSS 62:14:c3:e9:eb:cb FREQ: 5220, cFreq1[40:80:160] = [5230:5210:0] cFreq2 = 0 Country Code = US
12-01 18:46:35.331 1381 6276 D LOWI-9.0.0.87.a: [LOWI-Scan] BSS 62:14:c3:e9:eb:cb (wlan0) ASSO: NO AddInfo: 0x0, TSF 0, 00:12:21.729, RSSI: -176, CPL: 127, AGE: 8124, SSID NONE_5760, TSFDelta: 0x901d054, TXRate: 0
12-01 18:46:35.331 1381 6276 D LOWI-9.0.0.87.a: [LOWI-Scan]
12-01 18:46:35.331 1381 6276 D LOWI-9.0.0.87.a: [LOWI-Scan] print_bss_handler: Report beacon TSF 742603912 as it greater than probe TSF 742603912
12-01 18:46:35.331 1381 6276 D LOWI-9.0.0.87.a: [LOWI-Scan] decode_rsn_wpa_ie: LOWI_ENCRYPTION_TYPE_WPA_PSK
12-01 18:46:35.331 1381 6276 D LOWI-9.0.0.87.a: [LOWI-Scan] is_qcom_ie, bss_age: 0
12-01 18:46:35.331 1381 6276 D LOWI-9.0.0.87.a: [LOWI-Scan] BSS 18:6f:2d:81:18:85 LOWI_PHY_MODE_11NG_HT20(5), Beacon Interval: 100, LOWI_ENCRYPTION_TYPE_WPA_PSK 11mcRanging: No, ANQP: No, LCI: No, Civic: No, capability(0x0531): ESS Privacy ShortPreamble SpectrumMgmt ShortSlotTime
12-01 18:46:35.331 1381 6276 D LOWI-9.0.0.87.a: [LOWI-Scan] BSS 18:6f:2d:81:18:85 FREQ: 2472, cFreq1[40:80:160] = [2472:0:0] cFreq2 = 0 Country Code = CN
12-01 18:46:35.331 1381 6276 D LOWI-9.0.0.87.a: [LOWI-Scan] BSS 18:6f:2d:81:18:85 (wlan0) ASSO: NO AddInfo: 0x1, TSF 0, 00:12:22.603, RSSI: -148, CPL: 127, AGE: 7260, SSID GM_2.4G, TSFDelta: 0x206ec4cf, TXRate: 0
12-01 18:46:35.331 1381 6276 D LOWI-9.0.0.87.a: [LOWI-Scan]
12-01 18:46:35.331 1381 6276 D LOWI-9.0.0.87.a: [LOWI-Scan] print_bss_handler: Report Probe TSF 749000505 as it greater than Beacon TSF 0
12-01 18:46:35.331 1381 6276 D LOWI-9.0.0.87.a: [LOWI-Scan] decode_rsn_wpa_ie: LOWI_ENCRYPTION_TYPE_WPA_PSK
12-01 18:46:35.331 1381 6276 D LOWI-9.0.0.87.a: [LOWI-Scan] is_qcom_ie, bss_age: 0
12-01 18:46:35.331 1381 6276 D LOWI-9.0.0.87.a: [LOWI-Scan] BSS fa:b5:62:8f:de:4a LOWI_PHY_MODE_11AC_VHT80(10), Beacon Interval: 100, LOWI_ENCRYPTION_TYPE_WPA_PSK 11mcRanging: No, ANQP: Yes, LCI: No, Civic: No, capability(0x1131): ESS Privacy ShortPreamble SpectrumMgmt
12-01 18:46:35.331 1381 6276 D LOWI-9.0.0.87.a: [LOWI-Scan] BSS fa:b5:62:8f:de:4a FREQ: 5785, cFreq1[40:80:160] = [5795:5775:0] cFreq2 = 0 Country Code = CN
12-01 18:46:35.331 1381 6276 D LOWI-9.0.0.87.a: [LOWI-Scan] BSS fa:b5:62:8f:de:4a (wlan0) ASSO: NO AddInfo: 0x0, TSF 0, 00:12:29.000, RSSI: -164, CPL: 127, AGE: 860, SSID CHEVROLET_8178, TSFDelta: 0x56fb335c, TXRate: 0
12-01 18:46:35.331 1381 6276 D LOWI-9.0.0.87.a: [LOWI-Scan]
12-01 18:46:35.331 1381 6276 D LOWI-9.0.0.87.a: [LOWI-Scan] print_bss_handler: Report Probe TSF 749295836 as it greater than Beacon TSF 0
12-01 18:46:35.331 1381 6276 D LOWI-9.0.0.87.a: [LOWI-Scan] decode_rsn_wpa_ie: LOWI_ENCRYPTION_TYPE_WPA_PSK
12-01 18:46:35.331 1381 6276 D LOWI-9.0.0.87.a: [LOWI-Scan] is_qcom_ie, bss_age: 0
12-01 18:46:35.331 1381 6276 D LOWI-9.0.0.87.a: [LOWI-Scan] BSS 18:6f:2d:81:16:50 LOWI_PHY_MODE_11AC_VHT20(8), Beacon Interval: 100, LOWI_ENCRYPTION_TYPE_WPA_PSK 11mcRanging: No, ANQP: No, LCI: No, Civic: No, capability(0x0111): ESS Privacy SpectrumMgmt
12-01 18:46:35.331 1381 6276 D LOWI-9.0.0.87.a: [LOWI-Scan] BSS 18:6f:2d:81:16:50 FREQ: 5280, cFreq1[40:80:160] = [5280:0:0] cFreq2 = 0 Country Code = CN
12-01 18:46:35.331 1381 6276 D LOWI-9.0.0.87.a: [LOWI-Scan] BSS 18:6f:2d:81:16:50 (wlan0) ASSO: NO AddInfo: 0x0, TSF 0, 00:12:29.295, RSSI: -168, CPL: 127, AGE: 568, SSID Testing , TSFDelta: 0x204394fe, TXRate: 0
12-01 18:46:35.331 1381 6276 D LOWI-9.0.0.87.a: [LOWI-Scan]
12-01 18:46:35.331 1381 6276 D LOWI-9.0.0.87.a: [LOWI-Scan] print_bss_handler: Report Probe TSF 749595906 as it greater than Beacon TSF 0
12-01 18:46:35.331 1381 6276 D LOWI-9.0.0.87.a: [LOWI-Scan] decode_rsn_wpa_ie: LOWI_ENCRYPTION_TYPE_WPA_PSK
12-01 18:46:35.331 1381 6276 D LOWI-9.0.0.87.a: [LOWI-Scan] is_qcom_ie, bss_age: 0
12-01 18:46:35.331 1381 6276 D LOWI-9.0.0.87.a: [LOWI-Scan] BSS 84:db:ac:2d:18:a8 LOWI_PHY_MODE_11NG_HT20(5), Beacon Interval: 100, LOWI_ENCRYPTION_TYPE_WPA_PSK 11mcRanging: No, ANQP: No, LCI: No, Civic: No, capability(0x0411): ESS Privacy ShortSlotTime
12-01 18:46:35.331 1381 6276 D LOWI-9.0.0.87.a: [LOWI-Scan] BSS 84:db:ac:2d:18:a8 FREQ: 2462, cFreq1[40:80:160] = [0:0:0] cFreq2 = 0 Country Code =
12-01 18:46:35.331 1381 6276 D LOWI-9.0.0.87.a: [LOWI-Scan] BSS 84:db:ac:2d:18:a8 (wlan0) ASSO: NO AddInfo: 0x0, TSF 0, 00:12:29.595, RSSI: -152, CPL: 127, AGE: 268, SSID HUAWEI-XJ2FLJ, TSFDelta: 0x1f43239c, TXRate: 0
12-01 18:46:35.331 1381 6276 D LOWI-9.0.0.87.a: [LOWI-Scan]
12-01 18:46:35.331 1381 6276 D LOWI-9.0.0.87.a: [LOWI-Scan] print_bss_handler: Report beacon TSF 749771769 as it greater than probe TSF 749771769
12-01 18:46:35.331 1381 6276 D LOWI-9.0.0.87.a: [LOWI-Scan] decode_rsn_wpa_ie: LOWI_ENCRYPTION_TYPE_WPA_PSK
12-01 18:46:35.331 1381 6276 D LOWI-9.0.0.87.a: [LOWI-Scan] is_qcom_ie, bss_age: 0
12-01 18:46:35.331 1381 6276 D LOWI-9.0.0.87.a: [LOWI-Scan] BSS 18:6f:2d:81:18:82 LOWI_PHY_MODE_11NG_HT20(5), Beacon Interval: 100, LOWI_ENCRYPTION_TYPE_WPA_PSK 11mcRanging: No, ANQP: No, LCI: No, Civic: No, capability(0x0531): ESS Privacy ShortPreamble SpectrumMgmt ShortSlotTime
12-01 18:46:35.331 1381 6276 D LOWI-9.0.0.87.a: [LOWI-Scan] BSS 18:6f:2d:81:18:82 FREQ: 2472, cFreq1[40:80:160] = [2472:0:0] cFreq2 = 0 Country Code = CN
12-01 18:46:35.331 1381 6276 D LOWI-9.0.0.87.a: [LOWI-Scan] BSS 18:6f:2d:81:18:82 (wlan0) ASSO: NO AddInfo: 0x1, TSF 0, 00:12:29.771, RSSI: -144, CPL: 127, AGE: 92, SSID ThunderSoft_2.4G, TSFDelta: 0x1e5738d1, TXRate: 0
12-01 18:46:35.331 1381 6276 D LOWI-9.0.0.87.a: [LOWIDiagLog] Log: lowiMeasResult->request: invalid null argument
12-01 18:46:35.331 1381 6276 I LOWI-9.0.0.87.a: [LOWI-Scan] lowi_close_record:Scan done in 721884ms, 75 APs in scan results
12-01 18:46:35.331 1381 6276 D LOWI-9.0.0.87.a: [LOWI-Scan] WipsScanUsingNL: passive scan cached 0, took 1423 ms, err 0
12-01 18:46:35.331 1381 6276 D LOWI-9.0.0.87.a: [LOWI-Scan] lowi_proc_req_passive_scan_with_live_meas - No WLAN Frames to be parsed
12-01 18:46:35.331 1381 6276 D LOWI-9.0.0.87.a: [LOWIScanResultReceiver] Send scan meas to listener
12-01 18:46:35.332 1381 6276 D LOWI-9.0.0.87.a: [LOWIScanResultReceiver] Enter passive listening mode
12-01 18:46:35.332 1381 6276 D LOWI-9.0.0.87.a: [LOWIWifiDriverInterface] getMeasurements - Passive listening mode
12-01 18:46:35.332 1381 6276 D LOWI-9.0.0.87.a: [LOWI-Scan] WipsScanUsingNL:wait -1 sec for netlink message
12-01 18:46:35.332 1381 1413 D LOWI-9.0.0.87.a: [LOWIEventReceiver] handleEvent:FROM:NA, TO:NA, REQ:NA, IREQ:NA, REQ_ID:0, RESP:NA, INFO:NA
12-01 18:46:35.332 1381 1413 D LOWI-9.0.0.87.a: [LOWIBackgroundScanMgr] isRspForBgScanMgr: evt(LOWI_NO_EVT) - not handled
12-01 18:46:35.332 1381 1413 D LOWI-9.0.0.87.a: [LOWIScheduler] manageMsg: NULL results or NULL request in results
12-01 18:46:35.332 1381 1413 D LOWI-9.0.0.87.a: [LOWIController] Measurements received
12-01 18:46:35.332 1381 1413 D LOWI-9.0.0.87.a: [LOWICacheManager] putInCache:Num of Meas to add: 75
12-01 18:46:35.333 1381 1413 D LOWI-9.0.0.87.a: [LOWIController] processMeasurementResults: No current Request. Cache measurements
12-01 18:46:35.333 1381 1413 D LOWI-9.0.0.87.a: [LOWIController] sendAsyncScanResponse: Request FreeWifiScanObserver_0 is from a different client.
12-01 18:46:35.333 1381 1413 D LOWI-9.0.0.87.a: [LOWIController] generateResponse: Type (ASYNC_DISCOVERY_SCAN_RESULTS) ScanStatus (1) request FreeWifiScanObserver_0
12-01 18:46:35.333 1381 1413 D LOWI-9.0.0.87.a: [LOWIEventDispatcher] sendResponse - originator = FreeWifiScanObserver
12-01 18:46:35.333 1381 1413 D LOWI-9.0.0.87.a: [LOWIUtils] injectScanMeasurements - num of APs = 75
12-01 18:46:35.334 1495 2290 D WificondScannerImpl: Filtering out 53 scan results.
12-01 18:46:35.335 1381 1413 I LOWI-9.0.0.87.a: [LOWIUtils] responseToOutPostcard - TO: FreeWifiScanObserver, FROM: LOWI-SERVER, RESP: LOWI_ASYNC_DISCOVERY_SCAN_RESULTS
12-01 18:46:35.336 1381 1413 D LOWI-9.0.0.87.a: [LOWIControllerExtn] sendLOWILpDiscoveryScanResponse: Not a discovery scan response
12-01 18:46:35.345 2742 2742 D WifiDebugService: onScanResultsAvailable
12-01 18:46:35.347 1495 2286 D PasspointManager: ANQP entry not found for: 6e:0a:25:c2:6d:08:
12-01 18:46:35.348 1495 2286 D PasspointManager: ANQP entry not found for: ce:1c:7a:81:ef:c5:
12-01 18:46:35.348 1495 2286 D PasspointManager: ANQP entry not found for: 7a:6c:90:0b:45:34:
12-01 18:46:35.349 1495 2286 D PasspointManager: ANQP entry not found for: fa:b5:62:8f:de:4a:
12-01 18:46:35.386 1495 2286 D WifiScoreReport: setShouldReduceNetworkScore=false mNetworkAgent is null? true
12-01 18:46:35.386 1495 2286 D WifiClientModeImpl[wlan0]: CMD_START_CONNECT my state DisconnectedState nid=0 roam=false
12-01 18:46:35.392 2742 2742 D WifiDebugService: connect wifi SSID is :
12-01 18:46:35.427 0 0 W swapper/1: type=1400 audit(0.0:706): avc: denied { kill } for capability=5 scontext=u:r:kernel:s0 tcontext=u:r:kernel:s0 tclass=capability permissive=0
12-01 18:46:35.449 1495 1599 I EthernetTracker: interfaceLinkStateChanged, iface: wlan0, up: false
12-01 18:46:35.449 1381 1411 D LOWI-9.0.0.87.a: [LOWINetlinkSocketReceiver] unpackRTMLinkMessage: RTM_NEWLINK - ifname wlan0, flags 0x1002 ()
12-01 18:46:35.450 1381 1411 D LOWI-9.0.0.87.a: [LOWINetlinkSocketReceiver] processNetlinkPacket: ifname(wlan0) status(0)
12-01 18:46:35.450 1381 1411 D LOWI-9.0.0.87.a: [LOWIController] intfStateReceived: ifname(wlan0) state(0)
12-01 18:46:35.450 1381 1413 D LOWI-9.0.0.87.a: [LOWIEventReceiver] handleEvent:FROM:NA, TO:NA, REQ:NA, IREQ:NA, REQ_ID:0, RESP:NA, INFO:INTF-STATUS-UPDATE
12-01 18:46:35.450 1381 1413 D LOWI-9.0.0.87.a: [LOWIEventReceiver] Info to [INTF-STATUS-UPDATE]
12-01 18:46:35.450 1381 1413 D LOWI-9.0.0.87.a: [LOWIController] updateIntfState: WIFI enabled 0 mNlWifiStatus 1 mWifiStateEnabled 1
12-01 18:46:35.450 1381 1413 D LOWI-9.0.0.87.a: [LOWIController] isWifiEnabled: mNlWifiStatus 0 mWifiStateEnabled 1
12-01 18:46:35.450 1381 1413 I LOWI-9.0.0.87.a: [LOWIController] isWifiEnabled: Wifi is now disabled
12-01 18:46:35.450 1381 1413 D LOWI-9.0.0.87.a: [LOWIController] terminateScanResultReceiver
12-01 18:46:35.450 1381 6276 D LOWI-9.0.0.87.a: [LOWI-Scan] wips_wait_on_nl_socket: read returned 6, Received string: Close
12-01 18:46:35.450 1381 6276 D LOWI-9.0.0.87.a: [LOWI-Scan] do_listen_events: Select Error return - -301
12-01 18:46:35.450 1381 6276 D LOWI-9.0.0.87.a: [LOWI-Scan] No dump done. Error -301
12-01 18:46:35.450 1381 6276 D LOWI-9.0.0.87.a: [LOWI-Scan] WipsScanUsingNL: passive scan cached 0, took 118 ms, err -301
12-01 18:46:35.450 1381 6276 D LOWI-9.0.0.87.a: [LOWI-Scan] lowi_proc_req_passive_scan_with_live_meas - No WLAN Frames to be parsed
12-01 18:46:35.450 1381 6276 D LOWI-9.0.0.87.a: [LOWIWifiDriverInterface] Scan terminated for passive listening request
12-01 18:46:35.450 1381 6276 I LOWI-9.0.0.87.a: [LOWIScanResultReceiver] Thread terminate was requested
12-01 18:46:35.451 1381 6276 D LOWI-9.0.0.87.a: [LOWI-Scan] Closing the pipe
12-01 18:46:35.451 1381 1413 D LOWI-9.0.0.87.a: [LOWIScanResultReceiver] After join complete
12-01 18:46:35.451 1381 1413 D LOWI-9.0.0.87.a: [LOWI-ROME-RTT] RomeUnblockRangingThread
12-01 18:46:35.451 1381 6277 D LOWI-9.0.0.87.a: [LOWI-ROME-RTT] RomeWaitOnActivityOnSocketOrPipe: Ranging thread Received string: Close, request socket shutdown
12-01 18:46:35.451 1381 6277 D LOWI-9.0.0.87.a: [LOWIRangingFSM] FSM: Received Terminate Thread request from Controller
12-01 18:46:35.451 1381 6277 I LOWI-9.0.0.87.a: [LOWIScanResultReceiver] Thread terminate was requested
12-01 18:46:35.451 1381 6277 D LOWI-9.0.0.87.a: [LOWI-ROME-RTT] Closing the Ranging pipe
12-01 18:46:35.451 1381 1413 D LOWI-9.0.0.87.a: [LOWIScanResultReceiver] After join complete
12-01 18:46:35.451 1381 1413 D LOWI-9.0.0.87.a: [LOWIController] terminateWifiDriver
12-01 18:46:35.451 1381 1413 I CLD80211: lowi-server: Sent msg on exit sock to unblock poll()
12-01 18:46:35.453 1381 1411 D LOWI-9.0.0.87.a: [LOWINetlinkSocketReceiver] unpackRTMLinkMessage: RTM_NEWLINK - ifname wlan0, flags 0x1002 ()
12-01 18:46:35.453 1381 1411 D LOWI-9.0.0.87.a: [LOWINetlinkSocketReceiver] processNetlinkPacket: ifname(wlan0) status(0)
12-01 18:46:35.453 1381 1411 D LOWI-9.0.0.87.a: [LOWIController] intfStateReceived: ifname(wlan0) state(0)
12-01 18:46:35.453 1381 1413 D LOWI-9.0.0.87.a: [LOWIEventReceiver] handleEvent:FROM:NA, TO:NA, REQ:NA, IREQ:NA, REQ_ID:0, RESP:NA, INFO:INTF-STATUS-UPDATE
12-01 18:46:35.453 1381 1413 D LOWI-9.0.0.87.a: [LOWIEventReceiver] Info to [INTF-STATUS-UPDATE]
12-01 18:46:35.453 1381 1413 D LOWI-9.0.0.87.a: [LOWIController] updateIntfState: WIFI enabled 0 mNlWifiStatus 0 mWifiStateEnabled 0
12-01 18:46:35.453 1381 1413 D LOWI-9.0.0.87.a: [LOWIController] isWifiEnabled: mNlWifiStatus 0 mWifiStateEnabled 0
12-01 18:46:35.453 1495 1599 I EthernetTracker: interfaceLinkStateChanged, iface: wlan0, up: false
12-01 18:46:35.454 826 826 D android.hardware.wifi@1.0-service: Successfully SetMacAddress.
12-01 18:46:35.460 1381 1411 D LOWI-9.0.0.87.a: [LOWINetlinkSocketReceiver] unpackRTMLinkMessage: RTM_NEWLINK - ifname wlan0, flags 0x1003 ([UP])
12-01 18:46:35.460 1381 1411 D LOWI-9.0.0.87.a: [LOWINetlinkSocketReceiver] processNetlinkPacket: ifname(wlan0) status(1)
12-01 18:46:35.460 1381 1411 D LOWI-9.0.0.87.a: [LOWIController] intfStateReceived: ifname(wlan0) state(1)
12-01 18:46:35.460 1495 1599 I EthernetTracker: interfaceLinkStateChanged, iface: wlan0, up: false
12-01 18:46:35.460 1381 1413 D LOWI-9.0.0.87.a: [LOWIEventReceiver] handleEvent:FROM:NA, TO:NA, REQ:NA, IREQ:NA, REQ_ID:0, RESP:NA, INFO:INTF-STATUS-UPDATE
12-01 18:46:35.461 1381 1413 D LOWI-9.0.0.87.a: [LOWIEventReceiver] Info to [INTF-STATUS-UPDATE]
12-01 18:46:35.461 1381 1413 D LOWI-9.0.0.87.a: [LOWIController] updateIntfState: WIFI enabled 1 mNlWifiStatus 0 mWifiStateEnabled 0
12-01 18:46:35.461 1381 1413 D LOWI-9.0.0.87.a: [LOWIController] isWifiEnabled: mNlWifiStatus 1 mWifiStateEnabled 0
12-01 18:46:35.461 1381 1413 I LOWI-9.0.0.87.a: [LOWIController] isWifiEnabled: Wifi is now enabled
12-01 18:46:35.461 1381 1413 D LOWI-9.0.0.87.a: [LOWIController] terminateScanResultReceiver
12-01 18:46:35.461 1381 1413 D LOWI-9.0.0.87.a: [LOWIWpaInterface] OpenCtrl]61 Success for mCtrl
12-01 18:46:35.461 1381 1413 D LOWI-9.0.0.87.a: [LOWI-Scan] nl80211_init:SUCCESS
12-01 18:46:35.462 1495 2286 D WifiClientModeImpl[wlan0]: ConnectedMacRandomization SSID(Xiaomi_C0F6_5G). setMacAddress(8a:52:c5:21:68:4f) from 0a:42:1b:33:d2:19 = true
12-01 18:46:35.462 1381 1413 D LOWI-9.0.0.87.a: [LOWI-Scan] nl_get_wiphy_info, done err = 0
12-01 18:46:35.462 1381 1413 I LOWI-9.0.0.87.a: [LOWI-Scan] WipsGetSupportedChannels: return err = 0 num_2g_ch = 13 num_5g_ch = 13 num_6g_ch = 0
12-01 18:46:35.462 1381 1413 I LOWI-9.0.0.87.a: [LOWIWifiDriverUtils] set the band mask from wiphy 3
12-01 18:46:35.462 1381 1413 D LOWI-9.0.0.87.a: [LOWIWifiDriverUtils] getWiFiIdentityFromIoctl: ioctl(GET_MAC_ADDR) return: 0, Mac = 8a:52:c5:21:68:4f
12-01 18:46:35.463 1495 2286 W LastMileLogger: Failed to open free_buffer pseudo-file: /sys/kernel/debug/tracing/instances/wifi/free_buffer: open failed: ENOENT (No such file or directory)
12-01 18:46:35.463 1495 2286 W LastMileLogger: Failed to arm fail-safe.
12-01 18:46:35.463 1381 1413 I LOWI-9.0.0.87.a: [LOWI-ROME-RTT] RomeWipsOpen: libCld80211 found, load the symbols..
12-01 18:46:35.464 1381 1413 I CLD80211: lowi-server: initialized exit socket pair
12-01 18:46:35.464 1381 1413 D LOWI-9.0.0.87.a: [LOWI-ROME-RTT] cld80211InitAndRegister: Init and Registration done
12-01 18:46:35.464 1381 1413 D LOWI-9.0.0.87.a: [LOWIController] createWifiDriver: wifi driver created.
12-01 18:46:35.464 1381 1413 D LOWI-9.0.0.87.a: [LOWIController] getWifiCapabilities
12-01 18:46:35.464 1381 1413 D LOWI-9.0.0.87.a: [LOWIController] passContConfig
12-01 18:46:35.464 1381 1413 I LOWI-9.0.0.87.a: [LOWIWifiDriverUtils] return band_mask based on wiphy 3
12-01 18:46:35.464 1381 1413 D LOWI-9.0.0.87.a: [LOWIControllerExtn] createScanResultReceiver: scanbitmask(0x26)
12-01 18:46:35.464 1381 1413 D LOWI-9.0.0.87.a: [LOWIController] createScanResultReceiver: Capabilities: discovery(1), ranging(1), bgscan(0), scanbitmask(0x26)
12-01 18:46:35.464 1381 1413 D LOWI-9.0.0.87.a: [LOWIController] created scanReceiver successfully
12-01 18:46:35.464 1381 6279 D LOWI-9.0.0.87.a: [LOWI-Scan] Creating the pipe
12-01 18:46:35.464 1381 6279 D LOWI-9.0.0.87.a: [LOWIScanResultReceiver] Enter passive listening mode
12-01 18:46:35.464 1381 6279 D LOWI-9.0.0.87.a: [LOWIWifiDriverInterface] getMeasurements - Passive listening mode
12-01 18:46:35.464 1381 6279 D LOWI-9.0.0.87.a: [LOWI-Scan] WipsScanUsingNL:wait -1 sec for netlink message
12-01 18:46:35.465 1381 1413 D LOWI-9.0.0.87.a: [LOWIController] created scanReceiver successfully
12-01 18:46:35.465 1381 6280 D LOWI-9.0.0.87.a: [LOWI-ROME-RTT] Creating pipe to Ranging Thread
12-01 18:46:35.465 1381 6280 D LOWI-9.0.0.87.a: [LOWIScanResultReceiver] Enter passive listening mode
12-01 18:46:35.465 1381 6280 D LOWI-9.0.0.87.a: [LOWIRangingFSM] FSM: Received Event EVENT_START_THREAD, Current state: STATE_IDLE_START
12-01 18:46:35.465 826 6269 I WifiHAL : send_nl_data: sent cld80211 msg of len: 48 to driver
12-01 18:46:35.465 826 6269 I WifiHAL : send oem msg of len : 40 to apps
12-01 18:46:35.466 1495 2286 I WifiClientModeImpl[wlan0]: Connecting with 8a:52:c5:21:68:4f as the mac address
12-01 18:46:35.466 1186 1186 W wificond: Scan is not started. Ignore abort request
12-01 18:46:35.466 1495 2286 D SupplicantStaIfaceHal: connectToNetwork "Xiaomi_C0F6_5G"WPA_PSK isMixedGbkUtf=false
12-01 18:46:35.466 1495 2286 I SupplicantStaIfaceHal: addSupplicantStaNetwork via HIDL
12-01 18:46:35.467 1381 6280 D LOWI-9.0.0.87.a: [LOWI-ROME-RTT] send_cld80211_nlmsg: sent cld80211 message for pid 1381
12-01 18:46:35.467 1381 6280 D LOWI-9.0.0.87.a: [LOWIRangingFSM] FSM: New FSM state: STATE_IDLE_START
12-01 18:46:35.467 1381 6280 D LOWI-9.0.0.87.a: [LOWI-ROME-RTT] RomeWaitOnActivityOnSocketOrPipe: issue timed select: TO: 5
12-01 18:46:35.467 1381 6280 D LOWI-9.0.0.87.a: [LOWI-ROME-RTT] RomeWaitOnActivityOnSocketOrPipe: timed select over: TO: 5 retVal: 1
12-01 18:46:35.467 1381 6280 D LOWI-9.0.0.87.a: [LOWI-ROME-RTT] event_handler: Valid data with length 11
12-01 18:46:35.467 1381 6280 D LOWI-9.0.0.87.a: [LOWI-HELIUM-RTT] RomeNLRecvMessage: The Received RomeMsgType: ROME_REG_RSP_MSG
12-01 18:46:35.467 1381 6280 D LOWI-9.0.0.87.a: [LOWIRangingFSM] FSM: Received Event EVENT_REGISTRATION_SUCCESS, Current state: STATE_IDLE_START
12-01 18:46:35.467 1381 6280 D LOWI-9.0.0.87.a: [LOWI-ROME-RTT] RomeExtractRegRsp: driver support nl packing for oem data
12-01 18:46:35.467 1381 6280 I LOWI-9.0.0.87.a: [LOWI-ROME-RTT] RomeExtractRegRsp: nl format oem data enabled
12-01 18:46:35.467 1381 6280 D LOWI-9.0.0.87.a: [LOWI-ROME-RTT] RomeExtractRegRsp: Registered with CLD, 1 vDevs. Using 0 for STA
12-01 18:46:35.467 826 6269 I WifiHAL : send_nl_data: sent cld80211 msg of len: 32 to driver
12-01 18:46:35.467 826 6269 I WifiHAL : send oem msg of len : 148 to apps
12-01 18:46:35.467 1381 6280 D LOWI-9.0.0.87.a: [LOWI-ROME-RTT] send_oem_nl_msg: sent cld80211 message with subcmd: 3
12-01 18:46:35.467 1381 6280 D LOWI-9.0.0.87.a: [LOWIRangingFSM] FSM: New FSM state: STATE_WAITING_OEM_CAP
12-01 18:46:35.467 1381 6280 D LOWI-9.0.0.87.a: [LOWI-ROME-RTT] RomeWaitOnActivityOnSocketOrPipe: issue timed select: TO: 5
12-01 18:46:35.467 1381 6280 D LOWI-9.0.0.87.a: [LOWI-ROME-RTT] RomeWaitOnActivityOnSocketOrPipe: timed select over: TO: 5 retVal: 1
12-01 18:46:35.467 1381 6280 D LOWI-9.0.0.87.a: [LOWI-ROME-RTT] event_handler: Valid data with length 116
12-01 18:46:35.467 1381 6280 D LOWI-9.0.0.87.a: [LOWI-HELIUM-RTT] RomeNLRecvMessage: The Received RomeMsgType: ROME_OEM_CAP_MSG
12-01 18:46:35.467 1381 6280 D LOWI-9.0.0.87.a: [LOWIRangingFSM] FSM: Received Event EVENT_OEM_CAP_INFO, Current state: STATE_WAITING_OEM_CAP
12-01 18:46:35.467 1381 6280 D LOWI-9.0.0.87.a: [LOWI-ROME-RTT] RomeExtractOemCapabilities: oem_target_signature(QUALCOMM) oem_target_type(23)oem_fw_version(270140705) driver_version(0xa120205)
12-01 18:46:35.467 1381 6280 D LOWI-9.0.0.87.a: [LOWI-ROME-RTT] allowed_dwell_time_min(20) allowed_dwell_time_max(40)curr_dwell_time_min(0) curr_dwell_time_max(0)supported_bands(3) num_channels(0)
12-01 18:46:35.468 502 502 I hwservicemanager: getTransport: Cannot find entry android.hardware.wifi.supplicant@1.4::ISupplicant/default in either framework or device VINTF manifest.
12-01 18:46:35.474 502 502 I hwservicemanager: getTransport: Cannot find entry android.hardware.wifi.supplicant@1.4::ISupplicant/default in either framework or device VINTF manifest.
12-01 18:46:35.474 826 6269 I WifiHAL : send_nl_data: sent cld80211 msg of len: 32 to driver
12-01 18:46:35.474 826 6269 I WifiHAL : send oem msg of len : 1608 to apps
12-01 18:46:35.474 1381 6280 D LOWI-9.0.0.87.a: [LOWI-ROME-RTT] send_oem_nl_msg: sent cld80211 message with subcmd: 4
12-01 18:46:35.474 1381 6280 D LOWI-9.0.0.87.a: [LOWIRangingFSM] FSM: New FSM state: STATE_WAITING_FOR_WIPHY_INFO
12-01 18:46:35.474 1381 6280 D LOWI-9.0.0.87.a: [LOWI-ROME-RTT] RomeWaitOnActivityOnSocketOrPipe: issue timed select: TO: 5
12-01 18:46:35.474 1381 6280 D LOWI-9.0.0.87.a: [LOWI-ROME-RTT] RomeWaitOnActivityOnSocketOrPipe: timed select over: TO: 5 retVal: 1
12-01 18:46:35.474 1381 6280 D LOWI-9.0.0.87.a: [LOWI-ROME-RTT] event_handler: Valid data with length 1576
12-01 18:46:35.474 1381 6280 D LOWI-9.0.0.87.a: [LOWI-HELIUM-RTT] RomeNLRecvMessage: The Received RomeMsgType: ROME_CHANNEL_INFO_MSG
12-01 18:46:35.474 1381 6280 D LOWI-9.0.0.87.a: [LOWIRangingFSM] FSM: Received Event EVENT_CHANNEL_INFO, Current state: STATE_WAITING_FOR_WIPHY_INFO
12-01 18:46:35.474 1381 6280 I LOWI-9.0.0.87.a: [LOWI-ROME-RTT] ExtractNLChannelInfo: NumChan = 26
12-01 18:46:35.475 826 6269 I WifiHAL : send_nl_data: sent cld80211 msg of len: 64 to driver
12-01 18:46:35.475 1381 6280 D LOWI-9.0.0.87.a: [LOWI-ROME-RTT] send_oem_nl_msg: sent cld80211 message with subcmd: 5
12-01 18:46:35.475 1381 6280 D LOWI-9.0.0.87.a: [LOWIRangingFSM] FSM: New FSM state: STATE_WAITING_FOR_RANGING_CAP
12-01 18:46:35.475 1381 6280 D LOWI-9.0.0.87.a: [LOWI-ROME-RTT] RomeWaitOnActivityOnSocketOrPipe: issue timed select: TO: 5
12-01 18:46:35.475 1495 2286 I System.out: stanetwork getId >>0
12-01 18:46:35.475 1495 2286 E SupplicantStaNetworkHal: set ISupplicantVendorStaNetwork successfull
12-01 18:46:35.476 1495 2286 D SupplicantStaNetworkHal: The target security params: Security Parameters:
12-01 18:46:35.476 1495 2286 D SupplicantStaNetworkHal: Type: 2
12-01 18:46:35.476 1495 2286 D SupplicantStaNetworkHal: Enabled: true
12-01 18:46:35.476 1495 2286 D SupplicantStaNetworkHal: KeyMgmt: WPA_PSK
12-01 18:46:35.476 1495 2286 D SupplicantStaNetworkHal: Protocols: WPA RSN
12-01 18:46:35.476 1495 2286 D SupplicantStaNetworkHal: AuthAlgorithms:
12-01 18:46:35.476 1495 2286 D SupplicantStaNetworkHal: PairwiseCiphers: TKIP CCMP
12-01 18:46:35.476 1495 2286 D SupplicantStaNetworkHal: GroupCiphers: WEP40 WEP104 TKIP CCMP
12-01 18:46:35.476 1495 2286 D SupplicantStaNetworkHal: GroupMgmtCiphers:
12-01 18:46:35.476 1495 2286 D SupplicantStaNetworkHal: SuiteBCiphers:
12-01 18:46:35.476 1495 2286 D SupplicantStaNetworkHal: RequirePmf: false
12-01 18:46:35.476 1495 2286 D SupplicantStaNetworkHal: IsAddedByAutoUpgrade: false
12-01 18:46:35.476 1495 2286 D SupplicantStaNetworkHal: IsSaeH2eOnlyMode: false
12-01 18:46:35.476 1495 2286 D SupplicantStaNetworkHal: IsSaePkOnlyMode: false
12-01 18:46:35.489 6273 6273 I wpa_supplicant: wlan0: Trying to associate with SSID 'Xiaomi_C0F6_5G'
12-01 18:46:35.489 1495 2286 D WifiCountryCode: evaluateAllCmmStateAndApplyIfAllReady: {ConcreteClientModeManager{id=748170 iface=wlan0 role=ROLE_CLIENT_PRIMARY}=false}
12-01 18:46:35.490 1495 2286 D WifiClientModeImpl[wlan0]: Start Connecting Watchdog 1
12-01 18:46:35.492 3090 3129 D OsAgent : [wifi_supplicant_status_update][3202] [HC] =>> [HS]
12-01 18:46:35.492 807 807 V LocSvc_HIDL_IzatSubscription: [wifiSupplicantStatusUpdate][682] [HS] <<<<= [HC]
12-01 18:46:35.493 3090 3129 D OsAgent : [wifi_supplicant_status_update][3202] [HC] =>> [HS]
12-01 18:46:35.493 807 807 V LocSvc_HIDL_IzatSubscription: [wifiSupplicantStatusUpdate][682] [HS] <<<<= [HC]
12-01 18:46:35.494 3090 3129 D OsAgent : [wifi_supplicant_status_update][3202] [HC] =>> [HS]
12-01 18:46:35.494 807 807 V LocSvc_HIDL_IzatSubscription: [wifiSupplicantStatusUpdate][682] [HS] <<<<= [HC]
12-01 18:46:35.494 2339 2339 D BluetoothAdapterService: android.net.wifi.STATE_CHANGE
12-01 18:46:35.498 2569 2569 D SettingMicroservices: WifiReceiver:
12-01 18:46:35.498 2569 2569 D SettingMicroservices: doNetworkSync: mIDCMNetworkState: -1 mIsFSEMNetworkWiFi: false
12-01 18:46:35.498 2569 2569 D SettingMicroservices: Change Network Preference to TYPE_ETHERNET.
12-01 18:46:35.499 2742 2742 W WifiDebugService: find wifi : Fanya
12-01 18:46:35.499 2742 2742 W WifiDebugService: find wifi : ThunderSoft
12-01 18:46:35.499 2742 2742 W WifiDebugService: find wifi : GM
12-01 18:46:35.499 2742 2742 W WifiDebugService: find wifi : Guest
12-01 18:46:35.499 2742 2742 W WifiDebugService: find wifi : CHEVROLET_8675
12-01 18:46:35.499 2339 2339 W BluetoothAdapterService: fetchWifiState - isWifiConnected =false
12-01 18:46:35.499 2742 2742 W WifiDebugService: find wifi : Testing
12-01 18:46:35.499 2742 2742 W WifiDebugService: find wifi : Guest
12-01 18:46:35.499 2339 2339 D BluetoothVendorService: setWifiState to: false
12-01 18:46:35.499 2339 2339 I BluetoothVendorJni: setWifiStateNative
12-01 18:46:35.499 2742 2742 W WifiDebugService: can not find target wifi ap : hht_test_wifi_fc4318c9
12-01 18:46:35.499 2339 2339 I bt_btif_vendor: setWifiState :0
12-01 18:46:35.640 826 6269 I WifiHAL : send oem msg of len : 112 to apps
12-01 18:46:35.640 1381 6280 D LOWI-9.0.0.87.a: [LOWI-ROME-RTT] RomeWaitOnActivityOnSocketOrPipe: timed select over: TO: 5 retVal: 1
12-01 18:46:35.640 1381 6280 D LOWI-9.0.0.87.a: [LOWI-ROME-RTT] event_handler: Valid data with length 80
12-01 18:46:35.640 1381 6280 D LOWI-9.0.0.87.a: [LOWI-HELIUM-RTT] storeNLFragment: new fragment group, tokenid(2), adding 72 chars @position 0
12-01 18:46:35.640 1381 6280 D LOWI-9.0.0.87.a: [LOWI-HELIUM-RTT] RomeNLRecvMessage: The Received OEMSubType: RTT_MSG_SUBTYPE_CAPABILITY_RSP
12-01 18:46:35.641 1381 6280 D LOWI-9.0.0.87.a: [LOWI-HELIUM-RTT] RomeNLRecvMessage: The Received RomeMsgType: ROME_RANGING_CAP_MSG
12-01 18:46:35.641 1381 6280 D LOWI-9.0.0.87.a: [LOWIRangingFSM] FSM: Received Event EVENT_RANGING_CAP_INFO, Current state: STATE_WAITING_FOR_RANGING_CAP
12-01 18:46:35.641 1381 6280 D LOWI-9.0.0.87.a: [LOWIWifiTlvHandler] processRspHeadTlv: reqId(1) measDone(1) rttStatus(RTT_STATUS_SUCCESS) subtype(RTT_MSG_SUBTYPE_CAPABILITY_RSP) isFrag(0) fragIdx(0) fragLen(0) tknId(0)
12-01 18:46:35.641 1381 6280 D LOWI-9.0.0.87.a: [LOWIWifiTlvHandler] checkTlvTag: Processing idx(0) received TLV: wmi_rtt_oem_rsp_head
12-01 18:46:35.641 1381 6280 D LOWI-9.0.0.87.a: [LOWIWifiTlvHandler] processIfPeerEvtHdrTag: Invalid Tag(33), not added to vector mPeerIdx(0)
12-01 18:46:35.641 1381 6280 D LOWI-9.0.0.87.a: [LOWIWifiTlvHandler] processIfPerFrmInfoTag: Invalid Tag(33) measurement not added for peer(0)
12-01 18:46:35.641 1381 6280 D LOWI-9.0.0.87.a: [LOWIWifiTlvHandler] checkTlvTag: Processing idx(1) received TLV: wmi_rtt_oem_cap_rsp_head
12-01 18:46:35.641 1381 6280 D LOWI-9.0.0.87.a: [LOWIWifiTlvHandler] processIfPeerEvtHdrTag: Invalid Tag(35), not added to vector mPeerIdx(0)
12-01 18:46:35.641 1381 6280 D LOWI-9.0.0.87.a: [LOWIWifiTlvHandler] processIfPerFrmInfoTag: Invalid Tag(35) measurement not added for peer(0)
12-01 18:46:35.641 1381 6280 D LOWI-9.0.0.87.a: [LOWIWifiTlvHandler] checkTlvTag: Processing idx(2) received TLV: wmi_rtt_oem_cap_rsp_event
12-01 18:46:35.641 1381 6280 D LOWI-9.0.0.87.a: [LOWIWifiTlvHandler] processIfPeerEvtHdrTag: Invalid Tag(36), not added to vector mPeerIdx(0)
12-01 18:46:35.641 1381 6280 D LOWI-9.0.0.87.a: [LOWIWifiTlvHandler] processIfPerFrmInfoTag: Invalid Tag(36) measurement not added for peer(0)
12-01 18:46:35.641 1381 6280 D LOWI-9.0.0.87.a: [LOWIWifiTlvHandler] printBssidInfo: No peer info from processing TLVs
12-01 18:46:35.641 1381 6280 D LOWI-9.0.0.87.a: [LOWI-HELIUM-RTT] parseRttCapabilitiesMsg: Skipping wmi_rtt_oem_rsp_head
12-01 18:46:35.641 1381 6280 D LOWI-9.0.0.87.a: [LOWI-HELIUM-RTT] parseRttCapabilitiesMsg: parsing wmi_rtt_oem_cap_rsp_head TLVversion(0x3) major(0x0) minor(0x10001) serviceBitMask[0](0x0) serviceBitMask[1](0x0) serviceBitMask[2](0x0) serviceBitMask[3](0x0)
12-01 18:46:35.641 1381 6280 D LOWI-9.0.0.87.a: [LOWI-HELIUM-RTT] parseRttCapabilitiesMsg: parsing wmi_rtt_oem_cap_rsp_event TLVrangingTypeMask(5) supportedFramesMask(11) maxDestPerReq(10) maxMeasPerDest(31) maxChannelsAllowed(1) maxBwAllowed(2) preambleSupportedMask(7) reportTypeSupportedMask(15) maxRfChains(3) facTypeMask(2) numPhys(1) fwMultiBurstSupport(1)
12-01 18:46:35.641 1381 6280 D LOWI-9.0.0.87.a: [LOWIRangingFSM] FSM: New FSM state: STATE_READY_AND_IDLE
12-01 18:46:35.641 1381 6280 D LOWI-9.0.0.87.a: [LOWI-ROME-RTT] RomeWaitOnActivityOnSocketOrPipe: issue blocking select
12-01 18:46:35.796 1381 1411 D LOWI-9.0.0.87.a: [LOWINetlinkSocketReceiver] unpackRTMLinkMessage: RTM_NEWLINK - ifname wlan0, flags 0x1003 ([UP])
12-01 18:46:35.796 1381 1411 D LOWI-9.0.0.87.a: [LOWINetlinkSocketReceiver] processNetlinkPacket: ifname(wlan0) status(1)
12-01 18:46:35.796 1381 1411 D LOWI-9.0.0.87.a: [LOWIController] intfStateReceived: ifname(wlan0) state(1)
12-01 18:46:35.796 1381 1413 D LOWI-9.0.0.87.a: [LOWIEventReceiver] handleEvent:FROM:NA, TO:NA, REQ:NA, IREQ:NA, REQ_ID:0, RESP:NA, INFO:INTF-STATUS-UPDATE
12-01 18:46:35.796 1381 1413 D LOWI-9.0.0.87.a: [LOWIEventReceiver] Info to [INTF-STATUS-UPDATE]
12-01 18:46:35.796 1381 1413 D LOWI-9.0.0.87.a: [LOWIController] updateIntfState: WIFI enabled 1 mNlWifiStatus 1 mWifiStateEnabled 1
12-01 18:46:35.796 1381 1413 D LOWI-9.0.0.87.a: [LOWIController] isWifiEnabled: mNlWifiStatus 1 mWifiStateEnabled 1
12-01 18:46:35.796 1381 1411 D LOWI-9.0.0.87.a: [LOWINetlinkSocketReceiver] unpackRTMLinkMessage: RTM_NEWLINK - ifname wlan0, flags 0x1003 ([UP])
12-01 18:46:35.796 1381 1411 D LOWI-9.0.0.87.a: [LOWINetlinkSocketReceiver] processNetlinkPacket: ifname(wlan0) status(1)
12-01 18:46:35.797 1381 1411 D LOWI-9.0.0.87.a: [LOWIController] intfStateReceived: ifname(wlan0) state(1)
12-01 18:46:35.797 1381 1413 D LOWI-9.0.0.87.a: [LOWIEventReceiver] handleEvent:FROM:NA, TO:NA, REQ:NA, IREQ:NA, REQ_ID:0, RESP:NA, INFO:INTF-STATUS-UPDATE
12-01 18:46:35.797 1381 1413 D LOWI-9.0.0.87.a: [LOWIEventReceiver] Info to [INTF-STATUS-UPDATE]
12-01 18:46:35.797 1381 1413 D LOWI-9.0.0.87.a: [LOWIController] updateIntfState: WIFI enabled 1 mNlWifiStatus 1 mWifiStateEnabled 1
12-01 18:46:35.797 1381 1413 D LOWI-9.0.0.87.a: [LOWIController] isWifiEnabled: mNlWifiStatus 1 mWifiStateEnabled 1
12-01 18:46:35.798 1381 1411 D LOWI-9.0.0.87.a: [LOWINetlinkSocketReceiver] unpackRTMLinkMessage: RTM_NEWLINK - ifname wlan0, flags 0x11003 ([UP])
12-01 18:46:35.798 1381 1411 D LOWI-9.0.0.87.a: [LOWINetlinkSocketReceiver] processNetlinkPacket: ifname(wlan0) status(1)
12-01 18:46:35.798 1381 1411 D LOWI-9.0.0.87.a: [LOWIController] intfStateReceived: ifname(wlan0) state(1)
12-01 18:46:35.798 1381 1413 D LOWI-9.0.0.87.a: [LOWIEventReceiver] handleEvent:FROM:NA, TO:NA, REQ:NA, IREQ:NA, REQ_ID:0, RESP:NA, INFO:INTF-STATUS-UPDATE
12-01 18:46:35.798 1381 1413 D LOWI-9.0.0.87.a: [LOWIEventReceiver] Info to [INTF-STATUS-UPDATE]
12-01 18:46:35.798 1381 1413 D LOWI-9.0.0.87.a: [LOWIController] updateIntfState: WIFI enabled 1 mNlWifiStatus 1 mWifiStateEnabled 1
12-01 18:46:35.798 1381 1413 D LOWI-9.0.0.87.a: [LOWIController] isWifiEnabled: mNlWifiStatus 1 mWifiStateEnabled 1
12-01 18:46:35.798 1495 1599 I EthernetTracker: interfaceLinkStateChanged, iface: wlan0, up: false
12-01 18:46:35.798 1495 1599 I EthernetTracker: interfaceLinkStateChanged, iface: wlan0, up: false
12-01 18:46:35.799 826 6269 I WifiHAL : send oem msg of len : 140 to apps
12-01 18:46:35.799 1495 1599 I EthernetTracker: interfaceLinkStateChanged, iface: wlan0, up: true
12-01 18:46:35.799 1381 6280 D LOWI-9.0.0.87.a: [LOWI-ROME-RTT] event_handler: Valid data with length 108
12-01 18:46:35.799 1381 6280 D LOWI-9.0.0.87.a: [LOWI-HELIUM-RTT] RomeNLRecvMessage: The Received RomeMsgType: ROME_P2P_PEER_EVENT_MSG
12-01 18:46:35.799 1381 6280 D LOWI-9.0.0.87.a: [LOWIRangingFSM] FSM: Received Event EVENT_P2P_STATUS_UPDATE, Current state: STATE_READY_AND_IDLE
12-01 18:46:35.799 1381 6280 D LOWI-9.0.0.87.a: [LOWI-ROME-RTT] RomeExtractP2PInfo - P2P EVENT Received!
12-01 18:46:35.799 1381 6280 D LOWI-9.0.0.87.a: [LOWI-ROME-RTT] ExtractNLP2PInfo: Entered
12-01 18:46:35.799 1381 6280 D LOWI-9.0.0.87.a: [LOWI-P2P-RTT] p2pStoreStatusInfo: Peer status = PEER_STATUS_CONNECTED Mac:8c:53:c3:d7:7f:93
12-01 18:46:35.799 1381 6280 D LOWI-9.0.0.87.a: [LOWIRangingFSM] FSM: New FSM state: STATE_READY_AND_IDLE
12-01 18:46:35.799 1381 6280 D LOWI-9.0.0.87.a: [LOWI-ROME-RTT] RomeWaitOnActivityOnSocketOrPipe: issue blocking select
12-01 18:46:35.808 6273 6273 I wpa_supplicant: wlan0: Associated with 8c:53:c3:d7:7f:93
12-01 18:46:35.809 6273 6273 I wpa_supplicant: wlan0: WPA: RX message 1 of 4-Way Handshake from 8c:53:c3:d7:7f:93 (ver=2)
12-01 18:46:35.809 6273 6273 I wpa_supplicant: wlan0: WPA: Sending EAPOL-Key 2/4
12-01 18:46:35.809 6273 6273 I wpa_supplicant: wlan0: CTRL-EVENT-SUBNET-STATUS-UPDATE status=0
12-01 18:46:35.811 502 502 I hwservicemanager: getTransport: Cannot find entry android.hardware.wifi.supplicant@1.4::ISupplicant/default in either framework or device VINTF manifest.
12-01 18:46:35.811 3090 3129 D OsAgent : [wifi_supplicant_status_update][3202] [HC] =>> [HS]
12-01 18:46:35.811 807 807 V LocSvc_HIDL_IzatSubscription: [wifiSupplicantStatusUpdate][682] [HS] <<<<= [HC]
12-01 18:46:35.814 3090 3129 D OsAgent : [wifi_supplicant_status_update][3202] [HC] =>> [HS]
12-01 18:46:35.814 807 807 V LocSvc_HIDL_IzatSubscription: [wifiSupplicantStatusUpdate][682] [HS] <<<<= [HC]
12-01 18:46:35.815 2339 2339 D BluetoothAdapterService: android.net.wifi.STATE_CHANGE
12-01 18:46:35.815 2569 2569 D SettingMicroservices: WifiReceiver:
12-01 18:46:35.815 2569 2569 D SettingMicroservices: doNetworkSync: mIDCMNetworkState: -1 mIsFSEMNetworkWiFi: false
12-01 18:46:35.815 2569 2569 D SettingMicroservices: Change Network Preference to TYPE_ETHERNET.
12-01 18:46:35.817 2339 2339 W BluetoothAdapterService: fetchWifiState - isWifiConnected =false
12-01 18:46:35.817 2339 2339 D BluetoothVendorService: setWifiState to: false
12-01 18:46:35.817 2339 2339 I BluetoothVendorJni: setWifiStateNative
12-01 18:46:35.817 2339 2339 I bt_btif_vendor: setWifiState :0
12-01 18:46:35.819 6273 6273 I wpa_supplicant: wlan0: WPA: RX message 3 of 4-Way Handshake from 8c:53:c3:d7:7f:93 (ver=2)
12-01 18:46:35.819 6273 6273 I wpa_supplicant: wlan0: WPA: Sending EAPOL-Key 4/4
12-01 18:46:35.842 1381 6279 D LOWI-9.0.0.87.a: [LOWI-Scan] wait_event:Wait done with Cmd 103
12-01 18:46:35.842 1381 6279 D LOWI-9.0.0.87.a: [LOWI-Scan] do_listen_events: Rcvd valid Netlink Cmd 0 Err 0
12-01 18:46:35.843 1252 1252 I cnss-daemon: nl80211 response handler invoked
12-01 18:46:35.843 1252 1252 I cnss-daemon: nl80211_response_handler: cmd 103, vendorID 4980, subcmd 165 received
12-01 18:46:35.844 3267 3267 W hpplay-java: [main]:IPManager:getActiveNets invalid networkInfo:null
12-01 18:46:35.844 3267 3267 I hpplay-java: [main]:IPManager:getActiveNets eth0:false wifi:false mobile:false ap:false
12-01 18:46:35.844 3267 3267 I hpplay-java: [main]:ServerTaskManager:get local ip:null
12-01 18:46:35.845 826 6269 I WifiHAL : event received NL80211_CMD_VENDOR, vendor_id = 0x1374, subcmd = 0xa5
12-01 18:46:35.847 3090 3129 D OsAgent : [wifi_supplicant_status_update][3202] [HC] =>> [HS]
12-01 18:46:35.848 807 807 V LocSvc_HIDL_IzatSubscription: [wifiSupplicantStatusUpdate][682] [HS] <<<<= [HC]
12-01 18:46:35.856 6273 6273 I wpa_supplicant: wlan0: WPA: Key negotiation completed with 8c:53:c3:d7:7f:93 [PTK=CCMP GTK=CCMP]
12-01 18:46:35.856 6273 6273 I wpa_supplicant: wlan0: CTRL-EVENT-CONNECTED - Connection to 8c:53:c3:d7:7f:93 completed [id=0 id_str=%7B%22configKey%22%3A%22%5C%22Xiaomi_C0F6_5G%5C%22WPA_PSK%22%2C%22creatorUid%22%3A%221000%22%7D]
12-01 18:46:35.857 1381 1411 D LOWI-9.0.0.87.a: [LOWINetlinkSocketReceiver] unpackRTMLinkMessage: RTM_NEWLINK - ifname wlan0, flags 0x11043 ([UP][RUNNING])
12-01 18:46:35.857 1381 1411 D LOWI-9.0.0.87.a: [LOWINetlinkSocketReceiver] processNetlinkPacket: ifname(wlan0) status(2)
12-01 18:46:35.857 1381 1411 D LOWI-9.0.0.87.a: [LOWIController] intfStateReceived: ifname(wlan0) state(2)
12-01 18:46:35.857 1381 1413 D LOWI-9.0.0.87.a: [LOWIEventReceiver] handleEvent:FROM:NA, TO:NA, REQ:NA, IREQ:NA, REQ_ID:0, RESP:NA, INFO:INTF-STATUS-UPDATE
12-01 18:46:35.857 1381 1413 D LOWI-9.0.0.87.a: [LOWIEventReceiver] Info to [INTF-STATUS-UPDATE]
12-01 18:46:35.857 1381 1413 D LOWI-9.0.0.87.a: [LOWIController] updateIntfState: WIFI enabled 2 mNlWifiStatus 1 mWifiStateEnabled 1
12-01 18:46:35.857 1381 1413 D LOWI-9.0.0.87.a: [LOWIController] isWifiEnabled: mNlWifiStatus 2 mWifiStateEnabled 1
12-01 18:46:35.857 1381 1413 D LOWI-9.0.0.87.a: [LOWIController] notifyWlanInterfaceStatusChange: Send Interface state request LOWIController_3
12-01 18:46:35.857 1381 1413 D LOWI-9.0.0.87.a: [LOWIController] isWifiEnabled: mNlWifiStatus 2 mWifiStateEnabled 1
12-01 18:46:35.857 1381 1413 D LOWI-9.0.0.87.a: [LOWIController] requestMeasurements: Internal Message 2 sent to driver
12-01 18:46:35.857 1381 1413 D LOWI-9.0.0.87.a: [LOWIController] issueRequest: LOWIController_3 sent to driver request - SUCCESS
12-01 18:46:35.857 1381 6279 D LOWI-9.0.0.87.a: [LOWI-Scan] wips_wait_on_nl_socket: read returned 6, Received string: Close
12-01 18:46:35.857 1381 6279 D LOWI-9.0.0.87.a: [LOWI-Scan] do_listen_events: Select Error return - -301
12-01 18:46:35.857 1381 6279 D LOWI-9.0.0.87.a: [LOWI-Scan] No dump done. Error -301
12-01 18:46:35.857 1381 6279 D LOWI-9.0.0.87.a: [LOWI-Scan] WipsScanUsingNL: passive scan cached 0, took 393 ms, err -301
12-01 18:46:35.857 1381 6279 D LOWI-9.0.0.87.a: [LOWI-Scan] lowi_proc_req_passive_scan_with_live_meas - No WLAN Frames to be parsed
12-01 18:46:35.857 1381 6279 D LOWI-9.0.0.87.a: [LOWIWifiDriverInterface] Scan terminated for passive listening request
12-01 18:46:35.857 1381 6279 D LOWI-9.0.0.87.a: [LOWIScanResultReceiver] run:Execute new request LOWIController_3
12-01 18:46:35.858 1495 1599 I EthernetTracker: interfaceLinkStateChanged, iface: wlan0, up: true
12-01 18:46:35.875 1381 6279 I LOWI-9.0.0.87.a: [LOWI-Scan] get_intf_mode: WLAN interface type 2, err 0
12-01 18:46:35.876 826 6269 I WifiHAL : send_nl_data: sent gennl msg of len: 44 to driver
12-01 18:46:35.876 1381 6279 D LOWI-9.0.0.87.a: [LOWIScanResultReceiver] Send scan meas to listener
12-01 18:46:35.876 1381 6279 D LOWI-9.0.0.87.a: [LOWIScanResultReceiver] Enter passive listening mode
12-01 18:46:35.876 1381 6279 D LOWI-9.0.0.87.a: [LOWIWifiDriverInterface] getMeasurements - Passive listening mode
12-01 18:46:35.876 1381 6279 D LOWI-9.0.0.87.a: [LOWI-Scan] WipsScanUsingNL:wait -1 sec for netlink message
12-01 18:46:35.876 1381 1413 D LOWI-9.0.0.87.a: [LOWIEventReceiver] handleEvent:FROM:NA, TO:NA, REQ:NA, IREQ:NA, REQ_ID:0, RESP:NA, INFO:NA
12-01 18:46:35.877 1381 1413 D LOWI-9.0.0.87.a: [LOWIBackgroundScanMgr] isRspForBgScanMgr: req(LOWI_INTERNAL_MESSAGE) -- not handled
12-01 18:46:35.877 1381 1413 D LOWI-9.0.0.87.a: [LOWIController] Measurements received
12-01 18:46:35.880 2339 2339 D BluetoothAdapterService: android.net.wifi.STATE_CHANGE
12-01 18:46:35.880 2569 2569 D SettingMicroservices: WifiReceiver:
12-01 18:46:35.880 2569 2569 D SettingMicroservices: doNetworkSync: mIDCMNetworkState: -1 mIsFSEMNetworkWiFi: false
12-01 18:46:35.880 2569 2569 D SettingMicroservices: Change Network Preference to TYPE_ETHERNET.
12-01 18:46:35.883 1495 2286 D ConnectivityService: registerNetworkAgent NetworkAgentInfo{network{102} handle{441492361229} ni{WIFI CONNECTING extra: } Score(60 ; KeepConnected : 0 ; Policies : IS_UNMETERED) lp{{LinkAddresses: [ ] DnsAddresses: [ ] Domains: null MTU: 0 Routes: [ ]}} nc{[ Transports: WIFI Capabilities: NOT_METERED&INTERNET&NOT_RESTRICTED&TRUSTED&NOT_VPN&NOT_ROAMING&FOREGROUND&NOT_CONGESTED&NOT_SUSPENDED&NOT_VCN_MANAGED LinkUpBandwidth>=433000Kbps LinkDnBandwidth>=433000Kbps Specifier: TransportInfo: OwnerUid: 1000 AdminUids: [1000] SSID: "Xiaomi_C0F6_5G"]}}
12-01 18:46:35.890 2569 2569 D SettingMicroservices: WifiReceiver:
12-01 18:46:35.890 2569 2569 D SettingMicroservices: doNetworkSync: mIDCMNetworkState: -1 mIsFSEMNetworkWiFi: false
12-01 18:46:35.890 2569 2569 D SettingMicroservices: Change Network Preference to TYPE_ETHERNET.
12-01 18:46:35.897 1495 2293 D ConnectivityService: [102 WIFI] EVENT_NETWORK_INFO_CHANGED, going from CONNECTING to CONNECTING
12-01 18:46:35.913 2478 6282 D ApfFilter: (wlan0): begin monitoring
12-01 18:46:35.915 1495 2293 D ConnectivityService: NetReassign [no changes]
12-01 18:46:35.915 2908 2908 E PreferenceGroup: Found duplicated key: "StandardWifiEntry:{"SCAN_RESULT_KEY":"{\"SSID\":\"Xiaomi_C0F6_5G\",\"SECURITY_TYPES\":[2,4]}","IS_TARGETING_NEW_NETWORKS":true}". This can cause unintended behaviour, please use unique keys for every preference.
12-01 18:46:35.916 1252 1252 I cnss-daemon: Ready to update GW parameters
12-01 18:46:35.917 1252 1252 E cnss-daemon: Invalid mac address
12-01 18:46:35.917 1252 1252 E cnss-daemon: failed to update gateway
12-01 18:46:35.918 1495 2293 D ConnectivityService: NetReassign [no changes]
12-01 18:46:35.922 3090 3129 D OsAgent : [wifi_supplicant_status_update][3202] [HC] =>> [HS]
12-01 18:46:35.923 807 807 V LocSvc_HIDL_IzatSubscription: [wifiSupplicantStatusUpdate][682] [HS] <<<<= [HC]
12-01 18:46:35.927 2339 2339 W BluetoothAdapterService: fetchWifiState - isWifiConnected =true
12-01 18:46:35.927 2339 2339 D BluetoothVendorService: setWifiState to: true
12-01 18:46:35.927 2339 2339 I BluetoothVendorJni: setWifiStateNative
12-01 18:46:35.927 2339 2339 I bt_btif_vendor: setWifiState :1
12-01 18:46:35.927 2339 3458 W bt_btm : btm_cb.is_wifi_connected = 1
12-01 18:46:35.928 2339 3458 W bt_l2cap: L2CA_SetDesireRole() new:x1, disallow_switch:0
12-01 18:46:35.928 2339 2339 D BluetoothAdapterService: android.net.wifi.STATE_CHANGE
12-01 18:46:35.929 1495 2293 D ConnectivityService: Adding iface wlan0 to network 102
12-01 18:46:35.929 663 663 E Netd : no such netId 102
12-01 18:46:35.929 2339 2339 W BluetoothAdapterService: fetchWifiState - isWifiConnected =true
12-01 18:46:35.929 2339 2339 D BluetoothVendorService: setWifiState to: true
12-01 18:46:35.929 2339 2339 I BluetoothVendorJni: setWifiStateNative
12-01 18:46:35.929 2339 2339 I bt_btif_vendor: setWifiState :1
12-01 18:46:35.929 1495 2293 W ConnectivityService: Exception adding interface: android.os.ServiceSpecificException: Machine is not on the network (code 64)
12-01 18:46:35.929 663 663 E Netd : no such netId 102
12-01 18:46:35.933 1495 2293 W BestClock: java.time.DateTimeException: Missing NTP fix
12-01 18:46:35.937 1495 2293 W BestClock: java.time.DateTimeException: Missing NTP fix
12-01 18:46:35.942 1495 2283 W BestClock: java.time.DateTimeException: Missing NTP fix
12-01 18:46:35.942 1495 2283 W BestClock: java.time.DateTimeException: Missing NTP fix
12-01 18:46:35.944 2478 6275 D DhcpClient: l2key: W8053b4e3c789ac19 lease address: /192.168.0.178 lease expiry: 1669934758623 current time: 1669891595944
12-01 18:46:35.946 2478 6275 D DhcpClient: Broadcasting DHCPREQUEST ciaddr=0.0.0.0 request=192.168.0.178 serverid=null
12-01 18:46:36.244 643 657 I mpu_uart: [MSG-P:RECV]:No message received in 1000 ms
12-01 18:46:36.490 2478 6275 D DhcpClient: Received packet: 8a:52:c5:21:68:4f NAK, reason static lease available
12-01 18:46:36.492 2478 6275 D DhcpClient: Received NAK, returning to INIT
12-01 18:46:36.493 2478 6275 D DhcpClient: Broadcasting DHCPDISCOVER
12-01 18:46:36.505 2478 6275 D DhcpClient: Received packet: 8a:52:c5:21:68:4f OFFER, ip /192.168.0.18, mask /255.255.255.0, DNS servers: /192.168.0.1 , gateways [/192.168.0.1], lease time 43200, domain null
12-01 18:46:36.507 2478 6275 D DhcpClient: Got pending lease: android.net.networkstack.DhcpResults@dfb8109 DHCP server /192.168.0.1 Vendor info miwifi-R3600-1.1.19-101 lease 43200 seconds Servername
12-01 18:46:36.510 2478 6275 D DhcpClient: Broadcasting DHCPREQUEST ciaddr=0.0.0.0 request=192.168.0.18 serverid=192.168.0.1
12-01 18:46:36.516 2478 6275 D DhcpClient: Received packet: 8a:52:c5:21:68:4f ACK: your new IP /192.168.0.18, netmask /255.255.255.0, gateways [/192.168.0.1] DNS servers: /192.168.0.1 , lease time 43200
12-01 18:46:36.517 2478 6275 D DhcpClient: Confirmed lease: android.net.networkstack.DhcpResults@b5cdf0e DHCP server /192.168.0.1 Vendor info miwifi-R3600-1.1.19-101 lease 43200 seconds Servername
12-01 18:46:36.527 2569 2569 D SettingMicroservices: WifiReceiver:
12-01 18:46:36.527 2569 2569 D SettingMicroservices: doNetworkSync: mIDCMNetworkState: -1 mIsFSEMNetworkWiFi: false
12-01 18:46:36.527 2569 2569 D SettingMicroservices: Change Network Preference to TYPE_ETHERNET.
12-01 18:46:36.528 2339 2339 D BluetoothAdapterService: android.net.wifi.STATE_CHANGE
12-01 18:46:36.529 663 663 E Netd : no such netId 102
12-01 18:46:36.529 1495 2293 E ConnectivityService: Exception in networkAddRouteParcel for non-gateway: android.os.ServiceSpecificException: Machine is not on the network (code 64)
12-01 18:46:36.529 663 663 E Netd : no such netId 102
12-01 18:46:36.530 1495 2293 E ConnectivityService: Exception in networkAddRouteParcel for gateway: android.os.ServiceSpecificException: Machine is not on the network (code 64)
12-01 18:46:36.534 2339 2339 W BluetoothAdapterService: fetchWifiState - isWifiConnected =true
12-01 18:46:36.534 2339 2339 D BluetoothVendorService: setWifiState to: true
12-01 18:46:36.534 2339 2339 I BluetoothVendorJni: setWifiStateNative
12-01 18:46:36.534 2339 2339 I bt_btif_vendor: setWifiState :1
12-01 18:46:36.540 1495 2293 W BestClock: java.time.DateTimeException: Missing NTP fix
12-01 18:46:36.546 1495 2293 W BestClock: java.time.DateTimeException: Missing NTP fix
12-01 18:46:36.549 1495 2283 W BestClock: java.time.DateTimeException: Missing NTP fix
12-01 18:46:36.550 2478 6275 D DhcpClient: Scheduling renewal in 21599s
12-01 18:46:36.550 2478 6275 D DhcpClient: Scheduling rebind in 37799s
12-01 18:46:36.550 2478 6275 D DhcpClient: Scheduling expiry in 43199s
12-01 18:46:36.550 1495 2293 D ConnectivityService: Setting DNS servers for network 102 to [/192.168.0.1]
12-01 18:46:36.550 1495 2283 W BestClock: java.time.DateTimeException: Missing NTP fix
12-01 18:46:36.551 2339 2339 D BluetoothAdapterService: android.net.wifi.STATE_CHANGE
12-01 18:46:36.552 2569 2569 D SettingMicroservices: WifiReceiver:
12-01 18:46:36.552 2569 2569 D SettingMicroservices: WifiReceiver NetworkInfo.State.CONNECTED
12-01 18:46:36.552 2569 2569 D SettingMicroservices: doNetworkSync: mIDCMNetworkState: -1 mIsFSEMNetworkWiFi: true
12-01 18:46:36.552 2569 2569 D SettingMicroservices: Change Network Preference to TYPE_ETHERNET.
12-01 18:46:36.562 1495 2293 W BestClock: java.time.DateTimeException: Missing NTP fix
12-01 18:46:36.565 1495 2286 W WifiScoreReport: Cannot start external scoring netId=102 currentNetId=102 currentNetCapabilities=[ Transports: WIFI Capabilities: NOT_METERED&INTERNET&NOT_RESTRICTED&TRUSTED&NOT_VPN&NOT_ROAMING&NOT_CONGESTED&NOT_SUSPENDED&NOT_VCN_MANAGED LinkUpBandwidth>=12000Kbps LinkDnBandwidth>=60000Kbps Specifier: TransportInfo: SignalStrength: -16 OwnerUid: 1000 AdminUids: [1000] SSID: "Xiaomi_C0F6_5G"] sessionId=1026
12-01 18:46:36.565 1495 2293 W BestClock: java.time.DateTimeException: Missing NTP fix
12-01 18:46:36.566 1495 2283 W BestClock: java.time.DateTimeException: Missing NTP fix
12-01 18:46:36.567 1495 2283 W BestClock: java.time.DateTimeException: Missing NTP fix
12-01 18:46:36.568 1495 2293 D ConnectivityService: [102 WIFI] EVENT_NETWORK_INFO_CHANGED, going from CONNECTING to CONNECTED
12-01 18:46:36.569 1495 2293 D DnsManager: sendDnsConfigurationForNetwork(102, [192.168.0.1], [], 1800, 25, 8, 64, 0, 0, , [])
12-01 18:46:36.570 1495 2293 W DnsManager: updatePrivateDns(102, PrivateDnsConfig{true:/[]})
12-01 18:46:36.570 1495 2293 D ConnectivityService: Setting DNS servers for network 102 to [/192.168.0.1]
