12-01 18:34:35.651 1495 1610 I SystemServiceManager: Calling onUnlockedUser 0
12-01 18:34:35.651 1495 1610 I SystemServerTimingAsync: ssm.onUnlockedUser-0_com.android.server.security.FileIntegrityService
12-01 18:34:35.651 1495 1610 I SystemServerTimingAsync: ssm.onUnlockedUser-0_com.android.server.pm.Installer
12-01 18:34:35.651 1495 1610 I SystemServerTimingAsync: ssm.onUnlockedUser-0_com.android.server.os.DeviceIdentifiersPolicyService
12-01 18:34:35.651 1495 1610 I SystemServerTimingAsync: ssm.onUnlockedUser-0_com.android.server.uri.UriGrantsManagerService$Lifecycle
12-01 18:34:35.651 1495 1610 I SystemServerTimingAsync: ssm.onUnlockedUser-0_com.android.server.powerstats.PowerStatsService
12-01 18:34:35.651 1495 1610 I SystemServerTimingAsync: ssm.onUnlockedUser-0_com.android.server.wm.ActivityTaskManagerService$Lifecycle
12-01 18:34:35.653 1495 1610 I LaunchParamsPersister: Didn't find launch param folder for user 0
12-01 18:34:35.653 1495 1610 I SystemServerTimingAsync: ssm.onUnlockedUser-0_com.android.server.am.ActivityManagerService$Lifecycle
12-01 18:34:35.653 1495 1610 I SystemServerTimingAsync: ssm.onUnlockedUser-0_com.android.server.pm.DataLoaderManagerService
12-01 18:34:35.653 1495 1610 I SystemServerTimingAsync: ssm.onUnlockedUser-0_com.android.server.power.PowerManagerService
12-01 18:34:35.653 1495 1610 I SystemServerTimingAsync: ssm.onUnlockedUser-0_com.android.server.power.ThermalManagerService
12-01 18:34:35.653 1495 1610 I SystemServerTimingAsync: ssm.onUnlockedUser-0_com.android.server.power.hint.HintManagerService
12-01 18:34:35.653 1495 1610 I SystemServerTimingAsync: ssm.onUnlockedUser-0_com.android.server.recoverysystem.RecoverySystemService$Lifecycle
12-01 18:34:35.653 1495 1610 I SystemServerTimingAsync: ssm.onUnlockedUser-0_com.android.server.lights.LightsService
12-01 18:34:35.653 1495 1610 I SystemServerTimingAsync: ssm.onUnlockedUser-0_com.android.server.display.DisplayManagerService
12-01 18:34:35.653 1495 1610 I SystemServerTimingAsync: ssm.onUnlockedUser-0_com.android.server.pm.verify.domain.DomainVerificationService
12-01 18:34:35.653 1495 1610 I SystemServerTimingAsync: ssm.onUnlockedUser-0_com.android.server.pm.PackageInstallerService$Lifecycle
12-01 18:34:35.653 1495 1610 I SystemServerTimingAsync: ssm.onUnlockedUser-0_com.android.server.pm.UserManagerService$LifeCycle
12-01 18:34:35.653 1495 1610 I SystemServerTimingAsync: ssm.onUnlockedUser-0_com.android.server.om.OverlayManagerService
12-01 18:34:35.654 1495 1610 I SystemServerTimingAsync: ssm.onUnlockedUser-0_com.android.server.SensorPrivacyService
12-01 18:34:35.654 1495 1610 I SystemServerTimingAsync: ssm.onUnlockedUser-0_com.android.server.sensors.SensorService
12-01 18:34:35.654 1495 1610 I SystemServerTimingAsync: ssm.onUnlockedUser-0_com.android.server.SystemConfigService
12-01 18:34:35.654 1495 1610 I SystemServerTimingAsync: ssm.onUnlockedUser-0_com.android.server.BatteryService
12-01 18:34:35.654 1495 1610 I SystemServerTimingAsync: ssm.onUnlockedUser-0_com.android.server.usage.UsageStatsService
12-01 18:34:35.654 1495 1610 I SystemServerTimingAsync: ssm.onUnlockedUser-0_com.android.server.webkit.WebViewUpdateService
12-01 18:34:35.654 1495 1610 I SystemServerTimingAsync: ssm.onUnlockedUser-0_com.android.server.CachedDeviceStateService
12-01 18:34:35.654 1495 1610 I SystemServerTimingAsync: ssm.onUnlockedUser-0_com.android.server.BinderCallsStatsService$LifeCycle
12-01 18:34:35.654 1495 1610 I SystemServerTimingAsync: ssm.onUnlockedUser-0_com.android.server.LooperStatsService$Lifecycle
12-01 18:34:35.654 1495 1610 I SystemServerTimingAsync: ssm.onUnlockedUser-0_com.android.server.rollback.RollbackManagerService
12-01 18:34:35.654 1495 1610 I SystemServerTimingAsync: ssm.onUnlockedUser-0_com.android.server.os.NativeTombstoneManagerService
12-01 18:34:35.654 1495 1610 I SystemServerTimingAsync: ssm.onUnlockedUser-0_com.android.server.os.BugreportManagerService
12-01 18:34:35.654 1495 1610 I SystemServerTimingAsync: ssm.onUnlockedUser-0_com.android.server.gpu.GpuService
12-01 18:34:35.654 1495 1610 I SystemServerTimingAsync: ssm.onUnlockedUser-0_com.android.server.security.KeyChainSystemService
12-01 18:34:35.654 1495 1610 I SystemServerTimingAsync: ssm.onUnlockedUser-0_com.android.server.telecom.TelecomLoaderService
12-01 18:34:35.654 1495 1610 I SystemServerTimingAsync: ssm.onUnlockedUser-0_com.android.server.accounts.AccountManagerService$Lifecycle
12-01 18:34:35.654 1495 1610 I SystemServerTimingAsync: ssm.onUnlockedUser-0_com.android.server.content.ContentService$Lifecycle
12-01 18:34:35.654 1495 1610 I SystemServerTimingAsync: ssm.onUnlockedUser-0_com.android.server.DropBoxManagerService
12-01 18:34:35.654 1495 1610 I SystemServerTimingAsync: ssm.onUnlockedUser-0_com.android.role.RoleService
12-01 18:34:35.654 1495 1610 I SystemServerTimingAsync: ssm.onUnlockedUser-0_com.android.server.vibrator.VibratorManagerService$Lifecycle
12-01 18:34:35.654 1495 1610 I SystemServerTimingAsync: ssm.onUnlockedUser-0_com.android.server.alarm.AlarmManagerService
12-01 18:34:35.654 1495 1610 I SystemServerTimingAsync: ssm.onUnlockedUser-0_com.android.server.devicestate.DeviceStateManagerService
12-01 18:34:35.654 1495 1610 I SystemServerTimingAsync: ssm.onUnlockedUser-0_com.android.server.camera.CameraServiceProxy
12-01 18:34:35.654 1495 1610 I SystemServerTimingAsync: ssm.onUnlockedUser-0_com.android.server.BluetoothService
12-01 18:34:35.654 1495 1610 I SystemServerTimingAsync: ssm.onUnlockedUser-0_com.android.server.connectivity.IpConnectivityMetrics
12-01 18:34:35.654 1495 1610 I SystemServerTimingAsync: ssm.onUnlockedUser-0_com.android.server.net.watchlist.NetworkWatchlistService$Lifecycle
12-01 18:34:35.654 1495 1610 I SystemServerTimingAsync: ssm.onUnlockedUser-0_com.android.server.PinnerService
12-01 18:34:35.654 1495 1610 I SystemServerTimingAsync: ssm.onUnlockedUser-0_com.google.android.startop.iorap.IorapForwardingService
12-01 18:34:35.654 1495 1610 I SystemServerTimingAsync: ssm.onUnlockedUser-0_com.android.server.ActivityTriggerService
12-01 18:34:35.654 1495 1610 I SystemServerTimingAsync: ssm.onUnlockedUser-0_com.android.server.integrity.AppIntegrityManagerService
12-01 18:34:35.654 1495 1610 I SystemServerTimingAsync: ssm.onUnlockedUser-0_com.android.server.inputmethod.InputMethodManagerService$Lifecycle
12-01 18:34:35.654 1495 1610 I SystemServerTimingAsync: ssm.onUnlockedUser-0_com.android.server.accessibility.AccessibilityManagerService$Lifecycle
12-01 18:34:35.654 1495 1610 I SystemServerTimingAsync: ssm.onUnlockedUser-0_com.android.server.StorageManagerService$Lifecycle
12-01 18:34:35.654 1495 1610 I SystemServerTimingAsync: ssm.onUnlockedUser-0_com.android.server.usage.StorageStatsService$Lifecycle
12-01 18:34:35.654 1495 1610 I SystemServerTimingAsync: ssm.onUnlockedUser-0_com.android.server.UiModeManagerService
12-01 18:34:35.654 1495 1610 I SystemServerTimingAsync: ssm.onUnlockedUser-0_com.android.server.locksettings.LockSettingsService$Lifecycle
12-01 18:34:35.654 1495 1610 I SystemServerTimingAsync: ssm.onUnlockedUser-0_com.android.server.PersistentDataBlockService
12-01 18:34:35.654 1495 1610 I SystemServerTimingAsync: ssm.onUnlockedUser-0_com.android.server.testharness.TestHarnessModeService
12-01 18:34:35.654 1495 1610 I SystemServerTimingAsync: ssm.onUnlockedUser-0_com.android.server.oemlock.OemLockService
12-01 18:34:35.654 1495 1610 I SystemServerTimingAsync: ssm.onUnlockedUser-0_com.android.server.DeviceIdleController
12-01 18:34:35.654 1495 1610 I SystemServerTimingAsync: ssm.onUnlockedUser-0_com.android.server.devicepolicy.DevicePolicyManagerService$Lifecycle
12-01 18:34:35.654 1495 1610 I SystemServerTimingAsync: ssm.onUnlockedUser-0_com.android.server.texttospeech.TextToSpeechManagerService
12-01 18:34:35.654 1495 1610 I SystemServerTimingAsync: ssm.onUnlockedUser-0_com.android.server.speech.SpeechRecognitionManagerService
12-01 18:34:35.654 1495 1610 I SystemServerTimingAsync: ssm.onUnlockedUser-0_com.android.server.searchui.SearchUiManagerService
12-01 18:34:35.654 1495 1610 I SystemServerTimingAsync: ssm.onUnlockedUser-0_com.android.server.smartspace.SmartspaceManagerService
12-01 18:34:35.654 1495 1610 I SystemServerTimingAsync: ssm.onUnlockedUser-0_com.android.server.graphics.fonts.FontManagerService$Lifecycle
12-01 18:34:35.654 1495 1610 I SystemServerTimingAsync: ssm.onUnlockedUser-0_com.android.server.textservices.TextServicesManagerService$Lifecycle
12-01 18:34:35.654 1495 1610 I SystemServerTimingAsync: ssm.onUnlockedUser-0_com.android.server.textclassifier.TextClassificationManagerService$Lifecycle
12-01 18:34:35.654 1495 1610 I SystemServerTimingAsync: ssm.onUnlockedUser-0_com.android.server.NetworkScoreService$Lifecycle
12-01 18:34:35.654 1495 1610 I SystemServerTimingAsync: ssm.onUnlockedUser-0_com.android.server.wifi.WifiService
12-01 18:34:35.654 1495 1610 I SystemServerTimingAsync: ssm.onUnlockedUser-0_com.android.server.wifi.scanner.WifiScanningService
12-01 18:34:35.654 1495 1610 I SystemServerTimingAsync: ssm.onUnlockedUser-0_com.android.server.wifi.rtt.RttService
12-01 18:34:35.654 1495 1610 I SystemServerTimingAsync: ssm.onUnlockedUser-0_com.android.server.wifi.aware.WifiAwareService
12-01 18:34:35.654 1495 1610 I SystemServerTimingAsync: ssm.onUnlockedUser-0_com.android.server.wifi.p2p.WifiP2pService
12-01 18:34:35.654 1495 1610 I SystemServerTimingAsync: ssm.onUnlockedUser-0_com.android.server.ethernet.EthernetService
12-01 18:34:35.654 1495 1610 I SystemServerTimingAsync: ssm.onUnlockedUser-0_com.android.server.ConnectivityServiceInitializer
12-01 18:34:35.654 1495 1610 I SystemServerTimingAsync: ssm.onUnlockedUser-0_com.android.server.notification.NotificationManagerService
12-01 18:34:35.654 1495 1610 I SystemServerTimingAsync: ssm.onUnlockedUser-0_com.android.server.storage.DeviceStorageMonitorService
12-01 18:34:35.654 1495 1610 I SystemServerTimingAsync: ssm.onUnlockedUser-0_com.android.server.location.LocationManagerService$Lifecycle
12-01 18:34:35.654 1495 1610 I SystemServerTimingAsync: ssm.onUnlockedUser-0_com.android.server.timedetector.TimeDetectorService$Lifecycle
12-01 18:34:35.655 1495 1610 I SystemServerTimingAsync: ssm.onUnlockedUser-0_com.android.server.timezonedetector.TimeZoneDetectorService$Lifecycle
12-01 18:34:35.655 1495 1610 I SystemServerTimingAsync: ssm.onUnlockedUser-0_com.android.server.timezonedetector.location.LocationTimeZoneManagerService$Lifecycle
12-01 18:34:35.655 1495 1610 I SystemServerTimingAsync: ssm.onUnlockedUser-0_com.android.server.search.SearchManagerService$Lifecycle
12-01 18:34:35.655 1495 1610 I SystemServerTimingAsync: ssm.onUnlockedUser-0_com.android.server.wallpaper.WallpaperManagerService$Lifecycle
12-01 18:34:35.655 1495 1610 I SystemServerTimingAsync: ssm.onUnlockedUser-0_com.android.server.audio.AudioService$Lifecycle
12-01 18:34:35.655 1495 1610 I SystemServerTimingAsync: ssm.onUnlockedUser-0_com.android.server.soundtrigger_middleware.SoundTriggerMiddlewareService$Lifecycle
12-01 18:34:35.655 1495 1610 I SystemServerTimingAsync: ssm.onUnlockedUser-0_com.android.server.DockObserver
12-01 18:34:35.655 1495 1610 I SystemServerTimingAsync: ssm.onUnlockedUser-0_com.android.server.midi.MidiService$Lifecycle
12-01 18:34:35.655 1495 1610 I SystemServerTimingAsync: ssm.onUnlockedUser-0_com.android.server.adb.AdbService$Lifecycle
12-01 18:34:35.655 1495 1610 I SystemServerTimingAsync: ssm.onUnlockedUser-0_com.android.server.usb.UsbService$Lifecycle
12-01 18:34:35.655 1495 1610 I SystemServerTimingAsync: ssm.onUnlockedUser-0_com.android.server.twilight.TwilightService
12-01 18:34:35.655 1495 1610 I SystemServerTimingAsync: ssm.onUnlockedUser-0_com.android.server.display.color.ColorDisplayService
12-01 18:34:35.655 1495 1610 I SystemServerTimingAsync: ssm.onUnlockedUser-0_com.android.server.job.JobSchedulerService
12-01 18:34:35.655 1495 1610 I SystemServerTimingAsync: ssm.onUnlockedUser-0_com.android.server.soundtrigger.SoundTriggerService
12-01 18:34:35.655 1495 1610 I SystemServerTimingAsync: ssm.onUnlockedUser-0_com.android.server.trust.TrustManagerService
12-01 18:34:35.655 1495 1610 I SystemServerTimingAsync: ssm.onUnlockedUser-0_com.android.server.backup.BackupManagerService$Lifecycle
12-01 18:34:35.655 1495 1610 I SystemServerTimingAsync: ssm.onUnlockedUser-0_com.android.server.appwidget.AppWidgetService
12-01 18:34:35.655 1495 1610 I SystemServerTimingAsync: ssm.onUnlockedUser-0_com.android.server.voiceinteraction.VoiceInteractionManagerService
12-01 18:34:35.655 1495 1610 I SystemServerTimingAsync: ssm.onUnlockedUser-0_com.android.server.apphibernation.AppHibernationService
12-01 18:34:35.655 1495 1610 I SystemServerTimingAsync: ssm.onUnlockedUser-0_com.android.server.GestureLauncherService
12-01 18:34:35.655 1495 1610 I SystemServerTimingAsync: ssm.onUnlockedUser-0_com.android.server.SensorNotificationService
12-01 18:34:35.655 1495 1610 I SystemServerTimingAsync: ssm.onUnlockedUser-0_com.android.server.emergency.EmergencyAffordanceService
12-01 18:34:35.655 1495 1610 I SystemServerTimingAsync: ssm.onUnlockedUser-0_com.android.server.blob.BlobStoreManagerService
12-01 18:34:35.655 1495 1610 I SystemServerTimingAsync: ssm.onUnlockedUser-0_com.android.server.dreams.DreamManagerService
12-01 18:34:35.655 1495 1610 I SystemServerTimingAsync: ssm.onUnlockedUser-0_com.android.server.companion.CompanionDeviceManagerService
12-01 18:34:35.655 1495 1610 I SystemServerTimingAsync: ssm.onUnlockedUser-0_com.android.server.restrictions.RestrictionsManagerService
12-01 18:34:35.655 1495 1610 I SystemServerTimingAsync: ssm.onUnlockedUser-0_com.android.server.media.MediaSessionService
12-01 18:34:35.655 1495 1610 I SystemServerTimingAsync: ssm.onUnlockedUser-0_com.android.server.media.MediaResourceMonitorService
12-01 18:34:35.655 1495 1610 I SystemServerTimingAsync: ssm.onUnlockedUser-0_com.android.server.biometrics.sensors.fingerprint.FingerprintService
12-01 18:34:35.655 1495 1610 I SystemServerTimingAsync: ssm.onUnlockedUser-0_com.android.server.biometrics.BiometricService
12-01 18:34:35.655 1495 1610 I SystemServerTimingAsync: ssm.onUnlockedUser-0_com.android.server.biometrics.AuthService
12-01 18:34:35.655 1495 1610 I SystemServerTimingAsync: ssm.onUnlockedUser-0_com.android.server.pm.ShortcutService$Lifecycle
12-01 18:34:35.655 1495 1610 I SystemServerTimingAsync: ssm.onUnlockedUser-0_com.android.server.pm.LauncherAppsService
12-01 18:34:35.655 1495 1610 I SystemServerTimingAsync: ssm.onUnlockedUser-0_com.android.server.pm.CrossProfileAppsService
12-01 18:34:35.655 1495 1610 I SystemServerTimingAsync: ssm.onUnlockedUser-0_com.android.server.people.PeopleService
12-01 18:34:35.655 1495 1610 I SystemServerTimingAsync: ssm.onUnlockedUser-0_com.android.server.media.metrics.MediaMetricsManagerService
12-01 18:34:35.655 1495 1610 I SystemServerTimingAsync: ssm.onUnlockedUser-0_com.android.server.media.projection.MediaProjectionManagerService
12-01 18:34:35.655 1495 3812 E TaskPersister: File error accessing recents directory (directory doesn't exist?).
12-01 18:34:35.655 1495 3812 E TaskPersister: File error accessing recents directory (directory doesn't exist?).
12-01 18:34:35.656 1495 1495 D CompatibilityChangeReporter: Compat change id reported: 175319604; UID 10082; state: ENABLED
12-01 18:34:35.657 1495 1610 I SystemServerTimingAsync: ssm.onUnlockedUser-0_com.android.server.slice.SliceManagerService$Lifecycle
12-01 18:34:35.657 1495 1610 I SystemServerTimingAsync: ssm.onUnlockedUser-0_com.android.server.stats.StatsCompanion$Lifecycle
12-01 18:34:35.657 1495 1610 I SystemServerTimingAsync: ssm.onUnlockedUser-0_com.android.server.scheduling.RebootReadinessManagerService$Lifecycle
12-01 18:34:35.657 1495 1610 I SystemServerTimingAsync: ssm.onUnlockedUser-0_com.android.server.stats.pull.StatsPullAtomService
12-01 18:34:35.657 1495 1610 I SystemServerTimingAsync: ssm.onUnlockedUser-0_com.android.server.incident.IncidentCompanionService
12-01 18:34:35.657 1495 1610 I SystemServerTimingAsync: ssm.onUnlockedUser-0_com.android.server.MmsServiceBroker
12-01 18:34:35.657 1495 1610 I SystemServerTimingAsync: ssm.onUnlockedUser-0_com.android.server.autofill.AutofillManagerService
12-01 18:34:35.657 1495 1610 I SystemServerTimingAsync: ssm.onUnlockedUser-0_com.android.server.clipboard.ClipboardService
12-01 18:34:35.657 1495 1610 I SystemServerTimingAsync: ssm.onUnlockedUser-0_com.android.server.appbinding.AppBindingService$Lifecycle
12-01 18:34:35.657 1495 1610 I SystemServerTimingAsync: ssm.onUnlockedUser-0_com.android.server.tracing.TracingServiceProxy
12-01 18:34:35.657 1495 1610 I SystemServerTimingAsync: ssm.onUnlockedUser-0_com.android.server.policy.PermissionPolicyService
12-01 18:34:35.657 1495 1610 I SystemServerTimingAsync: ssm.onUnlockedUser-0_com.android.server.pm.StagingManager$Lifecycle
12-01 18:34:35.657 1495 1610 I SystemServerTimingAsync: ssm.onUnlockedUser-0_com.android.server.app.GameManagerService$Lifecycle
12-01 18:34:35.657 1495 1610 I SystemServerTimingAsync: ssm.onUnlockedUser-0_com.android.server.appsearch.AppSearchManagerService
12-01 18:34:35.657 1495 1610 I SystemServerTimingAsync: ssm.onUnlockedUser-0_com.android.server.media.MediaCommunicationService
12-01 18:34:35.657 1495 1610 W ActivityManager: UserLifecycleEvent 6 received without an active userJourneySession.
12-01 18:34:35.659 1495 1495 D CompatibilityChangeReporter: Compat change id reported: 175319604; UID 10097; state: DISABLED
12-01 18:34:35.680 1495 3622 D CompatibilityChangeReporter: Compat change id reported: 135634846; UID 10025; state: DISABLED
12-01 18:34:35.680 1495 3622 D CompatibilityChangeReporter: Compat change id reported: 177438394; UID 10025; state: DISABLED
12-01 18:34:35.680 1495 3622 D CompatibilityChangeReporter: Compat change id reported: 135772972; UID 10025; state: DISABLED
12-01 18:34:35.680 1495 3622 D CompatibilityChangeReporter: Compat change id reported: 135754954; UID 10025; state: ENABLED
12-01 18:34:35.680 1495 1611 D CompatibilityChangeReporter: Compat change id reported: 143937733; UID 10025; state: ENABLED
12-01 18:34:35.687 1495 1611 I ActivityManager: Start proc 3817:com.android.traceur/u0a25 for broadcast {com.android.traceur/com.android.traceur.Receiver}
12-01 18:34:35.709 1495 3622 D CompatibilityChangeReporter: Compat change id reported: 168419799; UID 10025; state: DISABLED
12-01 18:34:35.764 1495 2417 D CompatibilityChangeReporter: Compat change id reported: 168419799; UID 10065; state: DISABLED
12-01 18:34:35.773 2769 2769 E AndroidRuntime: FATAL EXCEPTION: main
12-01 18:34:35.773 2769 2769 E AndroidRuntime: Process: com.qualcomm.qti.devicestatisticsservice, PID: 2769
12-01 18:34:35.773 2769 2769 E AndroidRuntime: java.lang.NoClassDefFoundError: Failed resolution of: Landroid/hidl/manager/V1_0/IServiceNotification$Stub;
12-01 18:34:35.773 2769 2769 E AndroidRuntime: at com.qualcomm.qti.devicestatisticsservice.DeviceStatisticsService.onStartCommand(DeviceStatisticsService.java:83)
12-01 18:34:35.773 2769 2769 E AndroidRuntime: at android.app.ActivityThread.handleServiceArgs(ActivityThread.java:4640)
12-01 18:34:35.773 2769 2769 E AndroidRuntime: at android.app.ActivityThread.access$2000(ActivityThread.java:248)
12-01 18:34:35.773 2769 2769 E AndroidRuntime: at android.app.ActivityThread$H.handleMessage(ActivityThread.java:2092)
12-01 18:34:35.773 2769 2769 E AndroidRuntime: at android.os.Handler.dispatchMessage(Handler.java:106)
12-01 18:34:35.773 2769 2769 E AndroidRuntime: at android.os.Looper.loopOnce(Looper.java:201)
12-01 18:34:35.773 2769 2769 E AndroidRuntime: at android.os.Looper.loop(Looper.java:288)
12-01 18:34:35.773 2769 2769 E AndroidRuntime: at android.app.ActivityThread.main(ActivityThread.java:7880)
12-01 18:34:35.773 2769 2769 E AndroidRuntime: at java.lang.reflect.Method.invoke(Native Method)
12-01 18:34:35.773 2769 2769 E AndroidRuntime: at com.android.internal.os.RuntimeInit$MethodAndArgsCaller.run(RuntimeInit.java:548)
12-01 18:34:35.773 2769 2769 E AndroidRuntime: at com.android.internal.os.ZygoteInit.main(ZygoteInit.java:1009)
12-01 18:34:35.773 2769 2769 E AndroidRuntime: Caused by: java.lang.ClassNotFoundException: android.hidl.manager.V1_0.IServiceNotification$Stub
12-01 18:34:35.773 2769 2769 E AndroidRuntime: ... 11 more
12-01 18:34:35.776 1495 3838 I DropBoxManagerService: add tag=system_app_crash isTagEnabled=true flags=0x2
12-01 18:34:35.783 1495 1495 E BootReceiver: Could not open /sys/kernel/tracing/instances/bootreceiver/trace_pipe
12-01 18:34:35.783 1495 1495 E BootReceiver: android.system.ErrnoException: open failed: ENOENT (No such file or directory)
12-01 18:34:35.783 1495 1495 E BootReceiver: at libcore.io.Linux.open(Native Method)
12-01 18:34:35.783 1495 1495 E BootReceiver: at libcore.io.ForwardingOs.open(ForwardingOs.java:567)
12-01 18:34:35.783 1495 1495 E BootReceiver: at libcore.io.BlockGuardOs.open(BlockGuardOs.java:273)
12-01 18:34:35.783 1495 1495 E BootReceiver: at android.system.Os.open(Os.java:501)
12-01 18:34:35.783 1495 1495 E BootReceiver: at com.android.server.BootReceiver.onReceive(BootReceiver.java:167)
12-01 18:34:35.783 1495 1495 E BootReceiver: at android.app.ActivityThread.handleReceiver(ActivityThread.java:4309)
12-01 18:34:35.783 1495 1495 E BootReceiver: at android.app.ActivityThread.access$1600(ActivityThread.java:248)
12-01 18:34:35.783 1495 1495 E BootReceiver: at android.app.ActivityThread$H.handleMessage(ActivityThread.java:2065)
12-01 18:34:35.783 1495 1495 E BootReceiver: at android.os.Handler.dispatchMessage(Handler.java:106)
12-01 18:34:35.783 1495 1495 E BootReceiver: at android.os.Looper.loopOnce(Looper.java:201)
12-01 18:34:35.783 1495 1495 E BootReceiver: at android.os.Looper.loop(Looper.java:288)
12-01 18:34:35.783 1495 1495 E BootReceiver: at com.android.server.SystemServer.run(SystemServer.java:908)
12-01 18:34:35.783 1495 1495 E BootReceiver: at com.android.server.SystemServer.main(SystemServer.java:615)
12-01 18:34:35.783 1495 1495 E BootReceiver: at java.lang.reflect.Method.invoke(Native Method)
12-01 18:34:35.783 1495 1495 E BootReceiver: at com.android.internal.os.RuntimeInit$MethodAndArgsCaller.run(RuntimeInit.java:548)
12-01 18:34:35.783 1495 1495 E BootReceiver: at com.android.internal.os.ZygoteInit.main(ZygoteInit.java:987)
12-01 18:34:35.784 1495 1610 I DropBoxManagerService: add tag=system_server_wtf isTagEnabled=true flags=0x2
12-01 18:34:35.787 1495 3839 I BootReceiver: No existing last log timestamp file /data/system/log-files.xml; starting empty
12-01 18:34:35.788 1495 3839 I DropBoxManagerService: add tag=SYSTEM_BOOT isTagEnabled=true flags=0x2
12-01 18:34:35.789 1495 3839 I BootReceiver: Copying audit failures to DropBox
12-01 18:34:35.790 1495 3839 I BootReceiver: Checking for fsck errors
12-01 18:34:35.791 1495 3839 I BootReceiver: fs_stat, partition:persist stat:0x3
12-01 18:34:35.791 1495 3839 I BootReceiver: fs_stat, partition:dsp_a stat:0x3
12-01 18:34:35.797 1495 1495 I NotificationService: Cannot find enqueued record for key: 0|android|13|PreBootBroadcaster|1000
12-01 18:34:35.799 1495 1495 I GameModeConfig: isGameModeOn = false
12-01 18:34:35.801 1495 1495 W NotificationHistory: Attempted to add notif for locked/gone/disabled user 0
12-01 18:34:35.833 1495 2417 I ActivityManager: Process com.qualcomm.qti.devicestatisticsservice (pid 2769) has died: pers PER
12-01 18:34:35.834 1495 2417 W ActivityManager: Scheduling restart of crashed service com.qualcomm.qti.devicestatisticsservice/.DeviceStatisticsService in 0ms for persistent
12-01 18:34:35.835 1495 2417 W ActivityManager: Re-adding persistent process ProcessRecord{8573193 2769:com.qualcomm.qti.devicestatisticsservice/u0a65}
12-01 18:34:35.836 1495 2417 D CompatibilityChangeReporter: Compat change id reported: 135634846; UID 10065; state: DISABLED
12-01 18:34:35.836 1495 2417 D CompatibilityChangeReporter: Compat change id reported: 177438394; UID 10065; state: DISABLED
12-01 18:34:35.836 1495 2417 D CompatibilityChangeReporter: Compat change id reported: 135772972; UID 10065; state: DISABLED
12-01 18:34:35.836 1495 2417 D CompatibilityChangeReporter: Compat change id reported: 135754954; UID 10065; state: ENABLED
12-01 18:34:35.837 1495 1611 D CompatibilityChangeReporter: Compat change id reported: 143937733; UID 10065; state: ENABLED
12-01 18:34:35.842 1495 1495 I NotificationService: Cannot find enqueued record for key: 0|android|13|PreBootBroadcaster|1000
12-01 18:34:35.843 1495 2278 D CompatibilityChangeReporter: Compat change id reported: 168419799; UID 10074; state: DISABLED
12-01 18:34:35.845 1495 1611 I ActivityManager: Start proc 3846:com.qualcomm.qti.devicestatisticsservice/u0a65 for restart com.qualcomm.qti.devicestatisticsservice
12-01 18:34:35.846 1495 1495 I NotificationService: Cannot find enqueued record for key: 0|android|13|PreBootBroadcaster|1000
12-01 18:34:35.864 1495 3622 D CompatibilityChangeReporter: Compat change id reported: 135634846; UID 1000; state: DISABLED
12-01 18:34:35.864 1495 3622 D CompatibilityChangeReporter: Compat change id reported: 177438394; UID 1000; state: DISABLED
12-01 18:34:35.864 1495 3622 D CompatibilityChangeReporter: Compat change id reported: 135772972; UID 1000; state: DISABLED
12-01 18:34:35.864 1495 3622 D CompatibilityChangeReporter: Compat change id reported: 135754954; UID 1000; state: ENABLED
12-01 18:34:35.873 1495 1611 I ActivityManager: Start proc 3865:com.qti.diagservices/1000 for broadcast {com.qti.diagservices/com.qti.diagservices.Diag_OnBoot}
12-01 18:34:35.928 3865 3865 W ContextImpl: Calling a method in the system process without a qualified user: android.app.ContextImpl.startService:1816 android.content.ContextWrapper.startService:774 android.content.ContextWrapper.startService:774 com.qti.diagservices.Diag_OnBoot.onReceive:40 android.app.ActivityThread.handleReceiver:4309
12-01 18:34:35.939 1495 1495 I Telecom : DefaultDialerCache: Refreshing default dialer for user 0: now null: DDC.oR@AA0
12-01 18:34:35.940 1495 1495 I Telecom : MissedCallNotifierImpl: reloadAfterBootComplete: user=0: TSBCR.oR@AA4
12-01 18:34:35.941 1495 1495 I Telecom : MissedCallNotifierImpl: reloadAfterBootComplete: user=0: TSBCR.oR@AA4
12-01 18:34:35.942 1495 1495 D CompatibilityChangeReporter: Compat change id reported: 135634846; UID 10066; state: DISABLED
12-01 18:34:35.942 1495 1495 D CompatibilityChangeReporter: Compat change id reported: 177438394; UID 10066; state: DISABLED
12-01 18:34:35.942 1495 1495 D CompatibilityChangeReporter: Compat change id reported: 135772972; UID 10066; state: DISABLED
12-01 18:34:35.942 1495 1495 D CompatibilityChangeReporter: Compat change id reported: 135754954; UID 10066; state: DISABLED
12-01 18:34:35.943 1495 1611 D CompatibilityChangeReporter: Compat change id reported: 143937733; UID 10066; state: DISABLED
12-01 18:34:35.961 1495 1611 I ActivityManager: Start proc 3890:com.android.calendar/u0a66 for broadcast {com.android.calendar/com.android.calendar.UpgradeReceiver}
12-01 18:34:35.992 1495 2417 D CompatibilityChangeReporter: Compat change id reported: 168419799; UID 10066; state: DISABLED
12-01 18:34:36.005 515 515 I vold : Bind mounting /mnt/runtime/default/emulated/0/Android/data on /mnt/user/0/emulated/0/Android/data
12-01 18:34:36.005 515 515 I vold : Bind mounted /mnt/runtime/default/emulated/0/Android/data on /mnt/user/0/emulated/0/Android/data
12-01 18:34:36.005 515 515 I vold : Bind mounting /mnt/runtime/default/emulated/0/Android/obb on /mnt/user/0/emulated/0/Android/obb
12-01 18:34:36.006 515 515 I vold : Bind mounted /mnt/runtime/default/emulated/0/Android/obb on /mnt/user/0/emulated/0/Android/obb
12-01 18:34:36.007 515 515 I vold : Bind mounting /mnt/runtime/write/emulated/0/Android/obb on /mnt/installer/0/emulated/0/Android/obb
12-01 18:34:36.008 515 515 I vold : Bind mounted /mnt/runtime/write/emulated/0/Android/obb on /mnt/installer/0/emulated/0/Android/obb
12-01 18:34:36.008 515 515 I vold : Configuring read_ahead of /mnt/user/0/emulated fuse filesystem to 256kb
12-01 18:34:36.008 515 515 I vold : Writing 256 to /sys/class/bdi/0:49/read_ahead_kb
12-01 18:34:36.008 515 515 I vold : Configuring max_ratio of /mnt/user/0/emulated fuse filesystem to 40
12-01 18:34:36.009 515 515 I vold : Writing 40 to /sys/class/bdi/0:49/max_ratio
12-01 18:34:36.009 1495 1994 I StorageManagerService: Mounted volume VolumeInfo{emulated;0}:
12-01 18:34:36.009 1495 1994 I StorageManagerService: type=EMULATED diskId=null partGuid= mountFlags=PRIMARY|VISIBLE
12-01 18:34:36.009 1495 1994 I StorageManagerService: mountUserId=0 state=MOUNTED
12-01 18:34:36.009 1495 1994 I StorageManagerService: fsType=null fsUuid=null fsLabel=null
12-01 18:34:36.009 1495 1994 I StorageManagerService: path=/storage/emulated internalPath=/data/media
12-01 18:34:36.010 1495 1994 I StorageSessionController: Notifying volume state changed for session with id: emulated;0
12-01 18:34:36.017 1495 1994 I StorageSessionController: Notifying volume state changed for session with id: emulated;0
12-01 18:34:36.033 1495 1994 I StorageSessionController: Notifying volume state changed for session with id: emulated;0
12-01 18:34:36.044 1495 1994 D StorageManagerService: Volume emulated;0 broadcasting checking to UserHandle{0}
12-01 18:34:36.044 1495 1994 D StorageManagerService: Volume emulated;0 broadcasting mounted to UserHandle{0}
12-01 18:34:36.089 1495 2404 D CompatibilityChangeReporter: Compat change id reported: 135634846; UID 10020; state: DISABLED
12-01 18:34:36.089 1495 2404 D CompatibilityChangeReporter: Compat change id reported: 177438394; UID 10020; state: DISABLED
12-01 18:34:36.089 1495 2404 D CompatibilityChangeReporter: Compat change id reported: 135772972; UID 10020; state: DISABLED
12-01 18:34:36.089 1495 2404 D CompatibilityChangeReporter: Compat change id reported: 135754954; UID 10020; state: ENABLED
12-01 18:34:36.090 1495 1611 D CompatibilityChangeReporter: Compat change id reported: 143937733; UID 10020; state: ENABLED
12-01 18:34:36.097 1495 1611 I ActivityManager: Start proc 3950:com.hryt.hiphishowfsecontrol/u0a20 for broadcast {com.hryt.hiphishowfsecontrol/com.hryt.hiphishowfsecontrol.receivers.HiPhiShowReceiver}
12-01 18:34:36.123 1495 2404 D CompatibilityChangeReporter: Compat change id reported: 168419799; UID 10020; state: DISABLED
12-01 18:34:36.249 1495 2417 D CompatibilityChangeReporter: Compat change id reported: 149924527; UID 10096; state: ENABLED
12-01 18:34:36.250 1495 2417 D CompatibilityChangeReporter: Compat change id reported: 132649864; UID 10096; state: DISABLED
12-01 18:34:36.250 1495 2417 D CompatibilityChangeReporter: Compat change id reported: 182734110; UID 10096; state: DISABLED
12-01 18:34:36.278 1495 3622 D CompatibilityChangeReporter: Compat change id reported: 135634846; UID 1000; state: DISABLED
12-01 18:34:36.278 1495 3622 D CompatibilityChangeReporter: Compat change id reported: 177438394; UID 1000; state: DISABLED
12-01 18:34:36.278 1495 3622 D CompatibilityChangeReporter: Compat change id reported: 135772972; UID 1000; state: DISABLED
12-01 18:34:36.278 1495 3622 D CompatibilityChangeReporter: Compat change id reported: 135754954; UID 1000; state: ENABLED
12-01 18:34:36.285 1495 1611 I ActivityManager: Start proc 4005:com.android.dynsystem/1000 for broadcast {com.android.dynsystem/com.android.dynsystem.BootCompletedReceiver}
12-01 18:34:36.297 1495 3622 D CompatibilityChangeReporter: Compat change id reported: 172100307; UID 10096; state: DISABLED
12-01 18:34:36.304 1495 3622 D CompatibilityChangeReporter: Compat change id reported: 168419799; UID 1000; state: DISABLED
12-01 18:34:36.380 1495 3622 D CompatibilityChangeReporter: Compat change id reported: 135634846; UID 1000; state: DISABLED
12-01 18:34:36.380 1495 3622 D CompatibilityChangeReporter: Compat change id reported: 177438394; UID 1000; state: DISABLED
12-01 18:34:36.380 1495 3622 D CompatibilityChangeReporter: Compat change id reported: 135772972; UID 1000; state: DISABLED
12-01 18:34:36.380 1495 3622 D CompatibilityChangeReporter: Compat change id reported: 135754954; UID 1000; state: ENABLED
12-01 18:34:36.387 1495 3376 D CompatibilityChangeReporter: Compat change id reported: 135634846; UID 10068; state: DISABLED
12-01 18:34:36.387 1495 3376 D CompatibilityChangeReporter: Compat change id reported: 177438394; UID 10068; state: DISABLED
12-01 18:34:36.387 1495 3376 D CompatibilityChangeReporter: Compat change id reported: 135772972; UID 10068; state: DISABLED
12-01 18:34:36.387 1495 3376 D CompatibilityChangeReporter: Compat change id reported: 135754954; UID 10068; state: DISABLED
12-01 18:34:36.389 1495 1611 I ActivityManager: Start proc 4025:com.android.dynsystem:dynsystem/1000 for service {com.android.dynsystem/com.android.dynsystem.DynamicSystemInstallationService}
12-01 18:34:36.390 1495 1611 D CompatibilityChangeReporter: Compat change id reported: 143937733; UID 10068; state: DISABLED
12-01 18:34:36.397 1495 1611 I ActivityManager: Start proc 4027:com.android.gallery3d/u0a68 for broadcast {com.android.gallery3d/com.android.camera.DisableCameraReceiver}
12-01 18:34:36.414 1495 3622 D CompatibilityChangeReporter: Compat change id reported: 168419799; UID 10068; state: DISABLED
12-01 18:34:36.532 1495 2278 I DynamicSystemService: isInstalled(): false
12-01 18:34:36.563 1495 3622 D CompatibilityChangeReporter: Compat change id reported: 135634846; UID 10069; state: DISABLED
12-01 18:34:36.563 1495 3622 D CompatibilityChangeReporter: Compat change id reported: 177438394; UID 10069; state: DISABLED
12-01 18:34:36.563 1495 3622 D CompatibilityChangeReporter: Compat change id reported: 135772972; UID 10069; state: DISABLED
12-01 18:34:36.563 1495 3622 D CompatibilityChangeReporter: Compat change id reported: 135754954; UID 10069; state: ENABLED
12-01 18:34:36.563 1495 1611 D CompatibilityChangeReporter: Compat change id reported: 143937733; UID 10069; state: ENABLED
12-01 18:34:36.571 1495 1611 I ActivityManager: Start proc 4062:com.android.inputmethod.latin/u0a69 for broadcast {com.android.inputmethod.latin/com.android.inputmethod.latin.SystemBroadcastReceiver}
12-01 18:34:36.592 1495 3622 D CompatibilityChangeReporter: Compat change id reported: 168419799; UID 10069; state: DISABLED
12-01 18:34:36.747 1495 3622 I ActivityManager: Process com.android.inputmethod.latin (pid 4062) has died: fg RCVR
12-01 18:34:36.750 1495 1610 D CompatibilityChangeReporter: Compat change id reported: 168419799; UID 10031; state: DISABLED
12-01 18:34:36.763 1495 3622 D CompatibilityChangeReporter: Compat change id reported: 168419799; UID 10017; state: DISABLED
12-01 18:34:36.769 1495 1588 D CompatibilityChangeReporter: Compat change id reported: 135634846; UID 10091; state: DISABLED
12-01 18:34:36.769 1495 1588 D CompatibilityChangeReporter: Compat change id reported: 177438394; UID 10091; state: DISABLED
12-01 18:34:36.769 1495 1588 D CompatibilityChangeReporter: Compat change id reported: 135772972; UID 10091; state: DISABLED
12-01 18:34:36.769 1495 1588 D CompatibilityChangeReporter: Compat change id reported: 135754954; UID 10091; state: ENABLED
12-01 18:34:36.770 1495 1611 D CompatibilityChangeReporter: Compat change id reported: 143937733; UID 10091; state: ENABLED
12-01 18:34:36.779 1495 1611 I ActivityManager: Start proc 4084:com.android.music/u0a91 for broadcast {com.android.music/com.android.music.MediaPlaybackReceiver}
12-01 18:34:36.793 1495 3622 D CompatibilityChangeReporter: Compat change id reported: 168419799; UID 10091; state: DISABLED
12-01 18:34:36.845 1495 3622 D CompatibilityChangeReporter: Compat change id reported: 135634846; UID 1027; state: DISABLED
12-01 18:34:36.852 1495 1611 I ActivityManager: Start proc 4100:com.android.nfc/1027 for broadcast {com.android.nfc/com.android.nfc.NfcBootCompletedReceiver}
12-01 18:34:36.875 1495 3622 D CompatibilityChangeReporter: Compat change id reported: 168419799; UID 1027; state: DISABLED
12-01 18:34:36.934 1495 1633 I ActivityManager: Killing 4100:com.android.nfc/1027 (adj 0): change com.android.nfc
12-01 18:34:36.938 1495 1599 D CompanionDeviceManagerService: onPackageModified(packageName = com.android.nfc)
12-01 18:34:36.940 1495 1610 D CompatibilityChangeReporter: Compat change id reported: 135634846; UID 10060; state: DISABLED
12-01 18:34:36.940 1495 1610 D CompatibilityChangeReporter: Compat change id reported: 177438394; UID 10060; state: DISABLED
12-01 18:34:36.940 1495 1610 D CompatibilityChangeReporter: Compat change id reported: 135772972; UID 10060; state: DISABLED
12-01 18:34:36.940 1495 1610 D CompatibilityChangeReporter: Compat change id reported: 135754954; UID 10060; state: ENABLED
12-01 18:34:36.940 1495 1611 D CompatibilityChangeReporter: Compat change id reported: 143937733; UID 10060; state: ENABLED
12-01 18:34:36.948 1495 1495 I Telecom : DefaultDialerCache: Refreshing default dialer for user 0: now null: DDC.oR@ABM
12-01 18:34:36.962 1495 1611 I ActivityManager: Start proc 4123:com.android.onetimeinitializer/u0a60 for broadcast {com.android.onetimeinitializer/com.android.onetimeinitializer.OneTimeInitializerReceiver}
12-01 18:34:36.979 1495 1588 D CompatibilityChangeReporter: Compat change id reported: 168419799; UID 10060; state: DISABLED
12-01 18:34:36.983 1495 1495 I Telecom : PhoneAccountRegistrar: getSimCallManager: SimCallManager for subId -1 queried, returning: null: TSI.gSCMFU@ABQ
12-01 18:34:36.986 1495 1495 I Telecom : PhoneAccountRegistrar: getSimCallManager: SimCallManager for subId -1 queried, returning: null: TSI.gSCMFU@ABU
12-01 18:34:36.998 1495 1608 W VoiceInteractionManager: no available voice recognition services found for user 0
12-01 18:34:37.030 1495 1588 V ActivityManager: Got obituary of 4100:com.android.nfc
12-01 18:34:37.032 4123 4138 E ActivityThread: Failed to find provider info for com.android.launcher2.settings
12-01 18:34:37.037 1495 1588 I ActivityManager: com.android.packageinstaller is exempt from freezer
12-01 18:34:37.038 1495 1588 D CompatibilityChangeReporter: Compat change id reported: 135634846; UID 10022; state: DISABLED
12-01 18:34:37.038 1495 1588 D CompatibilityChangeReporter: Compat change id reported: 177438394; UID 10022; state: DISABLED
12-01 18:34:37.038 1495 1588 D CompatibilityChangeReporter: Compat change id reported: 135772972; UID 10022; state: DISABLED
12-01 18:34:37.038 1495 1588 D CompatibilityChangeReporter: Compat change id reported: 135754954; UID 10022; state: ENABLED
12-01 18:34:37.038 1495 1611 D CompatibilityChangeReporter: Compat change id reported: 143937733; UID 10022; state: ENABLED
12-01 18:34:37.044 1495 1611 I ActivityManager: Start proc 4140:com.android.packageinstaller/u0a22 for broadcast {com.android.packageinstaller/com.android.packageinstaller.TemporaryFileManager}
12-01 18:34:37.062 1495 1588 D CompatibilityChangeReporter: Compat change id reported: 168419799; UID 10022; state: DISABLED
12-01 18:34:37.099 1495 2278 D CompatibilityChangeReporter: Compat change id reported: 168419799; UID 10095; state: DISABLED
12-01 18:34:37.122 1495 2278 D CompatibilityChangeReporter: Compat change id reported: 168419799; UID 10035; state: DISABLED
12-01 18:34:37.130 1495 1588 D CompatibilityChangeReporter: Compat change id reported: 171306433; UID 10035; state: ENABLED
12-01 18:34:37.147 1495 1588 D CompatibilityChangeReporter: Compat change id reported: 168419799; UID 1000; state: DISABLED
12-01 18:34:37.164 1495 1588 I ActivityManager: com.android.shell is exempt from freezer
12-01 18:34:37.164 1495 1588 D CompatibilityChangeReporter: Compat change id reported: 135634846; UID 2000; state: DISABLED
12-01 18:34:37.165 1495 1588 D CompatibilityChangeReporter: Compat change id reported: 177438394; UID 2000; state: DISABLED
12-01 18:34:37.165 1495 1588 D CompatibilityChangeReporter: Compat change id reported: 135772972; UID 2000; state: DISABLED
12-01 18:34:37.165 1495 1588 D CompatibilityChangeReporter: Compat change id reported: 135754954; UID 2000; state: ENABLED
12-01 18:34:37.175 1495 1611 I ActivityManager: Start proc 4161:com.android.shell/2000 for broadcast {com.android.shell/com.android.shell.HeapDumpReceiver}
12-01 18:34:37.210 1495 1588 D CompatibilityChangeReporter: Compat change id reported: 168419799; UID 2000; state: DISABLED
12-01 18:34:37.244 1495 1588 D CompatibilityChangeReporter: Compat change id reported: 135634846; UID 1001; state: DISABLED
12-01 18:34:37.244 1495 1588 D CompatibilityChangeReporter: Compat change id reported: 177438394; UID 1001; state: DISABLED
12-01 18:34:37.244 1495 1588 D CompatibilityChangeReporter: Compat change id reported: 135772972; UID 1001; state: DISABLED
12-01 18:34:37.244 1495 1588 D CompatibilityChangeReporter: Compat change id reported: 135754954; UID 1001; state: ENABLED
12-01 18:34:37.255 1495 1611 I Watchdog: Interesting Java process com.android.phone started. Pid 4178
12-01 18:34:37.255 1495 1611 I ActivityManager: Start proc 4178:com.android.phone/1001 for broadcast {com.android.stk/com.android.stk.BootCompletedReceiver}
12-01 18:34:37.334 1495 1588 W BroadcastQueue: Permission Denial: receiving Intent { act=android.intent.action.BOOT_COMPLETED flg=0x89000010 (has extras) } to com.baidu.input/.directboot.DirectBootReceiver requires android.permission.RECEIVE_BOOT_COMPLETED due to sender null (uid 1000)
12-01 18:34:37.334 1495 1610 W BroadcastQueue: Permission Denial: receiving Intent { act=android.intent.action.BOOT_COMPLETED flg=0x89000010 (has extras) } to com.baidu.input/.switchguide.InputMethodChangedReceiver requires android.permission.RECEIVE_BOOT_COMPLETED due to sender null (uid 1000)
12-01 18:34:37.336 1495 1610 D CompatibilityChangeReporter: Compat change id reported: 168419799; UID 10090; state: DISABLED
12-01 18:34:37.343 1495 1588 D CompatibilityChangeReporter: Compat change id reported: 135634846; UID 10080; state: DISABLED
12-01 18:34:37.344 1495 1588 D CompatibilityChangeReporter: Compat change id reported: 177438394; UID 10080; state: DISABLED
12-01 18:34:37.344 1495 1588 D CompatibilityChangeReporter: Compat change id reported: 135772972; UID 10080; state: DISABLED
12-01 18:34:37.344 1495 1588 D CompatibilityChangeReporter: Compat change id reported: 135754954; UID 10080; state: ENABLED
12-01 18:34:37.344 1495 1611 D CompatibilityChangeReporter: Compat change id reported: 143937733; UID 10080; state: ENABLED
12-01 18:34:37.354 1495 1611 I ActivityManager: Start proc 4195:com.qti.ltebc/u0a80 for broadcast {com.qti.ltebc/com.qualcomm.ltebc.LTEBroadcastBootReceiver}
12-01 18:34:37.361 1495 1588 D CompatibilityChangeReporter: Compat change id reported: 149924527; UID 10090; state: ENABLED
12-01 18:34:37.362 1495 1588 D CompatibilityChangeReporter: Compat change id reported: 132649864; UID 10090; state: DISABLED
12-01 18:34:37.384 1495 2278 D CompatibilityChangeReporter: Compat change id reported: 168419799; UID 10080; state: DISABLED
12-01 18:34:37.569 3267 4217 E ActivityThread: Failed to find provider info for com.tcl.xian.StartandroidService.MyContentProvider
12-01 18:34:37.732 1495 3263 D CompatibilityChangeReporter: Compat change id reported: 135634846; UID 1000; state: DISABLED
12-01 18:34:37.732 1495 3263 D CompatibilityChangeReporter: Compat change id reported: 177438394; UID 1000; state: DISABLED
12-01 18:34:37.732 1495 3263 D CompatibilityChangeReporter: Compat change id reported: 135772972; UID 1000; state: DISABLED
12-01 18:34:37.732 1495 3263 D CompatibilityChangeReporter: Compat change id reported: 135754954; UID 1000; state: ENABLED
12-01 18:34:37.743 1495 1611 I ActivityManager: Start proc 4236:com.android.localtransport/1000 for service {com.android.localtransport/com.android.localtransport.LocalTransportService}
12-01 18:34:37.795 1495 2417 D CompatibilityChangeReporter: Compat change id reported: 171306433; UID 10080; state: ENABLED
12-01 18:34:37.796 1495 1588 D CompatibilityChangeReporter: Compat change id reported: 168419799; UID 10053; state: DISABLED
12-01 18:34:37.804 1495 1495 I TransportClient: LocalTransportService#0: Notifying [TransportManager.registerTransport()] transport = IBackupTransport
12-01 18:34:37.805 1495 3376 D CompatibilityChangeReporter: Compat change id reported: 168419799; UID 10073; state: DISABLED
12-01 18:34:37.808 1495 3263 D BackupTransportManager: Transport com.android.localtransport/.LocalTransportService registered
12-01 18:34:37.809 1495 3263 D BackupManagerService: [UserID:0] Transport com.android.localtransport/.LocalTransport registered 3085ms after first request (delay = 3000ms)
12-01 18:34:37.825 1495 2417 D CompatibilityChangeReporter: Compat change id reported: 168419799; UID 10076; state: DISABLED
12-01 18:34:37.829 1495 2417 D CompatibilityChangeReporter: Compat change id reported: 168419799; UID 10086; state: DISABLED
12-01 18:34:37.833 1495 2417 D CompatibilityChangeReporter: Compat change id reported: 168419799; UID 10084; state: DISABLED
12-01 18:34:37.835 1495 2417 D CompatibilityChangeReporter: Compat change id reported: 168419799; UID 1000; state: DISABLED
12-01 18:34:37.836 1495 3376 I ActivityManager: Process com.qti.ltebc (pid 4195) has died: cch+5 CEM
12-01 18:34:37.840 1495 2417 D CompatibilityChangeReporter: Compat change id reported: 135634846; UID 10055; state: DISABLED
12-01 18:34:37.840 1495 1611 D CompatibilityChangeReporter: Compat change id reported: 143937733; UID 10055; state: DISABLED
12-01 18:34:37.855 1495 1602 D ColorDisplayService: NightDisplayTintController Animation cancelled: true to matrix:
12-01 18:34:37.855 1495 1602 D ColorDisplayService: 1.000000 0.000000 0.000000 0.000000 0.000000 1.000000 0.000000 0.000000 0.000000 0.000000 1.000000 0.000000 0.000000 0.000000 0.000000 1.000000 min matrix coefficients:
12-01 18:34:37.855 1495 1602 D ColorDisplayService: 1.000000 0.000000 0.000000 0.000000 0.000000 1.000000 0.000000 0.000000 0.000000 0.000000 1.000000 0.000000 0.000000 0.000000 0.000000 1.000000 max matrix coefficients:
12-01 18:34:37.855 1495 1602 D ColorDisplayService: 1.000000 0.000000 0.000000 0.000000 0.000000 1.000000 0.000000 0.000000 0.000000 0.000000 1.000000 0.000000 0.000000 0.000000 0.000000 1.000000
12-01 18:34:37.856 1495 1611 I ActivityManager: Start proc 4260:com.qualcomm.qti.qms.service.connectionsecurity/u0a55 for broadcast {com.qualcomm.qti.qms.service.connectionsecurity/com.qualcomm.qti.qms.service.connectionsecurity.ConnSecBroadcastReceiver}
12-01 18:34:37.891 1495 1588 D CompatibilityChangeReporter: Compat change id reported: 168419799; UID 10055; state: DISABLED
12-01 18:34:37.936 1495 2417 D CompatibilityChangeReporter: Compat change id reported: 168419799; UID 1001; state: DISABLED
12-01 18:34:37.940 1495 2417 D CompatibilityChangeReporter: Compat change id reported: 168419799; UID 10089; state: DISABLED
12-01 18:34:37.949 1495 1588 D CompatibilityChangeReporter: Compat change id reported: 168419799; UID 10087; state: DISABLED
12-01 18:34:37.994 1495 1588 D CompatibilityChangeReporter: Compat change id reported: 135634846; UID 1000; state: DISABLED
12-01 18:34:37.994 1495 1588 D CompatibilityChangeReporter: Compat change id reported: 177438394; UID 1000; state: DISABLED
12-01 18:34:37.994 1495 1588 D CompatibilityChangeReporter: Compat change id reported: 135772972; UID 1000; state: DISABLED
12-01 18:34:37.994 1495 1588 D CompatibilityChangeReporter: Compat change id reported: 135754954; UID 1000; state: ENABLED
12-01 18:34:38.001 1495 1611 I ActivityManager: Start proc 4281:com.thundercomm.gamemode/1000 for broadcast {com.thundercomm.gamemode/com.thundercomm.gamemode.ingame.services.BootCompletedReceiver}
12-01 18:34:38.118 1495 2417 D CompatibilityChangeReporter: Compat change id reported: 168419799; UID 1000; state: DISABLED
12-01 18:34:38.129 1495 2417 I ActivityManager: Finished processing BOOT_COMPLETED for u0
12-01 18:34:38.131 1495 2417 D CompatibilityChangeReporter: Compat change id reported: 168419799; UID 10024; state: DISABLED
12-01 18:34:38.154 1495 2417 D CompatibilityChangeReporter: Compat change id reported: 135634846; UID 10080; state: DISABLED
12-01 18:34:38.154 1495 2417 D CompatibilityChangeReporter: Compat change id reported: 177438394; UID 10080; state: DISABLED
12-01 18:34:38.154 1495 2417 D CompatibilityChangeReporter: Compat change id reported: 135772972; UID 10080; state: DISABLED
12-01 18:34:38.154 1495 2417 D CompatibilityChangeReporter: Compat change id reported: 135754954; UID 10080; state: ENABLED
12-01 18:34:38.154 1495 1611 D CompatibilityChangeReporter: Compat change id reported: 143937733; UID 10080; state: ENABLED
12-01 18:34:38.158 4281 4281 W ContextImpl: Calling a method in the system process without a qualified user: android.app.ContextImpl.startService:1816 android.content.ContextWrapper.startService:774 com.thundercomm.gamemode.ingame.services.GameModeActionUtils.startGameModeService:93 com.thundercomm.gamemode.ingame.services.GameModeActionUtils.startGameModeEntry:21 com.thundercomm.gamemode.ingame.services.ActivityMonitoringService$1.onActivityLaunch:127
12-01 18:34:38.164 1495 1611 I ActivityManager: Start proc 4306:com.qti.ltebc/u0a80 for broadcast {com.qti.ltebc/com.qualcomm.ltebc.LTEBroadcastReceiver}
12-01 18:34:38.168 1495 1495 I GameModeConfig: Current uri is uri = content://com.thundercomm.gamemode.api/gamemode_settings/gamemode_isgaming
12-01 18:34:38.170 1495 1495 I GameModeConfig: isGameModeOn = false
12-01 18:34:38.170 1495 1495 I GameModeConfig: isGameModeOn = false
12-01 18:34:38.170 1495 1495 I GameModeConfig: isDisableVoice = true
12-01 18:34:38.171 1495 2298 I GameModeConfig: isGameModeOn = false
12-01 18:34:38.171 1495 2298 I GameModeConfig: isGameModeOn = false
12-01 18:34:38.171 1495 2298 I GameModeConfig: isGameModeOn = false
12-01 18:34:38.173 1495 3376 D CompatibilityChangeReporter: Compat change id reported: 168419799; UID 10080; state: DISABLED
12-01 18:34:38.547 1495 1588 I ActivityManager: Process com.qti.ltebc (pid 4306) has died: fg RCVR
12-01 18:34:38.554 1495 1610 D CompatibilityChangeReporter: Compat change id reported: 168419799; UID 10068; state: DISABLED
