01-01 08:06:00.936 1495 1495 I SystemServiceManager: Starting com.android.server.gpu.GpuService
01-01 08:06:00.936 1495 1495 I SystemServerTiming: startOtherServices
01-01 08:06:00.937 1495 1495 I SystemServerTiming: StartKeyAttestationApplicationIdProviderService
01-01 08:06:00.937 1495 1694 I SystemServerTimingAsync: InitThreadPoolExec:SecondaryZygotePreload
01-01 08:06:00.937 1495 1694 I SystemServer: SecondaryZygotePreload
01-01 08:06:00.937 1495 1694 I SystemServerTimingAsync: SecondaryZygotePreload
01-01 08:06:00.937 1495 1495 I SystemServerTiming: StartKeyChainSystemService
01-01 08:06:00.937 1495 1495 I SystemServiceManager: Starting com.android.server.security.KeyChainSystemService
01-01 08:06:00.938 1495 1495 I SystemServerTiming: StartSchedulingPolicyService
01-01 08:06:00.938 1495 1695 I SystemServerTimingAsync: InitThreadPoolExec:SchedulingPolicyService.
01-01 08:06:00.938 1495 1495 I SystemServerTiming: StartTelecomLoaderService
01-01 08:06:00.938 1495 1495 I SystemServiceManager: Starting com.android.server.telecom.TelecomLoaderService
01-01 08:06:00.939 1495 1495 I SystemServerTiming: StartTelephonyRegistry
01-01 08:06:00.940 1495 1495 I SystemServerTiming: StartEntropyMixer
01-01 08:06:00.941 1495 1495 W EntropyMixer: No existing entropy file -- first boot?
01-01 08:06:00.942 1495 1495 I EntropyMixer: Writing entropy...
01-01 08:06:00.943 1495 1495 I SystemServerTiming: StartAccountManagerService
01-01 08:06:00.943 1495 1495 I SystemServiceManager: Starting com.android.server.accounts.AccountManagerService$Lifecycle
01-01 08:06:00.946 1495 1495 I SystemServerTiming: StartContentService
01-01 08:06:00.946 1495 1495 I SystemServiceManager: Starting com.android.server.content.ContentService$Lifecycle
01-01 08:06:00.947 1495 1495 I SystemServerTiming: InstallSystemProviders
01-01 08:06:01.006 1495 1677 I PackageManager: Deferred reconcileAppsData finished 112 packages
01-01 08:06:01.087 1495 1495 W SettingsState: No settings state /data/system/users/0/settings_system.xml
01-01 08:06:01.090 1495 1495 I SettingsState: directory info for directory/file /data/system/users/0/settings_system.xml with stacktrace
01-01 08:06:01.090 1495 1495 I SettingsState: java.lang.Exception
01-01 08:06:01.090 1495 1495 I SettingsState: at com.android.providers.settings.SettingsState.logSettingsDirectoryInformation(SettingsState.java:877)
01-01 08:06:01.090 1495 1495 I SettingsState: at com.android.providers.settings.SettingsState.readStateSyncLocked(SettingsState.java:1008)
01-01 08:06:01.090 1495 1495 I SettingsState: at com.android.providers.settings.SettingsState.(SettingsState.java:283)
01-01 08:06:01.090 1495 1495 I SettingsState: at com.android.providers.settings.SettingsProvider$SettingsRegistry.ensureSettingsStateLocked(SettingsProvider.java:2883)
01-01 08:06:01.090 1495 1495 I SettingsState: at com.android.providers.settings.SettingsProvider$SettingsRegistry.migrateLegacySettingsForUserLocked(SettingsProvider.java:3250)
01-01 08:06:01.090 1495 1495 I SettingsState: at com.android.providers.settings.SettingsProvider$SettingsRegistry.migrateAllLegacySettingsIfNeededLocked(SettingsProvider.java:3216)
01-01 08:06:01.090 1495 1495 I SettingsState: at com.android.providers.settings.SettingsProvider$SettingsRegistry.access$000(SettingsProvider.java:2666)
01-01 08:06:01.090 1495 1495 I SettingsState: at com.android.providers.settings.SettingsProvider.onCreate(SettingsProvider.java:395)
01-01 08:06:01.090 1495 1495 I SettingsState: at android.content.ContentProvider.attachInfo(ContentProvider.java:2404)
01-01 08:06:01.090 1495 1495 I SettingsState: at android.content.ContentProvider.attachInfo(ContentProvider.java:2374)
01-01 08:06:01.090 1495 1495 I SettingsState: at android.app.ActivityThread.installProvider(ActivityThread.java:7463)
01-01 08:06:01.090 1495 1495 I SettingsState: at android.app.ActivityThread.installContentProviders(ActivityThread.java:6980)
01-01 08:06:01.090 1495 1495 I SettingsState: at android.app.ActivityThread.installSystemProviders(ActivityThread.java:7650)
01-01 08:06:01.090 1495 1495 I SettingsState: at com.android.server.am.ContentProviderHelper.installSystemProviders(ContentProviderHelper.java:1247)
01-01 08:06:01.090 1495 1495 I SettingsState: at com.android.server.SystemServer.startOtherServices(SystemServer.java:1440)
01-01 08:06:01.090 1495 1495 I SettingsState: at com.android.server.SystemServer.run(SystemServer.java:884)
01-01 08:06:01.090 1495 1495 I SettingsState: at com.android.server.SystemServer.main(SystemServer.java:615)
01-01 08:06:01.090 1495 1495 I SettingsState: at java.lang.reflect.Method.invoke(Native Method)
01-01 08:06:01.090 1495 1495 I SettingsState: at com.android.internal.os.RuntimeInit$MethodAndArgsCaller.run(RuntimeInit.java:548)
01-01 08:06:01.090 1495 1495 I SettingsState: at com.android.internal.os.ZygoteInit.main(ZygoteInit.java:987)
01-01 08:06:01.090 1495 1495 I SettingsState: ancestor directory /data/system/users/0 exists
01-01 08:06:01.090 1495 1495 I SettingsState: ancestor directory /data/system/users/0 permissions: r: true w: true x: true
01-01 08:06:01.090 1495 1495 I SettingsState: ancestor's parent directory /data/system/users permissions: r: true w: true x: true
01-01 08:06:01.091 1495 1495 W SettingsState: No settings state /data/system/users/0/settings_secure.xml
01-01 08:06:01.092 1495 1495 I SettingsState: directory info for directory/file /data/system/users/0/settings_secure.xml with stacktrace
01-01 08:06:01.092 1495 1495 I SettingsState: java.lang.Exception
01-01 08:06:01.092 1495 1495 I SettingsState: at com.android.providers.settings.SettingsState.logSettingsDirectoryInformation(SettingsState.java:877)
01-01 08:06:01.092 1495 1495 I SettingsState: at com.android.providers.settings.SettingsState.readStateSyncLocked(SettingsState.java:1008)
01-01 08:06:01.092 1495 1495 I SettingsState: at com.android.providers.settings.SettingsState.(SettingsState.java:283)
01-01 08:06:01.092 1495 1495 I SettingsState: at com.android.providers.settings.SettingsProvider$SettingsRegistry.ensureSettingsStateLocked(SettingsProvider.java:2883)
01-01 08:06:01.092 1495 1495 I SettingsState: at com.android.providers.settings.SettingsProvider$SettingsRegistry.migrateLegacySettingsForUserLocked(SettingsProvider.java:3259)
01-01 08:06:01.092 1495 1495 I SettingsState: at com.android.providers.settings.SettingsProvider$SettingsRegistry.migrateAllLegacySettingsIfNeededLocked(SettingsProvider.java:3216)
01-01 08:06:01.092 1495 1495 I SettingsState: at com.android.providers.settings.SettingsProvider$SettingsRegistry.access$000(SettingsProvider.java:2666)
01-01 08:06:01.092 1495 1495 I SettingsState: at com.android.providers.settings.SettingsProvider.onCreate(SettingsProvider.java:395)
01-01 08:06:01.092 1495 1495 I SettingsState: at android.content.ContentProvider.attachInfo(ContentProvider.java:2404)
01-01 08:06:01.092 1495 1495 I SettingsState: at android.content.ContentProvider.attachInfo(ContentProvider.java:2374)
01-01 08:06:01.092 1495 1495 I SettingsState: at android.app.ActivityThread.installProvider(ActivityThread.java:7463)
01-01 08:06:01.092 1495 1495 I SettingsState: at android.app.ActivityThread.installContentProviders(ActivityThread.java:6980)
01-01 08:06:01.092 1495 1495 I SettingsState: at android.app.ActivityThread.installSystemProviders(ActivityThread.java:7650)
01-01 08:06:01.092 1495 1495 I SettingsState: at com.android.server.am.ContentProviderHelper.installSystemProviders(ContentProviderHelper.java:1247)
01-01 08:06:01.092 1495 1495 I SettingsState: at com.android.server.SystemServer.startOtherServices(SystemServer.java:1440)
01-01 08:06:01.092 1495 1495 I SettingsState: at com.android.server.SystemServer.run(SystemServer.java:884)
01-01 08:06:01.092 1495 1495 I SettingsState: at com.android.server.SystemServer.main(SystemServer.java:615)
01-01 08:06:01.092 1495 1495 I SettingsState: at java.lang.reflect.Method.invoke(Native Method)
01-01 08:06:01.092 1495 1495 I SettingsState: at com.android.internal.os.RuntimeInit$MethodAndArgsCaller.run(RuntimeInit.java:548)
01-01 08:06:01.092 1495 1495 I SettingsState: at com.android.internal.os.ZygoteInit.main(ZygoteInit.java:987)
01-01 08:06:01.092 1495 1495 I SettingsState: ancestor directory /data/system/users/0 exists
01-01 08:06:01.092 1495 1495 I SettingsState: ancestor directory /data/system/users/0 permissions: r: true w: true x: true
01-01 08:06:01.092 1495 1495 I SettingsState: ancestor's parent directory /data/system/users permissions: r: true w: true x: true
01-01 08:06:01.093 1495 1495 D SettingsProvider: Generated and saved new ANDROID_ID [a82bfb0ad91bed1b] for user 0
01-01 08:06:01.093 1495 1495 W SettingsState: No settings state /data/system/users/0/settings_global.xml
01-01 08:06:01.093 1495 1495 I SettingsState: directory info for directory/file /data/system/users/0/settings_global.xml with stacktrace
01-01 08:06:01.093 1495 1495 I SettingsState: java.lang.Exception
01-01 08:06:01.093 1495 1495 I SettingsState: at com.android.providers.settings.SettingsState.logSettingsDirectoryInformation(SettingsState.java:877)
01-01 08:06:01.093 1495 1495 I SettingsState: at com.android.providers.settings.SettingsState.readStateSyncLocked(SettingsState.java:1008)
01-01 08:06:01.093 1495 1495 I SettingsState: at com.android.providers.settings.SettingsState.(SettingsState.java:283)
01-01 08:06:01.093 1495 1495 I SettingsState: at com.android.providers.settings.SettingsProvider$SettingsRegistry.ensureSettingsStateLocked(SettingsProvider.java:2883)
01-01 08:06:01.093 1495 1495 I SettingsState: at com.android.providers.settings.SettingsProvider$SettingsRegistry.migrateLegacySettingsForUserLocked(SettingsProvider.java:3270)
01-01 08:06:01.093 1495 1495 I SettingsState: at com.android.providers.settings.SettingsProvider$SettingsRegistry.migrateAllLegacySettingsIfNeededLocked(SettingsProvider.java:3216)
01-01 08:06:01.093 1495 1495 I SettingsState: at com.android.providers.settings.SettingsProvider$SettingsRegistry.access$000(SettingsProvider.java:2666)
01-01 08:06:01.093 1495 1495 I SettingsState: at com.android.providers.settings.SettingsProvider.onCreate(SettingsProvider.java:395)
01-01 08:06:01.093 1495 1495 I SettingsState: at android.content.ContentProvider.attachInfo(ContentProvider.java:2404)
01-01 08:06:01.093 1495 1495 I SettingsState: at android.content.ContentProvider.attachInfo(ContentProvider.java:2374)
01-01 08:06:01.093 1495 1495 I SettingsState: at android.app.ActivityThread.installProvider(ActivityThread.java:7463)
01-01 08:06:01.093 1495 1495 I SettingsState: at android.app.ActivityThread.installContentProviders(ActivityThread.java:6980)
01-01 08:06:01.093 1495 1495 I SettingsState: at android.app.ActivityThread.installSystemProviders(ActivityThread.java:7650)
01-01 08:06:01.093 1495 1495 I SettingsState: at com.android.server.am.ContentProviderHelper.installSystemProviders(ContentProviderHelper.java:1247)
01-01 08:06:01.093 1495 1495 I SettingsState: at com.android.server.SystemServer.startOtherServices(SystemServer.java:1440)
01-01 08:06:01.093 1495 1495 I SettingsState: at com.android.server.SystemServer.run(SystemServer.java:884)
01-01 08:06:01.093 1495 1495 I SettingsState: at com.android.server.SystemServer.main(SystemServer.java:615)
01-01 08:06:01.093 1495 1495 I SettingsState: at java.lang.reflect.Method.invoke(Native Method)
01-01 08:06:01.093 1495 1495 I SettingsState: at com.android.internal.os.RuntimeInit$MethodAndArgsCaller.run(RuntimeInit.java:548)
01-01 08:06:01.093 1495 1495 I SettingsState: at com.android.internal.os.ZygoteInit.main(ZygoteInit.java:987)
01-01 08:06:01.093 1495 1495 I SettingsState: ancestor directory /data/system/users/0 exists
01-01 08:06:01.093 1495 1495 I SettingsState: ancestor directory /data/system/users/0 permissions: r: true w: true x: true
01-01 08:06:01.094 1495 1495 I SettingsState: ancestor's parent directory /data/system/users permissions: r: true w: true x: true
01-01 08:06:01.096 1495 1495 D SettingsProvider: Setting [] as Autofill Service for user 0
01-01 08:06:01.108 1495 1599 W ActivityTaskManager: Skip updateConfiguration because mWindowManager isn't set
01-01 08:06:01.110 1495 1495 W SettingsState: No settings state /data/system/users/0/settings_config.xml
01-01 08:06:01.110 1495 1495 I SettingsState: directory info for directory/file /data/system/users/0/settings_config.xml with stacktrace
01-01 08:06:01.110 1495 1495 I SettingsState: java.lang.Exception
01-01 08:06:01.110 1495 1495 I SettingsState: at com.android.providers.settings.SettingsState.logSettingsDirectoryInformation(SettingsState.java:877)
01-01 08:06:01.110 1495 1495 I SettingsState: at com.android.providers.settings.SettingsState.readStateSyncLocked(SettingsState.java:1008)
01-01 08:06:01.110 1495 1495 I SettingsState: at com.android.providers.settings.SettingsState.(SettingsState.java:283)
01-01 08:06:01.110 1495 1495 I SettingsState: at com.android.providers.settings.SettingsProvider$SettingsRegistry.ensureSettingsStateLocked(SettingsProvider.java:2883)
01-01 08:06:01.110 1495 1495 I SettingsState: at com.android.providers.settings.SettingsProvider$SettingsRegistry.ensureSettingsForUserLocked(SettingsProvider.java:2848)
01-01 08:06:01.110 1495 1495 I SettingsState: at com.android.providers.settings.SettingsProvider$SettingsRegistry.peekSettingsStateLocked(SettingsProvider.java:3191)
01-01 08:06:01.110 1495 1495 I SettingsState: at com.android.providers.settings.SettingsProvider$SettingsRegistry.getSettingsNamesLocked(SettingsProvider.java:2813)
01-01 08:06:01.110 1495 1495 I SettingsState: at com.android.providers.settings.SettingsProvider$SettingsRegistry.syncSsaidTableOnStartLocked(SettingsProvider.java:2796)
01-01 08:06:01.110 1495 1495 I SettingsState: at com.android.providers.settings.SettingsProvider$SettingsRegistry.access$100(SettingsProvider.java:2666)
01-01 08:06:01.110 1495 1495 I SettingsState: at com.android.providers.settings.SettingsProvider.onCreate(SettingsProvider.java:396)
01-01 08:06:01.110 1495 1495 I SettingsState: at android.content.ContentProvider.attachInfo(ContentProvider.java:2404)
01-01 08:06:01.110 1495 1495 I SettingsState: at android.content.ContentProvider.attachInfo(ContentProvider.java:2374)
01-01 08:06:01.110 1495 1495 I SettingsState: at android.app.ActivityThread.installProvider(ActivityThread.java:7463)
01-01 08:06:01.110 1495 1495 I SettingsState: at android.app.ActivityThread.installContentProviders(ActivityThread.java:6980)
01-01 08:06:01.110 1495 1495 I SettingsState: at android.app.ActivityThread.installSystemProviders(ActivityThread.java:7650)
01-01 08:06:01.110 1495 1495 I SettingsState: at com.android.server.am.ContentProviderHelper.installSystemProviders(ContentProviderHelper.java:1247)
01-01 08:06:01.110 1495 1495 I SettingsState: at com.android.server.SystemServer.startOtherServices(SystemServer.java:1440)
01-01 08:06:01.110 1495 1495 I SettingsState: at com.android.server.SystemServer.run(SystemServer.java:884)
01-01 08:06:01.110 1495 1495 I SettingsState: at com.android.server.SystemServer.main(SystemServer.java:615)
01-01 08:06:01.110 1495 1495 I SettingsState: at java.lang.reflect.Method.invoke(Native Method)
01-01 08:06:01.110 1495 1495 I SettingsState: at com.android.internal.os.RuntimeInit$MethodAndArgsCaller.run(RuntimeInit.java:548)
01-01 08:06:01.110 1495 1495 I SettingsState: at com.android.internal.os.ZygoteInit.main(ZygoteInit.java:987)
01-01 08:06:01.110 1495 1495 I SettingsState: ancestor directory /data/system/users/0 exists
01-01 08:06:01.110 1495 1495 I SettingsState: ancestor directory /data/system/users/0 permissions: r: true w: true x: true
01-01 08:06:01.110 1495 1495 I SettingsState: ancestor's parent directory /data/system/users permissions: r: true w: true x: true
01-01 08:06:01.111 1495 1495 W SettingsState: No settings state /data/system/users/0/settings_ssaid.xml
01-01 08:06:01.111 1495 1495 I SettingsState: directory info for directory/file /data/system/users/0/settings_ssaid.xml with stacktrace
01-01 08:06:01.111 1495 1495 I SettingsState: java.lang.Exception
01-01 08:06:01.111 1495 1495 I SettingsState: at com.android.providers.settings.SettingsState.logSettingsDirectoryInformation(SettingsState.java:877)
01-01 08:06:01.111 1495 1495 I SettingsState: at com.android.providers.settings.SettingsState.readStateSyncLocked(SettingsState.java:1008)
01-01 08:06:01.111 1495 1495 I SettingsState: at com.android.providers.settings.SettingsState.(SettingsState.java:283)
01-01 08:06:01.111 1495 1495 I SettingsState: at com.android.providers.settings.SettingsProvider$SettingsRegistry.ensureSettingsStateLocked(SettingsProvider.java:2883)
01-01 08:06:01.111 1495 1495 I SettingsState: at com.android.providers.settings.SettingsProvider$SettingsRegistry.ensureSettingsForUserLocked(SettingsProvider.java:2871)
01-01 08:06:01.111 1495 1495 I SettingsState: at com.android.providers.settings.SettingsProvider$SettingsRegistry.peekSettingsStateLocked(SettingsProvider.java:3191)
01-01 08:06:01.111 1495 1495 I SettingsState: at com.android.providers.settings.SettingsProvider$SettingsRegistry.getSettingsNamesLocked(SettingsProvider.java:2813)
01-01 08:06:01.111 1495 1495 I SettingsState: at com.android.providers.settings.SettingsProvider$SettingsRegistry.syncSsaidTableOnStartLocked(SettingsProvider.java:2796)
01-01 08:06:01.111 1495 1495 I SettingsState: at com.android.providers.settings.SettingsProvider$SettingsRegistry.access$100(SettingsProvider.java:2666)
01-01 08:06:01.111 1495 1495 I SettingsState: at com.android.providers.settings.SettingsProvider.onCreate(SettingsProvider.java:396)
01-01 08:06:01.111 1495 1495 I SettingsState: at android.content.ContentProvider.attachInfo(ContentProvider.java:2404)
01-01 08:06:01.111 1495 1495 I SettingsState: at android.content.ContentProvider.attachInfo(ContentProvider.java:2374)
01-01 08:06:01.111 1495 1495 I SettingsState: at android.app.ActivityThread.installProvider(ActivityThread.java:7463)
01-01 08:06:01.111 1495 1495 I SettingsState: at android.app.ActivityThread.installContentProviders(ActivityThread.java:6980)
01-01 08:06:01.111 1495 1495 I SettingsState: at android.app.ActivityThread.installSystemProviders(ActivityThread.java:7650)
01-01 08:06:01.111 1495 1495 I SettingsState: at com.android.server.am.ContentProviderHelper.installSystemProviders(ContentProviderHelper.java:1247)
01-01 08:06:01.111 1495 1495 I SettingsState: at com.android.server.SystemServer.startOtherServices(SystemServer.java:1440)
01-01 08:06:01.111 1495 1495 I SettingsState: at com.android.server.SystemServer.run(SystemServer.java:884)
01-01 08:06:01.111 1495 1495 I SettingsState: at com.android.server.SystemServer.main(SystemServer.java:615)
01-01 08:06:01.111 1495 1495 I SettingsState: at java.lang.reflect.Method.invoke(Native Method)
01-01 08:06:01.111 1495 1495 I SettingsState: at com.android.internal.os.RuntimeInit$MethodAndArgsCaller.run(RuntimeInit.java:548)
01-01 08:06:01.111 1495 1495 I SettingsState: at com.android.internal.os.ZygoteInit.main(ZygoteInit.java:987)
01-01 08:06:01.111 1495 1495 I SettingsState: ancestor directory /data/system/users/0 exists
01-01 08:06:01.111 1495 1495 I SettingsState: ancestor directory /data/system/users/0 permissions: r: true w: true x: true
01-01 08:06:01.111 1495 1495 I SettingsState: ancestor's parent directory /data/system/users permissions: r: true w: true x: true
01-01 08:06:01.122 1495 1610 D ActivityManager: Freezer enabled
01-01 08:06:01.122 1495 1610 D ActivityManager: freezer override set to false
01-01 08:06:01.123 1495 1495 I SystemServerTiming: StartDropBoxManager
01-01 08:06:01.123 1495 1495 I SystemServiceManager: Starting com.android.server.DropBoxManagerService
01-01 08:06:01.124 1495 1495 I SystemServerTiming: StartRoleManagerService
01-01 08:06:01.125 1495 1495 I SystemServiceManager: Starting com.android.role.RoleService
01-01 08:06:01.127 1495 1495 I SystemServerTiming: StartVibratorManagerService
01-01 08:06:01.127 1495 1495 I SystemServiceManager: Starting com.android.server.vibrator.VibratorManagerService$Lifecycle
01-01 08:06:01.133 1495 1495 I SystemServerTiming: StartDynamicSystemService
01-01 08:06:01.133 1495 1495 I SystemServerTiming: StartConsumerIrService
01-01 08:06:01.134 1495 1495 I SystemServerTiming: StartAlarmManagerService
01-01 08:06:01.134 1495 1495 I SystemServiceManager: Starting com.android.server.alarm.AlarmManagerService
01-01 08:06:01.139 1495 1495 I AlarmManager: Current time only 361139, advancing to build time 1669890861000
12-01 18:34:21.001 1495 1495 I SystemServerTiming: StartInputManagerService
12-01 18:34:21.001 1495 1495 I InputManager: Initializing input manager, mUseDevInputEventForAudioJack=true
12-01 18:34:21.016 1495 1495 I SystemServerTiming: DeviceStateManagerService
12-01 18:34:21.016 1495 1495 I SystemServiceManager: Starting com.android.server.devicestate.DeviceStateManagerService
12-01 18:34:21.708 1495 1589 V HistoricalRegistry: Interaction before persistence initialized
12-01 18:34:21.738 1156 1156 W iorapd : Readahead disabled by system property
12-01 18:34:21.738 1156 1156 W iorapd : Reconnect to package manager service: 1 times
12-01 18:34:21.748 1752 1752 D iorap.prefetcherd: Installing minijail
12-01 18:34:21.748 1752 1752 W iorap.prefetcherd: No seccomp filter defined for this architecture.
12-01 18:34:21.842 1495 1588 E PowerManagerService: Tried to acquire wake lock for invalid display: 0
12-01 18:34:21.843 1495 1610 I DropBoxManagerService: add tag=system_server_wtf isTagEnabled=true flags=0x2
12-01 18:34:22.739 1156 1156 I iorapd : iorapd (the prefetchening) readied up
12-01 18:34:25.725 1495 1495 I SystemServerTiming: StartCameraServiceProxy
12-01 18:34:25.725 1495 1495 I SystemServiceManager: Starting com.android.server.camera.CameraServiceProxy
12-01 18:34:25.725 1495 1495 I SystemServerTiming: StartWindowManagerService
12-01 18:34:25.725 1495 1495 I SystemServiceManager: Starting phase 200
12-01 18:34:25.725 1495 1495 I SystemServerTiming: OnBootPhase_200
12-01 18:34:25.725 1495 1495 I SystemServerTiming: OnBootPhase_200_com.android.server.security.FileIntegrityService
12-01 18:34:25.725 1495 1495 I SystemServerTiming: OnBootPhase_200_com.android.server.pm.Installer
12-01 18:34:25.725 1495 1495 I SystemServerTiming: OnBootPhase_200_com.android.server.os.DeviceIdentifiersPolicyService
12-01 18:34:25.725 1495 1495 I SystemServerTiming: OnBootPhase_200_com.android.server.uri.UriGrantsManagerService$Lifecycle
12-01 18:34:25.725 1495 1495 I SystemServerTiming: OnBootPhase_200_com.android.server.powerstats.PowerStatsService
12-01 18:34:25.725 1495 1495 I SystemServerTiming: OnBootPhase_200_com.android.server.wm.ActivityTaskManagerService$Lifecycle
12-01 18:34:25.725 1495 1495 I SystemServerTiming: OnBootPhase_200_com.android.server.am.ActivityManagerService$Lifecycle
12-01 18:34:25.725 1495 1495 I SystemServerTiming: OnBootPhase_200_com.android.server.pm.DataLoaderManagerService
12-01 18:34:25.725 1495 1495 I SystemServerTiming: OnBootPhase_200_com.android.server.power.PowerManagerService
12-01 18:34:25.725 1495 1495 I SystemServerTiming: OnBootPhase_200_com.android.server.power.ThermalManagerService
12-01 18:34:25.725 1495 1495 I SystemServerTiming: OnBootPhase_200_com.android.server.power.hint.HintManagerService
12-01 18:34:25.725 1495 1495 I SystemServerTiming: OnBootPhase_200_com.android.server.recoverysystem.RecoverySystemService$Lifecycle
12-01 18:34:25.725 1495 1495 I SystemServerTiming: OnBootPhase_200_com.android.server.lights.LightsService
12-01 18:34:25.725 1495 1495 I SystemServerTiming: OnBootPhase_200_com.android.server.display.DisplayManagerService
12-01 18:34:25.725 1495 1495 I SystemServerTiming: OnBootPhase_200_com.android.server.pm.verify.domain.DomainVerificationService
12-01 18:34:25.726 1495 1495 I SystemServerTiming: OnBootPhase_200_com.android.server.pm.PackageInstallerService$Lifecycle
12-01 18:34:25.726 1495 1495 I SystemServerTiming: OnBootPhase_200_com.android.server.pm.UserManagerService$LifeCycle
12-01 18:34:25.726 1495 1495 I SystemServerTiming: OnBootPhase_200_com.android.server.om.OverlayManagerService
12-01 18:34:25.726 1495 1495 I SystemServerTiming: OnBootPhase_200_com.android.server.SensorPrivacyService
12-01 18:34:25.726 1495 1495 I SystemServerTiming: OnBootPhase_200_com.android.server.sensors.SensorService
12-01 18:34:25.726 1495 1495 I SystemServerTiming: OnBootPhase_200_com.android.server.SystemConfigService
12-01 18:34:25.726 1495 1495 I SystemServerTiming: OnBootPhase_200_com.android.server.BatteryService
12-01 18:34:25.726 1495 1495 I SystemServerTiming: OnBootPhase_200_com.android.server.usage.UsageStatsService
12-01 18:34:25.726 1495 1495 I SystemServerTiming: OnBootPhase_200_com.android.server.webkit.WebViewUpdateService
12-01 18:34:25.726 1495 1495 I SystemServerTiming: OnBootPhase_200_com.android.server.CachedDeviceStateService
12-01 18:34:25.726 1495 1495 I SystemServerTiming: OnBootPhase_200_com.android.server.BinderCallsStatsService$LifeCycle
12-01 18:34:25.726 1495 1495 I SystemServerTiming: OnBootPhase_200_com.android.server.LooperStatsService$Lifecycle
12-01 18:34:25.726 1495 1495 I SystemServerTiming: OnBootPhase_200_com.android.server.rollback.RollbackManagerService
12-01 18:34:25.726 1495 1495 I SystemServerTiming: OnBootPhase_200_com.android.server.os.NativeTombstoneManagerService
12-01 18:34:25.726 1495 1495 I SystemServerTiming: OnBootPhase_200_com.android.server.os.BugreportManagerService
12-01 18:34:25.726 1495 1495 I SystemServerTiming: OnBootPhase_200_com.android.server.gpu.GpuService
12-01 18:34:25.726 1495 1495 I SystemServerTiming: OnBootPhase_200_com.android.server.security.KeyChainSystemService
12-01 18:34:25.726 1495 1495 I SystemServerTiming: OnBootPhase_200_com.android.server.telecom.TelecomLoaderService
12-01 18:34:25.726 1495 1495 I SystemServerTiming: OnBootPhase_200_com.android.server.accounts.AccountManagerService$Lifecycle
12-01 18:34:25.726 1495 1495 I SystemServerTiming: OnBootPhase_200_com.android.server.content.ContentService$Lifecycle
12-01 18:34:25.726 1495 1495 I SystemServerTiming: OnBootPhase_200_com.android.server.DropBoxManagerService
12-01 18:34:25.726 1495 1495 I SystemServerTiming: OnBootPhase_200_com.android.role.RoleService
12-01 18:34:25.726 1495 1495 I SystemServerTiming: OnBootPhase_200_com.android.server.vibrator.VibratorManagerService$Lifecycle
12-01 18:34:25.726 1495 1495 I SystemServerTiming: OnBootPhase_200_com.android.server.alarm.AlarmManagerService
12-01 18:34:25.726 1495 1495 I SystemServerTiming: OnBootPhase_200_com.android.server.devicestate.DeviceStateManagerService
12-01 18:34:25.726 1495 1495 I SystemServerTiming: OnBootPhase_200_com.android.server.camera.CameraServiceProxy
12-01 18:34:25.726 1495 1495 I WindowManager: No existing display settings, starting empty
12-01 18:34:25.726 1495 1495 I WindowManager: No existing display settings, starting empty
12-01 18:34:25.731 1495 1495 I SystemServerTiming: SetWindowManagerService
12-01 18:34:25.741 1495 1495 I ActivityTaskManager: Loaded persisted task ids for user 0
12-01 18:34:25.742 1495 1495 I SystemServerTiming: WindowManagerServiceOnInitReady
12-01 18:34:25.746 1495 1495 I SystemServerTiming: StartInputManager
12-01 18:34:25.746 1495 1495 I InputManager: Starting input manager
12-01 18:34:25.746 1495 1980 I SystemServerTimingAsync: InitThreadPoolExec:StartHidlServices
12-01 18:34:25.746 1495 1980 I SystemServerTimingAsync: StartHidlServices
12-01 18:34:25.747 1495 1495 I SystemServerTiming: DisplayManagerWindowManagerAndInputReady
12-01 18:34:25.747 1495 1495 I SystemServerTiming: StartBluetoothService
12-01 18:34:25.747 1495 1495 I SystemServiceManager: Starting com.android.server.BluetoothService
12-01 18:34:25.748 1495 1602 I LogicalDisplayMapper: Requesting Transition to state: 0
12-01 18:34:25.748 1495 1602 I LogicalDisplayMapper: Applying layout: [{addr: {port=129, model=0x40446d3026322d}, dispId: 0(ON)}], Previous layout: [{addr: {port=129, model=0x40446d3026322d}, dispId: 0(ON)}]
12-01 18:34:25.748 1495 1495 D BluetoothManagerService: Loading stored name and address
12-01 18:34:25.748 1495 1495 D BluetoothManagerService: Stored bluetooth Name=null,Address=null
12-01 18:34:25.748 1495 1495 D BluetoothManagerService: Bluetooth persisted state: 1
12-01 18:34:25.748 1495 1495 D BluetoothManagerService: Startup: Bluetooth persisted state is ON.
12-01 18:34:25.748 1495 1495 D BluetoothManagerService: Detected SystemUiUid: 10082
12-01 18:34:25.748 1495 1495 I SystemServerTiming: IpConnectivityMetrics
12-01 18:34:25.748 1495 1495 I SystemServiceManager: Starting com.android.server.connectivity.IpConnectivityMetrics
12-01 18:34:25.748 1495 1495 I SystemServerTiming: NetworkWatchlistService
12-01 18:34:25.748 1495 1495 I SystemServiceManager: Starting com.android.server.net.watchlist.NetworkWatchlistService$Lifecycle
12-01 18:34:25.750 1495 1990 I WatchlistLoggingHandler: Start aggregating watchlist records.
12-01 18:34:25.750 1495 1495 I SystemServerTiming: PinnerService
12-01 18:34:25.750 1495 1495 I SystemServiceManager: Starting com.android.server.PinnerService
12-01 18:34:25.751 1495 1495 V HistoricalRegistry: Interaction before persistence initialized
12-01 18:34:25.751 1495 1495 I SystemServerTiming: IorapForwardingService
12-01 18:34:25.751 1495 1495 I SystemServiceManager: Starting com.google.android.startop.iorap.IorapForwardingService
12-01 18:34:25.751 1495 1608 D PinnerService: pinRangeStream: null
12-01 18:34:25.752 1495 1495 W BackgroundDexOptService: SysProp pm.dexopt.downgrade_after_inactive_days not set
12-01 18:34:25.752 1495 1495 I SystemServiceManager: Starting com.android.server.ActivityTriggerService
12-01 18:34:25.752 1495 1495 I ActivityTriggerService: Starting ActivityTriggerService
12-01 18:34:25.753 1495 1608 D PinnerService: pinRangeStream: null
12-01 18:34:25.754 1495 1608 D PinnerService: pinRangeStream: null
12-01 18:34:25.754 1495 1495 I SystemServerTiming: SignedConfigService
12-01 18:34:25.754 1495 1495 I SystemServerTiming: AppIntegrityService
12-01 18:34:25.754 1495 1495 I SystemServiceManager: Starting com.android.server.integrity.AppIntegrityManagerService
12-01 18:34:25.755 1495 1608 D PinnerService: pinRangeStream: null
12-01 18:34:25.759 1495 1495 I WindowManager: SAFE MODE not enabled
12-01 18:34:25.759 1495 1495 I SystemServerTiming: StartInputMethodManagerLifecycle
12-01 18:34:25.759 1495 1495 I SystemServiceManager: Starting com.android.server.inputmethod.InputMethodManagerService$Lifecycle
12-01 18:34:25.760 1495 1495 I SystemServerTiming: StartAccessibilityManagerService
12-01 18:34:25.760 1495 1495 I SystemServiceManager: Starting com.android.server.accessibility.AccessibilityManagerService$Lifecycle
12-01 18:34:25.763 1495 1495 I SystemServerTiming: MakeDisplayReady
12-01 18:34:25.764 1495 1495 I ActivityTaskManager: Config changes=20005df8 {1.0 ?mcc?mnc [zh_CN] ldltr sw680dp w1586dp h584dp 240dpi lrg long land ?uimode ?night -touch -keyb/v/h -nav/h winConfig={ mBounds=Rect(0, 0 - 2380, 1020) mAppBounds=Rect(0, 0 - 2380, 948) mMaxBounds=Rect(0, 0 - 2380, 1020) mWindowingMode=fullscreen mDisplayWindowingMode=fullscreen mActivityType=undefined mAlwaysOnTop=undefined mRotation=ROTATION_0} s.2 ?fontWeightAdjustment}
12-01 18:34:25.764 1495 1495 I WindowManager: Override config changes=60007dfc {1.0 ?mcc?mnc [zh_CN] ldltr sw680dp w1586dp h584dp 240dpi lrg long land ?uimode ?night -touch -keyb/v/h -nav/h winConfig={ mBounds=Rect(0, 0 - 2380, 1020) mAppBounds=Rect(0, 0 - 2380, 948) mMaxBounds=Rect(0, 0 - 2380, 1020) mWindowingMode=fullscreen mDisplayWindowingMode=fullscreen mActivityType=undefined mAlwaysOnTop=undefined mRotation=ROTATION_0} s.2 ?fontWeightAdjustment} for displayId=0
12-01 18:34:25.765 1495 1608 D PinnerService: pinRangeStream: null
12-01 18:34:25.765 1495 1608 D PinnerService: pinRangeStream: null
12-01 18:34:25.766 1495 1608 D PinnerService: pinRangeStream: null
12-01 18:34:25.766 1495 1495 I ActivityTaskManager: Config changes=8 {1.0 ?mcc?mnc [zh_CN] ldltr sw680dp w1586dp h584dp 240dpi lrg long land ?uimode ?night finger -keyb/v/h -nav/h winConfig={ mBounds=Rect(0, 0 - 2380, 1020) mAppBounds=Rect(0, 0 - 2380, 948) mMaxBounds=Rect(0, 0 - 2380, 1020) mWindowingMode=fullscreen mDisplayWindowingMode=fullscreen mActivityType=undefined mAlwaysOnTop=undefined mRotation=ROTATION_0} s.4 ?fontWeightAdjustment}
12-01 18:34:25.767 1495 1495 I WindowManager: Override config changes=8 {1.0 ?mcc?mnc [zh_CN] ldltr sw680dp w1586dp h584dp 240dpi lrg long land ?uimode ?night finger -keyb/v/h -nav/h winConfig={ mBounds=Rect(0, 0 - 2380, 1020) mAppBounds=Rect(0, 0 - 2380, 948) mMaxBounds=Rect(0, 0 - 2380, 1020) mWindowingMode=fullscreen mDisplayWindowingMode=fullscreen mActivityType=undefined mAlwaysOnTop=undefined mRotation=ROTATION_0} s.4 ?fontWeightAdjustment} for displayId=0
12-01 18:34:25.767 1495 1495 I SystemServerTiming: StartStorageManagerService
12-01 18:34:25.767 1495 1495 I SystemServiceManager: Starting com.android.server.StorageManagerService$Lifecycle
12-01 18:34:25.771 1495 1608 D PinnerService: pinRangeStream: null
12-01 18:34:25.771 1495 1994 D StorageManagerService: Thinking about init, mBootCompleted=false, mDaemonConnected=true
12-01 18:34:25.771 1495 1994 D StorageManagerService: Thinking about reset, mBootCompleted=false, mDaemonConnected=true
12-01 18:34:25.771 1495 1495 D StorageManagerService: CE storage for users [0] is already unlocked
12-01 18:34:25.772 1495 1495 I SystemServerTiming: StartStorageStatsService
12-01 18:34:25.772 1495 1495 I SystemServiceManager: Starting com.android.server.usage.StorageStatsService$Lifecycle
12-01 18:34:25.772 1495 1994 D StorageManagerService: Thinking about init, mBootCompleted=false, mDaemonConnected=true
12-01 18:34:25.772 1495 1994 D StorageManagerService: Thinking about reset, mBootCompleted=false, mDaemonConnected=true
12-01 18:34:25.773 1495 1608 D PinnerService: pinRangeStream: null
12-01 18:34:25.773 1495 1608 D PinnerService: pinRangeStream: null
12-01 18:34:25.774 1495 1608 D PinnerService: pinRangeStream: null
12-01 18:34:25.774 1495 1608 D PinnerService: pinRangeStream: null
12-01 18:34:25.774 1495 1608 E PinnerService: Could not pin file /system/lib64/libsurfaceflinger.so
12-01 18:34:25.774 1495 1608 E PinnerService: android.system.ErrnoException: open failed: ENOENT (No such file or directory)
12-01 18:34:25.774 1495 1608 E PinnerService: at libcore.io.Linux.open(Native Method)
12-01 18:34:25.774 1495 1608 E PinnerService: at libcore.io.ForwardingOs.open(ForwardingOs.java:567)
12-01 18:34:25.774 1495 1608 E PinnerService: at libcore.io.BlockGuardOs.open(BlockGuardOs.java:273)
12-01 18:34:25.774 1495 1608 E PinnerService: at android.system.Os.open(Os.java:501)
12-01 18:34:25.774 1495 1608 E PinnerService: at com.android.server.PinnerService.pinFileRanges(PinnerService.java:939)
12-01 18:34:25.774 1495 1608 E PinnerService: at com.android.server.PinnerService.pinFile(PinnerService.java:814)
12-01 18:34:25.774 1495 1608 E PinnerService: at com.android.server.PinnerService.handlePinOnStart(PinnerService.java:273)
12-01 18:34:25.774 1495 1608 E PinnerService: at com.android.server.PinnerService.access$1600(PinnerService.java:91)
12-01 18:34:25.774 1495 1608 E PinnerService: at com.android.server.PinnerService$PinnerHandler.handleMessage(PinnerService.java:1183)
12-01 18:34:25.774 1495 1608 E PinnerService: at android.os.Handler.dispatchMessage(Handler.java:106)
12-01 18:34:25.774 1495 1608 E PinnerService: at android.os.Looper.loopOnce(Looper.java:201)
12-01 18:34:25.774 1495 1608 E PinnerService: at android.os.Looper.loop(Looper.java:288)
12-01 18:34:25.774 1495 1608 E PinnerService: at android.os.HandlerThread.run(HandlerThread.java:67)
12-01 18:34:25.774 1495 1608 E PinnerService: Failed to pin file = /system/lib64/libsurfaceflinger.so
12-01 18:34:25.775 1495 1495 I SystemServerTiming: StartUiModeManager
12-01 18:34:25.775 1495 1495 I SystemServiceManager: Starting com.android.server.UiModeManagerService
12-01 18:34:25.776 1495 1995 I SystemServerTimingAsync: InitThreadPoolExec:UiModeManager.onStart
12-01 18:34:25.776 1495 1495 I SystemServerTiming: UpdatePackagesIfNeeded
12-01 18:34:25.776 1495 1495 I Watchdog: Pausing HandlerChecker: main thread for reason: dexopt. Pause count: 1
12-01 18:34:27.838 1495 1990 I WatchlistLoggingHandler: Milliseconds spent on tryAggregateRecords(): 2088
12-01 18:34:30.970 1495 1751 W OverlayManager: service 'idmap' died
12-01 18:34:32.212 1495 1495 I Watchdog: Resuming HandlerChecker: main thread for reason: dexopt. Pause count: 0
12-01 18:34:32.212 1495 1495 I SystemServerTiming: PerformFstrimIfNeeded
12-01 18:34:32.212 1495 1495 W PackageManager: No disk maintenance in 1669890872212; running immediately
12-01 18:34:32.212 1495 1495 I SystemServerTiming: StartLockSettingsService
12-01 18:34:32.212 1495 1994 I StorageManagerService: Running fstrim idle maintenance
12-01 18:34:32.212 1495 1495 I SystemServiceManager: Starting com.android.server.locksettings.LockSettingsService$Lifecycle
12-01 18:34:32.213 515 2277 D vold : Starting trim of /metadata
12-01 18:34:32.214 515 2277 I vold : Trimmed 7716864 bytes on /metadata in 0ms
12-01 18:34:32.214 515 2277 D vold : Starting trim of /data
12-01 18:34:32.214 515 2277 I vold : Trimmed 0 bytes on /data in 0ms
12-01 18:34:32.214 515 2277 D vold : Starting trim of /mnt/vendor/persist
12-01 18:34:32.214 1495 1751 I DropBoxManagerService: add tag=storage_trim isTagEnabled=true flags=0x2
12-01 18:34:32.214 515 2277 I vold : Trimmed 23883776 bytes on /mnt/vendor/persist in 0ms
12-01 18:34:32.214 515 2277 D vold : Starting trim of /mnt/vendor/spunvm
12-01 18:34:32.214 515 2277 W vold : Failed to open /mnt/vendor/spunvm: Permission denied
12-01 18:34:32.215 1495 1751 I DropBoxManagerService: add tag=storage_trim isTagEnabled=true flags=0x2
12-01 18:34:32.215 1495 1589 I DropBoxManagerService: add tag=storage_trim isTagEnabled=true flags=0x2
12-01 18:34:32.216 1495 1495 I SystemServerTiming: StartPersistentDataBlock
12-01 18:34:32.217 1495 1495 I SystemServiceManager: Starting com.android.server.PersistentDataBlockService
12-01 18:34:32.217 1495 1495 I SystemServerTiming: StartTestHarnessMode
12-01 18:34:32.217 1495 1495 I SystemServiceManager: Starting com.android.server.testharness.TestHarnessModeService
12-01 18:34:32.217 1495 2280 I SystemServerTimingAsync: InitThreadPoolExec:PersistentDataBlockService.onStart
12-01 18:34:32.217 1495 1495 I SystemServerTiming: StartOemLockService
12-01 18:34:32.217 1495 1495 I SystemServiceManager: Starting com.android.server.oemlock.OemLockService
12-01 18:34:32.217 1495 1495 I OemLock : OemLock HAL not present on device
12-01 18:34:32.217 1495 1495 I OemLock : Using persistent data block based lock
12-01 18:34:32.218 1495 1495 I SystemServerTiming: StartDeviceIdleController
12-01 18:34:32.218 1495 1495 I SystemServiceManager: Starting com.android.server.DeviceIdleController
12-01 18:34:32.218 1495 2280 E PersistentDataBlockService: not able to find package com.google.android.gms
12-01 18:34:32.218 1495 2280 E PersistentDataBlockService: android.content.pm.PackageManager$NameNotFoundException: com.google.android.gms
12-01 18:34:32.218 1495 2280 E PersistentDataBlockService: at android.app.ApplicationPackageManager.getPackageUidAsUser(ApplicationPackageManager.java:364)
12-01 18:34:32.218 1495 2280 E PersistentDataBlockService: at com.android.server.PersistentDataBlockService.getAllowedUid(PersistentDataBlockService.java:162)
12-01 18:34:32.218 1495 2280 E PersistentDataBlockService: at com.android.server.PersistentDataBlockService.lambda$onStart$0$PersistentDataBlockService(PersistentDataBlockService.java:176)
12-01 18:34:32.218 1495 2280 E PersistentDataBlockService: at com.android.server.PersistentDataBlockService$$ExternalSyntheticLambda0.run(Unknown Source:2)
12-01 18:34:32.218 1495 2280 E PersistentDataBlockService: at com.android.server.SystemServerInitThreadPool.lambda$submitTask$0$SystemServerInitThreadPool(SystemServerInitThreadPool.java:105)
12-01 18:34:32.218 1495 2280 E PersistentDataBlockService: at com.android.server.SystemServerInitThreadPool$$ExternalSyntheticLambda0.run(Unknown Source:6)
12-01 18:34:32.218 1495 2280 E PersistentDataBlockService: at java.util.concurrent.Executors$RunnableAdapter.call(Executors.java:462)
12-01 18:34:32.218 1495 2280 E PersistentDataBlockService: at java.util.concurrent.FutureTask.run(FutureTask.java:266)
12-01 18:34:32.218 1495 2280 E PersistentDataBlockService: at java.util.concurrent.ThreadPoolExecutor.runWorker(ThreadPoolExecutor.java:1167)
12-01 18:34:32.218 1495 2280 E PersistentDataBlockService: at java.util.concurrent.ThreadPoolExecutor$Worker.run(ThreadPoolExecutor.java:641)
12-01 18:34:32.218 1495 2280 E PersistentDataBlockService: at com.android.internal.util.ConcurrentUtils$1$1.run(ConcurrentUtils.java:65)
12-01 18:34:32.219 1495 1495 I SystemServerTiming: StartDevicePolicyManager
12-01 18:34:32.219 1495 1495 I SystemServiceManager: Starting com.android.server.devicepolicy.DevicePolicyManagerService$Lifecycle
12-01 18:34:32.220 1495 1495 I SystemServerTiming: StartStatusBarManagerService
12-01 18:34:32.221 1495 1495 D SystemServer: MusicRecognitionManagerService not defined by OEM or disabled by flag
12-01 18:34:32.221 1495 1495 D SystemServer: ContentCaptureService disabled because resource is not overlaid
12-01 18:34:32.221 1495 1495 D SystemServer: AttentionService is not configured on this device
12-01 18:34:32.221 1495 1495 D SystemServer: RotationResolverService is not configured on this device
12-01 18:34:32.221 1495 1495 D SystemServer: SystemCaptionsManagerService disabled because resource is not overlaid
12-01 18:34:32.221 1495 1495 I SystemServerTiming: StartTextToSpeechManagerService
12-01 18:34:32.221 1495 1495 I SystemServiceManager: Starting com.android.server.texttospeech.TextToSpeechManagerService
12-01 18:34:32.221 1495 1495 I SystemServerTiming: StartSpeechRecognitionManagerService
12-01 18:34:32.221 1495 1495 I SystemServiceManager: Starting com.android.server.speech.SpeechRecognitionManagerService
12-01 18:34:32.222 1495 1495 D SystemServer: AppPredictionService not defined by OEM
12-01 18:34:32.222 1495 1495 D SystemServer: ContentSuggestionsService not defined by OEM
12-01 18:34:32.222 1495 1495 I SystemServerTiming: StartSearchUiService
12-01 18:34:32.222 1495 1495 I SystemServiceManager: Starting com.android.server.searchui.SearchUiManagerService
12-01 18:34:32.222 1495 1495 I SystemServerTiming: StartSmartspaceService
12-01 18:34:32.222 1495 1495 I SystemServiceManager: Starting com.android.server.smartspace.SmartspaceManagerService
12-01 18:34:32.222 1495 1495 I SystemServerTiming: InitConnectivityModuleConnector
12-01 18:34:32.222 1495 1495 D ConnectivityModuleConnector: Network stack init
12-01 18:34:32.223 1495 1495 I SystemServerTiming: InitNetworkStackClient
12-01 18:34:32.223 1495 1495 I SystemServerTiming: StartNetworkManagementService
12-01 18:34:32.225 1495 1495 I SystemServerTiming: StartIpSecService
12-01 18:34:32.226 1495 1495 I SystemServerTiming: StartFontManagerService
12-01 18:34:32.279 1495 1495 I SystemServerTiming: StartTextServicesManager
12-01 18:34:32.279 1495 1495 I SystemServiceManager: Starting com.android.server.textservices.TextServicesManagerService$Lifecycle
12-01 18:34:32.280 1495 1495 I SystemServerTiming: StartTextClassificationManagerService
12-01 18:34:32.280 1495 1495 I SystemServiceManager: Starting com.android.server.textclassifier.TextClassificationManagerService$Lifecycle
12-01 18:34:32.280 1495 1495 I SystemServerTiming: StartNetworkScoreService
12-01 18:34:32.280 1495 1495 I SystemServiceManager: Starting com.android.server.NetworkScoreService$Lifecycle
12-01 18:34:32.281 1495 1495 I SystemServerTiming: StartNetworkStatsService
12-01 18:34:32.281 1495 1495 I SystemServerTiming: StartNetworkPolicyManagerService
12-01 18:34:32.282 1495 1495 I SystemServerTiming: StartWifi
12-01 18:34:32.299 1495 1495 I SystemServiceManager: Starting com.android.server.wifi.WifiService
12-01 18:34:32.358 1186 1186 I wificond: New wificond event callback registered
12-01 18:34:32.362 1495 1495 V HistoricalRegistry: Interaction before persistence initialized
12-01 18:34:32.366 1495 1495 I SystemServerTiming: StartWifiScanning
12-01 18:34:32.367 1495 1495 I SystemServiceManager: Starting com.android.server.wifi.scanner.WifiScanningService
12-01 18:34:32.368 1495 1495 I SystemServerTiming: StartRttService
12-01 18:34:32.369 1495 1495 I SystemServiceManager: Starting com.android.server.wifi.rtt.RttService
12-01 18:34:32.369 1495 1495 I SystemServerTiming: StartWifiAware
12-01 18:34:32.369 1495 1495 I SystemServiceManager: Starting com.android.server.wifi.aware.WifiAwareService
12-01 18:34:32.370 1495 1495 I SystemServerTiming: StartWifiP2P
12-01 18:34:32.370 1495 1495 I SystemServiceManager: Starting com.android.server.wifi.p2p.WifiP2pService
12-01 18:34:32.374 1495 1495 I SystemServerTiming: StartEthernet
12-01 18:34:32.374 1495 1495 I SystemServiceManager: Starting com.android.server.ethernet.EthernetService
12-01 18:34:32.374 1495 1495 I SystemServerTiming: StartPacProxyService
12-01 18:34:32.375 1495 1495 I SystemServerTiming: StartConnectivityService
12-01 18:34:32.386 1495 1495 I SystemServiceManager: Starting com.android.server.ConnectivityServiceInitializer
12-01 18:34:32.408 1495 1495 D CompatibilityChangeReporter: Compat change id reported: 182478738; UID 1000; state: ENABLED
12-01 18:34:32.411 1495 1495 I SystemServerTiming: StartVpnManagerService
12-01 18:34:32.412 1495 1495 I SystemServerTiming: StartVcnManagementService
12-01 18:34:32.413 1495 1495 I SystemServerTiming: StartNsdService
12-01 18:34:32.413 1495 1495 D NsdService: Network service discovery is enabled
12-01 18:34:32.414 1495 1495 I SystemServerTiming: StartSystemUpdateManagerService
12-01 18:34:32.414 1495 1495 I SystemUpdateManagerService: No existing info file /data/system/system-update-info.xml
12-01 18:34:32.414 1495 1495 I SystemServerTiming: StartUpdateLockService
12-01 18:34:32.414 1495 1495 I SystemServerTiming: StartNotificationManager
12-01 18:34:32.414 1495 1495 I SystemServiceManager: Starting com.android.server.notification.NotificationManagerService
12-01 18:34:32.417 1495 1495 D ConditionProviders.SCP: new ScheduleConditionProvider()
12-01 18:34:32.418 1495 1495 I ConditionProviders: Allowing condition provider com.android.camera2 (userSet: true)
12-01 18:34:32.418 1495 1495 I ConditionProviders: Allowing condition provider android.ext.services/android.ext.services.notification.Assistant (userSet: true)
12-01 18:34:32.418 1495 1495 I NotificationAssistants: Allowing notification assistant android.ext.services/android.ext.services.notification.Assistant (userSet: false)
12-01 18:34:32.418 1495 1495 V NotificationAssistants: enabling notification assistant for 0: ComponentInfo{android.ext.services/android.ext.services.notification.Assistant}
12-01 18:34:32.419 1495 1495 V NotificationAssistants: binding: Intent { act=android.service.notification.NotificationAssistantService cmp=android.ext.services/.notification.Assistant (has extras) }
12-01 18:34:32.419 1495 1495 I GameModeConfig: isGameModeOn cache is null
12-01 18:34:32.420 1495 1495 I GameModeConfig: isGameModeOn = false
12-01 18:34:32.420 1495 1495 D CompatibilityChangeReporter: Compat change id reported: 157233955; UID 1000; state: ENABLED
12-01 18:34:32.428 1495 1495 I SystemServerTiming: StartDeviceMonitor
12-01 18:34:32.428 1495 1495 I SystemServiceManager: Starting com.android.server.storage.DeviceStorageMonitorService
12-01 18:34:32.429 1495 1495 I SystemServerTiming: StartLocationManagerService
12-01 18:34:32.429 1495 1495 I SystemServiceManager: Starting com.android.server.location.LocationManagerService$Lifecycle
12-01 18:34:32.430 1495 1495 I SystemServerTiming: StartCountryDetectorService
12-01 18:34:32.430 1495 1495 I SystemServerTiming: StartTimeDetectorService
12-01 18:34:32.430 1495 1495 I SystemServiceManager: Starting com.android.server.timedetector.TimeDetectorService$Lifecycle
12-01 18:34:32.431 1495 1495 I SystemServerTiming: StartTimeZoneDetectorService
12-01 18:34:32.431 1495 1495 I SystemServiceManager: Starting com.android.server.timezonedetector.TimeZoneDetectorService$Lifecycle
12-01 18:34:32.431 1495 1495 I SystemServerTiming: StartLocationTimeZoneManagerService
12-01 18:34:32.431 1495 1495 I SystemServiceManager: Starting com.android.server.timezonedetector.location.LocationTimeZoneManagerService$Lifecycle
12-01 18:34:32.432 1495 1495 I SystemServerTiming: StartSearchManagerService
12-01 18:34:32.432 1495 1495 I SystemServiceManager: Starting com.android.server.search.SearchManagerService$Lifecycle
12-01 18:34:32.432 1495 1495 I SystemServerTiming: StartWallpaperManagerService
12-01 18:34:32.432 1495 1495 I SystemServiceManager: Starting com.android.server.wallpaper.WallpaperManagerService$Lifecycle
12-01 18:34:32.432 1495 1495 I SystemServerTiming: StartAudioService
12-01 18:34:32.432 1495 1495 I SystemServiceManager: Starting com.android.server.audio.AudioService$Lifecycle
12-01 18:34:32.485 1495 1495 I SystemServerTiming: StartSoundTriggerMiddlewareService
12-01 18:34:32.485 1495 1495 I SystemServiceManager: Starting com.android.server.soundtrigger_middleware.SoundTriggerMiddlewareService$Lifecycle
12-01 18:34:32.487 1495 1495 I SystemServerTiming: StartDockObserver
12-01 18:34:32.487 1495 1495 I SystemServiceManager: Starting com.android.server.DockObserver
12-01 18:34:32.488 1495 1495 W DockObserver: This kernel does not have dock station support
12-01 18:34:32.488 1495 1495 I SystemServerTiming: StartWiredAccessoryManager
12-01 18:34:32.488 1495 1495 W WiredAccessoryManager: This kernel does not have usb audio support
12-01 18:34:32.488 1495 1495 W WiredAccessoryManager: This kernel does not have HDMI audio support
