--------- beginning of crash
01-01 08:05:52.263 504 504 F libc : Fatal signal 6 (SIGABRT), code -1 (SI_QUEUE) in tid 504 (init), pid 504 (init)
01-01 08:05:52.274 504 504 F libc : crash_dump helper failed to exec, or was killed --------- beginning of system
01-01 08:05:52.324 513 553 I QISL : QSEE Interrupt Service Listener Thread is started
01-01 08:05:52.325 513 553 I QISL : QSEE Interrupt Service Listener was activated successfully
01-01 08:05:52.326 513 513 D SPL : Call QSEECom_register_listener()
01-01 08:05:52.326 513 513 D SPL : Registered listener sucessfully!
01-01 08:05:52.326 513 513 D SPL : pipe read-fd [32] write-fd [33]
01-01 08:05:52.326 513 513 D SPL : Create thread
01-01 08:05:52.326 513 513 D SPL : Thread created sucessfully.
01-01 08:05:52.327 513 554 D SPL : spl_dispatch() started
01-01 08:05:52.327 513 554 D SPL : ==== Wait For Request ======
01-01 08:05:52.327 515 515 I vold : Vold 3.0 (the awakening) firing up
01-01 08:05:52.328 515 515 D vold : Detected support for: ext4 f2fs vfat
01-01 08:05:52.329 515 515 D vold : Found unmanaged dm device named system_ext_a
01-01 08:05:52.329 515 515 D vold : Found unmanaged dm device named odm_a
01-01 08:05:52.329 515 515 D vold : Found unmanaged dm device named system_a
01-01 08:05:52.329 515 515 D vold : Found unmanaged dm device named vendor-verity
01-01 08:05:52.329 515 515 D vold : Found unmanaged dm device named vendor_a
01-01 08:05:52.329 515 515 D vold : Found unmanaged dm device named system_ext-verity
01-01 08:05:52.329 515 515 D vold : Found unmanaged dm device named odm-verity
01-01 08:05:52.329 515 515 D vold : Found unmanaged dm device named product-verity
01-01 08:05:52.329 515 515 D vold : Found unmanaged dm device named system-verity
01-01 08:05:52.329 515 515 D vold : Found unmanaged dm device named product_a
01-01 08:05:52.329 515 515 I vold : [libfs_mgr]dt_fstab: Skip disabled entry for partition vendor
01-01 08:05:52.329 515 515 I vold : [libfs_mgr]GetFstabPath()fstab_path:/odm/etc/fstab.default
01-01 08:05:52.329 515 515 I vold : [libfs_mgr]GetFstabPath()fstab_path:/vendor/etc/fstab.default
01-01 08:05:52.329 515 515 I vold : [libfs_mgr]GetFstabPath()fstab_path:/system/etc/fstab.default
01-01 08:05:52.329 515 515 I vold : [libfs_mgr]GetFstabPath()fstab_path:/first_stage_ramdisk/system/etc/fstab.default
01-01 08:05:52.329 515 515 I vold : [libfs_mgr]GetFstabPath()fstab_path:/fstab.default
01-01 08:05:52.329 515 515 I vold : [libfs_mgr]GetFstabPath()fstab_path:/first_stage_ramdisk/fstab.default
01-01 08:05:52.330 515 515 I vold : [libfs_mgr]GetFstabPath()fstab_path:/odm/etc/fstab.qcom
01-01 08:05:52.330 515 515 I vold : [libfs_mgr]GetFstabPath()fstab_path:/vendor/etc/fstab.qcom
01-01 08:05:52.330 515 515 I vold : [libfs_mgr]GetFstabPath()fstab_path.c_str():/vendor/etc/fstab.qcom
01-01 08:05:52.331 515 515 D vold : VoldNativeService::start() completed OK
01-01 08:05:52.388 562 562 D spdaemon: Firmware Name [spss2p].
01-01 08:05:52.388 562 562 D spdaemon: Prod FW.
01-01 08:05:52.388 562 562 D spdaemon: firmware_type [p].
01-01 08:05:52.388 562 562 D spdaemon: open() file [/sys/devices/soc0/machine] Failed, ret =-1.
01-01 08:05:52.388 562 562 D spdaemon: soc_type 1048576
01-01 08:05:52.388 562 562 E iardb : [iar_db_get_iar_state] failed to open file /mnt/vendor/spunvm/iar_db/iar_state.bin [13] [Permission denied]
01-01 08:05:52.388 562 562 D iarlib : [iar_get_state] Can't get iar_state, return DISABLED
01-01 08:05:52.389 562 562 I spdaemon: IAR is not activated
01-01 08:05:52.389 562 562 D spdaemon: ------ going to start SP From kernel ------
01-01 08:05:52.389 562 562 I spcomlib: [spcom_restart_sp_subsystem] restart_sp starts
01-01 08:05:52.389 562 562 D spcomlib: [spcom_restart_sp_subsystem] restart_sp - Send PIL request [1]
01-01 08:05:52.392 562 562 D spcomlib: [spcom_restart_sp_subsystem] restart_sp - Restart SP command ok.
01-01 08:05:52.392 562 562 D spcomlib: [spcom_signal_event] event [0] [pil_called] EVENT_STATUS_SIGNALED
01-01 08:05:52.392 562 562 I spcomlib: [spcom_reset_all_app_loaded_prop] start reset all spcomlib apploaded props.
01-01 08:05:56.496 515 515 D vold : fscrypt_mount_metadata_encrypted: /data encrypt: 1 format: 0 with f2fs
01-01 08:05:56.496 515 515 D vold : metadata_key_dir/key: /metadata/vold/metadata_encryption/key
01-01 08:05:56.519 515 515 D vold : Created directory /metadata/vold/metadata_encryption
01-01 08:05:56.519 515 515 D vold : Metadata key does not exist but ro.crypto.metadata_init_delete_all_keys.enabled is false
01-01 08:05:56.519 515 515 I vold : Creating new key in /metadata/vold/metadata_encryption/key
01-01 08:05:56.519 515 515 D vold : Generating wrapped storage key
01-01 08:05:56.521 515 515 E vold : keystore2 Keystore generateKey returned service specific error: -67
01-01 08:05:56.521 515 515 W vold : Failed to generate rollback-resistant key. This is expected if keymaster doesn't support rollback resistance. Falling back to non-rollback-resistant key.
01-01 08:05:56.531 515 515 D vold : Generating "key storage" key
01-01 08:05:56.531 515 515 E vold : keystore2 Keystore generateKey returned service specific error: -67
01-01 08:05:56.531 515 515 W vold : Failed to generate rollback-resistant key. This is expected if keymaster doesn't support rollback resistance. Falling back to non-rollback-resistant key.
01-01 08:05:56.539 515 515 D vold : Created key: /metadata/vold/metadata_encryption/key
01-01 08:05:56.542 515 515 D vold : encrypt_inplace(/dev/block/dm-10, /dev/block/bootdevice/by-name/userdata, 231665304, false)
01-01 08:05:56.548 515 515 I vold : Encrypting f2fs filesystem on /dev/block/bootdevice/by-name/userdata in-place via /dev/block/dm-10
01-01 08:05:56.548 515 515 I vold : 120788 blocks (494 MB) of 28958163 blocks are in-use
01-01 08:05:56.577 515 515 D vold : Encrypted 10000 of 120788 blocks
01-01 08:05:56.605 515 515 D vold : Encrypted 20000 of 120788 blocks
01-01 08:05:56.633 515 515 D vold : Encrypted 30000 of 120788 blocks
01-01 08:05:56.660 515 515 D vold : Encrypted 40000 of 120788 blocks
01-01 08:05:56.687 515 515 D vold : Encrypted 50000 of 120788 blocks
01-01 08:05:56.714 515 515 D vold : Encrypted 60000 of 120788 blocks
01-01 08:05:56.763 515 515 D vold : Encrypted 70000 of 120788 blocks
01-01 08:05:56.800 515 515 D vold : Encrypted 80000 of 120788 blocks
01-01 08:05:56.831 515 515 D vold : Encrypted 90000 of 120788 blocks
01-01 08:05:56.857 515 515 D vold : Encrypted 100000 of 120788 blocks
01-01 08:05:56.883 515 515 D vold : Encrypted 110000 of 120788 blocks
01-01 08:05:56.911 515 515 D vold : Encrypted 120000 of 120788 blocks
01-01 08:05:57.531 515 515 D vold : Encrypted 120788 of 120788 blocks
01-01 08:05:57.531 515 515 I vold : Successfully encrypted f2fs filesystem on /dev/block/bootdevice/by-name/userdata
01-01 08:05:57.565 515 515 D vold : Mounting metadata-encrypted filesystem:/data
01-01 08:05:57.568 515 515 I vold : [libfs_mgr]Running /system/bin/fsck.f2fs -a -c 10000 --debug-cache /dev/block/dm-10
01-01 08:05:57.652 515 515 I vold : [libfs_mgr]__mount(source=/dev/block/dm-10,target=/data,type=f2fs)=0: Success
01-01 08:05:57.653 515 515 D vold : Mounted /data
01-01 08:05:57.653 515 560 D vold : Disk at 252:10 changed
01-01 08:05:57.663 515 515 I Checkpoint: cp_prepareCheckpoint called
01-01 08:05:57.670 515 515 I vold : fscrypt_initialize_systemwide_keys
01-01 08:05:57.670 515 515 I vold : Creating new key in /data/unencrypted/key
01-01 08:05:57.670 515 515 D vold : Generating wrapped storage key
01-01 08:05:57.671 515 515 E vold : keystore2 Keystore generateKey returned service specific error: -67
01-01 08:05:57.671 515 515 W vold : Failed to generate rollback-resistant key. This is expected if keymaster doesn't support rollback resistance. Falling back to non-rollback-resistant key.
01-01 08:05:57.674 515 515 D vold : Generating "key storage" key
01-01 08:05:57.675 515 515 E vold : keystore2 Keystore generateKey returned service specific error: -67
01-01 08:05:57.675 515 515 W vold : Failed to generate rollback-resistant key. This is expected if keymaster doesn't support rollback resistance. Falling back to non-rollback-resistant key.
01-01 08:05:57.679 515 515 D vold : Created key: /data/unencrypted/key
01-01 08:05:57.684 515 515 D vold : Installed fscrypt key with ref 55c8e612845d53259e4f3e993e13b66c to /data
01-01 08:05:57.684 515 515 D vold : Added fscrypt-provisioning key for 55c8e612845d53259e4f3e993e13b66c to session keyring
01-01 08:05:57.684 515 515 I vold : Wrote system DE key reference to:/data/unencrypted/ref
01-01 08:05:57.684 515 515 D vold : Generating wrapped storage key
01-01 08:05:57.685 515 515 E vold : keystore2 Keystore generateKey returned service specific error: -67
01-01 08:05:57.685 515 515 W vold : Failed to generate rollback-resistant key. This is expected if keymaster doesn't support rollback resistance. Falling back to non-rollback-resistant key.
01-01 08:05:57.688 613 616 D spcomlib: [spcom_register_service] spcom_register_service() name [sp_keymaster_ssr] pid [511705349296]
01-01 08:05:57.688 613 616 D spcomlib: [spcom_open] ch [sp_keymaster_ssr] doesn't exist, create it.
01-01 08:05:57.688 613 616 D spcomlib: [spcom_create_channel] Create Channel [sp_keymaster_ssr].
01-01 08:05:57.691 515 515 D vold : Installed fscrypt key with ref 51bc95942a2954aa5d564758e46cd6b4 to /data
01-01 08:05:57.691 515 515 D vold : Added fscrypt-provisioning key for 51bc95942a2954aa5d564758e46cd6b4 to session keyring
01-01 08:05:57.691 515 515 I vold : Wrote per boot key reference to:/data/unencrypted/per_boot_ref
01-01 08:05:57.700 515 515 I incfs : Initial API level of the device: 30
01-01 08:05:57.700 515 515 I incfs : ro.incremental.enable: 1
01-01 08:05:57.700 515 515 I incfs : isFsAvailable: true
01-01 08:05:57.700 515 515 I incfs : isFsAvailable: true
01-01 08:05:57.700 515 515 I incfs : IncFs_Features: v1
01-01 08:05:57.708 613 616 D spcomlib: [add_ssr_cb] ssr cb added!
01-01 08:05:57.708 613 616 D spcomlib: [start_ssr_thread] ch [spcom] ready!
01-01 08:05:57.708 613 616 D spcomlib: [start_ssr_thread] main pthread self_id [0x2403fcb0].
01-01 08:05:57.708 613 616 D spcomlib: [start_ssr_thread] pthread_create() ret [0] thread-id [0x22f41cb0].
01-01 08:05:57.708 613 616 D spcomlib: [start_ssr_thread] Wait for SSR thread to run.
01-01 08:05:57.708 613 627 D spcomlib: [notify_ssr_thread] SSR pthread self_id [0x22f41cb0].
01-01 08:05:57.708 613 616 D spcomlib: [start_ssr_thread] pthread_cond_wait() ret [0].
01-01 08:05:57.708 613 616 D spcomlib: [start_ssr_thread] done.
01-01 08:05:57.708 613 616 D spcomlib: [add_ch] add ch [sp_keymaster_ssr].
01-01 08:05:57.708 613 616 D spcomlib: [spcom_register_service] spcom_register_service() name [sp_keymaster_ssr] pid [511705349296] done
01-01 08:05:57.711 515 515 E vold : keystore2 Keystore earlyBootEnded returned service specific error: -68
01-01 08:05:57.756 515 515 D vold : fscrypt_init_user0
01-01 08:05:57.756 515 515 D vold : Preparing: /data/misc/vold/user_keys
01-01 08:05:57.756 515 515 D vold : Preparing: /data/misc/vold/user_keys/ce
01-01 08:05:57.756 515 515 D vold : Preparing: /data/misc/vold/user_keys/de
01-01 08:05:57.757 515 515 D vold : Generating wrapped storage key
01-01 08:05:57.758 515 515 E vold : keystore2 Keystore generateKey returned service specific error: -67
01-01 08:05:57.758 515 515 W vold : Failed to generate rollback-resistant key. This is expected if keymaster doesn't support rollback resistance. Falling back to non-rollback-resistant key.
01-01 08:05:57.760 515 515 D vold : Generating wrapped storage key
01-01 08:05:57.761 515 515 E vold : keystore2 Keystore generateKey returned service specific error: -67
01-01 08:05:57.761 515 515 W vold : Failed to generate rollback-resistant key. This is expected if keymaster doesn't support rollback resistance. Falling back to non-rollback-resistant key.
01-01 08:05:57.763 515 515 D vold : Preparing: /data/misc/vold/user_keys/ce/0
01-01 08:05:57.764 515 515 D vold : Generating "key storage" key
01-01 08:05:57.764 515 515 E vold : keystore2 Keystore generateKey returned service specific error: -67
01-01 08:05:57.764 515 515 W vold : Failed to generate rollback-resistant key. This is expected if keymaster doesn't support rollback resistance. Falling back to non-rollback-resistant key.
01-01 08:05:57.769 515 515 D vold : Created key: /data/misc/vold/user_keys/ce/0/current
01-01 08:05:57.769 515 515 D vold : Generating "key storage" key
01-01 08:05:57.770 515 515 E vold : keystore2 Keystore generateKey returned service specific error: -67
01-01 08:05:57.770 515 515 W vold : Failed to generate rollback-resistant key. This is expected if keymaster doesn't support rollback resistance. Falling back to non-rollback-resistant key.
01-01 08:05:57.775 515 515 D vold : Created key: /data/misc/vold/user_keys/de/0
01-01 08:05:57.779 515 515 D vold : Installed fscrypt key with ref 5efc7ae764e5238b8961d6eaf925862c to /data
01-01 08:05:57.779 515 515 D vold : Added fscrypt-provisioning key for 5efc7ae764e5238b8961d6eaf925862c to session keyring
01-01 08:05:57.783 515 515 D vold : Installed fscrypt key with ref f545c691c8a270d59fc5cd22953bcd49 to /data
01-01 08:05:57.783 515 515 D vold : Added fscrypt-provisioning key for f545c691c8a270d59fc5cd22953bcd49 to session keyring
01-01 08:05:57.783 515 515 D vold : Created keys for user 0
01-01 08:05:57.790 515 515 D vold : Installed fscrypt key with ref 5efc7ae764e5238b8961d6eaf925862c to /data
01-01 08:05:57.790 515 515 D vold : Added fscrypt-provisioning key for 5efc7ae764e5238b8961d6eaf925862c to session keyring
01-01 08:05:57.790 515 515 D vold : Installed de key for user 0
01-01 08:05:57.790 515 515 D vold : fscrypt_prepare_user_storage for volume null, user 0, serial 0, flags 1
01-01 08:05:57.790 515 515 D vold : Preparing: /data/system/users/0
01-01 08:05:57.790 515 515 D vold : Preparing: /data/misc/profiles/cur/0
01-01 08:05:57.790 515 515 D vold : Preparing: /data/system_de/0
01-01 08:05:57.790 515 515 D vold : Preparing: /data/misc_de/0
01-01 08:05:57.790 515 515 D vold : Preparing: /data/vendor_de/0
01-01 08:05:57.790 515 515 D vold : Preparing: /data/user_de/0
01-01 08:05:57.790 515 515 I vold : Encryption policy of /data/system_de/0 set to 5efc7ae764e5238b8961d6eaf925862c v2 modes 1/4 flags 0xa
01-01 08:05:57.790 515 515 I vold : Encryption policy of /data/misc_de/0 set to 5efc7ae764e5238b8961d6eaf925862c v2 modes 1/4 flags 0xa
01-01 08:05:57.790 515 515 I vold : Encryption policy of /data/vendor_de/0 set to 5efc7ae764e5238b8961d6eaf925862c v2 modes 1/4 flags 0xa
01-01 08:05:57.790 515 515 I vold : Encryption policy of /data/user_de/0 set to 5efc7ae764e5238b8961d6eaf925862c v2 modes 1/4 flags 0xa
01-01 08:05:57.790 515 515 D vold : /system/bin/vold_prepare_subdirs
01-01 08:05:57.790 515 515 D vold : prepare
01-01 08:05:57.790 515 515 D vold :
01-01 08:05:57.790 515 515 D vold : 0
01-01 08:05:57.790 515 515 D vold : 1
01-01 08:05:57.803 515 515 D vold : Detected support for FS_IOC_ADD_ENCRYPTION_KEY
01-01 08:05:57.804 515 515 D vold : Installing fscrypt-provisioning key for f545c691c8a270d59fc5cd22953bcd49 back into /data fs-keyring
01-01 08:05:57.596 826 826 I android.hardware.wifi@1.0-service: Wifi Hal is booting up...
01-01 08:05:57.599 826 826 I HidlServiceManagement: Registered android.hardware.wifi@1.4::IWifi/default (start delay of 63ms)
01-01 08:05:57.681 893 893 I irsc_util: Starting irsc tool
01-01 08:05:57.701 893 893 I irsc_util: Num of entries:298
01-01 08:05:57.701 893 893 I irsc_util: Ending irsc tool
01-01 08:05:58.165 1141 1141 I gsid : no DSU: No such file or directory
01-01 08:05:58.287 1172 1172 I installd: installd firing up
01-01 08:05:58.288 1172 1172 D installd: Assuming that device has multi-user storage layout; upgrade no longer supported
01-01 08:05:58.288 1172 1172 D installd: Upgrading to /data/misc/user directories
01-01 08:05:58.314 1156 1156 I iorapd : iorapd (the prefetchening) firing up
01-01 08:05:58.315 1156 1156 E iorapd : SQLite error (14): cannot open file at line 39583 of [bcd014c473]
01-01 08:05:58.315 1156 1156 E iorapd : SQLite error (14): os_unix.c:39583: (2) open(/data/misc/iorapd/sqlite.db) -
01-01 08:05:58.345 1156 1156 I iorapd : Reinitialized database at '/data/misc/iorapd/sqlite.db'
01-01 08:05:58.345 1156 1156 W iorapd : Reconnect to package manager service: 1 times
01-01 08:05:58.352 1186 1186 I wificond: wificond is starting up...
01-01 08:05:58.357 1186 1186 I HidlServiceManagement: Registered android.system.wifi.keystore@1.0::IKeystore/default
01-01 08:05:58.377 1208 1208 I imsrcsd : Uce Service HAL is starting up...
01-01 08:05:58.380 1208 1208 I imsrcsd : Uce Service HAL loading imsrcsbaseimpl
01-01 08:05:58.567 1208 1208 I imsrcsd : Starting Service for First Time imsbaseimpl
01-01 08:05:58.571 1208 1208 I imsrcsd : Interface com.qualcomm.qti.uceservice@2.3::IUceService com.qualcomm.qti.uceservice is found in manifest
01-01 08:05:58.573 1208 1208 I HidlServiceManagement: Registered com.qualcomm.qti.uceservice@2.3::IUceService/com.qualcomm.qti.uceservice (start delay of 257ms)
01-01 08:05:58.574 1208 1208 I imsrcsd : Interface com.qualcomm.qti.imscmservice@2.2::IImsCmService qti.ims.connectionmanagerservice is found in manifest
01-01 08:05:58.575 1208 1208 I HidlServiceManagement: Registered com.qualcomm.qti.imscmservice@2.2::IImsCmService/qti.ims.connectionmanagerservice (start delay of 259ms)
01-01 08:05:58.577 1208 1208 I imsrcsd : Interface vendor.qti.ims.factory@1.1::IImsFactory default is not found in manifest
01-01 08:05:58.578 1208 1208 I imsrcsd : Interface vendor.qti.ims.factory@1.0::IImsFactory default is found in manifest
01-01 08:05:58.580 1208 1208 I HidlServiceManagement: Registered vendor.qti.ims.factory@1.0::IImsFactory/default (start delay of 264ms)
01-01 08:05:58.590 1208 1208 I imsrcsd : Interface vendor.qti.ims.callinfo@1.0::IService default is found in manifest
01-01 08:05:58.591 1331 1331 I TLOC : [main ]"TLOC DAEMON main thread"
01-01 08:05:58.591 1331 1331 D TLOC : [TLOCDaemon ]"---------- TLOC Daemon Starts ----------"
01-01 08:05:58.591 1331 1331 D TLOC : [TLOCChannel]"The channel was initialized successfully for TLOCD"
01-01 08:05:58.591 1331 1331 D TLOC : [TLOCChannel]"The channel was initialized successfully for TLOCL"
01-01 08:05:58.591 1331 1331 D TLOC : [TLOCChannel]"The channel was initialized successfully for MODEM"
01-01 08:05:58.591 1331 1331 D TLOC : [TLOCChannel]"TLOCChannel was initialized successfully"
01-01 08:05:58.591 1331 1331 D TLOC : [TLOCChannel] "TLOCChannel is already initialized"
01-01 08:05:58.607 1208 1208 I HidlServiceManagement: Registered vendor.qti.ims.callinfo@1.0::IService/default (start delay of 291ms)
01-01 08:05:58.607 1208 1208 I imsrcsd : ImsRcsBaseImpl ImsCallInfo After Registering Service
01-01 08:05:58.609 1183 1183 W storaged: health: invalid battery status
01-01 08:05:59.265 1495 1495 I SystemServerTiming: InitBeforeStartServices
01-01 08:05:59.266 1495 1495 I SystemServer: Entered the Android system server!
01-01 08:05:59.352 1495 1495 I SystemServerInitThreadPool: Creating instance with 8 threads
01-01 08:05:59.504 1495 1495 I SystemServerTiming: StartServices
01-01 08:05:59.504 1495 1495 I SystemServerTiming: startBootstrapServices
01-01 08:05:59.504 1495 1495 I SystemServerTiming: StartWatchdog
01-01 08:05:59.508 1495 1495 I SystemServer: Reading configuration...
01-01 08:05:59.508 1495 1495 I SystemServerTiming: ReadingSystemConfig
01-01 08:05:59.508 1495 1495 I SystemServerTiming: PlatformCompat
01-01 08:05:59.508 1495 1606 I SystemServerTimingAsync: InitThreadPoolExec:ReadingSystemConfig
01-01 08:05:59.509 1495 1606 I SystemConfig: Reading permissions from /system/etc/sysconfig/preinstalled-packages-platform-full-base.xml
01-01 08:05:59.510 1495 1495 D CompatConfig: Found a config file: /system/etc/compatconfig/services-platform-compat-config.xml
01-01 08:05:59.510 1495 1606 I SystemConfig: Reading permissions from /system/etc/sysconfig/hiddenapi-package-whitelist.xml
01-01 08:05:59.511 1495 1495 D CompatConfig: Adding: com.android.server.compat.config.Change@a5a9303
01-01 08:05:59.511 1495 1606 I SystemConfig: Reading permissions from /system/etc/sysconfig/framework-sysconfig.xml
01-01 08:05:59.511 1495 1495 D CompatConfig: Adding: com.android.server.compat.config.Change@d5830b9
01-01 08:05:59.511 1495 1606 I SystemConfig: Reading permissions from /system/etc/sysconfig/preinstalled-packages-platform.xml
01-01 08:05:59.511 1495 1495 D CompatConfig: Adding: com.android.server.compat.config.Change@1695c5f
01-01 08:05:59.511 1495 1495 D CompatConfig: Adding: com.android.server.compat.config.Change@47b76ac
01-01 08:05:59.511 1495 1495 D CompatConfig: Adding: com.android.server.compat.config.Change@bb3b0a
01-01 08:05:59.511 1495 1606 I SystemConfig: Reading permissions from /system/etc/sysconfig/preinstalled-packages-com.android.providers.media.module.xml
01-01 08:05:59.512 1495 1495 D CompatConfig: Adding: com.android.server.compat.config.Change@f715f7b
01-01 08:05:59.512 1495 1495 D CompatConfig: Adding: com.android.server.compat.config.Change@27f5198
01-01 08:05:59.512 1495 1495 D CompatConfig: Adding: com.android.server.compat.config.Change@359fdd6
01-01 08:05:59.512 1495 1606 I SystemConfig: Reading permissions from /system/etc/sysconfig/qti_whitelist.xml
01-01 08:05:59.512 1495 1495 D CompatConfig: Adding: com.android.server.compat.config.Change@22c7857
01-01 08:05:59.512 1495 1495 D CompatConfig: Adding: com.android.server.compat.config.Change@3e3ef44
01-01 08:05:59.512 1495 1495 D CompatConfig: Adding: com.android.server.compat.config.Change@d8bc82d
01-01 08:05:59.512 1495 1495 D CompatConfig: Adding: com.android.server.compat.config.Change@b502162
01-01 08:05:59.512 1495 1495 D CompatConfig: Adding: com.android.server.compat.config.Change@f1642f3
01-01 08:05:59.513 1495 1495 D CompatConfig: Adding: com.android.server.compat.config.Change@c09ba29
01-01 08:05:59.513 1495 1606 I SystemConfig: Reading permissions from /system/etc/permissions/com.android.networkstack.tethering.xml
01-01 08:05:59.513 1495 1495 D CompatConfig: Adding: com.android.server.compat.config.Change@b92f1ae
01-01 08:05:59.513 1495 1495 D CompatConfig: Adding: com.android.server.compat.config.Change@dc81b4f
01-01 08:05:59.513 1495 1495 D CompatConfig: Adding: com.android.server.compat.config.Change@49fe2dc
01-01 08:05:59.513 1495 1495 D CompatConfig: Adding: com.android.server.compat.config.Change@15acfe5
01-01 08:05:59.513 1495 1606 I SystemConfig: Reading permissions from /system/etc/permissions/com.android.mediadrm.signer.xml
01-01 08:05:59.513 1495 1495 D CompatConfig: Adding: com.android.server.compat.config.Change@c151d6b
01-01 08:05:59.513 1495 1495 D CompatConfig: Adding: com.android.server.compat.config.Change@fb650c8
01-01 08:05:59.513 1495 1495 D CompatConfig: Adding: com.android.server.compat.config.Change@cb8886
01-01 08:05:59.513 1495 1606 I SystemConfig: Reading permissions from /system/etc/permissions/privapp-permissions-platform.xml
01-01 08:05:59.514 1495 1495 D CompatConfig: Adding: com.android.server.compat.config.Change@7e62547
01-01 08:05:59.514 1495 1495 D CompatConfig: Adding: com.android.server.compat.config.Change@843b174
01-01 08:05:59.514 1495 1495 D CompatConfig: Adding: com.android.server.compat.config.Change@89c169d
01-01 08:05:59.514 1495 1495 D CompatConfig: Adding: com.android.server.compat.config.Change@3c7a712
01-01 08:05:59.514 1495 1495 D CompatConfig: Adding: com.android.server.compat.config.Change@ad5cee3
01-01 08:05:59.514 1495 1495 D CompatConfig: Adding: com.android.server.compat.config.Change@8a470e0
01-01 08:05:59.514 1495 1495 D CompatConfig: Adding: com.android.server.compat.config.Change@5a87f99
01-01 08:05:59.514 1495 1495 D CompatConfig: Adding: com.android.server.compat.config.Change@8f5225e
01-01 08:05:59.515 1495 1495 D CompatConfig: Adding: com.android.server.compat.config.Change@38c763f
01-01 08:05:59.515 1495 1495 D CompatConfig: Adding: com.android.server.compat.config.Change@28fbb0c
01-01 08:05:59.515 1495 1495 D CompatConfig: Adding: com.android.server.compat.config.Change@9787c55
01-01 08:05:59.515 1495 1495 D CompatConfig: Adding: com.android.server.compat.config.Change@ced066a
01-01 08:05:59.515 1495 1495 D CompatConfig: Adding: com.android.server.compat.config.Change@8dc375b
01-01 08:05:59.515 1495 1495 D CompatConfig: Adding: com.android.server.compat.config.Change@a037bf8
01-01 08:05:59.515 1495 1495 D CompatConfig: Adding: com.android.server.compat.config.Change@d1188d1
01-01 08:05:59.515 1495 1606 I SystemConfig: Reading permissions from /system/etc/permissions/com.android.location.provider.xml
01-01 08:05:59.515 1495 1495 D CompatConfig: Adding: com.android.server.compat.config.Change@29cee37
01-01 08:05:59.515 1495 1495 D CompatConfig: Adding: com.android.server.compat.config.Change@2f05fa4
01-01 08:05:59.516 1495 1495 D CompatConfig: Adding: com.android.server.compat.config.Change@a54e10d
01-01 08:05:59.516 1495 1495 D CompatConfig: Adding: com.android.server.compat.config.Change@fc3f8c2
01-01 08:05:59.516 1495 1495 D CompatConfig: Adding: com.android.server.compat.config.Change@44836d3
01-01 08:05:59.516 1495 1495 D CompatConfig: Adding: com.android.server.compat.config.Change@da5d210
01-01 08:05:59.516 1495 1495 D CompatConfig: Adding: com.android.server.compat.config.Change@dfb8109
01-01 08:05:59.516 1495 1495 D CompatConfig: Adding: com.android.server.compat.config.Change@b5cdf0e
01-01 08:05:59.516 1495 1606 I SystemConfig: Reading permissions from /system/etc/permissions/com.baidu.input.xml
01-01 08:05:59.516 1495 1495 D CompatConfig: Adding: com.android.server.compat.config.Change@dfdff3c
01-01 08:05:59.516 1495 1495 D CompatConfig: Adding: com.android.server.compat.config.Change@d5224c5
01-01 08:05:59.517 1495 1495 D CompatConfig: Adding: com.android.server.compat.config.Change@88bde1a
01-01 08:05:59.517 1495 1606 I SystemConfig: Reading permissions from /system/etc/permissions/com.android.nfc_extras.xml
01-01 08:05:59.517 1495 1495 D CompatConfig: Adding: com.android.server.compat.config.Change@949d328
01-01 08:05:59.517 1495 1495 D CompatConfig: Adding: com.android.server.compat.config.Change@bb54841
01-01 08:05:59.517 1495 1495 D CompatConfig: Adding: com.android.server.compat.config.Change@b79c1e6
01-01 08:05:59.517 1495 1606 I SystemConfig: Reading permissions from /system/etc/permissions/com.android.documentsui.xml
01-01 08:05:59.517 1495 1495 D CompatConfig: Adding: com.android.server.compat.config.Change@6fcf9d4
01-01 08:05:59.517 1495 1495 D CompatConfig: Adding: com.android.server.compat.config.Change@bcd277d
01-01 08:05:59.517 1495 1495 D CompatConfig: Found a config file: /system/etc/compatconfig/icu4j-platform-compat-config.xml
01-01 08:05:59.517 1495 1606 I SystemConfig: Reading permissions from /system/etc/permissions/com.android.future.usb.accessory.xml
01-01 08:05:59.518 1495 1606 I SystemConfig: Reading permissions from /system/etc/permissions/com.thundercomm.mcuupgrade.xml
01-01 08:05:59.518 1495 1495 D CompatConfig: Adding: com.android.server.compat.config.Change@889be79
01-01 08:05:59.518 1495 1495 D CompatConfig: Found a config file: /system/etc/compatconfig/calendar-provider-compat-config.xml
01-01 08:05:59.518 1495 1606 I SystemConfig: Reading permissions from /system/etc/permissions/privapp-permissions-qti.xml
01-01 08:05:59.518 1495 1495 D CompatConfig: Adding: com.android.server.compat.config.Change@95daf6c
01-01 08:05:59.518 1495 1495 D CompatConfig: Found a config file: /system/etc/compatconfig/framework-platform-compat-config.xml
01-01 08:05:59.519 1495 1606 I SystemConfig: Reading permissions from /system/etc/permissions/org.apache.http.legacy.xml
01-01 08:05:59.519 1495 1606 I SystemConfig: Reading permissions from /system/etc/permissions/com.thundercomm.tcservice.xml
01-01 08:05:59.519 1495 1495 D CompatConfig: Adding: com.android.server.compat.config.Change@42c5658
01-01 08:05:59.519 1495 1495 D CompatConfig: Adding: com.android.server.compat.config.Change@93fc3b1
01-01 08:05:59.519 1495 1495 D CompatConfig: Adding: com.android.server.compat.config.Change@2bdd417
01-01 08:05:59.519 1495 1606 I SystemConfig: Reading permissions from /system/etc/permissions/android.software.freeform_window_management.xml
01-01 08:05:59.519 1495 1495 D CompatConfig: Adding: com.android.server.compat.config.Change@23c8004
01-01 08:05:59.519 1495 1495 D CompatConfig: Adding: com.android.server.compat.config.Change@9dbe9ed
01-01 08:05:59.519 1495 1606 I SystemConfig: Reading permissions from /system/etc/permissions/javax.obex.xml
01-01 08:05:59.519 1495 1495 D CompatConfig: Adding: com.android.server.compat.config.Change@bc19ab3
01-01 08:05:59.520 1495 1495 D CompatConfig: Adding: com.android.server.compat.config.Change@8039870
01-01 08:05:59.520 1495 1495 D CompatConfig: Adding: com.android.server.compat.config.Change@89a37e9
01-01 08:05:59.520 1495 1606 I SystemConfig: Reading permissions from /system/etc/permissions/com.android.media.remotedisplay.xml
01-01 08:05:59.520 1495 1495 D CompatConfig: Adding: com.android.server.compat.config.Change@4312f0f
01-01 08:05:59.520 1495 1495 D CompatConfig: Adding: com.android.server.compat.config.Change@9e1cb9c
01-01 08:05:59.520 1495 1606 I SystemConfig: Reading permissions from /system/etc/permissions/android.test.runner.xml
01-01 08:05:59.520 1495 1495 D CompatConfig: Adding: com.android.server.compat.config.Change@6ac717a
01-01 08:05:59.520 1495 1495 D CompatConfig: Adding: com.android.server.compat.config.Change@5bad2b
01-01 08:05:59.520 1495 1495 D CompatConfig: Adding: com.android.server.compat.config.Change@e0588
01-01 08:05:59.520 1495 1606 I SystemConfig: Reading permissions from /system/etc/permissions/android.software.live_wallpaper.xml
01-01 08:05:59.520 1495 1495 D CompatConfig: Adding: com.android.server.compat.config.Change@9002b46
01-01 08:05:59.521 1495 1495 D CompatConfig: Adding: com.android.server.compat.config.Change@65f107
01-01 08:05:59.521 1495 1606 I SystemConfig: Reading permissions from /system/etc/permissions/com.android.networkstack.xml
01-01 08:05:59.521 1495 1495 D CompatConfig: Adding: com.android.server.compat.config.Change@518285d
01-01 08:05:59.521 1495 1495 D CompatConfig: Adding: com.android.server.compat.config.Change@c83b5d2
01-01 08:05:59.521 1495 1495 D CompatConfig: Adding: com.android.server.compat.config.Change@7e696a3
01-01 08:05:59.521 1495 1495 D CompatConfig: Adding: com.android.server.compat.config.Change@133ed59
01-01 08:05:59.521 1495 1606 I SystemConfig: Reading permissions from /system/etc/permissions/android.test.base.xml
01-01 08:05:59.521 1495 1495 D CompatConfig: Adding: com.android.server.compat.config.Change@1435d1e
01-01 08:05:59.521 1495 1495 D CompatConfig: Adding: com.android.server.compat.config.Change@341f9ff
01-01 08:05:59.521 1495 1606 I SystemConfig: Reading permissions from /system/etc/permissions/android.test.mock.xml
01-01 08:05:59.521 1495 1495 D CompatConfig: Adding: com.android.server.compat.config.Change@bad0615
01-01 08:05:59.522 1495 1495 D CompatConfig: Adding: com.android.server.compat.config.Change@9c42d2a
01-01 08:05:59.522 1495 1495 D CompatConfig: Adding: com.android.server.compat.config.Change@111e0b8
01-01 08:05:59.522 1495 1606 I SystemConfig: Reading permissions from /system/etc/permissions/android.software.webview.xml
01-01 08:05:59.522 1495 1495 D CompatConfig: Adding: com.android.server.compat.config.Change@d64ee91
01-01 08:05:59.522 1495 1495 D CompatConfig: Adding: com.android.server.compat.config.Change@9cff1f6
01-01 08:05:59.522 1495 1606 I SystemConfig: Reading permissions from /system/etc/permissions/platform.xml
01-01 08:05:59.522 1495 1495 D CompatConfig: Adding: com.android.server.compat.config.Change@b605064
01-01 08:05:59.522 1495 1495 D CompatConfig: Adding: com.android.server.compat.config.Change@1d8e2cd
01-01 08:05:59.522 1495 1495 D CompatConfig: Adding: com.android.server.compat.config.Change@6013782
01-01 08:05:59.522 1495 1495 D CompatConfig: Adding: com.android.server.compat.config.Change@dfa6e93
01-01 08:05:59.523 1495 1495 D CompatConfig: Adding: com.android.server.compat.config.Change@a040ed0
01-01 08:05:59.523 1495 1495 D CompatConfig: Adding: com.android.server.compat.config.Change@51ddec9
01-01 08:05:59.523 1495 1495 D CompatConfig: Adding: com.android.server.compat.config.Change@f49ce
01-01 08:05:59.523 1495 1495 D CompatConfig: Adding: com.android.server.compat.config.Change@25360ef
01-01 08:05:59.523 1495 1495 D CompatConfig: Adding: com.android.server.compat.config.Change@ce347fc
01-01 08:05:59.523 1495 1495 D CompatConfig: Adding: com.android.server.compat.config.Change@59c9e85
01-01 08:05:59.523 1495 1495 D CompatConfig: Adding: com.android.server.compat.config.Change@bda34da
01-01 08:05:59.523 1495 1495 D CompatConfig: Adding: com.android.server.compat.config.Change@29f1d0b
01-01 08:05:59.523 1495 1495 D CompatConfig: Adding: com.android.server.compat.config.Change@a1ae7e8
01-01 08:05:59.524 1495 1495 D CompatConfig: Adding: com.android.server.compat.config.Change@58d9e01
01-01 08:05:59.524 1495 1495 D CompatConfig: Adding: com.android.server.compat.config.Change@936c4a6
01-01 08:05:59.524 1495 1495 D CompatConfig: Adding: com.android.server.compat.config.Change@aa07ee7
01-01 08:05:59.524 1495 1495 D CompatConfig: Adding: com.android.server.compat.config.Change@aaa9a94
01-01 08:05:59.524 1495 1606 I SystemConfig: Reading permissions from /vendor/etc/permissions/android.hardware.opengles.aep.xml
01-01 08:05:59.524 1495 1495 D CompatConfig: Adding: com.android.server.compat.config.Change@e7a8532
01-01 08:05:59.524 1495 1495 D CompatConfig: Adding: com.android.server.compat.config.Change@56c2283
01-01 08:05:59.524 1495 1495 D CompatConfig: Adding: com.android.server.compat.config.Change@5e0cc00
01-01 08:05:59.524 1495 1606 I SystemConfig: Reading permissions from /vendor/etc/permissions/android.hardware.audio.low_latency.xml
01-01 08:05:59.524 1495 1495 D CompatConfig: Adding: com.android.server.compat.config.Change@fc7c27e
01-01 08:05:59.525 1495 1495 D CompatConfig: Adding: com.android.server.compat.config.Change@c463df
01-01 08:05:59.525 1495 1495 D CompatConfig: Adding: com.android.server.compat.config.Change@786a82c
01-01 08:05:59.525 1495 1606 I SystemConfig: Reading permissions from /vendor/etc/permissions/android.software.midi.xml
01-01 08:05:59.525 1495 1495 D CompatConfig: Adding: com.android.server.compat.config.Change@f19888a
01-01 08:05:59.525 1495 1495 D CompatConfig: Adding: com.android.server.compat.config.Change@a355efb
01-01 08:05:59.525 1495 1606 I SystemConfig: Reading permissions from /vendor/etc/permissions/android.hardware.bluetooth_le.xml
01-01 08:05:59.525 1495 1495 D CompatConfig: Adding: com.android.server.compat.config.Change@fb90971
01-01 08:05:59.525 1495 1495 D CompatConfig: Adding: com.android.server.compat.config.Change@10fa356
01-01 08:05:59.525 1495 1495 D CompatConfig: Adding: com.android.server.compat.config.Change@1f0efd7
01-01 08:05:59.525 1495 1606 I SystemConfig: Reading permissions from /vendor/etc/permissions/android.hardware.se.omapi.uicc.xml
01-01 08:05:59.525 1495 1495 D CompatConfig: Adding: com.android.server.compat.config.Change@403cbad
01-01 08:05:59.526 1495 1495 D CompatConfig: Adding: com.android.server.compat.config.Change@27a9ee2
01-01 08:05:59.526 1495 1495 D CompatConfig: Adding: com.android.server.compat.config.Change@f6ab273
01-01 08:05:59.526 1495 1606 I SystemConfig: Reading permissions from /vendor/etc/permissions/android.hardware.audio.pro.xml
01-01 08:05:59.526 1495 1495 D CompatConfig: Adding: com.android.server.compat.config.Change@8be75a9
01-01 08:05:59.526 1495 1495 D CompatConfig: Found a config file: /system/etc/compatconfig/documents-ui-compat-config.xml
01-01 08:05:59.526 1495 1606 I SystemConfig: Reading permissions from /vendor/etc/permissions/handheld_core_hardware.xml
01-01 08:05:59.526 1495 1495 D CompatConfig: Adding: com.android.server.compat.config.Change@79a745c
01-01 08:05:59.526 1495 1606 I SystemConfig: Reading permissions from /vendor/etc/permissions/android.hardware.sensor.barometer.xml
01-01 08:05:59.526 1495 1495 D CompatConfig: Found a config file: /system/system_ext/etc/compatconfig/settings-platform-compat-config.xml
01-01 08:05:59.527 1495 1606 I SystemConfig: Reading permissions from /vendor/etc/permissions/android.software.ipsec_tunnels.xml
01-01 08:05:59.527 1495 1495 D CompatConfig: Adding: com.android.server.compat.config.Change@9887a48
01-01 08:05:59.527 1495 1606 I SystemConfig: Reading permissions from /vendor/etc/permissions/android.hardware.bluetooth.xml
01-01 08:05:59.527 1495 1495 D CompatConfig: No directory /apex/com.android.vndk.v30/etc/compatconfig, skipping
01-01 08:05:59.527 1495 1495 D CompatConfig: No directory /apex/com.android.wifi/etc/compatconfig, skipping
01-01 08:05:59.527 1495 1495 D CompatConfig: No directory /apex/com.android.vndk.v31/etc/compatconfig, skipping
01-01 08:05:59.527 1495 1606 I SystemConfig: Reading permissions from /vendor/etc/permissions/android.software.device_id_attestation.xml
01-01 08:05:59.527 1495 1495 D CompatConfig: No directory /apex/com.android.tzdata/etc/compatconfig, skipping
01-01 08:05:59.527 1495 1495 D CompatConfig: No directory /apex/com.android.tethering/etc/compatconfig, skipping
01-01 08:05:59.527 1495 1495 D CompatConfig: No directory /apex/com.android.sdkext/etc/compatconfig, skipping
01-01 08:05:59.527 1495 1495 D CompatConfig: No directory /apex/com.android.scheduling/etc/compatconfig, skipping
01-01 08:05:59.528 1495 1495 D CompatConfig: No directory /apex/com.android.runtime/etc/compatconfig, skipping
01-01 08:05:59.528 1495 1495 D CompatConfig: No directory /apex/com.android.resolv/etc/compatconfig, skipping
01-01 08:05:59.528 1495 1495 D CompatConfig: No directory /apex/com.android.permission/etc/compatconfig, skipping
01-01 08:05:59.528 1495 1495 D CompatConfig: No directory /apex/com.android.os.statsd/etc/compatconfig, skipping
01-01 08:05:59.528 1495 1495 D CompatConfig: No directory /apex/com.android.neuralnetworks/etc/compatconfig, skipping
01-01 08:05:59.528 1495 1606 I SystemConfig: Reading permissions from /vendor/etc/permissions/android.hardware.sensor.compass.xml
01-01 08:05:59.528 1495 1495 D CompatConfig: Found a config file: /apex/com.android.mediaprovider/etc/compatconfig/media-provider-platform-compat-config.xml
01-01 08:05:59.528 1495 1606 I SystemConfig: Reading permissions from /vendor/etc/permissions/android.hardware.se.omapi.ese.xml
01-01 08:05:59.528 1495 1495 D CompatConfig: Adding: com.android.server.compat.config.Change@74c8492
01-01 08:05:59.528 1495 1606 I SystemConfig: Reading permissions from /vendor/etc/permissions/android.software.verified_boot.xml
01-01 08:05:59.528 1495 1495 D CompatConfig: Adding: com.android.server.compat.config.Change@2624a60
01-01 08:05:59.528 1495 1495 D CompatConfig: Adding: com.android.server.compat.config.Change@cc31b19
01-01 08:05:59.528 1495 1495 D CompatConfig: Adding: com.android.server.compat.config.Change@faa57de
01-01 08:05:59.529 1495 1495 D CompatConfig: Adding: com.android.server.compat.config.Change@11ac8c
01-01 08:05:59.529 1495 1606 I SystemConfig: Reading permissions from /vendor/etc/permissions/android.software.vulkan.deqp.level.xml
01-01 08:05:59.529 1495 1495 D CompatConfig: Adding: com.android.server.compat.config.Change@a614fd5
01-01 08:05:59.529 1495 1495 D CompatConfig: Adding: com.android.server.compat.config.Change@58013ea
01-01 08:05:59.529 1495 1495 D CompatConfig: No directory /apex/com.android.media.swcodec/etc/compatconfig, skipping
01-01 08:05:59.529 1495 1606 I SystemConfig: Reading permissions from /vendor/etc/permissions/android.hardware.fingerprint.xml
01-01 08:05:59.529 1495 1495 D CompatConfig: No directory /apex/com.android.media/etc/compatconfig, skipping
01-01 08:05:59.529 1495 1495 D CompatConfig: No directory /apex/com.android.ipsec/etc/compatconfig, skipping
01-01 08:05:59.529 1495 1495 D CompatConfig: No directory /apex/com.android.i18n/etc/compatconfig, skipping
01-01 08:05:59.529 1495 1495 D CompatConfig: No directory /apex/com.android.extservices/etc/compatconfig, skipping
01-01 08:05:59.529 1495 1495 D CompatConfig: No directory /apex/com.android.conscrypt/etc/compatconfig, skipping
01-01 08:05:59.529 1495 1606 I SystemConfig: Reading permissions from /vendor/etc/permissions/qti_fingerprint_interface.xml
01-01 08:05:59.529 1495 1495 D CompatConfig: Found a config file: /apex/com.android.art/etc/compatconfig/libcore-platform-compat-config.xml
01-01 08:05:59.530 1495 1606 I SystemConfig: Reading permissions from /vendor/etc/permissions/android.hardware.sensor.hifi_sensors.xml
01-01 08:05:59.530 1495 1495 D CompatConfig: Adding: com.android.server.compat.config.Change@6f325b7
01-01 08:05:59.530 1495 1495 D CompatConfig: Adding: com.android.server.compat.config.Change@d8f0124
01-01 08:05:59.530 1495 1606 I SystemConfig: Reading permissions from /vendor/etc/permissions/vendor.qti.hardware.factory.xml
01-01 08:05:59.530 1495 1495 D CompatConfig: Adding: com.android.server.compat.config.Change@afb3642
01-01 08:05:59.530 1495 1495 D CompatConfig: Adding: com.android.server.compat.config.Change@8a6653
01-01 08:05:59.530 1495 1495 D CompatConfig: Adding: com.android.server.compat.config.Change@d4d0b90
01-01 08:05:59.530 1495 1606 I SystemConfig: Reading permissions from /vendor/etc/permissions/android.hardware.sensor.ambient_temperature.xml
01-01 08:05:59.530 1495 1495 D CompatConfig: No directory /apex/com.android.appsearch/etc/compatconfig, skipping
01-01 08:05:59.530 1495 1495 D CompatConfig: No directory /apex/com.android.adbd/etc/compatconfig, skipping
01-01 08:05:59.531 1495 1606 I SystemConfig: Reading permissions from /vendor/etc/permissions/android.hardware.vulkan.compute-0.xml
01-01 08:05:59.531 1495 1606 I SystemConfig: Reading permissions from /vendor/etc/permissions/android.hardware.wifi.xml
01-01 08:05:59.531 1495 1495 I SystemServerTiming: StartFileIntegrityService
01-01 08:05:59.531 1495 1495 I SystemServiceManager: Starting com.android.server.security.FileIntegrityService
01-01 08:05:59.531 1495 1606 I SystemConfig: Reading permissions from /vendor/etc/permissions/android.hardware.wifi.direct.xml
01-01 08:05:59.532 1495 1606 I SystemConfig: Reading permissions from /vendor/etc/permissions/android.hardware.light.xml
01-01 08:05:59.532 1495 1606 I SystemConfig: Reading permissions from /vendor/etc/permissions/android.hardware.wifi.aware.xml
01-01 08:05:59.532 1495 1606 I SystemConfig: Reading permissions from /vendor/etc/permissions/android.hardware.usb.host.xml
01-01 08:05:59.533 1495 1606 I SystemConfig: Reading permissions from /vendor/etc/permissions/android.hardware.sensor.relative_humidity.xml
01-01 08:05:59.533 1495 1606 I SystemConfig: Reading permissions from /vendor/etc/permissions/android.hardware.wifi.rtt.xml
01-01 08:05:59.533 1495 1606 I SystemConfig: Reading permissions from /vendor/etc/permissions/android.hardware.vulkan.level-1.xml
01-01 08:05:59.533 1495 1606 I SystemConfig: Reading permissions from /vendor/etc/permissions/android.hardware.sensor.gyroscope.xml
01-01 08:05:59.534 1495 1606 I SystemConfig: Reading permissions from /vendor/etc/permissions/android.hardware.touchscreen.multitouch.jazzhand.xml
01-01 08:05:59.534 1495 1606 I SystemConfig: Reading permissions from /vendor/etc/permissions/android.hardware.usb.accessory.xml
01-01 08:05:59.534 1495 1606 I SystemConfig: Reading permissions from /vendor/etc/permissions/android.hardware.vulkan.version-1_1.xml
01-01 08:05:59.535 1495 1606 I SystemConfig: Reading permissions from /vendor/etc/permissions/android.hardware.location.gps.xml
01-01 08:05:59.535 1495 1495 I SystemServerTiming: StartInstaller
01-01 08:05:59.535 1495 1495 I SystemServiceManager: Starting com.android.server.pm.Installer
01-01 08:05:59.535 1495 1606 I SystemConfig: Reading permissions from /vendor/etc/permissions/android.hardware.sensor.accelerometer.xml
01-01 08:05:59.535 1495 1606 I SystemConfig: Reading permissions from /vendor/etc/permissions/android.hardware.wifi.passpoint.xml
01-01 08:05:59.536 1495 1606 I SystemConfig: Reading permissions from /vendor/etc/permissions/vendor-qti-hardware-sensorscalibrate.xml
01-01 08:05:59.536 1495 1495 I SystemServerTiming: DeviceIdentifiersPolicyService
01-01 08:05:59.536 1495 1495 I SystemServiceManager: Starting com.android.server.os.DeviceIdentifiersPolicyService
01-01 08:05:59.536 1495 1495 I SystemServerTiming: UriGrantsManagerService
01-01 08:05:59.536 1495 1495 I SystemServiceManager: Starting com.android.server.uri.UriGrantsManagerService$Lifecycle
01-01 08:05:59.536 1495 1606 I SystemConfig: Reading permissions from /product/etc/sysconfig/preinstalled-packages-platform-overlays.xml
01-01 08:05:59.536 1495 1495 I SystemServerTiming: StartPowerStatsService
01-01 08:05:59.536 1495 1495 I SystemServiceManager: Starting com.android.server.powerstats.PowerStatsService
01-01 08:05:59.537 1495 1606 I SystemConfig: Reading permissions from /product/etc/sysconfig/preinstalled-packages-platform-handheld-product.xml
01-01 08:05:59.537 1495 1606 I SystemConfig: Reading permissions from /product/etc/permissions/UimService.xml
01-01 08:05:59.537 1495 1495 I SystemServerTiming: StartIStatsService
01-01 08:05:59.538 1495 1606 I SystemConfig: Reading permissions from /product/etc/permissions/com.qti.snapdragon.sdk.display.xml
01-01 08:05:59.538 1495 1606 I SystemConfig: Reading permissions from /product/etc/permissions/telephony_product_privapp-permissions-qti.xml
01-01 08:05:59.538 1495 1495 I SystemServerTiming: MemtrackProxyService
01-01 08:05:59.538 1495 1606 I SystemConfig: Reading permissions from /product/etc/permissions/vendor.qti.hardware.data.connection-V1.1-java.xml
01-01 08:05:59.539 1495 1606 I SystemConfig: Reading permissions from /product/etc/permissions/vendor.qti.hardware.data.connection-V1.0-java.xml
01-01 08:05:59.539 1495 1495 I SystemServerTiming: StartActivityManager
01-01 08:05:59.539 1495 1495 I SystemServiceManager: Starting com.android.server.wm.ActivityTaskManagerService$Lifecycle
01-01 08:05:59.539 1495 1606 I SystemConfig: Reading permissions from /product/etc/permissions/privapp-permissions-soundrecorder.xml
01-01 08:05:59.539 1495 1606 I SystemConfig: Reading permissions from /product/etc/permissions/ims_ext_common.xml
01-01 08:05:59.540 1495 1606 I SystemConfig: Reading permissions from /product/etc/permissions/com.android.settings.intelligence.xml
01-01 08:05:59.540 1495 1606 I SystemConfig: Reading permissions from /system_ext/etc/sysconfig/qti_whitelist_system_ext.xml
01-01 08:05:59.541 1495 1606 I SystemConfig: Reading permissions from /system_ext/etc/sysconfig/qti_telephony_system_packages_config.xml
01-01 08:05:59.541 1495 1606 I SystemConfig: Reading permissions from /system_ext/etc/permissions/qti_supplicant_interface.xml
01-01 08:05:59.542 1495 1606 I SystemConfig: Reading permissions from /system_ext/etc/permissions/com.qualcomm.qmapbridge.xml
01-01 08:05:59.542 1495 1606 I SystemConfig: Reading permissions from /system_ext/etc/permissions/com.android.launcher3.xml
01-01 08:05:59.542 1495 1495 I SystemServiceManager: Starting com.android.server.am.ActivityManagerService$Lifecycle
01-01 08:05:59.542 1495 1606 I SystemConfig: Reading permissions from /system_ext/etc/permissions/com.qualcomm.qti.izattools.xml
01-01 08:05:59.543 1495 1606 I SystemConfig: Reading permissions from /system_ext/etc/permissions/audiosphere.xml
01-01 08:05:59.543 1495 1606 I SystemConfig: Reading permissions from /system_ext/etc/permissions/com.qualcomm.qti.imscmservice-V2.1-java.xml
01-01 08:05:59.543 1495 1606 I SystemConfig: Reading permissions from /system_ext/etc/permissions/com.android.provision.xml
01-01 08:05:59.544 1495 1606 I SystemConfig: Reading permissions from /system_ext/etc/permissions/qti_permissions.xml
01-01 08:05:59.544 1495 1606 I SystemConfig: Reading permissions from /system_ext/etc/permissions/com.android.emergency.xml
01-01 08:05:59.545 1495 1606 I SystemConfig: Reading permissions from /system_ext/etc/permissions/com.qti.dpmframework.xml
01-01 08:05:59.545 1495 1606 I SystemConfig: Reading permissions from /system_ext/etc/permissions/com.qti.media.secureprocessor.xml
01-01 08:05:59.545 1495 1606 I SystemConfig: Reading permissions from /system_ext/etc/permissions/privapp-permissions-com.qualcomm.location.xml
01-01 08:05:59.546 1495 1606 I SystemConfig: Reading permissions from /system_ext/etc/permissions/com.qualcomm.qti.imscmservice-V2.2-java.xml
01-01 08:05:59.546 1495 1606 I SystemConfig: Reading permissions from /system_ext/etc/permissions/dpmapi.xml
01-01 08:05:59.546 1495 1495 I ActivityManager: Memory class: 512
01-01 08:05:59.547 1495 1606 I SystemConfig: Reading permissions from /system_ext/etc/permissions/com.hht.lebocast.xml
01-01 08:05:59.547 1495 1606 I SystemConfig: Reading permissions from /system_ext/etc/permissions/embms-noship_product_privapp_permissions_qti.xml
01-01 08:05:59.547 1495 1610 I Binder : Setting heavy hitter watcher config: false, 0, 0.0
01-01 08:05:59.549 1495 1606 I SystemConfig: Reading permissions from /system_ext/etc/permissions/privapp-permissions-qti-system-ext.xml
01-01 08:05:59.550 1495 1606 I SystemConfig: Reading permissions from /system_ext/etc/permissions/privapp-permissions-aptxals.xml
01-01 08:05:59.551 1495 1606 I SystemConfig: Reading permissions from /system_ext/etc/permissions/com.qualcomm.qti.imscmservice.xml
01-01 08:05:59.551 1495 1606 I SystemConfig: Reading permissions from /system_ext/etc/permissions/com.nxp.nfc.nq.xml
01-01 08:05:59.551 1495 1606 I SystemConfig: Reading permissions from /system_ext/etc/permissions/com.android.settings.xml
01-01 08:05:59.551 1495 1606 I SystemConfig: Reading permissions from /system_ext/etc/permissions/com.qualcomm.qti.imscmservice-V2.0-java.xml
01-01 08:05:59.552 1495 1606 I SystemConfig: Reading permissions from /system_ext/etc/permissions/vendor.qti.ims.rcsservice.xml
