12-01 18:46:33.226 3267 6266 E hpplay-base-dlna: ssdp_device.c:280::SSDP_LIB: New Request Handler:Error in socket(): Network is unreachable
12-01 18:46:33.226 3267 6266 E hpplay-base-dlna: ssdp_device.c:280::SSDP_LIB: New Request Handler:Error in socket(): Network is unreachable
12-01 18:46:33.226 3267 6266 E hpplay-base-dlna: ssdp_device.c:280::SSDP_LIB: New Request Handler:Error in socket(): Network is unreachable
12-01 18:46:33.226 3267 6266 E hpplay-base-dlna: ssdp_device.c:280::SSDP_LIB: New Request Handler:Error in socket(): Network is unreachable
12-01 18:46:33.227 3267 6266 D hpplay-base-dlna: [UpnpDefine:867] DMRender release success
12-01 18:46:33.227 3267 6266 D hpplay-base-dlna: [lebodlna_api:352] m_pAVT Release
12-01 18:46:33.227 3267 6266 D hpplay-base-dlna: [lebodlna_api:360] m_pRCS Release
12-01 18:46:33.227 3267 6266 D hpplay-base-dlna: [lebodlna_api:365] dmrender destroydmr
12-01 18:46:33.243 643 657 I mpu_uart: [MSG-P:RECV]:No message received in 1000 ms
12-01 18:46:33.256 1495 2286 W SupplicantStaIfaceHal: Timed out waiting for confirmation of supplicant death
12-01 18:46:33.256 1495 1988 W SupplicantStaIfaceHal: ISupplicantVendor/ISupplicantVendorStaIface died: cookie=0
12-01 18:46:33.256 1495 2286 D WifiNl80211Manager: tearing down interfaces in wificond
12-01 18:46:33.256 1495 1607 W SupplicantStaIfaceHal: ISupplicantVendor/ISupplicantVendorStaIface died: cookie=0
12-01 18:46:33.251 826 826 W wifi@1.0-servic: type=1400 audit(0.0:703): avc: denied { search } for name="tombstones" dev="dm-10" ino=36 scontext=u:r:hal_wifi_default:s0 tcontext=u:object_r:vendor_tombstone_data_file:s0 tclass=dir permissive=0
12-01 18:46:33.257 826 826 E android.hardware.wifi@1.0-service: Failed to open directory: Permission denied
12-01 18:46:33.257 826 826 E android.hardware.wifi@1.0-service: Error occurred while deleting old tombstone files
12-01 18:46:33.257 826 826 E android.hardware.wifi@1.0-service: Error writing files to flash
12-01 18:46:33.258 826 826 E android.hardware.wifi@1.0-service: Stopping legacy HAL
12-01 18:46:33.258 826 826 E android.hardware.wifi@1.0-service: Legacy HAL trigger wifi cleanup
12-01 18:46:33.258 826 826 I WifiHAL : Sent msg on exit sock to unblock poll()
12-01 18:46:33.258 826 5937 I WifiHAL : exit_event_handler, buf=E
12-01 18:46:33.258 826 5937 I CLD80211: android.hardware.wifi@1.0-service: Sent msg on exit sock to unblock poll()
12-01 18:46:33.259 826 5937 D WifiHAL : wlan_service_update_sys_param: /proc/sys/net/ipv4/tcp_limit_output_bytes 262144
12-01 18:46:33.259 826 5937 D WifiHAL : wlan_service_update_sys_param: /proc/sys/net/ipv4/tcp_use_userconfig 0
12-01 18:46:33.259 826 5937 D WifiHAL : wlan_service_update_sys_param: /proc/sys/net/ipv4/tcp_adv_win_scale 1
12-01 18:46:33.259 826 5937 I android.hardware.wifi@1.0-service: Legacy HAL stop complete callback received
12-01 18:46:33.259 826 5937 E android.hardware.wifi@1.0-service: SetWifiUpState(false) completed
12-01 18:46:33.259 826 5937 I WifiHAL : wifi_event_loop() exits success
12-01 18:46:33.259 826 5937 E android.hardware.wifi@1.0-service: Legacy HAL Wifi event loop exited
12-01 18:46:33.259 826 5937 E android.hardware.wifi@1.0-service: Legacy HAL event loop terminated
12-01 18:46:33.259 826 826 D android.hardware.wifi@1.0-service: Legacy HAL stop complete
12-01 18:46:33.261 826 826 I android.hardware.wifi@1.0-service: Wifi HAL stopped
12-01 18:46:33.262 1495 2286 I WifiVendorHal: Vendor Hal stopped
12-01 18:46:33.262 1495 2286 D WifiClientModeManager[wlan0]: STA iface wlan0 was destroyed, stopping client mode
12-01 18:46:33.262 1495 2286 W WifiClientModeManager[wlan0]: Received mWifiNativeInterfaceCallback.onDestroyed callback when no ClientModeImpl instance is active.
12-01 18:46:33.262 1495 2286 I WifiNative: Successfully torn down Iface:{Name=wlan0,Id=1,Type=STA_CONNECTIVITY}
12-01 18:46:33.262 1495 2286 I WifiNative: Successfully initiated teardown for iface=wlan0
12-01 18:46:33.262 1495 2286 I WifiClientModeManager[unknown]: StartedState#exit(), setting mRole = null
12-01 18:46:33.263 1495 2286 D WifiClientModeImpl[wlan0]: ClientModeImpl: Leaving Connected state
12-01 18:46:33.264 1495 2286 D WifiCountryCode: evaluateAllCmmStateAndApplyIfAllReady: {ConcreteClientModeManager{id=709692 iface=null role=ROLE_CLIENT_PRIMARY}=true}
12-01 18:46:33.264 1495 2286 D WifiCountryCode: Reading country code from telephony
12-01 18:46:33.265 1495 2286 D WifiCountryCode: Set telephony country code to:
12-01 18:46:33.266 1495 2286 D WifiCountryCode: updateCountryCode to null
12-01 18:46:33.266 1495 2286 E SupplicantStaIfaceHal: Can't call disableCurrentNetwork, SupplicantStaNetwork is null
12-01 18:46:33.266 1495 2286 E SupplicantStaIfaceHal: Can't call disconnect, ISupplicantStaIface is null for iface=wlan0
12-01 18:46:33.266 1495 2286 E WifiClientModeImpl[wlan0]: Failed to set random MAC address on disconnect
12-01 18:46:33.267 1495 2286 E SupplicantStaIfaceHal: Can't call listNetworks, ISupplicantStaIface is null for iface=wlan0
12-01 18:46:33.267 1495 2286 E SupplicantStaIfaceHal: removeAllNetworks failed, got null networks
12-01 18:46:33.267 1495 2286 E WifiClientModeImpl[wlan0]: Failed to remove networks on exiting connect mode
12-01 18:46:33.268 1495 2286 E SupplicantStaIfaceHal: Can't call setPowerSave, ISupplicantStaIface is null for iface=wlan0
12-01 18:46:33.268 1495 2286 E SupplicantStaIfaceHal: Can't call setBtCoexistenceMode, ISupplicantStaIface is null for iface=wlan0
12-01 18:46:33.270 1495 2293 D ConnectivityService: [101 WIFI] EVENT_NETWORK_INFO_CHANGED, going from CONNECTED to DISCONNECTED
12-01 18:46:33.270 1495 2293 D ConnectivityService: [101 WIFI] disconnected, was satisfying 21
12-01 18:46:33.270 2478 5942 D DhcpClient: doQuit
12-01 18:46:33.270 2478 5942 D ApfFilter: (wlan0): shutting down
12-01 18:46:33.272 2569 2569 D SettingMicroservices: WifiReceiver:
12-01 18:46:33.272 2569 2569 D SettingMicroservices: WifiReceiver NetworkInfo.State.DISCONNECTED.
12-01 18:46:33.272 2569 2569 D SettingMicroservices: doNetworkSync: mIDCMNetworkState: -1 mIsFSEMNetworkWiFi: false
12-01 18:46:33.272 2569 2569 D SettingMicroservices: Change Network Preference to TYPE_ETHERNET.
12-01 18:46:33.274 1495 2293 W BestClock: java.time.DateTimeException: Missing NTP fix
12-01 18:46:33.277 1495 2286 D WifiDiags: stopLogging() iface list is {} after removing wlan0
12-01 18:46:33.277 1495 2286 W WifiDiags: Fail to reset log handler
12-01 18:46:33.283 2478 5942 D DhcpClient: DHCP Packet Handler stopped
12-01 18:46:33.283 2478 5942 D DhcpClient: onQuitting
12-01 18:46:33.286 1495 2293 W BestClock: java.time.DateTimeException: Missing NTP fix
12-01 18:46:33.288 1495 1599 I GnssNetworkConnectivityHandler: Network connection lost. Available networks count: 0
12-01 18:46:33.288 2552 5968 W System.err: java.net.SocketException: Socket closed
12-01 18:46:33.288 2552 5968 W System.err: at java.net.PlainSocketImpl.socketAccept(PlainSocketImpl.java:213)
12-01 18:46:33.288 2552 5968 W System.err: at java.net.AbstractPlainSocketImpl.accept(AbstractPlainSocketImpl.java:451)
12-01 18:46:33.288 2552 5968 W System.err: at java.net.ServerSocket.implAccept(ServerSocket.java:547)
12-01 18:46:33.288 2552 5968 W System.err: at java.net.ServerSocket.accept(ServerSocket.java:515)
12-01 18:46:33.288 2552 5968 W System.err: at com.thundercomm.microservice.MicroSocketService.receiveMessage(MicroSocketService.java:103)
12-01 18:46:33.288 2552 5968 W System.err: at com.thundercomm.microservice.MicroSocketService.lambda$new$0$MicroSocketService(MicroSocketService.java:44)
12-01 18:46:33.288 2552 5968 W System.err: at com.thundercomm.microservice.MicroSocketService$$ExternalSyntheticLambda0.run(Unknown Source:2)
12-01 18:46:33.288 2552 5968 W System.err: at java.lang.Thread.run(Thread.java:920)
12-01 18:46:33.288 2552 5968 E MicroService: read event ERROR, will restart current server
12-01 18:46:33.288 1495 1599 I GnssNetworkConnectivityHandler: updateNetworkState, state=CLOSED, connected=false, network=101, capabilities=[ Transports: WIFI Capabilities: NOT_METERED&INTERNET&NOT_RESTRICTED&TRUSTED&NOT_VPN&VALIDATED&NOT_ROAMING&FOREGROUND&NOT_CONGESTED&NOT_SUSPENDED&NOT_VCN_MANAGED LinkUpBandwidth>=12000Kbps LinkDnBandwidth>=60000Kbps TransportInfo: , BSSID: 02:00:00:00:00:00, MAC: 02:00:00:00:00:00, Security type: 2, Supplicant state: COMPLETED, HE Eight Max VHT Spatial Streams Supported AP: false, Eight Max VHT Spatial streams support: false, Wi-Fi standard: 5, RSSI: -17, Link speed: 433Mbps, Tx Link speed: 433Mbps, Max Supported Tx Link speed: 433Mbps, Rx Link speed: 433Mbps, Max Supported Rx Link speed: 433Mbps, Frequency: 5180MHz, Net ID: -1, Metered hint: false, score: 60, CarrierMerged: false, SubscriptionId: -1, IsPrimary: 1> SignalStrength: -17 SSID: "Xiaomi_C0F6_5G"], availableNetworkCount: 0
12-01 18:46:33.288 2717 5966 W System.err: java.net.SocketException: Socket closed
12-01 18:46:33.288 2717 5966 W System.err: at java.net.PlainSocketImpl.socketAccept(PlainSocketImpl.java:213)
12-01 18:46:33.288 2717 5966 W System.err: at java.net.AbstractPlainSocketImpl.accept(AbstractPlainSocketImpl.java:451)
12-01 18:46:33.288 2717 5966 W System.err: at java.net.ServerSocket.implAccept(ServerSocket.java:547)
12-01 18:46:33.288 2717 5966 W System.err: at java.net.ServerSocket.accept(ServerSocket.java:515)
12-01 18:46:33.289 2717 5966 W System.err: at com.thundercomm.remotecontrolservice.RemoteSocketService.receiveMessage(RemoteSocketService.java:110)
12-01 18:46:33.289 2717 5966 W System.err: at com.thundercomm.remotecontrolservice.RemoteSocketService.access$000(RemoteSocketService.java:11)
12-01 18:46:33.289 2717 5966 W System.err: at com.thundercomm.remotecontrolservice.RemoteSocketService$1.run(RemoteSocketService.java:45)
12-01 18:46:33.289 2717 5966 W System.err: at java.lang.Thread.run(Thread.java:920)
12-01 18:46:33.289 2717 5966 E RemoteControlService: read event ERROR, will restart current server
12-01 18:46:33.289 2552 5968 D MicroService: start Ap Ip Listener
12-01 18:46:33.289 2717 5966 D RemoteControlService: start Ap Ip Listener
12-01 18:46:33.292 2478 2548 D UpstreamNetworkMonitor: Lost default Internet network: 101
12-01 18:46:33.293 1495 2283 W BestClock: java.time.DateTimeException: Missing NTP fix
12-01 18:46:33.293 2616 3848 W DPMJ : |SERVICE| mMobileNetworkCallback: networkinfo is null
12-01 18:46:33.293 1495 2283 W BestClock: java.time.DateTimeException: Missing NTP fix
12-01 18:46:33.297 1495 2293 D ConnectivityService: Sending DISCONNECTED broadcast for type 1 [101 WIFI] isDefaultNetwork=true
12-01 18:46:33.297 1495 2293 W ContextImpl: Calling a method in the system process without a qualified user: android.app.ContextImpl.sendStickyBroadcast:1559 com.android.server.ConnectivityService.sendStickyBroadcast:2811 com.android.server.ConnectivityService.sendLegacyNetworkBroadcast:8732 com.android.server.ConnectivityService$LegacyTypeTracker.remove:1007 com.android.server.ConnectivityService$LegacyTypeTracker.remove:1024
12-01 18:46:33.298 1495 2293 D ConnectivityService: NetReassign [no changes]
12-01 18:46:33.301 3757 5056 I FileUtil: load json file length : 0
12-01 18:46:33.301 1495 2283 W BestClock: java.time.DateTimeException: Missing NTP fix
12-01 18:46:33.302 1495 2283 W BestClock: java.time.DateTimeException: Missing NTP fix
12-01 18:46:33.312 1495 2290 I WifiScanningService: Received a request to disable scanning, UID = 1000
12-01 18:46:33.313 1495 2290 E WifiNl80211Manager: No valid wificond scanner interface handler for iface=wlan0
12-01 18:46:33.313 1495 2290 I WifiScanningService: Removed an impl for wlan0
12-01 18:46:33.313 1495 2290 I WifiScanningService: wifi driver unloaded
12-01 18:46:33.317 1495 2421 D WifiMemoryStoreImpl: Set cluster G6a861cc26444f2b1 for W8053b4e3c789ac19: SUCCESS
12-01 18:46:33.318 1495 2286 D WifiScanRequestProxy: Sending scan available broadcast: false
12-01 18:46:33.319 1495 2286 I WifiScanRequestProxy: Scanning is disabled
12-01 18:46:33.320 1495 2286 D WifiConnectivityManager: saveMiracastMode: mode=0
12-01 18:46:33.320 1495 2286 D WifiConnectivityManager: saveP2pGroupStarted: started=false
12-01 18:46:33.320 1495 2286 D WifiCountryCode: evaluateAllCmmStateAndApplyIfAllReady: {}
12-01 18:46:33.320 1495 2421 D WifiMemoryStoreImpl: Set cluster G6a861cc26444f2b1 for W6a861cc26444f2b1: SUCCESS
12-01 18:46:33.323 2339 2339 D BluetoothAdapterService: Soft AP is on band: 1
12-01 18:46:33.324 1495 2286 W SupplicantStaIfaceHal: ISupplicant died: cookie=2
12-01 18:46:33.324 1495 2286 D WifiNetworkAgent: NetworkAgent: NetworkAgent channel lost
12-01 18:46:33.324 1495 2286 D WifiController: STA disabled, return to DisabledState.
12-01 18:46:33.324 1495 2286 D WifiController: EnabledState.exit()
12-01 18:46:33.324 1495 2286 D WifiController: DisabledState.enter()
12-01 18:46:33.325 1495 1589 W ScanResultUtil: Empty or null ScanResult list
12-01 18:46:33.325 1495 1589 W WifiService: Attempt to retrieve WifiConfiguration with invalid scanResult List
12-01 18:46:33.326 1495 2847 W ScanResultUtil: Empty or null ScanResult list
12-01 18:46:33.326 1495 2847 E WifiService: Attempt to retrieve passpoint with invalid scanResult List
12-01 18:46:33.326 1495 3291 W ScanResultUtil: Empty or null ScanResult list
12-01 18:46:33.326 1495 3291 W WifiService: Attempt to retrieve OsuProviders with invalid scanResult List
12-01 18:46:33.326 2339 2339 D BluetoothVendorService: getPowerBackoff
12-01 18:46:33.327 2339 2339 D BluetoothVendorService: setPowerBackoff to: false
12-01 18:46:33.327 2339 2339 I BluetoothVendorJni: setPowerBackoffNative
12-01 18:46:33.327 2339 2339 I bt_btif_vendor: setPowerBackOffState :0
12-01 18:46:33.327 2339 3458 W bt_btm : btm_cb.is_power_backoff = 0
12-01 18:46:33.327 2339 2339 D BluetoothAdapterService: android.net.wifi.WIFI_STATE_CHANGED
12-01 18:46:33.327 801 801 D vendor.qti.bluetooth@1.0-ibs_handler: SerialClockVote: vote for UART CLK ON
12-01 18:46:33.328 801 801 D vendor.qti.bluetooth@1.0-wake_lock: Acquire wakelock is acquired
12-01 18:46:33.328 801 801 I vendor.qti.bluetooth@1.0-ibs_handler: DeviceWakeUp: Writing IBS_WAKE_IND
12-01 18:46:33.331 2339 2339 D BluetoothAdapterService: Soft AP is on band: 1
12-01 18:46:33.332 2339 2339 D BluetoothVendorService: getPowerBackoff
12-01 18:46:33.332 2339 2339 D BluetoothAdapterService: android.net.wifi.STATE_CHANGE
12-01 18:46:33.333 801 3448 I vendor.qti.bluetooth@1.0-ibs_handler: ProcessIbsCmd: Received IBS_WAKE_ACK: 0xFC
12-01 18:46:33.333 801 3448 I vendor.qti.bluetooth@1.0-ibs_handler: ProcessIbsCmd: Signal wack_cond_
12-01 18:46:33.333 801 801 D vendor.qti.bluetooth@1.0-ibs_handler: DeviceWakeUp: Unblocked from waiting for FC, pthread_cond_timedwait ret = 0
12-01 18:46:33.334 2339 2339 W BluetoothAdapterService: fetchWifiState - isWifiConnected =false
12-01 18:46:33.334 2339 2339 D BluetoothVendorService: setWifiState to: false
12-01 18:46:33.334 2339 2339 I BluetoothVendorJni: setWifiStateNative
12-01 18:46:33.334 2339 2339 I bt_btif_vendor: setWifiState :0
12-01 18:46:33.334 2339 3458 W bt_btm : btm_cb.is_wifi_connected = 0
12-01 18:46:33.334 801 3448 I vendor.qti.bluetooth@1.0-ibs_handler: ProcessIbsCmd: Received IBS_WAKE_IND: 0xFD
12-01 18:46:33.334 801 3448 I vendor.qti.bluetooth@1.0-ibs_handler: ProcessIbsCmd: Writing IBS_WAKE_ACK
12-01 18:46:33.334 1495 5797 W ScanResultUtil: Empty or null ScanResult list
12-01 18:46:33.334 1495 5797 W WifiService: Attempt to retrieve WifiConfiguration with invalid scanResult List
12-01 18:46:33.334 1495 2404 W ScanResultUtil: Empty or null ScanResult list
12-01 18:46:33.334 1495 2404 E WifiService: Attempt to retrieve passpoint with invalid scanResult List
12-01 18:46:33.335 1495 2847 W ScanResultUtil: Empty or null ScanResult list
12-01 18:46:33.335 1495 2847 W WifiService: Attempt to retrieve OsuProviders with invalid scanResult List
12-01 18:46:33.415 801 3448 I vendor.qti.bluetooth@1.0-ibs_handler: ProcessIbsCmd: Received IBS_SLEEP_IND: 0xFE
12-01 18:46:33.427 0 0 W swapper/1: type=1400 audit(0.0:704): avc: denied { kill } for capability=5 scontext=u:r:kernel:s0 tcontext=u:r:kernel:s0 tclass=capability permissive=0
12-01 18:46:33.527 3267 6266 D hpplay-base-dlna: [lebodlna-dlna_android:186] stopDLNA
12-01 18:46:33.527 3267 6266 D hpplay-base-dlna: [lebodlna-dlna_android:189] dlnaservice destroy
12-01 18:46:33.527 3267 6266 D hpplay-base-dlna: [lebodlna-dlna_android:49] dlnaservice Destroy 49 int CDlnaService::Destroy()
12-01 18:46:33.527 3267 6266 D hpplay-base-dlna: [lebodlna-dlnaframe:245] dlnaservice Destroy 245 static ERROR_TYPE IDlnaFrame::DestroyDlnaFrame(IDlnaFrame *)
12-01 18:46:33.527 3267 6266 D hpplay-base-dlna: [lebodlna-dlnaframe:179] dlnaservice Destroy 179 virtual void CDlnaFrame::Release()
12-01 18:46:33.527 3267 6266 D hpplay-base-dlna: [lebodlna-dlnaframe:190] dlnaservice Destroy 190 virtual void CDlnaFrame::Release()
12-01 18:46:33.527 3267 6266 D hpplay-base-dlna: [lebodlna-dlnaframe:192] dlnaservice Destroy 192 virtual void CDlnaFrame::Release()
12-01 18:46:33.527 3267 6266 D hpplay-base-dlna: [lebodlna-dlnaframe:247] dlnaservice Destroy 247 static ERROR_TYPE IDlnaFrame::DestroyDlnaFrame(IDlnaFrame *)
12-01 18:46:33.527 3267 6266 D hpplay-base-dlna: [lebodlna-dlnaframe:251] dlnaservice Destroy 251 static ERROR_TYPE IDlnaFrame::DestroyDlnaFrame(IDlnaFrame *)
12-01 18:46:33.529 3267 6266 E hpplay-base-dlna: upnpapi.c:655::before gminiserver ThreadPoolShutdown
12-01 18:46:33.529 3267 6266 E hpplay-base-dlna: ThreadPool.c:1047::on ThreadPoolShutdown tp->totalThreads:3
12-01 18:46:33.530 3267 6266 E hpplay-base-dlna: ThreadPool.c:1056::after ThreadPoolShutdown
12-01 18:46:33.530 3267 6266 E hpplay-base-dlna: ThreadPool.c:1057::ThreadPoolShutdown tp->totalThreads:0
12-01 18:46:33.530 3267 6266 E hpplay-base-dlna: upnpapi.c:657::after gminiserver ThreadPoolShutdown
12-01 18:46:33.530 3267 6266 E hpplay-base-dlna: upnpapi.c:659::before grecv ThreadPoolShutdown
12-01 18:46:33.531 3267 6266 E hpplay-base-dlna: ThreadPool.c:1047::on ThreadPoolShutdown tp->totalThreads:12
12-01 18:46:33.531 3267 6266 E hpplay-base-dlna: ThreadPool.c:1047::on ThreadPoolShutdown tp->totalThreads:11
12-01 18:46:33.531 3267 6266 E hpplay-base-dlna: ThreadPool.c:1047::on ThreadPoolShutdown tp->totalThreads:10
12-01 18:46:33.531 3267 6266 E hpplay-base-dlna: ThreadPool.c:1047::on ThreadPoolShutdown tp->totalThreads:9
12-01 18:46:33.532 3267 6266 E hpplay-base-dlna: ThreadPool.c:1047::on ThreadPoolShutdown tp->totalThreads:3
12-01 18:46:33.533 3267 6266 E hpplay-base-dlna: ThreadPool.c:1047::on ThreadPoolShutdown tp->totalThreads:1
12-01 18:46:33.533 3267 6266 E hpplay-base-dlna: ThreadPool.c:1056::after ThreadPoolShutdown
12-01 18:46:33.533 3267 6266 E hpplay-base-dlna: ThreadPool.c:1057::ThreadPoolShutdown tp->totalThreads:0
12-01 18:46:33.533 3267 6266 E hpplay-base-dlna: upnpapi.c:661::after grecv ThreadPoolShutdown
12-01 18:46:33.533 3267 6266 E hpplay-base-dlna: upnpapi.c:663::before gsend ThreadPoolShutdown
12-01 18:46:33.533 3267 6266 E hpplay-base-dlna: ThreadPool.c:1047::on ThreadPoolShutdown tp->totalThreads:3
12-01 18:46:33.533 3267 6266 E hpplay-base-dlna: ThreadPool.c:1047::on ThreadPoolShutdown tp->totalThreads:2
12-01 18:46:33.534 3267 6266 E hpplay-base-dlna: ThreadPool.c:1056::after ThreadPoolShutdown
12-01 18:46:33.534 3267 6266 E hpplay-base-dlna: ThreadPool.c:1057::ThreadPoolShutdown tp->totalThreads:0
12-01 18:46:33.534 3267 6266 E hpplay-base-dlna: upnpapi.c:665::after gsend ThreadPoolShutdown
12-01 18:46:33.534 3267 6266 D hpplay-base-dlna: [lebodlna-dlnaframe:253] dlnaservice Destroy 253 static ERROR_TYPE IDlnaFrame::DestroyDlnaFrame(IDlnaFrame *)
12-01 18:46:33.534 3267 6266 D hpplay-base-dlna: [lebodlna-dlna_android:51] dlnaservice Destroy 51 int CDlnaService::Destroy()
12-01 18:46:33.534 3267 6266 D hpplay-base-dlna: [lebodlna-dlna_android:194] stopDLNA end
12-01 18:46:33.634 2908 2908 W SettingsMetricsFeature: action(Pair... taggedData) is deprecated, Use action(int, int, int, String, int) instead.
12-01 18:46:33.635 1495 2404 I WifiService: setWifiEnabled package=com.android.settings uid=1000 enable=true
12-01 18:46:33.636 1495 2286 D WifiActiveModeWarden: Starting primary ClientModeManager in connect mode
12-01 18:46:33.637 1495 2286 D WifiController: DisabledState.exit()
12-01 18:46:33.637 1495 2286 D WifiController: EnabledState.enter()
12-01 18:46:33.637 1495 2286 D WifiClientModeManager[unknown]: entering IdleState
12-01 18:46:33.638 1495 2286 I android_os_HwBinder: HwBinder: Starting thread pool for getting: android.hardware.wifi@1.0::IWifi/default
12-01 18:46:33.639 3090 3129 E OsAgent : Wifi Scan Always Available: 0
12-01 18:46:33.639 3090 3129 D OsAgent : [bool_dataitem_update][2966] [HC] =>> [HS]
12-01 18:46:33.640 807 807 V LocSvc_HIDL_IzatSubscription: [boolDataItemUpdate][223] [HS] <<<<= [HC]
12-01 18:46:33.641 826 826 D android.hardware.wifi@1.0-service: Initialize legacy HAL
12-01 18:46:33.641 3090 3129 E OsAgent : Wifi Scan Always Available: 0
12-01 18:46:33.641 3090 3129 D OsAgent : [bool_dataitem_update][2966] [HC] =>> [HS]
12-01 18:46:33.641 807 807 V LocSvc_HIDL_IzatSubscription: [boolDataItemUpdate][223] [HS] <<<<= [HC]
12-01 18:46:33.642 826 826 I android.hardware.wifi@1.0-service: Wifi HAL started
12-01 18:46:33.643 1495 2286 I WifiVendorHal: Vendor Hal started successfully
12-01 18:46:33.646 826 826 D android.hardware.wifi@1.0-service: Waiting for the driver ready
12-01 18:46:33.647 826 826 D android.hardware.wifi@1.0-service: Starting legacy HAL
12-01 18:46:33.651 1381 1411 D LOWI-9.0.0.87.a: [LOWINetlinkSocketReceiver] unpackRTMLinkMessage: RTM_NEWLINK - ifname wlan0, flags 0x1003 ([UP])
12-01 18:46:33.651 1381 1411 D LOWI-9.0.0.87.a: [LOWINetlinkSocketReceiver] processNetlinkPacket: ifname(wlan0) status(1)
12-01 18:46:33.651 1381 1411 D LOWI-9.0.0.87.a: [LOWIController] intfStateReceived: ifname(wlan0) state(1)
12-01 18:46:33.651 1381 1413 D LOWI-9.0.0.87.a: [LOWIEventReceiver] handleEvent:FROM:NA, TO:NA, REQ:NA, IREQ:NA, REQ_ID:0, RESP:NA, INFO:INTF-STATUS-UPDATE
12-01 18:46:33.651 1381 1413 D LOWI-9.0.0.87.a: [LOWIEventReceiver] Info to [INTF-STATUS-UPDATE]
12-01 18:46:33.651 1381 1413 D LOWI-9.0.0.87.a: [LOWIController] updateIntfState: WIFI enabled 1 mNlWifiStatus 0 mWifiStateEnabled 0
12-01 18:46:33.651 1381 1413 D LOWI-9.0.0.87.a: [LOWIController] isWifiEnabled: mNlWifiStatus 1 mWifiStateEnabled 0
12-01 18:46:33.651 1381 1413 I LOWI-9.0.0.87.a: [LOWIController] isWifiEnabled: Wifi is now enabled
12-01 18:46:33.651 1381 1413 D LOWI-9.0.0.87.a: [LOWIController] terminateScanResultReceiver
12-01 18:46:33.652 1495 1599 I EthernetTracker: interfaceLinkStateChanged, iface: wlan0, up: false
12-01 18:46:33.653 826 826 I WifiHAL : Initializing wifi
12-01 18:46:33.654 826 826 I CLD80211: android.hardware.wifi@1.0-service: initialized exit socket pair
12-01 18:46:33.654 826 826 I CLD80211: android.hardware.wifi@1.0-service: nlctrl family id: 16 group: host_logs mcast_id: 20
12-01 18:46:33.654 826 826 I CLD80211: android.hardware.wifi@1.0-service: nlctrl family id: 16 group: fw_logs mcast_id: 21
12-01 18:46:33.654 826 826 I CLD80211: android.hardware.wifi@1.0-service: nlctrl family id: 16 group: per_pkt_stats mcast_id: 22
12-01 18:46:33.654 826 826 I CLD80211: android.hardware.wifi@1.0-service: nlctrl family id: 16 group: diag_events mcast_id: 23
12-01 18:46:33.654 826 826 I CLD80211: android.hardware.wifi@1.0-service: nlctrl family id: 16 group: fatal_events mcast_id: 24
12-01 18:46:33.654 826 826 I CLD80211: android.hardware.wifi@1.0-service: nlctrl family id: 16 group: oem_msgs mcast_id: 25
12-01 18:46:33.657 826 826 E WifiHAL : wifi_get_capabilities: GSCAN is not supported by driver
12-01 18:46:33.657 826 826 E WifiHAL : Failed to get wifi Capabilities, error: -3
12-01 18:46:33.657 826 826 D WifiHAL : wlan_service_read_sys_param: /proc/sys/net/ipv4/tcp_limit_output_bytes 262144
12-01 18:46:33.657 826 826 D WifiHAL : wlan_service_read_sys_param: /proc/sys/net/ipv4/tcp_adv_win_scale 1
12-01 18:46:33.658 826 6269 D android.hardware.wifi@1.0-service: Starting legacy HAL event loop
12-01 18:46:33.659 826 826 I android.hardware.wifi@1.0-service: Adding interface handle for p2p0
12-01 18:46:33.659 826 826 I android.hardware.wifi@1.0-service: Adding interface handle for wlan0
12-01 18:46:33.659 826 826 I android.hardware.wifi@1.0-service: Adding interface handle for wifi-aware0
12-01 18:46:33.659 826 826 D android.hardware.wifi@1.0-service: Legacy HAL start complete
12-01 18:46:33.659 826 826 W android.hardware.wifi@1.0-service: No active wlan interfaces in use! Using default
12-01 18:46:33.659 826 826 W android.hardware.wifi@1.0-service: No active wlan interfaces in use! Using default
12-01 18:46:33.661 826 826 I android.hardware.wifi@1.0-service: Configured chip in mode 3
12-01 18:46:33.661 826 826 W android.hardware.wifi@1.0-service: No active wlan interfaces in use! Using default
12-01 18:46:33.663 1495 2286 D HalDevMgr: updateRttController: no one is interested in RTT controllers
12-01 18:46:33.667 1381 1413 D LOWI-9.0.0.87.a: [LOWIWpaInterface] OpenCtrl]66 Failure for mCtrl
12-01 18:46:33.667 1381 1413 D LOWI-9.0.0.87.a: [LOWI-Scan] nl80211_init:SUCCESS
12-01 18:46:33.667 1381 1413 D LOWI-9.0.0.87.a: [LOWI-Scan] nl_get_wiphy_info, done err = 0
12-01 18:46:33.667 1381 1413 I LOWI-9.0.0.87.a: [LOWI-Scan] WipsGetSupportedChannels: return err = 0 num_2g_ch = 13 num_5g_ch = 13 num_6g_ch = 0
12-01 18:46:33.667 1381 1413 I LOWI-9.0.0.87.a: [LOWIWifiDriverUtils] set the band mask from wiphy 3
12-01 18:46:33.667 1381 1413 D LOWI-9.0.0.87.a: [LOWIWifiDriverUtils] getWiFiIdentityFromIoctl: ioctl(GET_MAC_ADDR) return: 0, Mac = 8a:52:c5:21:68:4f
12-01 18:46:33.668 1381 1413 I LOWI-9.0.0.87.a: [LOWI-ROME-RTT] RomeWipsOpen: libCld80211 found, load the symbols..
12-01 18:46:33.669 1381 1413 I CLD80211: lowi-server: initialized exit socket pair
12-01 18:46:33.669 1381 1413 D LOWI-9.0.0.87.a: [LOWI-ROME-RTT] cld80211InitAndRegister: Init and Registration done
12-01 18:46:33.669 1381 1413 D LOWI-9.0.0.87.a: [LOWIController] createWifiDriver: wifi driver created.
12-01 18:46:33.669 1381 1413 D LOWI-9.0.0.87.a: [LOWIController] getWifiCapabilities
12-01 18:46:33.669 1381 1413 D LOWI-9.0.0.87.a: [LOWIController] passContConfig
12-01 18:46:33.669 1381 1413 I LOWI-9.0.0.87.a: [LOWIWifiDriverUtils] return band_mask based on wiphy 3
12-01 18:46:33.669 1381 1413 D LOWI-9.0.0.87.a: [LOWIControllerExtn] createScanResultReceiver: scanbitmask(0x26)
12-01 18:46:33.669 1381 1413 D LOWI-9.0.0.87.a: [LOWIController] createScanResultReceiver: Capabilities: discovery(1), ranging(1), bgscan(0), scanbitmask(0x26)
12-01 18:46:33.670 1381 1413 D LOWI-9.0.0.87.a: [LOWIController] created scanReceiver successfully
12-01 18:46:33.670 1381 1413 D LOWI-9.0.0.87.a: [LOWIController] created scanReceiver successfully
12-01 18:46:33.670 1381 6270 D LOWI-9.0.0.87.a: [LOWI-Scan] Creating the pipe
12-01 18:46:33.670 1381 6270 D LOWI-9.0.0.87.a: [LOWIScanResultReceiver] Enter passive listening mode
12-01 18:46:33.670 1381 6270 D LOWI-9.0.0.87.a: [LOWIWifiDriverInterface] getMeasurements - Passive listening mode
12-01 18:46:33.670 1381 6270 D LOWI-9.0.0.87.a: [LOWI-Scan] WipsScanUsingNL:wait -1 sec for netlink message
12-01 18:46:33.670 1381 6271 D LOWI-9.0.0.87.a: [LOWI-ROME-RTT] Creating pipe to Ranging Thread
12-01 18:46:33.670 1381 6271 D LOWI-9.0.0.87.a: [LOWIScanResultReceiver] Enter passive listening mode
12-01 18:46:33.670 1381 6271 D LOWI-9.0.0.87.a: [LOWIRangingFSM] FSM: Received Event EVENT_START_THREAD, Current state: STATE_IDLE_START
12-01 18:46:33.670 826 6269 I WifiHAL : send_nl_data: sent cld80211 msg of len: 48 to driver
12-01 18:46:33.670 826 6269 I WifiHAL : send oem msg of len : 40 to apps
12-01 18:46:33.670 1381 6271 D LOWI-9.0.0.87.a: [LOWI-ROME-RTT] send_cld80211_nlmsg: sent cld80211 message for pid 1381
12-01 18:46:33.670 1381 6271 D LOWI-9.0.0.87.a: [LOWIRangingFSM] FSM: New FSM state: STATE_IDLE_START
12-01 18:46:33.670 1381 6271 D LOWI-9.0.0.87.a: [LOWI-ROME-RTT] RomeWaitOnActivityOnSocketOrPipe: issue timed select: TO: 5
12-01 18:46:33.670 1381 6271 D LOWI-9.0.0.87.a: [LOWI-ROME-RTT] RomeWaitOnActivityOnSocketOrPipe: timed select over: TO: 5 retVal: 1
12-01 18:46:33.670 1381 6271 D LOWI-9.0.0.87.a: [LOWI-ROME-RTT] event_handler: Valid data with length 11
12-01 18:46:33.670 1495 2324 D HalDevMgr: registerRttControllerLifecycleCallback: registering an existing callback=com.android.server.wifi.rtt.RttNative$1@8500fe3
12-01 18:46:33.670 1381 6271 D LOWI-9.0.0.87.a: [LOWI-HELIUM-RTT] RomeNLRecvMessage: The Received RomeMsgType: ROME_REG_RSP_MSG
12-01 18:46:33.670 1381 6271 D LOWI-9.0.0.87.a: [LOWIRangingFSM] FSM: Received Event EVENT_REGISTRATION_SUCCESS, Current state: STATE_IDLE_START
12-01 18:46:33.670 1381 6271 D LOWI-9.0.0.87.a: [LOWI-ROME-RTT] RomeExtractRegRsp: driver support nl packing for oem data
12-01 18:46:33.671 1381 6271 I LOWI-9.0.0.87.a: [LOWI-ROME-RTT] RomeExtractRegRsp: nl format oem data enabled
12-01 18:46:33.671 1381 6271 D LOWI-9.0.0.87.a: [LOWI-ROME-RTT] RomeExtractRegRsp: Registered with CLD, 1 vDevs. Using 0 for STA
12-01 18:46:33.671 826 6269 I WifiHAL : send_nl_data: sent cld80211 msg of len: 32 to driver
12-01 18:46:33.671 826 6269 I WifiHAL : send oem msg of len : 148 to apps
12-01 18:46:33.671 1381 6271 D LOWI-9.0.0.87.a: [LOWI-ROME-RTT] send_oem_nl_msg: sent cld80211 message with subcmd: 3
12-01 18:46:33.671 1381 6271 D LOWI-9.0.0.87.a: [LOWIRangingFSM] FSM: New FSM state: STATE_WAITING_OEM_CAP
12-01 18:46:33.671 1381 6271 D LOWI-9.0.0.87.a: [LOWI-ROME-RTT] RomeWaitOnActivityOnSocketOrPipe: issue timed select: TO: 5
12-01 18:46:33.671 1381 6271 D LOWI-9.0.0.87.a: [LOWI-ROME-RTT] RomeWaitOnActivityOnSocketOrPipe: timed select over: TO: 5 retVal: 1
12-01 18:46:33.671 1381 6271 D LOWI-9.0.0.87.a: [LOWI-ROME-RTT] event_handler: Valid data with length 116
12-01 18:46:33.671 1381 6271 D LOWI-9.0.0.87.a: [LOWI-HELIUM-RTT] RomeNLRecvMessage: The Received RomeMsgType: ROME_OEM_CAP_MSG
12-01 18:46:33.671 1381 6271 D LOWI-9.0.0.87.a: [LOWIRangingFSM] FSM: Received Event EVENT_OEM_CAP_INFO, Current state: STATE_WAITING_OEM_CAP
12-01 18:46:33.671 1381 6271 D LOWI-9.0.0.87.a: [LOWI-ROME-RTT] RomeExtractOemCapabilities: oem_target_signature(QUALCOMM) oem_target_type(23)oem_fw_version(270140705) driver_version(0xa120205)
12-01 18:46:33.671 1381 6271 D LOWI-9.0.0.87.a: [LOWI-ROME-RTT] allowed_dwell_time_min(20) allowed_dwell_time_max(40)curr_dwell_time_min(0) curr_dwell_time_max(0)supported_bands(3) num_channels(0)
12-01 18:46:33.672 826 6269 I WifiHAL : send_nl_data: sent cld80211 msg of len: 32 to driver
12-01 18:46:33.672 826 6269 I WifiHAL : send oem msg of len : 1608 to apps
12-01 18:46:33.672 1381 6271 D LOWI-9.0.0.87.a: [LOWI-ROME-RTT] send_oem_nl_msg: sent cld80211 message with subcmd: 4
12-01 18:46:33.672 1381 6271 D LOWI-9.0.0.87.a: [LOWIRangingFSM] FSM: New FSM state: STATE_WAITING_FOR_WIPHY_INFO
12-01 18:46:33.672 1381 6271 D LOWI-9.0.0.87.a: [LOWI-ROME-RTT] RomeWaitOnActivityOnSocketOrPipe: issue timed select: TO: 5
12-01 18:46:33.672 1381 6271 D LOWI-9.0.0.87.a: [LOWI-ROME-RTT] RomeWaitOnActivityOnSocketOrPipe: timed select over: TO: 5 retVal: 1
12-01 18:46:33.672 1381 6271 D LOWI-9.0.0.87.a: [LOWI-ROME-RTT] event_handler: Valid data with length 1576
12-01 18:46:33.672 1381 6271 D LOWI-9.0.0.87.a: [LOWI-HELIUM-RTT] RomeNLRecvMessage: The Received RomeMsgType: ROME_CHANNEL_INFO_MSG
12-01 18:46:33.672 1381 6271 D LOWI-9.0.0.87.a: [LOWIRangingFSM] FSM: Received Event EVENT_CHANNEL_INFO, Current state: STATE_WAITING_FOR_WIPHY_INFO
12-01 18:46:33.672 1381 6271 I LOWI-9.0.0.87.a: [LOWI-ROME-RTT] ExtractNLChannelInfo: NumChan = 26
12-01 18:46:33.672 826 6269 I WifiHAL : send_nl_data: sent cld80211 msg of len: 64 to driver
12-01 18:46:33.672 826 826 I WifiHAL : mpdu_size_threshold : 128, aggressive_statistics_gathering : 0
12-01 18:46:33.672 826 826 E WifiHAL : Handle different, update the handle
12-01 18:46:33.673 1381 6271 D LOWI-9.0.0.87.a: [LOWI-ROME-RTT] send_oem_nl_msg: sent cld80211 message with subcmd: 5
12-01 18:46:33.673 1381 6271 D LOWI-9.0.0.87.a: [LOWIRangingFSM] FSM: New FSM state: STATE_WAITING_FOR_RANGING_CAP
12-01 18:46:33.673 1381 6271 D LOWI-9.0.0.87.a: [LOWI-ROME-RTT] RomeWaitOnActivityOnSocketOrPipe: issue timed select: TO: 5
12-01 18:46:33.673 1495 2286 D WifiNl80211Manager: Setting up interface for client mode: wlan0
12-01 18:46:33.673 1186 1186 I wificond: createClientInterface: wiphy_index 0 iface_name wlan0
12-01 18:46:33.675 1186 1186 I wificond: create scanner for interface with index: 17
12-01 18:46:33.675 1186 1186 I wificond: subscribe scan result for interface with index: 17
12-01 18:46:33.676 1186 1186 I wificond: add channel type 0 support at wiphy index: 0
12-01 18:46:33.676 1186 1186 I wificond: add channel type 1 support at wiphy index: 0
12-01 18:46:33.678 1495 2286 I WifiNative: Interface state changed on Iface:{Name=wlan0,Id=2,Type=STA_SCAN}, isUp=true
12-01 18:46:33.678 1495 2286 I WifiNative: Successfully setup Iface:{Name=wlan0,Id=2,Type=STA_SCAN}
12-01 18:46:33.678 1495 2286 E SupplicantStaIfaceHal: Can't call getKeyMgmtCapabilities_1_3, ISupplicantStaIface is null for iface=wlan0
12-01 18:46:33.678 502 502 I hwservicemanager: getTransport: Cannot find entry android.hardware.wifi.supplicant@1.4::ISupplicant/default in either framework or device VINTF manifest.
12-01 18:46:33.681 502 502 I hwservicemanager: getTransport: Cannot find entry android.hardware.wifi.supplicant@1.4::ISupplicant/default in either framework or device VINTF manifest.
12-01 18:46:33.681 1495 2286 E SupplicantStaIfaceHal: Can't call getWpaDriverCapabilities_1_3, ISupplicantStaIface is null for iface=wlan0
12-01 18:46:33.682 1495 2286 D WifiClientModeManager[wlan0]: entering StartedState
12-01 18:46:33.684 1495 2286 I SupplicantStaIfaceHal: Starting supplicant using HIDL
12-01 18:46:33.684 2569 2569 D SettingMicroservices: WifiReceiver:
12-01 18:46:33.684 2569 2569 D SettingMicroservices: WifiReceiver WIFI_STATE_ENABLING:
12-01 18:46:33.684 1495 1495 D WifiP2pService: Wifi enabled=false
12-01 18:46:33.685 502 502 I hwservicemanager: Since android.hardware.wifi.supplicant@1.0::ISupplicant/default is not registered, trying to start it as a lazy HAL.
12-01 18:46:33.685 2339 2339 D BluetoothAdapterService: android.net.wifi.WIFI_STATE_CHANGED
12-01 18:46:33.685 1495 2286 D SupplicantStaIfaceHal: Successfully triggered start of supplicant using HIDL
12-01 18:46:33.729 6273 6273 D wpa_supplicant: wpa_supplicant v2.10-devel-11
12-01 18:46:33.729 6273 6273 D wpa_supplicant: Global control interface '@android:vendor_wpa_wlan0'
12-01 18:46:33.729 6273 6273 D wpa_supplicant: Using Android control socket 'vendor_wpa_wlan0'
12-01 18:46:33.729 6273 6273 D wpa_supplicant: Initing hidl control
12-01 18:46:33.729 6273 6273 I wpa_supplicant: Processing hidl events on FD 4
12-01 18:46:33.729 6273 6273 D wpa_supplicant: hidl_register service name default
12-01 18:46:33.730 6273 6273 I HidlServiceManagement: Registered android.hardware.wifi.supplicant@1.3::ISupplicant/default (start delay of 44ms)
12-01 18:46:33.730 6273 6273 D wpa_supplicant: hidl_register vendor service name default
12-01 18:46:33.731 6273 6273 I HidlServiceManagement: Registered vendor.qti.hardware.wifi.supplicant@2.2::ISupplicantVendor/default (start delay of 44ms)
12-01 18:46:33.731 6273 6273 I wpa_supplicant: Register Vendor HIDL default service
12-01 18:46:33.731 6273 6273 I wpa_supplicant: Successfully initialized wpa_supplicant
12-01 18:46:33.732 1495 2401 I android_os_HwBinder: HwBinder: Starting thread pool for getting: android.hardware.wifi.supplicant@1.0::ISupplicant/default
12-01 18:46:33.733 1495 2401 I android_os_HwBinder: HwBinder: Starting thread pool for getting: vendor.qti.hardware.wifi.supplicant@2.0::ISupplicantVendor/default
12-01 18:46:33.733 1495 2401 E SupplicantStaIfaceHal: Discover ISupplicantVendor service successfull
12-01 18:46:33.733 1495 2401 I SupplicantStaIfaceHal: Completed initialization of ISupplicant.
12-01 18:46:33.785 1495 2286 E SupplicantStaIfaceHal: Can't call setupIface, ISupplicantStaIface is null for iface=wlan0
12-01 18:46:33.788 1495 2286 I android_os_HwBinder: HwBinder: Starting thread pool for getting: android.hardware.wifi.supplicant@1.0::ISupplicant/default
12-01 18:46:33.789 6273 6273 D wpa_supplicant: Override interface parameter: ctrl_interface ('(null)' -> '/data/vendor/wifi/wpa/sockets')
12-01 18:46:33.789 6273 6273 D wpa_supplicant: Initializing interface 'wlan0' conf '/data/vendor/wifi/wpa/wpa_supplicant.conf' driver 'nl80211' ctrl_interface '/data/vendor/wifi/wpa/sockets' bridge 'N/A'
12-01 18:46:33.789 6273 6273 D wpa_supplicant: Configuration file '/data/vendor/wifi/wpa/wpa_supplicant.conf' -> '/data/vendor/wifi/wpa/wpa_supplicant.conf'
12-01 18:46:33.789 6273 6273 D wpa_supplicant: Reading configuration file '/data/vendor/wifi/wpa/wpa_supplicant.conf'
12-01 18:46:33.789 6273 6273 D wpa_supplicant: update_config=1
12-01 18:46:33.789 6273 6273 D wpa_supplicant: eapol_version=1
12-01 18:46:33.790 6273 6273 D wpa_supplicant: ap_scan=1
12-01 18:46:33.790 6273 6273 D wpa_supplicant: fast_reauth=1
12-01 18:46:33.790 6273 6273 D wpa_supplicant: pmf=1
12-01 18:46:33.790 6273 6273 D wpa_supplicant: p2p_add_cli_chan=1
12-01 18:46:33.790 6273 6273 D wpa_supplicant: oce=1
12-01 18:46:33.790 6273 6273 D wpa_supplicant: wowlan_disconnect_on_deinit=1
12-01 18:46:33.790 6273 6273 D wpa_supplicant: bss_no_flush_when_down=1
12-01 18:46:33.790 6273 6273 D wpa_supplicant: Reading configuration file '/vendor/etc/wifi/wpa_supplicant_overlay.conf'
12-01 18:46:33.790 6273 6273 D wpa_supplicant: disable_scan_offload=1
12-01 18:46:33.790 6273 6273 D wpa_supplicant: p2p_disabled=1
12-01 18:46:33.790 6273 6273 D wpa_supplicant: tdls_external_control=1
12-01 18:46:33.790 6273 6273 D wpa_supplicant: wowlan_triggers='magic_pkt'
12-01 18:46:33.790 6273 6273 D wpa_supplicant: bss_max_count=400
12-01 18:46:33.790 6273 6273 D wpa_supplicant: interworking=1
12-01 18:46:33.790 6273 6273 D wpa_supplicant: config_methods='virtual_display virtual_push_button keypad'
12-01 18:46:33.790 6273 6273 D wpa_supplicant: driver_param='"no_rrm=1"'
12-01 18:46:33.792 6273 6273 D wpa_supplicant: nl80211: Using driver-based roaming
12-01 18:46:33.792 6273 6273 D wpa_supplicant: nl80211: TDLS supported
12-01 18:46:33.792 6273 6273 D wpa_supplicant: nl80211: TDLS external setup
12-01 18:46:33.792 6273 6273 D wpa_supplicant: nl80211: Supported cipher 00-0f-ac:1
12-01 18:46:33.792 6273 6273 D wpa_supplicant: nl80211: Supported cipher 00-0f-ac:5
12-01 18:46:33.792 6273 6273 D wpa_supplicant: nl80211: Supported cipher 00-0f-ac:2
12-01 18:46:33.792 6273 6273 D wpa_supplicant: nl80211: Supported cipher 00-40-96:254
12-01 18:46:33.792 6273 6273 D wpa_supplicant: nl80211: Supported cipher 00-40-96:255
12-01 18:46:33.792 6273 6273 D wpa_supplicant: nl80211: Supported cipher 00-0f-ac:4
12-01 18:46:33.792 6273 6273 D wpa_supplicant: nl80211: Supported cipher 00-14-72:1
12-01 18:46:33.792 6273 6273 D wpa_supplicant: nl80211: Supported cipher 00-0f-ac:6
12-01 18:46:33.792 6273 6273 D wpa_supplicant: nl80211: Supported cipher 00-0f-ac:11
12-01 18:46:33.792 6273 6273 D wpa_supplicant: nl80211: Supported cipher 00-0f-ac:12
12-01 18:46:33.792 6273 6273 D wpa_supplicant: nl80211: Supported cipher 00-0f-ac:8
12-01 18:46:33.792 6273 6273 D wpa_supplicant: nl80211: Supported cipher 00-0f-ac:9
12-01 18:46:33.792 6273 6273 D wpa_supplicant: nl80211: Supports Probe Response offload in AP mode
12-01 18:46:33.792 6273 6273 D wpa_supplicant: nl80211: Using driver-based off-channel TX
12-01 18:46:33.792 6273 6273 D wpa_supplicant: nl80211: Supported vendor command: vendor_id=0x1374 subcmd=11
12-01 18:46:33.792 6273 6273 D wpa_supplicant: nl80211: Supported vendor command: vendor_id=0x1374 subcmd=22
12-01 18:46:33.792 6273 6273 D wpa_supplicant: nl80211: Supported vendor command: vendor_id=0x1374 subcmd=13
12-01 18:46:33.792 6273 6273 D wpa_supplicant: nl80211: Supported vendor command: vendor_id=0x1374 subcmd=16
12-01 18:46:33.792 6273 6273 D wpa_supplicant: nl80211: Supported vendor command: vendor_id=0x1374 subcmd=14
12-01 18:46:33.792 6273 6273 D wpa_supplicant: nl80211: Supported vendor command: vendor_id=0x1374 subcmd=15
12-01 18:46:33.792 6273 6273 D wpa_supplicant: nl80211: Supported vendor command: vendor_id=0x1374 subcmd=34
12-01 18:46:33.792 6273 6273 D wpa_supplicant: nl80211: Supported vendor command: vendor_id=0x1374 subcmd=35
12-01 18:46:33.793 6273 6273 D wpa_supplicant: nl80211: Supported vendor command: vendor_id=0x1374 subcmd=36
12-01 18:46:33.793 6273 6273 D wpa_supplicant: nl80211: Supported vendor command: vendor_id=0x1374 subcmd=38
12-01 18:46:33.793 6273 6273 D wpa_supplicant: nl80211: Supported vendor command: vendor_id=0x1374 subcmd=39
12-01 18:46:33.793 6273 6273 D wpa_supplicant: nl80211: Supported vendor command: vendor_id=0x1374 subcmd=42
12-01 18:46:33.793 6273 6273 D wpa_supplicant: nl80211: Supported vendor command: vendor_id=0x1374 subcmd=40
12-01 18:46:33.793 6273 6273 D wpa_supplicant: nl80211: Supported vendor command: vendor_id=0x1374 subcmd=120
12-01 18:46:33.793 6273 6273 D wpa_supplicant: nl80211: Supported vendor command: vendor_id=0x1374 subcmd=121
12-01 18:46:33.793 6273 6273 D wpa_supplicant: nl80211: Supported vendor command: vendor_id=0x1374 subcmd=186
12-01 18:46:33.793 6273 6273 D wpa_supplicant: nl80211: Supported vendor command: vendor_id=0x1374 subcmd=54
12-01 18:46:33.793 6273 6273 D wpa_supplicant: nl80211: Supported vendor command: vendor_id=0x1374 subcmd=55
12-01 18:46:33.793 6273 6273 D wpa_supplicant: nl80211: Supported vendor command: vendor_id=0x1374 subcmd=50
12-01 18:46:33.793 6273 6273 D wpa_supplicant: nl80211: Supported vendor command: vendor_id=0x1374 subcmd=61
12-01 18:46:33.793 6273 6273 D wpa_supplicant: nl80211: Supported vendor command: vendor_id=0x1374 subcmd=74
12-01 18:46:33.793 6273 6273 D wpa_supplicant: nl80211: Supported vendor command: vendor_id=0x1374 subcmd=75
12-01 18:46:33.793 6273 6273 D wpa_supplicant: nl80211: Supported vendor command: vendor_id=0x1374 subcmd=169
12-01 18:46:33.793 6273 6273 D wpa_supplicant: nl80211: Supported vendor command: vendor_id=0x1374 subcmd=64
12-01 18:46:33.793 6273 6273 D wpa_supplicant: nl80211: Supported vendor command: vendor_id=0x1374 subcmd=62
12-01 18:46:33.793 6273 6273 D wpa_supplicant: nl80211: Supported vendor command: vendor_id=0x1374 subcmd=77
12-01 18:46:33.793 6273 6273 D wpa_supplicant: nl80211: Supported vendor command: vendor_id=0x1374 subcmd=103
12-01 18:46:33.793 6273 6273 D wpa_supplicant: nl80211: Supported vendor command: vendor_id=0x1374 subcmd=104
12-01 18:46:33.793 6273 6273 D wpa_supplicant: nl80211: Supported vendor command: vendor_id=0x1374 subcmd=119
12-01 18:46:33.793 6273 6273 D wpa_supplicant: nl80211: Supported vendor command: vendor_id=0x1374 subcmd=78
12-01 18:46:33.793 6273 6273 D wpa_supplicant: nl80211: Supported vendor command: vendor_id=0x1374 subcmd=79
12-01 18:46:33.793 6273 6273 D wpa_supplicant: nl80211: Supported vendor command: vendor_id=0x1374 subcmd=80
12-01 18:46:33.793 6273 6273 D wpa_supplicant: nl80211: Supported vendor command: vendor_id=0x1374 subcmd=182
12-01 18:46:33.793 6273 6273 D wpa_supplicant: nl80211: Supported vendor command: vendor_id=0x1374 subcmd=181
12-01 18:46:33.793 6273 6273 D wpa_supplicant: nl80211: Supported vendor command: vendor_id=0x1374 subcmd=82
12-01 18:46:33.793 6273 6273 D wpa_supplicant: nl80211: Supported vendor command: vendor_id=0x1374 subcmd=76
12-01 18:46:33.793 6273 6273 D wpa_supplicant: nl80211: Supported vendor command: vendor_id=0x1374 subcmd=106
12-01 18:46:33.793 6273 6273 D wpa_supplicant: nl80211: Supported vendor command: vendor_id=0x1374 subcmd=145
12-01 18:46:33.793 6273 6273 D wpa_supplicant: nl80211: Supported vendor command: vendor_id=0x1374 subcmd=92
12-01 18:46:33.793 6273 6273 D wpa_supplicant: nl80211: Supported vendor command: vendor_id=0x1374 subcmd=93
12-01 18:46:33.793 6273 6273 D wpa_supplicant: nl80211: Supported vendor command: vendor_id=0x1374 subcmd=94
12-01 18:46:33.793 6273 6273 D wpa_supplicant: nl80211: Supported vendor command: vendor_id=0x1374 subcmd=95
12-01 18:46:33.793 6273 6273 D wpa_supplicant: nl80211: Supported vendor command: vendor_id=0x1374 subcmd=96
12-01 18:46:33.793 6273 6273 D wpa_supplicant: nl80211: Supported vendor command: vendor_id=0x1374 subcmd=97
12-01 18:46:33.793 6273 6273 D wpa_supplicant: nl80211: Supported vendor command: vendor_id=0x1374 subcmd=98
12-01 18:46:33.793 6273 6273 D wpa_supplicant: nl80211: Supported vendor command: vendor_id=0x1374 subcmd=99
12-01 18:46:33.793 6273 6273 D wpa_supplicant: nl80211: Supported vendor command: vendor_id=0x1374 subcmd=101
12-01 18:46:33.793 6273 6273 D wpa_supplicant: nl80211: Supported vendor command: vendor_id=0x1374 subcmd=108
12-01 18:46:33.793 6273 6273 D wpa_supplicant: nl80211: Supported vendor command: vendor_id=0x1374 subcmd=102
12-01 18:46:33.793 6273 6273 D wpa_supplicant: nl80211: Supported vendor command: vendor_id=0x1374 subcmd=109
12-01 18:46:33.793 6273 6273 D wpa_supplicant: nl80211: Supported vendor command: vendor_id=0x1374 subcmd=115
12-01 18:46:33.793 6273 6273 D wpa_supplicant: nl80211: Supported vendor command: vendor_id=0x1374 subcmd=83
12-01 18:46:33.793 6273 6273 D wpa_supplicant: nl80211: Supported vendor command: vendor_id=0x1374 subcmd=116
12-01 18:46:33.793 6273 6273 D wpa_supplicant: nl80211: Supported vendor command: vendor_id=0x1374 subcmd=117
12-01 18:46:33.793 6273 6273 D wpa_supplicant: nl80211: Supported vendor command: vendor_id=0x1374 subcmd=10
12-01 18:46:33.793 6273 6273 D wpa_supplicant: nl80211: Supported vendor command: vendor_id=0x1374 subcmd=118
12-01 18:46:33.793 6273 6273 D wpa_supplicant: nl80211: Supported vendor command: vendor_id=0x1374 subcmd=122
12-01 18:46:33.793 6273 6273 D wpa_supplicant: nl80211: Supported vendor command: vendor_id=0x1374 subcmd=123
12-01 18:46:33.793 6273 6273 D wpa_supplicant: nl80211: Supported vendor command: vendor_id=0x1374 subcmd=124
12-01 18:46:33.793 6273 6273 D wpa_supplicant: nl80211: Supported vendor command: vendor_id=0x1374 subcmd=85
12-01 18:46:33.793 6273 6273 D wpa_supplicant: nl80211: Supported vendor command: vendor_id=0x1374 subcmd=84
12-01 18:46:33.793 6273 6273 D wpa_supplicant: nl80211: Supported vendor command: vendor_id=0x1374 subcmd=147
12-01 18:46:33.793 6273 6273 D wpa_supplicant: nl80211: Supported vendor command: vendor_id=0x1374 subcmd=105
12-01 18:46:33.793 6273 6273 D wpa_supplicant: nl80211: Supported vendor command: vendor_id=0x1374 subcmd=192
12-01 18:46:33.793 6273 6273 D wpa_supplicant: nl80211: Supported vendor command: vendor_id=0x1374 subcmd=9
12-01 18:46:33.793 6273 6273 D wpa_supplicant: nl80211: Supported vendor command: vendor_id=0x1374 subcmd=137
12-01 18:46:33.793 6273 6273 D wpa_supplicant: nl80211: Supported vendor command: vendor_id=0x1374 subcmd=143
12-01 18:46:33.793 6273 6273 D wpa_supplicant: nl80211: Supported vendor command: vendor_id=0x1374 subcmd=164
12-01 18:46:33.793 6273 6273 D wpa_supplicant: nl80211: Supported vendor command: vendor_id=0x1374 subcmd=180
12-01 18:46:33.793 6273 6273 D wpa_supplicant: nl80211: Supported vendor command: vendor_id=0x1374 subcmd=146
12-01 18:46:33.793 6273 6273 D wpa_supplicant: nl80211: Supported vendor command: vendor_id=0x1374 subcmd=152
12-01 18:46:33.793 6273 6273 D wpa_supplicant: nl80211: Supported vendor command: vendor_id=0x1374 subcmd=127
12-01 18:46:33.793 6273 6273 D wpa_supplicant: nl80211: Supported vendor command: vendor_id=0x1374 subcmd=149
12-01 18:46:33.793 6273 6273 D wpa_supplicant: nl80211: Supported vendor command: vendor_id=0x1374 subcmd=150
12-01 18:46:33.793 6273 6273 D wpa_supplicant: nl80211: Supported vendor command: vendor_id=0x1374 subcmd=151
12-01 18:46:33.793 6273 6273 D wpa_supplicant: nl80211: Supported vendor command: vendor_id=0x1374 subcmd=154
12-01 18:46:33.793 6273 6273 D wpa_supplicant: nl80211: Supported vendor command: vendor_id=0x1374 subcmd=155
12-01 18:46:33.793 6273 6273 D wpa_supplicant: nl80211: Supported vendor command: vendor_id=0x1374 subcmd=158
12-01 18:46:33.793 6273 6273 D wpa_supplicant: nl80211: Supported vendor command: vendor_id=0x1374 subcmd=159
12-01 18:46:33.793 6273 6273 D wpa_supplicant: nl80211: Supported vendor command: vendor_id=0x1374 subcmd=160
12-01 18:46:33.793 6273 6273 D wpa_supplicant: nl80211: Supported vendor command: vendor_id=0x1374 subcmd=161
12-01 18:46:33.793 6273 6273 D wpa_supplicant: nl80211: Supported vendor command: vendor_id=0x1374 subcmd=144
12-01 18:46:33.793 6273 6273 D wpa_supplicant: nl80211: Supported vendor command: vendor_id=0x1374 subcmd=138
12-01 18:46:33.793 6273 6273 D wpa_supplicant: nl80211: Supported vendor command: vendor_id=0x1374 subcmd=156
12-01 18:46:33.793 6273 6273 D wpa_supplicant: nl80211: Supported vendor command: vendor_id=0x1374 subcmd=171
12-01 18:46:33.793 6273 6273 D wpa_supplicant: nl80211: Supported vendor command: vendor_id=0x1374 subcmd=81
12-01 18:46:33.793 6273 6273 D wpa_supplicant: nl80211: Supported vendor command: vendor_id=0x1374 subcmd=177
12-01 18:46:33.793 6273 6273 D wpa_supplicant: nl80211: Supported vendor command: vendor_id=0x1374 subcmd=167
12-01 18:46:33.793 6273 6273 D wpa_supplicant: nl80211: Supported vendor command: vendor_id=0x1374 subcmd=125
12-01 18:46:33.793 6273 6273 D wpa_supplicant: nl80211: Supported vendor event: vendor_id=0x1374 subcmd=10
12-01 18:46:33.793 6273 6273 D wpa_supplicant: nl80211: Supported vendor event: vendor_id=0x1374 subcmd=12
12-01 18:46:33.793 6273 6273 D wpa_supplicant: nl80211: Supported vendor event: vendor_id=0x1374 subcmd=13
12-01 18:46:33.793 6273 6273 D wpa_supplicant: nl80211: Supported vendor event: vendor_id=0x1374 subcmd=14
12-01 18:46:33.793 6273 6273 D wpa_supplicant: nl80211: Supported vendor event: vendor_id=0x1374 subcmd=15
