12-01 18:40:35.351 1495 2334 E DisplayDeviceConfig: requesting nits when no mapping exists.
12-01 18:40:35.366 1495 2334 E DisplayDeviceConfig: requesting nits when no mapping exists.
12-01 18:40:35.367 1495 2334 E DisplayDeviceConfig: requesting nits when no mapping exists.
12-01 18:40:35.383 1495 2334 E DisplayDeviceConfig: requesting nits when no mapping exists.
12-01 18:40:35.383 1495 2334 E DisplayDeviceConfig: requesting nits when no mapping exists.
12-01 18:40:35.400 1495 2334 E DisplayDeviceConfig: requesting nits when no mapping exists.
12-01 18:40:35.400 1495 2334 E DisplayDeviceConfig: requesting nits when no mapping exists.
12-01 18:40:35.417 1495 2334 E DisplayDeviceConfig: requesting nits when no mapping exists.
12-01 18:40:35.417 1495 2334 E DisplayDeviceConfig: requesting nits when no mapping exists.
12-01 18:40:35.437 1495 2334 E DisplayDeviceConfig: requesting nits when no mapping exists.
12-01 18:40:35.438 1495 2334 E DisplayDeviceConfig: requesting nits when no mapping exists.
12-01 18:40:35.450 1495 2334 E DisplayDeviceConfig: requesting nits when no mapping exists.
12-01 18:40:35.451 1495 2334 E DisplayDeviceConfig: requesting nits when no mapping exists.
12-01 18:40:35.472 1495 2334 E DisplayDeviceConfig: requesting nits when no mapping exists.
12-01 18:40:35.473 1495 2334 E DisplayDeviceConfig: requesting nits when no mapping exists.
12-01 18:40:35.483 1495 2334 E DisplayDeviceConfig: requesting nits when no mapping exists.
12-01 18:40:35.484 1495 2334 E DisplayDeviceConfig: requesting nits when no mapping exists.
12-01 18:40:35.500 1495 2334 E DisplayDeviceConfig: requesting nits when no mapping exists.
12-01 18:40:35.500 1495 2334 E DisplayDeviceConfig: requesting nits when no mapping exists.
12-01 18:40:35.517 1495 2334 E DisplayDeviceConfig: requesting nits when no mapping exists.
12-01 18:40:35.518 1495 2334 E DisplayDeviceConfig: requesting nits when no mapping exists.
12-01 18:40:35.533 1495 2334 E DisplayDeviceConfig: requesting nits when no mapping exists.
12-01 18:40:35.534 1495 2334 E DisplayDeviceConfig: requesting nits when no mapping exists.
12-01 18:40:35.550 1495 2334 E DisplayDeviceConfig: requesting nits when no mapping exists.
12-01 18:40:35.551 1495 2334 E DisplayDeviceConfig: requesting nits when no mapping exists.
12-01 18:40:35.566 1495 2334 E DisplayDeviceConfig: requesting nits when no mapping exists.
12-01 18:40:35.567 1495 2334 E DisplayDeviceConfig: requesting nits when no mapping exists.
12-01 18:40:35.584 1495 2334 E DisplayDeviceConfig: requesting nits when no mapping exists.
12-01 18:40:35.584 1495 2334 E DisplayDeviceConfig: requesting nits when no mapping exists.
12-01 18:40:35.600 1495 2334 E DisplayDeviceConfig: requesting nits when no mapping exists.
12-01 18:40:35.601 1495 2334 E DisplayDeviceConfig: requesting nits when no mapping exists.
12-01 18:40:35.622 1495 2334 E DisplayDeviceConfig: requesting nits when no mapping exists.
12-01 18:40:35.622 1495 2334 E DisplayDeviceConfig: requesting nits when no mapping exists.
12-01 18:40:35.635 1495 2334 E DisplayDeviceConfig: requesting nits when no mapping exists.
12-01 18:40:35.636 1495 2334 E DisplayDeviceConfig: requesting nits when no mapping exists.
12-01 18:40:35.654 1495 2334 E DisplayDeviceConfig: requesting nits when no mapping exists.
12-01 18:40:35.655 1495 2334 E DisplayDeviceConfig: requesting nits when no mapping exists.
12-01 18:40:35.668 1495 2334 E DisplayDeviceConfig: requesting nits when no mapping exists.
12-01 18:40:35.669 1495 2334 E DisplayDeviceConfig: requesting nits when no mapping exists.
12-01 18:40:35.684 1495 2334 E DisplayDeviceConfig: requesting nits when no mapping exists.
12-01 18:40:35.685 1495 2334 E DisplayDeviceConfig: requesting nits when no mapping exists.
12-01 18:40:35.700 1495 2334 E DisplayDeviceConfig: requesting nits when no mapping exists.
12-01 18:40:35.701 1495 2334 E DisplayDeviceConfig: requesting nits when no mapping exists.
12-01 18:40:35.717 1495 2334 E DisplayDeviceConfig: requesting nits when no mapping exists.
12-01 18:40:35.717 1495 2334 E DisplayDeviceConfig: requesting nits when no mapping exists.
12-01 18:40:35.739 1495 2334 E DisplayDeviceConfig: requesting nits when no mapping exists.
12-01 18:40:35.740 1495 2334 E DisplayDeviceConfig: requesting nits when no mapping exists.
12-01 18:40:35.751 1495 2334 E DisplayDeviceConfig: requesting nits when no mapping exists.
12-01 18:40:35.751 1495 2334 E DisplayDeviceConfig: requesting nits when no mapping exists.
12-01 18:40:35.767 1495 2334 E DisplayDeviceConfig: requesting nits when no mapping exists.
12-01 18:40:35.769 1495 2334 E DisplayDeviceConfig: requesting nits when no mapping exists.
12-01 18:40:35.784 1495 2334 E DisplayDeviceConfig: requesting nits when no mapping exists.
12-01 18:40:35.785 1495 2334 E DisplayDeviceConfig: requesting nits when no mapping exists.
12-01 18:40:35.803 1495 2334 E DisplayDeviceConfig: requesting nits when no mapping exists.
12-01 18:40:35.804 1495 2334 E DisplayDeviceConfig: requesting nits when no mapping exists.
12-01 18:40:35.817 1495 2334 E DisplayDeviceConfig: requesting nits when no mapping exists.
12-01 18:40:35.817 1495 2334 E DisplayDeviceConfig: requesting nits when no mapping exists.
12-01 18:40:35.834 1495 2334 E DisplayDeviceConfig: requesting nits when no mapping exists.
12-01 18:40:35.834 1495 2334 E DisplayDeviceConfig: requesting nits when no mapping exists.
12-01 18:40:35.851 1495 2334 E DisplayDeviceConfig: requesting nits when no mapping exists.
12-01 18:40:35.851 1495 2334 E DisplayDeviceConfig: requesting nits when no mapping exists.
12-01 18:40:35.867 1495 2334 E DisplayDeviceConfig: requesting nits when no mapping exists.
12-01 18:40:35.868 1495 2334 E DisplayDeviceConfig: requesting nits when no mapping exists.
12-01 18:40:35.884 1495 2334 E DisplayDeviceConfig: requesting nits when no mapping exists.
12-01 18:40:35.885 1495 2334 E DisplayDeviceConfig: requesting nits when no mapping exists.
12-01 18:40:35.901 1495 2334 E DisplayDeviceConfig: requesting nits when no mapping exists.
12-01 18:40:35.901 1495 2334 E DisplayDeviceConfig: requesting nits when no mapping exists.
12-01 18:40:35.918 1495 2334 E DisplayDeviceConfig: requesting nits when no mapping exists.
12-01 18:40:35.919 1495 2334 E DisplayDeviceConfig: requesting nits when no mapping exists.
12-01 18:40:35.934 1495 2334 E DisplayDeviceConfig: requesting nits when no mapping exists.
12-01 18:40:35.935 1495 2334 E DisplayDeviceConfig: requesting nits when no mapping exists.
12-01 18:40:35.951 1495 2334 E DisplayDeviceConfig: requesting nits when no mapping exists.
12-01 18:40:35.952 1495 2334 E DisplayDeviceConfig: requesting nits when no mapping exists.
12-01 18:40:35.968 1495 2334 E DisplayDeviceConfig: requesting nits when no mapping exists.
12-01 18:40:35.969 1495 2334 E DisplayDeviceConfig: requesting nits when no mapping exists.
12-01 18:40:35.984 1495 2334 E DisplayDeviceConfig: requesting nits when no mapping exists.
12-01 18:40:35.985 1495 2334 E DisplayDeviceConfig: requesting nits when no mapping exists.
12-01 18:40:36.001 1495 2334 E DisplayDeviceConfig: requesting nits when no mapping exists.
12-01 18:40:36.001 1495 2334 E DisplayDeviceConfig: requesting nits when no mapping exists.
12-01 18:40:36.018 1495 2334 E DisplayDeviceConfig: requesting nits when no mapping exists.
12-01 18:40:36.019 1495 2334 E DisplayDeviceConfig: requesting nits when no mapping exists.
12-01 18:40:36.035 1495 2334 E DisplayDeviceConfig: requesting nits when no mapping exists.
12-01 18:40:36.036 1495 2334 E DisplayDeviceConfig: requesting nits when no mapping exists.
12-01 18:40:36.051 1495 2334 E DisplayDeviceConfig: requesting nits when no mapping exists.
12-01 18:40:36.052 1495 2334 E DisplayDeviceConfig: requesting nits when no mapping exists.
12-01 18:40:36.068 1495 2334 E DisplayDeviceConfig: requesting nits when no mapping exists.
12-01 18:40:36.068 1495 2334 E DisplayDeviceConfig: requesting nits when no mapping exists.
12-01 18:40:36.085 1495 2334 E DisplayDeviceConfig: requesting nits when no mapping exists.
12-01 18:40:36.085 1495 2334 E DisplayDeviceConfig: requesting nits when no mapping exists.
12-01 18:40:36.101 1495 2334 E DisplayDeviceConfig: requesting nits when no mapping exists.
12-01 18:40:36.102 1495 2334 E DisplayDeviceConfig: requesting nits when no mapping exists.
12-01 18:40:36.118 1495 2334 E DisplayDeviceConfig: requesting nits when no mapping exists.
12-01 18:40:36.119 1495 2334 E DisplayDeviceConfig: requesting nits when no mapping exists.
12-01 18:40:36.135 1495 2334 E DisplayDeviceConfig: requesting nits when no mapping exists.
12-01 18:40:36.136 1495 2334 E DisplayDeviceConfig: requesting nits when no mapping exists.
12-01 18:40:36.151 1495 2334 E DisplayDeviceConfig: requesting nits when no mapping exists.
12-01 18:40:36.152 1495 2334 E DisplayDeviceConfig: requesting nits when no mapping exists.
12-01 18:40:36.168 1495 2334 E DisplayDeviceConfig: requesting nits when no mapping exists.
12-01 18:40:36.169 1495 2334 E DisplayDeviceConfig: requesting nits when no mapping exists.
12-01 18:40:36.185 1495 2334 E DisplayDeviceConfig: requesting nits when no mapping exists.
12-01 18:40:36.185 1495 2334 E DisplayDeviceConfig: requesting nits when no mapping exists.
12-01 18:40:36.202 1495 2334 E DisplayDeviceConfig: requesting nits when no mapping exists.
12-01 18:40:36.202 1495 2334 E DisplayDeviceConfig: requesting nits when no mapping exists.
12-01 18:40:36.218 1495 2334 E DisplayDeviceConfig: requesting nits when no mapping exists.
12-01 18:40:36.219 1495 2334 E DisplayDeviceConfig: requesting nits when no mapping exists.
12-01 18:40:42.260 1495 1625 I PowerManagerService: Napping display group (groupId=0, uid=1000)...
12-01 18:40:42.260 1495 1625 I PowerManagerService: Nap time (uid 1000)...
12-01 18:40:42.262 1495 1625 I DreamManagerService: Entering dreamland.
12-01 18:40:42.264 1495 1625 I PowerManagerService: Dreaming...
12-01 18:40:42.278 1495 1599 I DreamController: Starting dream: name=ComponentInfo{com.thundercomm.screensaver/com.thundercomm.saverclock.service.ClockScreensaver}, isTest=false, canDoze=false, userId=0
12-01 18:40:42.282 1495 1599 D CompatibilityChangeReporter: Compat change id reported: 168419799; UID 10045; state: DISABLED
12-01 18:40:42.290 1495 2404 I ActivityTaskManager: START u0 {flg=0x10000000 pkg=com.thundercomm.screensaver cmp=com.thundercomm.screensaver/android.service.dreams.DreamActivity (has extras)} from uid 10045
12-01 18:40:42.293 1495 2404 W ActivityTaskManager: Can't find TaskDisplayArea to determine support for multi window. Task id=14 attached=false
12-01 18:40:42.309 1495 2417 I ActivityTaskManager: FOREGROUND_APPLICATION_CHANGED to android.service.dreams.DreamActivity
12-01 18:40:42.309 1495 2417 I ActivityTaskManager: The Process com.thundercomm.screensaver Already Exists in BG. So sending its PID: 4587
12-01 18:40:42.309 1495 2417 W ActivityTaskManager: Tried to set launchTime (0) < mLastActivityLaunchTime (97490)
12-01 18:40:42.329 1495 2278 W WindowManager: Failed looking up window session=Session{5ec65b0 4587:u0a10045} callers=com.android.server.wm.WindowManagerService.windowForClientLocked:5628 com.android.server.wm.Session.insetsModified:629 android.view.IWindowSession$Stub.onTransact:1151
12-01 18:40:42.329 4281 4303 W ContextImpl: Calling a method in the system process without a qualified user: android.app.ContextImpl.startService:1816 android.content.ContextWrapper.startService:774 com.thundercomm.gamemode.ingame.services.GameModeActionUtils.startGameModeService:93 com.thundercomm.gamemode.ingame.services.GameModeActionUtils.startGameModeEntry:21 com.thundercomm.gamemode.ingame.services.ActivityMonitoringService$1.onActivityLaunch:127
12-01 18:40:42.341 1495 1495 I GameModeConfig: Current uri is uri = content://com.thundercomm.gamemode.api/gamemode_settings/gamemode_isgaming
12-01 18:40:42.344 1495 1495 I GameModeConfig: isGameModeOn = false
12-01 18:40:42.344 1495 1495 I GameModeConfig: isGameModeOn = false
12-01 18:40:42.344 1495 1495 I GameModeConfig: isDisableVoice = true
12-01 18:40:42.354 1495 2298 I GameModeConfig: isGameModeOn = false
12-01 18:40:42.354 1495 2298 I GameModeConfig: isGameModeOn = false
12-01 18:40:42.354 1495 2298 I GameModeConfig: isGameModeOn = false
12-01 18:40:42.354 1495 2298 I GameModeConfig: isGameModeOn = false
12-01 18:40:42.355 1495 2298 I GameModeConfig: isGameModeOn = false
12-01 18:40:42.371 1495 1625 V DisplayPowerController[0]: Brightness [1.0] reason changing to: 'manual', previous reason: 'manual [ dim ]'.
12-01 18:40:42.372 1495 2404 W ActivityTaskManager: Request to remove task ignored for non-existent task 13
12-01 18:40:42.382 1495 2334 E DisplayDeviceConfig: requesting nits when no mapping exists.
12-01 18:40:42.383 1495 2334 E DisplayDeviceConfig: requesting nits when no mapping exists.
12-01 18:40:42.400 1495 2334 E DisplayDeviceConfig: requesting nits when no mapping exists.
12-01 18:40:42.400 1495 2334 E DisplayDeviceConfig: requesting nits when no mapping exists.
12-01 18:40:42.417 1495 2334 E DisplayDeviceConfig: requesting nits when no mapping exists.
12-01 18:40:42.418 1495 2334 E DisplayDeviceConfig: requesting nits when no mapping exists.
12-01 18:40:42.418 4281 4303 W ContextImpl: Calling a method in the system process without a qualified user: android.app.ContextImpl.startService:1816 android.content.ContextWrapper.startService:774 com.thundercomm.gamemode.ingame.services.GameModeActionUtils.startGameModeService:93 com.thundercomm.gamemode.ingame.services.GameModeActionUtils.startGameModeEntry:21 com.thundercomm.gamemode.ingame.services.ActivityMonitoringService$1.onActivityLaunch:127
12-01 18:40:42.421 1495 1495 I GameModeConfig: Current uri is uri = content://com.thundercomm.gamemode.api/gamemode_settings/gamemode_isgaming
12-01 18:40:42.422 1495 1495 I GameModeConfig: isGameModeOn = false
12-01 18:40:42.423 1495 1495 I GameModeConfig: isGameModeOn = false
12-01 18:40:42.423 1495 1495 I GameModeConfig: isDisableVoice = true
12-01 18:40:42.437 1495 2334 E DisplayDeviceConfig: requesting nits when no mapping exists.
12-01 18:40:42.438 1495 2334 E DisplayDeviceConfig: requesting nits when no mapping exists.
12-01 18:40:42.450 1495 2334 E DisplayDeviceConfig: requesting nits when no mapping exists.
12-01 18:40:42.450 1495 2334 E DisplayDeviceConfig: requesting nits when no mapping exists.
12-01 18:40:42.466 1495 2334 E DisplayDeviceConfig: requesting nits when no mapping exists.
12-01 18:40:42.467 1495 2334 E DisplayDeviceConfig: requesting nits when no mapping exists.
12-01 18:40:42.483 1495 2334 E DisplayDeviceConfig: requesting nits when no mapping exists.
12-01 18:40:42.483 1495 2334 E DisplayDeviceConfig: requesting nits when no mapping exists.
12-01 18:40:42.501 1495 2334 E DisplayDeviceConfig: requesting nits when no mapping exists.
12-01 18:40:42.501 1495 2334 E DisplayDeviceConfig: requesting nits when no mapping exists.
12-01 18:40:42.519 1495 2334 E DisplayDeviceConfig: requesting nits when no mapping exists.
12-01 18:40:42.519 1495 2334 E DisplayDeviceConfig: requesting nits when no mapping exists.
12-01 18:40:42.533 1495 2334 E DisplayDeviceConfig: requesting nits when no mapping exists.
12-01 18:40:42.534 1495 2334 E DisplayDeviceConfig: requesting nits when no mapping exists.
12-01 18:40:42.550 1495 2334 E DisplayDeviceConfig: requesting nits when no mapping exists.
12-01 18:40:42.551 1495 2334 E DisplayDeviceConfig: requesting nits when no mapping exists.
12-01 18:40:42.557 1495 1495 I GameModeConfig: isGameModeOn = false
12-01 18:40:42.569 1495 2334 E DisplayDeviceConfig: requesting nits when no mapping exists.
12-01 18:40:42.571 1495 2334 E DisplayDeviceConfig: requesting nits when no mapping exists.
12-01 18:40:42.584 1495 2334 E DisplayDeviceConfig: requesting nits when no mapping exists.
12-01 18:40:42.585 1495 2334 E DisplayDeviceConfig: requesting nits when no mapping exists.
12-01 18:40:42.600 1495 2334 E DisplayDeviceConfig: requesting nits when no mapping exists.
12-01 18:40:42.601 1495 2334 E DisplayDeviceConfig: requesting nits when no mapping exists.
12-01 18:40:42.619 1495 2334 E DisplayDeviceConfig: requesting nits when no mapping exists.
12-01 18:40:42.623 1495 2334 E DisplayDeviceConfig: requesting nits when no mapping exists.
12-01 18:40:42.635 1495 2334 E DisplayDeviceConfig: requesting nits when no mapping exists.
12-01 18:40:42.635 1495 2334 E DisplayDeviceConfig: requesting nits when no mapping exists.
12-01 18:40:42.651 1495 2334 E DisplayDeviceConfig: requesting nits when no mapping exists.
12-01 18:40:42.651 1495 2334 E DisplayDeviceConfig: requesting nits when no mapping exists.
12-01 18:40:42.667 1495 2334 E DisplayDeviceConfig: requesting nits when no mapping exists.
12-01 18:40:42.668 1495 2334 E DisplayDeviceConfig: requesting nits when no mapping exists.
12-01 18:40:42.684 1495 2334 E DisplayDeviceConfig: requesting nits when no mapping exists.
12-01 18:40:42.685 1495 2334 E DisplayDeviceConfig: requesting nits when no mapping exists.
12-01 18:40:42.701 1495 2334 E DisplayDeviceConfig: requesting nits when no mapping exists.
12-01 18:40:42.701 1495 2334 E DisplayDeviceConfig: requesting nits when no mapping exists.
12-01 18:40:42.718 1495 2334 E DisplayDeviceConfig: requesting nits when no mapping exists.
12-01 18:40:42.718 1495 2334 E DisplayDeviceConfig: requesting nits when no mapping exists.
12-01 18:40:42.734 1495 2334 E DisplayDeviceConfig: requesting nits when no mapping exists.
12-01 18:40:42.734 1495 2334 E DisplayDeviceConfig: requesting nits when no mapping exists.
12-01 18:40:42.750 1495 2334 E DisplayDeviceConfig: requesting nits when no mapping exists.
12-01 18:40:42.751 1495 2334 E DisplayDeviceConfig: requesting nits when no mapping exists.
12-01 18:40:42.768 1495 2334 E DisplayDeviceConfig: requesting nits when no mapping exists.
12-01 18:40:42.769 1495 2334 E DisplayDeviceConfig: requesting nits when no mapping exists.
12-01 18:40:42.784 1495 2334 E DisplayDeviceConfig: requesting nits when no mapping exists.
12-01 18:40:42.784 1495 2334 E DisplayDeviceConfig: requesting nits when no mapping exists.
12-01 18:40:42.802 1495 2334 E DisplayDeviceConfig: requesting nits when no mapping exists.
12-01 18:40:42.803 1495 2334 E DisplayDeviceConfig: requesting nits when no mapping exists.
12-01 18:40:42.817 1495 2334 E DisplayDeviceConfig: requesting nits when no mapping exists.
12-01 18:40:42.817 1495 2334 E DisplayDeviceConfig: requesting nits when no mapping exists.
12-01 18:40:42.834 1495 2334 E DisplayDeviceConfig: requesting nits when no mapping exists.
12-01 18:40:42.835 1495 2334 E DisplayDeviceConfig: requesting nits when no mapping exists.
12-01 18:40:42.851 1495 2334 E DisplayDeviceConfig: requesting nits when no mapping exists.
12-01 18:40:42.851 1495 2334 E DisplayDeviceConfig: requesting nits when no mapping exists.
12-01 18:40:42.867 1495 2334 E DisplayDeviceConfig: requesting nits when no mapping exists.
12-01 18:40:42.868 1495 2334 E DisplayDeviceConfig: requesting nits when no mapping exists.
12-01 18:40:42.885 1495 2334 E DisplayDeviceConfig: requesting nits when no mapping exists.
12-01 18:40:42.886 1495 2334 E DisplayDeviceConfig: requesting nits when no mapping exists.
12-01 18:40:42.901 1495 2334 E DisplayDeviceConfig: requesting nits when no mapping exists.
12-01 18:40:42.902 1495 2334 E DisplayDeviceConfig: requesting nits when no mapping exists.
12-01 18:40:42.919 1495 2334 E DisplayDeviceConfig: requesting nits when no mapping exists.
12-01 18:40:42.920 1495 2334 E DisplayDeviceConfig: requesting nits when no mapping exists.
12-01 18:40:42.934 1495 2334 E DisplayDeviceConfig: requesting nits when no mapping exists.
12-01 18:40:42.934 1495 2334 E DisplayDeviceConfig: requesting nits when no mapping exists.
12-01 18:40:42.940 4281 4303 W ContextImpl: Calling a method in the system process without a qualified user: android.app.ContextImpl.startService:1816 android.content.ContextWrapper.startService:774 com.thundercomm.gamemode.ingame.services.GameModeActionUtils.startGameModeService:93 com.thundercomm.gamemode.ingame.services.GameModeActionUtils.startGameModeEntry:21 com.thundercomm.gamemode.ingame.services.ActivityMonitoringService$1.onActivityLaunch:127
12-01 18:40:42.943 1495 1495 I GameModeConfig: Current uri is uri = content://com.thundercomm.gamemode.api/gamemode_settings/gamemode_isgaming
12-01 18:40:42.945 1495 1495 I GameModeConfig: isGameModeOn = false
12-01 18:40:42.945 1495 1495 I GameModeConfig: isGameModeOn = false
12-01 18:40:42.945 1495 1495 I GameModeConfig: isDisableVoice = true
12-01 18:40:42.951 1495 2334 E DisplayDeviceConfig: requesting nits when no mapping exists.
12-01 18:40:42.951 1495 2334 E DisplayDeviceConfig: requesting nits when no mapping exists.
12-01 18:40:42.968 1495 2334 E DisplayDeviceConfig: requesting nits when no mapping exists.
12-01 18:40:42.968 1495 2334 E DisplayDeviceConfig: requesting nits when no mapping exists.
12-01 18:40:42.986 1495 2334 E DisplayDeviceConfig: requesting nits when no mapping exists.
12-01 18:40:42.987 1495 2334 E DisplayDeviceConfig: requesting nits when no mapping exists.
12-01 18:40:43.001 1495 2334 E DisplayDeviceConfig: requesting nits when no mapping exists.
12-01 18:40:43.002 1495 2334 E DisplayDeviceConfig: requesting nits when no mapping exists.
12-01 18:40:43.018 1495 2334 E DisplayDeviceConfig: requesting nits when no mapping exists.
12-01 18:40:43.019 1495 2334 E DisplayDeviceConfig: requesting nits when no mapping exists.
12-01 18:40:43.035 1495 2334 E DisplayDeviceConfig: requesting nits when no mapping exists.
12-01 18:40:43.036 1495 2334 E DisplayDeviceConfig: requesting nits when no mapping exists.
12-01 18:40:43.052 1495 2334 E DisplayDeviceConfig: requesting nits when no mapping exists.
12-01 18:40:43.052 1495 2334 E DisplayDeviceConfig: requesting nits when no mapping exists.
12-01 18:40:43.070 1495 2334 E DisplayDeviceConfig: requesting nits when no mapping exists.
12-01 18:40:43.071 1495 2334 E DisplayDeviceConfig: requesting nits when no mapping exists.
12-01 18:40:43.085 1495 2334 E DisplayDeviceConfig: requesting nits when no mapping exists.
12-01 18:40:43.086 1495 2334 E DisplayDeviceConfig: requesting nits when no mapping exists.
12-01 18:40:43.106 1495 2334 E DisplayDeviceConfig: requesting nits when no mapping exists.
12-01 18:40:43.107 1495 2334 E DisplayDeviceConfig: requesting nits when no mapping exists.
12-01 18:40:43.119 1495 2334 E DisplayDeviceConfig: requesting nits when no mapping exists.
12-01 18:40:43.119 1495 2334 E DisplayDeviceConfig: requesting nits when no mapping exists.
12-01 18:40:43.135 1495 2334 E DisplayDeviceConfig: requesting nits when no mapping exists.
12-01 18:40:43.138 1495 2334 E DisplayDeviceConfig: requesting nits when no mapping exists.
12-01 18:40:43.152 1495 2334 E DisplayDeviceConfig: requesting nits when no mapping exists.
12-01 18:40:43.153 1495 2334 E DisplayDeviceConfig: requesting nits when no mapping exists.
12-01 18:40:43.168 1495 2334 E DisplayDeviceConfig: requesting nits when no mapping exists.
12-01 18:40:43.169 1495 2334 E DisplayDeviceConfig: requesting nits when no mapping exists.
12-01 18:40:43.186 1495 2334 E DisplayDeviceConfig: requesting nits when no mapping exists.
12-01 18:40:43.187 1495 2334 E DisplayDeviceConfig: requesting nits when no mapping exists.
12-01 18:40:43.202 1495 2334 E DisplayDeviceConfig: requesting nits when no mapping exists.
12-01 18:40:43.203 1495 2334 E DisplayDeviceConfig: requesting nits when no mapping exists.
12-01 18:40:43.219 1495 2334 E DisplayDeviceConfig: requesting nits when no mapping exists.
12-01 18:40:43.220 1495 2334 E DisplayDeviceConfig: requesting nits when no mapping exists.
12-01 18:40:43.235 1495 2334 E DisplayDeviceConfig: requesting nits when no mapping exists.
12-01 18:40:43.236 1495 2334 E DisplayDeviceConfig: requesting nits when no mapping exists.
12-01 18:40:43.252 1495 2334 E DisplayDeviceConfig: requesting nits when no mapping exists.
12-01 18:40:43.253 1495 2334 E DisplayDeviceConfig: requesting nits when no mapping exists.
12-01 18:40:43.269 1495 2334 E DisplayDeviceConfig: requesting nits when no mapping exists.
12-01 18:40:43.269 1495 2334 E DisplayDeviceConfig: requesting nits when no mapping exists.
12-01 18:40:43.285 1495 2334 E DisplayDeviceConfig: requesting nits when no mapping exists.
12-01 18:40:43.286 1495 2334 E DisplayDeviceConfig: requesting nits when no mapping exists.
12-01 18:40:43.306 1495 2334 E DisplayDeviceConfig: requesting nits when no mapping exists.
12-01 18:40:43.307 1495 2334 E DisplayDeviceConfig: requesting nits when no mapping exists.
12-01 18:40:43.322 1495 2334 E DisplayDeviceConfig: requesting nits when no mapping exists.
12-01 18:40:43.323 1495 2334 E DisplayDeviceConfig: requesting nits when no mapping exists.
12-01 18:40:43.336 1495 2334 E DisplayDeviceConfig: requesting nits when no mapping exists.
12-01 18:40:43.337 1495 2334 E DisplayDeviceConfig: requesting nits when no mapping exists.
12-01 18:40:52.567 1495 2298 I GameModeConfig: isGameModeOn = false
12-01 18:41:57.750 1495 2417 I DreamManagerService: Gently waking up from dream.
12-01 18:41:57.751 1495 1599 I DreamManagerService: Performing gentle wake from dream.
12-01 18:41:57.754 1495 2417 I ActivityTaskManager: FOREGROUND_APPLICATION_CHANGED to com.android.settings.homepage.SettingsHomepageActivity
12-01 18:41:57.780 4281 4303 W ContextImpl: Calling a method in the system process without a qualified user: android.app.ContextImpl.startService:1816 android.content.ContextWrapper.startService:774 com.thundercomm.gamemode.ingame.services.GameModeActionUtils.startGameModeService:93 com.thundercomm.gamemode.ingame.services.GameModeActionUtils.startGameModeEntry:21 com.thundercomm.gamemode.ingame.services.ActivityMonitoringService$1.onActivityLaunch:127
12-01 18:41:57.786 1495 1495 I GameModeConfig: Current uri is uri = content://com.thundercomm.gamemode.api/gamemode_settings/gamemode_isgaming
12-01 18:41:57.793 1495 1495 I GameModeConfig: isGameModeOn = false
12-01 18:41:57.793 1495 1495 I GameModeConfig: isGameModeOn = false
12-01 18:41:57.793 1495 1495 I GameModeConfig: isDisableVoice = true
12-01 18:41:57.802 1495 1617 W BatteryExternalStatsWorker: error reading modem stats:ERROR_PHONE_NOT_AVAILABLE
12-01 18:41:57.828 1495 1617 E KernelCpuSpeedReader: Failed to read cpu-freq: /sys/devices/system/cpu/cpu4/cpufreq/stats/time_in_state: open failed: ENOENT (No such file or directory)
12-01 18:41:57.829 1495 1617 E KernelCpuSpeedReader: Failed to read cpu-freq: /sys/devices/system/cpu/cpu0/cpufreq/stats/time_in_state: open failed: ENOENT (No such file or directory)
12-01 18:41:57.868 1495 1617 D KernelCpuUidUserSysTimeReader: Removing uids 1037-1037
12-01 18:41:57.868 4281 4303 W ContextImpl: Calling a method in the system process without a qualified user: android.app.ContextImpl.startService:1816 android.content.ContextWrapper.startService:774 com.thundercomm.gamemode.ingame.services.GameModeActionUtils.startGameModeService:93 com.thundercomm.gamemode.ingame.services.GameModeActionUtils.startGameModeEntry:21 com.thundercomm.gamemode.ingame.services.ActivityMonitoringService$1.onActivityLaunch:127
12-01 18:41:57.873 1495 1495 I GameModeConfig: Current uri is uri = content://com.thundercomm.gamemode.api/gamemode_settings/gamemode_isgaming
12-01 18:41:57.875 1495 1495 I GameModeConfig: isGameModeOn = false
12-01 18:41:57.875 1495 1495 I GameModeConfig: isGameModeOn = false
12-01 18:41:57.875 1495 1495 I GameModeConfig: isDisableVoice = true
12-01 18:41:57.899 1495 1625 I PowerManagerService: Powering on display group fromDreaming (groupId=0, uid=1000, reason=WAKE_REASON_UNKNOWN, details=android.server.power:DREAM_FINISHED)...
12-01 18:41:57.899 1495 1625 I PowerManagerService: Waking up from Dreaming (uid=1000, reason=WAKE_REASON_UNKNOWN, details=android.server.power:DREAM_FINISHED)...
12-01 18:41:57.921 1495 1617 W BatteryExternalStatsWorker: error reading modem stats:ERROR_PHONE_NOT_AVAILABLE
12-01 18:41:57.924 1495 1617 E KernelCpuSpeedReader: Failed to read cpu-freq: /sys/devices/system/cpu/cpu4/cpufreq/stats/time_in_state: open failed: ENOENT (No such file or directory)
12-01 18:41:57.924 1495 1617 E KernelCpuSpeedReader: Failed to read cpu-freq: /sys/devices/system/cpu/cpu0/cpufreq/stats/time_in_state: open failed: ENOENT (No such file or directory)
12-01 18:41:58.365 4281 4303 W ContextImpl: Calling a method in the system process without a qualified user: android.app.ContextImpl.startService:1816 android.content.ContextWrapper.startService:774 com.thundercomm.gamemode.ingame.services.GameModeActionUtils.startGameModeService:93 com.thundercomm.gamemode.ingame.services.GameModeActionUtils.startGameModeEntry:21 com.thundercomm.gamemode.ingame.services.ActivityMonitoringService$1.onActivityLaunch:127
12-01 18:41:58.372 1495 1495 I GameModeConfig: Current uri is uri = content://com.thundercomm.gamemode.api/gamemode_settings/gamemode_isgaming
12-01 18:41:58.374 1495 1495 I GameModeConfig: isGameModeOn = false
12-01 18:41:58.375 1495 1495 I GameModeConfig: isGameModeOn = false
12-01 18:41:58.375 1495 1495 I GameModeConfig: isDisableVoice = true
12-01 18:41:58.385 1495 2417 I DreamManagerService: Leaving dreamland.
12-01 18:41:58.386 1495 1599 I DreamManagerService: Performing gentle wake from dream.
12-01 18:41:58.387 1495 1599 I DreamController: Stopping dream: name=ComponentInfo{com.thundercomm.screensaver/com.thundercomm.saverclock.service.ClockScreensaver}, isTest=false, canDoze=false, userId=0, reason='finished self'(from 'finished self')
12-01 18:41:58.401 1495 1603 W ActivityTaskManager: Can't find TaskDisplayArea to determine support for multi window. Task id=14 attached=false
12-01 18:42:11.854 1495 2417 I ActivityTaskManager: START u0 {act=android.intent.action.MAIN cmp=com.android.settings/.SubSettings (has extras)} from uid 1000
12-01 18:42:11.878 1495 3715 I ActivityTaskManager: FOREGROUND_APPLICATION_CHANGED to com.android.settings.SubSettings
12-01 18:42:11.878 1495 3715 I ActivityTaskManager: The Process com.android.settings Already Exists in BG. So sending its PID: 2908
12-01 18:42:11.879 1495 3715 W ActivityTaskManager: Tried to set launchTime (0) < mLastActivityLaunchTime (198269)
12-01 18:42:11.922 1495 2421 I ActivityTaskManager: START u0 {act=android.intent.action.MAIN cmp=com.android.settings/.homepage.SettingsHomepageActivity (has extras)} from uid 1000
12-01 18:42:11.934 1495 2421 W ActivityTaskManager: Duplicate finish request for r=ActivityRecord{e97b287 u0 com.android.settings/.SubSettings t12 f}}
12-01 18:42:11.942 1495 2404 I ActivityTaskManager: FOREGROUND_APPLICATION_CHANGED to com.android.settings.homepage.SettingsHomepageActivity
12-01 18:42:12.055 4281 4303 W ContextImpl: Calling a method in the system process without a qualified user: android.app.ContextImpl.startService:1816 android.content.ContextWrapper.startService:774 com.thundercomm.gamemode.ingame.services.GameModeActionUtils.startGameModeService:93 com.thundercomm.gamemode.ingame.services.GameModeActionUtils.startGameModeEntry:21 com.thundercomm.gamemode.ingame.services.ActivityMonitoringService$1.onActivityLaunch:127
12-01 18:42:12.060 1495 1495 I GameModeConfig: Current uri is uri = content://com.thundercomm.gamemode.api/gamemode_settings/gamemode_isgaming
12-01 18:42:12.064 1495 1495 I GameModeConfig: isGameModeOn = false
12-01 18:42:12.064 1495 1495 I GameModeConfig: isGameModeOn = false
12-01 18:42:12.064 1495 1495 I GameModeConfig: isDisableVoice = true
12-01 18:42:13.101 1495 2416 W UriGrantsManagerService: No permission grants found for com.baidu.input
12-01 18:42:13.217 3757 5064 E ActivityThread: Failed to find provider info for telephony
12-01 18:42:13.221 1495 2416 D CompatibilityChangeReporter: Compat change id reported: 171306433; UID 10036; state: DISABLED
12-01 18:42:13.258 1495 2416 D CompatibilityChangeReporter: Compat change id reported: 135634846; UID 10070; state: DISABLED
12-01 18:42:13.258 1495 1611 D CompatibilityChangeReporter: Compat change id reported: 143937733; UID 10070; state: ENABLED
12-01 18:42:13.262 1495 1611 I ActivityManager: Start proc 5118:com.android.webview:webview_service/u0a70 for service {com.android.webview/org.chromium.android_webview.services.VariationsSeedServer}
12-01 18:42:13.281 1495 2416 D CompatibilityChangeReporter: Compat change id reported: 168419799; UID 10070; state: DISABLED
12-01 18:42:13.764 1495 2847 D CompatibilityChangeReporter: Compat change id reported: 168419799; UID 10036; state: DISABLED
12-01 18:42:14.117 1495 1599 D CompanionDeviceManagerService: onPackageModified(packageName = com.baidu.input)
12-01 18:42:14.128 1495 1495 I Telecom : DefaultDialerCache: Refreshing default dialer for user 0: now null: DDC.oR@ACQ
12-01 18:42:14.175 1495 1608 W VoiceInteractionManager: no available voice recognition services found for user 0
12-01 18:42:15.372 1495 3812 E TaskPersister: File error accessing recents directory (directory doesn't exist?).
12-01 18:42:20.952 1495 2286 W ContextImpl: Calling a method in the system process without a qualified user: android.app.ContextImpl.sendBroadcastMultiplePermissions:1206 android.content.Context.sendBroadcastWithMultiplePermissions:2262 com.android.server.wifi.WifiServiceImpl.broadcastWifiCredentialChanged:4925 com.android.server.wifi.WifiServiceImpl.lambda$connect$106:4975 com.android.server.wifi.WifiServiceImpl.$r8$lambda$k_VbQ0XctrStvVsieclZczsvs-g:0
12-01 18:42:21.029 826 826 D android.hardware.wifi@1.0-service: Successfully SetMacAddress.
12-01 18:42:21.042 1186 1186 W wificond: Scan is not started. Ignore abort request
12-01 18:42:21.590 1495 2847 D CompatibilityChangeReporter: Compat change id reported: 171306433; UID 1073; state: ENABLED
12-01 18:42:22.321 663 725 E NetlinkEvent: NetlinkEvent::FindParam(): Parameter 'INTERFACE' not found
12-01 18:42:22.321 663 725 E NetlinkEvent: NetlinkEvent::FindParam(): Parameter 'STATE' not found
12-01 18:42:22.321 663 725 E NetlinkEvent: NetlinkEvent::FindParam(): Parameter 'TIME_NS' not found
12-01 18:42:22.321 663 725 E NetlinkEvent: NetlinkEvent::FindParam(): Parameter 'UID' not found
12-01 18:42:22.347 1495 2293 W ContextImpl: Calling a method in the system process without a qualified user: android.app.ContextImpl.sendStickyBroadcast:1559 com.android.server.ConnectivityService.sendStickyBroadcast:2811 com.android.server.ConnectivityService.sendGeneralBroadcast:2786 com.android.server.ConnectivityService.sendConnectedBroadcast:2759 com.android.server.ConnectivityService.sendLegacyNetworkBroadcast:8704
12-01 18:42:22.351 2783 3178 W ContextImpl: Calling a method in the system process without a qualified user: android.app.ContextImpl.startService:1816 android.content.ContextWrapper.startService:774 com.qualcomm.qti.qdma.util.PeriodicCI.run:477 com.qualcomm.qti.qdma.util.PeriodicCI.checkRun:435 com.qualcomm.qti.qdma.util.PeriodicCI$1.onAvailable:131
12-01 18:42:22.366 1495 2293 W ContextImpl: Calling a method in the system process without a qualified user: android.app.ContextImpl.sendStickyBroadcast:1559 com.android.server.ConnectivityService.sendStickyBroadcast:2811 com.android.server.ConnectivityService.sendGeneralBroadcast:2786 com.android.server.ConnectivityService.sendInetConditionBroadcast:2763 com.android.server.ConnectivityService.updateInetCondition:8451
12-01 18:42:22.391 2783 5183 W ContextImpl: Calling a method in the system process without a qualified user: android.app.ContextImpl.sendBroadcast:1188 android.content.ContextWrapper.sendBroadcast:484 com.qualcomm.qti.qdma.app.ActiveCareService$ProcessSessionRequest.run:536 java.lang.Thread.run:920
12-01 18:42:22.523 1495 1610 W BroadcastQueue: Permission Denial: broadcasting Intent { act=android.net.conn.CONNECTIVITY_CHANGE flg=0x4200010 (has extras) } from null (pid=-1, uid=-1) requires com.baidu.input.permission.sofire.RECEIVE due to registered receiver BroadcastFilter{e18c057 10036/u0 ReceiverList{5aa65d6 3757 com.baidu.input/10036/u0 remote:fd345f1}}
12-01 18:42:22.589 1495 3376 D CompatibilityChangeReporter: Compat change id reported: 171306433; UID 1000; state: ENABLED
12-01 18:42:22.691 2783 5203 W ContextImpl: Calling a method in the system process without a qualified user: android.app.ContextImpl.stopService:1828 android.content.ContextWrapper.stopService:784 com.qualcomm.qti.qdma.app.ApplicationManager$1.run:2494 java.util.TimerThread.mainLoop:562 java.util.TimerThread.run:512
12-01 18:42:57.384 1495 1610 W BroadcastQueue: Permission Denial: broadcasting Intent { act=android.net.conn.CONNECTIVITY_CHANGE flg=0x4200010 (has extras) } from null (pid=-1, uid=-1) requires com.baidu.input.permission.sofire.RECEIVE due to registered receiver BroadcastFilter{e98909 10036/u0 ReceiverList{ee6fa10 3757 com.baidu.input/10036/u0 remote:ab4fed3}}
12-01 18:43:05.035 1495 2404 I ActivityTaskManager: START u0 {act=android.intent.action.MAIN cmp=com.android.settings/.SubSettings (has extras)} from uid 1000
12-01 18:43:05.062 1495 2417 I ActivityTaskManager: FOREGROUND_APPLICATION_CHANGED to com.android.settings.SubSettings
12-01 18:43:05.062 1495 2417 I ActivityTaskManager: The Process com.android.settings Already Exists in BG. So sending its PID: 2908
12-01 18:43:05.064 1495 2417 W ActivityTaskManager: Tried to set launchTime (0) < mLastActivityLaunchTime (486414)
12-01 18:43:05.099 1495 2417 I ActivityTaskManager: START u0 {act=android.intent.action.MAIN cmp=com.android.settings/.homepage.SettingsHomepageActivity (has extras)} from uid 1000
12-01 18:43:05.110 1495 2417 W ActivityTaskManager: Duplicate finish request for r=ActivityRecord{2221b27 u0 com.android.settings/.SubSettings t12 f}}
12-01 18:43:05.116 1495 2404 I ActivityTaskManager: FOREGROUND_APPLICATION_CHANGED to com.android.settings.homepage.SettingsHomepageActivity
12-01 18:43:05.227 4281 4303 W ContextImpl: Calling a method in the system process without a qualified user: android.app.ContextImpl.startService:1816 android.content.ContextWrapper.startService:774 com.thundercomm.gamemode.ingame.services.GameModeActionUtils.startGameModeService:93 com.thundercomm.gamemode.ingame.services.GameModeActionUtils.startGameModeEntry:21 com.thundercomm.gamemode.ingame.services.ActivityMonitoringService$1.onActivityLaunch:127
12-01 18:43:05.235 1495 1495 I GameModeConfig: Current uri is uri = content://com.thundercomm.gamemode.api/gamemode_settings/gamemode_isgaming
12-01 18:43:05.238 1495 1495 I GameModeConfig: isGameModeOn = false
12-01 18:43:05.238 1495 1495 I GameModeConfig: isGameModeOn = false
12-01 18:43:05.238 1495 1495 I GameModeConfig: isDisableVoice = true
12-01 18:43:08.553 1495 3812 E TaskPersister: File error accessing recents directory (directory doesn't exist?).
12-01 18:43:24.056 1495 2293 W ContextImpl: Calling a method in the system process without a qualified user: android.app.ContextImpl.sendStickyBroadcast:1559 com.android.server.ConnectivityService.sendStickyBroadcast:2811 com.android.server.ConnectivityService.sendLegacyNetworkBroadcast:8732 com.android.server.ConnectivityService$LegacyTypeTracker.remove:1007 com.android.server.ConnectivityService$LegacyTypeTracker.remove:1024
12-01 18:43:24.096 826 826 D android.hardware.wifi@1.0-service: Successfully SetMacAddress.
12-01 18:43:25.850 1495 1495 I GameModeConfig: isGameModeOn = false
12-01 18:43:25.854 1495 1495 W NotificationHistory: Attempted to add notif for locked/gone/disabled user 0
12-01 18:43:59.945 1495 1625 V DisplayPowerController[0]: Brightness [0.05] reason changing to: 'manual [ dim ]', previous reason: 'manual'.
12-01 18:43:59.946 1495 1625 W PowerManagerService: Screen on took 122046 ms
12-01 18:43:59.959 1495 2334 E DisplayDeviceConfig: requesting nits when no mapping exists.
12-01 18:43:59.960 1495 2334 E DisplayDeviceConfig: requesting nits when no mapping exists.
12-01 18:43:59.961 1495 1610 I DropBoxManagerService: add tag=system_server_wtf isTagEnabled=true flags=0x2
12-01 18:43:59.965 1495 1610 I DropBoxManagerService: add tag=system_server_wtf isTagEnabled=true flags=0x2
12-01 18:43:59.975 1495 2334 E DisplayDeviceConfig: requesting nits when no mapping exists.
12-01 18:43:59.975 1495 2334 E DisplayDeviceConfig: requesting nits when no mapping exists.
12-01 18:43:59.976 1495 1610 I DropBoxManagerService: add tag=system_server_wtf isTagEnabled=true flags=0x2
12-01 18:43:59.978 1495 1610 I DropBoxManagerService: add tag=system_server_wtf isTagEnabled=true flags=0x2
12-01 18:43:59.992 1495 2334 E DisplayDeviceConfig: requesting nits when no mapping exists.
12-01 18:43:59.993 1495 2334 E DisplayDeviceConfig: requesting nits when no mapping exists.
12-01 18:43:59.994 1495 1610 I DropBoxManagerService: add tag=system_server_wtf isTagEnabled=true flags=0x2
12-01 18:44:00.009 1495 2334 E DisplayDeviceConfig: requesting nits when no mapping exists.
12-01 18:44:00.009 1495 2334 E DisplayDeviceConfig: requesting nits when no mapping exists.
12-01 18:44:00.025 1495 2334 E DisplayDeviceConfig: requesting nits when no mapping exists.
12-01 18:44:00.025 1495 2334 E DisplayDeviceConfig: requesting nits when no mapping exists.
12-01 18:44:00.044 1495 2334 E DisplayDeviceConfig: requesting nits when no mapping exists.
12-01 18:44:00.045 1495 2334 E DisplayDeviceConfig: requesting nits when no mapping exists.
12-01 18:44:00.058 1495 2334 E DisplayDeviceConfig: requesting nits when no mapping exists.
12-01 18:44:00.059 1495 2334 E DisplayDeviceConfig: requesting nits when no mapping exists.
12-01 18:44:00.075 1495 2334 E DisplayDeviceConfig: requesting nits when no mapping exists.
12-01 18:44:00.075 1495 2334 E DisplayDeviceConfig: requesting nits when no mapping exists.
12-01 18:44:00.091 1495 2334 E DisplayDeviceConfig: requesting nits when no mapping exists.
12-01 18:44:00.092 1495 2334 E DisplayDeviceConfig: requesting nits when no mapping exists.
12-01 18:44:00.108 1495 2334 E DisplayDeviceConfig: requesting nits when no mapping exists.
12-01 18:44:00.109 1495 2334 E DisplayDeviceConfig: requesting nits when no mapping exists.
12-01 18:44:00.125 1495 2334 E DisplayDeviceConfig: requesting nits when no mapping exists.
12-01 18:44:00.126 1495 2334 E DisplayDeviceConfig: requesting nits when no mapping exists.
12-01 18:44:00.142 1495 2334 E DisplayDeviceConfig: requesting nits when no mapping exists.
12-01 18:44:00.142 1495 2334 E DisplayDeviceConfig: requesting nits when no mapping exists.
12-01 18:44:00.159 1495 2334 E DisplayDeviceConfig: requesting nits when no mapping exists.
12-01 18:44:00.159 1495 2334 E DisplayDeviceConfig: requesting nits when no mapping exists.
12-01 18:44:00.176 1495 2334 E DisplayDeviceConfig: requesting nits when no mapping exists.
12-01 18:44:00.176 1495 2334 E DisplayDeviceConfig: requesting nits when no mapping exists.
12-01 18:44:00.192 1495 2334 E DisplayDeviceConfig: requesting nits when no mapping exists.
12-01 18:44:00.193 1495 2334 E DisplayDeviceConfig: requesting nits when no mapping exists.
12-01 18:44:00.209 1495 2334 E DisplayDeviceConfig: requesting nits when no mapping exists.
12-01 18:44:00.209 1495 2334 E DisplayDeviceConfig: requesting nits when no mapping exists.
12-01 18:44:00.226 1495 2334 E DisplayDeviceConfig: requesting nits when no mapping exists.
12-01 18:44:00.226 1495 2334 E DisplayDeviceConfig: requesting nits when no mapping exists.
12-01 18:44:00.242 1495 2334 E DisplayDeviceConfig: requesting nits when no mapping exists.
12-01 18:44:00.243 1495 2334 E DisplayDeviceConfig: requesting nits when no mapping exists.
12-01 18:44:00.258 1495 2334 E DisplayDeviceConfig: requesting nits when no mapping exists.
12-01 18:44:00.259 1495 2334 E DisplayDeviceConfig: requesting nits when no mapping exists.
12-01 18:44:00.276 1495 2334 E DisplayDeviceConfig: requesting nits when no mapping exists.
12-01 18:44:00.276 1495 2334 E DisplayDeviceConfig: requesting nits when no mapping exists.
12-01 18:44:00.292 1495 2334 E DisplayDeviceConfig: requesting nits when no mapping exists.
12-01 18:44:00.293 1495 2334 E DisplayDeviceConfig: requesting nits when no mapping exists.
12-01 18:44:00.309 1495 2334 E DisplayDeviceConfig: requesting nits when no mapping exists.
12-01 18:44:00.310 1495 2334 E DisplayDeviceConfig: requesting nits when no mapping exists.
12-01 18:44:00.325 1495 2334 E DisplayDeviceConfig: requesting nits when no mapping exists.
12-01 18:44:00.326 1495 2334 E DisplayDeviceConfig: requesting nits when no mapping exists.
12-01 18:44:00.343 1495 2334 E DisplayDeviceConfig: requesting nits when no mapping exists.
12-01 18:44:00.343 1495 2334 E DisplayDeviceConfig: requesting nits when no mapping exists.
12-01 18:44:00.359 1495 2334 E DisplayDeviceConfig: requesting nits when no mapping exists.
12-01 18:44:00.360 1495 2334 E DisplayDeviceConfig: requesting nits when no mapping exists.
12-01 18:44:00.376 1495 2334 E DisplayDeviceConfig: requesting nits when no mapping exists.
12-01 18:44:00.376 1495 2334 E DisplayDeviceConfig: requesting nits when no mapping exists.
12-01 18:44:00.393 1495 2334 E DisplayDeviceConfig: requesting nits when no mapping exists.
12-01 18:44:00.393 1495 2334 E DisplayDeviceConfig: requesting nits when no mapping exists.
12-01 18:44:00.410 1495 2334 E DisplayDeviceConfig: requesting nits when no mapping exists.
12-01 18:44:00.410 1495 2334 E DisplayDeviceConfig: requesting nits when no mapping exists.
12-01 18:44:00.426 1495 2334 E DisplayDeviceConfig: requesting nits when no mapping exists.
12-01 18:44:00.427 1495 2334 E DisplayDeviceConfig: requesting nits when no mapping exists.
12-01 18:44:00.443 1495 2334 E DisplayDeviceConfig: requesting nits when no mapping exists.
12-01 18:44:00.443 1495 2334 E DisplayDeviceConfig: requesting nits when no mapping exists.
12-01 18:44:00.459 1495 2334 E DisplayDeviceConfig: requesting nits when no mapping exists.
12-01 18:44:00.460 1495 2334 E DisplayDeviceConfig: requesting nits when no mapping exists.
12-01 18:44:00.476 1495 2334 E DisplayDeviceConfig: requesting nits when no mapping exists.
12-01 18:44:00.476 1495 2334 E DisplayDeviceConfig: requesting nits when no mapping exists.
12-01 18:44:00.493 1495 2334 E DisplayDeviceConfig: requesting nits when no mapping exists.
12-01 18:44:00.493 1495 2334 E DisplayDeviceConfig: requesting nits when no mapping exists.
12-01 18:44:00.510 1495 2334 E DisplayDeviceConfig: requesting nits when no mapping exists.
12-01 18:44:00.510 1495 2334 E DisplayDeviceConfig: requesting nits when no mapping exists.
12-01 18:44:00.526 1495 2334 E DisplayDeviceConfig: requesting nits when no mapping exists.
12-01 18:44:00.527 1495 2334 E DisplayDeviceConfig: requesting nits when no mapping exists.
12-01 18:44:00.543 1495 2334 E DisplayDeviceConfig: requesting nits when no mapping exists.
12-01 18:44:00.544 1495 2334 E DisplayDeviceConfig: requesting nits when no mapping exists.
12-01 18:44:00.560 1495 2334 E DisplayDeviceConfig: requesting nits when no mapping exists.
12-01 18:44:00.560 1495 2334 E DisplayDeviceConfig: requesting nits when no mapping exists.
12-01 18:44:00.576 1495 2334 E DisplayDeviceConfig: requesting nits when no mapping exists.
12-01 18:44:00.577 1495 2334 E DisplayDeviceConfig: requesting nits when no mapping exists.
12-01 18:44:00.593 1495 2334 E DisplayDeviceConfig: requesting nits when no mapping exists.
12-01 18:44:00.594 1495 2334 E DisplayDeviceConfig: requesting nits when no mapping exists.
12-01 18:44:00.610 1495 2334 E DisplayDeviceConfig: requesting nits when no mapping exists.
12-01 18:44:00.611 1495 2334 E DisplayDeviceConfig: requesting nits when no mapping exists.
12-01 18:44:00.626 1495 2334 E DisplayDeviceConfig: requesting nits when no mapping exists.
12-01 18:44:00.627 1495 2334 E DisplayDeviceConfig: requesting nits when no mapping exists.
12-01 18:44:00.643 1495 2334 E DisplayDeviceConfig: requesting nits when no mapping exists.
12-01 18:44:00.644 1495 2334 E DisplayDeviceConfig: requesting nits when no mapping exists.
12-01 18:44:00.660 1495 2334 E DisplayDeviceConfig: requesting nits when no mapping exists.
12-01 18:44:00.660 1495 2334 E DisplayDeviceConfig: requesting nits when no mapping exists.
12-01 18:44:00.676 1495 2334 E DisplayDeviceConfig: requesting nits when no mapping exists.
12-01 18:44:00.677 1495 2334 E DisplayDeviceConfig: requesting nits when no mapping exists.
12-01 18:44:00.693 1495 2334 E DisplayDeviceConfig: requesting nits when no mapping exists.
12-01 18:44:00.694 1495 2334 E DisplayDeviceConfig: requesting nits when no mapping exists.
12-01 18:44:00.710 1495 2334 E DisplayDeviceConfig: requesting nits when no mapping exists.
12-01 18:44:00.710 1495 2334 E DisplayDeviceConfig: requesting nits when no mapping exists.
12-01 18:44:00.727 1495 2334 E DisplayDeviceConfig: requesting nits when no mapping exists.
12-01 18:44:00.727 1495 2334 E DisplayDeviceConfig: requesting nits when no mapping exists.
12-01 18:44:00.743 1495 2334 E DisplayDeviceConfig: requesting nits when no mapping exists.
12-01 18:44:00.744 1495 2334 E DisplayDeviceConfig: requesting nits when no mapping exists.
12-01 18:44:00.760 1495 2334 E DisplayDeviceConfig: requesting nits when no mapping exists.
12-01 18:44:00.761 1495 2334 E DisplayDeviceConfig: requesting nits when no mapping exists.
12-01 18:44:00.777 1495 2334 E DisplayDeviceConfig: requesting nits when no mapping exists.
12-01 18:44:00.777 1495 2334 E DisplayDeviceConfig: requesting nits when no mapping exists.
12-01 18:44:00.793 1495 2334 E DisplayDeviceConfig: requesting nits when no mapping exists.
12-01 18:44:00.794 1495 2334 E DisplayDeviceConfig: requesting nits when no mapping exists.
12-01 18:44:00.810 1495 2334 E DisplayDeviceConfig: requesting nits when no mapping exists.
12-01 18:44:00.810 1495 2334 E DisplayDeviceConfig: requesting nits when no mapping exists.
12-01 18:44:00.827 1495 2334 E DisplayDeviceConfig: requesting nits when no mapping exists.
