12-01 18:47:02.814 3267 6494 E hpplay-base-dlna: ThreadPool.c:1047::on ThreadPoolShutdown tp->totalThreads:4
12-01 18:47:02.814 3267 6494 E hpplay-base-dlna: ThreadPool.c:1047::on ThreadPoolShutdown tp->totalThreads:2
12-01 18:47:02.815 3267 6494 E hpplay-base-dlna: ThreadPool.c:1056::after ThreadPoolShutdown
12-01 18:47:02.815 3267 6494 E hpplay-base-dlna: ThreadPool.c:1057::ThreadPoolShutdown tp->totalThreads:0
12-01 18:47:02.815 3267 6494 E hpplay-base-dlna: upnpapi.c:661::after grecv ThreadPoolShutdown
12-01 18:47:02.815 3267 6494 E hpplay-base-dlna: upnpapi.c:663::before gsend ThreadPoolShutdown
12-01 18:47:02.815 3267 6494 E hpplay-base-dlna: ThreadPool.c:1047::on ThreadPoolShutdown tp->totalThreads:3
12-01 18:47:02.815 3267 6494 E hpplay-base-dlna: ThreadPool.c:1047::on ThreadPoolShutdown tp->totalThreads:2
12-01 18:47:02.815 3267 6494 E hpplay-base-dlna: ThreadPool.c:1047::on ThreadPoolShutdown tp->totalThreads:1
12-01 18:47:02.815 3267 6494 E hpplay-base-dlna: ThreadPool.c:1056::after ThreadPoolShutdown
12-01 18:47:02.816 3267 6494 E hpplay-base-dlna: ThreadPool.c:1057::ThreadPoolShutdown tp->totalThreads:0
12-01 18:47:02.816 3267 6494 E hpplay-base-dlna: upnpapi.c:665::after gsend ThreadPoolShutdown
12-01 18:47:02.816 3267 6494 D hpplay-base-dlna: [lebodlna-dlnaframe:253] dlnaservice Destroy 253 static ERROR_TYPE IDlnaFrame::DestroyDlnaFrame(IDlnaFrame *)
12-01 18:47:02.816 3267 6494 D hpplay-base-dlna: [lebodlna-dlna_android:51] dlnaservice Destroy 51 int CDlnaService::Destroy()
12-01 18:47:02.816 3267 6494 D hpplay-base-dlna: [lebodlna-dlna_android:194] stopDLNA end
12-01 18:47:03.116 3267 6494 D hpplay-base: [stream_mirror_compat:1489] request to stop screen stream session!!
12-01 18:47:03.116 3267 6494 D hpplay-base: [AEventUtils:625] begin to stop event handle service!!
12-01 18:47:03.116 3267 6494 D hpplay-base: [AEventUtils:628] stop event handle service ok!!
12-01 18:47:03.116 3267 6494 D hpplay-base: [REventUtils:231] begin to stop report handle service!!
12-01 18:47:03.116 3267 6494 D hpplay-base: [REventUtils:234] stop report handle service ok!!
12-01 18:47:03.116 3267 6494 D hpplay-base: [lelinkSinkServer:711] HTTP Server stopSinkServer End .
12-01 18:47:03.116 3267 6494 D hpplay-base: [jniBridge:1135] notifyJavaServerStoped
12-01 18:47:03.116 3267 6494 D hpplay-base: [jniBridge:1726] notifyJava, what:202, castType:0, mimeType:0 baseStatus:4
12-01 18:47:03.116 3267 6494 D hpplay-base: [jniBridge:1727] notifyJava sessionID:(null)
12-01 18:47:03.117 3267 6494 I hpplay-java: [Thread-101]:Bridge:notify: what: 202
12-01 18:47:03.119 3267 6494 I hpplay-java: [Thread-101]:Bridge:notify: out: OutParameters:{audioSessionId=-1, audiotrackIndex=0, castHandleType=-1, castType=0, deviceName='', dlnaName='', dramaID='', extra=0, frameHandleType=-1, handleInside=true, headduration=0, header='', headers=null, isAD=false, isMultiMirror=false, lelinkVer='', limitTime=0, , mediaAlbum='null', mediaAlbumArtURI='', mediaArtist='null', mediaAssets='', mediaTitle='null', mimeType=0, multiSession=null, period=0, pinCode='', playSpeed=0.0, playerChoice=0, plugin=0, port=0, position=0.0, positionUnit=2, protocol=0, realSessionID='', regType='', , sinkIp='', sourceAPPVersion='', sourceChannel='', sourceClientInfo='', sourceDeviceInfo='', sourceDeviceModel='', sourceDeviceName='', sourceDeviceType=0, sourceHID='', , sourceInfo='', , , sourceOSVersion='', sourceSDKVersion='', sourceUid='', stopDetail=0, stopReason=0, tailduration=0, url='', urlID='', urls=null, userAgent='', videoDecoder=0, volume=0, what=202}com.hpplay.sdk.sink.protocol.OutParameters@1cd7da1
12-01 18:47:03.119 3267 6494 I hpplay-java: [Thread-101]:Bridge:notify: address:206289862
12-01 18:47:03.119 3267 6494 D hpplay-base: [LelinkBase:645] stopServerThreadFunc notifyJavaServerStoped!
12-01 18:47:03.120 3267 3267 I hpplay-java: [main]:ServerTaskManager:startTimeOutCheck
12-01 18:47:03.120 3267 3267 I hpplay-java: [main]:ServerBusiness:stopDaemonBusiness
12-01 18:47:03.120 3267 3267 I hpplay-java: [main]:SinkDataReport:logout
12-01 18:47:03.120 3267 3267 I hpplay-java: [main]:EPControl:release
12-01 18:47:03.123 3267 5972 I hpplay-java: [AsyncTask #94]:GlideCreator:clearCache clearDiskCache
12-01 18:47:03.125 3267 3267 I hpplay-java: [main]:Dispatcher:notifyAllReverseControlsStop
12-01 18:47:03.125 3267 3267 I hpplay-java: [main]:Preference:checkFeature none
12-01 18:47:03.125 3267 3267 I hpplay-java: [main]:Dispatcher:notifyAllUIControlsStop set: []
12-01 18:47:03.125 3267 3267 I hpplay-java: [main]:Bridge:findServiceID start out: 206289862
12-01 18:47:03.125 3267 3267 I hpplay-java: [main]:Bridge:findServiceID end
12-01 18:47:03.125 3267 3267 I hpplay-java: [main]:ServerTaskManager:onStop retry:true
12-01 18:47:03.125 3267 3267 I hpplay-java: [main]:ServerTaskManager:cancelTimeOutCheck
12-01 18:47:03.126 3267 6459 W hpplay-java: NanoHTTPDServerRunnable:Communication with the client broken
12-01 18:47:03.126 3267 6459 W hpplay-java: java.net.SocketException: Socket closed
12-01 18:47:03.126 3267 6459 W hpplay-java: at java.net.PlainSocketImpl.socketAccept(PlainSocketImpl.java:213)
12-01 18:47:03.126 3267 6459 W hpplay-java: at java.net.AbstractPlainSocketImpl.accept(AbstractPlainSocketImpl.java:451)
12-01 18:47:03.126 3267 6459 W hpplay-java: at java.net.ServerSocket.implAccept(ServerSocket.java:547)
12-01 18:47:03.126 3267 6459 W hpplay-java: at java.net.ServerSocket.accept(ServerSocket.java:515)
12-01 18:47:03.126 3267 6459 W hpplay-java: at com.hpplay.nanohttpd.protocols.http.ServerRunnable.run(SourceFile:118)
12-01 18:47:03.126 3267 6459 W hpplay-java: at java.lang.Thread.run(Thread.java:920)
12-01 18:47:03.126 3267 6459 I hpplay-java: NanoHTTPDNanoHTTPD:server is stoped
12-01 18:47:03.126 3267 6459 I hpplay-java: NanoHTTPDNanoHTTPD:clear obj
12-01 18:47:03.127 3267 3267 I hpplay-java: [main]:IPManager:getActiveNets type: WIFI
12-01 18:47:03.127 3267 3267 I hpplay-java: [main]:IPManager:getActiveNets eth0:false wifi:true mobile:false ap:false
12-01 18:47:03.127 3267 3267 I hpplay-java: [main]:IPManager:getIPAddress IP_WLAN0
12-01 18:47:03.131 3267 3267 I hpplay-java: [main]:IPManager:updateIPAddress getIPAddress: 192.168.4.16 name:vlan4
12-01 18:47:03.131 3267 3267 I hpplay-java: [main]:IPManager:updateIPAddress getIPAddress: 192.168.0.18 name:wlan0
12-01 18:47:03.131 3267 3267 I hpplay-java: [main]:IPManager:updateIPAddress getIPAddress: 192.168.8.16 name:vlan8
12-01 18:47:03.131 3267 3267 I hpplay-java: [main]:IPManager:updateIPAddress getIPAddress: 192.168.11.16 name:vlan11
12-01 18:47:03.131 3267 3267 I hpplay-java: [main]:IPManager:updateIPAddress getIPAddress: 192.168.0.16 name:vlan0
12-01 18:47:03.131 3267 3267 I hpplay-java: [main]:IPManager:updateIPAddress getIPAddress: 192.168.2.16 name:vlan2
12-01 18:47:03.132 3267 3267 I hpplay-java: [main]:IPManager:updateIPAddress getIPAddress: 192.168.1.16 name:vlan1
12-01 18:47:03.132 3267 3267 I hpplay-java: [main]:ServerTaskManager:exeTask startServer
12-01 18:47:03.132 3267 3267 I hpplay-java: [main]:ServerTaskManager:startTimeOutCheck
12-01 18:47:03.133 3267 5971 I hpplay-java: [AsyncTask #93]:ServerBusiness:startDaemonBusiness
12-01 18:47:03.133 3267 6000 I hpplay-java: [AsyncTask #96]:Bridge:assembleInParameters
12-01 18:47:03.133 3267 5971 I hpplay-java: [AsyncTask #93]:TimeOutCheckUtil:addTask id:upgrade
12-01 18:47:03.133 3267 5971 I hpplay-java: [AsyncTask #93]:TimeOutCheckUtil:addTask id:ijkupgrade
12-01 18:47:03.134 3267 6000 I hpplay-java: [AsyncTask #96]:Bridge:createDeviceId deviceId:ZjQ6M2E6MTk6MWQ6Yjg6MzM=
12-01 18:47:03.134 3267 6495 I hpplay-java: NanoHTTPDNanoHTTPD:server is started
12-01 18:47:03.135 3267 6000 I hpplay-java: [AsyncTask #96]:IPManager:getActiveNets type: WIFI
12-01 18:47:03.135 3267 6000 I hpplay-java: [AsyncTask #96]:IPManager:getActiveNets eth0:false wifi:true mobile:false ap:false
12-01 18:47:03.135 3267 6000 I hpplay-java: [AsyncTask #96]:IPManager:getIPAddress IP_WLAN0
12-01 18:47:03.135 3267 6000 I hpplay-java: [AsyncTask #96]:Preference:checkFeature none
12-01 18:47:03.135 3267 6000 I hpplay-java: [AsyncTask #96]:SWI:dlna tip
12-01 18:47:03.135 3267 6000 I hpplay-java: [AsyncTask #96]:SWI:lefp tip
12-01 18:47:03.135 3267 6000 I hpplay-java: [AsyncTask #96]:Bridge:assembleInParameters none alias name use device name: 高合娱乐副屏
12-01 18:47:03.136 3267 6000 I hpplay-java: [AsyncTask #96]:Feature:isSendAdvertisement
12-01 18:47:03.136 3267 6000 I hpplay-java: [AsyncTask #96]:Preference:checkFeature none
12-01 18:47:03.136 3267 6000 I hpplay-java: [AsyncTask #96]:Preference:checkFeature none
12-01 18:47:03.136 3267 6000 I hpplay-java: [AsyncTask #96]:Bridge:backupHpplayDat bakPath:
12-01 18:47:03.136 3267 6000 I hpplay-java: [AsyncTask #96]:Bridge:path:/data/user/0/com.hht.lebocast/files/hpplay/file/happyplay.dat
12-01 18:47:03.136 3267 6000 I hpplay-java: [AsyncTask #96]:Bridge:mAppId:21409
12-01 18:47:03.136 3267 6000 I hpplay-java: [AsyncTask #96]:Bridge:mode:3
12-01 18:47:03.136 3267 6000 I hpplay-java: [AsyncTask #96]:Bridge:type:1
12-01 18:47:03.136 3267 6000 I hpplay-java: [AsyncTask #96]:Bridge:SN:
12-01 18:47:03.136 3267 6000 I hpplay-java: [AsyncTask #96]:Preference:checkFeature none
12-01 18:47:03.136 3267 6000 I hpplay-java: [AsyncTask #96]:Bridge:backPath:
12-01 18:47:03.136 3267 6000 I hpplay-java: [AsyncTask #96]:DeviceUtil:getPermissionDid: 1
12-01 18:47:03.136 3267 6000 I hpplay-java: [AsyncTask #96]:DeviceUtil:getPermissionDid: 1
12-01 18:47:03.136 3267 6000 I hpplay-java: [AsyncTask #96]:Preference:checkFeature none
12-01 18:47:03.136 3267 6000 I hpplay-java: [AsyncTask #96]:Preference:checkFeature none
12-01 18:47:03.136 3267 6000 I hpplay-java: [AsyncTask #96]:Preference:checkFeature none
12-01 18:47:03.137 3267 6000 I hpplay-java: [AsyncTask #96]:Preference:checkFeature none
12-01 18:47:03.137 3267 6000 I hpplay-java: [AsyncTask #96]:Preference:checkFeature none
12-01 18:47:03.137 3267 6000 I hpplay-java: [AsyncTask #96]:Preference:checkFeature none
12-01 18:47:03.144 3267 5971 W hpplay-java: [AsyncTask #93]:ServerBusiness:startDaemonBusiness start LelinkHTTPD sucess 52288
12-01 18:47:03.161 3267 6000 W hpplay-java: [AsyncTask #96]:DeviceUtils:getDomain create lb domain
12-01 18:47:03.163 3267 6000 I hpplay-java: [AsyncTask #96]:Feature:getMirrorAudioVideoSync DISABLE
12-01 18:47:03.163 3267 6000 I hpplay-java: [AsyncTask #96]:Feature:checkSupportRedirectOtherApp,no set redirect api
12-01 18:47:03.163 3267 6000 I hpplay-java: [AsyncTask #96]:Feature:getRedirectSearchFlag,value: 0
12-01 18:47:03.165 3267 6000 I hpplay-java: [AsyncTask #96]:Bridge:mIn: InParameters{appInfo='0', appKey='21409', authMode=0, authPwd='null', broadcastDirection=0, broadcastState=1, broadcastTimeout=3, buildType='release', cacheAVPath='/data/user/0/com.hht.lebocast/cache/hpplay/av', cachePhotoPath='/data/user/0/com.hht.lebocast/cache/hpplay/image', channel='LEBO-APK--60146-25915', desPath='', , deviceName='高合娱乐副屏', dlna=1, dlnaCompany='null', dlnaCompanyURL='null', dlnaDeviceDescribe='null', dlnaDeviceName='null', dlnaDeviceURL='null', dlnaLelinkSwitch=1, dlnaManufacturer=0, dlnaName='高合娱乐副屏', dlnaUPC='', dlnaUUID='f0e48867-b427-01a9-e4c2-9cad7efbe861', domain='Lebo-figure-9232c50cda73', drainage=0, feature='6655', fps=60, height=1080, host='null', , keyPath='/data/user/0/com.hht.lebocast/files/hpplay/file', lelinkfp=1, lelinkfp2=0, logBaseState=1, logPath='/storage/emulated/0/com.hht.lebocast/sink/sdk/common', , mdnsEnable=1, mirrorSyncType=0, netCastVer='2.0', packageName='com.hht.lebocast', packagePath='/data/user/0/com.hht.lebocast', permissionDid='92:32:c5:0c:da:73', permissionMode=3, permissionPreSN='', port=0, preemptMode=0, regType='_leboremote._tcp.', serverPorts=null, sockWaitTimeOut=45, teleControlPort=53388, tunnels=3, txtKeys=null, txtValues=null, uid='-1064672117243984124', videoFrameType=1001, width=1920}com.hpplay.sdk.sink.protocol.InParameters@5a8ab33
12-01 18:47:03.165 3267 3267 I hpplay-java: [main]:Bridge:startServer state: 0
12-01 18:47:03.165 3267 3267 D hpplay-base: [jniBridge:185] not conference version
12-01 18:47:03.165 3267 3267 I hpplay-base: [jniBridge:241] 1initServer nSettingWidth=1920 nSettingHeight=1080 nSettingMaxFPS=60 dlnaEnable=1 lelinkFpEnable=1
12-01 18:47:03.165 3267 3267 D hpplay-base: [jniBridge:283] 1initServer cfg.leLinkIp=192.168.0.18
12-01 18:47:03.165 3267 3267 D hpplay-base: [jniBridge:286] 1initServer cfg.mPermissionMode=3
12-01 18:47:03.165 3267 3267 D hpplay-base: [jniBridge:304] 1initServer cfg.permissionDid=92:32:c5:0c:da:73000000000000000
12-01 18:47:03.165 3267 3267 D hpplay-base: [jniBridge:313] 1initServer cfg.mPermissionPreSN=00000000000000000000000000000000
12-01 18:47:03.166 3267 3267 D hpplay-base: [jniBridge:317] Bridge___1initServer status:0
12-01 18:47:03.166 3267 3267 I hpplay-base: [jniBridge:325] 1initServer cfg.feature=6655
12-01 18:47:03.166 3267 3267 D hpplay-base: [jniBridge:377] 1initServer isSendBroadCast=3
12-01 18:47:03.166 3267 3267 D hpplay-base: [jniBridge:380] 1initServer broadcastDirection=0
12-01 18:47:03.166 3267 3267 D hpplay-base: [jniBridge:382] 1initServer ipBroadcast direction=0
12-01 18:47:03.166 3267 3267 D hpplay-base: [jniBridge:387] 1initServer tunnel=3
12-01 18:47:03.166 3267 3267 D hpplay-base: [jniBridge:390] 1initServer drainage=0
12-01 18:47:03.166 3267 3267 D hpplay-base: [jniBridge:401] 1initServer mDNSEnable=1
12-01 18:47:03.166 3267 3267 D hpplay-base: [jniBridge:406] 1initServer nSockWaitTimeOut=45
12-01 18:47:03.166 3267 3267 D hpplay-base: [jniBridge:410] 1initServer nMirrorAudioVideoSync=0
12-01 18:47:03.166 3267 3267 I hpplay-base: [sign_check:168] checkSign strPackageName:com.hht.lebocast
12-01 18:47:03.166 3267 3267 I hpplay-base: [sign_check:169] checkSign buildType:release
12-01 18:47:03.166 3267 3267 I hpplay-base: [sign_check:170] checkSign appKey:21409
12-01 18:47:03.166 3267 3267 D hpplay-base: [LelinkBase:405] bridgeInit port: 0, lelinkfp: 0
12-01 18:47:03.166 3267 3267 D hpplay-base: [LelinkBase:462] bridgeInit mPackagePath =/data/user/0/com.hht.lebocast
12-01 18:47:03.166 3267 3267 D hpplay-base: [LelinkBase:463] bridgeInit mKeyPath =/data/user/0/com.hht.lebocast/files/hpplay/file
12-01 18:47:03.166 3267 3267 D hpplay-base: [SinkContext:97] initSinkContext mPackagePath =/data/user/0/com.hht.lebocast
12-01 18:47:03.166 3267 3267 D hpplay-base: [SinkContext:98] initSinkContext mKeyPath =/data/user/0/com.hht.lebocast/files/hpplay/file
12-01 18:47:03.166 3267 3267 D hpplay-base: [jniBridge:478] Java_com_hpplay_sdk_sink_protocol_Bridge__1initServer end
12-01 18:47:03.166 3267 3267 D hpplay-base: [jniBridge:869] Bridge__1startServer status:1
12-01 18:47:03.167 3267 3267 D hpplay-base: [LelinkBase:492] startAllServer at base
12-01 18:47:03.167 3267 3267 D hpplay-base: [lelinkSinkServer:152] httpPlugins_SetServerPort TYPE_SERVER_LELINK:52266
12-01 18:47:03.167 3267 3267 D hpplay-base: [network.c:362] protocol bind host :192.168.0.18 port:52266 curent bind port:52266
12-01 18:47:03.167 3267 3267 D hpplay-base: [lelinkSinkServer:681] HTTP Server real at:52266
12-01 18:47:03.167 3267 6502 D hpplay-base: [lelinkSinkServer:644] Connected Service Type:0
12-01 18:47:03.167 3267 3267 D hpplay-base: [ScreenStream:1285] current bind port:7100
12-01 18:47:03.167 3267 6502 I hpplay-base: : (server.c.315) startServer listen_ing....:
12-01 18:47:03.167 3267 6502 D hpplay-base: [Server:371] startHttpServer srv_sockets.used:1 nCurrentFd:105, tid is 6502
12-01 18:47:03.167 3267 3267 D hpplay-base: [LelinkBase:515] startAllServer pBaseContext->config.dlnaEnable:1
12-01 18:47:03.167 3267 3267 D hpplay-base: [lelinkDlna:324] addDMRCallback end
12-01 18:47:03.167 3267 6503 D hpplay-base: [stream_mirror_compat:759] compat mirror stream begin to run,server fd:111,thread_id:3065831872!!
12-01 18:47:03.168 3267 3267 E hpplay-base-dlna: miniserver.c:788::dlna_port(ipv4: 49152 ipv6:0)
12-01 18:47:03.169 3267 3267 D hpplay-base-dlna: [lebodlna-dlnaframe:166] succeed to load lebodlnaplugin
12-01 18:47:03.169 3267 3267 D hpplay-base-dlna: [lebodlna-dlnaframe:232] Succeed to load specified plugin:lebodlna_plugin
12-01 18:47:03.169 3267 3267 D hpplay-base: [lelinkDlna:328] startDLNAServer ret=0
12-01 18:47:03.169 3267 3267 D hpplay-base: [LelinkBase:531] startDLNAServer ret= 0
12-01 18:47:03.169 3267 3267 D hpplay-base: [lelinkDlna:342] setDMRFriendlyName 高合娱乐副屏
12-01 18:47:03.169 3267 3267 D hpplay-base-dlna: [lebodlna-dlna_android:136] setBroadcastTimeout mBroadcastTimeOut=66 status=3!
12-01 18:47:03.169 3267 3267 D hpplay-base-dlna: [lebodlna_api:32] start DMR
12-01 18:47:03.169 3267 3267 D hpplay-base-dlna: [UpnpDefine:434] RegisterDMRender invalid lelink info
12-01 18:47:03.169 3267 3267 D hpplay-base-dlna: [UpnpDefine:467] DLNA DEFAULT_DESCRIPTION
12-01 18:47:03.170 3267 3267 E hpplay-base-dlna: upnpapi.c:1078::Exiting RegisterRootDevice2 *Hnd =1, return value == 0
12-01 18:47:03.170 3267 3267 D hpplay-base-dlna: [CUpnpDevice:41] Register Root Device 2:0
12-01 18:47:03.170 3267 3267 D hpplay-base-dlna: [UpnpDefine:794] ESDMRender:Register success
12-01 18:47:03.170 3267 3267 D hpplay-base-dlna: [lebodlna_api:41] sendBroadcast mBroadcastTimeOut=3
12-01 18:47:03.170 3267 3267 D hpplay-base-dlna: [lebodlna_api:44] sendBroadcast timeout=66
12-01 18:47:03.227 3267 3267 D hpplay-base: [lelinkDlna:361] startDLNADevice dlnaManufacturer:0 ret=0
12-01 18:47:03.227 3267 3267 D hpplay-base: [LelinkBase:535] lelinkSetDlnaInfo ret= 0
12-01 18:47:03.227 3267 3267 D hpplay-base: [LelinkBase:547] startAllServer pBaseContext->config.mDNSEnable:1
12-01 18:47:03.228 3267 3267 D hpplay-base: [base_mdns:509] mdns net.hostname:
12-01 18:47:03.228 3267 3267 D hpplay-base: [base_mdns:529] mdns namelabel:-00-80-0F-74-31-00
12-01 18:47:03.228 3267 3267 D hpplay-base: [base_mdns:509] mdns net.hostname:
12-01 18:47:03.228 3267 3267 D hpplay-base: [base_mdns:529] mdns namelabel:-00-80-0F-74-31-00
12-01 18:47:03.228 3267 3267 D hpplay-base: [mdns:813] mdns start bind port:0
12-01 18:47:03.232 3267 3267 D hpplay-base: [mdns:813] mdns start bind port:5353
12-01 18:47:03.233 3267 3267 D hpplay-base: [mdns:813] mdns start bind port:5353
12-01 18:47:03.233 3267 3267 D hpplay-base: [mdns:813] mdns start bind port:5353
12-01 18:47:03.233 3267 3267 D hpplay-base: [mdns:813] mdns start bind port:5353
12-01 18:47:03.233 3267 3267 D hpplay-base: [mdns:813] mdns start bind port:5353
12-01 18:47:03.233 3267 3267 D hpplay-base: [mdns:813] mdns start bind port:5353
12-01 18:47:03.233 3267 3267 D hpplay-base: [mdns:813] mdns start bind port:5353
12-01 18:47:03.234 3267 3267 I hpplay-base: [mDNSEmbeded:57] embedded_mDNSInit stopmDNSNow:0 status:0
12-01 18:47:03.234 3267 3267 D hpplay-base: [mDNSEmbeded:436] startmDNSServer end nRet=0
12-01 18:47:03.234 3267 3267 D hpplay-base: [LelinkBase:555] lelink broadcast_on_off:1 log2java_on_off:1
12-01 18:47:03.234 3267 6516 D hpplay-base: [LelinkMDNS:729] leboAuthorizationCheck strUuid=92:32:c5:0c:da:73000000000000000
12-01 18:47:03.234 3267 6516 D hpplay-base: [LelinkMDNS:730] leboAuthorizationCheck mPermissionDid=92:32:c5:0c:da:73000000000000000
12-01 18:47:03.234 3267 6516 D hpplay-base: [LelinkMDNS:755] leboAuthorizationCheck mPermissionMac=92:32:c5:0c:da:73000000000000000
12-01 18:47:03.234 3267 3267 D hpplay-base: [AEventUtils:595] request to start event handle service!!
12-01 18:47:03.234 3267 3267 D hpplay-base: [AEventUtils:603] start_event_handle_service,begin to run!!
12-01 18:47:03.235 3267 6517 I hpplay-base: [mDNSEmbeded:268] start lelink publish server, tid is 6517
12-01 18:47:03.235 3267 3267 D hpplay-base: [REventUtils:210] start_event_handle_service,begin to run!!
12-01 18:47:03.235 3267 3267 D hpplay-base: [LelinkBase:576] startAllServer success .
12-01 18:47:03.235 3267 3267 D hpplay-base: [jniBridge:894] startDlna_link:http://192.168.0.18:49152/description.xml
12-01 18:47:03.235 3267 6518 D hpplay-base: [mDNSEmbeded:197] http_port bind check 197 http_port_check
12-01 18:47:03.235 3267 6519 D hpplay-base: [AEventUtils:171] create handle AEvent thread ok!!,tid is 6519
12-01 18:47:03.236 3267 6521 D hpplay-base: [jniBridge:1081] notifyJavaDlnalink:http://192.168.0.18:49152/description.xml
12-01 18:47:03.236 3267 6520 D hpplay-base: [REventUtils:59] create handleREventThread thread ok!!,tid is 6520
12-01 18:47:03.236 3267 6521 D hpplay-base: [jniBridge:1726] notifyJava, what:207, castType:0, mimeType:0 baseStatus:2
12-01 18:47:03.236 3267 6521 D hpplay-base: [jniBridge:1727] notifyJava sessionID:(null)
12-01 18:47:03.237 3267 6521 I hpplay-java: [Thread-103]:Bridge:notify: what: 207
12-01 18:47:03.237 3267 6518 D hpplay-base: [mDNSEmbeded:217] http_port bind check 217 http_port_check
12-01 18:47:03.237 3267 6518 D hpplay-base: [mDNSEmbeded:222] http_port bind check 222 http_port_check
12-01 18:47:03.238 3267 6521 I hpplay-java: [Thread-103]:Bridge:notify: out: OutParameters:{audioSessionId=-1, audiotrackIndex=0, castHandleType=-1, castType=0, deviceName='http://192.168.0.18:49152/description.xml', dlnaName='', dramaID='', extra=0, frameHandleType=-1, handleInside=true, headduration=0, header='', headers=null, isAD=false, isMultiMirror=false, lelinkVer='', limitTime=0, , mediaAlbum='null', mediaAlbumArtURI='', mediaArtist='null', mediaAssets='', mediaTitle='null', mimeType=0, multiSession=null, period=0, pinCode='', playSpeed=0.0, playerChoice=0, plugin=0, port=0, position=0.0, positionUnit=2, protocol=0, realSessionID='', regType='', , sinkIp='', sourceAPPVersion='', sourceChannel='', sourceClientInfo='', sourceDeviceInfo='', sourceDeviceModel='', sourceDeviceName='', sourceDeviceType=0, sourceHID='', , sourceInfo='', , , sourceOSVersion='', sourceSDKVersion='', sourceUid='', stopDetail=0, stopReason=0, tailduration=0, url='', urlID='', urls=null, userAgent='', videoDecoder=0, volume=0, what=207}com.hpplay.sdk.sink.protocol.OutParameters@88fd07f
12-01 18:47:03.238 3267 6521 I hpplay-java: [Thread-103]:Bridge:notify: address:133998668
12-01 18:47:03.239 3267 6516 D hpplay-base: [LelinkMDNS:766] devicePermissionPublic leboPermissionCheck:-2
12-01 18:47:03.239 3267 6516 D hpplay-base: [jniBridge:1125] com_hpplay_sdk_sink_protocol_Bridge_WHAT_SERVER_ERROR
12-01 18:47:03.239 3267 6516 D hpplay-base: [jniBridge:1726] notifyJava, what:204, castType:0, mimeType:0 baseStatus:2
12-01 18:47:03.239 3267 6516 D hpplay-base: [jniBridge:1727] notifyJava sessionID:(null)
12-01 18:47:03.240 3267 6516 I hpplay-java: [Thread-104]:Bridge:notify: what: 204
12-01 18:47:03.240 3267 6516 I hpplay-java: [Thread-104]:Bridge:notify: out: OutParameters:{audioSessionId=-1, audiotrackIndex=0, castHandleType=-1, castType=0, deviceName='', dlnaName='', dramaID='', extra=-2002, frameHandleType=-1, handleInside=true, headduration=0, header='', headers=null, isAD=false, isMultiMirror=false, lelinkVer='', limitTime=0, , mediaAlbum='null', mediaAlbumArtURI='', mediaArtist='null', mediaAssets='', mediaTitle='null', mimeType=0, multiSession=null, period=0, pinCode='', playSpeed=0.0, playerChoice=0, plugin=0, port=0, position=0.0, positionUnit=2, protocol=0, realSessionID='', regType='', , sinkIp='', sourceAPPVersion='', sourceChannel='', sourceClientInfo='', sourceDeviceInfo='', sourceDeviceModel='', sourceDeviceName='', sourceDeviceType=0, sourceHID='', , sourceInfo='', , , sourceOSVersion='', sourceSDKVersion='', sourceUid='', stopDetail=0, stopReason=0, tailduration=0, url='', urlID='', urls=null, userAgent='', videoDecoder=0, volume=0, what=204}com.hpplay.sdk.sink.protocol.OutParameters@8a30095
12-01 18:47:03.241 3267 6516 I hpplay-java: [Thread-104]:Bridge:notify: address:265475498
12-01 18:47:03.241 3267 6516 I hpplay-base: [mDNSEmbeded:79] embedded_mDNSLoop stopmDNSNow:0 nPublish:-2 nExitFlag:6 tid is 6516
12-01 18:47:03.241 3267 3267 I hpplay-java: [main]:Bridge:findServiceID start out: 265475498
12-01 18:47:03.241 3267 3267 I hpplay-java: [main]:Bridge:findServiceID end
12-01 18:47:03.241 3267 3267 E hpplay-java: [main]:ServerTaskManager:onError 204/-2002 com.hht.lebocast.LelinkHelper$e@9cae7c9
12-01 18:47:03.241 3267 3267 I hpplay-java: [main]:ServerTaskManager:cancelTimeOutCheck
12-01 18:47:03.242 3267 6518 D hpplay-base: [mDNSEmbeded:234] http_port bind check 234 http_port_check port:52266
12-01 18:47:03.242 3267 3267 W hpplay-java: [main]:ServerTaskManager:onErrorDispatcher errorCode:-2002
12-01 18:47:03.242 3267 3267 I hpplay-java: [main]:ServerTaskManager:onError retry later
12-01 18:47:03.242 3267 6518 D hpplay-base: [mDNSEmbeded:237] http_port bind check 237 http_port_check
12-01 18:47:03.243 3267 6523 D hpplay-base: [lelinkSinkServer:93] new client connection from 127.0.0.1 12449, fd=144
12-01 18:47:03.243 3267 6523 D hpplay-base: [SinkContext:137] addSinkContextSession,begin to run!!
12-01 18:47:03.243 3267 6523 D hpplay-base: [SinkContext:142] addSinkContextSession,begin to get lock!!
12-01 18:47:03.243 3267 6523 D hpplay-base: [SinkContext:144] addSinkContextSession,get lock ok!!
12-01 18:47:03.243 3267 6523 D hpplay-base: [SinkContext:149] addSinkContextSession,session list is null,begin to malloc!!
12-01 18:47:03.243 3267 6523 D hpplay-base: [SinkContext:156] addSinkContextSession,begin to update!!
12-01 18:47:03.243 3267 6523 D hpplay-base: [SinkContext:160] addSinkContextSession,begin to update header!!
12-01 18:47:03.243 3267 6523 D hpplay-base: [SinkContext:172] addSinkContextSession,begin to unlock!!
12-01 18:47:03.243 3267 6523 D hpplay-base: [SinkContext:174] addSinkContextSession,unlock ok!!
12-01 18:47:03.243 3267 6523 D hpplay-base: [LelinkReceiver:4908] get ping !!!
12-01 18:47:03.243 3267 6518 D hpplay-base: [mDNSEmbeded:240] http_port bind check 240 http_port_check recieved:64
12-01 18:47:03.243 3267 6518 D hpplay-base: [mDNSEmbeded:243] http_port bind check 243 http_port_check
12-01 18:47:03.243 3267 6518 D hpplay-base: [mDNSEmbeded:244] http_port bind check ok!
12-01 18:47:03.260 643 657 I mpu_uart: [MSG-P:RECV]:No message received in 1000 ms
12-01 18:47:03.277 3267 6020 I hpplay-java: [AsyncTask #100]:HttpRequest:doGet responseCode:200 0
12-01 18:47:03.431 0 0 W swapper/3: type=1400 audit(0.0:735): avc: denied { kill } for capability=5 scontext=u:r:kernel:s0 tcontext=u:r:kernel:s0 tclass=capability permissive=0
12-01 18:47:03.444 3267 6523 I hpplay-base: [LelinkReceiver:14605] _connectionFinalize (144)
12-01 18:47:03.444 3267 6523 D hpplay-base: [LelinkReceiver:14752] ###connectionFinalize,release ok!!###
12-01 18:47:03.612 3267 6016 I hpplay-java: [AsyncTask #98]:HttpRequest:doGet responseCode:200 0
12-01 18:47:04.194 1495 2417 I WifiService: startScan uid=1000
12-01 18:47:04.204 1381 6279 D LOWI-9.0.0.87.a: [LOWI-Scan] wait_event:Wait done with Cmd 33
12-01 18:47:04.204 1381 6279 D LOWI-9.0.0.87.a: [LOWI-Scan] do_listen_events: Rcvd valid Netlink Cmd 0 Err 0
12-01 18:47:04.260 643 657 I mpu_uart: [MSG-P:RECV]:No message received in 1000 ms
12-01 18:47:04.427 0 0 W swapper/3: type=1400 audit(0.0:736): avc: denied { kill } for capability=5 scontext=u:r:kernel:s0 tcontext=u:r:kernel:s0 tclass=capability permissive=0
12-01 18:47:04.577 3267 3267 I hpplay-java: [main]:Upgrade:upgrade not be allowed
12-01 18:47:04.726 643 655 I mpu_uart: [MSG-P:R]:recv sync frame timeout
12-01 18:47:05.147 3267 3267 I hpplay-java: [main]:ServerBusiness:get deviceCode:
12-01 18:47:05.148 3267 3267 W hpplay-java: [main]:ServerBusiness:startDeviceService ignore,invalid deviceCode
12-01 18:47:05.260 643 657 I mpu_uart: [MSG-P:RECV]:No message received in 1000 ms
12-01 18:47:05.427 0 0 W swapper/3: type=1400 audit(0.0:737): avc: denied { kill } for capability=5 scontext=u:r:kernel:s0 tcontext=u:r:kernel:s0 tclass=capability permissive=0
12-01 18:47:06.062 1381 6279 D LOWI-9.0.0.87.a: [LOWI-Scan] wait_event:Wait done with Cmd 34
12-01 18:47:06.063 1381 6279 D LOWI-9.0.0.87.a: [LOWI-Scan] do_listen_events: Rcvd valid Netlink Cmd 34 Err 0
12-01 18:47:06.063 1495 2417 D WifiNl80211Manager: Scan result ready event
12-01 18:47:06.063 1381 6279 D LOWI-9.0.0.87.a: [LOWI-Scan]
12-01 18:47:06.063 1381 6279 D LOWI-9.0.0.87.a: [LOWI-Scan] print_bss_handler: Report Probe TSF 778838833 as it greater than Beacon TSF 758806135
12-01 18:47:06.063 1381 6279 D LOWI-9.0.0.87.a: [LOWI-Scan] decode_rsn_wpa_ie: LOWI_ENCRYPTION_TYPE_WPA_PSK
12-01 18:47:06.063 1495 2417 D WifiNative: Scan result ready event
12-01 18:47:06.063 1381 6279 D LOWI-9.0.0.87.a: [LOWI-Scan] is_qcom_ie, bss_age: 0
12-01 18:47:06.063 1381 6279 D LOWI-9.0.0.87.a: [LOWI-Scan] BSS 18:6f:2d:81:18:90 LOWI_PHY_MODE_11AC_VHT20(8), Beacon Interval: 100, LOWI_ENCRYPTION_TYPE_WPA_PSK 11mcRanging: No, ANQP: No, LCI: No, Civic: No, capability(0x0111): ESS Privacy SpectrumMgmt
12-01 18:47:06.063 1381 6279 D LOWI-9.0.0.87.a: [LOWI-Scan] BSS 18:6f:2d:81:18:90 FREQ: 5180, cFreq1[40:80:160] = [5180:0:0] cFreq2 = 0 Country Code = CN
12-01 18:47:06.063 1381 6279 D LOWI-9.0.0.87.a: [LOWI-Scan] BSS 18:6f:2d:81:18:90 (wlan0) ASSO: NO AddInfo: 0x0, TSF 0, 00:12:58.838, RSSI: -134, CPL: 127, AGE: 1760, SSID Testing , TSFDelta: 0x9aa4bd0a, TXRate: 0
12-01 18:47:06.064 1381 6279 D LOWI-9.0.0.87.a: [LOWI-Scan]
12-01 18:47:06.064 1381 6279 D LOWI-9.0.0.87.a: [LOWI-Scan] print_bss_handler: Report Probe TSF 778839502 as it greater than Beacon TSF 758806392
12-01 18:47:06.064 1381 6279 D LOWI-9.0.0.87.a: [LOWI-Scan] is_qcom_ie, bss_age: 0
12-01 18:47:06.064 1381 6279 D LOWI-9.0.0.87.a: [LOWI-Scan] BSS 18:6f:2d:81:18:91 LOWI_PHY_MODE_11AC_VHT20(8), Beacon Interval: 100, LOWI_ENCRYPTION_TYPE_OPEN 11mcRanging: No, ANQP: No, LCI: No, Civic: No, capability(0x0101): ESS SpectrumMgmt
12-01 18:47:06.064 1381 6279 D LOWI-9.0.0.87.a: [LOWI-Scan] BSS 18:6f:2d:81:18:91 FREQ: 5180, cFreq1[40:80:160] = [5180:0:0] cFreq2 = 0 Country Code = CN
12-01 18:47:06.064 1381 6279 D LOWI-9.0.0.87.a: [LOWI-Scan] BSS 18:6f:2d:81:18:91 (wlan0) ASSO: NO AddInfo: 0x0, TSF 0, 00:12:58.839, RSSI: -136, CPL: 127, AGE: 1760, SSID Guest, TSFDelta: 0x9aaa4aba, TXRate: 0
12-01 18:47:06.064 1381 6279 D LOWI-9.0.0.87.a: [LOWI-Scan]
12-01 18:47:06.064 1381 6279 D LOWI-9.0.0.87.a: [LOWI-Scan] print_bss_handler: Report Probe TSF 778840426 as it greater than Beacon TSF 758806826
12-01 18:47:06.064 1381 6279 D LOWI-9.0.0.87.a: [LOWI-Scan] decode_rsn_wpa_ie: LOWI_ENCRYPTION_TYPE_WPA_PSK
12-01 18:47:06.064 1381 6279 D LOWI-9.0.0.87.a: [LOWI-Scan] is_qcom_ie, bss_age: 0
12-01 18:47:06.064 1381 6279 D LOWI-9.0.0.87.a: [LOWI-Scan] BSS 18:6f:2d:81:18:92 LOWI_PHY_MODE_11AC_VHT20(8), Beacon Interval: 100, LOWI_ENCRYPTION_TYPE_WPA_PSK 11mcRanging: No, ANQP: No, LCI: No, Civic: No, capability(0x0111): ESS Privacy SpectrumMgmt
12-01 18:47:06.064 1381 6279 D LOWI-9.0.0.87.a: [LOWI-Scan] BSS 18:6f:2d:81:18:92 FREQ: 5180, cFreq1[40:80:160] = [5180:0:0] cFreq2 = 0 Country Code = CN
12-01 18:47:06.064 1381 6279 D LOWI-9.0.0.87.a: [LOWI-Scan] BSS 18:6f:2d:81:18:92 (wlan0) ASSO: NO AddInfo: 0x0, TSF 0, 00:12:58.840, RSSI: -136, CPL: 127, AGE: 1756, SSID ZXHY, TSFDelta: 0x9aad028f, TXRate: 0
12-01 18:47:06.064 1381 6279 D LOWI-9.0.0.87.a: [LOWI-Scan]
12-01 18:47:06.064 1381 6279 D LOWI-9.0.0.87.a: [LOWI-Scan] print_bss_handler: Report Probe TSF 778841410 as it greater than Beacon TSF 758807218
12-01 18:47:06.064 1381 6279 D LOWI-9.0.0.87.a: [LOWI-Scan] decode_rsn_wpa_ie: LOWI_ENCRYPTION_TYPE_WPA_PSK
12-01 18:47:06.064 1381 6279 D LOWI-9.0.0.87.a: [LOWI-Scan] is_qcom_ie, bss_age: 0
12-01 18:47:06.064 1381 6279 D LOWI-9.0.0.87.a: [LOWI-Scan] BSS 18:6f:2d:81:18:93 LOWI_PHY_MODE_11AC_VHT20(8), Beacon Interval: 100, LOWI_ENCRYPTION_TYPE_WPA_PSK 11mcRanging: No, ANQP: No, LCI: No, Civic: No, capability(0x0111): ESS Privacy SpectrumMgmt
12-01 18:47:06.064 1381 6279 D LOWI-9.0.0.87.a: [LOWI-Scan] BSS 18:6f:2d:81:18:93 FREQ: 5180, cFreq1[40:80:160] = [5180:0:0] cFreq2 = 0 Country Code = CN
12-01 18:47:06.064 1381 6279 D LOWI-9.0.0.87.a: [LOWI-Scan] BSS 18:6f:2d:81:18:93 (wlan0) ASSO: NO AddInfo: 0x0, TSF 0, 00:12:58.841, RSSI: -134, CPL: 127, AGE: 1756, SSID Fanya, TSFDelta: 0x9aafc3c5, TXRate: 0
12-01 18:47:06.064 1381 6279 D LOWI-9.0.0.87.a: [LOWI-Scan]
12-01 18:47:06.064 1381 6279 D LOWI-9.0.0.87.a: [LOWI-Scan] print_bss_handler: Report Probe TSF 778841902 as it greater than Beacon TSF 758807413
12-01 18:47:06.064 1381 6279 D LOWI-9.0.0.87.a: [LOWI-Scan] decode_rsn_wpa_ie: LOWI_ENCRYPTION_TYPE_WPA_PSK
12-01 18:47:06.064 1381 6279 D LOWI-9.0.0.87.a: [LOWI-Scan] is_qcom_ie, bss_age: 0
12-01 18:47:06.064 1381 6279 D LOWI-9.0.0.87.a: [LOWI-Scan] BSS 18:6f:2d:81:18:94 LOWI_PHY_MODE_11AC_VHT20(8), Beacon Interval: 100, LOWI_ENCRYPTION_TYPE_WPA_PSK 11mcRanging: No, ANQP: No, LCI: No, Civic: No, capability(0x0111): ESS Privacy SpectrumMgmt
12-01 18:47:06.064 1381 6279 D LOWI-9.0.0.87.a: [LOWI-Scan] BSS 18:6f:2d:81:18:94 FREQ: 5180, cFreq1[40:80:160] = [5180:0:0] cFreq2 = 0 Country Code = CN
12-01 18:47:06.064 1381 6279 D LOWI-9.0.0.87.a: [LOWI-Scan] BSS 18:6f:2d:81:18:94 (wlan0) ASSO: NO AddInfo: 0x0, TSF 0, 00:12:58.841, RSSI: -136, CPL: 127, AGE: 1756, SSID ThunderSoft, TSFDelta: 0x9ab577f8, TXRate: 0
12-01 18:47:06.064 1381 6279 D LOWI-9.0.0.87.a: [LOWI-Scan]
12-01 18:47:06.065 1381 6279 D LOWI-9.0.0.87.a: [LOWI-Scan] print_bss_handler: Report Probe TSF 778841949 as it greater than Beacon TSF 750308855
12-01 18:47:06.065 1381 6279 D LOWI-9.0.0.87.a: [LOWI-Scan] decode_rsn_wpa_ie: LOWI_ENCRYPTION_TYPE_WPA_PSK
12-01 18:47:06.065 1381 6279 D LOWI-9.0.0.87.a: [LOWI-Scan] is_qcom_ie, bss_age: 0
12-01 18:47:06.065 1381 6279 D LOWI-9.0.0.87.a: [LOWI-Scan] BSS 18:6f:2d:81:18:95 LOWI_PHY_MODE_11AC_VHT20(8), Beacon Interval: 100, LOWI_ENCRYPTION_TYPE_WPA_PSK 11mcRanging: No, ANQP: No, LCI: No, Civic: No, capability(0x0111): ESS Privacy SpectrumMgmt
12-01 18:47:06.065 1381 6279 D LOWI-9.0.0.87.a: [LOWI-Scan] BSS 18:6f:2d:81:18:95 FREQ: 5180, cFreq1[40:80:160] = [5180:0:0] cFreq2 = 0 Country Code = CN
12-01 18:47:06.065 1381 6279 D LOWI-9.0.0.87.a: [LOWI-Scan] BSS 18:6f:2d:81:18:95 (wlan0) ASSO: NO AddInfo: 0x0, TSF 0, 00:12:58.841, RSSI: -136, CPL: 127, AGE: 1756, SSID GM, TSFDelta: 0x9ab86273, TXRate: 0
12-01 18:47:06.065 1381 6279 D LOWI-9.0.0.87.a: [LOWI-Scan]
12-01 18:47:06.065 1381 6279 D LOWI-9.0.0.87.a: [LOWI-Scan] print_bss_handler: Report Probe TSF 778837675 as it greater than Beacon TSF 750321696
12-01 18:47:06.065 1381 6279 D LOWI-9.0.0.87.a: [LOWI-Scan] decode_rsn_wpa_ie: LOWI_ENCRYPTION_TYPE_WPA_PSK
12-01 18:47:06.065 1381 6279 D LOWI-9.0.0.87.a: [LOWI-Scan] is_qcom_ie, bss_age: 0
12-01 18:47:06.065 1381 6279 D LOWI-9.0.0.87.a: [LOWI-Scan] BSS 38:a9:1c:35:03:09 LOWI_PHY_MODE_11AC_VHT80(10), Beacon Interval: 100, LOWI_ENCRYPTION_TYPE_WPA_PSK 11mcRanging: No, ANQP: No, LCI: No, Civic: No, capability(0x0511): ESS Privacy SpectrumMgmt ShortSlotTime
12-01 18:47:06.065 1381 6279 D LOWI-9.0.0.87.a: [LOWI-Scan] BSS 38:a9:1c:35:03:09 FREQ: 5180, cFreq1[40:80:160] = [5190:5210:0] cFreq2 = 0 Country Code = US
12-01 18:47:06.065 1381 6279 D LOWI-9.0.0.87.a: [LOWI-Scan] BSS 38:a9:1c:35:03:09 (wlan0) ASSO: NO AddInfo: 0x0, TSF 0, 00:12:58.837, RSSI: -80, CPL: 127, AGE: 1760, SSID H3C_350304_5G, TSFDelta: 0x3e1386ab, TXRate: 0
12-01 18:47:06.065 1381 6279 D LOWI-9.0.0.87.a: [LOWI-Scan]
12-01 18:47:06.065 1381 6279 D LOWI-9.0.0.87.a: [LOWI-Scan] print_bss_handler: Report Probe TSF 778889224 as it greater than Beacon TSF 768863408
12-01 18:47:06.065 1381 6279 D LOWI-9.0.0.87.a: [LOWI-Scan] is_qcom_ie, bss_age: 0
12-01 18:47:06.065 1381 6279 D LOWI-9.0.0.87.a: [LOWI-Scan] BSS 38:a9:1c:35:03:04 LOWI_PHY_MODE_11NG_HT20(5), Beacon Interval: 100, LOWI_ENCRYPTION_TYPE_OPEN 11mcRanging: No, ANQP: No, LCI: No, Civic: No, capability(0x0401): ESS ShortSlotTime
12-01 18:47:06.065 1381 6279 D LOWI-9.0.0.87.a: [LOWI-Scan] BSS 38:a9:1c:35:03:04 FREQ: 2412, cFreq1[40:80:160] = [0:0:0] cFreq2 = 0 Country Code =
12-01 18:47:06.065 1381 6279 D LOWI-9.0.0.87.a: [LOWI-Scan] BSS 38:a9:1c:35:03:04 (wlan0) ASSO: NO AddInfo: 0x0, TSF 0, 00:12:58.889, RSSI: -96, CPL: 127, AGE: 1708, SSID , TSFDelta: 0x3f57fead, TXRate: 0
12-01 18:47:06.065 1381 6279 D LOWI-9.0.0.87.a: [LOWI-Scan]
12-01 18:47:06.065 1381 6279 D LOWI-9.0.0.87.a: [LOWI-Scan] print_bss_handler: Report Probe TSF 779199698 as it greater than Beacon TSF 779170003
12-01 18:47:06.065 1381 6279 D LOWI-9.0.0.87.a: [LOWI-Scan] decode_rsn_wpa_ie: LOWI_ENCRYPTION_TYPE_WPA_PSK
12-01 18:47:06.065 1381 6279 D LOWI-9.0.0.87.a: [LOWI-Scan] is_qcom_ie, bss_age: 0
12-01 18:47:06.065 1381 6279 D LOWI-9.0.0.87.a: [LOWI-Scan] BSS 5c:02:14:f9:4f:d2 LOWI_PHY_MODE_11AC_VHT20_2G(11), Beacon Interval: 100, LOWI_ENCRYPTION_TYPE_WPA_PSK 11mcRanging: No, ANQP: Yes, LCI: No, Civic: No, capability(0x1431): ESS Privacy ShortPreamble ShortSlotTime
12-01 18:47:06.065 1381 6279 D LOWI-9.0.0.87.a: [LOWI-Scan] BSS 5c:02:14:f9:4f:d2 FREQ: 2427, cFreq1[40:80:160] = [0:0:0] cFreq2 = 0 Country Code = CN
12-01 18:47:06.065 1381 6279 D LOWI-9.0.0.87.a: [LOWI-Scan] BSS 5c:02:14:f9:4f:d2 (wlan0) ASSO: NO AddInfo: 0x0, TSF 0, 00:12:59.199, RSSI: -80, CPL: 127, AGE: 1400, SSID ThunderSoft_XTS_2.4G, TSFDelta: 0x3b2d8356, TXRate: 0
12-01 18:47:06.065 1381 6279 D LOWI-9.0.0.87.a: [LOWI-Scan]
12-01 18:47:06.065 1381 6279 D LOWI-9.0.0.87.a: [LOWI-Scan] print_bss_handler: Report Probe TSF 779162465 as it greater than Beacon TSF 779121976
12-01 18:47:06.065 1381 6279 D LOWI-9.0.0.87.a: [LOWI-Scan] decode_rsn_wpa_ie: LOWI_ENCRYPTION_TYPE_WPA_PSK
12-01 18:47:06.065 1381 6279 D LOWI-9.0.0.87.a: [LOWI-Scan] is_qcom_ie, bss_age: 0
12-01 18:47:06.065 1381 6279 D LOWI-9.0.0.87.a: [LOWI-Scan] BSS b0:39:56:1c:29:79 LOWI_PHY_MODE_11AC_VHT20_2G(11), Beacon Interval: 100, LOWI_ENCRYPTION_TYPE_WPA_PSK 11mcRanging: No, ANQP: No, LCI: No, Civic: No, capability(0x0411): ESS Privacy ShortSlotTime
12-01 18:47:06.066 1381 6279 D LOWI-9.0.0.87.a: [LOWI-Scan] BSS b0:39:56:1c:29:79 FREQ: 2427, cFreq1[40:80:160] = [2427:0:0] cFreq2 = 0 Country Code = CN
12-01 18:47:06.066 1381 6279 D LOWI-9.0.0.87.a: [LOWI-Scan] BSS b0:39:56:1c:29:79 (wlan0) ASSO: NO AddInfo: 0x0, TSF 0, 00:12:59.162, RSSI: -98, CPL: 127, AGE: 1436, SSID lc-test, TSFDelta: 0xdb7434b9, TXRate: 0
12-01 18:47:06.066 1381 6279 D LOWI-9.0.0.87.a: [LOWI-Scan]
12-01 18:47:06.066 1381 6279 D LOWI-9.0.0.87.a: [LOWI-Scan] print_bss_handler: Report Probe TSF 779635550 as it greater than Beacon TSF 626384747
12-01 18:47:06.066 1381 6279 D LOWI-9.0.0.87.a: [LOWI-Scan] decode_rsn_wpa_ie: LOWI_ENCRYPTION_TYPE_WPA_PSK
12-01 18:47:06.066 1381 6279 D LOWI-9.0.0.87.a: [LOWI-Scan] is_qcom_ie, bss_age: 0
12-01 18:47:06.066 1381 6279 D LOWI-9.0.0.87.a: [LOWI-Scan] BSS f4:84:8d:21:25:a9 LOWI_PHY_MODE_11AC_VHT80(10), Beacon Interval: 100, LOWI_ENCRYPTION_TYPE_WPA_PSK 11mcRanging: No, ANQP: No, LCI: No, Civic: No, capability(0x1011): ESS Privacy
12-01 18:47:06.066 1381 6279 D LOWI-9.0.0.87.a: [LOWI-Scan] BSS f4:84:8d:21:25:a9 FREQ: 5805, cFreq1[40:80:160] = [5795:5775:0] cFreq2 = 0 Country Code = CN
12-01 18:47:06.066 1381 6279 D LOWI-9.0.0.87.a: [LOWI-Scan] BSS f4:84:8d:21:25:a9 (wlan0) ASSO: NO AddInfo: 0x0, TSF 0, 00:12:59.635, RSSI: -108, CPL: 127, AGE: 964, SSID hht, TSFDelta: 0x31097f4e, TXRate: 0
12-01 18:47:06.066 1381 6279 D LOWI-9.0.0.87.a: [LOWI-Scan]
12-01 18:47:06.066 1381 6279 D LOWI-9.0.0.87.a: [LOWI-Scan] print_bss_handler: Report Probe TSF 779373217 as it greater than Beacon TSF 759291678
12-01 18:47:06.074 1381 6279 D LOWI-9.0.0.87.a: [LOWI-Scan] decode_rsn_wpa_ie: LOWI_ENCRYPTION_TYPE_WPA_PSK
12-01 18:47:06.074 1381 6279 D LOWI-9.0.0.87.a: [LOWI-Scan] is_qcom_ie, bss_age: 0
12-01 18:47:06.074 1381 6279 D LOWI-9.0.0.87.a: [LOWI-Scan] BSS 18:6f:2d:81:25:40 LOWI_PHY_MODE_11NG_HT20(5), Beacon Interval: 100, LOWI_ENCRYPTION_TYPE_WPA_PSK 11mcRanging: No, ANQP: No, LCI: No, Civic: No, capability(0x0531): ESS Privacy ShortPreamble SpectrumMgmt ShortSlotTime
12-01 18:47:06.074 1381 6279 D LOWI-9.0.0.87.a: [LOWI-Scan] BSS 18:6f:2d:81:25:40 FREQ: 2437, cFreq1[40:80:160] = [2437:0:0] cFreq2 = 0 Country Code = CN
12-01 18:47:06.074 1381 6279 D LOWI-9.0.0.87.a: [LOWI-Scan] BSS 18:6f:2d:81:25:40 (wlan0) ASSO: NO AddInfo: 0x0, TSF 0, 00:12:59.373, RSSI: -92, CPL: 127, AGE: 1224, SSID Testing , TSFDelta: 0x85cded9, TXRate: 0
12-01 18:47:06.074 1381 6279 D LOWI-9.0.0.87.a: [LOWI-Scan]
12-01 18:47:06.074 1381 6279 D LOWI-9.0.0.87.a: [LOWI-Scan] print_bss_handler: Report Probe TSF 779320567 as it greater than Beacon TSF 769334621
12-01 18:47:06.074 1381 6279 D LOWI-9.0.0.87.a: [LOWI-Scan] is_qcom_ie, bss_age: 0
12-01 18:47:06.074 1381 6279 D LOWI-9.0.0.87.a: [LOWI-Scan] BSS 18:6f:2d:81:25:41 LOWI_PHY_MODE_11NG_HT20(5), Beacon Interval: 100, LOWI_ENCRYPTION_TYPE_OPEN 11mcRanging: No, ANQP: No, LCI: No, Civic: No, capability(0x0521): ESS ShortPreamble SpectrumMgmt ShortSlotTime
12-01 18:47:06.074 1381 6279 D LOWI-9.0.0.87.a: [LOWI-Scan] BSS 18:6f:2d:81:25:41 FREQ: 2437, cFreq1[40:80:160] = [2437:0:0] cFreq2 = 0 Country Code = CN
12-01 18:47:06.074 1381 6279 D LOWI-9.0.0.87.a: [LOWI-Scan] BSS 18:6f:2d:81:25:41 (wlan0) ASSO: NO AddInfo: 0x0, TSF 0, 00:12:59.320, RSSI: -90, CPL: 127, AGE: 1276, SSID Guest, TSFDelta: 0x740e45a, TXRate: 0
12-01 18:47:06.075 1381 6279 D LOWI-9.0.0.87.a: [LOWI-Scan]
12-01 18:47:06.075 1381 6279 D LOWI-9.0.0.87.a: [LOWI-Scan] print_bss_handler: Report Probe TSF 779872118 as it greater than Beacon TSF 779835990
12-01 18:47:06.075 1381 6279 D LOWI-9.0.0.87.a: [LOWI-Scan] decode_rsn_wpa_ie: LOWI_ENCRYPTION_TYPE_WPA_PSK
12-01 18:47:06.075 1381 6279 D LOWI-9.0.0.87.a: [LOWI-Scan] is_qcom_ie, bss_age: 0
12-01 18:47:06.075 1381 6279 D LOWI-9.0.0.87.a: [LOWI-Scan] BSS 18:6f:2d:0a:b8:50 LOWI_PHY_MODE_11AC_VHT20(8), Beacon Interval: 100, LOWI_ENCRYPTION_TYPE_WPA_PSK 11mcRanging: No, ANQP: No, LCI: No, Civic: No, capability(0x0111): ESS Privacy SpectrumMgmt
12-01 18:47:06.075 1381 6279 D LOWI-9.0.0.87.a: [LOWI-Scan] BSS 18:6f:2d:0a:b8:50 FREQ: 5260, cFreq1[40:80:160] = [5260:0:0] cFreq2 = 0 Country Code = CN
12-01 18:47:06.075 1381 6279 D LOWI-9.0.0.87.a: [LOWI-Scan] BSS 18:6f:2d:0a:b8:50 (wlan0) ASSO: NO AddInfo: 0x0, TSF 0, 00:12:59.872, RSSI: -146, CPL: 127, AGE: 724, SSID Testing , TSFDelta: 0x2d94e893, TXRate: 0
12-01 18:47:06.075 1381 6279 D LOWI-9.0.0.87.a: [LOWI-Scan]
12-01 18:47:06.075 1381 6279 D LOWI-9.0.0.87.a: [LOWI-Scan] print_bss_handler: Report Probe TSF 779890276 as it greater than Beacon TSF 779836385
12-01 18:47:06.075 1381 6279 D LOWI-9.0.0.87.a: [LOWI-Scan] is_qcom_ie, bss_age: 0
12-01 18:47:06.075 1381 6279 D LOWI-9.0.0.87.a: [LOWI-Scan] BSS 18:6f:2d:0a:b8:51 LOWI_PHY_MODE_11AC_VHT20(8), Beacon Interval: 100, LOWI_ENCRYPTION_TYPE_OPEN 11mcRanging: No, ANQP: No, LCI: No, Civic: No, capability(0x0101): ESS SpectrumMgmt
12-01 18:47:06.075 1381 6279 D LOWI-9.0.0.87.a: [LOWI-Scan] BSS 18:6f:2d:0a:b8:51 FREQ: 5260, cFreq1[40:80:160] = [5260:0:0] cFreq2 = 0 Country Code = CN
12-01 18:47:06.075 1381 6279 D LOWI-9.0.0.87.a: [LOWI-Scan] BSS 18:6f:2d:0a:b8:51 (wlan0) ASSO: NO AddInfo: 0x0, TSF 0, 00:12:59.890, RSSI: -144, CPL: 127, AGE: 708, SSID Guest, TSFDelta: 0x2e1cc59f, TXRate: 0
12-01 18:47:06.075 1381 6279 D LOWI-9.0.0.87.a: [LOWI-Scan]
12-01 18:47:06.075 1381 6279 D LOWI-9.0.0.87.a: [LOWI-Scan] print_bss_handler: Report beacon TSF 770211974 as it greater than probe TSF 749149947
12-01 18:47:06.075 1381 6279 D LOWI-9.0.0.87.a: [LOWI-Scan] decode_rsn_wpa_ie: LOWI_ENCRYPTION_TYPE_WPA_PSK
12-01 18:47:06.075 1381 6279 D LOWI-9.0.0.87.a: [LOWI-Scan] is_qcom_ie, bss_age: 0
12-01 18:47:06.075 1381 6279 D LOWI-9.0.0.87.a: [LOWI-Scan] adjust_age:AP AGE upper limit reached. Dont store
12-01 18:47:06.075 1381 6279 D LOWI-9.0.0.87.a: [LOWI-Scan] BSS 18:6f:2d:0a:b8:52 LOWI_PHY_MODE_11AC_VHT20(8), Beacon Interval: 100, LOWI_ENCRYPTION_TYPE_WPA_PSK 11mcRanging: No, ANQP: No, LCI: No, Civic: No, capability(0x0111): ESS Privacy SpectrumMgmt
12-01 18:47:06.076 1381 6279 D LOWI-9.0.0.87.a: [LOWI-Scan] BSS 18:6f:2d:0a:b8:52 FREQ: 5260, cFreq1[40:80:160] = [5260:0:0] cFreq2 = 0 Country Code = CN
12-01 18:47:06.076 1381 6279 D LOWI-9.0.0.87.a: [LOWI-Scan] BSS 18:6f:2d:0a:b8:52 (wlan0) ASSO: NO AddInfo: 0x1, TSF 0, 00:12:50.211, RSSI: -142, CPL: 127, AGE: 10388, SSID ZXHY, TSFDelta: 0x1ecee089, TXRate: 0
12-01 18:47:06.076 1381 6279 D LOWI-9.0.0.87.a: [LOWI-Scan]
12-01 18:47:06.076 1381 6279 D LOWI-9.0.0.87.a: [LOWI-Scan] print_bss_handler: Report beacon TSF 770212139 as it greater than probe TSF 759904461
12-01 18:47:06.076 1381 6279 D LOWI-9.0.0.87.a: [LOWI-Scan] decode_rsn_wpa_ie: LOWI_ENCRYPTION_TYPE_WPA_PSK
12-01 18:47:06.076 1381 6279 D LOWI-9.0.0.87.a: [LOWI-Scan] is_qcom_ie, bss_age: 0
12-01 18:47:06.076 1381 6279 D LOWI-9.0.0.87.a: [LOWI-Scan] adjust_age:AP AGE upper limit reached. Dont store
12-01 18:47:06.076 1381 6279 D LOWI-9.0.0.87.a: [LOWI-Scan] BSS 18:6f:2d:0a:b8:53 LOWI_PHY_MODE_11AC_VHT20(8), Beacon Interval: 100, LOWI_ENCRYPTION_TYPE_WPA_PSK 11mcRanging: No, ANQP: No, LCI: No, Civic: No, capability(0x0111): ESS Privacy SpectrumMgmt
12-01 18:47:06.076 1381 6279 D LOWI-9.0.0.87.a: [LOWI-Scan] BSS 18:6f:2d:0a:b8:53 FREQ: 5260, cFreq1[40:80:160] = [5260:0:0] cFreq2 = 0 Country Code = CN
12-01 18:47:06.076 1381 6279 D LOWI-9.0.0.87.a: [LOWI-Scan] BSS 18:6f:2d:0a:b8:53 (wlan0) ASSO: NO AddInfo: 0x1, TSF 0, 00:12:50.212, RSSI: -142, CPL: 127, AGE: 10384, SSID Fanya, TSFDelta: 0x3154809f, TXRate: 0
12-01 18:47:06.076 1381 6279 D LOWI-9.0.0.87.a: [LOWI-Scan]
12-01 18:47:06.076 1381 6279 D LOWI-9.0.0.87.a: [LOWI-Scan] print_bss_handler: Report Probe TSF 779879396 as it greater than Beacon TSF 779836868
12-01 18:47:06.076 1381 6279 D LOWI-9.0.0.87.a: [LOWI-Scan] decode_rsn_wpa_ie: LOWI_ENCRYPTION_TYPE_WPA_PSK
12-01 18:47:06.076 1381 6279 D LOWI-9.0.0.87.a: [LOWI-Scan] is_qcom_ie, bss_age: 0
12-01 18:47:06.076 1381 6279 D LOWI-9.0.0.87.a: [LOWI-Scan] BSS 18:6f:2d:0a:b8:54 LOWI_PHY_MODE_11AC_VHT20(8), Beacon Interval: 100, LOWI_ENCRYPTION_TYPE_WPA_PSK 11mcRanging: No, ANQP: No, LCI: No, Civic: No, capability(0x0111): ESS Privacy SpectrumMgmt
12-01 18:47:06.076 1381 6279 D LOWI-9.0.0.87.a: [LOWI-Scan] BSS 18:6f:2d:0a:b8:54 FREQ: 5260, cFreq1[40:80:160] = [5260:0:0] cFreq2 = 0 Country Code = CN
12-01 18:47:06.076 1381 6279 D LOWI-9.0.0.87.a: [LOWI-Scan] BSS 18:6f:2d:0a:b8:54 (wlan0) ASSO: NO AddInfo: 0x0, TSF 0, 00:12:59.879, RSSI: -146, CPL: 127, AGE: 720, SSID ThunderSoft, TSFDelta: 0x2dcf5214, TXRate: 0
12-01 18:47:06.077 1381 6279 D LOWI-9.0.0.87.a: [LOWI-Scan]
12-01 18:47:06.077 1381 6279 D LOWI-9.0.0.87.a: [LOWI-Scan] print_bss_handler: Report Probe TSF 779896388 as it greater than Beacon TSF 779837189
12-01 18:47:06.077 1381 6279 D LOWI-9.0.0.87.a: [LOWI-Scan] decode_rsn_wpa_ie: LOWI_ENCRYPTION_TYPE_WPA_PSK
12-01 18:47:06.077 1381 6279 D LOWI-9.0.0.87.a: [LOWI-Scan] is_qcom_ie, bss_age: 0
12-01 18:47:06.077 1381 6279 D LOWI-9.0.0.87.a: [LOWI-Scan] BSS 18:6f:2d:0a:b8:55 LOWI_PHY_MODE_11AC_VHT20(8), Beacon Interval: 100, LOWI_ENCRYPTION_TYPE_WPA_PSK 11mcRanging: No, ANQP: No, LCI: No, Civic: No, capability(0x0111): ESS Privacy SpectrumMgmt
12-01 18:47:06.077 1381 6279 D LOWI-9.0.0.87.a: [LOWI-Scan] BSS 18:6f:2d:0a:b8:55 FREQ: 5260, cFreq1[40:80:160] = [5260:0:0] cFreq2 = 0 Country Code = CN
12-01 18:47:06.077 1381 6279 D LOWI-9.0.0.87.a: [LOWI-Scan] BSS 18:6f:2d:0a:b8:55 (wlan0) ASSO: NO AddInfo: 0x0, TSF 0, 00:12:59.896, RSSI: -142, CPL: 127, AGE: 700, SSID GM, TSFDelta: 0x2e47b1af, TXRate: 0
12-01 18:47:06.077 1381 6279 D LOWI-9.0.0.87.a: [LOWI-Scan]
12-01 18:47:06.077 1381 6279 D LOWI-9.0.0.87.a: [LOWI-Scan] print_bss_handler: Report Probe TSF 780124106 as it greater than Beacon TSF 770365601
12-01 18:47:06.077 1381 6279 D LOWI-9.0.0.87.a: [LOWI-Scan] decode_rsn_wpa_ie: LOWI_ENCRYPTION_TYPE_WPA_PSK
12-01 18:47:06.077 1381 6279 D LOWI-9.0.0.87.a: [LOWI-Scan] is_qcom_ie, bss_age: 0
12-01 18:47:06.077 1381 6279 D LOWI-9.0.0.87.a: [LOWI-Scan] BSS 18:6f:2d:80:dd:70 LOWI_PHY_MODE_11AC_VHT20(8), Beacon Interval: 100, LOWI_ENCRYPTION_TYPE_WPA_PSK 11mcRanging: No, ANQP: No, LCI: No, Civic: No, capability(0x0111): ESS Privacy SpectrumMgmt
12-01 18:47:06.077 1381 6279 D LOWI-9.0.0.87.a: [LOWI-Scan] BSS 18:6f:2d:80:dd:70 FREQ: 5280, cFreq1[40:80:160] = [5280:0:0] cFreq2 = 0 Country Code = CN
12-01 18:47:06.077 1381 6279 D LOWI-9.0.0.87.a: [LOWI-Scan] BSS 18:6f:2d:80:dd:70 (wlan0) ASSO: NO AddInfo: 0x0, TSF 0, 00:13:00.124, RSSI: -130, CPL: 127, AGE: 472, SSID Testing , TSFDelta: 0x31ce1bf5, TXRate: 0
12-01 18:47:06.078 1381 6279 D LOWI-9.0.0.87.a: [LOWI-Scan]
12-01 18:47:06.078 1381 6279 D LOWI-9.0.0.87.a: [LOWI-Scan] print_bss_handler: Report Probe TSF 780124605 as it greater than Beacon TSF 780095092
12-01 18:47:06.078 1381 6279 D LOWI-9.0.0.87.a: [LOWI-Scan] is_qcom_ie, bss_age: 0
12-01 18:47:06.078 1381 6279 D LOWI-9.0.0.87.a: [LOWI-Scan] BSS 18:6f:2d:80:dd:71 LOWI_PHY_MODE_11AC_VHT20(8), Beacon Interval: 100, LOWI_ENCRYPTION_TYPE_OPEN 11mcRanging: No, ANQP: No, LCI: No, Civic: No, capability(0x0101): ESS SpectrumMgmt
12-01 18:47:06.078 1381 6279 D LOWI-9.0.0.87.a: [LOWI-Scan] BSS 18:6f:2d:80:dd:71 FREQ: 5280, cFreq1[40:80:160] = [5280:0:0] cFreq2 = 0 Country Code = CN
12-01 18:47:06.078 1381 6279 D LOWI-9.0.0.87.a: [LOWI-Scan] BSS 18:6f:2d:80:dd:71 (wlan0) ASSO: NO AddInfo: 0x0, TSF 0, 00:13:00.124, RSSI: -130, CPL: 127, AGE: 472, SSID Guest, TSFDelta: 0x31d52324, TXRate: 0
12-01 18:47:06.079 1381 6279 D LOWI-9.0.0.87.a: [LOWI-Scan]
12-01 18:47:06.079 1381 6279 D LOWI-9.0.0.87.a: [LOWI-Scan] print_bss_handler: Report Probe TSF 780087632 as it greater than Beacon TSF 770366120
12-01 18:47:06.079 1381 6279 D LOWI-9.0.0.87.a: [LOWI-Scan] decode_rsn_wpa_ie: LOWI_ENCRYPTION_TYPE_WPA_PSK
12-01 18:47:06.079 1381 6279 D LOWI-9.0.0.87.a: [LOWI-Scan] is_qcom_ie, bss_age: 0
12-01 18:47:06.079 1381 6279 D LOWI-9.0.0.87.a: [LOWI-Scan] BSS 18:6f:2d:80:dd:72 LOWI_PHY_MODE_11AC_VHT20(8), Beacon Interval: 100, LOWI_ENCRYPTION_TYPE_WPA_PSK 11mcRanging: No, ANQP: No, LCI: No, Civic: No, capability(0x0111): ESS Privacy SpectrumMgmt
12-01 18:47:06.079 1381 6279 D LOWI-9.0.0.87.a: [LOWI-Scan] BSS 18:6f:2d:80:dd:72 FREQ: 5280, cFreq1[40:80:160] = [5280:0:0] cFreq2 = 0 Country Code = CN
