12-01 18:34:34.617 1495 1610 I SystemServerTimingAsync: ssm.onUnlockingUser-0_com.android.server.job.JobSchedulerService
12-01 18:34:34.617 1495 1610 I SystemServerTimingAsync: ssm.onUnlockingUser-0_com.android.server.soundtrigger.SoundTriggerService
12-01 18:34:34.617 1495 1610 I SystemServerTimingAsync: ssm.onUnlockingUser-0_com.android.server.trust.TrustManagerService
12-01 18:34:34.617 1495 1610 I SystemServerTimingAsync: ssm.onUnlockingUser-0_com.android.server.backup.BackupManagerService$Lifecycle
12-01 18:34:34.617 1495 1610 I SystemServerTimingAsync: ssm.onUnlockingUser-0_com.android.server.appwidget.AppWidgetService
12-01 18:34:34.617 1495 1610 I SystemServerTimingAsync: ssm.onUnlockingUser-0_com.android.server.voiceinteraction.VoiceInteractionManagerService
12-01 18:34:34.618 1495 1610 W VoiceInteractionManager: no available voice recognition services found for user 0
12-01 18:34:34.618 1495 1610 I SystemServerTimingAsync: ssm.onUnlockingUser-0_com.android.server.apphibernation.AppHibernationService
12-01 18:34:34.618 1495 1610 I SystemServerTimingAsync: ssm.onUnlockingUser-0_com.android.server.GestureLauncherService
12-01 18:34:34.618 1495 2313 I BackupManagerService: Starting service for user: 0
12-01 18:34:34.618 1495 1610 I SystemServerTimingAsync: ssm.onUnlockingUser-0_com.android.server.SensorNotificationService
12-01 18:34:34.618 1495 1610 I SystemServerTimingAsync: ssm.onUnlockingUser-0_com.android.server.emergency.EmergencyAffordanceService
12-01 18:34:34.618 1495 1610 I SystemServerTimingAsync: ssm.onUnlockingUser-0_com.android.server.blob.BlobStoreManagerService
12-01 18:34:34.618 1495 1610 I SystemServerTimingAsync: ssm.onUnlockingUser-0_com.android.server.dreams.DreamManagerService
12-01 18:34:34.618 1495 2313 V BackupManagerService: [UserID:0] Starting with transport com.android.localtransport/.LocalTransport
12-01 18:34:34.618 1495 1610 I SystemServerTimingAsync: ssm.onUnlockingUser-0_com.android.server.companion.CompanionDeviceManagerService
12-01 18:34:34.618 1495 1610 I CompanionDeviceManagerService: Read associations from disk: {0=[]}
12-01 18:34:34.618 1495 1610 I SystemServerTimingAsync: ssm.onUnlockingUser-0_com.android.server.restrictions.RestrictionsManagerService
12-01 18:34:34.618 1495 1610 I SystemServerTimingAsync: ssm.onUnlockingUser-0_com.android.server.media.MediaSessionService
12-01 18:34:34.618 1495 1610 I SystemServerTimingAsync: ssm.onUnlockingUser-0_com.android.server.media.MediaResourceMonitorService
12-01 18:34:34.618 1495 1610 I SystemServerTimingAsync: ssm.onUnlockingUser-0_com.android.server.biometrics.sensors.fingerprint.FingerprintService
12-01 18:34:34.618 1495 1610 I SystemServerTimingAsync: ssm.onUnlockingUser-0_com.android.server.biometrics.BiometricService
12-01 18:34:34.618 1495 3044 I HibernationStateDiskStore: No hibernation file on disk for file /data/system_ce/0/hibernation/states
12-01 18:34:34.618 1495 1610 I SystemServerTimingAsync: ssm.onUnlockingUser-0_com.android.server.biometrics.AuthService
12-01 18:34:34.618 1495 1610 I SystemServerTimingAsync: ssm.onUnlockingUser-0_com.android.server.pm.ShortcutService$Lifecycle
12-01 18:34:34.618 1495 2313 D BackupManagerService: [UserID:0] Started thread backup-0
12-01 18:34:34.619 1495 1610 I SystemServerTimingAsync: ssm.onUnlockingUser-0_com.android.server.pm.LauncherAppsService
12-01 18:34:34.619 1495 1610 I SystemServerTimingAsync: ssm.onUnlockingUser-0_com.android.server.pm.CrossProfileAppsService
12-01 18:34:34.619 1495 1610 I SystemServerTimingAsync: ssm.onUnlockingUser-0_com.android.server.people.PeopleService
12-01 18:34:34.619 1495 1610 I SystemServerTimingAsync: ssm.onUnlockingUser-0_com.android.server.media.metrics.MediaMetricsManagerService
12-01 18:34:34.619 1495 1610 I SystemServerTimingAsync: ssm.onUnlockingUser-0_com.android.server.media.projection.MediaProjectionManagerService
12-01 18:34:34.619 1495 1610 I SystemServerTimingAsync: ssm.onUnlockingUser-0_com.android.server.slice.SliceManagerService$Lifecycle
12-01 18:34:34.619 1495 1610 I SystemServerTimingAsync: ssm.onUnlockingUser-0_com.android.server.stats.StatsCompanion$Lifecycle
12-01 18:34:34.619 1495 1610 I SystemServerTimingAsync: ssm.onUnlockingUser-0_com.android.server.scheduling.RebootReadinessManagerService$Lifecycle
12-01 18:34:34.619 1495 1610 I SystemServerTimingAsync: ssm.onUnlockingUser-0_com.android.server.stats.pull.StatsPullAtomService
12-01 18:34:34.619 1495 1610 I SystemServerTimingAsync: ssm.onUnlockingUser-0_com.android.server.incident.IncidentCompanionService
12-01 18:34:34.619 1495 1610 I SystemServerTimingAsync: ssm.onUnlockingUser-0_com.android.server.MmsServiceBroker
12-01 18:34:34.619 1495 1610 I SystemServerTimingAsync: ssm.onUnlockingUser-0_com.android.server.autofill.AutofillManagerService
12-01 18:34:34.619 1495 1610 I SystemServerTimingAsync: ssm.onUnlockingUser-0_com.android.server.clipboard.ClipboardService
12-01 18:34:34.619 1495 1610 I SystemServerTimingAsync: ssm.onUnlockingUser-0_com.android.server.appbinding.AppBindingService$Lifecycle
12-01 18:34:34.619 1495 1610 W AppBindingService: [Default SMS app] u0 Target package not found
12-01 18:34:34.619 1495 1610 I SystemServerTimingAsync: ssm.onUnlockingUser-0_com.android.server.tracing.TracingServiceProxy
12-01 18:34:34.619 1495 1610 I SystemServerTimingAsync: ssm.onUnlockingUser-0_com.android.server.policy.PermissionPolicyService
12-01 18:34:34.619 1495 1610 I SystemServerTimingAsync: ssm.onUnlockingUser-0_com.android.server.pm.StagingManager$Lifecycle
12-01 18:34:34.619 1495 1610 I SystemServerTimingAsync: ssm.onUnlockingUser-0_com.android.server.app.GameManagerService$Lifecycle
12-01 18:34:34.619 1495 1610 I SystemServerTimingAsync: ssm.onUnlockingUser-0_com.android.server.appsearch.AppSearchManagerService
12-01 18:34:34.621 1495 1610 I SystemServerTimingAsync: ssm.onUnlockingUser-0_com.android.server.media.MediaCommunicationService
12-01 18:34:34.621 1495 1610 W ActivityManager: UserLifecycleEvent 5 received without an active userJourneySession.
12-01 18:34:34.621 1495 1610 W ActivityManager: UserLifecycleEvent 6 received without an active userJourneySession.
12-01 18:34:34.621 1495 1610 I ActivityManager: User 0 state changed from RUNNING_UNLOCKING to RUNNING_UNLOCKED
12-01 18:34:34.621 1495 1599 I ActivityTaskManager: Loading recents for user 0 into memory.
12-01 18:34:34.621 1495 1599 E TaskPersister: restoreTasksForUserLocked: Unable to list files from /data/system_ce/0/recent_tasks
12-01 18:34:34.621 1495 1610 D SystemServerTiming: SystemUserUnlock took to complete: 383ms
12-01 18:34:34.621 1495 1599 V PackageConfigPersister: loadPackages: empty list files from /data/system_ce/0/package_configs
12-01 18:34:34.622 1495 1610 D CompatibilityChangeReporter: Compat change id reported: 135634846; UID 10090; state: DISABLED
12-01 18:34:34.622 1495 1611 D CompatibilityChangeReporter: Compat change id reported: 143937733; UID 10090; state: ENABLED
12-01 18:34:34.622 1495 1610 D CompatibilityChangeReporter: Compat change id reported: 135634846; UID 10054; state: DISABLED
12-01 18:34:34.622 1495 1610 D CompatibilityChangeReporter: Compat change id reported: 177438394; UID 10054; state: DISABLED
12-01 18:34:34.622 1495 1610 D CompatibilityChangeReporter: Compat change id reported: 135772972; UID 10054; state: DISABLED
12-01 18:34:34.622 1495 1610 D CompatibilityChangeReporter: Compat change id reported: 135754954; UID 10054; state: ENABLED
12-01 18:34:34.623 1495 1610 D CompatibilityChangeReporter: Compat change id reported: 135634846; UID 10053; state: DISABLED
12-01 18:34:34.623 1495 1610 D CompatibilityChangeReporter: Compat change id reported: 177438394; UID 10053; state: DISABLED
12-01 18:34:34.623 1495 1610 D CompatibilityChangeReporter: Compat change id reported: 135772972; UID 10053; state: DISABLED
12-01 18:34:34.623 1495 1610 D CompatibilityChangeReporter: Compat change id reported: 135754954; UID 10053; state: ENABLED
12-01 18:34:34.623 1495 1610 D CompatibilityChangeReporter: Compat change id reported: 135634846; UID 10074; state: DISABLED
12-01 18:34:34.623 1495 1610 D CompatibilityChangeReporter: Compat change id reported: 177438394; UID 10074; state: DISABLED
12-01 18:34:34.623 1495 1610 D CompatibilityChangeReporter: Compat change id reported: 135772972; UID 10074; state: DISABLED
12-01 18:34:34.623 1495 1610 D CompatibilityChangeReporter: Compat change id reported: 135754954; UID 10074; state: DISABLED
12-01 18:34:34.623 1495 1610 D CompatibilityChangeReporter: Compat change id reported: 135634846; UID 10084; state: DISABLED
12-01 18:34:34.623 1495 1610 D CompatibilityChangeReporter: Compat change id reported: 177438394; UID 10084; state: DISABLED
12-01 18:34:34.623 1495 1610 D CompatibilityChangeReporter: Compat change id reported: 135772972; UID 10084; state: DISABLED
12-01 18:34:34.623 1495 1610 D CompatibilityChangeReporter: Compat change id reported: 135754954; UID 10084; state: ENABLED
12-01 18:34:34.624 1495 1610 D CompatibilityChangeReporter: Compat change id reported: 135634846; UID 10089; state: DISABLED
12-01 18:34:34.624 1495 1610 D CompatibilityChangeReporter: Compat change id reported: 177438394; UID 10089; state: DISABLED
12-01 18:34:34.624 1495 1610 D CompatibilityChangeReporter: Compat change id reported: 135772972; UID 10089; state: DISABLED
12-01 18:34:34.624 1495 1610 D CompatibilityChangeReporter: Compat change id reported: 135754954; UID 10089; state: ENABLED
12-01 18:34:34.625 1495 1610 I PreBootBroadcaster: Pre-boot of {com.android.documentsui/com.android.documentsui.PreBootReceiver} for user 0
12-01 18:34:34.627 1495 1610 D CompatibilityChangeReporter: Compat change id reported: 135634846; UID 10017; state: DISABLED
12-01 18:34:34.627 1495 1610 D CompatibilityChangeReporter: Compat change id reported: 177438394; UID 10017; state: DISABLED
12-01 18:34:34.627 1495 1610 D CompatibilityChangeReporter: Compat change id reported: 135772972; UID 10017; state: DISABLED
12-01 18:34:34.627 1495 1610 D CompatibilityChangeReporter: Compat change id reported: 135754954; UID 10017; state: ENABLED
12-01 18:34:34.633 3261 3261 W sdcard : Device explicitly enabled sdcardfs
12-01 18:34:34.641 1495 2313 E BackupPasswordManager: Unable to read backup pw version
12-01 18:34:34.641 1495 2313 E BackupPasswordManager: Unable to read saved backup pw hash
12-01 18:34:34.643 1495 2404 I ActivityTaskManager: START u0 {act=android.intent.action.MAIN cat=[android.intent.category.HOME] flg=0x10000100 cmp=com.android.provision/.DefaultActivity (has extras)} from uid 0
12-01 18:34:34.646 1495 2404 D CompatibilityChangeReporter: Compat change id reported: 184838306; UID 10079; state: DISABLED
12-01 18:34:34.647 1495 2404 D CompatibilityChangeReporter: Compat change id reported: 185004937; UID 10079; state: DISABLED
12-01 18:34:34.647 1495 2404 D CompatibilityChangeReporter: Compat change id reported: 181136395; UID 10079; state: DISABLED
12-01 18:34:34.649 1495 2404 D CompatibilityChangeReporter: Compat change id reported: 174042936; UID 10079; state: DISABLED
12-01 18:34:34.650 1495 2404 D CompatibilityChangeReporter: Compat change id reported: 174042980; UID 10079; state: DISABLED
12-01 18:34:34.657 1495 2404 D CompatibilityChangeReporter: Compat change id reported: 168419799; UID 10079; state: DISABLED
12-01 18:34:34.659 1495 2404 I ActivityTaskManager: FOREGROUND_APPLICATION_CHANGED to com.android.provision.DefaultActivity
12-01 18:34:34.663 515 515 I vold : Mounting emulated fuse volume
12-01 18:34:34.664 1495 1610 D CompatibilityChangeReporter: Compat change id reported: 135634846; UID 10018; state: DISABLED
12-01 18:34:34.664 1495 1610 D CompatibilityChangeReporter: Compat change id reported: 177438394; UID 10018; state: DISABLED
12-01 18:34:34.664 1495 1610 D CompatibilityChangeReporter: Compat change id reported: 135772972; UID 10018; state: DISABLED
12-01 18:34:34.664 1495 1610 D CompatibilityChangeReporter: Compat change id reported: 135754954; UID 10018; state: ENABLED
12-01 18:34:34.666 1495 1611 I ActivityManager: Start proc 3267:com.hht.lebocast/u0a90 for added application com.hht.lebocast
12-01 18:34:34.666 1495 1611 D CompatibilityChangeReporter: Compat change id reported: 143937733; UID 10054; state: ENABLED
12-01 18:34:34.667 1495 2847 D CompatibilityChangeReporter: Compat change id reported: 135634846; UID 1000; state: DISABLED
12-01 18:34:34.667 1495 2847 D CompatibilityChangeReporter: Compat change id reported: 177438394; UID 1000; state: DISABLED
12-01 18:34:34.667 1495 2847 D CompatibilityChangeReporter: Compat change id reported: 135772972; UID 1000; state: DISABLED
12-01 18:34:34.667 1495 2847 D CompatibilityChangeReporter: Compat change id reported: 135754954; UID 1000; state: ENABLED
12-01 18:34:34.668 1495 1602 D CompatibilityChangeReporter: Compat change id reported: 135634846; UID 10079; state: DISABLED
12-01 18:34:34.668 1495 1602 D CompatibilityChangeReporter: Compat change id reported: 177438394; UID 10079; state: DISABLED
12-01 18:34:34.668 1495 1602 D CompatibilityChangeReporter: Compat change id reported: 135772972; UID 10079; state: DISABLED
12-01 18:34:34.668 1495 1602 D CompatibilityChangeReporter: Compat change id reported: 135754954; UID 10079; state: ENABLED
12-01 18:34:34.672 1495 2416 D CompatibilityChangeReporter: Compat change id reported: 135634846; UID 10076; state: DISABLED
12-01 18:34:34.672 1495 2416 D CompatibilityChangeReporter: Compat change id reported: 177438394; UID 10076; state: DISABLED
12-01 18:34:34.672 1495 2416 D CompatibilityChangeReporter: Compat change id reported: 135772972; UID 10076; state: DISABLED
12-01 18:34:34.672 1495 2416 D CompatibilityChangeReporter: Compat change id reported: 135754954; UID 10076; state: ENABLED
12-01 18:34:34.673 515 515 I vold : Bind mounting /mnt/runtime/full/emulated to /mnt/pass_through/0/emulated
12-01 18:34:34.674 1495 1994 I StorageSessionController: On volume mount VolumeInfo{emulated;0}:
12-01 18:34:34.674 1495 1994 I StorageSessionController: type=EMULATED diskId=null partGuid= mountFlags=PRIMARY|VISIBLE
12-01 18:34:34.674 1495 1994 I StorageSessionController: mountUserId=0 state=CHECKING
12-01 18:34:34.674 1495 1994 I StorageSessionController: fsType=null fsUuid=null fsLabel=null
12-01 18:34:34.674 1495 1994 I StorageSessionController: path=/storage/emulated internalPath=/data/media
12-01 18:34:34.675 1495 1994 I StorageSessionController: Creating connection for user: 0
12-01 18:34:34.675 1495 1994 I StorageSessionController: Creating and starting session with id: emulated;0
12-01 18:34:34.675 1495 1994 I StorageUserConnection: Binding to the ExternalStorageService for user 0
12-01 18:34:34.675 1495 1589 D CompatibilityChangeReporter: Compat change id reported: 168419799; UID 10090; state: DISABLED
12-01 18:34:34.689 1495 2421 D CompatibilityChangeReporter: Compat change id reported: 168419799; UID 10081; state: DISABLED
12-01 18:34:34.690 1495 1611 W ActivityManager: Slow operation: 68ms so far, now at startProcess: done updating battery stats
12-01 18:34:34.690 1495 1611 W ActivityManager: Slow operation: 68ms so far, now at startProcess: building log message
12-01 18:34:34.690 1495 1611 I ActivityManager: Start proc 3295:ts.car.uart/u0a54 for added application ts.car.uart
12-01 18:34:34.690 1495 1611 W ActivityManager: Slow operation: 68ms so far, now at startProcess: starting to update pids map
12-01 18:34:34.691 1495 1611 W ActivityManager: Slow operation: 68ms so far, now at startProcess: done updating pids map
12-01 18:34:34.691 1495 1611 W ActivityManager: Slow operation: 68ms so far, now at startProcess: asking zygote to start proc
12-01 18:34:34.691 1495 1611 D CompatibilityChangeReporter: Compat change id reported: 143937733; UID 10053; state: ENABLED
12-01 18:34:34.693 1495 1994 D CompatibilityChangeReporter: Compat change id reported: 135634846; UID 10096; state: DISABLED
12-01 18:34:34.693 1495 1994 D CompatibilityChangeReporter: Compat change id reported: 177438394; UID 10096; state: DISABLED
12-01 18:34:34.693 1495 1994 D CompatibilityChangeReporter: Compat change id reported: 135772972; UID 10096; state: DISABLED
12-01 18:34:34.693 1495 1994 D CompatibilityChangeReporter: Compat change id reported: 135754954; UID 10096; state: ENABLED
12-01 18:34:34.693 1495 1994 I StorageUserConnection: Bound to the ExternalStorageService for user 0
12-01 18:34:34.698 1495 1611 W ActivityManager: Slow operation: 75ms so far, now at startProcess: returned from zygote!
12-01 18:34:34.703 1495 2278 D CompatibilityChangeReporter: Compat change id reported: 168419799; UID 10054; state: DISABLED
12-01 18:34:34.706 1495 1611 W ActivityManager: Slow operation: 84ms so far, now at startProcess: done updating battery stats
12-01 18:34:34.706 1495 1611 W ActivityManager: Slow operation: 84ms so far, now at startProcess: building log message
12-01 18:34:34.706 1495 1611 I ActivityManager: Start proc 3318:.pasr/u0a53 for added application .pasr
12-01 18:34:34.706 1495 1611 W ActivityManager: Slow operation: 84ms so far, now at startProcess: starting to update pids map
12-01 18:34:34.706 1495 1611 W ActivityManager: Slow operation: 84ms so far, now at startProcess: done updating pids map
12-01 18:34:34.707 1495 1611 W ActivityManager: Slow operation: 84ms so far, now at startProcess: asking zygote to start proc
12-01 18:34:34.707 1495 1611 D CompatibilityChangeReporter: Compat change id reported: 143937733; UID 10074; state: DISABLED
12-01 18:34:34.710 1495 1495 W Looper : Slow dispatch took 356ms main h=android.os.Handler c=com.android.server.biometrics.sensors.BiometricScheduler$InternalCallback$$ExternalSyntheticLambda0@922fc96 m=0
12-01 18:34:34.711 1495 1495 I AutofillManagerService: Updating for user 0: disabled=false
12-01 18:34:34.721 1495 1611 W ActivityManager: Slow operation: 99ms so far, now at startProcess: returned from zygote!
12-01 18:34:34.724 1495 1611 W ActivityManager: Slow operation: 101ms so far, now at startProcess: done updating battery stats
12-01 18:34:34.724 1495 1611 W ActivityManager: Slow operation: 101ms so far, now at startProcess: building log message
12-01 18:34:34.724 1495 1611 I ActivityManager: Start proc 3340:com.qualcomm.qti.services.systemhelper:systemhelper_service/u0a74 for added application com.qualcomm.qti.services.systemhelper:systemhelper_service
12-01 18:34:34.724 1495 1611 W ActivityManager: Slow operation: 101ms so far, now at startProcess: starting to update pids map
12-01 18:34:34.724 1495 1611 W ActivityManager: Slow operation: 101ms so far, now at startProcess: done updating pids map
12-01 18:34:34.724 1495 1611 W ActivityManager: Slow operation: 100ms so far, now at startProcess: asking zygote to start proc
12-01 18:34:34.724 1495 1611 D CompatibilityChangeReporter: Compat change id reported: 143937733; UID 10084; state: ENABLED
12-01 18:34:34.731 1495 2313 V BackupManagerService: [UserID:0] No ancestral data
12-01 18:34:34.732 1495 1611 W ActivityManager: Slow operation: 109ms so far, now at startProcess: returned from zygote!
12-01 18:34:34.732 1495 1611 W ActivityManager: Slow operation: 109ms so far, now at startProcess: done updating battery stats
12-01 18:34:34.732 1495 1611 W ActivityManager: Slow operation: 109ms so far, now at startProcess: building log message
12-01 18:34:34.732 1495 1611 I ActivityManager: Start proc 3345:com.qualcomm.qti.qccnetstat/u0a84 for added application com.qualcomm.qti.qccnetstat
12-01 18:34:34.732 1495 1611 W ActivityManager: Slow operation: 109ms so far, now at startProcess: starting to update pids map
12-01 18:34:34.733 1495 1611 W ActivityManager: Slow operation: 109ms so far, now at startProcess: done updating pids map
12-01 18:34:34.733 1495 1611 W ActivityManager: Slow operation: 109ms so far, now at startProcess: asking zygote to start proc
12-01 18:34:34.733 1495 1611 D CompatibilityChangeReporter: Compat change id reported: 143937733; UID 10089; state: ENABLED
12-01 18:34:34.745 1495 1611 W ActivityManager: Slow operation: 122ms so far, now at startProcess: returned from zygote!
12-01 18:34:34.745 1495 1611 W ActivityManager: Slow operation: 122ms so far, now at startProcess: done updating battery stats
12-01 18:34:34.745 1495 1611 W ActivityManager: Slow operation: 122ms so far, now at startProcess: building log message
12-01 18:34:34.745 1495 1611 I ActivityManager: Start proc 3370:com.qualcomm.qti.workloadclassifier/u0a89 for added application com.qualcomm.qti.workloadclassifier
12-01 18:34:34.745 1495 1611 W ActivityManager: Slow operation: 122ms so far, now at startProcess: starting to update pids map
12-01 18:34:34.745 1495 1611 W ActivityManager: Slow operation: 122ms so far, now at startProcess: done updating pids map
12-01 18:34:34.745 1495 1611 W ActivityManager: Slow operation: 119ms so far, now at startProcess: asking zygote to start proc
12-01 18:34:34.746 1495 1611 D CompatibilityChangeReporter: Compat change id reported: 143937733; UID 10017; state: ENABLED
12-01 18:34:34.751 1495 1611 W ActivityManager: Slow operation: 125ms so far, now at startProcess: returned from zygote!
12-01 18:34:34.753 1495 3263 V BackupManagerConstants: getKeyValueBackupIntervalMilliseconds(...) returns 14400000
12-01 18:34:34.753 1495 3263 V BackupManagerConstants: getKeyValueBackupFuzzMilliseconds(...) returns 600000
12-01 18:34:34.753 1495 3263 V BackupManagerConstants: getKeyValueBackupRequiredNetworkType(...) returns 1
12-01 18:34:34.753 1495 3263 V BackupManagerConstants: getKeyValueBackupRequireCharging(...) returns true
12-01 18:34:34.753 1495 3263 V KeyValueBackupJob: Scheduling k/v pass in 244 minutes
12-01 18:34:34.755 1495 2847 D CompatibilityChangeReporter: Compat change id reported: 168419799; UID 10053; state: DISABLED
12-01 18:34:34.759 1495 2419 D CompatibilityChangeReporter: Compat change id reported: 157233955; UID 10073; state: DISABLED
12-01 18:34:34.760 1495 1495 I Telecom : WiredHeadsetManager: ACTION_HEADSET_PLUG event, plugged in: false, : WHC.oADA@AAM
12-01 18:34:34.762 1495 1751 D CompatibilityChangeReporter: Compat change id reported: 168419799; UID 10074; state: DISABLED
12-01 18:34:34.772 1495 1589 D CompatibilityChangeReporter: Compat change id reported: 168419799; UID 10084; state: DISABLED
12-01 18:34:34.775 1495 1611 W ActivityManager: Slow operation: 148ms so far, now at startProcess: done updating battery stats
12-01 18:34:34.775 1495 1611 W ActivityManager: Slow operation: 149ms so far, now at startProcess: building log message
12-01 18:34:34.775 1495 1611 I ActivityManager: Start proc 3377:android.process.media/u0a17 for broadcast {com.android.mtp/com.android.mtp.MtpReceiver}
12-01 18:34:34.775 1495 1611 W ActivityManager: Slow operation: 149ms so far, now at startProcess: starting to update pids map
12-01 18:34:34.775 1495 1611 W ActivityManager: Slow operation: 149ms so far, now at startProcess: done updating pids map
12-01 18:34:34.775 1495 1611 W ActivityManager: Slow operation: 112ms so far, now at startProcess: asking zygote to start proc
12-01 18:34:34.775 1495 1611 D CompatibilityChangeReporter: Compat change id reported: 143937733; UID 10018; state: ENABLED
12-01 18:34:34.782 1495 1611 W ActivityManager: Slow operation: 118ms so far, now at startProcess: returned from zygote!
12-01 18:34:34.782 1495 1611 W ActivityManager: Slow operation: 119ms so far, now at startProcess: done updating battery stats
12-01 18:34:34.782 1495 1611 W ActivityManager: Slow operation: 119ms so far, now at startProcess: building log message
12-01 18:34:34.782 1495 1611 I ActivityManager: Start proc 3416:com.android.documentsui/u0a18 for broadcast {com.android.documentsui/com.android.documentsui.PreBootReceiver}
12-01 18:34:34.782 1495 1611 W ActivityManager: Slow operation: 119ms so far, now at startProcess: starting to update pids map
12-01 18:34:34.782 1495 1611 W ActivityManager: Slow operation: 119ms so far, now at startProcess: done updating pids map
12-01 18:34:34.782 1495 1611 W ActivityManager: Slow operation: 116ms so far, now at startProcess: asking zygote to start proc
12-01 18:34:34.782 1495 2313 I BackupManagerService: isBackupEnabled() => false due to absent settings file
12-01 18:34:34.782 1495 2313 D BackupManagerService: user:0 readBackupEnableState enabled:false
12-01 18:34:34.782 1495 2313 I BackupManagerService: [UserID:0] Backup enabled => false
12-01 18:34:34.787 1495 1610 I DropBoxManagerService: add tag=system_server_wtf isTagEnabled=true flags=0x2
12-01 18:34:34.793 1495 3263 V BackupManagerConstants: getKeyValueBackupIntervalMilliseconds(...) returns 14400000
12-01 18:34:34.793 1495 3263 V BackupManagerConstants: getKeyValueBackupFuzzMilliseconds(...) returns 600000
12-01 18:34:34.793 1495 3263 V BackupManagerConstants: getKeyValueBackupRequiredNetworkType(...) returns 1
12-01 18:34:34.793 1495 3263 V BackupManagerConstants: getKeyValueBackupRequireCharging(...) returns true
12-01 18:34:34.793 1495 3263 V KeyValueBackupJob: Scheduling k/v pass in 245 minutes
12-01 18:34:34.794 1495 1495 V NotificationAssistants: 0 notification assistant service connected: ComponentInfo{android.ext.services/android.ext.services.notification.Assistant}
12-01 18:34:34.796 1495 1495 I ExplicitHealthCheckController: Explicit health check service is connected ComponentInfo{android.ext.services/android.ext.services.watchdog.ExplicitHealthCheckServiceImpl}
12-01 18:34:34.796 1495 1495 I ExplicitHealthCheckController: Service initialized, syncing requests
12-01 18:34:34.797 1495 1611 W ActivityManager: Slow operation: 131ms so far, now at startProcess: returned from zygote!
12-01 18:34:34.797 1495 2453 W UsageStatsService: Failed to query usage stats for locked user 0
12-01 18:34:34.811 1495 2419 D CompatibilityChangeReporter: Compat change id reported: 168419799; UID 10089; state: DISABLED
12-01 18:34:34.823 1495 1611 W ActivityManager: Slow operation: 156ms so far, now at startProcess: done updating battery stats
12-01 18:34:34.823 1495 1611 W ActivityManager: Slow operation: 156ms so far, now at startProcess: building log message
12-01 18:34:34.823 1495 1611 I ActivityManager: Start proc 3423:com.android.keychain/1000 for service {com.android.keychain/com.android.keychain.KeyChainService}
12-01 18:34:34.823 1495 1611 W ActivityManager: Slow operation: 156ms so far, now at startProcess: starting to update pids map
12-01 18:34:34.823 1495 1611 W ActivityManager: Slow operation: 157ms so far, now at startProcess: done updating pids map
12-01 18:34:34.823 1495 1611 W ActivityManager: Slow operation: 156ms so far, now at startProcess: asking zygote to start proc
12-01 18:34:34.823 1495 1611 D CompatibilityChangeReporter: Compat change id reported: 143937733; UID 10079; state: ENABLED
12-01 18:34:34.829 1495 2404 D CompatibilityChangeReporter: Compat change id reported: 168419799; UID 10017; state: DISABLED
12-01 18:34:34.832 1495 1611 W ActivityManager: Slow operation: 164ms so far, now at startProcess: returned from zygote!
12-01 18:34:34.839 1495 2847 D CompatibilityChangeReporter: Compat change id reported: 168419799; UID 10018; state: DISABLED
12-01 18:34:34.848 1495 1495 I NotificationHistory: Attempted to unlock gone/disabled user 0
12-01 18:34:34.849 1495 1611 W ActivityManager: Slow operation: 181ms so far, now at startProcess: done updating battery stats
12-01 18:34:34.849 1495 1611 W ActivityManager: Slow operation: 181ms so far, now at startProcess: building log message
12-01 18:34:34.849 1495 1611 I ActivityManager: Start proc 3471:com.android.provision/u0a79 for top-activity {com.android.provision/com.android.provision.DefaultActivity}
12-01 18:34:34.849 1495 1611 W ActivityManager: Slow operation: 181ms so far, now at startProcess: starting to update pids map
12-01 18:34:34.849 1495 1611 W ActivityManager: Slow operation: 181ms so far, now at startProcess: done updating pids map
12-01 18:34:34.849 1495 1611 W ActivityManager: Slow operation: 177ms so far, now at startProcess: asking zygote to start proc
12-01 18:34:34.849 1495 1611 D CompatibilityChangeReporter: Compat change id reported: 143937733; UID 10076; state: ENABLED
12-01 18:34:34.849 1495 1495 V NotificationAssistants: disabling notification assistant for user 0: ComponentInfo{android.ext.services/android.ext.services.notification.Assistant}
12-01 18:34:34.849 1495 1495 D NotificationListeners: Removing active service ComponentInfo{android.ext.services/android.ext.services.notification.Assistant}
12-01 18:34:34.849 1495 1495 V NotificationAssistants: enabling notification assistant for 0: ComponentInfo{android.ext.services/android.ext.services.notification.Assistant}
12-01 18:34:34.850 1495 1495 V NotificationAssistants: binding: Intent { act=android.service.notification.NotificationAssistantService cmp=android.ext.services/.notification.Assistant (has extras) }
12-01 18:34:34.854 1495 1495 D CompatibilityChangeReporter: Compat change id reported: 168419799; UID 10097; state: DISABLED
12-01 18:34:34.855 1495 1611 W ActivityManager: Slow operation: 184ms so far, now at startProcess: returned from zygote!
12-01 18:34:34.858 1495 2404 D CompatibilityChangeReporter: Compat change id reported: 184838306; UID 10079; state: DISABLED
12-01 18:34:34.859 1495 2404 D CompatibilityChangeReporter: Compat change id reported: 185004937; UID 10079; state: DISABLED
12-01 18:34:34.862 1495 2404 D CompatibilityChangeReporter: Compat change id reported: 174042980; UID 1000; state: DISABLED
12-01 18:34:34.865 1495 1611 W ActivityManager: Slow operation: 193ms so far, now at startProcess: done updating battery stats
12-01 18:34:34.865 1495 1611 W ActivityManager: Slow operation: 193ms so far, now at startProcess: building log message
12-01 18:34:34.865 1495 1611 I ActivityManager: Start proc 3489:com.qualcomm.location.XT/u0a76 for service {com.qualcomm.location.XT/com.qualcomm.location.XT.XTSrv}
12-01 18:34:34.865 1495 1611 W ActivityManager: Slow operation: 193ms so far, now at startProcess: starting to update pids map
12-01 18:34:34.865 1495 1611 W ActivityManager: Slow operation: 194ms so far, now at startProcess: done updating pids map
12-01 18:34:34.865 1495 1611 W ActivityManager: Slow operation: 173ms so far, now at startProcess: asking zygote to start proc
12-01 18:34:34.865 1495 1611 D CompatibilityChangeReporter: Compat change id reported: 143937733; UID 10096; state: ENABLED
12-01 18:34:34.872 1495 1611 W ActivityManager: Slow operation: 179ms so far, now at startProcess: returned from zygote!
12-01 18:34:34.879 1495 1611 W ActivityManager: Slow operation: 186ms so far, now at startProcess: done updating battery stats
12-01 18:34:34.879 1495 1611 I Watchdog: Interesting Java process com.android.providers.media.module started. Pid 3506
12-01 18:34:34.879 1495 1611 W ActivityManager: Slow operation: 186ms so far, now at startProcess: building log message
12-01 18:34:34.879 1495 1611 I ActivityManager: Start proc 3506:com.android.providers.media.module/u0a96 for service {com.android.providers.media.module/com.android.providers.media.fuse.ExternalStorageServiceImpl}
12-01 18:34:34.879 1495 1611 W ActivityManager: Slow operation: 187ms so far, now at startProcess: starting to update pids map
12-01 18:34:34.879 1495 1611 W ActivityManager: Slow operation: 187ms so far, now at startProcess: done updating pids map
12-01 18:34:34.882 1495 3291 D CompatibilityChangeReporter: Compat change id reported: 168419799; UID 10076; state: DISABLED
12-01 18:34:34.899 1495 1495 D BiometricScheduler/Fingerprint21: [Finishing] {[1] FingerprintUpdateActiveUserClient, proto=1, owner=android, cookie=0, requestId=-1, userId=0}, success: true
12-01 18:34:34.899 1495 1495 D BiometricScheduler/Fingerprint21: [Polled] {[2] FingerprintInternalCleanupClient, proto=7, owner=android, cookie=0, requestId=-1, userId=0}, State: 0
12-01 18:34:34.899 1495 1495 D BiometricScheduler/Fingerprint21: [Starting] {[2] FingerprintInternalCleanupClient, proto=7, owner=android, cookie=0, requestId=-1, userId=0}, State: 0
12-01 18:34:34.899 1495 1495 D BiometricScheduler/Fingerprint21: [Started] {[2] FingerprintInternalCleanupClient, proto=7, owner=android, cookie=0, requestId=-1, userId=0}
12-01 18:34:34.899 1495 1495 D Biometrics/InternalCleanupClient: Starting enumerate: {[3] FingerprintInternalEnumerateClient, proto=6, owner=android, cookie=0, requestId=-1, userId=0}
12-01 18:34:34.902 1495 2404 D CompatibilityChangeReporter: Compat change id reported: 168419799; UID 10096; state: DISABLED
12-01 18:34:34.905 1495 1601 D BluetoothManagerService: MESSAGE_BLUETOOTH_STATE_CHANGE: BLE_TURNING_ON > BLE_ON
12-01 18:34:34.905 1495 1601 D BluetoothManagerService: Bluetooth is in LE only mode
12-01 18:34:34.905 1495 1601 D BluetoothManagerService: Binding Bluetooth GATT service
12-01 18:34:34.905 1495 1601 D BluetoothManagerService: Sending BLE State Change: BLE_TURNING_ON > BLE_ON
12-01 18:34:34.907 1495 1495 I GameModeConfig: isGameModeOn = false
12-01 18:34:34.907 1495 1495 I GameModeConfig: isGameModeOn = false
12-01 18:34:34.908 1495 1751 I ActivityTaskManager: START u0 {act=android.intent.action.MAIN cat=[android.intent.category.HOME] flg=0x10000100 cmp=com.android.launcher3/.uioverrides.QuickstepLauncher (has extras)} from uid 0
12-01 18:34:34.909 1495 1495 I PackageWatchdog: Syncing health check requests for packages: {}
12-01 18:34:34.909 1495 1495 D ExplicitHealthCheckController: Getting health check supported packages
12-01 18:34:34.910 1495 1751 D CompatibilityChangeReporter: Compat change id reported: 184838306; UID 10081; state: DISABLED
12-01 18:34:34.910 1495 2404 I ExplicitHealthCheckController: Explicit health check supported packages [PackageConfig{com.android.networkstack, 86400000}]
12-01 18:34:34.910 1495 2404 D PackageWatchdog: Received supported packages [PackageConfig{com.android.networkstack, 86400000}]
12-01 18:34:34.910 1495 2404 D ExplicitHealthCheckController: Getting health check requested packages
12-01 18:34:34.911 1495 3291 I ExplicitHealthCheckController: Explicit health check requested packages []
12-01 18:34:34.911 1495 3291 I ExplicitHealthCheckController: No more health check requests, unbinding...
12-01 18:34:34.912 1495 3291 I ExplicitHealthCheckController: Explicit health check service is unbound
12-01 18:34:34.914 1495 1495 V NotificationAssistants: 0 notification assistant service connected: ComponentInfo{android.ext.services/android.ext.services.notification.Assistant}
12-01 18:34:34.915 1495 1495 I LockSettingsService: Reporting device setup complete to IGateKeeperService
12-01 18:34:34.915 1495 1751 D CompatibilityChangeReporter: Compat change id reported: 185004937; UID 10081; state: DISABLED
12-01 18:34:34.915 1495 2336 I SyncManager: Loaded persisted syncs: 0 periodic syncs, 0 oneshot syncs, 12 total system server jobs, JobStats: FirstLoad: 0/0/0 LastSave: -1/-1/-1
12-01 18:34:34.917 1495 1751 D CompatibilityChangeReporter: Compat change id reported: 181136395; UID 10081; state: DISABLED
12-01 18:34:34.918 1495 1751 D CompatibilityChangeReporter: Compat change id reported: 174042936; UID 10081; state: DISABLED
12-01 18:34:34.920 1495 1751 D CompatibilityChangeReporter: Compat change id reported: 174042980; UID 10081; state: DISABLED
12-01 18:34:34.943 1495 1751 I ActivityTaskManager: FOREGROUND_APPLICATION_CHANGED to com.android.launcher3.uioverrides.QuickstepLauncher
12-01 18:34:34.943 1495 1751 I ActivityTaskManager: The Process com.android.launcher3 Already Exists in BG. So sending its PID: 2801
12-01 18:34:34.943 1495 1608 I UsageStatsService: Starting migration to system CE for user 0
12-01 18:34:34.944 1495 1608 I UsageStatsService: Finished migration to system CE for user 0
12-01 18:34:34.952 1495 1495 D BluetoothManagerService: Bluetooth Adapter address changed to F0:74:E4:3A:18:78
12-01 18:34:34.952 1495 1495 D BluetoothManagerService: Stored Bluetoothaddress: F0:74:E4:3A:18:78
12-01 18:34:34.952 1495 1495 D BluetoothManagerService: Bluetooth Adapter name changed to QCOM-BTD by android
12-01 18:34:34.952 1495 1495 D BluetoothManagerService: Stored Bluetooth name: QCOM-BTD
12-01 18:34:34.953 1495 1608 I UsageStatsDatabase: Upgrading from version 0 to 5
12-01 18:34:34.953 1495 1608 I UsageStatsDatabase: Deleting all usage stats files
12-01 18:34:34.955 1495 1608 I UsageStatsService: User[0] Rollover scheduled @ 2022-12-02 18:34:34(1669977274945)
12-01 18:34:34.955 1495 1608 D AppStandbyController: Initializing defaults for system apps on user 0, appIdleEnabled=false
12-01 18:34:34.962 1495 1602 D ColorDisplayService: setUp: currentUser=0
12-01 18:34:34.964 1495 1495 I GameModeConfig: isGameModeOn = false
12-01 18:34:34.965 1495 1495 W NotificationHistory: Attempted to add notif for locked/gone/disabled user 0
12-01 18:34:34.965 1495 1495 D BluetoothManagerService: Bluetooth Adapter address changed to F0:74:E4:3A:18:78
12-01 18:34:34.965 1495 1495 D BluetoothManagerService: Stored Bluetoothaddress: F0:74:E4:3A:18:78
12-01 18:34:34.965 1495 1495 D CompanionDeviceManagerService: Received BT state transition broadcast: BLE_TURNING_ON -> BLE_ON
12-01 18:34:34.966 1495 1495 I CompanionDeviceManagerService: startBleScan()
12-01 18:34:34.966 1495 1495 D BluetoothManagerService: BluetoothServiceConnection: com.android.bluetooth.gatt.GattService
12-01 18:34:34.966 1495 1601 D BluetoothManagerService: MESSAGE_BLUETOOTH_SERVICE_CONNECTED: 2
12-01 18:34:34.966 1495 1601 D BluetoothManagerService: continueFromBleOnState()
12-01 18:34:34.968 1495 1601 D BluetoothManagerService: Persisting Bluetooth Setting: 1
12-01 18:34:34.971 1495 1495 I DevicePolicyManager: Set ro.organization_owned property to false
12-01 18:34:34.976 1495 1608 I UsageStatsService: Time changed in by 1669890499 seconds
12-01 18:34:34.983 1495 1608 I UsageStatsService: User[0] Flushing usage stats to disk
12-01 18:34:34.985 1495 1601 D BluetoothManagerService: MESSAGE_BLUETOOTH_STATE_CHANGE: BLE_ON > TURNING_ON
12-01 18:34:34.985 1495 1601 D BluetoothManagerService: Sending BLE State Change: BLE_ON > TURNING_ON
12-01 18:34:34.985 1495 1601 D BluetoothManagerService: Sending State Change: OFF > TURNING_ON
12-01 18:34:34.999 1495 2419 I PreBootBroadcaster: Pre-boot of {com.android.managedprovisioning/com.android.managedprovisioning.ota.PreBootListener} for user 0
12-01 18:34:35.000 1495 2419 W BroadcastQueue: Background execution not allowed: receiving Intent { act=android.intent.action.INPUT_METHOD_CHANGED flg=0x20000010 (has extras) } to com.baidu.input/.switchguide.InputMethodChangedReceiver
12-01 18:34:35.002 1495 3296 I StorageUserConnection: Service: [ComponentInfo{com.android.providers.media.module/com.android.providers.media.fuse.ExternalStorageServiceImpl}] connected. User [0]
12-01 18:34:35.128 1495 1495 W Looper : Slow dispatch took 126ms main h=android.app.PropertyInvalidatedCache$AutoCorker$1 c=null m=0
12-01 18:34:35.129 1495 1602 I ActivityTaskManager: Config changes=20000400 {1.0 ?mcc?mnc [zh_CN] ldltr sw680dp w1586dp h616dp 240dpi lrg long hdr land finger -keyb/v/h -nav/h winConfig={ mBounds=Rect(0, 0 - 2380, 1020) mAppBounds=Rect(0, 0 - 2380, 996) mMaxBounds=Rect(0, 0 - 2380, 1020) mWindowingMode=fullscreen mDisplayWindowingMode=fullscreen mActivityType=undefined mAlwaysOnTop=undefined mRotation=ROTATION_0} s.15 fontWeightAdjustment=0}
12-01 18:34:35.135 1495 1602 I WindowManager: Override config changes=20000400 {1.0 ?mcc?mnc [zh_CN] ldltr sw680dp w1586dp h616dp 240dpi lrg long hdr land finger -keyb/v/h -nav/h winConfig={ mBounds=Rect(0, 0 - 2380, 1020) mAppBounds=Rect(0, 0 - 2380, 996) mMaxBounds=Rect(0, 0 - 2380, 1020) mWindowingMode=fullscreen mDisplayWindowingMode=fullscreen mActivityType=undefined mAlwaysOnTop=undefined mRotation=ROTATION_0} s.15 fontWeightAdjustment=0} for displayId=0
12-01 18:34:35.143 1495 1602 D ColorDisplayService: onNightDisplayAutoModeChanged: autoMode=0
12-01 18:34:35.143 1495 1602 I ColorDisplayService: Turning off night display
12-01 18:34:35.143 1495 1602 D ColorDisplayService: Setting bright color reduction level: 50
12-01 18:34:35.144 1495 1625 V DisplayPowerController[0]: Brightness [1.0] manual adjustment.
12-01 18:34:35.144 1495 1600 W Looper : Slow dispatch took 145ms android.ui h=com.android.server.am.PreBootBroadcaster$1 c=null m=1
12-01 18:34:35.150 1495 1610 I ActivityManager: com.android.managedprovisioning is exempt from freezer
12-01 18:34:35.150 1495 1610 D CompatibilityChangeReporter: Compat change id reported: 135634846; UID 10031; state: DISABLED
12-01 18:34:35.150 1495 1610 D CompatibilityChangeReporter: Compat change id reported: 177438394; UID 10031; state: DISABLED
12-01 18:34:35.150 1495 1610 D CompatibilityChangeReporter: Compat change id reported: 135772972; UID 10031; state: DISABLED
12-01 18:34:35.150 1495 1610 D CompatibilityChangeReporter: Compat change id reported: 135754954; UID 10031; state: ENABLED
12-01 18:34:35.150 1495 1611 D CompatibilityChangeReporter: Compat change id reported: 143937733; UID 10031; state: ENABLED
12-01 18:34:35.158 1495 1495 D CompanionDeviceManagerService: Received BT state transition broadcast: BLE_ON -> TURNING_ON
12-01 18:34:35.160 1495 1611 I ActivityManager: Start proc 3633:com.android.managedprovisioning/u0a31 for broadcast {com.android.managedprovisioning/com.android.managedprovisioning.ota.PreBootListener}
12-01 18:34:35.166 1495 2278 D CompatibilityChangeReporter: Compat change id reported: 149924527; UID 10017; state: ENABLED
12-01 18:34:35.167 1495 2278 D CompatibilityChangeReporter: Compat change id reported: 132649864; UID 10017; state: DISABLED
12-01 18:34:35.172 1495 1495 I GameModeConfig: isGameModeOn = false
12-01 18:34:35.174 1495 1495 W NotificationHistory: Attempted to add notif for locked/gone/disabled user 0
12-01 18:34:35.178 1495 3291 W AppWidgetServiceImpl: Failed to read state: java.io.FileNotFoundException: /data/system/users/0/appwidgets.xml: open failed: ENOENT (No such file or directory)
12-01 18:34:35.178 1495 3291 V AppWidgetServiceImpl: Upgrading widget database from 0 to 1
12-01 18:34:35.193 1495 3291 D CompatibilityChangeReporter: Compat change id reported: 168419799; UID 10031; state: DISABLED
12-01 18:34:35.195 1495 1495 W Looper : Drained
12-01 18:34:35.195 1495 2419 D CompatibilityChangeReporter: Compat change id reported: 135634846; UID 10024; state: DISABLED
12-01 18:34:35.196 1495 2419 D CompatibilityChangeReporter: Compat change id reported: 177438394; UID 10024; state: DISABLED
12-01 18:34:35.196 1495 2419 D CompatibilityChangeReporter: Compat change id reported: 135772972; UID 10024; state: DISABLED
12-01 18:34:35.196 1495 2419 D CompatibilityChangeReporter: Compat change id reported: 135754954; UID 10024; state: ENABLED
12-01 18:34:35.197 1495 1611 D CompatibilityChangeReporter: Compat change id reported: 143937733; UID 10024; state: ENABLED
12-01 18:34:35.212 1495 1611 I ActivityManager: Start proc 3656:com.android.externalstorage/u0a24 for content provider {com.android.externalstorage/com.android.externalstorage.ExternalStorageProvider}
12-01 18:34:35.240 1495 1608 D PinnerService: pinRangeStream: null
12-01 18:34:35.242 1495 1495 D Fingerprint21: handleError, client: FingerprintInternalCleanupClient, error: 2, vendorCode: 0
12-01 18:34:35.242 1495 1495 E Fingerprint21: onError for non-error consumer: FingerprintInternalCleanupClient
12-01 18:34:35.244 1495 1751 D CompatibilityChangeReporter: Compat change id reported: 168419799; UID 10024; state: DISABLED
12-01 18:34:35.254 1495 1608 D PinnerService: pinRangeStream: null
12-01 18:34:35.254 1495 1608 D PinnerService: pinRangeStream: null
12-01 18:34:35.288 2801 2887 D ActivityThread: Loading provider com.android.launcher3.settings: com.android.launcher3.LauncherProvider
12-01 18:34:35.301 1495 1495 I Telecom : BluetoothDeviceManager: Got BluetoothHearingAid: android.bluetooth.BluetoothHearingAid@4bf7982: BMSL.oSC@AAU
12-01 18:34:35.314 1495 2404 D CompatibilityChangeReporter: Compat change id reported: 135634846; UID 10029; state: DISABLED
12-01 18:34:35.314 1495 2404 D CompatibilityChangeReporter: Compat change id reported: 177438394; UID 10029; state: DISABLED
12-01 18:34:35.314 1495 2404 D CompatibilityChangeReporter: Compat change id reported: 135772972; UID 10029; state: DISABLED
12-01 18:34:35.314 1495 2404 D CompatibilityChangeReporter: Compat change id reported: 135754954; UID 10029; state: ENABLED
12-01 18:34:35.314 1495 1611 D CompatibilityChangeReporter: Compat change id reported: 143937733; UID 10029; state: ENABLED
12-01 18:34:35.315 1495 1601 D BluetoothManagerService: MESSAGE_BLUETOOTH_STATE_CHANGE: TURNING_ON > ON
12-01 18:34:35.315 1495 1601 D BluetoothManagerService: Broadcasting onBluetoothStateChange(true) to 10 receivers.
12-01 18:34:35.316 1495 1601 D BluetoothManagerService: Creating new ProfileServiceConnections object for profile: 1
12-01 18:34:35.317 1495 1601 W BluetoothManagerService: psc is not null in bindBluetoothProfileService
12-01 18:34:35.317 1495 1601 D BluetoothManagerService: Sending BLE State Change: TURNING_ON > ON
12-01 18:34:35.319 1495 1601 D BluetoothManagerService: Sending State Change: TURNING_ON > ON
12-01 18:34:35.320 1495 1495 D CompanionDeviceManagerService: Received BT state transition broadcast: TURNING_ON -> ON
12-01 18:34:35.320 1495 1495 I CompanionDeviceManagerService: startBleScan()
12-01 18:34:35.332 1495 1611 I ActivityManager: Start proc 3713:android.process.acore/u0a29 for content provider {com.android.providers.contacts/com.android.providers.contacts.ContactsProvider2}
12-01 18:34:35.335 1495 2278 W BluetoothManagerService: psc is not null in bindBluetoothProfileService
12-01 18:34:35.357 1495 3376 D CompatibilityChangeReporter: Compat change id reported: 168419799; UID 10029; state: DISABLED
12-01 18:34:35.377 1495 1495 I GameModeConfig: isGameModeOn = false
12-01 18:34:35.381 1495 2421 I PreBootBroadcaster: Pre-boot of {com.android.providers.calendar/com.android.providers.calendar.CalendarUpgradeReceiver} for user 0
12-01 18:34:35.381 1495 2421 W BroadcastQueue: Background execution not allowed: receiving Intent { act=android.intent.action.USER_PRESENT flg=0x24200010 } to com.microsoft.emmx/org.chromium.chrome.browser.sharing.click_to_call.ClickToCallMessageHandler$PhoneUnlockedReceiver
12-01 18:34:35.394 1495 1610 D CompatibilityChangeReporter: Compat change id reported: 168419799; UID 10071; state: DISABLED
12-01 18:34:35.402 1495 1603 I ActivityRecord: real home.....com.android.launcher3/.uioverrides.QuickstepLauncher
12-01 18:34:35.403 1495 1603 I WindowManager: ******* TELLING SURFACE FLINGER WE ARE BOOTED!
12-01 18:34:35.415 1495 3714 D CountryDetector: The first listener is added
12-01 18:34:35.420 1495 1495 I Telecom : BluetoothDeviceManager: Got BluetoothHeadset: com.android.server.telecom.BluetoothHeadsetProxy@e9819fe: BMSL.oSC@AAY
12-01 18:34:35.434 1495 3622 D CompatibilityChangeReporter: Compat change id reported: 135634846; UID 10036; state: DISABLED
12-01 18:34:35.434 1495 3622 D CompatibilityChangeReporter: Compat change id reported: 177438394; UID 10036; state: DISABLED
12-01 18:34:35.434 1495 3622 D CompatibilityChangeReporter: Compat change id reported: 135772972; UID 10036; state: DISABLED
12-01 18:34:35.434 1495 3622 D CompatibilityChangeReporter: Compat change id reported: 135754954; UID 10036; state: DISABLED
12-01 18:34:35.434 1495 1611 D CompatibilityChangeReporter: Compat change id reported: 143937733; UID 10036; state: DISABLED
12-01 18:34:35.441 1495 1611 I ActivityManager: Start proc 3757:com.baidu.input/u0a36 for service {com.baidu.input/com.baidu.input.ImeService}
12-01 18:34:35.448 1495 2421 D CompatibilityChangeReporter: Compat change id reported: 135634846; UID 10035; state: DISABLED
12-01 18:34:35.448 1495 2421 D CompatibilityChangeReporter: Compat change id reported: 177438394; UID 10035; state: DISABLED
12-01 18:34:35.449 1495 2421 D CompatibilityChangeReporter: Compat change id reported: 135772972; UID 10035; state: DISABLED
12-01 18:34:35.449 1495 2421 D CompatibilityChangeReporter: Compat change id reported: 135754954; UID 10035; state: ENABLED
12-01 18:34:35.449 1495 1611 D CompatibilityChangeReporter: Compat change id reported: 143937733; UID 10035; state: ENABLED
12-01 18:34:35.457 1495 1611 I ActivityManager: Start proc 3772:com.android.providers.calendar/u0a35 for broadcast {com.android.providers.calendar/com.android.providers.calendar.CalendarUpgradeReceiver}
12-01 18:34:35.461 1495 2421 D CompatibilityChangeReporter: Compat change id reported: 168419799; UID 10036; state: DISABLED
12-01 18:34:35.477 1495 2404 D CompatibilityChangeReporter: Compat change id reported: 168419799; UID 10035; state: DISABLED
12-01 18:34:35.512 1495 2417 D CompatibilityChangeReporter: Compat change id reported: 149924527; UID 10036; state: ENABLED
12-01 18:34:35.512 1495 2417 D CompatibilityChangeReporter: Compat change id reported: 132649864; UID 10036; state: DISABLED
12-01 18:34:35.588 1495 1588 I PreBootBroadcaster: Pre-boot of {com.android.providers.contacts/com.android.providers.contacts.ContactsUpgradeReceiver} for user 0
12-01 18:34:35.593 1495 1495 I GameModeConfig: isGameModeOn = false
12-01 18:34:35.617 1495 3622 D CompatibilityChangeReporter: Compat change id reported: 143231523; UID 10035; state: DISABLED
12-01 18:34:35.638 1495 3376 I PreBootBroadcaster: Pre-boot of {com.android.providers.media.module/com.android.providers.media.MediaUpgradeReceiver} for user 0
12-01 18:34:35.641 1495 3376 D CompatibilityChangeReporter: Compat change id reported: 168419799; UID 10096; state: DISABLED
12-01 18:34:35.642 1495 3376 I PreBootBroadcaster: Pre-boot of {com.android.settings/com.android.settings.SettingsInitialize} for user 0
12-01 18:34:35.643 1495 3376 D CompatibilityChangeReporter: Compat change id reported: 168419799; UID 1000; state: DISABLED
12-01 18:34:35.649 1495 3376 I ActivityManager: Posting BOOT_COMPLETED user #0
12-01 18:34:35.650 1495 1599 I AppWidgetServiceImpl: Processing of handleUserUnlocked u0 took 1 ms
12-01 18:34:35.651 1495 1610 I SystemServerTimingAsync: ssm.UnlockedUser-0
