12-01 18:46:56.369 1381 6279 D LOWI-9.0.0.87.a: [LOWI-Scan] BSS 18:6f:2d:81:18:82 LOWI_PHY_MODE_11NG_HT20(5), Beacon Interval: 100, LOWI_ENCRYPTION_TYPE_WPA_PSK 11mcRanging: No, ANQP: No, LCI: No, Civic: No, capability(0x0531): ESS Privacy ShortPreamble SpectrumMgmt ShortSlotTime
12-01 18:46:56.369 1381 6279 D LOWI-9.0.0.87.a: [LOWI-Scan] BSS 18:6f:2d:81:18:82 FREQ: 2472, cFreq1[40:80:160] = [2472:0:0] cFreq2 = 0 Country Code = CN
12-01 18:46:56.369 1381 6279 D LOWI-9.0.0.87.a: [LOWI-Scan] BSS 18:6f:2d:81:18:82 (wlan0) ASSO: NO AddInfo: 0x0, TSF 0, 00:12:39.956, RSSI: -142, CPL: 127, AGE: 10936, SSID ThunderSoft_2.4G, TSFDelta: 0x1ff511fd, TXRate: 0
12-01 18:46:56.369 1381 6279 D LOWI-9.0.0.87.a: [LOWI-Scan]
12-01 18:46:56.369 1381 6279 D LOWI-9.0.0.87.a: [LOWI-Scan] print_bss_handler: Report beacon TSF 758851280 as it greater than probe TSF 758851280
12-01 18:46:56.369 1381 6279 D LOWI-9.0.0.87.a: [LOWI-Scan] decode_rsn_wpa_ie: LOWI_ENCRYPTION_TYPE_WPA_PSK
12-01 18:46:56.369 1381 6279 D LOWI-9.0.0.87.a: [LOWI-Scan] is_qcom_ie, bss_age: 0
12-01 18:46:56.369 1381 6279 D LOWI-9.0.0.87.a: [LOWI-Scan] adjust_age:AP AGE upper limit reached. Dont store
12-01 18:46:56.369 1381 6279 D LOWI-9.0.0.87.a: [LOWI-Scan] BSS 7a:93:6f:0b:45:34 LOWI_PHY_MODE_11NG_HT20(5), Beacon Interval: 100, LOWI_ENCRYPTION_TYPE_WPA_PSK 11mcRanging: No, ANQP: Yes, LCI: No, Civic: No, capability(0x1431): ESS Privacy ShortPreamble ShortSlotTime
12-01 18:46:56.369 1381 6279 D LOWI-9.0.0.87.a: [LOWI-Scan] BSS 7a:93:6f:0b:45:34 FREQ: 2412, cFreq1[40:80:160] = [0:0:0] cFreq2 = 0 Country Code = CN
12-01 18:46:56.369 1381 6279 D LOWI-9.0.0.87.a: [LOWI-Scan] BSS 7a:93:6f:0b:45:34 (wlan0) ASSO: NO AddInfo: 0x1, TSF 0, 00:12:38.851, RSSI: -136, CPL: 127, AGE: 12044, SSID CHEVROLET_8675, TSFDelta: 0x2ed5ceb, TXRate: 0
12-01 18:46:56.369 1381 6279 D LOWI-9.0.0.87.a: [LOWI-Scan]
12-01 18:46:56.369 1381 6279 D LOWI-9.0.0.87.a: [LOWI-Scan] print_bss_handler: Report beacon TSF 759569864 as it greater than probe TSF 759569864
12-01 18:46:56.369 1381 6279 D LOWI-9.0.0.87.a: [LOWI-Scan] decode_rsn_wpa_ie: LOWI_ENCRYPTION_TYPE_WPA_PSK
12-01 18:46:56.369 1381 6279 D LOWI-9.0.0.87.a: [LOWI-Scan] is_qcom_ie, bss_age: 0
12-01 18:46:56.369 1381 6279 D LOWI-9.0.0.87.a: [LOWI-Scan] adjust_age:AP AGE upper limit reached. Dont store
12-01 18:46:56.369 1381 6279 D LOWI-9.0.0.87.a: [LOWI-Scan] BSS 8c:de:f9:3f:0d:ab LOWI_PHY_MODE_11AC_VHT80(10), Beacon Interval: 100, LOWI_ENCRYPTION_TYPE_WPA_PSK 11mcRanging: No, ANQP: No, LCI: No, Civic: No, capability(0x0031): ESS Privacy ShortPreamble
12-01 18:46:56.369 1381 6279 D LOWI-9.0.0.87.a: [LOWI-Scan] BSS 8c:de:f9:3f:0d:ab FREQ: 5785, cFreq1[40:80:160] = [5795:5775:0] cFreq2 = 0 Country Code = CN
12-01 18:46:56.369 1381 6279 D LOWI-9.0.0.87.a: [LOWI-Scan] BSS 8c:de:f9:3f:0d:ab (wlan0) ASSO: NO AddInfo: 0x1, TSF 0, 00:12:39.569, RSSI: -148, CPL: 127, AGE: 11324, SSID Xiaomi_0DA9_5G, TSFDelta: 0x8bac5f1e, TXRate: 0
12-01 18:46:56.369 1381 6279 D LOWI-9.0.0.87.a: [LOWI-Scan]
12-01 18:46:56.369 1381 6279 D LOWI-9.0.0.87.a: [LOWI-Scan] print_bss_handler: Report beacon TSF 759663221 as it greater than probe TSF 759663221
12-01 18:46:56.369 1381 6279 D LOWI-9.0.0.87.a: [LOWI-Scan] decode_rsn_wpa_ie: LOWI_ENCRYPTION_TYPE_WPA_PSK
12-01 18:46:56.369 1381 6279 D LOWI-9.0.0.87.a: [LOWI-Scan] is_qcom_ie, bss_age: 0
12-01 18:46:56.369 1381 6279 D LOWI-9.0.0.87.a: [LOWI-Scan] adjust_age:AP AGE upper limit reached. Dont store
12-01 18:46:56.369 1381 6279 D LOWI-9.0.0.87.a: [LOWI-Scan] BSS 6c:b1:58:f8:a2:d6 LOWI_PHY_MODE_11AC_VHT80(10), Beacon Interval: 100, LOWI_ENCRYPTION_TYPE_WPA_PSK 11mcRanging: No, ANQP: No, LCI: No, Civic: No, capability(0x1011): ESS Privacy
12-01 18:46:56.369 1381 6279 D LOWI-9.0.0.87.a: [LOWI-Scan] BSS 6c:b1:58:f8:a2:d6 FREQ: 5805, cFreq1[40:80:160] = [5795:5775:0] cFreq2 = 0 Country Code = CN
12-01 18:46:56.369 1381 6279 D LOWI-9.0.0.87.a: [LOWI-Scan] BSS 6c:b1:58:f8:a2:d6 (wlan0) ASSO: NO AddInfo: 0x1, TSF 0, 00:12:39.663, RSSI: -170, CPL: 127, AGE: 11232, SSID TP-LINK_A2D4, TSFDelta: 0xf18f34bc, TXRate: 0
12-01 18:46:56.369 1381 6279 D LOWI-9.0.0.87.a: [LOWI-Scan]
12-01 18:46:56.369 1381 6279 D LOWI-9.0.0.87.a: [LOWI-Scan] print_bss_handler: Report beacon TSF 768883566 as it greater than probe TSF 768883566
12-01 18:46:56.369 1381 6279 D LOWI-9.0.0.87.a: [LOWI-Scan] decode_rsn_wpa_ie: LOWI_ENCRYPTION_TYPE_WPA_PSK
12-01 18:46:56.369 1381 6279 D LOWI-9.0.0.87.a: [LOWI-Scan] is_qcom_ie, bss_age: 0
12-01 18:46:56.369 1381 6279 D LOWI-9.0.0.87.a: [LOWI-Scan] BSS 6e:b1:58:a8:a2:d4 LOWI_PHY_MODE_11AC_VHT40_2G(12), Beacon Interval: 100, LOWI_ENCRYPTION_TYPE_WPA_PSK 11mcRanging: No, ANQP: No, LCI: No, Civic: No, capability(0x0411): ESS Privacy ShortSlotTime
12-01 18:46:56.369 1381 6279 D LOWI-9.0.0.87.a: [LOWI-Scan] BSS 6e:b1:58:a8:a2:d4 FREQ: 2412, cFreq1[40:80:160] = [2422:0:0] cFreq2 = 0 Country Code = CN
12-01 18:46:56.369 1381 6279 D LOWI-9.0.0.87.a: [LOWI-Scan] BSS 6e:b1:58:a8:a2:d4 (wlan0) ASSO: NO AddInfo: 0x1, TSF 0, 00:12:48.883, RSSI: -134, CPL: 127, AGE: 2012, SSID , TSFDelta: 0xd9300c9e, TXRate: 0
12-01 18:46:56.369 1381 6279 D LOWI-9.0.0.87.a: [LOWI-Scan]
12-01 18:46:56.369 1381 6279 D LOWI-9.0.0.87.a: [LOWI-Scan] print_bss_handler: Report beacon TSF 769075141 as it greater than probe TSF 769075141
12-01 18:46:56.369 1381 6279 D LOWI-9.0.0.87.a: [LOWI-Scan] decode_rsn_wpa_ie: LOWI_ENCRYPTION_TYPE_WPA_PSK
12-01 18:46:56.369 1381 6279 D LOWI-9.0.0.87.a: [LOWI-Scan] is_qcom_ie, bss_age: 0
12-01 18:46:56.369 1381 6279 D LOWI-9.0.0.87.a: [LOWI-Scan] BSS 18:6f:2d:0a:ae:00 LOWI_PHY_MODE_11NG_HT20(5), Beacon Interval: 100, LOWI_ENCRYPTION_TYPE_WPA_PSK 11mcRanging: No, ANQP: No, LCI: No, Civic: No, capability(0x0531): ESS Privacy ShortPreamble SpectrumMgmt ShortSlotTime
12-01 18:46:56.369 1381 6279 D LOWI-9.0.0.87.a: [LOWI-Scan] BSS 18:6f:2d:0a:ae:00 FREQ: 2422, cFreq1[40:80:160] = [2422:0:0] cFreq2 = 0 Country Code = CN
12-01 18:46:56.369 1381 6279 D LOWI-9.0.0.87.a: [LOWI-Scan] BSS 18:6f:2d:0a:ae:00 (wlan0) ASSO: NO AddInfo: 0x1, TSF 0, 00:12:49.075, RSSI: -144, CPL: 127, AGE: 1820, SSID Testing , TSFDelta: 0xbdaff3f7, TXRate: 0
12-01 18:46:56.369 1381 6279 D LOWI-9.0.0.87.a: [LOWI-Scan]
12-01 18:46:56.369 1381 6279 D LOWI-9.0.0.87.a: [LOWI-Scan] print_bss_handler: Report Probe TSF 769279675 as it greater than Beacon TSF 769272734
12-01 18:46:56.369 1381 6279 D LOWI-9.0.0.87.a: [LOWI-Scan] decode_rsn_wpa_ie: LOWI_ENCRYPTION_TYPE_WPA_PSK
12-01 18:46:56.369 1381 6279 D LOWI-9.0.0.87.a: [LOWI-Scan] is_qcom_ie, bss_age: 0
12-01 18:46:56.369 1381 6279 D LOWI-9.0.0.87.a: [LOWI-Scan] BSS 18:6f:2d:81:1f:d5 LOWI_PHY_MODE_11AC_VHT20(8), Beacon Interval: 100, LOWI_ENCRYPTION_TYPE_WPA_PSK 11mcRanging: No, ANQP: No, LCI: No, Civic: No, capability(0x0111): ESS Privacy SpectrumMgmt
12-01 18:46:56.369 1381 6279 D LOWI-9.0.0.87.a: [LOWI-Scan] BSS 18:6f:2d:81:1f:d5 FREQ: 5240, cFreq1[40:80:160] = [5240:0:0] cFreq2 = 0 Country Code = CN
12-01 18:46:56.369 1381 6279 D LOWI-9.0.0.87.a: [LOWI-Scan] BSS 18:6f:2d:81:1f:d5 (wlan0) ASSO: NO AddInfo: 0x0, TSF 0, 00:12:49.279, RSSI: -170, CPL: 127, AGE: 1616, SSID GM, TSFDelta: 0x9f005f01, TXRate: 0
12-01 18:46:56.370 1381 6279 D LOWI-9.0.0.87.a: [LOWI-Scan]
12-01 18:46:56.370 1381 6279 D LOWI-9.0.0.87.a: [LOWI-Scan] print_bss_handler: Report Probe TSF 769416229 as it greater than Beacon TSF 0
12-01 18:46:56.370 1381 6279 D LOWI-9.0.0.87.a: [LOWI-Scan] decode_rsn_wpa_ie: LOWI_ENCRYPTION_TYPE_WPA_PSK
12-01 18:46:56.370 1381 6279 D LOWI-9.0.0.87.a: [LOWI-Scan] is_qcom_ie, bss_age: 0
12-01 18:46:56.370 1381 6279 D LOWI-9.0.0.87.a: [LOWI-Scan] BSS 46:4b:c6:80:e4:ba LOWI_PHY_MODE_11AC_VHT80(10), Beacon Interval: 100, LOWI_ENCRYPTION_TYPE_WPA_PSK 11mcRanging: No, ANQP: No, LCI: No, Civic: No, capability(0x0531): ESS Privacy ShortPreamble SpectrumMgmt ShortSlotTime
12-01 18:46:56.370 1381 6279 D LOWI-9.0.0.87.a: [LOWI-Scan] BSS 46:4b:c6:80:e4:ba FREQ: 5745, cFreq1[40:80:160] = [5755:5775:0] cFreq2 = 0 Country Code = CN
12-01 18:46:56.370 1381 6279 D LOWI-9.0.0.87.a: [LOWI-Scan] BSS 46:4b:c6:80:e4:ba (wlan0) ASSO: NO AddInfo: 0x0, TSF 0, 00:12:49.416, RSSI: -174, CPL: 127, AGE: 1476, SSID HUAWEI Mate 40 Pro, TSFDelta: 0x67842894, TXRate: 0
12-01 18:46:56.370 1381 6279 D LOWI-9.0.0.87.a: [LOWIDiagLog] Log: lowiMeasResult->request: invalid null argument
12-01 18:46:56.370 1381 6279 I LOWI-9.0.0.87.a: [LOWI-Scan] lowi_close_record:Scan done in 742922ms, 75 APs in scan results
12-01 18:46:56.370 1381 6279 D LOWI-9.0.0.87.a: [LOWI-Scan] WipsScanUsingNL: passive scan cached 0, took 10274 ms, err 0
12-01 18:46:56.370 1381 6279 D LOWI-9.0.0.87.a: [LOWI-Scan] lowi_proc_req_passive_scan_with_live_meas - No WLAN Frames to be parsed
12-01 18:46:56.370 1381 6279 D LOWI-9.0.0.87.a: [LOWIScanResultReceiver] Send scan meas to listener
12-01 18:46:56.370 1381 6279 D LOWI-9.0.0.87.a: [LOWIScanResultReceiver] Enter passive listening mode
12-01 18:46:56.370 1381 6279 D LOWI-9.0.0.87.a: [LOWIWifiDriverInterface] getMeasurements - Passive listening mode
12-01 18:46:56.370 1381 6279 D LOWI-9.0.0.87.a: [LOWI-Scan] WipsScanUsingNL:wait -1 sec for netlink message
12-01 18:46:56.370 1381 1413 D LOWI-9.0.0.87.a: [LOWIEventReceiver] handleEvent:FROM:NA, TO:NA, REQ:NA, IREQ:NA, REQ_ID:0, RESP:NA, INFO:NA
12-01 18:46:56.370 1381 1413 D LOWI-9.0.0.87.a: [LOWIBackgroundScanMgr] isRspForBgScanMgr: evt(LOWI_NO_EVT) - not handled
12-01 18:46:56.370 1381 1413 D LOWI-9.0.0.87.a: [LOWIScheduler] manageMsg: NULL results or NULL request in results
12-01 18:46:56.370 1381 1413 D LOWI-9.0.0.87.a: [LOWIController] Measurements received
12-01 18:46:56.370 1381 1413 D LOWI-9.0.0.87.a: [LOWICacheManager] putInCache:Num of Meas to add: 75
12-01 18:46:56.371 1495 2290 D WificondScannerImpl: Filtering out 40 scan results.
12-01 18:46:56.371 1381 1413 D LOWI-9.0.0.87.a: [LOWIController] processMeasurementResults: No current Request. Cache measurements
12-01 18:46:56.371 1381 1413 D LOWI-9.0.0.87.a: [LOWIController] sendAsyncScanResponse: Request FreeWifiScanObserver_0 is from a different client.
12-01 18:46:56.372 1381 1413 D LOWI-9.0.0.87.a: [LOWIController] generateResponse: Type (ASYNC_DISCOVERY_SCAN_RESULTS) ScanStatus (1) request FreeWifiScanObserver_0
12-01 18:46:56.372 1381 1413 D LOWI-9.0.0.87.a: [LOWIEventDispatcher] sendResponse - originator = FreeWifiScanObserver
12-01 18:46:56.372 1381 1413 D LOWI-9.0.0.87.a: [LOWIUtils] injectScanMeasurements - num of APs = 75
12-01 18:46:56.373 1381 1413 I LOWI-9.0.0.87.a: [LOWIUtils] responseToOutPostcard - TO: FreeWifiScanObserver, FROM: LOWI-SERVER, RESP: LOWI_ASYNC_DISCOVERY_SCAN_RESULTS
12-01 18:46:56.374 1381 1413 D LOWI-9.0.0.87.a: [LOWIControllerExtn] sendLOWILpDiscoveryScanResponse: Not a discovery scan response
12-01 18:46:56.380 2742 2742 D WifiDebugService: onScanResultsAvailable
12-01 18:46:56.382 1495 2286 D PasspointManager: ANQP entry not found for: 6e:0a:25:c2:6d:08:
12-01 18:46:56.383 1495 2286 D PasspointManager: ANQP entry not found for: ce:1c:7a:81:ef:c5:
12-01 18:46:56.405 2742 2742 D WifiDebugService: connect wifi SSID is : "Xiaomi_C0F6_5G"
12-01 18:46:56.414 2742 2742 W WifiDebugService: find wifi : Fanya
12-01 18:46:56.414 2742 2742 W WifiDebugService: find wifi : ThunderSoft
12-01 18:46:56.414 2742 2742 W WifiDebugService: find wifi : GM
12-01 18:46:56.414 2742 2742 W WifiDebugService: find wifi : ThunderSoft_2.4G
12-01 18:46:56.414 2742 2742 W WifiDebugService: find wifi :
12-01 18:46:56.414 2742 2742 W WifiDebugService: find wifi : ZXHY
12-01 18:46:56.414 2742 2742 W WifiDebugService: find wifi : Testing
12-01 18:46:56.414 2742 2742 W WifiDebugService: find wifi : Guest
12-01 18:46:56.414 2742 2742 W WifiDebugService: find wifi : ThunderSoft_2.4G
12-01 18:46:56.414 2742 2742 W WifiDebugService: find wifi : ZXHY
12-01 18:46:56.414 2742 2742 W WifiDebugService: find wifi : Fanya
12-01 18:46:56.414 2742 2742 W WifiDebugService: find wifi : ThunderSoft
12-01 18:46:56.414 2742 2742 W WifiDebugService: find wifi : NETGEAR60
12-01 18:46:56.414 2742 2742 W WifiDebugService: can not find target wifi ap : hht_test_wifi_fc4318c9
12-01 18:46:56.427 0 0 W swapper/1: type=1400 audit(0.0:728): avc: denied { kill } for capability=5 scontext=u:r:kernel:s0 tcontext=u:r:kernel:s0 tclass=capability permissive=0
12-01 18:46:57.258 643 657 I mpu_uart: [MSG-P:RECV]:No message received in 1000 ms
12-01 18:46:57.427 0 0 W swapper/1: type=1400 audit(0.0:729): avc: denied { kill } for capability=5 scontext=u:r:kernel:s0 tcontext=u:r:kernel:s0 tclass=capability permissive=0
12-01 18:46:57.688 3267 3267 I hpplay-java: [main]:ServerTaskManager:restart by error
12-01 18:46:57.688 3267 3267 I hpplay-java: [main]:ServerTaskManager:startServer
12-01 18:46:57.688 3267 3267 I hpplay-java: [main]:ServerTaskManager:startServer add, reason: server is starting or running
12-01 18:46:57.688 3267 3267 I hpplay-java: [main]:ServerTaskManager:addStopTask
12-01 18:46:57.688 3267 3267 I hpplay-java: [main]:ServerTaskManager:addStartTask
12-01 18:46:57.688 3267 3267 I hpplay-java: [main]:ServerTaskManager:exeTask stopServer
12-01 18:46:57.689 3267 3267 I hpplay-java: [main]:Bridge:stopServer keepPush: false
12-01 18:46:57.689 3267 3267 D hpplay-base: [jniBridge:909] Bridge__1stopServer status:2
12-01 18:46:57.692 3267 3267 D hpplay-base: [LelinkBase:654] stopAllServer will start thread!
12-01 18:46:57.699 3267 6456 I hpplay-base: [mDNSEmbeded:65] embedded_mDNSExit call
12-01 18:46:57.699 3267 6451 D hpplay-base: [REventUtils:197] handleREventThread thread end!!,tid is 6451
12-01 18:46:57.700 3267 6450 D hpplay-base: [AEventUtils:588] handle AEvent thread end!!,tid is 6450
12-01 18:46:57.716 3267 6427 D hpplay-base: [stream_mirror_compat:1284] mirror stream begin to exit,server fd:105,thread_id:3072147904!!
12-01 18:46:57.717 3267 6427 D hpplay-base: [stream_mirror_compat:1323] ##screen stream exit successfully!!##
12-01 18:46:57.882 3267 6426 D hpplay-base: [Server:447] startHttpServer will END srv->serverType:0
12-01 18:46:57.882 3267 6426 D hpplay-base: [Server:646] startHttpServer cond srv_shutdown:1 connectNummber:0
12-01 18:46:57.882 3267 6426 D hpplay-base: [Server:669] startHttpServer wait cond END. srv_shutdown:1 connectNummber:0
12-01 18:46:57.882 3267 6426 D hpplay-base: [Server:457] HttpServer END, tid is 6426
12-01 18:46:57.949 3267 6446 I hpplay-base: [mDNSEmbeded:140] embedded_mDNSLoop Exiting end,tid is 6446
12-01 18:46:57.949 3267 6456 D hpplay-base: [mDNSEmbeded:452] stopmDNSServer end stopmDNSNow=2, nRet=0
12-01 18:46:58.170 3267 6447 I hpplay-base: [mDNSEmbeded:376] end lelink publish server, tid is 6447
12-01 18:46:58.171 3267 6456 D hpplay-base: [mDNSEmbeded:420] stopmLelinkServer end nRet=0
12-01 18:46:58.171 3267 6456 D hpplay-base: [LelinkBase:615] lebodlna stopServerThreadFunc dlnaEnable:1
12-01 18:46:58.171 3267 6456 D hpplay-base-dlna: [lebodlna_api:49] stop DMR
12-01 18:46:58.171 3267 6456 D hpplay-base-dlna: [lebodlna_api:344] m_pRender Release
12-01 18:46:58.228 3267 6456 D hpplay-base-dlna: [UpnpDefine:867] DMRender release success
12-01 18:46:58.228 3267 6456 D hpplay-base-dlna: [lebodlna_api:352] m_pAVT Release
12-01 18:46:58.228 3267 6456 D hpplay-base-dlna: [lebodlna_api:360] m_pRCS Release
12-01 18:46:58.228 3267 6456 D hpplay-base-dlna: [lebodlna_api:365] dmrender destroydmr
12-01 18:46:58.258 643 657 I mpu_uart: [MSG-P:RECV]:No message received in 1000 ms
12-01 18:46:58.427 0 0 W swapper/1: type=1400 audit(0.0:730): avc: denied { kill } for capability=5 scontext=u:r:kernel:s0 tcontext=u:r:kernel:s0 tclass=capability permissive=0
12-01 18:46:58.528 3267 6456 D hpplay-base-dlna: [lebodlna-dlna_android:186] stopDLNA
12-01 18:46:58.528 3267 6456 D hpplay-base-dlna: [lebodlna-dlna_android:189] dlnaservice destroy
12-01 18:46:58.528 3267 6456 D hpplay-base-dlna: [lebodlna-dlna_android:49] dlnaservice Destroy 49 int CDlnaService::Destroy()
12-01 18:46:58.528 3267 6456 D hpplay-base-dlna: [lebodlna-dlnaframe:245] dlnaservice Destroy 245 static ERROR_TYPE IDlnaFrame::DestroyDlnaFrame(IDlnaFrame *)
12-01 18:46:58.528 3267 6456 D hpplay-base-dlna: [lebodlna-dlnaframe:179] dlnaservice Destroy 179 virtual void CDlnaFrame::Release()
12-01 18:46:58.528 3267 6456 D hpplay-base-dlna: [lebodlna-dlnaframe:190] dlnaservice Destroy 190 virtual void CDlnaFrame::Release()
12-01 18:46:58.528 3267 6456 D hpplay-base-dlna: [lebodlna-dlnaframe:192] dlnaservice Destroy 192 virtual void CDlnaFrame::Release()
12-01 18:46:58.528 3267 6456 D hpplay-base-dlna: [lebodlna-dlnaframe:247] dlnaservice Destroy 247 static ERROR_TYPE IDlnaFrame::DestroyDlnaFrame(IDlnaFrame *)
12-01 18:46:58.528 3267 6456 D hpplay-base-dlna: [lebodlna-dlnaframe:251] dlnaservice Destroy 251 static ERROR_TYPE IDlnaFrame::DestroyDlnaFrame(IDlnaFrame *)
12-01 18:46:58.531 3267 6456 E hpplay-base-dlna: upnpapi.c:655::before gminiserver ThreadPoolShutdown
12-01 18:46:58.531 3267 6456 E hpplay-base-dlna: ThreadPool.c:1047::on ThreadPoolShutdown tp->totalThreads:3
12-01 18:46:58.532 3267 6456 E hpplay-base-dlna: ThreadPool.c:1056::after ThreadPoolShutdown
12-01 18:46:58.532 3267 6456 E hpplay-base-dlna: ThreadPool.c:1057::ThreadPoolShutdown tp->totalThreads:0
12-01 18:46:58.532 3267 6456 E hpplay-base-dlna: upnpapi.c:657::after gminiserver ThreadPoolShutdown
12-01 18:46:58.532 3267 6456 E hpplay-base-dlna: upnpapi.c:659::before grecv ThreadPoolShutdown
12-01 18:46:58.532 3267 6456 E hpplay-base-dlna: ThreadPool.c:1047::on ThreadPoolShutdown tp->totalThreads:12
12-01 18:46:58.532 3267 6456 E hpplay-base-dlna: ThreadPool.c:1047::on ThreadPoolShutdown tp->totalThreads:10
12-01 18:46:58.534 3267 6456 E hpplay-base-dlna: ThreadPool.c:1056::after ThreadPoolShutdown
12-01 18:46:58.534 3267 6456 E hpplay-base-dlna: ThreadPool.c:1057::ThreadPoolShutdown tp->totalThreads:0
12-01 18:46:58.534 3267 6456 E hpplay-base-dlna: upnpapi.c:661::after grecv ThreadPoolShutdown
12-01 18:46:58.534 3267 6456 E hpplay-base-dlna: upnpapi.c:663::before gsend ThreadPoolShutdown
12-01 18:46:58.534 3267 6456 E hpplay-base-dlna: ThreadPool.c:1047::on ThreadPoolShutdown tp->totalThreads:3
12-01 18:46:58.535 3267 6456 E hpplay-base-dlna: ThreadPool.c:1056::after ThreadPoolShutdown
12-01 18:46:58.535 3267 6456 E hpplay-base-dlna: ThreadPool.c:1057::ThreadPoolShutdown tp->totalThreads:0
12-01 18:46:58.535 3267 6456 E hpplay-base-dlna: upnpapi.c:665::after gsend ThreadPoolShutdown
12-01 18:46:58.535 3267 6456 D hpplay-base-dlna: [lebodlna-dlnaframe:253] dlnaservice Destroy 253 static ERROR_TYPE IDlnaFrame::DestroyDlnaFrame(IDlnaFrame *)
12-01 18:46:58.535 3267 6456 D hpplay-base-dlna: [lebodlna-dlna_android:51] dlnaservice Destroy 51 int CDlnaService::Destroy()
12-01 18:46:58.535 3267 6456 D hpplay-base-dlna: [lebodlna-dlna_android:194] stopDLNA end
12-01 18:46:58.722 643 655 I mpu_uart: [MSG-P:R]:recv sync frame timeout
12-01 18:46:58.835 3267 6456 D hpplay-base: [stream_mirror_compat:1489] request to stop screen stream session!!
12-01 18:46:58.836 3267 6456 D hpplay-base: [AEventUtils:625] begin to stop event handle service!!
12-01 18:46:58.836 3267 6456 D hpplay-base: [AEventUtils:628] stop event handle service ok!!
12-01 18:46:58.836 3267 6456 D hpplay-base: [REventUtils:231] begin to stop report handle service!!
12-01 18:46:58.836 3267 6456 D hpplay-base: [REventUtils:234] stop report handle service ok!!
12-01 18:46:58.836 3267 6456 D hpplay-base: [lelinkSinkServer:711] HTTP Server stopSinkServer End .
12-01 18:46:58.836 3267 6456 D hpplay-base: [jniBridge:1135] notifyJavaServerStoped
12-01 18:46:58.836 3267 6456 D hpplay-base: [jniBridge:1726] notifyJava, what:202, castType:0, mimeType:0 baseStatus:4
12-01 18:46:58.836 3267 6456 D hpplay-base: [jniBridge:1727] notifyJava sessionID:(null)
12-01 18:46:58.837 3267 6456 I hpplay-java: [Thread-97]:Bridge:notify: what: 202
12-01 18:46:58.839 3267 6456 I hpplay-java: [Thread-97]:Bridge:notify: out: OutParameters:{audioSessionId=-1, audiotrackIndex=0, castHandleType=-1, castType=0, deviceName='', dlnaName='', dramaID='', extra=0, frameHandleType=-1, handleInside=true, headduration=0, header='', headers=null, isAD=false, isMultiMirror=false, lelinkVer='', limitTime=0, , mediaAlbum='null', mediaAlbumArtURI='', mediaArtist='null', mediaAssets='', mediaTitle='null', mimeType=0, multiSession=null, period=0, pinCode='', playSpeed=0.0, playerChoice=0, plugin=0, port=0, position=0.0, positionUnit=2, protocol=0, realSessionID='', regType='', , sinkIp='', sourceAPPVersion='', sourceChannel='', sourceClientInfo='', sourceDeviceInfo='', sourceDeviceModel='', sourceDeviceName='', sourceDeviceType=0, sourceHID='', , sourceInfo='', , , sourceOSVersion='', sourceSDKVersion='', sourceUid='', stopDetail=0, stopReason=0, tailduration=0, url='', urlID='', urls=null, userAgent='', videoDecoder=0, volume=0, what=202}com.hpplay.sdk.sink.protocol.OutParameters@a6432d8
12-01 18:46:58.839 3267 6456 I hpplay-java: [Thread-97]:Bridge:notify: address:255305265
12-01 18:46:58.839 3267 6456 D hpplay-base: [LelinkBase:645] stopServerThreadFunc notifyJavaServerStoped!
12-01 18:46:58.840 3267 3267 I hpplay-java: [main]:ServerTaskManager:startTimeOutCheck
12-01 18:46:58.840 3267 3267 I hpplay-java: [main]:ServerBusiness:stopDaemonBusiness
12-01 18:46:58.840 3267 3267 I hpplay-java: [main]:SinkDataReport:logout
12-01 18:46:58.841 3267 3267 I hpplay-java: [main]:EPControl:release
12-01 18:46:58.844 3267 3267 I hpplay-java: [main]:Dispatcher:notifyAllReverseControlsStop
12-01 18:46:58.844 3267 3267 I hpplay-java: [main]:Preference:checkFeature none
12-01 18:46:58.845 3267 3267 I hpplay-java: [main]:Dispatcher:notifyAllUIControlsStop set: []
12-01 18:46:58.845 3267 3267 I hpplay-java: [main]:Bridge:findServiceID start out: 255305265
12-01 18:46:58.845 3267 3267 I hpplay-java: [main]:Bridge:findServiceID end
12-01 18:46:58.845 3267 3267 I hpplay-java: [main]:ServerTaskManager:onStop retry:true
12-01 18:46:58.845 3267 3267 I hpplay-java: [main]:ServerTaskManager:cancelTimeOutCheck
12-01 18:46:58.845 3267 6421 W hpplay-java: NanoHTTPDServerRunnable:Communication with the client broken
12-01 18:46:58.845 3267 6421 W hpplay-java: java.net.SocketException: Socket closed
12-01 18:46:58.845 3267 6421 W hpplay-java: at java.net.PlainSocketImpl.socketAccept(PlainSocketImpl.java:213)
12-01 18:46:58.845 3267 6421 W hpplay-java: at java.net.AbstractPlainSocketImpl.accept(AbstractPlainSocketImpl.java:451)
12-01 18:46:58.845 3267 6421 W hpplay-java: at java.net.ServerSocket.implAccept(ServerSocket.java:547)
12-01 18:46:58.845 3267 6421 W hpplay-java: at java.net.ServerSocket.accept(ServerSocket.java:515)
12-01 18:46:58.845 3267 6421 W hpplay-java: at com.hpplay.nanohttpd.protocols.http.ServerRunnable.run(SourceFile:118)
12-01 18:46:58.845 3267 6421 W hpplay-java: at java.lang.Thread.run(Thread.java:920)
12-01 18:46:58.845 3267 6421 I hpplay-java: NanoHTTPDNanoHTTPD:server is stoped
12-01 18:46:58.845 3267 6421 I hpplay-java: NanoHTTPDNanoHTTPD:clear obj
12-01 18:46:58.846 3267 3267 I hpplay-java: [main]:IPManager:getActiveNets type: WIFI
12-01 18:46:58.846 3267 6140 I hpplay-java: [AsyncTask #116]:GlideCreator:clearCache clearDiskCache
12-01 18:46:58.847 3267 3267 I hpplay-java: [main]:IPManager:getActiveNets eth0:false wifi:true mobile:false ap:false
12-01 18:46:58.847 3267 3267 I hpplay-java: [main]:IPManager:getIPAddress IP_WLAN0
12-01 18:46:58.851 3267 3267 I hpplay-java: [main]:IPManager:updateIPAddress getIPAddress: 192.168.4.16 name:vlan4
12-01 18:46:58.851 3267 3267 I hpplay-java: [main]:IPManager:updateIPAddress getIPAddress: 192.168.0.18 name:wlan0
12-01 18:46:58.851 3267 3267 I hpplay-java: [main]:IPManager:updateIPAddress getIPAddress: 192.168.8.16 name:vlan8
12-01 18:46:58.851 3267 3267 I hpplay-java: [main]:IPManager:updateIPAddress getIPAddress: 192.168.11.16 name:vlan11
12-01 18:46:58.851 3267 3267 I hpplay-java: [main]:IPManager:updateIPAddress getIPAddress: 192.168.0.16 name:vlan0
12-01 18:46:58.851 3267 3267 I hpplay-java: [main]:IPManager:updateIPAddress getIPAddress: 192.168.2.16 name:vlan2
12-01 18:46:58.851 3267 3267 I hpplay-java: [main]:IPManager:updateIPAddress getIPAddress: 192.168.1.16 name:vlan1
12-01 18:46:58.852 3267 3267 I hpplay-java: [main]:ServerTaskManager:exeTask startServer
12-01 18:46:58.852 3267 3267 I hpplay-java: [main]:ServerTaskManager:startTimeOutCheck
12-01 18:46:58.852 3267 5961 I hpplay-java: [AsyncTask #90]:ServerBusiness:startDaemonBusiness
12-01 18:46:58.852 3267 5961 I hpplay-java: [AsyncTask #90]:TimeOutCheckUtil:addTask id:upgrade
12-01 18:46:58.852 3267 5956 I hpplay-java: [AsyncTask #89]:Bridge:assembleInParameters
12-01 18:46:58.853 3267 5961 I hpplay-java: [AsyncTask #90]:TimeOutCheckUtil:addTask id:ijkupgrade
12-01 18:46:58.853 3267 5956 I hpplay-java: [AsyncTask #89]:Bridge:createDeviceId deviceId:ZjQ6M2E6MTk6MWQ6Yjg6MzM=
12-01 18:46:58.854 3267 6459 I hpplay-java: NanoHTTPDNanoHTTPD:server is started
12-01 18:46:58.854 3267 5956 I hpplay-java: [AsyncTask #89]:IPManager:getActiveNets type: WIFI
12-01 18:46:58.854 3267 5956 I hpplay-java: [AsyncTask #89]:IPManager:getActiveNets eth0:false wifi:true mobile:false ap:false
12-01 18:46:58.854 3267 5956 I hpplay-java: [AsyncTask #89]:IPManager:getIPAddress IP_WLAN0
12-01 18:46:58.854 3267 5956 I hpplay-java: [AsyncTask #89]:Preference:checkFeature none
12-01 18:46:58.855 3267 5956 I hpplay-java: [AsyncTask #89]:SWI:dlna tip
12-01 18:46:58.855 3267 5956 I hpplay-java: [AsyncTask #89]:SWI:lefp tip
12-01 18:46:58.855 3267 5956 I hpplay-java: [AsyncTask #89]:Bridge:assembleInParameters none alias name use device name: 高合娱乐副屏
12-01 18:46:58.855 3267 5956 I hpplay-java: [AsyncTask #89]:Feature:isSendAdvertisement
12-01 18:46:58.855 3267 5956 I hpplay-java: [AsyncTask #89]:Preference:checkFeature none
12-01 18:46:58.855 3267 5956 I hpplay-java: [AsyncTask #89]:Preference:checkFeature none
12-01 18:46:58.855 3267 5956 I hpplay-java: [AsyncTask #89]:Bridge:backupHpplayDat bakPath:
12-01 18:46:58.855 3267 5956 I hpplay-java: [AsyncTask #89]:Bridge:path:/data/user/0/com.hht.lebocast/files/hpplay/file/happyplay.dat
12-01 18:46:58.855 3267 5956 I hpplay-java: [AsyncTask #89]:Bridge:mAppId:21409
12-01 18:46:58.855 3267 5956 I hpplay-java: [AsyncTask #89]:Bridge:mode:3
12-01 18:46:58.855 3267 5956 I hpplay-java: [AsyncTask #89]:Bridge:type:1
12-01 18:46:58.855 3267 5956 I hpplay-java: [AsyncTask #89]:Bridge:SN:
12-01 18:46:58.855 3267 5956 I hpplay-java: [AsyncTask #89]:Preference:checkFeature none
12-01 18:46:58.855 3267 5956 I hpplay-java: [AsyncTask #89]:Bridge:backPath:
12-01 18:46:58.856 3267 5956 I hpplay-java: [AsyncTask #89]:DeviceUtil:getPermissionDid: 1
12-01 18:46:58.856 3267 5956 I hpplay-java: [AsyncTask #89]:DeviceUtil:getPermissionDid: 1
12-01 18:46:58.856 3267 5956 I hpplay-java: [AsyncTask #89]:Preference:checkFeature none
12-01 18:46:58.856 3267 5956 I hpplay-java: [AsyncTask #89]:Preference:checkFeature none
12-01 18:46:58.856 3267 5956 I hpplay-java: [AsyncTask #89]:Preference:checkFeature none
12-01 18:46:58.856 3267 5956 I hpplay-java: [AsyncTask #89]:Preference:checkFeature none
12-01 18:46:58.856 3267 5956 I hpplay-java: [AsyncTask #89]:Preference:checkFeature none
12-01 18:46:58.856 3267 5956 I hpplay-java: [AsyncTask #89]:Preference:checkFeature none
12-01 18:46:58.864 3267 5961 W hpplay-java: [AsyncTask #90]:ServerBusiness:startDaemonBusiness start LelinkHTTPD sucess 52288
12-01 18:46:58.878 3267 5956 W hpplay-java: [AsyncTask #89]:DeviceUtils:getDomain create lb domain
12-01 18:46:58.880 3267 5956 I hpplay-java: [AsyncTask #89]:Feature:getMirrorAudioVideoSync DISABLE
12-01 18:46:58.880 3267 5956 I hpplay-java: [AsyncTask #89]:Feature:checkSupportRedirectOtherApp,no set redirect api
12-01 18:46:58.881 3267 5956 I hpplay-java: [AsyncTask #89]:Feature:getRedirectSearchFlag,value: 0
12-01 18:46:58.882 3267 5956 I hpplay-java: [AsyncTask #89]:Bridge:mIn: InParameters{appInfo='0', appKey='21409', authMode=0, authPwd='null', broadcastDirection=0, broadcastState=1, broadcastTimeout=3, buildType='release', cacheAVPath='/data/user/0/com.hht.lebocast/cache/hpplay/av', cachePhotoPath='/data/user/0/com.hht.lebocast/cache/hpplay/image', channel='LEBO-APK--60146-25915', desPath='', , deviceName='高合娱乐副屏', dlna=1, dlnaCompany='null', dlnaCompanyURL='null', dlnaDeviceDescribe='null', dlnaDeviceName='null', dlnaDeviceURL='null', dlnaLelinkSwitch=1, dlnaManufacturer=0, dlnaName='高合娱乐副屏', dlnaUPC='', dlnaUUID='f0e48867-b427-01a9-e4c2-9cad7efbe861', domain='Lebo-figure-9232c50cda73', drainage=0, feature='6655', fps=60, height=1080, host='null', , keyPath='/data/user/0/com.hht.lebocast/files/hpplay/file', lelinkfp=1, lelinkfp2=0, logBaseState=1, logPath='/storage/emulated/0/com.hht.lebocast/sink/sdk/common', , mdnsEnable=1, mirrorSyncType=0, netCastVer='2.0', packageName='com.hht.lebocast', packagePath='/data/user/0/com.hht.lebocast', permissionDid='92:32:c5:0c:da:73', permissionMode=3, permissionPreSN='', port=0, preemptMode=0, regType='_leboremote._tcp.', serverPorts=null, sockWaitTimeOut=45, teleControlPort=53388, tunnels=3, txtKeys=null, txtValues=null, uid='-1064672117243984124', videoFrameType=1001, width=1920}com.hpplay.sdk.sink.protocol.InParameters@5a8ab33
12-01 18:46:58.882 3267 3267 I hpplay-java: [main]:Bridge:startServer state: 0
12-01 18:46:58.882 3267 3267 D hpplay-base: [jniBridge:185] not conference version
12-01 18:46:58.882 3267 3267 I hpplay-base: [jniBridge:241] 1initServer nSettingWidth=1920 nSettingHeight=1080 nSettingMaxFPS=60 dlnaEnable=1 lelinkFpEnable=1
12-01 18:46:58.882 3267 3267 D hpplay-base: [jniBridge:283] 1initServer cfg.leLinkIp=192.168.0.18
12-01 18:46:58.882 3267 3267 D hpplay-base: [jniBridge:286] 1initServer cfg.mPermissionMode=3
12-01 18:46:58.882 3267 3267 D hpplay-base: [jniBridge:304] 1initServer cfg.permissionDid=92:32:c5:0c:da:73000000000000000
12-01 18:46:58.882 3267 3267 D hpplay-base: [jniBridge:313] 1initServer cfg.mPermissionPreSN=00000000000000000000000000000000
12-01 18:46:58.882 3267 3267 D hpplay-base: [jniBridge:317] Bridge___1initServer status:0
12-01 18:46:58.882 3267 3267 I hpplay-base: [jniBridge:325] 1initServer cfg.feature=6655
12-01 18:46:58.883 3267 3267 D hpplay-base: [jniBridge:377] 1initServer isSendBroadCast=3
12-01 18:46:58.883 3267 3267 D hpplay-base: [jniBridge:380] 1initServer broadcastDirection=0
12-01 18:46:58.883 3267 3267 D hpplay-base: [jniBridge:382] 1initServer ipBroadcast direction=0
12-01 18:46:58.883 3267 3267 D hpplay-base: [jniBridge:387] 1initServer tunnel=3
12-01 18:46:58.883 3267 3267 D hpplay-base: [jniBridge:390] 1initServer drainage=0
12-01 18:46:58.883 3267 3267 D hpplay-base: [jniBridge:401] 1initServer mDNSEnable=1
12-01 18:46:58.883 3267 3267 D hpplay-base: [jniBridge:406] 1initServer nSockWaitTimeOut=45
12-01 18:46:58.883 3267 3267 D hpplay-base: [jniBridge:410] 1initServer nMirrorAudioVideoSync=0
12-01 18:46:58.883 3267 3267 I hpplay-base: [sign_check:168] checkSign strPackageName:com.hht.lebocast
12-01 18:46:58.883 3267 3267 I hpplay-base: [sign_check:169] checkSign buildType:release
12-01 18:46:58.883 3267 3267 I hpplay-base: [sign_check:170] checkSign appKey:21409
12-01 18:46:58.883 3267 3267 D hpplay-base: [LelinkBase:405] bridgeInit port: 0, lelinkfp: 0
12-01 18:46:58.883 3267 3267 D hpplay-base: [LelinkBase:462] bridgeInit mPackagePath =/data/user/0/com.hht.lebocast
12-01 18:46:58.883 3267 3267 D hpplay-base: [LelinkBase:463] bridgeInit mKeyPath =/data/user/0/com.hht.lebocast/files/hpplay/file
12-01 18:46:58.883 3267 3267 D hpplay-base: [SinkContext:97] initSinkContext mPackagePath =/data/user/0/com.hht.lebocast
12-01 18:46:58.883 3267 3267 D hpplay-base: [SinkContext:98] initSinkContext mKeyPath =/data/user/0/com.hht.lebocast/files/hpplay/file
12-01 18:46:58.883 3267 3267 D hpplay-base: [jniBridge:478] Java_com_hpplay_sdk_sink_protocol_Bridge__1initServer end
12-01 18:46:58.883 3267 3267 D hpplay-base: [jniBridge:869] Bridge__1startServer status:1
12-01 18:46:58.884 3267 3267 D hpplay-base: [LelinkBase:492] startAllServer at base
12-01 18:46:58.884 3267 3267 D hpplay-base: [lelinkSinkServer:152] httpPlugins_SetServerPort TYPE_SERVER_LELINK:52266
12-01 18:46:58.884 3267 3267 D hpplay-base: [network.c:362] protocol bind host :192.168.0.18 port:52266 curent bind port:52266
12-01 18:46:58.884 3267 3267 D hpplay-base: [lelinkSinkServer:681] HTTP Server real at:52266
12-01 18:46:58.884 3267 6464 D hpplay-base: [lelinkSinkServer:644] Connected Service Type:0
12-01 18:46:58.884 3267 3267 D hpplay-base: [ScreenStream:1285] current bind port:7100
12-01 18:46:58.884 3267 6464 I hpplay-base: : (server.c.315) startServer listen_ing....:
12-01 18:46:58.884 3267 6464 D hpplay-base: [Server:371] startHttpServer srv_sockets.used:1 nCurrentFd:105, tid is 6464
12-01 18:46:58.885 3267 3267 D hpplay-base: [LelinkBase:515] startAllServer pBaseContext->config.dlnaEnable:1
12-01 18:46:58.885 3267 3267 D hpplay-base: [lelinkDlna:324] addDMRCallback end
12-01 18:46:58.885 3267 6465 D hpplay-base: [stream_mirror_compat:759] compat mirror stream begin to run,server fd:101,thread_id:3068989888!!
12-01 18:46:58.887 3267 3267 E hpplay-base-dlna: miniserver.c:788::dlna_port(ipv4: 49152 ipv6:0)
12-01 18:46:58.888 3267 3267 D hpplay-base-dlna: [lebodlna-dlnaframe:166] succeed to load lebodlnaplugin
12-01 18:46:58.888 3267 3267 D hpplay-base-dlna: [lebodlna-dlnaframe:232] Succeed to load specified plugin:lebodlna_plugin
12-01 18:46:58.888 3267 3267 D hpplay-base: [lelinkDlna:328] startDLNAServer ret=0
12-01 18:46:58.888 3267 3267 D hpplay-base: [LelinkBase:531] startDLNAServer ret= 0
12-01 18:46:58.888 3267 3267 D hpplay-base: [lelinkDlna:342] setDMRFriendlyName 高合娱乐副屏
12-01 18:46:58.888 3267 3267 D hpplay-base-dlna: [lebodlna-dlna_android:136] setBroadcastTimeout mBroadcastTimeOut=66 status=3!
12-01 18:46:58.888 3267 3267 D hpplay-base-dlna: [lebodlna_api:32] start DMR
12-01 18:46:58.888 3267 3267 D hpplay-base-dlna: [UpnpDefine:434] RegisterDMRender invalid lelink info
12-01 18:46:58.888 3267 3267 D hpplay-base-dlna: [UpnpDefine:467] DLNA DEFAULT_DESCRIPTION
12-01 18:46:58.889 3267 3267 E hpplay-base-dlna: upnpapi.c:1078::Exiting RegisterRootDevice2 *Hnd =1, return value == 0
12-01 18:46:58.889 3267 3267 D hpplay-base-dlna: [CUpnpDevice:41] Register Root Device 2:0
12-01 18:46:58.889 3267 3267 D hpplay-base-dlna: [UpnpDefine:794] ESDMRender:Register success
12-01 18:46:58.889 3267 3267 D hpplay-base-dlna: [lebodlna_api:41] sendBroadcast mBroadcastTimeOut=3
12-01 18:46:58.889 3267 3267 D hpplay-base-dlna: [lebodlna_api:44] sendBroadcast timeout=66
12-01 18:46:58.903 3267 5902 I hpplay-java: [AsyncTask #87]:HttpRequest:doGet responseCode:200 0
12-01 18:46:58.945 3267 3267 D hpplay-base: [lelinkDlna:361] startDLNADevice dlnaManufacturer:0 ret=0
12-01 18:46:58.945 3267 3267 D hpplay-base: [LelinkBase:535] lelinkSetDlnaInfo ret= 0
12-01 18:46:58.946 3267 3267 D hpplay-base: [LelinkBase:547] startAllServer pBaseContext->config.mDNSEnable:1
12-01 18:46:58.947 3267 3267 D hpplay-base: [base_mdns:509] mdns net.hostname:
12-01 18:46:58.947 3267 3267 D hpplay-base: [base_mdns:529] mdns namelabel:-00-80-0F-74-31-00
12-01 18:46:58.947 3267 3267 D hpplay-base: [base_mdns:509] mdns net.hostname:
12-01 18:46:58.947 3267 3267 D hpplay-base: [base_mdns:529] mdns namelabel:-00-80-0F-74-31-00
12-01 18:46:58.947 3267 3267 D hpplay-base: [mdns:813] mdns start bind port:0
12-01 18:46:58.950 3267 3267 D hpplay-base: [mdns:813] mdns start bind port:5353
12-01 18:46:58.951 3267 3267 D hpplay-base: [mdns:813] mdns start bind port:5353
12-01 18:46:58.951 3267 3267 D hpplay-base: [mdns:813] mdns start bind port:5353
12-01 18:46:58.951 3267 3267 D hpplay-base: [mdns:813] mdns start bind port:5353
12-01 18:46:58.951 3267 3267 D hpplay-base: [mdns:813] mdns start bind port:5353
12-01 18:46:58.951 3267 3267 D hpplay-base: [mdns:813] mdns start bind port:5353
12-01 18:46:58.951 3267 3267 D hpplay-base: [mdns:813] mdns start bind port:5353
12-01 18:46:58.952 3267 3267 I hpplay-base: [mDNSEmbeded:57] embedded_mDNSInit stopmDNSNow:0 status:0
12-01 18:46:58.952 3267 3267 D hpplay-base: [mDNSEmbeded:436] startmDNSServer end nRet=0
12-01 18:46:58.952 3267 3267 D hpplay-base: [LelinkBase:555] lelink broadcast_on_off:1 log2java_on_off:1
12-01 18:46:58.952 3267 6486 D hpplay-base: [LelinkMDNS:729] leboAuthorizationCheck strUuid=92:32:c5:0c:da:73000000000000000
12-01 18:46:58.952 3267 6486 D hpplay-base: [LelinkMDNS:730] leboAuthorizationCheck mPermissionDid=92:32:c5:0c:da:73000000000000000
12-01 18:46:58.952 3267 6486 D hpplay-base: [LelinkMDNS:755] leboAuthorizationCheck mPermissionMac=92:32:c5:0c:da:73000000000000000
12-01 18:46:58.952 3267 3267 D hpplay-base: [AEventUtils:595] request to start event handle service!!
12-01 18:46:58.952 3267 3267 D hpplay-base: [AEventUtils:603] start_event_handle_service,begin to run!!
12-01 18:46:58.952 3267 6487 I hpplay-base: [mDNSEmbeded:268] start lelink publish server, tid is 6487
12-01 18:46:58.952 3267 3267 D hpplay-base: [REventUtils:210] start_event_handle_service,begin to run!!
12-01 18:46:58.953 3267 6488 D hpplay-base: [mDNSEmbeded:197] http_port bind check 197 http_port_check
12-01 18:46:58.953 3267 3267 D hpplay-base: [LelinkBase:576] startAllServer success .
12-01 18:46:58.953 3267 3267 D hpplay-base: [jniBridge:894] startDlna_link:http://192.168.0.18:49152/description.xml
12-01 18:46:58.953 3267 6489 D hpplay-base: [AEventUtils:171] create handle AEvent thread ok!!,tid is 6489
12-01 18:46:58.953 3267 6490 D hpplay-base: [REventUtils:59] create handleREventThread thread ok!!,tid is 6490
12-01 18:46:58.954 3267 6491 D hpplay-base: [jniBridge:1081] notifyJavaDlnalink:http://192.168.0.18:49152/description.xml
12-01 18:46:58.954 3267 6491 D hpplay-base: [jniBridge:1726] notifyJava, what:207, castType:0, mimeType:0 baseStatus:2
12-01 18:46:58.954 3267 6491 D hpplay-base: [jniBridge:1727] notifyJava sessionID:(null)
12-01 18:46:58.954 3267 6488 D hpplay-base: [mDNSEmbeded:217] http_port bind check 217 http_port_check
12-01 18:46:58.954 3267 6491 I hpplay-java: [Thread-99]:Bridge:notify: what: 207
12-01 18:46:58.954 3267 6488 D hpplay-base: [mDNSEmbeded:222] http_port bind check 222 http_port_check
12-01 18:46:58.955 3267 6491 I hpplay-java: [Thread-99]:Bridge:notify: out: OutParameters:{audioSessionId=-1, audiotrackIndex=0, castHandleType=-1, castType=0, deviceName='http://192.168.0.18:49152/description.xml', dlnaName='', dramaID='', extra=0, frameHandleType=-1, handleInside=true, headduration=0, header='', headers=null, isAD=false, isMultiMirror=false, lelinkVer='', limitTime=0, , mediaAlbum='null', mediaAlbumArtURI='', mediaArtist='null', mediaAssets='', mediaTitle='null', mimeType=0, multiSession=null, period=0, pinCode='', playSpeed=0.0, playerChoice=0, plugin=0, port=0, position=0.0, positionUnit=2, protocol=0, realSessionID='', regType='', , sinkIp='', sourceAPPVersion='', sourceChannel='', sourceClientInfo='', sourceDeviceInfo='', sourceDeviceModel='', sourceDeviceName='', sourceDeviceType=0, sourceHID='', , sourceInfo='', , , sourceOSVersion='', sourceSDKVersion='', sourceUid='', stopDetail=0, stopReason=0, tailduration=0, url='', urlID='', urls=null, userAgent='', videoDecoder=0, volume=0, what=207}com.hpplay.sdk.sink.protocol.OutParameters@104658f
12-01 18:46:58.955 3267 6491 I hpplay-java: [Thread-99]:Bridge:notify: address:23789596
12-01 18:46:58.956 3267 6486 D hpplay-base: [LelinkMDNS:766] devicePermissionPublic leboPermissionCheck:-2
12-01 18:46:58.956 3267 6486 D hpplay-base: [jniBridge:1125] com_hpplay_sdk_sink_protocol_Bridge_WHAT_SERVER_ERROR
12-01 18:46:58.956 3267 6486 D hpplay-base: [jniBridge:1726] notifyJava, what:204, castType:0, mimeType:0 baseStatus:2
12-01 18:46:58.956 3267 6486 D hpplay-base: [jniBridge:1727] notifyJava sessionID:(null)
12-01 18:46:58.956 3267 6488 D hpplay-base: [mDNSEmbeded:234] http_port bind check 234 http_port_check port:52266
12-01 18:46:58.956 3267 6488 D hpplay-base: [mDNSEmbeded:237] http_port bind check 237 http_port_check
12-01 18:46:58.957 3267 6486 I hpplay-java: [Thread-100]:Bridge:notify: what: 204
12-01 18:46:58.957 3267 6493 D hpplay-base: [lelinkSinkServer:93] new client connection from 127.0.0.1 8865, fd=142
12-01 18:46:58.957 3267 6493 D hpplay-base: [SinkContext:137] addSinkContextSession,begin to run!!
12-01 18:46:58.957 3267 6493 D hpplay-base: [SinkContext:142] addSinkContextSession,begin to get lock!!
12-01 18:46:58.957 3267 6493 D hpplay-base: [SinkContext:144] addSinkContextSession,get lock ok!!
12-01 18:46:58.957 3267 6493 D hpplay-base: [SinkContext:149] addSinkContextSession,session list is null,begin to malloc!!
12-01 18:46:58.957 3267 6493 D hpplay-base: [SinkContext:156] addSinkContextSession,begin to update!!
12-01 18:46:58.957 3267 6493 D hpplay-base: [SinkContext:160] addSinkContextSession,begin to update header!!
12-01 18:46:58.957 3267 6493 D hpplay-base: [SinkContext:172] addSinkContextSession,begin to unlock!!
12-01 18:46:58.957 3267 6493 D hpplay-base: [SinkContext:174] addSinkContextSession,unlock ok!!
12-01 18:46:58.957 3267 6493 D hpplay-base: [LelinkReceiver:4908] get ping !!!
12-01 18:46:58.957 3267 6488 D hpplay-base: [mDNSEmbeded:240] http_port bind check 240 http_port_check recieved:64
12-01 18:46:58.958 3267 6488 D hpplay-base: [mDNSEmbeded:243] http_port bind check 243 http_port_check
12-01 18:46:58.958 3267 6488 D hpplay-base: [mDNSEmbeded:244] http_port bind check ok!
12-01 18:46:58.958 3267 6486 I hpplay-java: [Thread-100]:Bridge:notify: out: OutParameters:{audioSessionId=-1, audiotrackIndex=0, castHandleType=-1, castType=0, deviceName='', dlnaName='', dramaID='', extra=-2002, frameHandleType=-1, handleInside=true, headduration=0, header='', headers=null, isAD=false, isMultiMirror=false, lelinkVer='', limitTime=0, , mediaAlbum='null', mediaAlbumArtURI='', mediaArtist='null', mediaAssets='', mediaTitle='null', mimeType=0, multiSession=null, period=0, pinCode='', playSpeed=0.0, playerChoice=0, plugin=0, port=0, position=0.0, positionUnit=2, protocol=0, realSessionID='', regType='', , sinkIp='', sourceAPPVersion='', sourceChannel='', sourceClientInfo='', sourceDeviceInfo='', sourceDeviceModel='', sourceDeviceName='', sourceDeviceType=0, sourceHID='', , sourceInfo='', , , sourceOSVersion='', sourceSDKVersion='', sourceUid='', stopDetail=0, stopReason=0, tailduration=0, url='', urlID='', urls=null, userAgent='', videoDecoder=0, volume=0, what=204}com.hpplay.sdk.sink.protocol.OutParameters@63fc425
12-01 18:46:58.958 3267 6486 I hpplay-java: [Thread-100]:Bridge:notify: address:8911354
12-01 18:46:58.958 3267 3267 I hpplay-java: [main]:Bridge:findServiceID start out: 8911354
12-01 18:46:58.959 3267 6486 I hpplay-base: [mDNSEmbeded:79] embedded_mDNSLoop stopmDNSNow:0 nPublish:-2 nExitFlag:6 tid is 6486
12-01 18:46:58.959 3267 3267 I hpplay-java: [main]:Bridge:findServiceID end
12-01 18:46:58.959 3267 3267 E hpplay-java: [main]:ServerTaskManager:onError 204/-2002 com.hht.lebocast.LelinkHelper$e@9cae7c9
12-01 18:46:58.959 3267 3267 I hpplay-java: [main]:ServerTaskManager:cancelTimeOutCheck
12-01 18:46:58.960 3267 3267 W hpplay-java: [main]:ServerTaskManager:onErrorDispatcher errorCode:-2002
12-01 18:46:58.960 3267 3267 I hpplay-java: [main]:ServerTaskManager:onError retry later
12-01 18:46:58.984 3267 5969 I hpplay-java: [AsyncTask #91]:HttpRequest:doGet responseCode:200 0
12-01 18:46:59.159 3267 6493 I hpplay-base: [LelinkReceiver:14605] _connectionFinalize (142)
12-01 18:46:59.159 3267 6493 D hpplay-base: [LelinkReceiver:14752] ###connectionFinalize,release ok!!###
12-01 18:46:59.259 643 657 I mpu_uart: [MSG-P:RECV]:No message received in 1000 ms
12-01 18:46:59.427 0 0 W swapper/1: type=1400 audit(0.0:731): avc: denied { kill } for capability=5 scontext=u:r:kernel:s0 tcontext=u:r:kernel:s0 tclass=capability permissive=0
12-01 18:47:00.003 2354 2354 D KeyguardUpdateMonitor: received broadcast android.intent.action.TIME_TICK
12-01 18:47:00.003 2354 2354 D KeyguardUpdateMonitor: handleTimeUpdate
12-01 18:47:00.048 3267 3267 I hpplay-java: [main]:Upgrade:upgrade not be allowed
12-01 18:47:00.259 643 657 I mpu_uart: [MSG-P:RECV]:No message received in 1000 ms
12-01 18:47:00.431 0 0 W swapper/1: type=1400 audit(0.0:732): avc: denied { kill } for capability=5 scontext=u:r:kernel:s0 tcontext=u:r:kernel:s0 tclass=capability permissive=0
12-01 18:47:00.547 1177 1244 I selfinstaller: TC GetPartNumber() mock-part-111
12-01 18:47:00.827 1177 1236 I selfinstaller: network is ready: 252
12-01 18:47:01.259 643 657 I mpu_uart: [MSG-P:RECV]:No message received in 1000 ms
12-01 18:47:01.427 0 0 W swapper/1: type=1400 audit(0.0:733): avc: denied { kill } for capability=5 scontext=u:r:kernel:s0 tcontext=u:r:kernel:s0 tclass=capability permissive=0
12-01 18:47:01.725 643 655 I mpu_uart: [MSG-P:R]:recv sync frame timeout
12-01 18:47:01.960 3267 3267 I hpplay-java: [main]:ServerTaskManager:restart by error
12-01 18:47:01.960 3267 3267 I hpplay-java: [main]:ServerTaskManager:startServer
12-01 18:47:01.960 3267 3267 I hpplay-java: [main]:ServerTaskManager:startServer add, reason: server is starting or running
12-01 18:47:01.961 3267 3267 I hpplay-java: [main]:ServerTaskManager:addStopTask
12-01 18:47:01.961 3267 3267 I hpplay-java: [main]:ServerTaskManager:addStartTask
12-01 18:47:01.961 3267 3267 I hpplay-java: [main]:ServerTaskManager:exeTask stopServer
12-01 18:47:01.961 3267 3267 I hpplay-java: [main]:Bridge:stopServer keepPush: false
12-01 18:47:01.961 3267 3267 D hpplay-base: [jniBridge:909] Bridge__1stopServer status:2
12-01 18:47:01.962 3267 3267 D hpplay-base: [LelinkBase:654] stopAllServer will start thread!
12-01 18:47:01.962 3267 6494 I hpplay-base: [mDNSEmbeded:65] embedded_mDNSExit call
12-01 18:47:01.963 3267 6490 D hpplay-base: [REventUtils:197] handleREventThread thread end!!,tid is 6490
12-01 18:47:01.963 3267 6489 D hpplay-base: [AEventUtils:588] handle AEvent thread end!!,tid is 6489
12-01 18:47:01.963 3267 6464 D hpplay-base: [Server:447] startHttpServer will END srv->serverType:0
12-01 18:47:01.963 3267 6464 D hpplay-base: [Server:646] startHttpServer cond srv_shutdown:1 connectNummber:0
12-01 18:47:01.963 3267 6464 D hpplay-base: [Server:669] startHttpServer wait cond END. srv_shutdown:1 connectNummber:0
12-01 18:47:01.963 3267 6464 D hpplay-base: [Server:457] HttpServer END, tid is 6464
12-01 18:47:01.994 3267 6465 D hpplay-base: [stream_mirror_compat:1284] mirror stream begin to exit,server fd:101,thread_id:3068989888!!
12-01 18:47:01.995 3267 6465 D hpplay-base: [stream_mirror_compat:1323] ##screen stream exit successfully!!##
12-01 18:47:02.233 3267 6486 I hpplay-base: [mDNSEmbeded:140] embedded_mDNSLoop Exiting end,tid is 6486
12-01 18:47:02.233 3267 6494 D hpplay-base: [mDNSEmbeded:452] stopmDNSServer end stopmDNSNow=2, nRet=0
12-01 18:47:02.259 643 657 I mpu_uart: [MSG-P:RECV]:No message received in 1000 ms
12-01 18:47:02.431 0 0 W swapper/1: type=1400 audit(0.0:734): avc: denied { kill } for capability=5 scontext=u:r:kernel:s0 tcontext=u:r:kernel:s0 tclass=capability permissive=0
12-01 18:47:02.451 3267 6487 I hpplay-base: [mDNSEmbeded:376] end lelink publish server, tid is 6487
12-01 18:47:02.451 3267 6494 D hpplay-base: [mDNSEmbeded:420] stopmLelinkServer end nRet=0
12-01 18:47:02.451 3267 6494 D hpplay-base: [LelinkBase:615] lebodlna stopServerThreadFunc dlnaEnable:1
12-01 18:47:02.451 3267 6494 D hpplay-base-dlna: [lebodlna_api:49] stop DMR
12-01 18:47:02.451 3267 6494 D hpplay-base-dlna: [lebodlna_api:344] m_pRender Release
12-01 18:47:02.509 3267 6494 D hpplay-base-dlna: [UpnpDefine:867] DMRender release success
12-01 18:47:02.509 3267 6494 D hpplay-base-dlna: [lebodlna_api:352] m_pAVT Release
12-01 18:47:02.509 3267 6494 D hpplay-base-dlna: [lebodlna_api:360] m_pRCS Release
12-01 18:47:02.509 3267 6494 D hpplay-base-dlna: [lebodlna_api:365] dmrender destroydmr
12-01 18:47:02.809 3267 6494 D hpplay-base-dlna: [lebodlna-dlna_android:186] stopDLNA
12-01 18:47:02.809 3267 6494 D hpplay-base-dlna: [lebodlna-dlna_android:189] dlnaservice destroy
12-01 18:47:02.809 3267 6494 D hpplay-base-dlna: [lebodlna-dlna_android:49] dlnaservice Destroy 49 int CDlnaService::Destroy()
12-01 18:47:02.809 3267 6494 D hpplay-base-dlna: [lebodlna-dlnaframe:245] dlnaservice Destroy 245 static ERROR_TYPE IDlnaFrame::DestroyDlnaFrame(IDlnaFrame *)
12-01 18:47:02.809 3267 6494 D hpplay-base-dlna: [lebodlna-dlnaframe:179] dlnaservice Destroy 179 virtual void CDlnaFrame::Release()
12-01 18:47:02.809 3267 6494 D hpplay-base-dlna: [lebodlna-dlnaframe:190] dlnaservice Destroy 190 virtual void CDlnaFrame::Release()
12-01 18:47:02.809 3267 6494 D hpplay-base-dlna: [lebodlna-dlnaframe:192] dlnaservice Destroy 192 virtual void CDlnaFrame::Release()
12-01 18:47:02.809 3267 6494 D hpplay-base-dlna: [lebodlna-dlnaframe:247] dlnaservice Destroy 247 static ERROR_TYPE IDlnaFrame::DestroyDlnaFrame(IDlnaFrame *)
12-01 18:47:02.809 3267 6494 D hpplay-base-dlna: [lebodlna-dlnaframe:251] dlnaservice Destroy 251 static ERROR_TYPE IDlnaFrame::DestroyDlnaFrame(IDlnaFrame *)
12-01 18:47:02.811 3267 6494 E hpplay-base-dlna: upnpapi.c:655::before gminiserver ThreadPoolShutdown
12-01 18:47:02.812 3267 6494 E hpplay-base-dlna: ThreadPool.c:1047::on ThreadPoolShutdown tp->totalThreads:3
12-01 18:47:02.812 3267 6494 E hpplay-base-dlna: ThreadPool.c:1056::after ThreadPoolShutdown
12-01 18:47:02.812 3267 6494 E hpplay-base-dlna: ThreadPool.c:1057::ThreadPoolShutdown tp->totalThreads:0
12-01 18:47:02.812 3267 6494 E hpplay-base-dlna: upnpapi.c:657::after gminiserver ThreadPoolShutdown
12-01 18:47:02.812 3267 6494 E hpplay-base-dlna: upnpapi.c:659::before grecv ThreadPoolShutdown
12-01 18:47:02.813 3267 6494 E hpplay-base-dlna: ThreadPool.c:1047::on ThreadPoolShutdown tp->totalThreads:12
12-01 18:47:02.813 3267 6494 E hpplay-base-dlna: ThreadPool.c:1047::on ThreadPoolShutdown tp->totalThreads:7
12-01 18:47:02.813 3267 6494 E hpplay-base-dlna: ThreadPool.c:1047::on ThreadPoolShutdown tp->totalThreads:6
12-01 18:47:02.814 3267 6494 E hpplay-base-dlna: ThreadPool.c:1047::on ThreadPoolShutdown tp->totalThreads:5
