12-01 18:46:33.793 6273 6273 D wpa_supplicant: nl80211: Supported vendor event: vendor_id=0x1374 subcmd=16
12-01 18:46:33.793 6273 6273 D wpa_supplicant: nl80211: Supported vendor event: vendor_id=0x1374 subcmd=17
12-01 18:46:33.793 6273 6273 D wpa_supplicant: nl80211: Supported vendor event: vendor_id=0x1374 subcmd=18
12-01 18:46:33.793 6273 6273 D wpa_supplicant: nl80211: Supported vendor event: vendor_id=0x1374 subcmd=19
12-01 18:46:33.793 6273 6273 D wpa_supplicant: nl80211: Supported vendor event: vendor_id=0x1374 subcmd=127
12-01 18:46:33.793 6273 6273 D wpa_supplicant: nl80211: Supported vendor event: vendor_id=0x1374 subcmd=37
12-01 18:46:33.793 6273 6273 D wpa_supplicant: nl80211: Supported vendor event: vendor_id=0x1374 subcmd=54
12-01 18:46:33.793 6273 6273 D wpa_supplicant: nl80211: Supported vendor event: vendor_id=0x1374 subcmd=51
12-01 18:46:33.793 6273 6273 D wpa_supplicant: nl80211: Supported vendor event: vendor_id=0x1374 subcmd=56
12-01 18:46:33.793 6273 6273 D wpa_supplicant: nl80211: Supported vendor event: vendor_id=0x1374 subcmd=57
12-01 18:46:33.793 6273 6273 D wpa_supplicant: nl80211: Supported vendor event: vendor_id=0x1374 subcmd=58
12-01 18:46:33.793 6273 6273 D wpa_supplicant: nl80211: Supported vendor event: vendor_id=0x1374 subcmd=59
12-01 18:46:33.793 6273 6273 D wpa_supplicant: nl80211: Supported vendor event: vendor_id=0x1374 subcmd=60
12-01 18:46:33.793 6273 6273 D wpa_supplicant: nl80211: Supported vendor event: vendor_id=0x0 subcmd=0
12-01 18:46:33.793 6273 6273 D wpa_supplicant: nl80211: Supported vendor event: vendor_id=0x1374 subcmd=80
12-01 18:46:33.793 6273 6273 D wpa_supplicant: nl80211: Supported vendor event: vendor_id=0x1374 subcmd=100
12-01 18:46:33.793 6273 6273 D wpa_supplicant: nl80211: Supported vendor event: vendor_id=0x1374 subcmd=106
12-01 18:46:33.793 6273 6273 D wpa_supplicant: nl80211: Supported vendor event: vendor_id=0x1374 subcmd=107
12-01 18:46:33.794 6273 6273 D wpa_supplicant: nl80211: Supported vendor event: vendor_id=0x1374 subcmd=102
12-01 18:46:33.794 6273 6273 D wpa_supplicant: nl80211: Supported vendor event: vendor_id=0x1374 subcmd=181
12-01 18:46:33.794 6273 6273 D wpa_supplicant: nl80211: Supported vendor event: vendor_id=0x1374 subcmd=119
12-01 18:46:33.794 6273 6273 D wpa_supplicant: nl80211: Supported vendor event: vendor_id=0x1374 subcmd=81
12-01 18:46:33.794 6273 6273 D wpa_supplicant: nl80211: Supported vendor event: vendor_id=0x1374 subcmd=123
12-01 18:46:33.794 6273 6273 D wpa_supplicant: nl80211: Supported vendor event: vendor_id=0x1374 subcmd=124
12-01 18:46:33.794 6273 6273 D wpa_supplicant: nl80211: Supported vendor event: vendor_id=0x1374 subcmd=147
12-01 18:46:33.794 6273 6273 D wpa_supplicant: nl80211: Supported vendor event: vendor_id=0x1374 subcmd=148
12-01 18:46:33.794 6273 6273 D wpa_supplicant: nl80211: Supported vendor event: vendor_id=0x1374 subcmd=150
12-01 18:46:33.794 6273 6273 D wpa_supplicant: nl80211: Supported vendor event: vendor_id=0x1374 subcmd=157
12-01 18:46:33.794 6273 6273 D wpa_supplicant: nl80211: Supported vendor event: vendor_id=0x0 subcmd=0
12-01 18:46:33.794 6273 6273 D wpa_supplicant: nl80211: Supported vendor event: vendor_id=0x1374 subcmd=165
12-01 18:46:33.794 6273 6273 D wpa_supplicant: nl80211: Supported vendor event: vendor_id=0x1374 subcmd=171
12-01 18:46:33.794 6273 6273 D wpa_supplicant: nl80211: Supported vendor event: vendor_id=0x1374 subcmd=174
12-01 18:46:33.794 6273 6273 D wpa_supplicant: nl80211: Supported vendor event: vendor_id=0x1374 subcmd=101
12-01 18:46:33.794 6273 6273 D wpa_supplicant: nl80211: Supported vendor event: vendor_id=0x0 subcmd=0
12-01 18:46:33.794 6273 6273 D wpa_supplicant: nl80211: Supported vendor event: vendor_id=0x1374 subcmd=180
12-01 18:46:33.794 6273 6273 D wpa_supplicant: nl80211: Supported vendor event: vendor_id=0x1374 subcmd=64
12-01 18:46:33.794 6273 6273 D wpa_supplicant: nl80211: Supported vendor event: vendor_id=0x1374 subcmd=182
12-01 18:46:33.794 6273 6273 D wpa_supplicant: nl80211: Supported vendor event: vendor_id=0x1374 subcmd=187
12-01 18:46:33.794 6273 6273 D wpa_supplicant: nl80211: Supported vendor event: vendor_id=0x1374 subcmd=188
12-01 18:46:33.794 6273 6273 D wpa_supplicant: nl80211: STATION supported key_mgmt 0x3fff6f
12-01 18:46:33.794 6273 6273 D wpa_supplicant: nl80211: P2P_CLIENT supported key_mgmt 0x3fff6f
12-01 18:46:33.794 6273 6273 D wpa_supplicant: nl80211: AP supported key_mgmt 0x1040c
12-01 18:46:33.794 6273 6273 D wpa_supplicant: nl80211: P2P_GO supported key_mgmt 0x1040c
12-01 18:46:33.794 6273 6273 D wpa_supplicant: nl80211: Use separate P2P group interface (driver advertised support)
12-01 18:46:33.794 6273 6273 D wpa_supplicant: nl80211: Enable multi-channel concurrent (driver advertised support)
12-01 18:46:33.794 6273 6273 D wpa_supplicant: nl80211: key_mgmt=0x3fff6f enc=0x76f auth=0x7 flags=0x10ad7a769abcfbc4 rrm_flags=0x0 probe_resp_offloads=0x0 max_stations=32 max_remain_on_chan=5000 max_scan_ssids=10
12-01 18:46:33.794 6273 6273 D wpa_supplicant: nl80211: interface wlan0 in phy phy0
12-01 18:46:33.794 6273 6273 D wpa_supplicant: nl80211: Set mode ifindex 17 iftype 2 (STATION)
12-01 18:46:33.795 6273 6273 D wpa_supplicant: nl80211: Subscribe to mgmt frames with non-AP handle 0xb400006ec8e42e10
12-01 18:46:33.795 6273 6273 D wpa_supplicant: nl80211: Register frame type=0xb0 (WLAN_FC_STYPE_AUTH) nl_handle=0xb400006ec8e42e10 match=0300 multicast=0
12-01 18:46:33.795 6273 6273 D wpa_supplicant: nl80211: Register frame type=0xd0 (WLAN_FC_STYPE_ACTION) nl_handle=0xb400006ec8e42e10 match=0104 multicast=0
12-01 18:46:33.795 6273 6273 D wpa_supplicant: nl80211: Register frame type=0xd0 (WLAN_FC_STYPE_ACTION) nl_handle=0xb400006ec8e42e10 match=040a multicast=0
12-01 18:46:33.795 6273 6273 D wpa_supplicant: nl80211: Register frame type=0xd0 (WLAN_FC_STYPE_ACTION) nl_handle=0xb400006ec8e42e10 match=040b multicast=0
12-01 18:46:33.795 6273 6273 D wpa_supplicant: nl80211: Register frame type=0xd0 (WLAN_FC_STYPE_ACTION) nl_handle=0xb400006ec8e42e10 match=040c multicast=0
12-01 18:46:33.795 6273 6273 D wpa_supplicant: nl80211: Register frame type=0xd0 (WLAN_FC_STYPE_ACTION) nl_handle=0xb400006ec8e42e10 match=040d multicast=0
12-01 18:46:33.795 6273 6273 D wpa_supplicant: nl80211: Register frame type=0xd0 (WLAN_FC_STYPE_ACTION) nl_handle=0xb400006ec8e42e10 match=090a multicast=0
12-01 18:46:33.795 6273 6273 D wpa_supplicant: nl80211: Register frame type=0xd0 (WLAN_FC_STYPE_ACTION) nl_handle=0xb400006ec8e42e10 match=090b multicast=0
12-01 18:46:33.795 6273 6273 D wpa_supplicant: nl80211: Register frame type=0xd0 (WLAN_FC_STYPE_ACTION) nl_handle=0xb400006ec8e42e10 match=090c multicast=0
12-01 18:46:33.795 6273 6273 D wpa_supplicant: nl80211: Register frame type=0xd0 (WLAN_FC_STYPE_ACTION) nl_handle=0xb400006ec8e42e10 match=090d multicast=0
12-01 18:46:33.795 6273 6273 D wpa_supplicant: nl80211: Register frame type=0xd0 (WLAN_FC_STYPE_ACTION) nl_handle=0xb400006ec8e42e10 match=0409506f9a09 multicast=0
12-01 18:46:33.795 6273 6273 D wpa_supplicant: nl80211: Register frame type=0xd0 (WLAN_FC_STYPE_ACTION) nl_handle=0xb400006ec8e42e10 match=7f506f9a09 multicast=0
12-01 18:46:33.795 6273 6273 D wpa_supplicant: nl80211: Register frame type=0xd0 (WLAN_FC_STYPE_ACTION) nl_handle=0xb400006ec8e42e10 match=0409506f9a1a multicast=0
12-01 18:46:33.795 6273 6273 D wpa_supplicant: nl80211: Register frame type=0xd0 (WLAN_FC_STYPE_ACTION) nl_handle=0xb400006ec8e42e10 match=0801 multicast=0
12-01 18:46:33.795 6273 6273 D wpa_supplicant: nl80211: Register frame type=0xd0 (WLAN_FC_STYPE_ACTION) nl_handle=0xb400006ec8e42e10 match=040e multicast=0
12-01 18:46:33.795 6273 6273 D wpa_supplicant: nl80211: Register frame type=0xd0 (WLAN_FC_STYPE_ACTION) nl_handle=0xb400006ec8e42e10 match=12 multicast=0
12-01 18:46:33.795 6273 6273 D wpa_supplicant: nl80211: Register frame type=0xd0 (WLAN_FC_STYPE_ACTION) nl_handle=0xb400006ec8e42e10 match=06 multicast=0
12-01 18:46:33.795 6273 6273 D wpa_supplicant: nl80211: Register frame type=0xd0 (WLAN_FC_STYPE_ACTION) nl_handle=0xb400006ec8e42e10 match=0a07 multicast=0
12-01 18:46:33.795 6273 6273 D wpa_supplicant: nl80211: Register frame type=0xd0 (WLAN_FC_STYPE_ACTION) nl_handle=0xb400006ec8e42e10 match=0a11 multicast=0
12-01 18:46:33.796 6273 6273 D wpa_supplicant: nl80211: Register frame type=0xd0 (WLAN_FC_STYPE_ACTION) nl_handle=0xb400006ec8e42e10 match=0a0b multicast=0
12-01 18:46:33.796 6273 6273 D wpa_supplicant: nl80211: Register frame type=0xd0 (WLAN_FC_STYPE_ACTION) nl_handle=0xb400006ec8e42e10 match=0a1a multicast=0
12-01 18:46:33.796 6273 6273 D wpa_supplicant: nl80211: Register frame type=0xd0 (WLAN_FC_STYPE_ACTION) nl_handle=0xb400006ec8e42e10 match=1101 multicast=0
12-01 18:46:33.796 6273 6273 D wpa_supplicant: nl80211: Register frame type=0xd0 (WLAN_FC_STYPE_ACTION) nl_handle=0xb400006ec8e42e10 match=1102 multicast=0
12-01 18:46:33.796 6273 6273 D wpa_supplicant: nl80211: Register frame type=0xd0 (WLAN_FC_STYPE_ACTION) nl_handle=0xb400006ec8e42e10 match=0505 multicast=0
12-01 18:46:33.796 6273 6273 D wpa_supplicant: nl80211: Register frame type=0xd0 (WLAN_FC_STYPE_ACTION) nl_handle=0xb400006ec8e42e10 match=1305 multicast=0
12-01 18:46:33.796 6273 6273 I wpa_supplicant: rfkill: Cannot open RFKILL control device
12-01 18:46:33.796 6273 6273 D wpa_supplicant: nl80211: RFKILL status not available
12-01 18:46:33.796 6273 6273 D wpa_supplicant: netlink: Operstate: ifindex=17 linkmode=1 (userspace-control), operstate=5 (IF_OPER_DORMANT)
12-01 18:46:33.797 1381 1411 D LOWI-9.0.0.87.a: [LOWINetlinkSocketReceiver] unpackRTMLinkMessage: RTM_NEWLINK - ifname wlan0, flags 0x1003 ([UP])
12-01 18:46:33.797 1381 1411 D LOWI-9.0.0.87.a: [LOWINetlinkSocketReceiver] processNetlinkPacket: ifname(wlan0) status(1)
12-01 18:46:33.797 1381 1411 D LOWI-9.0.0.87.a: [LOWIController] intfStateReceived: ifname(wlan0) state(1)
12-01 18:46:33.799 1495 1599 I EthernetTracker: interfaceLinkStateChanged, iface: wlan0, up: false
12-01 18:46:33.800 1381 1413 D LOWI-9.0.0.87.a: [LOWIEventReceiver] handleEvent:FROM:NA, TO:NA, REQ:NA, IREQ:NA, REQ_ID:0, RESP:NA, INFO:INTF-STATUS-UPDATE
12-01 18:46:33.800 6273 6273 D wpa_supplicant: nl80211: driver param='"no_rrm=1"'
12-01 18:46:33.800 1381 1413 D LOWI-9.0.0.87.a: [LOWIEventReceiver] Info to [INTF-STATUS-UPDATE]
12-01 18:46:33.800 6273 6273 D wpa_supplicant: nl80211: Unsubscribe mgmt frames handle 0x3c8888e6406ca699 (no_rrm=1)
12-01 18:46:33.800 1381 1413 D LOWI-9.0.0.87.a: [LOWIController] updateIntfState: WIFI enabled 1 mNlWifiStatus 1 mWifiStateEnabled 1
12-01 18:46:33.800 1381 1413 D LOWI-9.0.0.87.a: [LOWIController] isWifiEnabled: mNlWifiStatus 1 mWifiStateEnabled 1
12-01 18:46:33.800 6273 6273 D wpa_supplicant: nl80211: Subscribe to mgmt frames with non-AP handle 0xb400006ec8e42e10
12-01 18:46:33.800 6273 6273 D wpa_supplicant: nl80211: Register frame type=0xb0 (WLAN_FC_STYPE_AUTH) nl_handle=0xb400006ec8e42e10 match=0300 multicast=0
12-01 18:46:33.800 6273 6273 D wpa_supplicant: nl80211: Register frame type=0xd0 (WLAN_FC_STYPE_ACTION) nl_handle=0xb400006ec8e42e10 match=0104 multicast=0
12-01 18:46:33.800 6273 6273 D wpa_supplicant: nl80211: Register frame type=0xd0 (WLAN_FC_STYPE_ACTION) nl_handle=0xb400006ec8e42e10 match=040a multicast=0
12-01 18:46:33.801 6273 6273 D wpa_supplicant: nl80211: Register frame type=0xd0 (WLAN_FC_STYPE_ACTION) nl_handle=0xb400006ec8e42e10 match=040b multicast=0
12-01 18:46:33.801 6273 6273 D wpa_supplicant: nl80211: Register frame type=0xd0 (WLAN_FC_STYPE_ACTION) nl_handle=0xb400006ec8e42e10 match=040c multicast=0
12-01 18:46:33.801 6273 6273 D wpa_supplicant: nl80211: Register frame type=0xd0 (WLAN_FC_STYPE_ACTION) nl_handle=0xb400006ec8e42e10 match=040d multicast=0
12-01 18:46:33.801 6273 6273 D wpa_supplicant: nl80211: Register frame type=0xd0 (WLAN_FC_STYPE_ACTION) nl_handle=0xb400006ec8e42e10 match=090a multicast=0
12-01 18:46:33.801 6273 6273 D wpa_supplicant: nl80211: Register frame type=0xd0 (WLAN_FC_STYPE_ACTION) nl_handle=0xb400006ec8e42e10 match=090b multicast=0
12-01 18:46:33.801 6273 6273 D wpa_supplicant: nl80211: Register frame type=0xd0 (WLAN_FC_STYPE_ACTION) nl_handle=0xb400006ec8e42e10 match=090c multicast=0
12-01 18:46:33.801 6273 6273 D wpa_supplicant: nl80211: Register frame type=0xd0 (WLAN_FC_STYPE_ACTION) nl_handle=0xb400006ec8e42e10 match=090d multicast=0
12-01 18:46:33.801 6273 6273 D wpa_supplicant: nl80211: Register frame type=0xd0 (WLAN_FC_STYPE_ACTION) nl_handle=0xb400006ec8e42e10 match=0409506f9a09 multicast=0
12-01 18:46:33.801 6273 6273 D wpa_supplicant: nl80211: Register frame type=0xd0 (WLAN_FC_STYPE_ACTION) nl_handle=0xb400006ec8e42e10 match=7f506f9a09 multicast=0
12-01 18:46:33.801 6273 6273 D wpa_supplicant: nl80211: Register frame type=0xd0 (WLAN_FC_STYPE_ACTION) nl_handle=0xb400006ec8e42e10 match=0409506f9a1a multicast=0
12-01 18:46:33.801 6273 6273 D wpa_supplicant: nl80211: Register frame type=0xd0 (WLAN_FC_STYPE_ACTION) nl_handle=0xb400006ec8e42e10 match=0801 multicast=0
12-01 18:46:33.801 6273 6273 D wpa_supplicant: nl80211: Register frame type=0xd0 (WLAN_FC_STYPE_ACTION) nl_handle=0xb400006ec8e42e10 match=040e multicast=0
12-01 18:46:33.801 6273 6273 D wpa_supplicant: nl80211: Register frame type=0xd0 (WLAN_FC_STYPE_ACTION) nl_handle=0xb400006ec8e42e10 match=12 multicast=0
12-01 18:46:33.802 6273 6273 D wpa_supplicant: nl80211: Register frame type=0xd0 (WLAN_FC_STYPE_ACTION) nl_handle=0xb400006ec8e42e10 match=06 multicast=0
12-01 18:46:33.802 6273 6273 D wpa_supplicant: nl80211: Register frame type=0xd0 (WLAN_FC_STYPE_ACTION) nl_handle=0xb400006ec8e42e10 match=0a07 multicast=0
12-01 18:46:33.802 6273 6273 D wpa_supplicant: nl80211: Register frame type=0xd0 (WLAN_FC_STYPE_ACTION) nl_handle=0xb400006ec8e42e10 match=0a11 multicast=0
12-01 18:46:33.802 6273 6273 D wpa_supplicant: nl80211: Register frame type=0xd0 (WLAN_FC_STYPE_ACTION) nl_handle=0xb400006ec8e42e10 match=0a0b multicast=0
12-01 18:46:33.802 6273 6273 D wpa_supplicant: nl80211: Register frame type=0xd0 (WLAN_FC_STYPE_ACTION) nl_handle=0xb400006ec8e42e10 match=0a1a multicast=0
12-01 18:46:33.802 6273 6273 D wpa_supplicant: nl80211: Register frame type=0xd0 (WLAN_FC_STYPE_ACTION) nl_handle=0xb400006ec8e42e10 match=1101 multicast=0
12-01 18:46:33.803 6273 6273 D wpa_supplicant: nl80211: Register frame type=0xd0 (WLAN_FC_STYPE_ACTION) nl_handle=0xb400006ec8e42e10 match=1102 multicast=0
12-01 18:46:33.803 6273 6273 D wpa_supplicant: nl80211: Register frame type=0xd0 (WLAN_FC_STYPE_ACTION) nl_handle=0xb400006ec8e42e10 match=0505 multicast=0
12-01 18:46:33.804 6273 6273 D wpa_supplicant: nl80211: Register frame type=0xd0 (WLAN_FC_STYPE_ACTION) nl_handle=0xb400006ec8e42e10 match=1305 multicast=0
12-01 18:46:33.804 6273 6273 D wpa_supplicant: Add interface wlan0 to a new radio phy0
12-01 18:46:33.805 6273 6273 D wpa_supplicant: nl80211: Regulatory information - country=CN
12-01 18:46:33.805 6273 6273 D wpa_supplicant: nl80211: 2402-2482 @ 40 MHz 20 mBm
12-01 18:46:33.805 6273 6273 D wpa_supplicant: nl80211: 5170-5250 @ 80 MHz 23 mBm
12-01 18:46:33.805 6273 6273 D wpa_supplicant: nl80211: 5250-5330 @ 80 MHz 23 mBm (DFS)
12-01 18:46:33.805 6273 6273 D wpa_supplicant: nl80211: 5735-5835 @ 80 MHz 33 mBm
12-01 18:46:33.805 6273 6273 D wpa_supplicant: nl80211: Added 802.11b mode based on 802.11g information
12-01 18:46:33.805 6273 6273 D wpa_supplicant: nl80211: Mode IEEE 802.11g: 2412 2417 2422 2427 2432 2437 2442 2447 2452 2457 2462 2467 2472 2484[DISABLED]
12-01 18:46:33.805 6273 6273 D wpa_supplicant: nl80211: Mode IEEE 802.11a: 5180 5200 5220 5240 5260[RADAR] 5280[RADAR] 5300[RADAR] 5320[RADAR] 5500[DISABLED] 5520[DISABLED] 5540[DISABLED] 5560[DISABLED] 5580[DISABLED] 5600[DISABLED] 5620[DISABLED] 5640[DISABLED]
12-01 18:46:33.805 6273 6273 D wpa_supplicant: nl80211: Mode IEEE 802.11b: 2412 2417 2422 2427 2432 2437 2442 2447 2452 2457 2462 2467 2472 2484[DISABLED]
12-01 18:46:33.806 6273 6273 D wpa_supplicant: wlan0: Own MAC address: 8a:52:c5:21:68:4f
12-01 18:46:33.807 6273 6273 D wpa_supplicant: wpa_driver_nl80211_set_key: ifindex=17 (wlan0) alg=0 addr=0x0 key_idx=0 set_tx=0 seq_len=0 key_len=0 key_flag=0x10
12-01 18:46:33.807 6273 6273 D wpa_supplicant: nl80211: DEL_KEY
12-01 18:46:33.807 6273 6273 D wpa_supplicant: broadcast key
12-01 18:46:33.807 6273 6273 D wpa_supplicant: wpa_driver_nl80211_set_key: ifindex=17 (wlan0) alg=0 addr=0x0 key_idx=1 set_tx=0 seq_len=0 key_len=0 key_flag=0x10
12-01 18:46:33.807 6273 6273 D wpa_supplicant: nl80211: DEL_KEY
12-01 18:46:33.807 6273 6273 D wpa_supplicant: broadcast key
12-01 18:46:33.807 6273 6273 D wpa_supplicant: wpa_driver_nl80211_set_key: ifindex=17 (wlan0) alg=0 addr=0x0 key_idx=2 set_tx=0 seq_len=0 key_len=0 key_flag=0x10
12-01 18:46:33.807 6273 6273 D wpa_supplicant: nl80211: DEL_KEY
12-01 18:46:33.807 6273 6273 D wpa_supplicant: broadcast key
12-01 18:46:33.807 6273 6273 D wpa_supplicant: wpa_driver_nl80211_set_key: ifindex=17 (wlan0) alg=0 addr=0x0 key_idx=3 set_tx=0 seq_len=0 key_len=0 key_flag=0x10
12-01 18:46:33.807 6273 6273 D wpa_supplicant: nl80211: DEL_KEY
12-01 18:46:33.807 6273 6273 D wpa_supplicant: broadcast key
12-01 18:46:33.808 6273 6273 D wpa_supplicant: wpa_driver_nl80211_set_key: ifindex=17 (wlan0) alg=0 addr=0x0 key_idx=4 set_tx=0 seq_len=0 key_len=0 key_flag=0x10
12-01 18:46:33.808 6273 6273 D wpa_supplicant: nl80211: DEL_KEY
12-01 18:46:33.808 6273 6273 D wpa_supplicant: broadcast key
12-01 18:46:33.808 6273 6273 D wpa_supplicant: wpa_driver_nl80211_set_key: ifindex=17 (wlan0) alg=0 addr=0x0 key_idx=5 set_tx=0 seq_len=0 key_len=0 key_flag=0x10
12-01 18:46:33.808 6273 6273 D wpa_supplicant: nl80211: DEL_KEY
12-01 18:46:33.808 6273 6273 D wpa_supplicant: broadcast key
12-01 18:46:33.808 6273 6273 D wpa_supplicant: wlan0: RSN: flushing PMKID list in the driver
12-01 18:46:33.808 6273 6273 D wpa_supplicant: nl80211: Flush PMKIDs
12-01 18:46:33.808 6273 6273 D wpa_supplicant: wlan0: State: DISCONNECTED -> INACTIVE
12-01 18:46:33.808 6273 6273 D wpa_supplicant: Notifying state change event to hidl control: 2
12-01 18:46:33.808 6273 6273 D wpa_supplicant: TDLS: TDLS operation supported by driver
12-01 18:46:33.808 6273 6273 D wpa_supplicant: TDLS: Driver uses external link setup
12-01 18:46:33.808 6273 6273 D wpa_supplicant: TDLS: Driver does not support TDLS channel switching
12-01 18:46:33.808 6273 6273 D wpa_supplicant: wlan0: WPS: UUID based on MAC address: 4a73264d-e278-5fff-a15b-b31e4d628428
12-01 18:46:33.808 6273 6273 D wpa_supplicant: EAPOL: SUPP_PAE entering state DISCONNECTED
12-01 18:46:33.808 6273 6273 D wpa_supplicant: EAPOL: Supplicant port status: Unauthorized
12-01 18:46:33.808 6273 6273 D wpa_supplicant: nl80211: Skip set_supp_port(unauthorized) while not associated
12-01 18:46:33.808 6273 6273 D wpa_supplicant: EAPOL: KEY_RX entering state NO_KEY_RECEIVE
12-01 18:46:33.808 6273 6273 D wpa_supplicant: EAPOL: SUPP_BE entering state INITIALIZE
12-01 18:46:33.808 6273 6273 D wpa_supplicant: EAP: EAP entering state DISABLED
12-01 18:46:33.809 6273 6273 D wpa_supplicant: Using existing control interface directory.
12-01 18:46:33.809 6273 6273 D wpa_supplicant: nl80211: Setting wowlan
12-01 18:46:33.809 6273 6273 D wpa_supplicant: MBO: Update non-preferred channels, non_pref_chan=N/A
12-01 18:46:33.809 6273 6273 D wpa_supplicant: nl80211: Scan default IEs - hexdump(len=30): 7f 0b 00 00 0a 82 00 40 00 00 00 01 20 ff 03 02 00 ff dd 0a 50 6f 9a 16 03 01 03 65 01 01
12-01 18:46:33.809 6273 6273 D wpa_supplicant: Registering interface to hidl control: wlan0
12-01 18:46:33.809 6273 6273 I wpa_supplicant: Mapping to vendor sta iface
12-01 18:46:33.809 6273 6273 D wpa_supplicant: wlan0: Added interface wlan0
12-01 18:46:33.809 6273 6273 D wpa_supplicant: wlan0: State: INACTIVE -> DISCONNECTED
12-01 18:46:33.809 6273 6273 D wpa_supplicant: nl80211: Set wlan0 operstate 0->0 (DORMANT)
12-01 18:46:33.809 6273 6273 D wpa_supplicant: netlink: Operstate: ifindex=17 linkmode=-1 (no change), operstate=5 (IF_OPER_DORMANT)
12-01 18:46:33.809 6273 6273 D wpa_supplicant: Notifying state change event to hidl control: 0
12-01 18:46:33.810 6273 6273 D wpa_supplicant: RTM_NEWLINK: ifi_index=17 ifname=wlan0 operstate=2 linkmode=1 ifi_family=0 ifi_flags=0x1003 ([UP])
12-01 18:46:33.812 502 502 I hwservicemanager: getTransport: Cannot find entry android.hardware.wifi.supplicant@1.4::ISupplicant/default in either framework or device VINTF manifest.
12-01 18:46:33.812 1495 2286 D SupplicantStaIfaceHal: Newer HAL is found, skip V1_2 remaining init flow.
12-01 18:46:33.813 1495 2286 D SupplicantStaIfaceHal: Newer HAL is found, skip V1_1 remaining init flow.
12-01 18:46:33.813 1495 2286 D SupplicantStaIfaceHal: Newer HAL is found, skip V1_0 remaining init flow.
12-01 18:46:33.813 1495 2286 E SupplicantStaIfaceHal: Can't call vendor_setupIface, ISupplicantVendorStaIface is null
12-01 18:46:33.814 1495 2286 I android_os_HwBinder: HwBinder: Starting thread pool for getting: vendor.qti.hardware.wifi.supplicant@2.0::ISupplicantVendor/default
12-01 18:46:33.814 1495 2286 E SupplicantStaIfaceHal: Try to get Vendor HIDL@2.0 interface
12-01 18:46:33.814 6273 6273 I wpa_supplicant: get vendor sta iface object
12-01 18:46:33.815 1495 2286 E SupplicantStaIfaceHal: Successful get Vendor sta interface
12-01 18:46:33.816 502 502 I hwservicemanager: getTransport: Cannot find entry android.hardware.wifi.supplicant@1.4::ISupplicant/default in either framework or device VINTF manifest.
12-01 18:46:33.816 502 502 I hwservicemanager: getTransport: Cannot find entry android.hardware.wifi.supplicant@1.4::ISupplicant/default in either framework or device VINTF manifest.
12-01 18:46:33.819 502 502 I hwservicemanager: getTransport: Cannot find entry android.hardware.wifi.supplicant@1.4::ISupplicant/default in either framework or device VINTF manifest.
12-01 18:46:33.819 6273 6273 D wpa_supplicant: Driver capability mask: 0x3
12-01 18:46:33.820 1495 2286 I WifiNative: Successfully switched to connectivity mode on iface=Iface:{Name=wlan0,Id=2,Type=STA_CONNECTIVITY}
12-01 18:46:33.820 1495 2286 D WifiClientModeManager[wlan0]: entering ConnectModeState, starting ClientModeImpl
12-01 18:46:33.823 1495 2286 D WifiScoreReport: setShouldReduceNetworkScore=false mNetworkAgent is null? true
12-01 18:46:33.823 1495 2286 V WifiClientModeManager[wlan0]: ClientModeManager started in role: Role: ROLE_CLIENT_PRIMARY, RequestorWs: WorkSource{1000 com.android.settings}, ModeListener: com.android.server.wifi.ActiveModeWarden$ClientListener@8ca4eab
12-01 18:46:33.823 1495 2286 D WifiScanRequestProxy: Sending scan available broadcast: true
12-01 18:46:33.824 1495 2290 I WifiScanningService: Received a request to enable scanning, UID = 1000
12-01 18:46:33.824 826 826 E WifiHAL : wifi_get_gscan_capabilities: GSCAN is not supported by driver
12-01 18:46:33.824 1495 2286 I WifiScanRequestProxy: Scanning is enabled
12-01 18:46:33.824 1495 2286 I WifiScanRequestProxy: Scanning for hidden networks is enabled
12-01 18:46:33.825 1495 2290 E WifiVendorHal: getBgScanCapabilities(l.853) failed {.code = ERROR_NOT_SUPPORTED, .description = }
12-01 18:46:33.826 1495 2286 D WifiConnectivityHelper: Firmware supported feature set: d8fca935dd
12-01 18:46:33.827 826 6269 I WifiHAL : send oem msg of len : 112 to apps
12-01 18:46:33.827 1495 2286 D WifiConnectivityHelper: Firmware roaming supported with capabilities: max num blocklist bssid=16 max num allowlist ssid=8
12-01 18:46:33.827 1381 6271 D LOWI-9.0.0.87.a: [LOWI-ROME-RTT] RomeWaitOnActivityOnSocketOrPipe: timed select over: TO: 5 retVal: 1
12-01 18:46:33.827 1381 6271 D LOWI-9.0.0.87.a: [LOWI-ROME-RTT] event_handler: Valid data with length 80
12-01 18:46:33.827 1381 6271 D LOWI-9.0.0.87.a: [LOWI-HELIUM-RTT] storeNLFragment: new fragment group, tokenid(2), adding 72 chars @position 0
12-01 18:46:33.827 1381 6271 D LOWI-9.0.0.87.a: [LOWI-HELIUM-RTT] RomeNLRecvMessage: The Received OEMSubType: RTT_MSG_SUBTYPE_CAPABILITY_RSP
12-01 18:46:33.827 1381 6271 D LOWI-9.0.0.87.a: [LOWI-HELIUM-RTT] RomeNLRecvMessage: The Received RomeMsgType: ROME_RANGING_CAP_MSG
12-01 18:46:33.827 1381 6271 D LOWI-9.0.0.87.a: [LOWIRangingFSM] FSM: Received Event EVENT_RANGING_CAP_INFO, Current state: STATE_WAITING_FOR_RANGING_CAP
12-01 18:46:33.827 1381 6271 D LOWI-9.0.0.87.a: [LOWIWifiTlvHandler] processRspHeadTlv: reqId(1) measDone(1) rttStatus(RTT_STATUS_SUCCESS) subtype(RTT_MSG_SUBTYPE_CAPABILITY_RSP) isFrag(0) fragIdx(0) fragLen(0) tknId(0)
12-01 18:46:33.827 1381 6271 D LOWI-9.0.0.87.a: [LOWIWifiTlvHandler] checkTlvTag: Processing idx(0) received TLV: wmi_rtt_oem_rsp_head
12-01 18:46:33.827 1381 6271 D LOWI-9.0.0.87.a: [LOWIWifiTlvHandler] processIfPeerEvtHdrTag: Invalid Tag(33), not added to vector mPeerIdx(0)
12-01 18:46:33.827 1381 6271 D LOWI-9.0.0.87.a: [LOWIWifiTlvHandler] processIfPerFrmInfoTag: Invalid Tag(33) measurement not added for peer(0)
12-01 18:46:33.827 1381 6271 D LOWI-9.0.0.87.a: [LOWIWifiTlvHandler] checkTlvTag: Processing idx(1) received TLV: wmi_rtt_oem_cap_rsp_head
12-01 18:46:33.827 1381 6271 D LOWI-9.0.0.87.a: [LOWIWifiTlvHandler] processIfPeerEvtHdrTag: Invalid Tag(35), not added to vector mPeerIdx(0)
12-01 18:46:33.827 1381 6271 D LOWI-9.0.0.87.a: [LOWIWifiTlvHandler] processIfPerFrmInfoTag: Invalid Tag(35) measurement not added for peer(0)
12-01 18:46:33.827 1381 6271 D LOWI-9.0.0.87.a: [LOWIWifiTlvHandler] checkTlvTag: Processing idx(2) received TLV: wmi_rtt_oem_cap_rsp_event
12-01 18:46:33.827 1381 6271 D LOWI-9.0.0.87.a: [LOWIWifiTlvHandler] processIfPeerEvtHdrTag: Invalid Tag(36), not added to vector mPeerIdx(0)
12-01 18:46:33.827 1381 6271 D LOWI-9.0.0.87.a: [LOWIWifiTlvHandler] processIfPerFrmInfoTag: Invalid Tag(36) measurement not added for peer(0)
12-01 18:46:33.827 1381 6271 D LOWI-9.0.0.87.a: [LOWIWifiTlvHandler] printBssidInfo: No peer info from processing TLVs
12-01 18:46:33.827 1381 6271 D LOWI-9.0.0.87.a: [LOWI-HELIUM-RTT] parseRttCapabilitiesMsg: Skipping wmi_rtt_oem_rsp_head
12-01 18:46:33.827 1381 6271 D LOWI-9.0.0.87.a: [LOWI-HELIUM-RTT] parseRttCapabilitiesMsg: parsing wmi_rtt_oem_cap_rsp_head TLVversion(0x3) major(0x0) minor(0x10001) serviceBitMask[0](0x0) serviceBitMask[1](0x0) serviceBitMask[2](0x0) serviceBitMask[3](0x0)
12-01 18:46:33.827 1381 6271 D LOWI-9.0.0.87.a: [LOWI-HELIUM-RTT] parseRttCapabilitiesMsg: parsing wmi_rtt_oem_cap_rsp_event TLVrangingTypeMask(5) supportedFramesMask(11) maxDestPerReq(10) maxMeasPerDest(31) maxChannelsAllowed(1) maxBwAllowed(2) preambleSupportedMask(7) reportTypeSupportedMask(15) maxRfChains(3) facTypeMask(2) numPhys(1) fwMultiBurstSupport(1)
12-01 18:46:33.827 1381 6271 D LOWI-9.0.0.87.a: [LOWIRangingFSM] FSM: New FSM state: STATE_READY_AND_IDLE
12-01 18:46:33.827 1381 6271 D LOWI-9.0.0.87.a: [LOWI-ROME-RTT] RomeWaitOnActivityOnSocketOrPipe: issue blocking select
12-01 18:46:33.835 3267 6266 D hpplay-base: [stream_mirror_compat:1489] request to stop screen stream session!!
12-01 18:46:33.835 3267 6266 D hpplay-base: [AEventUtils:625] begin to stop event handle service!!
12-01 18:46:33.835 3267 6266 D hpplay-base: [AEventUtils:628] stop event handle service ok!!
12-01 18:46:33.835 3267 6266 D hpplay-base: [REventUtils:231] begin to stop report handle service!!
12-01 18:46:33.835 3267 6266 D hpplay-base: [REventUtils:234] stop report handle service ok!!
12-01 18:46:33.835 3267 6266 D hpplay-base: [lelinkSinkServer:711] HTTP Server stopSinkServer End .
12-01 18:46:33.835 3267 6266 D hpplay-base: [jniBridge:1135] notifyJavaServerStoped
12-01 18:46:33.835 3267 6266 D hpplay-base: [jniBridge:1726] notifyJava, what:202, castType:0, mimeType:0 baseStatus:4
12-01 18:46:33.835 3267 6266 D hpplay-base: [jniBridge:1727] notifyJava sessionID:(null)
12-01 18:46:33.836 3267 6266 I hpplay-java: [Thread-81]:Bridge:notify: what: 202
12-01 18:46:33.837 3267 6266 I hpplay-java: [Thread-81]:Bridge:notify: out: OutParameters:{audioSessionId=-1, audiotrackIndex=0, castHandleType=-1, castType=0, deviceName='', dlnaName='', dramaID='', extra=0, frameHandleType=-1, handleInside=true, headduration=0, header='', headers=null, isAD=false, isMultiMirror=false, lelinkVer='', limitTime=0, , mediaAlbum='null', mediaAlbumArtURI='', mediaArtist='null', mediaAssets='', mediaTitle='null', mimeType=0, multiSession=null, period=0, pinCode='', playSpeed=0.0, playerChoice=0, plugin=0, port=0, position=0.0, positionUnit=2, protocol=0, realSessionID='', regType='', , sinkIp='', sourceAPPVersion='', sourceChannel='', sourceClientInfo='', sourceDeviceInfo='', sourceDeviceModel='', sourceDeviceName='', sourceDeviceType=0, sourceHID='', , sourceInfo='', , , sourceOSVersion='', sourceSDKVersion='', sourceUid='', stopDetail=0, stopReason=0, tailduration=0, url='', urlID='', urls=null, userAgent='', videoDecoder=0, volume=0, what=202}com.hpplay.sdk.sink.protocol.OutParameters@6f72df
12-01 18:46:33.837 3267 6266 I hpplay-java: [Thread-81]:Bridge:notify: address:200149804
12-01 18:46:33.837 3267 6266 D hpplay-base: [LelinkBase:645] stopServerThreadFunc notifyJavaServerStoped!
12-01 18:46:33.837 3267 3267 I hpplay-java: [main]:ServerTaskManager:startTimeOutCheck
12-01 18:46:33.837 3267 3267 I hpplay-java: [main]:ServerBusiness:stopDaemonBusiness
12-01 18:46:33.837 3267 3267 I hpplay-java: [main]:SinkDataReport:logout
12-01 18:46:33.838 3267 3267 I hpplay-java: [main]:EPControl:release
12-01 18:46:33.839 1495 2286 D WifiCountryCode: evaluateAllCmmStateAndApplyIfAllReady: {ConcreteClientModeManager{id=748170 iface=wlan0 role=ROLE_CLIENT_PRIMARY}=true}
12-01 18:46:33.839 3267 6097 I hpplay-java: [AsyncTask #110]:GlideCreator:clearCache clearDiskCache
12-01 18:46:33.839 1495 2286 D WifiCountryCode: Reading country code from telephony
12-01 18:46:33.840 3267 3267 I hpplay-java: [main]:Dispatcher:notifyAllReverseControlsStop
12-01 18:46:33.840 3267 3267 I hpplay-java: [main]:Preference:checkFeature none
12-01 18:46:33.840 3267 3267 I hpplay-java: [main]:Dispatcher:notifyAllUIControlsStop set: []
12-01 18:46:33.840 3267 3267 I hpplay-java: [main]:Bridge:findServiceID start out: 200149804
12-01 18:46:33.840 3267 3267 I hpplay-java: [main]:Bridge:findServiceID end
12-01 18:46:33.840 3267 3267 I hpplay-java: [main]:ServerTaskManager:onStop retry:true
12-01 18:46:33.840 3267 3267 I hpplay-java: [main]:ServerTaskManager:cancelTimeOutCheck
12-01 18:46:33.840 3267 6227 W hpplay-java: NanoHTTPDServerRunnable:Communication with the client broken
12-01 18:46:33.840 3267 6227 W hpplay-java: java.net.SocketException: Socket closed
12-01 18:46:33.840 3267 6227 W hpplay-java: at java.net.PlainSocketImpl.socketAccept(PlainSocketImpl.java:213)
12-01 18:46:33.840 3267 6227 W hpplay-java: at java.net.AbstractPlainSocketImpl.accept(AbstractPlainSocketImpl.java:451)
12-01 18:46:33.840 3267 6227 W hpplay-java: at java.net.ServerSocket.implAccept(ServerSocket.java:547)
12-01 18:46:33.840 3267 6227 W hpplay-java: at java.net.ServerSocket.accept(ServerSocket.java:515)
12-01 18:46:33.840 3267 6227 W hpplay-java: at com.hpplay.nanohttpd.protocols.http.ServerRunnable.run(SourceFile:118)
12-01 18:46:33.840 3267 6227 W hpplay-java: at java.lang.Thread.run(Thread.java:920)
12-01 18:46:33.841 3267 3267 W hpplay-java: [main]:IPManager:getActiveNets invalid networkInfo:null
12-01 18:46:33.841 3267 3267 I hpplay-java: [main]:IPManager:getActiveNets eth0:false wifi:false mobile:false ap:false
12-01 18:46:33.841 3267 3267 W hpplay-java: [main]:ServerTaskManager:exeTask startServer, need wait for ip
12-01 18:46:33.841 3267 6227 I hpplay-java: NanoHTTPDNanoHTTPD:server is stoped
12-01 18:46:33.841 3267 6227 I hpplay-java: NanoHTTPDNanoHTTPD:clear obj
12-01 18:46:33.841 3267 6097 I hpplay-java: [AsyncTask #110]:NetworkReceiver:onReceive action: android.net.conn.CONNECTIVITY_CHANGE
12-01 18:46:33.842 1495 2286 D WifiCountryCode: Set telephony country code to:
12-01 18:46:33.842 1495 2290 I WifiScanningService: Created a new impl for wlan0
12-01 18:46:33.842 1495 2286 D WifiCountryCode: updateCountryCode to null
12-01 18:46:33.842 1495 2290 I WifiScanningService: wifi driver loaded with scan capabilities: max buckets=16
12-01 18:46:33.843 3267 6096 W hpplay-java: [AsyncTask #109]:HttpRequest:
12-01 18:46:33.843 1495 2286 D WakeupController: onWifiEnabled()
12-01 18:46:33.844 1495 2286 W WifiClientModeImpl: No cached packet filter to apply
12-01 18:46:33.844 3267 6096 W hpplay-java: [AsyncTask #109]:HttpRequest:
12-01 18:46:33.844 3267 6096 W hpplay-java: [AsyncTask #109]:HttpRequest:
12-01 18:46:33.846 6273 6273 D wpa_supplicant: parse_get_feature_info: driver supported feature info = 2523
12-01 18:46:33.846 1495 2286 D WifiClientModeManager: output of doDriverCmd for concurrent band = 2523
12-01 18:46:33.847 1495 2286 D WifiClientModeImpl[wlan0]: entering ConnectableState: ifaceName = wlan0
12-01 18:46:33.847 6273 6273 D wpa_supplicant: wpa_driver_nl80211_driver_cmd SETSUSPENDMODE 1 len = 0, 4096
12-01 18:46:33.848 1495 2286 D WifiClientModeImpl[wlan0]: Start makeIpClient ifaceName = wlan0
12-01 18:46:33.848 1495 1495 D WifiP2pService: Wifi enabled=true
12-01 18:46:33.849 2569 2569 D SettingMicroservices: WifiReceiver:
12-01 18:46:33.849 2569 2569 D SettingMicroservices: WifiReceiver WIFI_STATE_ENABLED:
12-01 18:46:33.852 1495 2286 I WifiClientModeImpl[wlan0]: disconnectedstate enter
12-01 18:46:33.852 1495 2286 D WifiClientModeImpl[wlan0]: setupClientMode() ifacename = wlan0
12-01 18:46:33.853 2478 6275 E IpClient.wlan0: Failed to set accept_ra to 2
12-01 18:46:33.884 1381 1411 D LOWI-9.0.0.87.a: [LOWINetlinkSocketReceiver] unpackRTMLinkMessage: RTM_NEWLINK - ifname wlan0, flags 0x1002 ()
12-01 18:46:33.884 1381 1411 D LOWI-9.0.0.87.a: [LOWINetlinkSocketReceiver] processNetlinkPacket: ifname(wlan0) status(0)
12-01 18:46:33.884 1381 1411 D LOWI-9.0.0.87.a: [LOWIController] intfStateReceived: ifname(wlan0) state(0)
12-01 18:46:33.884 1381 1413 D LOWI-9.0.0.87.a: [LOWIEventReceiver] handleEvent:FROM:NA, TO:NA, REQ:NA, IREQ:NA, REQ_ID:0, RESP:NA, INFO:INTF-STATUS-UPDATE
12-01 18:46:33.884 1381 1413 D LOWI-9.0.0.87.a: [LOWIEventReceiver] Info to [INTF-STATUS-UPDATE]
12-01 18:46:33.884 1381 1413 D LOWI-9.0.0.87.a: [LOWIController] updateIntfState: WIFI enabled 0 mNlWifiStatus 1 mWifiStateEnabled 1
12-01 18:46:33.884 1381 1413 D LOWI-9.0.0.87.a: [LOWIController] isWifiEnabled: mNlWifiStatus 0 mWifiStateEnabled 1
12-01 18:46:33.884 1381 1413 I LOWI-9.0.0.87.a: [LOWIController] isWifiEnabled: Wifi is now disabled
12-01 18:46:33.884 1381 1413 D LOWI-9.0.0.87.a: [LOWIController] terminateScanResultReceiver
12-01 18:46:33.885 1381 6270 D LOWI-9.0.0.87.a: [LOWI-Scan] wips_wait_on_nl_socket: read returned 6, Received string: Close
12-01 18:46:33.885 1381 6270 D LOWI-9.0.0.87.a: [LOWI-Scan] do_listen_events: Select Error return - -301
12-01 18:46:33.885 1381 6270 D LOWI-9.0.0.87.a: [LOWI-Scan] No dump done. Error -301
12-01 18:46:33.885 1381 6270 D LOWI-9.0.0.87.a: [LOWI-Scan] WipsScanUsingNL: passive scan cached 0, took 215 ms, err -301
12-01 18:46:33.885 1381 6270 D LOWI-9.0.0.87.a: [LOWI-Scan] lowi_proc_req_passive_scan_with_live_meas - No WLAN Frames to be parsed
12-01 18:46:33.885 1381 6270 D LOWI-9.0.0.87.a: [LOWIWifiDriverInterface] Scan terminated for passive listening request
12-01 18:46:33.885 1381 6270 I LOWI-9.0.0.87.a: [LOWIScanResultReceiver] Thread terminate was requested
12-01 18:46:33.885 1381 6270 D LOWI-9.0.0.87.a: [LOWI-Scan] Closing the pipe
12-01 18:46:33.885 1381 1413 D LOWI-9.0.0.87.a: [LOWIScanResultReceiver] After join complete
12-01 18:46:33.886 1381 1413 D LOWI-9.0.0.87.a: [LOWI-ROME-RTT] RomeUnblockRangingThread
12-01 18:46:33.886 1381 6271 D LOWI-9.0.0.87.a: [LOWI-ROME-RTT] RomeWaitOnActivityOnSocketOrPipe: Ranging thread Received string: Close, request socket shutdown
12-01 18:46:33.886 1381 6271 D LOWI-9.0.0.87.a: [LOWIRangingFSM] FSM: Received Terminate Thread request from Controller
12-01 18:46:33.886 1381 6271 I LOWI-9.0.0.87.a: [LOWIScanResultReceiver] Thread terminate was requested
12-01 18:46:33.886 1381 6271 D LOWI-9.0.0.87.a: [LOWI-ROME-RTT] Closing the Ranging pipe
12-01 18:46:33.886 1381 1413 D LOWI-9.0.0.87.a: [LOWIScanResultReceiver] After join complete
12-01 18:46:33.886 1381 1413 D LOWI-9.0.0.87.a: [LOWIController] terminateWifiDriver
12-01 18:46:33.886 1381 1413 I CLD80211: lowi-server: Sent msg on exit sock to unblock poll()
12-01 18:46:33.888 1495 1599 I EthernetTracker: interfaceLinkStateChanged, iface: wlan0, up: false
12-01 18:46:33.895 1381 1411 D LOWI-9.0.0.87.a: [LOWINetlinkSocketReceiver] unpackRTMLinkMessage: RTM_NEWLINK - ifname wlan0, flags 0x1002 ()
12-01 18:46:33.895 1381 1411 D LOWI-9.0.0.87.a: [LOWINetlinkSocketReceiver] processNetlinkPacket: ifname(wlan0) status(0)
12-01 18:46:33.895 1381 1411 D LOWI-9.0.0.87.a: [LOWIController] intfStateReceived: ifname(wlan0) state(0)
12-01 18:46:33.896 1495 1599 I EthernetTracker: interfaceLinkStateChanged, iface: wlan0, up: false
12-01 18:46:33.896 826 826 D android.hardware.wifi@1.0-service: Successfully SetMacAddress.
12-01 18:46:33.900 1381 1413 D LOWI-9.0.0.87.a: [LOWIEventReceiver] handleEvent:FROM:NA, TO:NA, REQ:NA, IREQ:NA, REQ_ID:0, RESP:NA, INFO:INTF-STATUS-UPDATE
12-01 18:46:33.900 1381 1413 D LOWI-9.0.0.87.a: [LOWIEventReceiver] Info to [INTF-STATUS-UPDATE]
12-01 18:46:33.900 1381 1413 D LOWI-9.0.0.87.a: [LOWIController] updateIntfState: WIFI enabled 0 mNlWifiStatus 0 mWifiStateEnabled 0
12-01 18:46:33.900 1381 1413 D LOWI-9.0.0.87.a: [LOWIController] isWifiEnabled: mNlWifiStatus 0 mWifiStateEnabled 0
12-01 18:46:33.901 1381 1411 D LOWI-9.0.0.87.a: [LOWINetlinkSocketReceiver] unpackRTMLinkMessage: RTM_NEWLINK - ifname wlan0, flags 0x1003 ([UP])
12-01 18:46:33.901 1381 1411 D LOWI-9.0.0.87.a: [LOWINetlinkSocketReceiver] processNetlinkPacket: ifname(wlan0) status(1)
12-01 18:46:33.901 1381 1411 D LOWI-9.0.0.87.a: [LOWIController] intfStateReceived: ifname(wlan0) state(1)
12-01 18:46:33.901 1381 1413 D LOWI-9.0.0.87.a: [LOWIEventReceiver] handleEvent:FROM:NA, TO:NA, REQ:NA, IREQ:NA, REQ_ID:0, RESP:NA, INFO:INTF-STATUS-UPDATE
12-01 18:46:33.901 1381 1413 D LOWI-9.0.0.87.a: [LOWIEventReceiver] Info to [INTF-STATUS-UPDATE]
12-01 18:46:33.901 1381 1413 D LOWI-9.0.0.87.a: [LOWIController] updateIntfState: WIFI enabled 1 mNlWifiStatus 0 mWifiStateEnabled 0
12-01 18:46:33.901 1381 1413 D LOWI-9.0.0.87.a: [LOWIController] isWifiEnabled: mNlWifiStatus 1 mWifiStateEnabled 0
12-01 18:46:33.901 1381 1413 I LOWI-9.0.0.87.a: [LOWIController] isWifiEnabled: Wifi is now enabled
12-01 18:46:33.901 1381 1413 D LOWI-9.0.0.87.a: [LOWIController] terminateScanResultReceiver
12-01 18:46:33.903 1495 1599 I EthernetTracker: interfaceLinkStateChanged, iface: wlan0, up: false
12-01 18:46:33.904 1381 1413 D LOWI-9.0.0.87.a: [LOWIWpaInterface] OpenCtrl]61 Success for mCtrl
12-01 18:46:33.904 1381 1413 D LOWI-9.0.0.87.a: [LOWI-Scan] nl80211_init:SUCCESS
12-01 18:46:33.905 1381 1413 D LOWI-9.0.0.87.a: [LOWI-Scan] nl_get_wiphy_info, done err = 0
12-01 18:46:33.905 1381 1413 I LOWI-9.0.0.87.a: [LOWI-Scan] WipsGetSupportedChannels: return err = 0 num_2g_ch = 13 num_5g_ch = 13 num_6g_ch = 0
12-01 18:46:33.905 1381 1413 I LOWI-9.0.0.87.a: [LOWIWifiDriverUtils] set the band mask from wiphy 3
12-01 18:46:33.905 1381 1413 D LOWI-9.0.0.87.a: [LOWIWifiDriverUtils] getWiFiIdentityFromIoctl: ioctl(GET_MAC_ADDR) return: 0, Mac = 0a:42:1b:33:d2:19
12-01 18:46:33.907 1381 1413 I LOWI-9.0.0.87.a: [LOWI-ROME-RTT] RomeWipsOpen: libCld80211 found, load the symbols..
12-01 18:46:33.907 1381 1413 I CLD80211: lowi-server: initialized exit socket pair
12-01 18:46:33.907 1381 1413 D LOWI-9.0.0.87.a: [LOWI-ROME-RTT] cld80211InitAndRegister: Init and Registration done
12-01 18:46:33.908 1381 1413 D LOWI-9.0.0.87.a: [LOWIController] createWifiDriver: wifi driver created.
12-01 18:46:33.908 1381 1413 D LOWI-9.0.0.87.a: [LOWIController] getWifiCapabilities
12-01 18:46:33.908 1381 1413 D LOWI-9.0.0.87.a: [LOWIController] passContConfig
12-01 18:46:33.908 1381 1413 I LOWI-9.0.0.87.a: [LOWIWifiDriverUtils] return band_mask based on wiphy 3
12-01 18:46:33.908 1381 1413 D LOWI-9.0.0.87.a: [LOWIControllerExtn] createScanResultReceiver: scanbitmask(0x26)
12-01 18:46:33.908 1381 1413 D LOWI-9.0.0.87.a: [LOWIController] createScanResultReceiver: Capabilities: discovery(1), ranging(1), bgscan(0), scanbitmask(0x26)
12-01 18:46:33.908 1381 1413 D LOWI-9.0.0.87.a: [LOWIController] created scanReceiver successfully
12-01 18:46:33.908 1381 1413 D LOWI-9.0.0.87.a: [LOWIController] created scanReceiver successfully
12-01 18:46:33.908 1381 6277 D LOWI-9.0.0.87.a: [LOWI-ROME-RTT] Creating pipe to Ranging Thread
12-01 18:46:33.908 1381 6277 D LOWI-9.0.0.87.a: [LOWIScanResultReceiver] Enter passive listening mode
12-01 18:46:33.908 1381 6277 D LOWI-9.0.0.87.a: [LOWIRangingFSM] FSM: Received Event EVENT_START_THREAD, Current state: STATE_IDLE_START
12-01 18:46:33.908 1381 6276 D LOWI-9.0.0.87.a: [LOWI-Scan] Creating the pipe
12-01 18:46:33.909 1381 6276 D LOWI-9.0.0.87.a: [LOWIScanResultReceiver] Enter passive listening mode
12-01 18:46:33.909 1381 6276 D LOWI-9.0.0.87.a: [LOWIWifiDriverInterface] getMeasurements - Passive listening mode
12-01 18:46:33.909 1381 6276 D LOWI-9.0.0.87.a: [LOWI-Scan] WipsScanUsingNL:wait -1 sec for netlink message
12-01 18:46:33.909 826 6269 I WifiHAL : send_nl_data: sent cld80211 msg of len: 48 to driver
12-01 18:46:33.909 826 6269 I WifiHAL : send oem msg of len : 40 to apps
12-01 18:46:33.909 1381 6277 D LOWI-9.0.0.87.a: [LOWI-ROME-RTT] send_cld80211_nlmsg: sent cld80211 message for pid 1381
12-01 18:46:33.909 1381 6277 D LOWI-9.0.0.87.a: [LOWIRangingFSM] FSM: New FSM state: STATE_IDLE_START
12-01 18:46:33.909 1381 6277 D LOWI-9.0.0.87.a: [LOWI-ROME-RTT] RomeWaitOnActivityOnSocketOrPipe: issue timed select: TO: 5
12-01 18:46:33.909 1381 6277 D LOWI-9.0.0.87.a: [LOWI-ROME-RTT] RomeWaitOnActivityOnSocketOrPipe: timed select over: TO: 5 retVal: 1
12-01 18:46:33.909 1381 6277 D LOWI-9.0.0.87.a: [LOWI-ROME-RTT] event_handler: Valid data with length 11
12-01 18:46:33.909 1381 6277 D LOWI-9.0.0.87.a: [LOWI-HELIUM-RTT] RomeNLRecvMessage: The Received RomeMsgType: ROME_REG_RSP_MSG
12-01 18:46:33.909 1381 6277 D LOWI-9.0.0.87.a: [LOWIRangingFSM] FSM: Received Event EVENT_REGISTRATION_SUCCESS, Current state: STATE_IDLE_START
12-01 18:46:33.909 1381 6277 D LOWI-9.0.0.87.a: [LOWI-ROME-RTT] RomeExtractRegRsp: driver support nl packing for oem data
12-01 18:46:33.909 1381 6277 I LOWI-9.0.0.87.a: [LOWI-ROME-RTT] RomeExtractRegRsp: nl format oem data enabled
12-01 18:46:33.909 1381 6277 D LOWI-9.0.0.87.a: [LOWI-ROME-RTT] RomeExtractRegRsp: Registered with CLD, 1 vDevs. Using 0 for STA
12-01 18:46:33.909 1495 2286 E WifiScoringParams: Invalid frequency(-1), using 5G as default rssi array
12-01 18:46:33.909 826 6269 I WifiHAL : send_nl_data: sent cld80211 msg of len: 32 to driver
12-01 18:46:33.909 826 6269 I WifiHAL : send oem msg of len : 148 to apps
12-01 18:46:33.909 1381 6277 D LOWI-9.0.0.87.a: [LOWI-ROME-RTT] send_oem_nl_msg: sent cld80211 message with subcmd: 3
12-01 18:46:33.909 1381 6277 D LOWI-9.0.0.87.a: [LOWIRangingFSM] FSM: New FSM state: STATE_WAITING_OEM_CAP
12-01 18:46:33.909 1381 6277 D LOWI-9.0.0.87.a: [LOWI-ROME-RTT] RomeWaitOnActivityOnSocketOrPipe: issue timed select: TO: 5
12-01 18:46:33.909 1381 6277 D LOWI-9.0.0.87.a: [LOWI-ROME-RTT] RomeWaitOnActivityOnSocketOrPipe: timed select over: TO: 5 retVal: 1
12-01 18:46:33.909 1381 6277 D LOWI-9.0.0.87.a: [LOWI-ROME-RTT] event_handler: Valid data with length 116
12-01 18:46:33.909 1381 6277 D LOWI-9.0.0.87.a: [LOWI-HELIUM-RTT] RomeNLRecvMessage: The Received RomeMsgType: ROME_OEM_CAP_MSG
12-01 18:46:33.909 1381 6277 D LOWI-9.0.0.87.a: [LOWIRangingFSM] FSM: Received Event EVENT_OEM_CAP_INFO, Current state: STATE_WAITING_OEM_CAP
12-01 18:46:33.909 1381 6277 D LOWI-9.0.0.87.a: [LOWI-ROME-RTT] RomeExtractOemCapabilities: oem_target_signature(QUALCOMM) oem_target_type(23)oem_fw_version(270140705) driver_version(0xa120205)
12-01 18:46:33.909 1381 6277 D LOWI-9.0.0.87.a: [LOWI-ROME-RTT] allowed_dwell_time_min(20) allowed_dwell_time_max(40)curr_dwell_time_min(0) curr_dwell_time_max(0)supported_bands(3) num_channels(0)
12-01 18:46:33.910 826 6269 I WifiHAL : send_nl_data: sent cld80211 msg of len: 32 to driver
12-01 18:46:33.910 826 6269 I WifiHAL : send oem msg of len : 1608 to apps
12-01 18:46:33.910 1381 6277 D LOWI-9.0.0.87.a: [LOWI-ROME-RTT] send_oem_nl_msg: sent cld80211 message with subcmd: 4
12-01 18:46:33.910 1381 6277 D LOWI-9.0.0.87.a: [LOWIRangingFSM] FSM: New FSM state: STATE_WAITING_FOR_WIPHY_INFO
12-01 18:46:33.910 1381 6277 D LOWI-9.0.0.87.a: [LOWI-ROME-RTT] RomeWaitOnActivityOnSocketOrPipe: issue timed select: TO: 5
12-01 18:46:33.910 1381 6277 D LOWI-9.0.0.87.a: [LOWI-ROME-RTT] RomeWaitOnActivityOnSocketOrPipe: timed select over: TO: 5 retVal: 1
12-01 18:46:33.910 1381 6277 D LOWI-9.0.0.87.a: [LOWI-ROME-RTT] event_handler: Valid data with length 1576
12-01 18:46:33.910 1381 6277 D LOWI-9.0.0.87.a: [LOWI-HELIUM-RTT] RomeNLRecvMessage: The Received RomeMsgType: ROME_CHANNEL_INFO_MSG
12-01 18:46:33.910 1381 6277 D LOWI-9.0.0.87.a: [LOWIRangingFSM] FSM: Received Event EVENT_CHANNEL_INFO, Current state: STATE_WAITING_FOR_WIPHY_INFO
12-01 18:46:33.910 1381 6277 I LOWI-9.0.0.87.a: [LOWI-ROME-RTT] ExtractNLChannelInfo: NumChan = 26
12-01 18:46:33.910 826 6269 I WifiHAL : send_nl_data: sent cld80211 msg of len: 64 to driver
12-01 18:46:33.910 1381 6277 D LOWI-9.0.0.87.a: [LOWI-ROME-RTT] send_oem_nl_msg: sent cld80211 message with subcmd: 5
12-01 18:46:33.910 1381 6277 D LOWI-9.0.0.87.a: [LOWIRangingFSM] FSM: New FSM state: STATE_WAITING_FOR_RANGING_CAP
12-01 18:46:33.910 1381 6277 D LOWI-9.0.0.87.a: [LOWI-ROME-RTT] RomeWaitOnActivityOnSocketOrPipe: issue timed select: TO: 5
12-01 18:46:33.913 1495 2286 I WifiVendorHal: Driver: 5.2.022.10G Firmware: FW:1.0.1.0.1313.0 HW:HW_VERSION=ffffffff.
12-01 18:46:33.918 1495 2286 D WifiDiags: startLogging() iface list is {wlan0} after adding wlan0
12-01 18:46:33.920 1381 6276 D LOWI-9.0.0.87.a: [LOWI-Scan] wait_event:Wait done with Cmd 33
12-01 18:46:33.920 1381 6276 D LOWI-9.0.0.87.a: [LOWI-Scan] do_listen_events: Rcvd valid Netlink Cmd 0 Err 0
12-01 18:46:33.930 1495 2286 I WifiClientModeImpl: Get factory mac address: F0:74:E4:3A:19:18
12-01 18:46:33.931 1495 2286 I WifiClientModeImpl: Factory MAC address retrieved and stored in config store: f0:74:e4:3a:19:18
12-01 18:46:34.142 1495 2847 I WifiService: startScan uid=1000
12-01 18:46:34.143 2339 2339 D BluetoothAdapterService: Soft AP is on band: 1
12-01 18:46:34.146 826 6269 I WifiHAL : send oem msg of len : 112 to apps
12-01 18:46:34.149 1381 6277 D LOWI-9.0.0.87.a: [LOWI-ROME-RTT] RomeWaitOnActivityOnSocketOrPipe: timed select over: TO: 5 retVal: 1
12-01 18:46:34.149 1381 6277 D LOWI-9.0.0.87.a: [LOWI-ROME-RTT] event_handler: Valid data with length 80
12-01 18:46:34.149 1381 6277 D LOWI-9.0.0.87.a: [LOWI-HELIUM-RTT] storeNLFragment: new fragment group, tokenid(2), adding 72 chars @position 0
12-01 18:46:34.149 1381 6277 D LOWI-9.0.0.87.a: [LOWI-HELIUM-RTT] RomeNLRecvMessage: The Received OEMSubType: RTT_MSG_SUBTYPE_CAPABILITY_RSP
12-01 18:46:34.149 1381 6277 D LOWI-9.0.0.87.a: [LOWI-HELIUM-RTT] RomeNLRecvMessage: The Received RomeMsgType: ROME_RANGING_CAP_MSG
12-01 18:46:34.149 1381 6277 D LOWI-9.0.0.87.a: [LOWIRangingFSM] FSM: Received Event EVENT_RANGING_CAP_INFO, Current state: STATE_WAITING_FOR_RANGING_CAP
12-01 18:46:34.149 1381 6277 D LOWI-9.0.0.87.a: [LOWIWifiTlvHandler] processRspHeadTlv: reqId(1) measDone(1) rttStatus(RTT_STATUS_SUCCESS) subtype(RTT_MSG_SUBTYPE_CAPABILITY_RSP) isFrag(0) fragIdx(0) fragLen(0) tknId(0)
12-01 18:46:34.149 1381 6277 D LOWI-9.0.0.87.a: [LOWIWifiTlvHandler] checkTlvTag: Processing idx(0) received TLV: wmi_rtt_oem_rsp_head
12-01 18:46:34.149 1381 6277 D LOWI-9.0.0.87.a: [LOWIWifiTlvHandler] processIfPeerEvtHdrTag: Invalid Tag(33), not added to vector mPeerIdx(0)
12-01 18:46:34.149 1381 6277 D LOWI-9.0.0.87.a: [LOWIWifiTlvHandler] processIfPerFrmInfoTag: Invalid Tag(33) measurement not added for peer(0)
12-01 18:46:34.149 1381 6277 D LOWI-9.0.0.87.a: [LOWIWifiTlvHandler] checkTlvTag: Processing idx(1) received TLV: wmi_rtt_oem_cap_rsp_head
12-01 18:46:34.149 1381 6277 D LOWI-9.0.0.87.a: [LOWIWifiTlvHandler] processIfPeerEvtHdrTag: Invalid Tag(35), not added to vector mPeerIdx(0)
12-01 18:46:34.149 1381 6277 D LOWI-9.0.0.87.a: [LOWIWifiTlvHandler] processIfPerFrmInfoTag: Invalid Tag(35) measurement not added for peer(0)
12-01 18:46:34.149 1381 6277 D LOWI-9.0.0.87.a: [LOWIWifiTlvHandler] checkTlvTag: Processing idx(2) received TLV: wmi_rtt_oem_cap_rsp_event
12-01 18:46:34.149 1381 6277 D LOWI-9.0.0.87.a: [LOWIWifiTlvHandler] processIfPeerEvtHdrTag: Invalid Tag(36), not added to vector mPeerIdx(0)
12-01 18:46:34.149 1381 6277 D LOWI-9.0.0.87.a: [LOWIWifiTlvHandler] processIfPerFrmInfoTag: Invalid Tag(36) measurement not added for peer(0)
12-01 18:46:34.149 1381 6277 D LOWI-9.0.0.87.a: [LOWIWifiTlvHandler] printBssidInfo: No peer info from processing TLVs
12-01 18:46:34.149 1381 6277 D LOWI-9.0.0.87.a: [LOWI-HELIUM-RTT] parseRttCapabilitiesMsg: Skipping wmi_rtt_oem_rsp_head
12-01 18:46:34.149 1381 6277 D LOWI-9.0.0.87.a: [LOWI-HELIUM-RTT] parseRttCapabilitiesMsg: parsing wmi_rtt_oem_cap_rsp_head TLVversion(0x3) major(0x0) minor(0x10001) serviceBitMask[0](0x0) serviceBitMask[1](0x0) serviceBitMask[2](0x0) serviceBitMask[3](0x0)
12-01 18:46:34.149 1381 6277 D LOWI-9.0.0.87.a: [LOWI-HELIUM-RTT] parseRttCapabilitiesMsg: parsing wmi_rtt_oem_cap_rsp_event TLVrangingTypeMask(5) supportedFramesMask(11) maxDestPerReq(10) maxMeasPerDest(31) maxChannelsAllowed(1) maxBwAllowed(2) preambleSupportedMask(7) reportTypeSupportedMask(15) maxRfChains(3) facTypeMask(2) numPhys(1) fwMultiBurstSupport(1)
12-01 18:46:34.149 1381 6277 D LOWI-9.0.0.87.a: [LOWIRangingFSM] FSM: New FSM state: STATE_READY_AND_IDLE
12-01 18:46:34.149 1381 6277 D LOWI-9.0.0.87.a: [LOWI-ROME-RTT] RomeWaitOnActivityOnSocketOrPipe: issue blocking select
