12-01 18:34:32.686 1495 1599 D CompatibilityChangeReporter: Compat change id reported: 177438394; UID 10095; state: DISABLED
12-01 18:34:32.686 1495 1599 D CompatibilityChangeReporter: Compat change id reported: 135772972; UID 10095; state: DISABLED
12-01 18:34:32.686 1495 1599 D CompatibilityChangeReporter: Compat change id reported: 135754954; UID 10095; state: DISABLED
12-01 18:34:32.686 1495 1611 I ActivityManager: Start proc 2354:com.android.systemui/u0a82 for service {com.android.systemui/com.android.systemui.ImageWallpaper}
12-01 18:34:32.686 1495 1599 I UsbPortManager: USB port added: port=UsbPort{id=, supportedModes=nonesupportedContaminantProtectionModes=0supportsEnableContaminantPresenceProtection=falsesupportsEnableContaminantPresenceDetection=false, status=UsbPortStatus{connected=false, currentMode=none, currentPowerRole=no-power, currentDataRole=no-data, supportedRoleCombinations=[no-power:no-data], contaminantDetectionStatus=0, contaminantProtectionStatus=0}, canChangeMode=false, canChangePowerRole=false, canChangeDataRole=false, connectedAtMillis=0, lastConnectDurationMillis=0
12-01 18:34:32.686 1495 1611 D CompatibilityChangeReporter: Compat change id reported: 143937733; UID 10095; state: DISABLED
12-01 18:34:32.686 1495 1611 W ActivityManager: com.android.permissioncontroller inode == 0 (b/152760674)
12-01 18:34:32.690 1495 1611 I ActivityManager: Start proc 2355:com.android.permissioncontroller/u0a95 for service {com.android.permissioncontroller/com.android.permissioncontroller.permission.service.PermissionControllerServiceImpl}
12-01 18:34:32.698 1495 2278 D CompatibilityChangeReporter: Compat change id reported: 168419799; UID 10082; state: DISABLED
12-01 18:34:32.703 1495 1589 D CompatibilityChangeReporter: Compat change id reported: 168419799; UID 10095; state: DISABLED
12-01 18:34:32.722 1495 2278 W StorageManagerService: No primary storage defined yet; hacking together a stub
12-01 18:34:32.790 1495 2421 D CompatibilityChangeReporter: Compat change id reported: 171306433; UID 1000; state: ENABLED
12-01 18:34:32.814 2354 2354 W OneHandedController: Device doesn't support OneHanded feature
12-01 18:34:32.863 1495 2404 D CompatibilityChangeReporter: Compat change id reported: 157233955; UID 10082; state: ENABLED
12-01 18:34:32.863 1495 1495 V StorageManagerService: Package null has legacy storage
12-01 18:34:32.863 1495 1495 V StorageManagerService: Package null has legacy storage
12-01 18:34:32.865 1495 1495 V StorageManagerService: Package null does not have legacy storage
12-01 18:34:32.865 1495 1495 V StorageManagerService: Package null does not have legacy storage
12-01 18:34:32.865 1495 1495 V StorageManagerService: Package null does not have legacy storage
12-01 18:34:32.865 1495 1495 V StorageManagerService: Package null does not have legacy storage
12-01 18:34:32.865 1495 1495 V StorageManagerService: Package null does not have legacy storage
12-01 18:34:32.866 1495 1495 V StorageManagerService: Package null does not have legacy storage
12-01 18:34:32.866 1495 1495 V StorageManagerService: Package null does not have legacy storage
12-01 18:34:32.866 1495 1495 V StorageManagerService: Package null does not have legacy storage
12-01 18:34:32.866 1495 1495 V StorageManagerService: Package null does not have legacy storage
12-01 18:34:32.867 1495 1495 V StorageManagerService: Package null does not have legacy storage
12-01 18:34:32.867 1495 1495 V StorageManagerService: Package null does not have legacy storage
12-01 18:34:32.867 1495 1495 V StorageManagerService: Package null does not have legacy storage
12-01 18:34:32.868 1495 1495 V StorageManagerService: Package null does not have legacy storage
12-01 18:34:32.868 1495 1495 V StorageManagerService: Package null does not have legacy storage
12-01 18:34:32.868 1495 1495 V StorageManagerService: Package null does not have legacy storage
12-01 18:34:32.868 1495 1495 V StorageManagerService: Package null does not have legacy storage
12-01 18:34:32.868 1495 1495 V StorageManagerService: Package null does not have legacy storage
12-01 18:34:32.868 1495 1495 V StorageManagerService: Package null does not have legacy storage
12-01 18:34:32.868 1495 1495 V StorageManagerService: Package null does not have legacy storage
12-01 18:34:32.868 1495 1495 V StorageManagerService: Package null does not have legacy storage
12-01 18:34:32.868 1495 1495 V StorageManagerService: Package null does not have legacy storage
12-01 18:34:32.868 1495 1495 V StorageManagerService: Package null does not have legacy storage
12-01 18:34:32.868 1495 1495 V StorageManagerService: Package null does not have legacy storage
12-01 18:34:32.869 1495 1495 I PackageManager: Permission ownership changed. Updating all permissions.
12-01 18:34:32.880 1495 1495 W SystemServiceManager: Service com.android.server.policy.PermissionPolicyService took 197 ms in onBootPhase
12-01 18:34:32.880 1495 1495 I SystemServerTiming: OnBootPhase_550_com.android.server.pm.StagingManager$Lifecycle
12-01 18:34:32.880 1495 1495 I SystemServerTiming: OnBootPhase_550_com.android.server.app.GameManagerService$Lifecycle
12-01 18:34:32.880 1495 1495 I SystemServerTiming: OnBootPhase_550_com.android.server.appsearch.AppSearchManagerService
12-01 18:34:32.880 1495 1495 I SystemServerTiming: OnBootPhase_550_com.android.server.media.MediaCommunicationService
12-01 18:34:32.880 1495 1495 I SystemServerTiming: StartObservingNativeCrashes
12-01 18:34:32.880 1495 1495 I SystemServerTiming: RegisterAppOpsPolicy
12-01 18:34:32.881 1495 1495 I SystemServerTiming: MakeNetworkManagementServiceReady
12-01 18:34:32.881 1495 1684 I SystemServerTimingAsync: InitThreadPoolExec:WebViewFactoryPreparation
12-01 18:34:32.882 1495 1684 I SystemServer: WebViewFactoryPreparation
12-01 18:34:32.882 1495 1684 I SystemServerTimingAsync: WebViewFactoryPreparation
12-01 18:34:32.882 1495 1684 D CompatibilityChangeReporter: Compat change id reported: 135634846; UID 1000; state: DISABLED
12-01 18:34:32.882 1495 1684 D CompatibilityChangeReporter: Compat change id reported: 177438394; UID 1000; state: DISABLED
12-01 18:34:32.882 1495 1684 D CompatibilityChangeReporter: Compat change id reported: 135772972; UID 1000; state: DISABLED
12-01 18:34:32.882 1495 1684 D CompatibilityChangeReporter: Compat change id reported: 178038272; UID 1000; state: DISABLED
12-01 18:34:32.882 1495 1611 W ActivityManager: com.android.location.fused inode == 0 (b/152760674)
12-01 18:34:32.890 1495 1495 I SystemServerTiming: MakeIpSecServiceReady
12-01 18:34:32.891 1495 1495 D IpSecService: IpSecService is ready
12-01 18:34:32.891 1495 1495 I SystemServerTiming: MakeNetworkStatsServiceReady
12-01 18:34:32.892 1495 1617 W BatteryExternalStatsWorker: error reading modem stats:ERROR_PHONE_NOT_AVAILABLE
12-01 18:34:32.893 1495 2283 W NetworkPolicy: setRestrictBackgroundUL: already false
12-01 18:34:32.895 1495 1495 I SystemServerTiming: MakeConnectivityServiceReady
12-01 18:34:32.900 1495 1495 I SystemServerTiming: MakeVpnManagerServiceReady
12-01 18:34:32.902 1495 1495 I SystemServerTiming: MakeVcnManagementServiceReady
12-01 18:34:32.910 1495 1495 I SystemServerTiming: MakeNetworkPolicyServiceReady
12-01 18:34:32.910 1495 1495 I SystemServerTiming: PhaseThirdPartyAppsCanStart
12-01 18:34:32.910 1495 1495 I SystemServiceManager: Starting phase 600
12-01 18:34:32.910 1495 1495 I SystemServerTiming: OnBootPhase_600
12-01 18:34:32.910 1495 1495 I SystemServerTiming: OnBootPhase_600_com.android.server.security.FileIntegrityService
12-01 18:34:32.910 1495 1495 I SystemServerTiming: OnBootPhase_600_com.android.server.pm.Installer
12-01 18:34:32.910 1495 1495 I SystemServerTiming: OnBootPhase_600_com.android.server.os.DeviceIdentifiersPolicyService
12-01 18:34:32.910 1495 1495 I SystemServerTiming: OnBootPhase_600_com.android.server.uri.UriGrantsManagerService$Lifecycle
12-01 18:34:32.911 1495 1495 I SystemServerTiming: OnBootPhase_600_com.android.server.powerstats.PowerStatsService
12-01 18:34:32.911 1495 1495 I SystemServerTiming: OnBootPhase_600_com.android.server.wm.ActivityTaskManagerService$Lifecycle
12-01 18:34:32.911 1495 1495 I SystemServerTiming: OnBootPhase_600_com.android.server.am.ActivityManagerService$Lifecycle
12-01 18:34:32.912 1495 1495 I ExplicitHealthCheckController: Explicit health checks enabled.
12-01 18:34:32.912 1495 1495 I PackageWatchdog: Syncing state, reason: health check state enabled
12-01 18:34:32.912 1495 1495 I PackageWatchdog: Not pruning observers, elapsed time: 0ms
12-01 18:34:32.912 1495 1608 I PackageWatchdog: Saving observer state to file
12-01 18:34:32.912 1495 1495 I PackageWatchdog: Cancelling state sync, nothing to sync
12-01 18:34:32.912 1495 1495 I SystemServerTiming: OnBootPhase_600_com.android.server.pm.DataLoaderManagerService
12-01 18:34:32.912 1495 1495 I SystemServerTiming: OnBootPhase_600_com.android.server.power.PowerManagerService
12-01 18:34:32.912 1495 1495 I SystemServerTiming: OnBootPhase_600_com.android.server.power.ThermalManagerService
12-01 18:34:32.912 1495 1495 I SystemServerTiming: OnBootPhase_600_com.android.server.power.hint.HintManagerService
12-01 18:34:32.912 1495 1495 I SystemServerTiming: OnBootPhase_600_com.android.server.recoverysystem.RecoverySystemService$Lifecycle
12-01 18:34:32.912 1495 1495 I SystemServerTiming: OnBootPhase_600_com.android.server.lights.LightsService
12-01 18:34:32.912 1495 1495 I SystemServerTiming: OnBootPhase_600_com.android.server.display.DisplayManagerService
12-01 18:34:32.912 1495 1495 I SystemServerTiming: OnBootPhase_600_com.android.server.pm.verify.domain.DomainVerificationService
12-01 18:34:32.912 1495 1495 I SystemServerTiming: OnBootPhase_600_com.android.server.pm.PackageInstallerService$Lifecycle
12-01 18:34:32.912 1495 1495 I SystemServerTiming: OnBootPhase_600_com.android.server.pm.UserManagerService$LifeCycle
12-01 18:34:32.912 1495 1495 I SystemServerTiming: OnBootPhase_600_com.android.server.om.OverlayManagerService
12-01 18:34:32.912 1495 1495 I SystemServerTiming: OnBootPhase_600_com.android.server.SensorPrivacyService
12-01 18:34:32.912 1495 1495 I SystemServerTiming: OnBootPhase_600_com.android.server.sensors.SensorService
12-01 18:34:32.913 1495 1495 I SystemServerTiming: OnBootPhase_600_com.android.server.SystemConfigService
12-01 18:34:32.913 1495 1495 I SystemServerTiming: OnBootPhase_600_com.android.server.BatteryService
12-01 18:34:32.913 1495 1495 I SystemServerTiming: OnBootPhase_600_com.android.server.usage.UsageStatsService
12-01 18:34:32.913 1495 1495 I SystemServerTiming: OnBootPhase_600_com.android.server.webkit.WebViewUpdateService
12-01 18:34:32.913 1495 1495 I SystemServerTiming: OnBootPhase_600_com.android.server.CachedDeviceStateService
12-01 18:34:32.913 1495 1495 I SystemServerTiming: OnBootPhase_600_com.android.server.BinderCallsStatsService$LifeCycle
12-01 18:34:32.913 1495 1495 I SystemServerTiming: OnBootPhase_600_com.android.server.LooperStatsService$Lifecycle
12-01 18:34:32.913 1495 1495 I SystemServerTiming: OnBootPhase_600_com.android.server.rollback.RollbackManagerService
12-01 18:34:32.913 1495 1495 I SystemServerTiming: OnBootPhase_600_com.android.server.os.NativeTombstoneManagerService
12-01 18:34:32.913 1495 1495 I SystemServerTiming: OnBootPhase_600_com.android.server.os.BugreportManagerService
12-01 18:34:32.913 1495 1495 I SystemServerTiming: OnBootPhase_600_com.android.server.gpu.GpuService
12-01 18:34:32.913 1495 1495 I SystemServerTiming: OnBootPhase_600_com.android.server.security.KeyChainSystemService
12-01 18:34:32.913 1495 1495 I SystemServerTiming: OnBootPhase_600_com.android.server.telecom.TelecomLoaderService
12-01 18:34:32.913 1495 1495 I SystemServerTiming: OnBootPhase_600_com.android.server.accounts.AccountManagerService$Lifecycle
12-01 18:34:32.913 1495 1495 I SystemServerTiming: OnBootPhase_600_com.android.server.content.ContentService$Lifecycle
12-01 18:34:32.913 1495 1495 I SystemServerTiming: OnBootPhase_600_com.android.server.DropBoxManagerService
12-01 18:34:32.913 1495 1495 I SystemServerTiming: OnBootPhase_600_com.android.role.RoleService
12-01 18:34:32.913 1495 1495 I SystemServerTiming: OnBootPhase_600_com.android.server.vibrator.VibratorManagerService$Lifecycle
12-01 18:34:32.913 1495 1495 I SystemServerTiming: OnBootPhase_600_com.android.server.alarm.AlarmManagerService
12-01 18:34:32.913 1495 1495 I SystemServerTiming: OnBootPhase_600_com.android.server.devicestate.DeviceStateManagerService
12-01 18:34:32.913 1495 1495 I SystemServerTiming: OnBootPhase_600_com.android.server.camera.CameraServiceProxy
12-01 18:34:32.913 1495 1495 I SystemServerTiming: OnBootPhase_600_com.android.server.BluetoothService
12-01 18:34:32.913 1495 1495 I SystemServerTiming: OnBootPhase_600_com.android.server.connectivity.IpConnectivityMetrics
12-01 18:34:32.913 1495 1495 I SystemServerTiming: OnBootPhase_600_com.android.server.net.watchlist.NetworkWatchlistService$Lifecycle
12-01 18:34:32.913 1495 1495 I SystemServerTiming: OnBootPhase_600_com.android.server.PinnerService
12-01 18:34:32.913 1495 1495 I SystemServerTiming: OnBootPhase_600_com.google.android.startop.iorap.IorapForwardingService
12-01 18:34:32.913 1495 1495 I SystemServerTiming: OnBootPhase_600_com.android.server.ActivityTriggerService
12-01 18:34:32.913 1495 1495 I SystemServerTiming: OnBootPhase_600_com.android.server.integrity.AppIntegrityManagerService
12-01 18:34:32.913 1495 1495 I SystemServerTiming: OnBootPhase_600_com.android.server.inputmethod.InputMethodManagerService$Lifecycle
12-01 18:34:32.913 1495 1495 I SystemServerTiming: OnBootPhase_600_com.android.server.accessibility.AccessibilityManagerService$Lifecycle
12-01 18:34:32.913 1495 1495 I SystemServerTiming: OnBootPhase_600_com.android.server.StorageManagerService$Lifecycle
12-01 18:34:32.913 1495 1495 I SystemServerTiming: OnBootPhase_600_com.android.server.usage.StorageStatsService$Lifecycle
12-01 18:34:32.913 1495 1495 I SystemServerTiming: OnBootPhase_600_com.android.server.UiModeManagerService
12-01 18:34:32.913 1495 1495 I SystemServerTiming: OnBootPhase_600_com.android.server.locksettings.LockSettingsService$Lifecycle
12-01 18:34:32.913 1495 1495 I SystemServerTiming: OnBootPhase_600_com.android.server.PersistentDataBlockService
12-01 18:34:32.913 1495 1495 I SystemServerTiming: OnBootPhase_600_com.android.server.testharness.TestHarnessModeService
12-01 18:34:32.913 1495 1495 I SystemServerTiming: OnBootPhase_600_com.android.server.oemlock.OemLockService
12-01 18:34:32.913 1495 1495 I SystemServerTiming: OnBootPhase_600_com.android.server.DeviceIdleController
12-01 18:34:32.913 1495 1495 I SystemServerTiming: OnBootPhase_600_com.android.server.devicepolicy.DevicePolicyManagerService$Lifecycle
12-01 18:34:32.913 1495 1495 I SystemServerTiming: OnBootPhase_600_com.android.server.texttospeech.TextToSpeechManagerService
12-01 18:34:32.913 1495 1495 I SystemServerTiming: OnBootPhase_600_com.android.server.speech.SpeechRecognitionManagerService
12-01 18:34:32.914 1495 1495 I SystemServerTiming: OnBootPhase_600_com.android.server.searchui.SearchUiManagerService
12-01 18:34:32.914 1495 1495 I SystemServerTiming: OnBootPhase_600_com.android.server.smartspace.SmartspaceManagerService
12-01 18:34:32.914 1495 1495 I SystemServerTiming: OnBootPhase_600_com.android.server.graphics.fonts.FontManagerService$Lifecycle
12-01 18:34:32.914 1495 1495 I SystemServerTiming: OnBootPhase_600_com.android.server.textservices.TextServicesManagerService$Lifecycle
12-01 18:34:32.914 1495 1495 I SystemServerTiming: OnBootPhase_600_com.android.server.textclassifier.TextClassificationManagerService$Lifecycle
12-01 18:34:32.914 1495 1495 I SystemServerTiming: OnBootPhase_600_com.android.server.NetworkScoreService$Lifecycle
12-01 18:34:32.914 1495 1495 I SystemServerTiming: OnBootPhase_600_com.android.server.wifi.WifiService
12-01 18:34:32.914 1495 1495 I SystemServerTiming: OnBootPhase_600_com.android.server.wifi.scanner.WifiScanningService
12-01 18:34:32.914 1495 1495 I SystemServerTiming: OnBootPhase_600_com.android.server.wifi.rtt.RttService
12-01 18:34:32.914 1495 1495 I SystemServerTiming: OnBootPhase_600_com.android.server.wifi.aware.WifiAwareService
12-01 18:34:32.914 1495 1495 I SystemServerTiming: OnBootPhase_600_com.android.server.wifi.p2p.WifiP2pService
12-01 18:34:32.914 1495 1495 I SystemServerTiming: OnBootPhase_600_com.android.server.ethernet.EthernetService
12-01 18:34:32.914 1495 1495 I SystemServerTiming: OnBootPhase_600_com.android.server.ConnectivityServiceInitializer
12-01 18:34:32.914 1495 1495 I SystemServerTiming: OnBootPhase_600_com.android.server.notification.NotificationManagerService
12-01 18:34:32.916 1495 1495 I SystemServerTiming: OnBootPhase_600_com.android.server.storage.DeviceStorageMonitorService
12-01 18:34:32.916 1495 1495 I SystemServerTiming: OnBootPhase_600_com.android.server.location.LocationManagerService$Lifecycle
12-01 18:34:32.937 1495 1495 I SystemServerTiming: OnBootPhase_600_com.android.server.timedetector.TimeDetectorService$Lifecycle
12-01 18:34:32.937 1495 1495 I SystemServerTiming: OnBootPhase_600_com.android.server.timezonedetector.TimeZoneDetectorService$Lifecycle
12-01 18:34:32.937 1495 1495 I SystemServerTiming: OnBootPhase_600_com.android.server.timezonedetector.location.LocationTimeZoneManagerService$Lifecycle
12-01 18:34:32.938 1495 1495 I SystemServerTiming: OnBootPhase_600_com.android.server.search.SearchManagerService$Lifecycle
12-01 18:34:32.938 1495 1495 I SystemServerTiming: OnBootPhase_600_com.android.server.wallpaper.WallpaperManagerService$Lifecycle
12-01 18:34:32.938 1495 1495 I WallpaperManagerService: switch-user-0
12-01 18:34:32.938 1495 1495 V WallpaperManagerService: bindWallpaperComponentLocked: componentName=null
12-01 18:34:32.938 1495 1495 V WallpaperManagerService: No default component; using image wallpaper
12-01 18:34:32.938 1495 1495 I SystemServerTiming: OnBootPhase_600_com.android.server.audio.AudioService$Lifecycle
12-01 18:34:32.938 1495 1495 I SystemServerTiming: OnBootPhase_600_com.android.server.soundtrigger_middleware.SoundTriggerMiddlewareService$Lifecycle
12-01 18:34:32.938 1495 1495 I SystemServerTiming: OnBootPhase_600_com.android.server.DockObserver
12-01 18:34:32.938 1495 1495 I SystemServerTiming: OnBootPhase_600_com.android.server.midi.MidiService$Lifecycle
12-01 18:34:32.938 1495 1495 I SystemServerTiming: OnBootPhase_600_com.android.server.adb.AdbService$Lifecycle
12-01 18:34:32.938 1495 1495 I SystemServerTiming: OnBootPhase_600_com.android.server.usb.UsbService$Lifecycle
12-01 18:34:32.938 1495 1495 I SystemServerTiming: OnBootPhase_600_com.android.server.twilight.TwilightService
12-01 18:34:32.938 1495 1495 I SystemServerTiming: OnBootPhase_600_com.android.server.display.color.ColorDisplayService
12-01 18:34:32.938 1495 1495 I SystemServerTiming: OnBootPhase_600_com.android.server.job.JobSchedulerService
12-01 18:34:32.939 1495 1495 I SystemServerTiming: OnBootPhase_600_com.android.server.soundtrigger.SoundTriggerService
12-01 18:34:32.939 1495 1495 D SoundTriggerService: onBootPhase: 600 : false
12-01 18:34:32.939 1495 1495 I SystemServerTiming: OnBootPhase_600_com.android.server.trust.TrustManagerService
12-01 18:34:32.939 1495 1495 D BiometricService: Sensor ID(0), oemStrength: 15, updatedStrength: 15, modality 2, state: 0, cookie: 0, props: ID: 0, Strength: 2, Type: 1, sensorId 0, hasEnrollments: false cannot participate in Keystore operations
12-01 18:34:32.940 1495 1495 I SystemServerTiming: OnBootPhase_600_com.android.server.backup.BackupManagerService$Lifecycle
12-01 18:34:32.940 1495 1495 I SystemServerTiming: OnBootPhase_600_com.android.server.appwidget.AppWidgetService
12-01 18:34:32.940 1495 1495 I SystemServerTiming: OnBootPhase_600_com.android.server.voiceinteraction.VoiceInteractionManagerService
12-01 18:34:32.940 1495 1495 I SystemServerTiming: OnBootPhase_600_com.android.server.apphibernation.AppHibernationService
12-01 18:34:32.940 1495 1495 I SystemServerTiming: OnBootPhase_600_com.android.server.GestureLauncherService
12-01 18:34:32.941 1495 1495 I SystemServerTiming: OnBootPhase_600_com.android.server.SensorNotificationService
12-01 18:34:32.941 1495 1495 I SystemServerTiming: OnBootPhase_600_com.android.server.emergency.EmergencyAffordanceService
12-01 18:34:32.941 1495 1495 I SystemServerTiming: OnBootPhase_600_com.android.server.blob.BlobStoreManagerService
12-01 18:34:32.942 1495 1495 I SystemServerTiming: OnBootPhase_600_com.android.server.dreams.DreamManagerService
12-01 18:34:32.942 1495 1495 I SystemServerTiming: OnBootPhase_600_com.android.server.companion.CompanionDeviceManagerService
12-01 18:34:32.942 1495 1495 I SystemServerTiming: OnBootPhase_600_com.android.server.restrictions.RestrictionsManagerService
12-01 18:34:32.942 1495 1495 I SystemServerTiming: OnBootPhase_600_com.android.server.media.MediaSessionService
12-01 18:34:32.942 1495 1495 I SystemServerTiming: OnBootPhase_600_com.android.server.media.MediaResourceMonitorService
12-01 18:34:32.942 1495 1495 I SystemServerTiming: OnBootPhase_600_com.android.server.biometrics.sensors.fingerprint.FingerprintService
12-01 18:34:32.942 1495 1495 I SystemServerTiming: OnBootPhase_600_com.android.server.biometrics.BiometricService
12-01 18:34:32.942 1495 1495 I SystemServerTiming: OnBootPhase_600_com.android.server.biometrics.AuthService
12-01 18:34:32.942 1495 1495 I SystemServerTiming: OnBootPhase_600_com.android.server.pm.ShortcutService$Lifecycle
12-01 18:34:32.942 1495 1495 I SystemServerTiming: OnBootPhase_600_com.android.server.pm.LauncherAppsService
12-01 18:34:32.942 1495 1495 I SystemServerTiming: OnBootPhase_600_com.android.server.pm.CrossProfileAppsService
12-01 18:34:32.942 1495 1495 I SystemServerTiming: OnBootPhase_600_com.android.server.people.PeopleService
12-01 18:34:32.942 1495 1495 I SystemServerTiming: OnBootPhase_600_com.android.server.media.metrics.MediaMetricsManagerService
12-01 18:34:32.942 1495 1495 I SystemServerTiming: OnBootPhase_600_com.android.server.media.projection.MediaProjectionManagerService
12-01 18:34:32.942 1495 1495 I SystemServerTiming: OnBootPhase_600_com.android.server.slice.SliceManagerService$Lifecycle
12-01 18:34:32.942 1495 1495 I SystemServerTiming: OnBootPhase_600_com.android.server.stats.StatsCompanion$Lifecycle
12-01 18:34:32.947 1495 1495 I SystemServerTiming: OnBootPhase_600_com.android.server.scheduling.RebootReadinessManagerService$Lifecycle
12-01 18:34:32.947 1495 1495 I SystemServerTiming: OnBootPhase_600_com.android.server.stats.pull.StatsPullAtomService
12-01 18:34:32.947 1495 1495 I SystemServerTiming: OnBootPhase_600_com.android.server.incident.IncidentCompanionService
12-01 18:34:32.947 1495 1495 I SystemServerTiming: OnBootPhase_600_com.android.server.MmsServiceBroker
12-01 18:34:32.947 1495 1495 I SystemServerTiming: OnBootPhase_600_com.android.server.autofill.AutofillManagerService
12-01 18:34:32.947 1495 1608 D StatsPullAtomService: Registering NetworkStats pullers with statsd
12-01 18:34:32.948 1495 1495 I SystemServerTiming: OnBootPhase_600_com.android.server.clipboard.ClipboardService
12-01 18:34:32.948 1495 1495 I SystemServerTiming: OnBootPhase_600_com.android.server.appbinding.AppBindingService$Lifecycle
12-01 18:34:32.948 1495 1495 I SystemServerTiming: OnBootPhase_600_com.android.server.tracing.TracingServiceProxy
12-01 18:34:32.948 1495 1495 I SystemServerTiming: OnBootPhase_600_com.android.server.policy.PermissionPolicyService
12-01 18:34:32.948 1495 1495 I SystemServerTiming: OnBootPhase_600_com.android.server.pm.StagingManager$Lifecycle
12-01 18:34:32.948 1495 1495 I SystemServerTiming: OnBootPhase_600_com.android.server.app.GameManagerService$Lifecycle
12-01 18:34:32.948 1495 1495 I SystemServerTiming: OnBootPhase_600_com.android.server.appsearch.AppSearchManagerService
12-01 18:34:32.948 1495 1495 I SystemServerTiming: OnBootPhase_600_com.android.server.media.MediaCommunicationService
12-01 18:34:32.948 1495 1495 I SystemServerTiming: StartNetworkStack
12-01 18:34:32.948 1495 1495 D ConnectivityModuleConnector: Starting networking module android.net.INetworkStackConnector
12-01 18:34:32.948 1495 1495 D ConnectivityModuleConnector: Starting networking module in network_stack process
12-01 18:34:32.951 1495 1495 D CompatibilityChangeReporter: Compat change id reported: 135634846; UID 1073; state: DISABLED
12-01 18:34:32.951 1495 1495 D CompatibilityChangeReporter: Compat change id reported: 177438394; UID 1073; state: DISABLED
12-01 18:34:32.951 1495 1495 D CompatibilityChangeReporter: Compat change id reported: 135772972; UID 1073; state: DISABLED
12-01 18:34:32.951 1495 1495 D CompatibilityChangeReporter: Compat change id reported: 135754954; UID 1073; state: ENABLED
12-01 18:34:32.951 1495 1495 D ConnectivityModuleConnector: Networking module service start requested
12-01 18:34:32.951 1495 1495 I SystemServerTiming: StartTethering
12-01 18:34:32.952 1495 1495 D ConnectivityModuleConnector: Starting networking module android.net.ITetheringConnector
12-01 18:34:32.952 1495 1495 D ConnectivityModuleConnector: Starting networking module in network_stack process
12-01 18:34:32.953 1495 1611 W ActivityManager: Slow operation: 70ms so far, now at startProcess: returned from zygote!
12-01 18:34:32.953 1495 1495 D ConnectivityModuleConnector: Networking module service start requested
12-01 18:34:32.953 1495 1611 W ActivityManager: Slow operation: 71ms so far, now at startProcess: done updating battery stats
12-01 18:34:32.953 1495 1611 W ActivityManager: Slow operation: 71ms so far, now at startProcess: building log message
12-01 18:34:32.953 1495 1611 I ActivityManager: Start proc 2473:WebViewLoader-armeabi-v7a/1037 [android.webkit.WebViewLibraryLoader$RelroFileCreator] for null
12-01 18:34:32.953 1495 1611 W ActivityManager: Slow operation: 71ms so far, now at startProcess: starting to update pids map
12-01 18:34:32.953 1495 1495 I SystemServerTiming: MakeCountryDetectionServiceReady
12-01 18:34:32.953 1495 1611 W ActivityManager: Slow operation: 71ms so far, now at startProcess: done updating pids map
12-01 18:34:32.953 1495 1611 W ActivityManager: Slow operation: 71ms so far, now at startProcess: asking zygote to start proc
12-01 18:34:32.953 1495 1611 W ActivityManager: com.android.location.fused inode == 0 (b/152760674)
12-01 18:34:32.953 1495 1495 I SystemServerTiming: MakeNetworkTimeUpdateReady
12-01 18:34:32.955 1495 1495 I SystemServerTiming: MakeInputManagerServiceReady
12-01 18:34:32.955 1495 1495 I ActivityTaskManager: Config changes=4000 {1.0 ?mcc?mnc [zh_CN] ldltr sw680dp w1586dp h584dp 240dpi lrg long hdr land finger -keyb/v/h -nav/h winConfig={ mBounds=Rect(0, 0 - 2380, 1020) mAppBounds=Rect(0, 0 - 2380, 948) mMaxBounds=Rect(0, 0 - 2380, 1020) mWindowingMode=fullscreen mDisplayWindowingMode=fullscreen mActivityType=undefined mAlwaysOnTop=undefined mRotation=ROTATION_0} s.10 fontWeightAdjustment=0}
12-01 18:34:32.957 1495 1611 W ActivityManager: Slow operation: 75ms so far, now at startProcess: returned from zygote!
12-01 18:34:32.959 1495 1495 I WindowManager: Override config changes=4000 {1.0 ?mcc?mnc [zh_CN] ldltr sw680dp w1586dp h584dp 240dpi lrg long hdr land finger -keyb/v/h -nav/h winConfig={ mBounds=Rect(0, 0 - 2380, 1020) mAppBounds=Rect(0, 0 - 2380, 948) mMaxBounds=Rect(0, 0 - 2380, 1020) mWindowingMode=fullscreen mDisplayWindowingMode=fullscreen mActivityType=undefined mAlwaysOnTop=undefined mRotation=ROTATION_0} s.10 fontWeightAdjustment=0} for displayId=0
12-01 18:34:32.960 1495 1611 W ActivityManager: Slow operation: 77ms so far, now at startProcess: done updating battery stats
12-01 18:34:32.960 1495 1611 W ActivityManager: Slow operation: 77ms so far, now at startProcess: building log message
12-01 18:34:32.960 1495 1611 I ActivityManager: Start proc 2477:WebViewLoader-arm64-v8a/1037 [android.webkit.WebViewLibraryLoader$RelroFileCreator] for null
12-01 18:34:32.960 1495 1611 W ActivityManager: Slow operation: 77ms so far, now at startProcess: starting to update pids map
12-01 18:34:32.961 1495 1611 W ActivityManager: Slow operation: 79ms so far, now at startProcess: done updating pids map
12-01 18:34:32.961 1495 1611 W ActivityManager: com.android.networkstack.tethering inode == 0 (b/152760674)
12-01 18:34:32.962 1495 1495 I SystemServerTiming: MakeTelephonyRegistryReady
12-01 18:34:32.965 1495 1495 I SystemServerTiming: MakeMediaRouterServiceReady
12-01 18:34:32.966 1495 1495 I SystemServerTiming: MakeMmsServiceReady
12-01 18:34:32.966 1495 1495 I MmsServiceBroker: Delay connecting to MmsService until an API is called
12-01 18:34:32.966 1495 1495 I SystemServerTiming: IncidentDaemonReady
12-01 18:34:32.968 1495 1495 I SystemServerTiming: MakeIncrementalServiceReady
12-01 18:34:32.968 1495 1495 I SystemServerTiming: getCurrentUser
12-01 18:34:32.968 1495 1495 I ActivityManager: Current user:0
12-01 18:34:32.968 1495 1495 I SystemServerTiming: ActivityManagerStartApps
12-01 18:34:32.968 1495 1495 I SystemServerTiming: ssm.StartUser-0
12-01 18:34:32.968 1495 1495 I SystemServiceManager: Calling onStartUser 0
12-01 18:34:32.968 1495 1495 I SystemServerTiming: ssm.onStartUser-0_com.android.server.security.FileIntegrityService
12-01 18:34:32.968 1495 1495 I SystemServerTiming: ssm.onStartUser-0_com.android.server.pm.Installer
12-01 18:34:32.968 1495 1495 I SystemServerTiming: ssm.onStartUser-0_com.android.server.os.DeviceIdentifiersPolicyService
12-01 18:34:32.968 1495 1495 I SystemServerTiming: ssm.onStartUser-0_com.android.server.uri.UriGrantsManagerService$Lifecycle
12-01 18:34:32.968 1495 1495 I SystemServerTiming: ssm.onStartUser-0_com.android.server.powerstats.PowerStatsService
12-01 18:34:32.968 1495 1495 I SystemServerTiming: ssm.onStartUser-0_com.android.server.wm.ActivityTaskManagerService$Lifecycle
12-01 18:34:32.968 1495 1495 I SystemServerTiming: ssm.onStartUser-0_com.android.server.am.ActivityManagerService$Lifecycle
12-01 18:34:32.968 1495 1495 I SystemServerTiming: ssm.onStartUser-0_com.android.server.pm.DataLoaderManagerService
12-01 18:34:32.968 1495 1495 I SystemServerTiming: ssm.onStartUser-0_com.android.server.power.PowerManagerService
12-01 18:34:32.968 1495 1495 I SystemServerTiming: ssm.onStartUser-0_com.android.server.power.ThermalManagerService
12-01 18:34:32.968 1495 1495 I SystemServerTiming: ssm.onStartUser-0_com.android.server.power.hint.HintManagerService
12-01 18:34:32.968 1495 1495 I SystemServerTiming: ssm.onStartUser-0_com.android.server.recoverysystem.RecoverySystemService$Lifecycle
12-01 18:34:32.968 1495 1495 I SystemServerTiming: ssm.onStartUser-0_com.android.server.lights.LightsService
12-01 18:34:32.968 1495 1495 I SystemServerTiming: ssm.onStartUser-0_com.android.server.display.DisplayManagerService
12-01 18:34:32.968 1495 1495 I SystemServerTiming: ssm.onStartUser-0_com.android.server.pm.verify.domain.DomainVerificationService
12-01 18:34:32.969 1495 1495 I SystemServerTiming: ssm.onStartUser-0_com.android.server.pm.PackageInstallerService$Lifecycle
12-01 18:34:32.969 1495 1495 I SystemServerTiming: ssm.onStartUser-0_com.android.server.pm.UserManagerService$LifeCycle
12-01 18:34:32.969 1495 1495 I SystemServerTiming: ssm.onStartUser-0_com.android.server.om.OverlayManagerService
12-01 18:34:32.969 1495 1495 I SystemServerTiming: ssm.onStartUser-0_com.android.server.SensorPrivacyService
12-01 18:34:32.969 1495 1495 I SystemServerTiming: ssm.onStartUser-0_com.android.server.sensors.SensorService
12-01 18:34:32.969 1495 1495 I SystemServerTiming: ssm.onStartUser-0_com.android.server.SystemConfigService
12-01 18:34:32.969 1495 1495 I SystemServerTiming: ssm.onStartUser-0_com.android.server.BatteryService
12-01 18:34:32.969 1495 1495 I SystemServerTiming: ssm.onStartUser-0_com.android.server.usage.UsageStatsService
12-01 18:34:32.969 1495 1495 I SystemServerTiming: ssm.onStartUser-0_com.android.server.webkit.WebViewUpdateService
12-01 18:34:32.969 1495 1611 I ActivityManager: Start proc 2478:com.android.networkstack.process/1073 for service {com.android.networkstack/com.android.server.NetworkStackService}
12-01 18:34:32.969 1495 1495 I SystemServerTiming: ssm.onStartUser-0_com.android.server.CachedDeviceStateService
12-01 18:34:32.969 1495 1495 I SystemServerTiming: ssm.onStartUser-0_com.android.server.BinderCallsStatsService$LifeCycle
12-01 18:34:32.969 1495 1495 I SystemServerTiming: ssm.onStartUser-0_com.android.server.LooperStatsService$Lifecycle
12-01 18:34:32.969 1495 1495 I SystemServerTiming: ssm.onStartUser-0_com.android.server.rollback.RollbackManagerService
12-01 18:34:32.969 1495 1495 I SystemServerTiming: ssm.onStartUser-0_com.android.server.os.NativeTombstoneManagerService
12-01 18:34:32.969 1495 1495 I SystemServerTiming: ssm.onStartUser-0_com.android.server.os.BugreportManagerService
12-01 18:34:32.969 1495 1495 I SystemServerTiming: ssm.onStartUser-0_com.android.server.gpu.GpuService
12-01 18:34:32.969 1495 1495 I SystemServerTiming: ssm.onStartUser-0_com.android.server.security.KeyChainSystemService
12-01 18:34:32.969 1495 1495 I SystemServerTiming: ssm.onStartUser-0_com.android.server.telecom.TelecomLoaderService
12-01 18:34:32.969 1495 1495 I SystemServerTiming: ssm.onStartUser-0_com.android.server.accounts.AccountManagerService$Lifecycle
12-01 18:34:32.969 1495 1495 I SystemServerTiming: ssm.onStartUser-0_com.android.server.content.ContentService$Lifecycle
12-01 18:34:32.970 1495 1495 I SystemServerTiming: ssm.onStartUser-0_com.android.server.DropBoxManagerService
12-01 18:34:32.970 1495 1495 I SystemServerTiming: ssm.onStartUser-0_com.android.role.RoleService
12-01 18:34:32.980 1495 1599 D CompatibilityChangeReporter: Compat change id reported: 168936375; UID 1000; state: ENABLED
12-01 18:34:32.980 1495 1599 D CompatibilityChangeReporter: Compat change id reported: 168936375; UID 1000; state: DISABLED
12-01 18:34:32.981 1495 1599 D CompatibilityChangeReporter: Compat change id reported: 168936375; UID 1000; state: ENABLED
12-01 18:34:32.983 1495 1751 D Fingerprint21: Daemon was null, reconnecting, current operation: null
12-01 18:34:32.984 1495 1751 D Fingerprint21: Fingerprint HAL ready, HAL ID: 5326416
12-01 18:34:32.986 1495 2417 W PackageManager: Loading a package that does not exist for the calling user. package=null, user=0
12-01 18:34:32.990 1495 1751 W PackageManager: Loading a package that does not exist for the calling user. package=null, user=0
12-01 18:34:33.002 1495 2421 D CompatibilityChangeReporter: Compat change id reported: 168419799; UID 1073; state: DISABLED
12-01 18:34:33.011 1495 2421 D CompatibilityChangeReporter: Compat change id reported: 168419799; UID 1073; state: DISABLED
12-01 18:34:33.013 1495 2417 I ActivityManager: Process WebViewLoader-armeabi-v7a (pid 2473) has died: psvc PER
12-01 18:34:33.016 1495 1617 E KernelCpuSpeedReader: Failed to read cpu-freq: /sys/devices/system/cpu/cpu4/cpufreq/stats/time_in_state: open failed: ENOENT (No such file or directory)
12-01 18:34:33.016 1495 1617 E KernelCpuSpeedReader: Failed to read cpu-freq: /sys/devices/system/cpu/cpu0/cpufreq/stats/time_in_state: open failed: ENOENT (No such file or directory)
12-01 18:34:33.036 1495 2417 I ActivityManager: Process WebViewLoader-arm64-v8a (pid 2477) has died: psvc PER
12-01 18:34:33.099 1495 1599 W Looper : Slow dispatch took 110ms android.fg h=android.os.Handler c=com.android.server.wallpaper.WallpaperManagerService$$ExternalSyntheticLambda1@f5c427b m=0
12-01 18:34:33.104 1495 2404 D CompatibilityChangeReporter: Compat change id reported: 182478738; UID 1073; state: DISABLED
12-01 18:34:33.105 1495 1495 W SystemServiceManager: Service com.android.role.RoleService took 135 ms in onStartUser-0
12-01 18:34:33.105 1495 1495 I SystemServerTiming: ssm.onStartUser-0_com.android.server.vibrator.VibratorManagerService$Lifecycle
12-01 18:34:33.105 1495 1495 I SystemServerTiming: ssm.onStartUser-0_com.android.server.alarm.AlarmManagerService
12-01 18:34:33.105 1495 1495 I SystemServerTiming: ssm.onStartUser-0_com.android.server.devicestate.DeviceStateManagerService
12-01 18:34:33.105 1495 1495 I SystemServerTiming: ssm.onStartUser-0_com.android.server.camera.CameraServiceProxy
12-01 18:34:33.105 1495 1495 I SystemServerTiming: ssm.onStartUser-0_com.android.server.BluetoothService
12-01 18:34:33.106 1495 1495 I SystemServerTiming: ssm.onStartUser-0_com.android.server.connectivity.IpConnectivityMetrics
12-01 18:34:33.106 1495 1495 I SystemServerTiming: ssm.onStartUser-0_com.android.server.net.watchlist.NetworkWatchlistService$Lifecycle
12-01 18:34:33.106 1495 1495 I SystemServerTiming: ssm.onStartUser-0_com.android.server.PinnerService
12-01 18:34:33.106 1495 1495 I SystemServerTiming: ssm.onStartUser-0_com.google.android.startop.iorap.IorapForwardingService
12-01 18:34:33.106 1495 1495 I SystemServerTiming: ssm.onStartUser-0_com.android.server.ActivityTriggerService
12-01 18:34:33.106 1495 1495 I SystemServerTiming: ssm.onStartUser-0_com.android.server.integrity.AppIntegrityManagerService
12-01 18:34:33.106 1495 1495 I SystemServerTiming: ssm.onStartUser-0_com.android.server.inputmethod.InputMethodManagerService$Lifecycle
12-01 18:34:33.106 1495 1495 I SystemServerTiming: ssm.onStartUser-0_com.android.server.accessibility.AccessibilityManagerService$Lifecycle
12-01 18:34:33.106 1495 1495 I SystemServerTiming: ssm.onStartUser-0_com.android.server.StorageManagerService$Lifecycle
12-01 18:34:33.107 1495 1495 V StorageManagerService: Package com.sohu.inputmethod.sogou.car has legacy storage
12-01 18:34:33.107 1495 1495 V StorageManagerService: Package android.frameworkres.overlay does not have legacy storage
12-01 18:34:33.107 1495 1495 V StorageManagerService: Package com.android.cts.priv.ctsshim does not have legacy storage
12-01 18:34:33.107 1495 1495 V StorageManagerService: Package com.thundercomm.gamemode.provider does not have legacy storage
12-01 18:34:33.107 1495 1495 V StorageManagerService: Package com.thundercomm.gamemode does not have legacy storage
12-01 18:34:33.107 1495 1495 V StorageManagerService: Package com.thundercomm.microservice does not have legacy storage
12-01 18:34:33.107 1495 1495 V StorageManagerService: Package com.android.dynsystem does not have legacy storage
12-01 18:34:33.107 1495 1495 V StorageManagerService: Package com.hht.lebocast does not have legacy storage
12-01 18:34:33.107 1495 1495 V StorageManagerService: Package com.android.providers.calendar does not have legacy storage
12-01 18:34:33.107 1495 1495 V StorageManagerService: Package com.android.providers.media does not have legacy storage
12-01 18:34:33.107 1495 1495 V StorageManagerService: Package com.android.internal.systemui.navbar.gestural_wide_back does not have legacy storage
12-01 18:34:33.107 1495 1495 V StorageManagerService: Package com.android.wallpapercropper does not have legacy storage
12-01 18:34:33.107 1495 1495 V StorageManagerService: Package com.thundercomm.microsettings does not have legacy storage
12-01 18:34:33.107 1495 1495 V StorageManagerService: Package com.thundercomm.tcsetupWizard does not have legacy storage
12-01 18:34:33.107 1495 1495 V StorageManagerService: Package com.qualcomm.qti.gpudrivers.kona.api30 does not have legacy storage
12-01 18:34:33.107 1495 1495 V StorageManagerService: Package com.android.documentsui does not have legacy storage
12-01 18:34:33.108 1495 1495 V StorageManagerService: Package com.android.externalstorage does not have legacy storage
12-01 18:34:33.108 1495 1495 V StorageManagerService: Package com.android.htmlviewer does not have legacy storage
12-01 18:34:33.108 1495 1495 V StorageManagerService: Package com.qualcomm.qti.uceShimService does not have legacy storage
12-01 18:34:33.108 1495 1495 V StorageManagerService: Package com.android.companiondevicemanager does not have legacy storage
12-01 18:34:33.108 1495 1495 V StorageManagerService: Package com.qualcomm.qti.qms.service.connectionsecurity does not have legacy storage
12-01 18:34:33.108 1495 1495 V StorageManagerService: Package com.android.providers.downloads does not have legacy storage
12-01 18:34:33.108 1495 1495 V StorageManagerService: Package com.android.internal.systemui.onehanded.gestural does not have legacy storage
12-01 18:34:33.108 1495 1495 V StorageManagerService: Package vendor.qti.hardware.cacert.server does not have legacy storage
12-01 18:34:33.108 1495 1495 V StorageManagerService: Package com.thundercomm.tchttpserver does not have legacy storage
12-01 18:34:33.108 1495 1495 V StorageManagerService: Package vendor.qti.iwlan does not have legacy storage
12-01 18:34:33.108 1495 1495 V StorageManagerService: Package com.android.soundrecorder does not have legacy storage
12-01 18:34:33.108 1495 1495 V StorageManagerService: Package com.tc.logclient does not have legacy storage
12-01 18:34:33.108 1495 1495 V StorageManagerService: Package android.qvaoverlay.common does not have legacy storage
12-01 18:34:33.108 1495 1495 V StorageManagerService: Package com.android.providers.downloads.ui does not have legacy storage
12-01 18:34:33.108 1495 1495 V StorageManagerService: Package com.android.pacprocessor does not have legacy storage
12-01 18:34:33.108 1495 1495 V StorageManagerService: Package com.android.networkstack does not have legacy storage
12-01 18:34:33.108 1495 1495 V StorageManagerService: Package android.overlay.common does not have legacy storage
12-01 18:34:33.110 1495 1495 V StorageManagerService: Package com.android.connectivity.resources does not have legacy storage
12-01 18:34:33.110 1495 1495 V StorageManagerService: Package com.android.modulemetadata does not have legacy storage
12-01 18:34:33.110 1495 1495 V StorageManagerService: Package com.android.certinstaller does not have legacy storage
12-01 18:34:33.110 1495 1495 V StorageManagerService: Package android does not have legacy storage
12-01 18:34:33.110 1495 1495 V StorageManagerService: Package com.qualcomm.wfd.service does not have legacy storage
12-01 18:34:33.110 1495 1495 V StorageManagerService: Package ts.car.uart does not have legacy storage
12-01 18:34:33.110 1495 1495 V StorageManagerService: Package com.android.egg does not have legacy storage
12-01 18:34:33.110 1495 1495 V StorageManagerService: Package com.android.mtp does not have legacy storage
12-01 18:34:33.110 1495 1495 V StorageManagerService: Package com.android.nfc does not have legacy storage
12-01 18:34:33.110 1495 1495 V StorageManagerService: Package com.android.stk does not have legacy storage
12-01 18:34:33.110 1495 1495 V StorageManagerService: Package com.android.launcher3 does not have legacy storage
12-01 18:34:33.110 1495 1495 V StorageManagerService: Package com.android.backupconfirm does not have legacy storage
12-01 18:34:33.111 1495 1495 V StorageManagerService: Package vendor.qti.qesdk.sysservice does not have legacy storage
12-01 18:34:33.111 1495 1495 V StorageManagerService: Package com.hryt.hiphishowfsecontrol does not have legacy storage
12-01 18:34:33.111 1495 1495 V StorageManagerService: Package com.android.provision does not have legacy storage
12-01 18:34:33.111 1495 1495 V StorageManagerService: Package android.overlay.target does not have legacy storage
12-01 18:34:33.111 1495 1495 V StorageManagerService: Package com.microsoft.emmx does not have legacy storage
12-01 18:34:33.111 1495 1495 V StorageManagerService: Package com.qti.pasrservice does not have legacy storage
12-01 18:34:33.111 1495 1495 V StorageManagerService: Package com.android.settings.intelligence does not have legacy storage
12-01 18:34:33.111 1495 1495 V StorageManagerService: Package com.android.calendar does not have legacy storage
12-01 18:34:33.111 1495 1495 V StorageManagerService: Package com.android.internal.systemui.navbar.gestural_extra_wide_back does not have legacy storage
12-01 18:34:33.111 1495 1495 V StorageManagerService: Package com.qualcomm.qti.dynamicddsservice does not have legacy storage
12-01 18:34:33.111 1495 1495 V StorageManagerService: Package com.qualcomm.qti.xrvd.service does not have legacy storage
12-01 18:34:33.111 1495 1495 V StorageManagerService: Package com.android.providers.settings does not have legacy storage
12-01 18:34:33.112 1495 1495 V StorageManagerService: Package com.android.sharedstoragebackup does not have legacy storage
12-01 18:34:33.112 1495 1495 V StorageManagerService: Package com.android.printspooler does not have legacy storage
12-01 18:34:33.112 1495 1495 V StorageManagerService: Package com.qti.qualcomm.mstatssystemservice does not have legacy storage
12-01 18:34:33.112 1495 1495 V StorageManagerService: Package com.qualcomm.qti.services.systemhelper does not have legacy storage
12-01 18:34:33.112 1495 1495 V StorageManagerService: Package com.android.wifi.resources.overlay.common does not have legacy storage
12-01 18:34:33.112 1495 1495 V StorageManagerService: Package com.android.dreams.basic does not have legacy storage
12-01 18:34:33.112 1495 1495 V StorageManagerService: Package com.android.webview does not have legacy storage
12-01 18:34:33.112 1495 1495 V StorageManagerService: Package com.android.se does not have legacy storage
12-01 18:34:33.112 1495 1495 V StorageManagerService: Package com.android.inputdevices does not have legacy storage
12-01 18:34:33.112 1495 1495 V StorageManagerService: Package com.android.bips does not have legacy storage
12-01 18:34:33.112 1495 1495 V StorageManagerService: Package com.qti.dpmserviceapp does not have legacy storage
12-01 18:34:33.112 1495 1495 V StorageManagerService: Package com.thundercomm.remotecontrolservice does not have legacy storage
12-01 18:34:33.112 1495 1495 V StorageManagerService: Package com.android.musicfx does not have legacy storage
12-01 18:34:33.112 1495 1495 V StorageManagerService: Package com.android.settings.overlay.common does not have legacy storage
12-01 18:34:33.112 1495 1495 V StorageManagerService: Package com.qualcomm.qti.qccnetstat does not have legacy storage
12-01 18:34:33.112 1495 1495 V StorageManagerService: Package android.ext.shared does not have legacy storage
12-01 18:34:33.113 1495 1495 V StorageManagerService: Package com.android.onetimeinitializer does not have legacy storage
12-01 18:34:33.113 1495 1495 V StorageManagerService: Package com.android.server.telecom does not have legacy storage
12-01 18:34:33.113 1495 1495 V StorageManagerService: Package com.android.keychain does not have legacy storage
12-01 18:34:33.113 1495 1495 V StorageManagerService: Package com.qti.snapdragon.qdcm_ff does not have legacy storage
12-01 18:34:33.113 1495 1495 V StorageManagerService: Package com.android.wifi.resources.overlay.target does not have legacy storage
12-01 18:34:33.113 1495 1495 V StorageManagerService: Package com.android.printservice.recommendation does not have legacy storage
12-01 18:34:33.113 1495 1495 V StorageManagerService: Package com.thundercomm.mcuupgrade does not have legacy storage
12-01 18:34:33.113 1495 1495 V StorageManagerService: Package com.android.gallery3d has legacy storage
12-01 18:34:33.113 1495 1495 V StorageManagerService: Package android.ext.services does not have legacy storage
12-01 18:34:33.113 1495 1495 V StorageManagerService: Package com.android.wifi.resources does not have legacy storage
12-01 18:34:33.113 1495 1495 V StorageManagerService: Package com.baidu.input does not have legacy storage
12-01 18:34:33.113 1495 1495 V StorageManagerService: Package com.android.systemui.overlay.common does not have legacy storage
12-01 18:34:33.113 1495 1495 V StorageManagerService: Package com.android.cameraextensions does not have legacy storage
12-01 18:34:33.113 1495 1495 V StorageManagerService: Package com.thundercomm.tcservice does not have legacy storage
12-01 18:34:33.113 1495 1495 V StorageManagerService: Package com.android.localtransport does not have legacy storage
12-01 18:34:33.113 1495 1495 V StorageManagerService: Package com.android.packageinstaller does not have legacy storage
12-01 18:34:33.113 1495 1495 V StorageManagerService: Package com.qualcomm.qti.devicestatisticsservice does not have legacy storage
12-01 18:34:33.113 1495 1495 V StorageManagerService: Package com.android.theme.font.notoserifsource does not have legacy storage
12-01 18:34:33.113 1495 1495 V StorageManagerService: Package com.android.proxyhandler does not have legacy storage
12-01 18:34:33.113 1495 1495 V StorageManagerService: Package com.android.internal.display.cutout.emulation.waterfall does not have legacy storage
12-01 18:34:33.113 1495 1495 V StorageManagerService: Package com.qualcomm.qti.workloadclassifier does not have legacy storage
12-01 18:34:33.114 1495 1495 V StorageManagerService: Package com.android.inputmethod.latin does not have legacy storage
12-01 18:34:33.114 1495 1495 V StorageManagerService: Package com.android.providers.settings.overlay does not have legacy storage
12-01 18:34:33.114 1495 1495 V StorageManagerService: Package com.android.managedprovisioning does not have legacy storage
12-01 18:34:33.114 1495 1495 V StorageManagerService: Package com.android.networkstack.tethering does not have legacy storage
12-01 18:34:33.114 1495 1495 V StorageManagerService: Package com.android.soundpicker does not have legacy storage
12-01 18:34:33.114 1495 1495 V StorageManagerService: Package com.android.dreams.phototable does not have legacy storage
12-01 18:34:33.114 1495 1495 V StorageManagerService: Package com.thundercomm.screensaver does not have legacy storage
12-01 18:34:33.114 1495 1495 V StorageManagerService: Package com.android.wallpaper.livepicker does not have legacy storage
12-01 18:34:33.114 1495 1495 V StorageManagerService: Package com.android.apps.tag does not have legacy storage
12-01 18:34:33.114 1495 1495 V StorageManagerService: Package com.android.storagemanager does not have legacy storage
12-01 18:34:33.114 1495 1495 V StorageManagerService: Package com.android.bookmarkprovider does not have legacy storage
12-01 18:34:33.114 1495 1495 V StorageManagerService: Package com.android.settings does not have legacy storage
