12-01 18:46:45.746 3267 6340 I hpplay-java: [Thread-85]:Bridge:notify: out: OutParameters:{audioSessionId=-1, audiotrackIndex=0, castHandleType=-1, castType=0, deviceName='', dlnaName='', dramaID='', extra=0, frameHandleType=-1, handleInside=true, headduration=0, header='', headers=null, isAD=false, isMultiMirror=false, lelinkVer='', limitTime=0, , mediaAlbum='null', mediaAlbumArtURI='', mediaArtist='null', mediaAssets='', mediaTitle='null', mimeType=0, multiSession=null, period=0, pinCode='', playSpeed=0.0, playerChoice=0, plugin=0, port=0, position=0.0, positionUnit=2, protocol=0, realSessionID='', regType='', , sinkIp='', sourceAPPVersion='', sourceChannel='', sourceClientInfo='', sourceDeviceInfo='', sourceDeviceModel='', sourceDeviceName='', sourceDeviceType=0, sourceHID='', , sourceInfo='', , , sourceOSVersion='', sourceSDKVersion='', sourceUid='', stopDetail=0, stopReason=0, tailduration=0, url='', urlID='', urls=null, userAgent='', videoDecoder=0, volume=0, what=202}com.hpplay.sdk.sink.protocol.OutParameters@326aa65
12-01 18:46:45.746 3267 6340 I hpplay-java: [Thread-85]:Bridge:notify: address:243237690
12-01 18:46:45.746 3267 6340 D hpplay-base: [LelinkBase:645] stopServerThreadFunc notifyJavaServerStoped!
12-01 18:46:45.747 3267 3267 I hpplay-java: [main]:ServerTaskManager:startTimeOutCheck
12-01 18:46:45.747 3267 3267 I hpplay-java: [main]:ServerBusiness:stopDaemonBusiness
12-01 18:46:45.747 3267 3267 I hpplay-java: [main]:SinkDataReport:logout
12-01 18:46:45.748 3267 3267 I hpplay-java: [main]:EPControl:release
12-01 18:46:45.749 3267 6000 I hpplay-java: [AsyncTask #96]:GlideCreator:clearCache clearDiskCache
12-01 18:46:45.750 3267 3267 I hpplay-java: [main]:Dispatcher:notifyAllReverseControlsStop
12-01 18:46:45.751 3267 3267 I hpplay-java: [main]:Preference:checkFeature none
12-01 18:46:45.751 3267 3267 I hpplay-java: [main]:Dispatcher:notifyAllUIControlsStop set: []
12-01 18:46:45.751 3267 3267 I hpplay-java: [main]:Bridge:findServiceID start out: 243237690
12-01 18:46:45.751 3267 3267 I hpplay-java: [main]:Bridge:findServiceID end
12-01 18:46:45.751 3267 3267 I hpplay-java: [main]:ServerTaskManager:onStop retry:true
12-01 18:46:45.751 3267 3267 I hpplay-java: [main]:ServerTaskManager:cancelTimeOutCheck
12-01 18:46:45.751 3267 6305 W hpplay-java: NanoHTTPDServerRunnable:Communication with the client broken
12-01 18:46:45.751 3267 6305 W hpplay-java: java.net.SocketException: Socket closed
12-01 18:46:45.751 3267 6305 W hpplay-java: at java.net.PlainSocketImpl.socketAccept(PlainSocketImpl.java:213)
12-01 18:46:45.751 3267 6305 W hpplay-java: at java.net.AbstractPlainSocketImpl.accept(AbstractPlainSocketImpl.java:451)
12-01 18:46:45.751 3267 6305 W hpplay-java: at java.net.ServerSocket.implAccept(ServerSocket.java:547)
12-01 18:46:45.751 3267 6305 W hpplay-java: at java.net.ServerSocket.accept(ServerSocket.java:515)
12-01 18:46:45.751 3267 6305 W hpplay-java: at com.hpplay.nanohttpd.protocols.http.ServerRunnable.run(SourceFile:118)
12-01 18:46:45.751 3267 6305 W hpplay-java: at java.lang.Thread.run(Thread.java:920)
12-01 18:46:45.751 3267 6305 I hpplay-java: NanoHTTPDNanoHTTPD:server is stoped
12-01 18:46:45.751 3267 6305 I hpplay-java: NanoHTTPDNanoHTTPD:clear obj
12-01 18:46:45.752 3267 3267 I hpplay-java: [main]:IPManager:getActiveNets type: WIFI
12-01 18:46:45.752 3267 3267 I hpplay-java: [main]:IPManager:getActiveNets eth0:false wifi:true mobile:false ap:false
12-01 18:46:45.752 3267 3267 I hpplay-java: [main]:IPManager:getIPAddress IP_WLAN0
12-01 18:46:45.757 3267 3267 I hpplay-java: [main]:IPManager:updateIPAddress getIPAddress: 192.168.4.16 name:vlan4
12-01 18:46:45.757 3267 3267 I hpplay-java: [main]:IPManager:updateIPAddress getIPAddress: 192.168.0.18 name:wlan0
12-01 18:46:45.757 3267 3267 I hpplay-java: [main]:IPManager:updateIPAddress getIPAddress: 192.168.8.16 name:vlan8
12-01 18:46:45.757 3267 3267 I hpplay-java: [main]:IPManager:updateIPAddress getIPAddress: 192.168.11.16 name:vlan11
12-01 18:46:45.757 3267 3267 I hpplay-java: [main]:IPManager:updateIPAddress getIPAddress: 192.168.0.16 name:vlan0
12-01 18:46:45.757 3267 3267 I hpplay-java: [main]:IPManager:updateIPAddress getIPAddress: 192.168.2.16 name:vlan2
12-01 18:46:45.757 3267 3267 I hpplay-java: [main]:IPManager:updateIPAddress getIPAddress: 192.168.1.16 name:vlan1
12-01 18:46:45.757 3267 3267 I hpplay-java: [main]:ServerTaskManager:exeTask startServer
12-01 18:46:45.758 3267 3267 I hpplay-java: [main]:ServerTaskManager:startTimeOutCheck
12-01 18:46:45.758 3267 6016 I hpplay-java: [AsyncTask #98]:ServerBusiness:startDaemonBusiness
12-01 18:46:45.758 3267 6020 I hpplay-java: [AsyncTask #100]:Bridge:assembleInParameters
12-01 18:46:45.758 3267 6016 I hpplay-java: [AsyncTask #98]:TimeOutCheckUtil:addTask id:upgrade
12-01 18:46:45.758 3267 6016 I hpplay-java: [AsyncTask #98]:TimeOutCheckUtil:addTask id:ijkupgrade
12-01 18:46:45.759 3267 6020 I hpplay-java: [AsyncTask #100]:Bridge:createDeviceId deviceId:ZjQ6M2E6MTk6MWQ6Yjg6MzM=
12-01 18:46:45.759 3267 6343 I hpplay-java: NanoHTTPDNanoHTTPD:server is started
12-01 18:46:45.760 3267 6020 I hpplay-java: [AsyncTask #100]:IPManager:getActiveNets type: WIFI
12-01 18:46:45.760 3267 6020 I hpplay-java: [AsyncTask #100]:IPManager:getActiveNets eth0:false wifi:true mobile:false ap:false
12-01 18:46:45.760 3267 6020 I hpplay-java: [AsyncTask #100]:IPManager:getIPAddress IP_WLAN0
12-01 18:46:45.760 3267 6020 I hpplay-java: [AsyncTask #100]:Preference:checkFeature none
12-01 18:46:45.760 3267 6020 I hpplay-java: [AsyncTask #100]:SWI:dlna tip
12-01 18:46:45.760 3267 6020 I hpplay-java: [AsyncTask #100]:SWI:lefp tip
12-01 18:46:45.760 3267 6020 I hpplay-java: [AsyncTask #100]:Bridge:assembleInParameters none alias name use device name: 高合娱乐副屏
12-01 18:46:45.760 3267 6020 I hpplay-java: [AsyncTask #100]:Feature:isSendAdvertisement
12-01 18:46:45.760 3267 6020 I hpplay-java: [AsyncTask #100]:Preference:checkFeature none
12-01 18:46:45.761 3267 6020 I hpplay-java: [AsyncTask #100]:Preference:checkFeature none
12-01 18:46:45.761 3267 6020 I hpplay-java: [AsyncTask #100]:Bridge:backupHpplayDat bakPath:
12-01 18:46:45.761 3267 6020 I hpplay-java: [AsyncTask #100]:Bridge:path:/data/user/0/com.hht.lebocast/files/hpplay/file/happyplay.dat
12-01 18:46:45.761 3267 6020 I hpplay-java: [AsyncTask #100]:Bridge:mAppId:21409
12-01 18:46:45.761 3267 6020 I hpplay-java: [AsyncTask #100]:Bridge:mode:3
12-01 18:46:45.761 3267 6020 I hpplay-java: [AsyncTask #100]:Bridge:type:1
12-01 18:46:45.761 3267 6020 I hpplay-java: [AsyncTask #100]:Bridge:SN:
12-01 18:46:45.761 3267 6020 I hpplay-java: [AsyncTask #100]:Preference:checkFeature none
12-01 18:46:45.761 3267 6020 I hpplay-java: [AsyncTask #100]:Bridge:backPath:
12-01 18:46:45.761 3267 6020 I hpplay-java: [AsyncTask #100]:DeviceUtil:getPermissionDid: 1
12-01 18:46:45.761 3267 6020 I hpplay-java: [AsyncTask #100]:DeviceUtil:getPermissionDid: 1
12-01 18:46:45.761 3267 6020 I hpplay-java: [AsyncTask #100]:Preference:checkFeature none
12-01 18:46:45.761 3267 6020 I hpplay-java: [AsyncTask #100]:Preference:checkFeature none
12-01 18:46:45.761 3267 6020 I hpplay-java: [AsyncTask #100]:Preference:checkFeature none
12-01 18:46:45.761 3267 6020 I hpplay-java: [AsyncTask #100]:Preference:checkFeature none
12-01 18:46:45.761 3267 6020 I hpplay-java: [AsyncTask #100]:Preference:checkFeature none
12-01 18:46:45.761 3267 6020 I hpplay-java: [AsyncTask #100]:Preference:checkFeature none
12-01 18:46:45.769 3267 6016 W hpplay-java: [AsyncTask #98]:ServerBusiness:startDaemonBusiness start LelinkHTTPD sucess 52288
12-01 18:46:45.784 3267 6020 W hpplay-java: [AsyncTask #100]:DeviceUtils:getDomain create lb domain
12-01 18:46:45.785 3267 6020 I hpplay-java: [AsyncTask #100]:Feature:getMirrorAudioVideoSync DISABLE
12-01 18:46:45.785 3267 6020 I hpplay-java: [AsyncTask #100]:Feature:checkSupportRedirectOtherApp,no set redirect api
12-01 18:46:45.785 3267 6020 I hpplay-java: [AsyncTask #100]:Feature:getRedirectSearchFlag,value: 0
12-01 18:46:45.786 3267 6020 I hpplay-java: [AsyncTask #100]:Bridge:mIn: InParameters{appInfo='0', appKey='21409', authMode=0, authPwd='null', broadcastDirection=0, broadcastState=1, broadcastTimeout=3, buildType='release', cacheAVPath='/data/user/0/com.hht.lebocast/cache/hpplay/av', cachePhotoPath='/data/user/0/com.hht.lebocast/cache/hpplay/image', channel='LEBO-APK--60146-25915', desPath='', , deviceName='高合娱乐副屏', dlna=1, dlnaCompany='null', dlnaCompanyURL='null', dlnaDeviceDescribe='null', dlnaDeviceName='null', dlnaDeviceURL='null', dlnaLelinkSwitch=1, dlnaManufacturer=0, dlnaName='高合娱乐副屏', dlnaUPC='', dlnaUUID='f0e48867-b427-01a9-e4c2-9cad7efbe861', domain='Lebo-figure-9232c50cda73', drainage=0, feature='6655', fps=60, height=1080, host='null', , keyPath='/data/user/0/com.hht.lebocast/files/hpplay/file', lelinkfp=1, lelinkfp2=0, logBaseState=1, logPath='/storage/emulated/0/com.hht.lebocast/sink/sdk/common', , mdnsEnable=1, mirrorSyncType=0, netCastVer='2.0', packageName='com.hht.lebocast', packagePath='/data/user/0/com.hht.lebocast', permissionDid='92:32:c5:0c:da:73', permissionMode=3, permissionPreSN='', port=0, preemptMode=0, regType='_leboremote._tcp.', serverPorts=null, sockWaitTimeOut=45, teleControlPort=53388, tunnels=3, txtKeys=null, txtValues=null, uid='-1064672117243984124', videoFrameType=1001, width=1920}com.hpplay.sdk.sink.protocol.InParameters@5a8ab33
12-01 18:46:45.787 3267 3267 I hpplay-java: [main]:Bridge:startServer state: 0
12-01 18:46:45.787 3267 3267 D hpplay-base: [jniBridge:185] not conference version
12-01 18:46:45.787 3267 3267 I hpplay-base: [jniBridge:241] 1initServer nSettingWidth=1920 nSettingHeight=1080 nSettingMaxFPS=60 dlnaEnable=1 lelinkFpEnable=1
12-01 18:46:45.787 3267 3267 D hpplay-base: [jniBridge:283] 1initServer cfg.leLinkIp=192.168.0.18
12-01 18:46:45.787 3267 3267 D hpplay-base: [jniBridge:286] 1initServer cfg.mPermissionMode=3
12-01 18:46:45.787 3267 3267 D hpplay-base: [jniBridge:304] 1initServer cfg.permissionDid=92:32:c5:0c:da:73000000000000000
12-01 18:46:45.787 3267 3267 D hpplay-base: [jniBridge:313] 1initServer cfg.mPermissionPreSN=00000000000000000000000000000000
12-01 18:46:45.787 3267 3267 D hpplay-base: [jniBridge:317] Bridge___1initServer status:0
12-01 18:46:45.787 3267 3267 I hpplay-base: [jniBridge:325] 1initServer cfg.feature=6655
12-01 18:46:45.787 3267 3267 D hpplay-base: [jniBridge:377] 1initServer isSendBroadCast=3
12-01 18:46:45.787 3267 3267 D hpplay-base: [jniBridge:380] 1initServer broadcastDirection=0
12-01 18:46:45.787 3267 3267 D hpplay-base: [jniBridge:382] 1initServer ipBroadcast direction=0
12-01 18:46:45.787 3267 3267 D hpplay-base: [jniBridge:387] 1initServer tunnel=3
12-01 18:46:45.787 3267 3267 D hpplay-base: [jniBridge:390] 1initServer drainage=0
12-01 18:46:45.787 3267 3267 D hpplay-base: [jniBridge:401] 1initServer mDNSEnable=1
12-01 18:46:45.787 3267 3267 D hpplay-base: [jniBridge:406] 1initServer nSockWaitTimeOut=45
12-01 18:46:45.787 3267 3267 D hpplay-base: [jniBridge:410] 1initServer nMirrorAudioVideoSync=0
12-01 18:46:45.787 3267 3267 I hpplay-base: [sign_check:168] checkSign strPackageName:com.hht.lebocast
12-01 18:46:45.787 3267 3267 I hpplay-base: [sign_check:169] checkSign buildType:release
12-01 18:46:45.787 3267 3267 I hpplay-base: [sign_check:170] checkSign appKey:21409
12-01 18:46:45.787 3267 3267 D hpplay-base: [LelinkBase:405] bridgeInit port: 0, lelinkfp: 0
12-01 18:46:45.787 3267 3267 D hpplay-base: [LelinkBase:462] bridgeInit mPackagePath =/data/user/0/com.hht.lebocast
12-01 18:46:45.787 3267 3267 D hpplay-base: [LelinkBase:463] bridgeInit mKeyPath =/data/user/0/com.hht.lebocast/files/hpplay/file
12-01 18:46:45.787 3267 3267 D hpplay-base: [SinkContext:97] initSinkContext mPackagePath =/data/user/0/com.hht.lebocast
12-01 18:46:45.787 3267 3267 D hpplay-base: [SinkContext:98] initSinkContext mKeyPath =/data/user/0/com.hht.lebocast/files/hpplay/file
12-01 18:46:45.787 3267 3267 D hpplay-base: [jniBridge:478] Java_com_hpplay_sdk_sink_protocol_Bridge__1initServer end
12-01 18:46:45.787 3267 3267 D hpplay-base: [jniBridge:869] Bridge__1startServer status:1
12-01 18:46:45.788 3267 3267 D hpplay-base: [LelinkBase:492] startAllServer at base
12-01 18:46:45.788 3267 3267 D hpplay-base: [lelinkSinkServer:152] httpPlugins_SetServerPort TYPE_SERVER_LELINK:52266
12-01 18:46:45.788 3267 3267 D hpplay-base: [network.c:362] protocol bind host :192.168.0.18 port:52266 curent bind port:52266
12-01 18:46:45.788 3267 3267 D hpplay-base: [lelinkSinkServer:681] HTTP Server real at:52266
12-01 18:46:45.788 3267 6348 D hpplay-base: [lelinkSinkServer:644] Connected Service Type:0
12-01 18:46:45.788 3267 3267 D hpplay-base: [ScreenStream:1285] current bind port:7100
12-01 18:46:45.788 3267 6348 I hpplay-base: : (server.c.315) startServer listen_ing....:
12-01 18:46:45.788 3267 6348 D hpplay-base: [Server:371] startHttpServer srv_sockets.used:1 nCurrentFd:103, tid is 6348
12-01 18:46:45.788 3267 3267 D hpplay-base: [LelinkBase:515] startAllServer pBaseContext->config.dlnaEnable:1
12-01 18:46:45.788 3267 3267 D hpplay-base: [lelinkDlna:324] addDMRCallback end
12-01 18:46:45.788 3267 6349 D hpplay-base: [stream_mirror_compat:759] compat mirror stream begin to run,server fd:105,thread_id:3082740160!!
12-01 18:46:45.789 3267 3267 E hpplay-base-dlna: miniserver.c:788::dlna_port(ipv4: 49152 ipv6:0)
12-01 18:46:45.790 3267 3267 D hpplay-base-dlna: [lebodlna-dlnaframe:166] succeed to load lebodlnaplugin
12-01 18:46:45.791 3267 3267 D hpplay-base-dlna: [lebodlna-dlnaframe:232] Succeed to load specified plugin:lebodlna_plugin
12-01 18:46:45.791 3267 3267 D hpplay-base: [lelinkDlna:328] startDLNAServer ret=0
12-01 18:46:45.791 3267 3267 D hpplay-base: [LelinkBase:531] startDLNAServer ret= 0
12-01 18:46:45.791 3267 3267 D hpplay-base: [lelinkDlna:342] setDMRFriendlyName 高合娱乐副屏
12-01 18:46:45.791 3267 3267 D hpplay-base-dlna: [lebodlna-dlna_android:136] setBroadcastTimeout mBroadcastTimeOut=66 status=3!
12-01 18:46:45.791 3267 3267 D hpplay-base-dlna: [lebodlna_api:32] start DMR
12-01 18:46:45.791 3267 3267 D hpplay-base-dlna: [UpnpDefine:434] RegisterDMRender invalid lelink info
12-01 18:46:45.791 3267 3267 D hpplay-base-dlna: [UpnpDefine:467] DLNA DEFAULT_DESCRIPTION
12-01 18:46:45.792 3267 3267 E hpplay-base-dlna: upnpapi.c:1078::Exiting RegisterRootDevice2 *Hnd =1, return value == 0
12-01 18:46:45.792 3267 3267 D hpplay-base-dlna: [CUpnpDevice:41] Register Root Device 2:0
12-01 18:46:45.792 3267 3267 D hpplay-base-dlna: [UpnpDefine:794] ESDMRender:Register success
12-01 18:46:45.792 3267 3267 D hpplay-base-dlna: [lebodlna_api:41] sendBroadcast mBroadcastTimeOut=3
12-01 18:46:45.792 3267 3267 D hpplay-base-dlna: [lebodlna_api:44] sendBroadcast timeout=66
12-01 18:46:45.847 3267 3267 D hpplay-base: [lelinkDlna:361] startDLNADevice dlnaManufacturer:0 ret=0
12-01 18:46:45.847 3267 3267 D hpplay-base: [LelinkBase:535] lelinkSetDlnaInfo ret= 0
12-01 18:46:45.848 3267 3267 D hpplay-base: [LelinkBase:547] startAllServer pBaseContext->config.mDNSEnable:1
12-01 18:46:45.849 3267 3267 D hpplay-base: [base_mdns:509] mdns net.hostname:
12-01 18:46:45.849 3267 3267 D hpplay-base: [base_mdns:529] mdns namelabel:-00-80-0F-74-31-00
12-01 18:46:45.849 3267 3267 D hpplay-base: [base_mdns:509] mdns net.hostname:
12-01 18:46:45.849 3267 3267 D hpplay-base: [base_mdns:529] mdns namelabel:-00-80-0F-74-31-00
12-01 18:46:45.849 3267 3267 D hpplay-base: [mdns:813] mdns start bind port:0
12-01 18:46:45.851 3267 3267 D hpplay-base: [mdns:813] mdns start bind port:5353
12-01 18:46:45.852 3267 3267 D hpplay-base: [mdns:813] mdns start bind port:5353
12-01 18:46:45.852 3267 3267 D hpplay-base: [mdns:813] mdns start bind port:5353
12-01 18:46:45.852 3267 3267 D hpplay-base: [mdns:813] mdns start bind port:5353
12-01 18:46:45.852 3267 3267 D hpplay-base: [mdns:813] mdns start bind port:5353
12-01 18:46:45.852 3267 3267 D hpplay-base: [mdns:813] mdns start bind port:5353
12-01 18:46:45.853 3267 3267 D hpplay-base: [mdns:813] mdns start bind port:5353
12-01 18:46:45.853 3267 3267 I hpplay-base: [mDNSEmbeded:57] embedded_mDNSInit stopmDNSNow:0 status:0
12-01 18:46:45.853 3267 3267 D hpplay-base: [mDNSEmbeded:436] startmDNSServer end nRet=0
12-01 18:46:45.853 3267 3267 D hpplay-base: [LelinkBase:555] lelink broadcast_on_off:1 log2java_on_off:1
12-01 18:46:45.853 3267 6366 D hpplay-base: [LelinkMDNS:729] leboAuthorizationCheck strUuid=92:32:c5:0c:da:73000000000000000
12-01 18:46:45.853 3267 6366 D hpplay-base: [LelinkMDNS:730] leboAuthorizationCheck mPermissionDid=92:32:c5:0c:da:73000000000000000
12-01 18:46:45.853 3267 6366 D hpplay-base: [LelinkMDNS:755] leboAuthorizationCheck mPermissionMac=92:32:c5:0c:da:73000000000000000
12-01 18:46:45.853 3267 6367 I hpplay-base: [mDNSEmbeded:268] start lelink publish server, tid is 6367
12-01 18:46:45.854 3267 3267 D hpplay-base: [AEventUtils:595] request to start event handle service!!
12-01 18:46:45.854 3267 3267 D hpplay-base: [AEventUtils:603] start_event_handle_service,begin to run!!
12-01 18:46:45.854 3267 6368 D hpplay-base: [mDNSEmbeded:197] http_port bind check 197 http_port_check
12-01 18:46:45.854 3267 6369 D hpplay-base: [AEventUtils:171] create handle AEvent thread ok!!,tid is 6369
12-01 18:46:45.855 3267 3267 D hpplay-base: [REventUtils:210] start_event_handle_service,begin to run!!
12-01 18:46:45.855 3267 3267 D hpplay-base: [LelinkBase:576] startAllServer success .
12-01 18:46:45.855 3267 3267 D hpplay-base: [jniBridge:894] startDlna_link:http://192.168.0.18:49152/description.xml
12-01 18:46:45.855 3267 6372 D hpplay-base: [jniBridge:1081] notifyJavaDlnalink:http://192.168.0.18:49152/description.xml
12-01 18:46:45.855 3267 6372 D hpplay-base: [jniBridge:1726] notifyJava, what:207, castType:0, mimeType:0 baseStatus:2
12-01 18:46:45.855 3267 6372 D hpplay-base: [jniBridge:1727] notifyJava sessionID:(null)
12-01 18:46:45.855 3267 6368 D hpplay-base: [mDNSEmbeded:217] http_port bind check 217 http_port_check
12-01 18:46:45.856 3267 6368 D hpplay-base: [mDNSEmbeded:222] http_port bind check 222 http_port_check
12-01 18:46:45.856 3267 6372 I hpplay-java: [Thread-87]:Bridge:notify: what: 207
12-01 18:46:45.857 3267 6366 D hpplay-base: [LelinkMDNS:766] devicePermissionPublic leboPermissionCheck:-2
12-01 18:46:45.857 3267 6366 D hpplay-base: [jniBridge:1125] com_hpplay_sdk_sink_protocol_Bridge_WHAT_SERVER_ERROR
12-01 18:46:45.857 3267 6372 I hpplay-java: [Thread-87]:Bridge:notify: out: OutParameters:{audioSessionId=-1, audiotrackIndex=0, castHandleType=-1, castType=0, deviceName='http://192.168.0.18:49152/description.xml', dlnaName='', dramaID='', extra=0, frameHandleType=-1, handleInside=true, headduration=0, header='', headers=null, isAD=false, isMultiMirror=false, lelinkVer='', limitTime=0, , mediaAlbum='null', mediaAlbumArtURI='', mediaArtist='null', mediaAssets='', mediaTitle='null', mimeType=0, multiSession=null, period=0, pinCode='', playSpeed=0.0, playerChoice=0, plugin=0, port=0, position=0.0, positionUnit=2, protocol=0, realSessionID='', regType='', , sinkIp='', sourceAPPVersion='', sourceChannel='', sourceClientInfo='', sourceDeviceInfo='', sourceDeviceModel='', sourceDeviceName='', sourceDeviceType=0, sourceHID='', , sourceInfo='', , , sourceOSVersion='', sourceSDKVersion='', sourceUid='', stopDetail=0, stopReason=0, tailduration=0, url='', urlID='', urls=null, userAgent='', videoDecoder=0, volume=0, what=207}com.hpplay.sdk.sink.protocol.OutParameters@128bd63
12-01 18:46:45.857 3267 6372 I hpplay-java: [Thread-87]:Bridge:notify: address:94305632
12-01 18:46:45.858 3267 6366 D hpplay-base: [jniBridge:1726] notifyJava, what:204, castType:0, mimeType:0 baseStatus:2
12-01 18:46:45.858 3267 6366 D hpplay-base: [jniBridge:1727] notifyJava sessionID:(null)
12-01 18:46:45.858 3267 6371 D hpplay-base: [REventUtils:59] create handleREventThread thread ok!!,tid is 6371
12-01 18:46:45.858 3267 6366 I hpplay-java: [Thread-88]:Bridge:notify: what: 204
12-01 18:46:45.858 3267 6368 D hpplay-base: [mDNSEmbeded:234] http_port bind check 234 http_port_check port:52266
12-01 18:46:45.859 3267 6368 D hpplay-base: [mDNSEmbeded:237] http_port bind check 237 http_port_check
12-01 18:46:45.859 3267 6373 D hpplay-base: [lelinkSinkServer:93] new client connection from 127.0.0.1 62624, fd=128
12-01 18:46:45.859 3267 6373 D hpplay-base: [SinkContext:137] addSinkContextSession,begin to run!!
12-01 18:46:45.859 3267 6373 D hpplay-base: [SinkContext:142] addSinkContextSession,begin to get lock!!
12-01 18:46:45.859 3267 6373 D hpplay-base: [SinkContext:144] addSinkContextSession,get lock ok!!
12-01 18:46:45.859 3267 6366 I hpplay-java: [Thread-88]:Bridge:notify: out: OutParameters:{audioSessionId=-1, audiotrackIndex=0, castHandleType=-1, castType=0, deviceName='', dlnaName='', dramaID='', extra=-2002, frameHandleType=-1, handleInside=true, headduration=0, header='', headers=null, isAD=false, isMultiMirror=false, lelinkVer='', limitTime=0, , mediaAlbum='null', mediaAlbumArtURI='', mediaArtist='null', mediaAssets='', mediaTitle='null', mimeType=0, multiSession=null, period=0, pinCode='', playSpeed=0.0, playerChoice=0, plugin=0, port=0, position=0.0, positionUnit=2, protocol=0, realSessionID='', regType='', , sinkIp='', sourceAPPVersion='', sourceChannel='', sourceClientInfo='', sourceDeviceInfo='', sourceDeviceModel='', sourceDeviceName='', sourceDeviceType=0, sourceHID='', , sourceInfo='', , , sourceOSVersion='', sourceSDKVersion='', sourceUid='', stopDetail=0, stopReason=0, tailduration=0, url='', urlID='', urls=null, userAgent='', videoDecoder=0, volume=0, what=204}com.hpplay.sdk.sink.protocol.OutParameters@e255219
12-01 18:46:45.859 3267 6373 D hpplay-base: [SinkContext:149] addSinkContextSession,session list is null,begin to malloc!!
12-01 18:46:45.859 3267 6373 D hpplay-base: [SinkContext:156] addSinkContextSession,begin to update!!
12-01 18:46:45.859 3267 6373 D hpplay-base: [SinkContext:160] addSinkContextSession,begin to update header!!
12-01 18:46:45.860 3267 6373 D hpplay-base: [SinkContext:172] addSinkContextSession,begin to unlock!!
12-01 18:46:45.860 3267 6373 D hpplay-base: [SinkContext:174] addSinkContextSession,unlock ok!!
12-01 18:46:45.860 3267 6366 I hpplay-java: [Thread-88]:Bridge:notify: address:222151390
12-01 18:46:45.860 3267 6373 D hpplay-base: [LelinkReceiver:4908] get ping !!!
12-01 18:46:45.860 3267 6366 I hpplay-base: [mDNSEmbeded:79] embedded_mDNSLoop stopmDNSNow:0 nPublish:-2 nExitFlag:6 tid is 6366
12-01 18:46:45.860 3267 6368 D hpplay-base: [mDNSEmbeded:240] http_port bind check 240 http_port_check recieved:64
12-01 18:46:45.860 3267 3267 I hpplay-java: [main]:Bridge:findServiceID start out: 222151390
12-01 18:46:45.860 3267 6368 D hpplay-base: [mDNSEmbeded:243] http_port bind check 243 http_port_check
12-01 18:46:45.860 3267 6368 D hpplay-base: [mDNSEmbeded:244] http_port bind check ok!
12-01 18:46:45.860 3267 3267 I hpplay-java: [main]:Bridge:findServiceID end
12-01 18:46:45.861 3267 3267 E hpplay-java: [main]:ServerTaskManager:onError 204/-2002 com.hht.lebocast.LelinkHelper$e@9cae7c9
12-01 18:46:45.861 3267 3267 I hpplay-java: [main]:ServerTaskManager:cancelTimeOutCheck
12-01 18:46:45.862 3267 3267 W hpplay-java: [main]:ServerTaskManager:onErrorDispatcher errorCode:-2002
12-01 18:46:45.862 3267 3267 I hpplay-java: [main]:ServerTaskManager:onError retry later
12-01 18:46:45.877 3267 5999 I hpplay-java: [AsyncTask #95]:HttpRequest:doGet responseCode:200 0
12-01 18:46:46.051 1381 6279 D LOWI-9.0.0.87.a: [LOWI-Scan] wait_event:Wait done with Cmd 34
12-01 18:46:46.051 1381 6279 D LOWI-9.0.0.87.a: [LOWI-Scan] do_listen_events: Rcvd valid Netlink Cmd 34 Err 0
12-01 18:46:46.051 1495 1589 D WifiNl80211Manager: Scan result ready event
12-01 18:46:46.052 1495 1589 D WifiNative: Scan result ready event
12-01 18:46:46.052 1381 6279 D LOWI-9.0.0.87.a: [LOWI-Scan]
12-01 18:46:46.052 1381 6279 D LOWI-9.0.0.87.a: [LOWI-Scan] print_bss_handler: Report beacon TSF 758806135 as it greater than probe TSF 758792162
12-01 18:46:46.052 1381 6279 D LOWI-9.0.0.87.a: [LOWI-Scan] decode_rsn_wpa_ie: LOWI_ENCRYPTION_TYPE_WPA_PSK
12-01 18:46:46.052 1381 6279 D LOWI-9.0.0.87.a: [LOWI-Scan] is_qcom_ie, bss_age: 0
12-01 18:46:46.052 1381 6279 D LOWI-9.0.0.87.a: [LOWI-Scan] BSS 18:6f:2d:81:18:90 LOWI_PHY_MODE_11AC_VHT20(8), Beacon Interval: 100, LOWI_ENCRYPTION_TYPE_WPA_PSK 11mcRanging: No, ANQP: No, LCI: No, Civic: No, capability(0x0111): ESS Privacy SpectrumMgmt
12-01 18:46:46.052 1381 6279 D LOWI-9.0.0.87.a: [LOWI-Scan] BSS 18:6f:2d:81:18:90 FREQ: 5180, cFreq1[40:80:160] = [5180:0:0] cFreq2 = 0 Country Code = CN
12-01 18:46:46.052 1381 6279 D LOWI-9.0.0.87.a: [LOWI-Scan] BSS 18:6f:2d:81:18:90 (wlan0) ASSO: NO AddInfo: 0x1, TSF 0, 00:12:38.806, RSSI: -132, CPL: 127, AGE: 1780, SSID Testing , TSFDelta: 0x9c20521d, TXRate: 0
12-01 18:46:46.052 1381 6279 D LOWI-9.0.0.87.a: [LOWI-Scan]
12-01 18:46:46.052 1381 6279 D LOWI-9.0.0.87.a: [LOWI-Scan] print_bss_handler: Report beacon TSF 758806392 as it greater than probe TSF 758792668
12-01 18:46:46.052 1381 6279 D LOWI-9.0.0.87.a: [LOWI-Scan] is_qcom_ie, bss_age: 0
12-01 18:46:46.052 1381 6279 D LOWI-9.0.0.87.a: [LOWI-Scan] BSS 18:6f:2d:81:18:91 LOWI_PHY_MODE_11AC_VHT20(8), Beacon Interval: 100, LOWI_ENCRYPTION_TYPE_OPEN 11mcRanging: No, ANQP: No, LCI: No, Civic: No, capability(0x0101): ESS SpectrumMgmt
12-01 18:46:46.053 1381 6279 D LOWI-9.0.0.87.a: [LOWI-Scan] BSS 18:6f:2d:81:18:91 FREQ: 5180, cFreq1[40:80:160] = [5180:0:0] cFreq2 = 0 Country Code = CN
12-01 18:46:46.053 1381 6279 D LOWI-9.0.0.87.a: [LOWI-Scan] BSS 18:6f:2d:81:18:91 (wlan0) ASSO: NO AddInfo: 0x1, TSF 0, 00:12:38.806, RSSI: -132, CPL: 127, AGE: 1780, SSID Guest, TSFDelta: 0x9c233552, TXRate: 0
12-01 18:46:46.053 1381 6279 D LOWI-9.0.0.87.a: [LOWI-Scan]
12-01 18:46:46.053 1381 6279 D LOWI-9.0.0.87.a: [LOWI-Scan] print_bss_handler: Report beacon TSF 758806826 as it greater than probe TSF 758792834
12-01 18:46:46.053 1381 6279 D LOWI-9.0.0.87.a: [LOWI-Scan] decode_rsn_wpa_ie: LOWI_ENCRYPTION_TYPE_WPA_PSK
12-01 18:46:46.053 1381 6279 D LOWI-9.0.0.87.a: [LOWI-Scan] is_qcom_ie, bss_age: 0
12-01 18:46:46.053 1381 6279 D LOWI-9.0.0.87.a: [LOWI-Scan] BSS 18:6f:2d:81:18:92 LOWI_PHY_MODE_11AC_VHT20(8), Beacon Interval: 100, LOWI_ENCRYPTION_TYPE_WPA_PSK 11mcRanging: No, ANQP: No, LCI: No, Civic: No, capability(0x0111): ESS Privacy SpectrumMgmt
12-01 18:46:46.053 1381 6279 D LOWI-9.0.0.87.a: [LOWI-Scan] BSS 18:6f:2d:81:18:92 FREQ: 5180, cFreq1[40:80:160] = [5180:0:0] cFreq2 = 0 Country Code = CN
12-01 18:46:46.053 1381 6279 D LOWI-9.0.0.87.a: [LOWI-Scan] BSS 18:6f:2d:81:18:92 (wlan0) ASSO: NO AddInfo: 0x1, TSF 0, 00:12:38.806, RSSI: -130, CPL: 127, AGE: 1780, SSID ZXHY, TSFDelta: 0x9c25baba, TXRate: 0
12-01 18:46:46.053 1381 6279 D LOWI-9.0.0.87.a: [LOWI-Scan]
12-01 18:46:46.053 1381 6279 D LOWI-9.0.0.87.a: [LOWI-Scan] print_bss_handler: Report beacon TSF 758807218 as it greater than probe TSF 758794013
12-01 18:46:46.053 1381 6279 D LOWI-9.0.0.87.a: [LOWI-Scan] decode_rsn_wpa_ie: LOWI_ENCRYPTION_TYPE_WPA_PSK
12-01 18:46:46.053 1381 6279 D LOWI-9.0.0.87.a: [LOWI-Scan] is_qcom_ie, bss_age: 0
12-01 18:46:46.053 1381 6279 D LOWI-9.0.0.87.a: [LOWI-Scan] BSS 18:6f:2d:81:18:93 LOWI_PHY_MODE_11AC_VHT20(8), Beacon Interval: 100, LOWI_ENCRYPTION_TYPE_WPA_PSK 11mcRanging: No, ANQP: No, LCI: No, Civic: No, capability(0x0111): ESS Privacy SpectrumMgmt
12-01 18:46:46.053 1381 6279 D LOWI-9.0.0.87.a: [LOWI-Scan] BSS 18:6f:2d:81:18:93 FREQ: 5180, cFreq1[40:80:160] = [5180:0:0] cFreq2 = 0 Country Code = CN
12-01 18:46:46.053 1381 6279 D LOWI-9.0.0.87.a: [LOWI-Scan] BSS 18:6f:2d:81:18:93 (wlan0) ASSO: NO AddInfo: 0x1, TSF 0, 00:12:38.807, RSSI: -132, CPL: 127, AGE: 1780, SSID Fanya, TSFDelta: 0x9c2a6165, TXRate: 0
12-01 18:46:46.053 1381 6279 D LOWI-9.0.0.87.a: [LOWI-Scan]
12-01 18:46:46.053 1381 6279 D LOWI-9.0.0.87.a: [LOWI-Scan] print_bss_handler: Report beacon TSF 758807413 as it greater than probe TSF 758794184
12-01 18:46:46.053 1381 6279 D LOWI-9.0.0.87.a: [LOWI-Scan] decode_rsn_wpa_ie: LOWI_ENCRYPTION_TYPE_WPA_PSK
12-01 18:46:46.053 1381 6279 D LOWI-9.0.0.87.a: [LOWI-Scan] is_qcom_ie, bss_age: 0
12-01 18:46:46.053 1381 6279 D LOWI-9.0.0.87.a: [LOWI-Scan] BSS 18:6f:2d:81:18:94 LOWI_PHY_MODE_11AC_VHT20(8), Beacon Interval: 100, LOWI_ENCRYPTION_TYPE_WPA_PSK 11mcRanging: No, ANQP: No, LCI: No, Civic: No, capability(0x0111): ESS Privacy SpectrumMgmt
12-01 18:46:46.053 1381 6279 D LOWI-9.0.0.87.a: [LOWI-Scan] BSS 18:6f:2d:81:18:94 FREQ: 5180, cFreq1[40:80:160] = [5180:0:0] cFreq2 = 0 Country Code = CN
12-01 18:46:46.053 1381 6279 D LOWI-9.0.0.87.a: [LOWI-Scan] BSS 18:6f:2d:81:18:94 (wlan0) ASSO: NO AddInfo: 0x1, TSF 0, 00:12:38.807, RSSI: -130, CPL: 127, AGE: 1780, SSID ThunderSoft, TSFDelta: 0x9c2d4449, TXRate: 0
12-01 18:46:46.054 1381 6279 D LOWI-9.0.0.87.a: [LOWI-Scan]
12-01 18:46:46.054 1381 6279 D LOWI-9.0.0.87.a: [LOWI-Scan] print_bss_handler: Report Probe TSF 758794326 as it greater than Beacon TSF 750308855
12-01 18:46:46.054 1381 6279 D LOWI-9.0.0.87.a: [LOWI-Scan] decode_rsn_wpa_ie: LOWI_ENCRYPTION_TYPE_WPA_PSK
12-01 18:46:46.054 1381 6279 D LOWI-9.0.0.87.a: [LOWI-Scan] is_qcom_ie, bss_age: 0
12-01 18:46:46.054 1381 6279 D LOWI-9.0.0.87.a: [LOWI-Scan] BSS 18:6f:2d:81:18:95 LOWI_PHY_MODE_11AC_VHT20(8), Beacon Interval: 100, LOWI_ENCRYPTION_TYPE_WPA_PSK 11mcRanging: No, ANQP: No, LCI: No, Civic: No, capability(0x0111): ESS Privacy SpectrumMgmt
12-01 18:46:46.054 1381 6279 D LOWI-9.0.0.87.a: [LOWI-Scan] BSS 18:6f:2d:81:18:95 FREQ: 5180, cFreq1[40:80:160] = [5180:0:0] cFreq2 = 0 Country Code = CN
12-01 18:46:46.054 1381 6279 D LOWI-9.0.0.87.a: [LOWI-Scan] BSS 18:6f:2d:81:18:95 (wlan0) ASSO: NO AddInfo: 0x0, TSF 0, 00:12:38.794, RSSI: -132, CPL: 127, AGE: 1792, SSID GM, TSFDelta: 0x9c301e05, TXRate: 0
12-01 18:46:46.061 3267 6373 I hpplay-base: [LelinkReceiver:14605] _connectionFinalize (128)
12-01 18:46:46.061 3267 6373 D hpplay-base: [LelinkReceiver:14752] ###connectionFinalize,release ok!!###
12-01 18:46:46.063 1381 6279 D LOWI-9.0.0.87.a: [LOWI-Scan]
12-01 18:46:46.063 1381 6279 D LOWI-9.0.0.87.a: [LOWI-Scan] print_bss_handler: Report Probe TSF 758811030 as it greater than Beacon TSF 750321696
12-01 18:46:46.063 1381 6279 D LOWI-9.0.0.87.a: [LOWI-Scan] decode_rsn_wpa_ie: LOWI_ENCRYPTION_TYPE_WPA_PSK
12-01 18:46:46.063 1381 6279 D LOWI-9.0.0.87.a: [LOWI-Scan] is_qcom_ie, bss_age: 0
12-01 18:46:46.063 1381 6279 D LOWI-9.0.0.87.a: [LOWI-Scan] BSS 38:a9:1c:35:03:09 LOWI_PHY_MODE_11AC_VHT80(10), Beacon Interval: 100, LOWI_ENCRYPTION_TYPE_WPA_PSK 11mcRanging: No, ANQP: No, LCI: No, Civic: No, capability(0x0511): ESS Privacy SpectrumMgmt ShortSlotTime
12-01 18:46:46.063 1381 6279 D LOWI-9.0.0.87.a: [LOWI-Scan] BSS 38:a9:1c:35:03:09 FREQ: 5180, cFreq1[40:80:160] = [5190:5210:0] cFreq2 = 0 Country Code = US
12-01 18:46:46.063 1381 6279 D LOWI-9.0.0.87.a: [LOWI-Scan] BSS 38:a9:1c:35:03:09 (wlan0) ASSO: NO AddInfo: 0x0, TSF 0, 00:12:38.811, RSSI: -80, CPL: 127, AGE: 1776, SSID H3C_350304_5G, TSFDelta: 0x401b9c18, TXRate: 0
12-01 18:46:46.064 1381 6279 D LOWI-9.0.0.87.a: [LOWI-Scan]
12-01 18:46:46.064 1381 6279 D LOWI-9.0.0.87.a: [LOWI-Scan] print_bss_handler: Report Probe TSF 758870678 as it greater than Beacon TSF 758828645
12-01 18:46:46.064 1381 6279 D LOWI-9.0.0.87.a: [LOWI-Scan] is_qcom_ie, bss_age: 0
12-01 18:46:46.064 1381 6279 D LOWI-9.0.0.87.a: [LOWI-Scan] BSS 38:a9:1c:35:03:04 LOWI_PHY_MODE_11NG_HT20(5), Beacon Interval: 100, LOWI_ENCRYPTION_TYPE_OPEN 11mcRanging: No, ANQP: No, LCI: No, Civic: No, capability(0x0401): ESS ShortSlotTime
12-01 18:46:46.064 1381 6279 D LOWI-9.0.0.87.a: [LOWI-Scan] BSS 38:a9:1c:35:03:04 FREQ: 2412, cFreq1[40:80:160] = [0:0:0] cFreq2 = 0 Country Code =
12-01 18:46:46.064 1381 6279 D LOWI-9.0.0.87.a: [LOWI-Scan] BSS 38:a9:1c:35:03:04 (wlan0) ASSO: NO AddInfo: 0x0, TSF 0, 00:12:38.870, RSSI: -90, CPL: 127, AGE: 1716, SSID , TSFDelta: 0x40af8dc2, TXRate: 0
12-01 18:46:46.064 1381 6279 D LOWI-9.0.0.87.a: [LOWI-Scan]
12-01 18:46:46.064 1381 6279 D LOWI-9.0.0.87.a: [LOWI-Scan] print_bss_handler: Report Probe TSF 759152326 as it greater than Beacon TSF 759104215
12-01 18:46:46.064 1381 6279 D LOWI-9.0.0.87.a: [LOWI-Scan] decode_rsn_wpa_ie: LOWI_ENCRYPTION_TYPE_WPA_PSK
12-01 18:46:46.064 1381 6279 D LOWI-9.0.0.87.a: [LOWI-Scan] is_qcom_ie, bss_age: 0
12-01 18:46:46.064 1381 6279 D LOWI-9.0.0.87.a: [LOWI-Scan] BSS 5c:02:14:f9:4f:d2 LOWI_PHY_MODE_11AC_VHT20_2G(11), Beacon Interval: 100, LOWI_ENCRYPTION_TYPE_WPA_PSK 11mcRanging: No, ANQP: Yes, LCI: No, Civic: No, capability(0x1431): ESS Privacy ShortPreamble ShortSlotTime
12-01 18:46:46.064 1381 6279 D LOWI-9.0.0.87.a: [LOWI-Scan] BSS 5c:02:14:f9:4f:d2 FREQ: 2427, cFreq1[40:80:160] = [0:0:0] cFreq2 = 0 Country Code = CN
12-01 18:46:46.064 1381 6279 D LOWI-9.0.0.87.a: [LOWI-Scan] BSS 5c:02:14:f9:4f:d2 (wlan0) ASSO: NO AddInfo: 0x0, TSF 0, 00:12:39.152, RSSI: -84, CPL: 127, AGE: 1432, SSID ThunderSoft_XTS_2.4G, TSFDelta: 0x3c0189f7, TXRate: 0
12-01 18:46:46.065 1381 6279 D LOWI-9.0.0.87.a: [LOWI-Scan]
12-01 18:46:46.065 1381 6279 D LOWI-9.0.0.87.a: [LOWI-Scan] print_bss_handler: Report Probe TSF 759118760 as it greater than Beacon TSF 759089203
12-01 18:46:46.065 1381 6279 D LOWI-9.0.0.87.a: [LOWI-Scan] decode_rsn_wpa_ie: LOWI_ENCRYPTION_TYPE_WPA_PSK
12-01 18:46:46.065 1381 6279 D LOWI-9.0.0.87.a: [LOWI-Scan] is_qcom_ie, bss_age: 0
12-01 18:46:46.065 1381 6279 D LOWI-9.0.0.87.a: [LOWI-Scan] BSS b0:39:56:1c:29:79 LOWI_PHY_MODE_11AC_VHT20_2G(11), Beacon Interval: 100, LOWI_ENCRYPTION_TYPE_WPA_PSK 11mcRanging: No, ANQP: No, LCI: No, Civic: No, capability(0x0411): ESS Privacy ShortSlotTime
12-01 18:46:46.065 1381 6279 D LOWI-9.0.0.87.a: [LOWI-Scan] BSS b0:39:56:1c:29:79 FREQ: 2427, cFreq1[40:80:160] = [2427:0:0] cFreq2 = 0 Country Code = CN
12-01 18:46:46.065 1381 6279 D LOWI-9.0.0.87.a: [LOWI-Scan] BSS b0:39:56:1c:29:79 (wlan0) ASSO: NO AddInfo: 0x0, TSF 0, 00:12:39.118, RSSI: -108, CPL: 127, AGE: 1468, SSID lc-test, TSFDelta: 0xdc6b3664, TXRate: 0
12-01 18:46:46.065 1381 6279 D LOWI-9.0.0.87.a: [LOWI-Scan]
12-01 18:46:46.065 1381 6279 D LOWI-9.0.0.87.a: [LOWI-Scan] print_bss_handler: Report Probe TSF 749035666 as it greater than Beacon TSF 626384747
12-01 18:46:46.065 1381 6279 D LOWI-9.0.0.87.a: [LOWI-Scan] decode_rsn_wpa_ie: LOWI_ENCRYPTION_TYPE_WPA_PSK
12-01 18:46:46.065 1381 6279 D LOWI-9.0.0.87.a: [LOWI-Scan] is_qcom_ie, bss_age: 0
12-01 18:46:46.065 1381 6279 D LOWI-9.0.0.87.a: [LOWI-Scan] adjust_age:AP AGE upper limit reached. Dont store
12-01 18:46:46.065 1381 6279 D LOWI-9.0.0.87.a: [LOWI-Scan] BSS f4:84:8d:21:25:a9 LOWI_PHY_MODE_11AC_VHT80(10), Beacon Interval: 100, LOWI_ENCRYPTION_TYPE_WPA_PSK 11mcRanging: No, ANQP: No, LCI: No, Civic: No, capability(0x1011): ESS Privacy
12-01 18:46:46.065 1381 6279 D LOWI-9.0.0.87.a: [LOWI-Scan] BSS f4:84:8d:21:25:a9 FREQ: 5805, cFreq1[40:80:160] = [5795:5775:0] cFreq2 = 0 Country Code = CN
12-01 18:46:46.065 1381 6279 D LOWI-9.0.0.87.a: [LOWI-Scan] BSS f4:84:8d:21:25:a9 (wlan0) ASSO: NO AddInfo: 0x0, TSF 0, 00:12:29.035, RSSI: -102, CPL: 127, AGE: 11552, SSID hht, TSFDelta: 0x25bcfe2b, TXRate: 0
12-01 18:46:46.065 1381 6279 D LOWI-9.0.0.87.a: [LOWI-Scan]
12-01 18:46:46.065 1381 6279 D LOWI-9.0.0.87.a: [LOWI-Scan] print_bss_handler: Report beacon TSF 759291678 as it greater than probe TSF 759291617
12-01 18:46:46.065 1381 6279 D LOWI-9.0.0.87.a: [LOWI-Scan] decode_rsn_wpa_ie: LOWI_ENCRYPTION_TYPE_WPA_PSK
12-01 18:46:46.066 1381 6279 D LOWI-9.0.0.87.a: [LOWI-Scan] is_qcom_ie, bss_age: 0
12-01 18:46:46.066 1381 6279 D LOWI-9.0.0.87.a: [LOWI-Scan] BSS 18:6f:2d:81:25:40 LOWI_PHY_MODE_11NG_HT20(5), Beacon Interval: 100, LOWI_ENCRYPTION_TYPE_WPA_PSK 11mcRanging: No, ANQP: No, LCI: No, Civic: No, capability(0x0531): ESS Privacy ShortPreamble SpectrumMgmt ShortSlotTime
12-01 18:46:46.066 1381 6279 D LOWI-9.0.0.87.a: [LOWI-Scan] BSS 18:6f:2d:81:25:40 FREQ: 2437, cFreq1[40:80:160] = [2437:0:0] cFreq2 = 0 Country Code = CN
12-01 18:46:46.066 1381 6279 D LOWI-9.0.0.87.a: [LOWI-Scan] BSS 18:6f:2d:81:25:40 (wlan0) ASSO: NO AddInfo: 0x1, TSF 0, 00:12:39.291, RSSI: -92, CPL: 127, AGE: 1296, SSID Testing , TSFDelta: 0x89498a5, TXRate: 0
12-01 18:46:46.066 1381 6279 D LOWI-9.0.0.87.a: [LOWI-Scan]
12-01 18:46:46.066 1381 6279 D LOWI-9.0.0.87.a: [LOWI-Scan] print_bss_handler: Report Probe TSF 759303391 as it greater than Beacon TSF 759293008
12-01 18:46:46.066 1381 6279 D LOWI-9.0.0.87.a: [LOWI-Scan] is_qcom_ie, bss_age: 0
12-01 18:46:46.066 1381 6279 D LOWI-9.0.0.87.a: [LOWI-Scan] BSS 18:6f:2d:81:25:41 LOWI_PHY_MODE_11NG_HT20(5), Beacon Interval: 100, LOWI_ENCRYPTION_TYPE_OPEN 11mcRanging: No, ANQP: No, LCI: No, Civic: No, capability(0x0521): ESS ShortPreamble SpectrumMgmt ShortSlotTime
12-01 18:46:46.066 1381 6279 D LOWI-9.0.0.87.a: [LOWI-Scan] BSS 18:6f:2d:81:25:41 FREQ: 2437, cFreq1[40:80:160] = [2437:0:0] cFreq2 = 0 Country Code = CN
12-01 18:46:46.066 1381 6279 D LOWI-9.0.0.87.a: [LOWI-Scan] BSS 18:6f:2d:81:25:41 (wlan0) ASSO: NO AddInfo: 0x0, TSF 0, 00:12:39.303, RSSI: -90, CPL: 127, AGE: 1284, SSID Guest, TSFDelta: 0x8fced3d, TXRate: 0
12-01 18:46:46.066 1381 6279 D LOWI-9.0.0.87.a: [LOWI-Scan]
12-01 18:46:46.066 1381 6279 D LOWI-9.0.0.87.a: [LOWI-Scan] print_bss_handler: Report beacon TSF 759868170 as it greater than probe TSF 749146826
12-01 18:46:46.066 1381 6279 D LOWI-9.0.0.87.a: [LOWI-Scan] decode_rsn_wpa_ie: LOWI_ENCRYPTION_TYPE_WPA_PSK
12-01 18:46:46.066 1381 6279 D LOWI-9.0.0.87.a: [LOWI-Scan] is_qcom_ie, bss_age: 0
12-01 18:46:46.066 1381 6279 D LOWI-9.0.0.87.a: [LOWI-Scan] BSS 18:6f:2d:0a:b8:50 LOWI_PHY_MODE_11AC_VHT20(8), Beacon Interval: 100, LOWI_ENCRYPTION_TYPE_WPA_PSK 11mcRanging: No, ANQP: No, LCI: No, Civic: No, capability(0x0111): ESS Privacy SpectrumMgmt
12-01 18:46:46.066 1381 6279 D LOWI-9.0.0.87.a: [LOWI-Scan] BSS 18:6f:2d:0a:b8:50 FREQ: 5260, cFreq1[40:80:160] = [5260:0:0] cFreq2 = 0 Country Code = CN
12-01 18:46:46.066 1381 6279 D LOWI-9.0.0.87.a: [LOWI-Scan] BSS 18:6f:2d:0a:b8:50 (wlan0) ASSO: NO AddInfo: 0x1, TSF 0, 00:12:39.868, RSSI: -144, CPL: 127, AGE: 716, SSID Testing , TSFDelta: 0x1eb8638c, TXRate: 0
12-01 18:46:46.067 1381 6279 D LOWI-9.0.0.87.a: [LOWI-Scan]
12-01 18:46:46.067 1381 6279 D LOWI-9.0.0.87.a: [LOWI-Scan] print_bss_handler: Report beacon TSF 759868648 as it greater than probe TSF 742609666
12-01 18:46:46.067 1381 6279 D LOWI-9.0.0.87.a: [LOWI-Scan] is_qcom_ie, bss_age: 0
12-01 18:46:46.067 1381 6279 D LOWI-9.0.0.87.a: [LOWI-Scan] BSS 18:6f:2d:0a:b8:51 LOWI_PHY_MODE_11AC_VHT20(8), Beacon Interval: 100, LOWI_ENCRYPTION_TYPE_OPEN 11mcRanging: No, ANQP: No, LCI: No, Civic: No, capability(0x0101): ESS SpectrumMgmt
12-01 18:46:46.067 1381 6279 D LOWI-9.0.0.87.a: [LOWI-Scan] BSS 18:6f:2d:0a:b8:51 FREQ: 5260, cFreq1[40:80:160] = [5260:0:0] cFreq2 = 0 Country Code = CN
12-01 18:46:46.067 1381 6279 D LOWI-9.0.0.87.a: [LOWI-Scan] BSS 18:6f:2d:0a:b8:51 (wlan0) ASSO: NO AddInfo: 0x1, TSF 0, 00:12:39.868, RSSI: -144, CPL: 127, AGE: 716, SSID Guest, TSFDelta: 0x33820bf1, TXRate: 0
12-01 18:46:46.067 1381 6279 D LOWI-9.0.0.87.a: [LOWI-Scan]
12-01 18:46:46.067 1381 6279 D LOWI-9.0.0.87.a: [LOWI-Scan] print_bss_handler: Report beacon TSF 759868722 as it greater than probe TSF 749149947
12-01 18:46:46.067 1381 6279 D LOWI-9.0.0.87.a: [LOWI-Scan] decode_rsn_wpa_ie: LOWI_ENCRYPTION_TYPE_WPA_PSK
12-01 18:46:46.067 1381 6279 D LOWI-9.0.0.87.a: [LOWI-Scan] is_qcom_ie, bss_age: 0
12-01 18:46:46.067 1381 6279 D LOWI-9.0.0.87.a: [LOWI-Scan] BSS 18:6f:2d:0a:b8:52 LOWI_PHY_MODE_11AC_VHT20(8), Beacon Interval: 100, LOWI_ENCRYPTION_TYPE_WPA_PSK 11mcRanging: No, ANQP: No, LCI: No, Civic: No, capability(0x0111): ESS Privacy SpectrumMgmt
12-01 18:46:46.067 1381 6279 D LOWI-9.0.0.87.a: [LOWI-Scan] BSS 18:6f:2d:0a:b8:52 FREQ: 5260, cFreq1[40:80:160] = [5260:0:0] cFreq2 = 0 Country Code = CN
12-01 18:46:46.067 1381 6279 D LOWI-9.0.0.87.a: [LOWI-Scan] BSS 18:6f:2d:0a:b8:52 (wlan0) ASSO: NO AddInfo: 0x1, TSF 0, 00:12:39.868, RSSI: -144, CPL: 127, AGE: 716, SSID ZXHY, TSFDelta: 0x1ecee089, TXRate: 0
12-01 18:46:46.067 1381 6279 D LOWI-9.0.0.87.a: [LOWI-Scan]
12-01 18:46:46.067 1381 6279 D LOWI-9.0.0.87.a: [LOWI-Scan] print_bss_handler: Report Probe TSF 759904461 as it greater than Beacon TSF 759868815
12-01 18:46:46.067 1381 6279 D LOWI-9.0.0.87.a: [LOWI-Scan] decode_rsn_wpa_ie: LOWI_ENCRYPTION_TYPE_WPA_PSK
12-01 18:46:46.067 1381 6279 D LOWI-9.0.0.87.a: [LOWI-Scan] is_qcom_ie, bss_age: 0
12-01 18:46:46.067 1381 6279 D LOWI-9.0.0.87.a: [LOWI-Scan] BSS 18:6f:2d:0a:b8:53 LOWI_PHY_MODE_11AC_VHT20(8), Beacon Interval: 100, LOWI_ENCRYPTION_TYPE_WPA_PSK 11mcRanging: No, ANQP: No, LCI: No, Civic: No, capability(0x0111): ESS Privacy SpectrumMgmt
12-01 18:46:46.067 1381 6279 D LOWI-9.0.0.87.a: [LOWI-Scan] BSS 18:6f:2d:0a:b8:53 FREQ: 5260, cFreq1[40:80:160] = [5260:0:0] cFreq2 = 0 Country Code = CN
12-01 18:46:46.067 1381 6279 D LOWI-9.0.0.87.a: [LOWI-Scan] BSS 18:6f:2d:0a:b8:53 (wlan0) ASSO: NO AddInfo: 0x0, TSF 0, 00:12:39.904, RSSI: -144, CPL: 127, AGE: 680, SSID Fanya, TSFDelta: 0x3154809f, TXRate: 0
12-01 18:46:46.068 1381 6279 D LOWI-9.0.0.87.a: [LOWI-Scan]
12-01 18:46:46.068 1381 6279 D LOWI-9.0.0.87.a: [LOWI-Scan] print_bss_handler: Report Probe TSF 759904521 as it greater than Beacon TSF 759868877
12-01 18:46:46.068 1381 6279 D LOWI-9.0.0.87.a: [LOWI-Scan] decode_rsn_wpa_ie: LOWI_ENCRYPTION_TYPE_WPA_PSK
12-01 18:46:46.068 1381 6279 D LOWI-9.0.0.87.a: [LOWI-Scan] is_qcom_ie, bss_age: 0
12-01 18:46:46.068 1381 6279 D LOWI-9.0.0.87.a: [LOWI-Scan] BSS 18:6f:2d:0a:b8:54 LOWI_PHY_MODE_11AC_VHT20(8), Beacon Interval: 100, LOWI_ENCRYPTION_TYPE_WPA_PSK 11mcRanging: No, ANQP: No, LCI: No, Civic: No, capability(0x0111): ESS Privacy SpectrumMgmt
12-01 18:46:46.068 1381 6279 D LOWI-9.0.0.87.a: [LOWI-Scan] BSS 18:6f:2d:0a:b8:54 FREQ: 5260, cFreq1[40:80:160] = [5260:0:0] cFreq2 = 0 Country Code = CN
12-01 18:46:46.068 1381 6279 D LOWI-9.0.0.87.a: [LOWI-Scan] BSS 18:6f:2d:0a:b8:54 (wlan0) ASSO: NO AddInfo: 0x0, TSF 0, 00:12:39.904, RSSI: -144, CPL: 127, AGE: 680, SSID ThunderSoft, TSFDelta: 0x3157109f, TXRate: 0
12-01 18:46:46.068 1381 6279 D LOWI-9.0.0.87.a: [LOWI-Scan]
12-01 18:46:46.068 1381 6279 D LOWI-9.0.0.87.a: [LOWI-Scan] print_bss_handler: Report Probe TSF 759904870 as it greater than Beacon TSF 759868940
12-01 18:46:46.068 1381 6279 D LOWI-9.0.0.87.a: [LOWI-Scan] decode_rsn_wpa_ie: LOWI_ENCRYPTION_TYPE_WPA_PSK
12-01 18:46:46.068 1381 6279 D LOWI-9.0.0.87.a: [LOWI-Scan] is_qcom_ie, bss_age: 0
12-01 18:46:46.068 1381 6279 D LOWI-9.0.0.87.a: [LOWI-Scan] BSS 18:6f:2d:0a:b8:55 LOWI_PHY_MODE_11AC_VHT20(8), Beacon Interval: 100, LOWI_ENCRYPTION_TYPE_WPA_PSK 11mcRanging: No, ANQP: No, LCI: No, Civic: No, capability(0x0111): ESS Privacy SpectrumMgmt
12-01 18:46:46.068 1381 6279 D LOWI-9.0.0.87.a: [LOWI-Scan] BSS 18:6f:2d:0a:b8:55 FREQ: 5260, cFreq1[40:80:160] = [5260:0:0] cFreq2 = 0 Country Code = CN
12-01 18:46:46.068 1381 6279 D LOWI-9.0.0.87.a: [LOWI-Scan] BSS 18:6f:2d:0a:b8:55 (wlan0) ASSO: NO AddInfo: 0x0, TSF 0, 00:12:39.904, RSSI: -144, CPL: 127, AGE: 680, SSID GM, TSFDelta: 0x3159c99c, TXRate: 0
12-01 18:46:46.068 1381 6279 D LOWI-9.0.0.87.a: [LOWI-Scan]
12-01 18:46:46.068 1381 6279 D LOWI-9.0.0.87.a: [LOWI-Scan] print_bss_handler: Report Probe TSF 760134515 as it greater than Beacon TSF 760125589
12-01 18:46:46.068 1381 6279 D LOWI-9.0.0.87.a: [LOWI-Scan] decode_rsn_wpa_ie: LOWI_ENCRYPTION_TYPE_WPA_PSK
12-01 18:46:46.068 1381 6279 D LOWI-9.0.0.87.a: [LOWI-Scan] is_qcom_ie, bss_age: 0
12-01 18:46:46.068 1381 6279 D LOWI-9.0.0.87.a: [LOWI-Scan] BSS 18:6f:2d:80:dd:70 LOWI_PHY_MODE_11AC_VHT20(8), Beacon Interval: 100, LOWI_ENCRYPTION_TYPE_WPA_PSK 11mcRanging: No, ANQP: No, LCI: No, Civic: No, capability(0x0111): ESS Privacy SpectrumMgmt
12-01 18:46:46.068 1381 6279 D LOWI-9.0.0.87.a: [LOWI-Scan] BSS 18:6f:2d:80:dd:70 FREQ: 5280, cFreq1[40:80:160] = [5280:0:0] cFreq2 = 0 Country Code = CN
12-01 18:46:46.068 1381 6279 D LOWI-9.0.0.87.a: [LOWI-Scan] BSS 18:6f:2d:80:dd:70 (wlan0) ASSO: NO AddInfo: 0x0, TSF 0, 00:12:40.134, RSSI: -136, CPL: 127, AGE: 452, SSID Testing , TSFDelta: 0x356e3862, TXRate: 0
12-01 18:46:46.068 1381 6279 D LOWI-9.0.0.87.a: [LOWI-Scan]
12-01 18:46:46.068 1381 6279 D LOWI-9.0.0.87.a: [LOWI-Scan] print_bss_handler: Report Probe TSF 760135863 as it greater than Beacon TSF 760125704
12-01 18:46:46.068 1381 6279 D LOWI-9.0.0.87.a: [LOWI-Scan] is_qcom_ie, bss_age: 0
12-01 18:46:46.069 1381 6279 D LOWI-9.0.0.87.a: [LOWI-Scan] BSS 18:6f:2d:80:dd:71 LOWI_PHY_MODE_11AC_VHT20(8), Beacon Interval: 100, LOWI_ENCRYPTION_TYPE_OPEN 11mcRanging: No, ANQP: No, LCI: No, Civic: No, capability(0x0101): ESS SpectrumMgmt
12-01 18:46:46.069 1381 6279 D LOWI-9.0.0.87.a: [LOWI-Scan] BSS 18:6f:2d:80:dd:71 FREQ: 5280, cFreq1[40:80:160] = [5280:0:0] cFreq2 = 0 Country Code = CN
12-01 18:46:46.069 1381 6279 D LOWI-9.0.0.87.a: [LOWI-Scan] BSS 18:6f:2d:80:dd:71 (wlan0) ASSO: NO AddInfo: 0x0, TSF 0, 00:12:40.135, RSSI: -134, CPL: 127, AGE: 452, SSID Guest, TSFDelta: 0x3578422c, TXRate: 0
12-01 18:46:46.069 1381 6279 D LOWI-9.0.0.87.a: [LOWI-Scan]
12-01 18:46:46.069 1381 6279 D LOWI-9.0.0.87.a: [LOWI-Scan] print_bss_handler: Report Probe TSF 760136260 as it greater than Beacon TSF 760126392
12-01 18:46:46.069 1381 6279 D LOWI-9.0.0.87.a: [LOWI-Scan] decode_rsn_wpa_ie: LOWI_ENCRYPTION_TYPE_WPA_PSK
12-01 18:46:46.069 1381 6279 D LOWI-9.0.0.87.a: [LOWI-Scan] is_qcom_ie, bss_age: 0
12-01 18:46:46.069 1381 6279 D LOWI-9.0.0.87.a: [LOWI-Scan] BSS 18:6f:2d:80:dd:72 LOWI_PHY_MODE_11AC_VHT20(8), Beacon Interval: 100, LOWI_ENCRYPTION_TYPE_WPA_PSK 11mcRanging: No, ANQP: No, LCI: No, Civic: No, capability(0x0111): ESS Privacy SpectrumMgmt
12-01 18:46:46.069 1381 6279 D LOWI-9.0.0.87.a: [LOWI-Scan] BSS 18:6f:2d:80:dd:72 FREQ: 5280, cFreq1[40:80:160] = [5280:0:0] cFreq2 = 0 Country Code = CN
12-01 18:46:46.069 1381 6279 D LOWI-9.0.0.87.a: [LOWI-Scan] BSS 18:6f:2d:80:dd:72 (wlan0) ASSO: NO AddInfo: 0x0, TSF 0, 00:12:40.136, RSSI: -134, CPL: 127, AGE: 448, SSID ZXHY, TSFDelta: 0x357ad9d3, TXRate: 0
12-01 18:46:46.069 1381 6279 D LOWI-9.0.0.87.a: [LOWI-Scan]
12-01 18:46:46.069 1381 6279 D LOWI-9.0.0.87.a: [LOWI-Scan] print_bss_handler: Report Probe TSF 760136962 as it greater than Beacon TSF 760126464
12-01 18:46:46.069 1381 6279 D LOWI-9.0.0.87.a: [LOWI-Scan] decode_rsn_wpa_ie: LOWI_ENCRYPTION_TYPE_WPA_PSK
12-01 18:46:46.069 1381 6279 D LOWI-9.0.0.87.a: [LOWI-Scan] is_qcom_ie, bss_age: 0
12-01 18:46:46.069 1381 6279 D LOWI-9.0.0.87.a: [LOWI-Scan] BSS 18:6f:2d:80:dd:73 LOWI_PHY_MODE_11AC_VHT20(8), Beacon Interval: 100, LOWI_ENCRYPTION_TYPE_WPA_PSK 11mcRanging: No, ANQP: No, LCI: No, Civic: No, capability(0x0111): ESS Privacy SpectrumMgmt
12-01 18:46:46.069 1381 6279 D LOWI-9.0.0.87.a: [LOWI-Scan] BSS 18:6f:2d:80:dd:73 FREQ: 5280, cFreq1[40:80:160] = [5280:0:0] cFreq2 = 0 Country Code = CN
12-01 18:46:46.069 1381 6279 D LOWI-9.0.0.87.a: [LOWI-Scan] BSS 18:6f:2d:80:dd:73 (wlan0) ASSO: NO AddInfo: 0x0, TSF 0, 00:12:40.136, RSSI: -134, CPL: 127, AGE: 448, SSID Fanya, TSFDelta: 0x35803614, TXRate: 0
12-01 18:46:46.069 1381 6279 D LOWI-9.0.0.87.a: [LOWI-Scan]
12-01 18:46:46.069 1381 6279 D LOWI-9.0.0.87.a: [LOWI-Scan] print_bss_handler: Report Probe TSF 760137364 as it greater than Beacon TSF 760126524
12-01 18:46:46.069 1381 6279 D LOWI-9.0.0.87.a: [LOWI-Scan] decode_rsn_wpa_ie: LOWI_ENCRYPTION_TYPE_WPA_PSK
12-01 18:46:46.069 1381 6279 D LOWI-9.0.0.87.a: [LOWI-Scan] is_qcom_ie, bss_age: 0
12-01 18:46:46.069 1381 6279 D LOWI-9.0.0.87.a: [LOWI-Scan] BSS 18:6f:2d:80:dd:74 LOWI_PHY_MODE_11AC_VHT20(8), Beacon Interval: 100, LOWI_ENCRYPTION_TYPE_WPA_PSK 11mcRanging: No, ANQP: No, LCI: No, Civic: No, capability(0x0111): ESS Privacy SpectrumMgmt
12-01 18:46:46.069 1381 6279 D LOWI-9.0.0.87.a: [LOWI-Scan] BSS 18:6f:2d:80:dd:74 FREQ: 5280, cFreq1[40:80:160] = [5280:0:0] cFreq2 = 0 Country Code = CN
12-01 18:46:46.069 1381 6279 D LOWI-9.0.0.87.a: [LOWI-Scan] BSS 18:6f:2d:80:dd:74 (wlan0) ASSO: NO AddInfo: 0x0, TSF 0, 00:12:40.137, RSSI: -134, CPL: 127, AGE: 448, SSID ThunderSoft, TSFDelta: 0x35831a60, TXRate: 0
12-01 18:46:46.069 1381 6279 D LOWI-9.0.0.87.a: [LOWI-Scan]
12-01 18:46:46.069 1381 6279 D LOWI-9.0.0.87.a: [LOWI-Scan] print_bss_handler: Report Probe TSF 760137924 as it greater than Beacon TSF 760127131
12-01 18:46:46.069 1381 6279 D LOWI-9.0.0.87.a: [LOWI-Scan] decode_rsn_wpa_ie: LOWI_ENCRYPTION_TYPE_WPA_PSK
12-01 18:46:46.069 1381 6279 D LOWI-9.0.0.87.a: [LOWI-Scan] is_qcom_ie, bss_age: 0
12-01 18:46:46.069 1381 6279 D LOWI-9.0.0.87.a: [LOWI-Scan] BSS 18:6f:2d:80:dd:75 LOWI_PHY_MODE_11AC_VHT20(8), Beacon Interval: 100, LOWI_ENCRYPTION_TYPE_WPA_PSK 11mcRanging: No, ANQP: No, LCI: No, Civic: No, capability(0x0111): ESS Privacy SpectrumMgmt
12-01 18:46:46.069 1381 6279 D LOWI-9.0.0.87.a: [LOWI-Scan] BSS 18:6f:2d:80:dd:75 FREQ: 5280, cFreq1[40:80:160] = [5280:0:0] cFreq2 = 0 Country Code = CN
12-01 18:46:46.069 1381 6279 D LOWI-9.0.0.87.a: [LOWI-Scan] BSS 18:6f:2d:80:dd:75 (wlan0) ASSO: NO AddInfo: 0x0, TSF 0, 00:12:40.137, RSSI: -134, CPL: 127, AGE: 448, SSID GM, TSFDelta: 0x3585f553, TXRate: 0
12-01 18:46:46.070 1381 6279 D LOWI-9.0.0.87.a: [LOWI-Scan]
12-01 18:46:46.070 1381 6279 D LOWI-9.0.0.87.a: [LOWI-Scan] print_bss_handler: Report Probe TSF 760133416 as it greater than Beacon TSF 749250993
12-01 18:46:46.070 1381 6279 D LOWI-9.0.0.87.a: [LOWI-Scan] decode_rsn_wpa_ie: LOWI_ENCRYPTION_TYPE_WPA_PSK
12-01 18:46:46.070 1381 6279 D LOWI-9.0.0.87.a: [LOWI-Scan] is_qcom_ie, bss_age: 0
12-01 18:46:46.070 1381 6279 D LOWI-9.0.0.87.a: [LOWI-Scan] BSS 18:6f:2d:81:16:f0 LOWI_PHY_MODE_11AC_VHT20(8), Beacon Interval: 100, LOWI_ENCRYPTION_TYPE_WPA_PSK 11mcRanging: No, ANQP: No, LCI: No, Civic: No, capability(0x0111): ESS Privacy SpectrumMgmt
12-01 18:46:46.070 1381 6279 D LOWI-9.0.0.87.a: [LOWI-Scan] BSS 18:6f:2d:81:16:f0 FREQ: 5280, cFreq1[40:80:160] = [5280:0:0] cFreq2 = 0 Country Code = CN
