12-31 04:52:22.966 I/am_wtf ( 1505): [0,1505,system_server,-1,DisplayDeviceConfig,requesting nits when no mapping exists.]
12-31 04:52:22.982 I/am_wtf ( 1505): [0,1505,system_server,-1,DisplayDeviceConfig,requesting nits when no mapping exists.]
12-31 04:52:22.983 I/am_wtf ( 1505): [0,1505,system_server,-1,DisplayDeviceConfig,requesting nits when no mapping exists.]
12-31 04:52:22.998 I/am_wtf ( 1505): [0,1505,system_server,-1,DisplayDeviceConfig,requesting nits when no mapping exists.]
12-31 04:52:22.999 I/am_wtf ( 1505): [0,1505,system_server,-1,DisplayDeviceConfig,requesting nits when no mapping exists.]
12-31 04:52:23.015 I/am_wtf ( 1505): [0,1505,system_server,-1,DisplayDeviceConfig,requesting nits when no mapping exists.]
12-31 04:52:23.015 I/am_wtf ( 1505): [0,1505,system_server,-1,DisplayDeviceConfig,requesting nits when no mapping exists.]
12-31 04:52:23.032 I/am_wtf ( 1505): [0,1505,system_server,-1,DisplayDeviceConfig,requesting nits when no mapping exists.]
12-31 04:52:23.033 I/am_wtf ( 1505): [0,1505,system_server,-1,DisplayDeviceConfig,requesting nits when no mapping exists.]
12-31 04:52:23.048 I/am_wtf ( 1505): [0,1505,system_server,-1,DisplayDeviceConfig,requesting nits when no mapping exists.]
12-31 04:52:23.049 I/am_wtf ( 1505): [0,1505,system_server,-1,DisplayDeviceConfig,requesting nits when no mapping exists.]
12-31 04:52:23.065 I/am_wtf ( 1505): [0,1505,system_server,-1,DisplayDeviceConfig,requesting nits when no mapping exists.]
12-31 04:52:23.066 I/am_wtf ( 1505): [0,1505,system_server,-1,DisplayDeviceConfig,requesting nits when no mapping exists.]
12-31 04:52:23.082 I/am_wtf ( 1505): [0,1505,system_server,-1,DisplayDeviceConfig,requesting nits when no mapping exists.]
12-31 04:52:23.083 I/am_wtf ( 1505): [0,1505,system_server,-1,DisplayDeviceConfig,requesting nits when no mapping exists.]
12-31 04:52:23.098 I/am_wtf ( 1505): [0,1505,system_server,-1,DisplayDeviceConfig,requesting nits when no mapping exists.]
12-31 04:52:23.099 I/am_wtf ( 1505): [0,1505,system_server,-1,DisplayDeviceConfig,requesting nits when no mapping exists.]
12-31 04:52:23.115 I/am_wtf ( 1505): [0,1505,system_server,-1,DisplayDeviceConfig,requesting nits when no mapping exists.]
12-31 04:52:23.116 I/am_wtf ( 1505): [0,1505,system_server,-1,DisplayDeviceConfig,requesting nits when no mapping exists.]
12-31 04:52:23.132 I/am_wtf ( 1505): [0,1505,system_server,-1,DisplayDeviceConfig,requesting nits when no mapping exists.]
12-31 04:52:23.132 I/am_wtf ( 1505): [0,1505,system_server,-1,DisplayDeviceConfig,requesting nits when no mapping exists.]
12-31 04:52:23.149 I/am_wtf ( 1505): [0,1505,system_server,-1,DisplayDeviceConfig,requesting nits when no mapping exists.]
12-31 04:52:23.149 I/am_wtf ( 1505): [0,1505,system_server,-1,DisplayDeviceConfig,requesting nits when no mapping exists.]
12-31 04:52:23.165 I/am_wtf ( 1505): [0,1505,system_server,-1,DisplayDeviceConfig,requesting nits when no mapping exists.]
12-31 04:52:23.166 I/am_wtf ( 1505): [0,1505,system_server,-1,DisplayDeviceConfig,requesting nits when no mapping exists.]
12-31 04:52:23.181 I/am_wtf ( 1505): [0,1505,system_server,-1,DisplayDeviceConfig,requesting nits when no mapping exists.]
12-31 04:52:23.182 I/am_wtf ( 1505): [0,1505,system_server,-1,DisplayDeviceConfig,requesting nits when no mapping exists.]
12-31 04:52:23.198 I/am_wtf ( 1505): [0,1505,system_server,-1,DisplayDeviceConfig,requesting nits when no mapping exists.]
12-31 04:52:23.199 I/am_wtf ( 1505): [0,1505,system_server,-1,DisplayDeviceConfig,requesting nits when no mapping exists.]
12-31 04:52:23.216 I/am_wtf ( 1505): [0,1505,system_server,-1,DisplayDeviceConfig,requesting nits when no mapping exists.]
12-31 04:52:23.217 I/am_wtf ( 1505): [0,1505,system_server,-1,DisplayDeviceConfig,requesting nits when no mapping exists.]
12-31 04:52:23.232 I/am_wtf ( 1505): [0,1505,system_server,-1,DisplayDeviceConfig,requesting nits when no mapping exists.]
12-31 04:52:23.234 I/am_wtf ( 1505): [0,1505,system_server,-1,DisplayDeviceConfig,requesting nits when no mapping exists.]
12-31 04:52:23.249 I/am_wtf ( 1505): [0,1505,system_server,-1,DisplayDeviceConfig,requesting nits when no mapping exists.]
12-31 04:52:23.250 I/am_wtf ( 1505): [0,1505,system_server,-1,DisplayDeviceConfig,requesting nits when no mapping exists.]
12-31 04:52:23.266 I/am_wtf ( 1505): [0,1505,system_server,-1,DisplayDeviceConfig,requesting nits when no mapping exists.]
12-31 04:52:23.267 I/am_wtf ( 1505): [0,1505,system_server,-1,DisplayDeviceConfig,requesting nits when no mapping exists.]
12-31 04:52:23.282 I/am_wtf ( 1505): [0,1505,system_server,-1,DisplayDeviceConfig,requesting nits when no mapping exists.]
12-31 04:52:23.283 I/am_wtf ( 1505): [0,1505,system_server,-1,DisplayDeviceConfig,requesting nits when no mapping exists.]
12-31 04:52:23.299 I/am_wtf ( 1505): [0,1505,system_server,-1,DisplayDeviceConfig,requesting nits when no mapping exists.]
12-31 04:52:23.299 I/am_wtf ( 1505): [0,1505,system_server,-1,DisplayDeviceConfig,requesting nits when no mapping exists.]
12-31 04:52:23.315 I/am_wtf ( 1505): [0,1505,system_server,-1,DisplayDeviceConfig,requesting nits when no mapping exists.]
12-31 04:52:23.316 I/am_wtf ( 1505): [0,1505,system_server,-1,DisplayDeviceConfig,requesting nits when no mapping exists.]
12-31 04:52:23.332 I/am_wtf ( 1505): [0,1505,system_server,-1,DisplayDeviceConfig,requesting nits when no mapping exists.]
12-31 04:52:23.333 I/am_wtf ( 1505): [0,1505,system_server,-1,DisplayDeviceConfig,requesting nits when no mapping exists.]
12-31 04:52:23.350 I/am_wtf ( 1505): [0,1505,system_server,-1,DisplayDeviceConfig,requesting nits when no mapping exists.]
12-31 04:52:23.350 I/am_wtf ( 1505): [0,1505,system_server,-1,DisplayDeviceConfig,requesting nits when no mapping exists.]
12-31 04:52:23.366 I/am_wtf ( 1505): [0,1505,system_server,-1,DisplayDeviceConfig,requesting nits when no mapping exists.]
12-31 04:52:23.367 I/am_wtf ( 1505): [0,1505,system_server,-1,DisplayDeviceConfig,requesting nits when no mapping exists.]
12-31 04:52:23.382 I/am_wtf ( 1505): [0,1505,system_server,-1,DisplayDeviceConfig,requesting nits when no mapping exists.]
12-31 04:52:23.383 I/am_wtf ( 1505): [0,1505,system_server,-1,DisplayDeviceConfig,requesting nits when no mapping exists.]
12-31 04:52:23.399 I/am_wtf ( 1505): [0,1505,system_server,-1,DisplayDeviceConfig,requesting nits when no mapping exists.]
12-31 04:52:23.400 I/am_wtf ( 1505): [0,1505,system_server,-1,DisplayDeviceConfig,requesting nits when no mapping exists.]
12-31 04:52:23.416 I/am_wtf ( 1505): [0,1505,system_server,-1,DisplayDeviceConfig,requesting nits when no mapping exists.]
12-31 04:52:23.417 I/am_wtf ( 1505): [0,1505,system_server,-1,DisplayDeviceConfig,requesting nits when no mapping exists.]
12-31 04:52:23.433 I/am_wtf ( 1505): [0,1505,system_server,-1,DisplayDeviceConfig,requesting nits when no mapping exists.]
12-31 04:52:23.434 I/am_wtf ( 1505): [0,1505,system_server,-1,DisplayDeviceConfig,requesting nits when no mapping exists.]
12-31 04:52:23.449 I/am_wtf ( 1505): [0,1505,system_server,-1,DisplayDeviceConfig,requesting nits when no mapping exists.]
12-31 04:52:23.451 I/am_wtf ( 1505): [0,1505,system_server,-1,DisplayDeviceConfig,requesting nits when no mapping exists.]
12-31 04:52:23.466 I/am_wtf ( 1505): [0,1505,system_server,-1,DisplayDeviceConfig,requesting nits when no mapping exists.]
12-31 04:52:23.467 I/am_wtf ( 1505): [0,1505,system_server,-1,DisplayDeviceConfig,requesting nits when no mapping exists.]
12-31 04:52:23.483 I/am_wtf ( 1505): [0,1505,system_server,-1,DisplayDeviceConfig,requesting nits when no mapping exists.]
12-31 04:52:23.484 I/am_wtf ( 1505): [0,1505,system_server,-1,DisplayDeviceConfig,requesting nits when no mapping exists.]
12-31 04:52:23.499 I/am_wtf ( 1505): [0,1505,system_server,-1,DisplayDeviceConfig,requesting nits when no mapping exists.]
12-31 04:52:23.500 I/am_wtf ( 1505): [0,1505,system_server,-1,DisplayDeviceConfig,requesting nits when no mapping exists.]
12-31 04:52:23.859 I/auditd ( 0): type=1400 audit(0.0:14735): avc: denied { kill } for comm="swapper/1" capability=5 scontext=u:r:kernel:s0 tcontext=u:r:kernel:s0 tclass=capability permissive=0
12-31 04:52:24.859 I/auditd ( 0): type=1400 audit(0.0:14736): avc: denied { kill } for comm="swapper/1" capability=5 scontext=u:r:kernel:s0 tcontext=u:r:kernel:s0 tclass=capability permissive=0
12-31 04:52:25.859 I/auditd ( 0): type=1400 audit(0.0:14737): avc: denied { kill } for comm="swapper/1" capability=5 scontext=u:r:kernel:s0 tcontext=u:r:kernel:s0 tclass=capability permissive=0
12-31 04:52:26.859 I/auditd ( 0): type=1400 audit(0.0:14738): avc: denied { kill } for comm="swapper/1" capability=5 scontext=u:r:kernel:s0 tcontext=u:r:kernel:s0 tclass=capability permissive=0
12-31 04:52:27.859 I/auditd ( 0): type=1400 audit(0.0:14739): avc: denied { kill } for comm="swapper/1" capability=5 scontext=u:r:kernel:s0 tcontext=u:r:kernel:s0 tclass=capability permissive=0
12-31 04:52:28.859 I/auditd ( 0): type=1400 audit(0.0:14740): avc: denied { kill } for comm="swapper/1" capability=5 scontext=u:r:kernel:s0 tcontext=u:r:kernel:s0 tclass=capability permissive=0
12-31 04:52:29.172 I/input_interaction( 1505): Interaction with: 5f64dd7 com.android.launcher3/com.android.launcher3.uioverrides.QuickstepLauncher (server), 3a8c96a com.android.systemui.ImageWallpaper (server), edge-swipe (server), swipe-up (server), PointerEventDispatcher0 (server),
12-31 04:52:29.176 I/sysui_multi_action( 1505): [757,1696,758,6,759,3]
12-31 04:52:29.179 I/am_wtf ( 1505): [0,1505,system_server,-1,DisplayDeviceConfig,requesting nits when no mapping exists.]
12-31 04:52:29.179 I/am_wtf ( 1505): [0,1505,system_server,-1,DisplayDeviceConfig,requesting nits when no mapping exists.]
12-31 04:52:29.194 I/am_wtf ( 1505): [0,1505,system_server,-1,DisplayDeviceConfig,requesting nits when no mapping exists.]
12-31 04:52:29.194 I/am_wtf ( 1505): [0,1505,system_server,-1,DisplayDeviceConfig,requesting nits when no mapping exists.]
12-31 04:52:29.211 I/am_wtf ( 1505): [0,1505,system_server,-1,DisplayDeviceConfig,requesting nits when no mapping exists.]
12-31 04:52:29.212 I/am_wtf ( 1505): [0,1505,system_server,-1,DisplayDeviceConfig,requesting nits when no mapping exists.]
12-31 04:52:29.230 I/am_wtf ( 1505): [0,1505,system_server,-1,DisplayDeviceConfig,requesting nits when no mapping exists.]
12-31 04:52:29.231 I/am_wtf ( 1505): [0,1505,system_server,-1,DisplayDeviceConfig,requesting nits when no mapping exists.]
12-31 04:52:29.246 I/am_wtf ( 1505): [0,1505,system_server,-1,DisplayDeviceConfig,requesting nits when no mapping exists.]
12-31 04:52:29.246 I/am_wtf ( 1505): [0,1505,system_server,-1,DisplayDeviceConfig,requesting nits when no mapping exists.]
12-31 04:52:29.268 I/am_wtf ( 1505): [0,1505,system_server,-1,DisplayDeviceConfig,requesting nits when no mapping exists.]
12-31 04:52:29.270 I/am_wtf ( 1505): [0,1505,system_server,-1,DisplayDeviceConfig,requesting nits when no mapping exists.]
12-31 04:52:29.280 I/am_wtf ( 1505): [0,1505,system_server,-1,DisplayDeviceConfig,requesting nits when no mapping exists.]
12-31 04:52:29.280 I/am_wtf ( 1505): [0,1505,system_server,-1,DisplayDeviceConfig,requesting nits when no mapping exists.]
12-31 04:52:29.296 I/am_wtf ( 1505): [0,1505,system_server,-1,DisplayDeviceConfig,requesting nits when no mapping exists.]
12-31 04:52:29.297 I/am_wtf ( 1505): [0,1505,system_server,-1,DisplayDeviceConfig,requesting nits when no mapping exists.]
12-31 04:52:29.314 I/am_wtf ( 1505): [0,1505,system_server,-1,DisplayDeviceConfig,requesting nits when no mapping exists.]
12-31 04:52:29.315 I/am_wtf ( 1505): [0,1505,system_server,-1,DisplayDeviceConfig,requesting nits when no mapping exists.]
12-31 04:52:29.330 I/am_wtf ( 1505): [0,1505,system_server,-1,DisplayDeviceConfig,requesting nits when no mapping exists.]
12-31 04:52:29.331 I/am_wtf ( 1505): [0,1505,system_server,-1,DisplayDeviceConfig,requesting nits when no mapping exists.]
12-31 04:52:29.331 I/service_manager_stats( 1505): [100,57,6481]
12-31 04:52:29.347 I/am_wtf ( 1505): [0,1505,system_server,-1,DisplayDeviceConfig,requesting nits when no mapping exists.]
12-31 04:52:29.347 I/am_wtf ( 1505): [0,1505,system_server,-1,DisplayDeviceConfig,requesting nits when no mapping exists.]
12-31 04:52:29.363 I/am_wtf ( 1505): [0,1505,system_server,-1,DisplayDeviceConfig,requesting nits when no mapping exists.]
12-31 04:52:29.364 I/am_wtf ( 1505): [0,1505,system_server,-1,DisplayDeviceConfig,requesting nits when no mapping exists.]
12-31 04:52:29.380 I/am_wtf ( 1505): [0,1505,system_server,-1,DisplayDeviceConfig,requesting nits when no mapping exists.]
12-31 04:52:29.381 I/am_wtf ( 1505): [0,1505,system_server,-1,DisplayDeviceConfig,requesting nits when no mapping exists.]
12-31 04:52:29.397 I/am_wtf ( 1505): [0,1505,system_server,-1,DisplayDeviceConfig,requesting nits when no mapping exists.]
12-31 04:52:29.398 I/am_wtf ( 1505): [0,1505,system_server,-1,DisplayDeviceConfig,requesting nits when no mapping exists.]
12-31 04:52:29.414 I/am_wtf ( 1505): [0,1505,system_server,-1,DisplayDeviceConfig,requesting nits when no mapping exists.]
12-31 04:52:29.415 I/am_wtf ( 1505): [0,1505,system_server,-1,DisplayDeviceConfig,requesting nits when no mapping exists.]
12-31 04:52:29.430 I/am_wtf ( 1505): [0,1505,system_server,-1,DisplayDeviceConfig,requesting nits when no mapping exists.]
12-31 04:52:29.431 I/am_wtf ( 1505): [0,1505,system_server,-1,DisplayDeviceConfig,requesting nits when no mapping exists.]
12-31 04:52:29.447 I/am_wtf ( 1505): [0,1505,system_server,-1,DisplayDeviceConfig,requesting nits when no mapping exists.]
12-31 04:52:29.448 I/am_wtf ( 1505): [0,1505,system_server,-1,DisplayDeviceConfig,requesting nits when no mapping exists.]
12-31 04:52:29.464 I/am_wtf ( 1505): [0,1505,system_server,-1,DisplayDeviceConfig,requesting nits when no mapping exists.]
12-31 04:52:29.465 I/am_wtf ( 1505): [0,1505,system_server,-1,DisplayDeviceConfig,requesting nits when no mapping exists.]
12-31 04:52:29.481 I/am_wtf ( 1505): [0,1505,system_server,-1,DisplayDeviceConfig,requesting nits when no mapping exists.]
12-31 04:52:29.482 I/am_wtf ( 1505): [0,1505,system_server,-1,DisplayDeviceConfig,requesting nits when no mapping exists.]
12-31 04:52:29.498 I/am_wtf ( 1505): [0,1505,system_server,-1,DisplayDeviceConfig,requesting nits when no mapping exists.]
12-31 04:52:29.498 I/am_wtf ( 1505): [0,1505,system_server,-1,DisplayDeviceConfig,requesting nits when no mapping exists.]
12-31 04:52:29.514 I/am_wtf ( 1505): [0,1505,system_server,-1,DisplayDeviceConfig,requesting nits when no mapping exists.]
12-31 04:52:29.515 I/am_wtf ( 1505): [0,1505,system_server,-1,DisplayDeviceConfig,requesting nits when no mapping exists.]
12-31 04:52:29.531 I/am_wtf ( 1505): [0,1505,system_server,-1,DisplayDeviceConfig,requesting nits when no mapping exists.]
12-31 04:52:29.532 I/am_wtf ( 1505): [0,1505,system_server,-1,DisplayDeviceConfig,requesting nits when no mapping exists.]
12-31 04:52:29.548 I/am_wtf ( 1505): [0,1505,system_server,-1,DisplayDeviceConfig,requesting nits when no mapping exists.]
12-31 04:52:29.549 I/am_wtf ( 1505): [0,1505,system_server,-1,DisplayDeviceConfig,requesting nits when no mapping exists.]
12-31 04:52:29.564 I/am_wtf ( 1505): [0,1505,system_server,-1,DisplayDeviceConfig,requesting nits when no mapping exists.]
12-31 04:52:29.565 I/am_wtf ( 1505): [0,1505,system_server,-1,DisplayDeviceConfig,requesting nits when no mapping exists.]
12-31 04:52:29.581 I/am_wtf ( 1505): [0,1505,system_server,-1,DisplayDeviceConfig,requesting nits when no mapping exists.]
12-31 04:52:29.582 I/am_wtf ( 1505): [0,1505,system_server,-1,DisplayDeviceConfig,requesting nits when no mapping exists.]
12-31 04:52:29.598 I/am_wtf ( 1505): [0,1505,system_server,-1,DisplayDeviceConfig,requesting nits when no mapping exists.]
12-31 04:52:29.599 I/am_wtf ( 1505): [0,1505,system_server,-1,DisplayDeviceConfig,requesting nits when no mapping exists.]
12-31 04:52:29.615 I/am_wtf ( 1505): [0,1505,system_server,-1,DisplayDeviceConfig,requesting nits when no mapping exists.]
12-31 04:52:29.615 I/am_wtf ( 1505): [0,1505,system_server,-1,DisplayDeviceConfig,requesting nits when no mapping exists.]
12-31 04:52:29.631 I/am_wtf ( 1505): [0,1505,system_server,-1,DisplayDeviceConfig,requesting nits when no mapping exists.]
12-31 04:52:29.632 I/am_wtf ( 1505): [0,1505,system_server,-1,DisplayDeviceConfig,requesting nits when no mapping exists.]
12-31 04:52:29.648 I/am_wtf ( 1505): [0,1505,system_server,-1,DisplayDeviceConfig,requesting nits when no mapping exists.]
12-31 04:52:29.649 I/am_wtf ( 1505): [0,1505,system_server,-1,DisplayDeviceConfig,requesting nits when no mapping exists.]
12-31 04:52:29.665 I/am_wtf ( 1505): [0,1505,system_server,-1,DisplayDeviceConfig,requesting nits when no mapping exists.]
12-31 04:52:29.666 I/am_wtf ( 1505): [0,1505,system_server,-1,DisplayDeviceConfig,requesting nits when no mapping exists.]
12-31 04:52:29.682 I/am_wtf ( 1505): [0,1505,system_server,-1,DisplayDeviceConfig,requesting nits when no mapping exists.]
12-31 04:52:29.683 I/am_wtf ( 1505): [0,1505,system_server,-1,DisplayDeviceConfig,requesting nits when no mapping exists.]
12-31 04:52:29.698 I/am_wtf ( 1505): [0,1505,system_server,-1,DisplayDeviceConfig,requesting nits when no mapping exists.]
12-31 04:52:29.699 I/am_wtf ( 1505): [0,1505,system_server,-1,DisplayDeviceConfig,requesting nits when no mapping exists.]
12-31 04:52:29.715 I/am_wtf ( 1505): [0,1505,system_server,-1,DisplayDeviceConfig,requesting nits when no mapping exists.]
12-31 04:52:29.715 I/am_wtf ( 1505): [0,1505,system_server,-1,DisplayDeviceConfig,requesting nits when no mapping exists.]
12-31 04:52:29.732 I/am_wtf ( 1505): [0,1505,system_server,-1,DisplayDeviceConfig,requesting nits when no mapping exists.]
12-31 04:52:29.733 I/am_wtf ( 1505): [0,1505,system_server,-1,DisplayDeviceConfig,requesting nits when no mapping exists.]
12-31 04:52:29.748 I/am_wtf ( 1505): [0,1505,system_server,-1,DisplayDeviceConfig,requesting nits when no mapping exists.]
12-31 04:52:29.750 I/am_wtf ( 1505): [0,1505,system_server,-1,DisplayDeviceConfig,requesting nits when no mapping exists.]
12-31 04:52:29.765 I/am_wtf ( 1505): [0,1505,system_server,-1,DisplayDeviceConfig,requesting nits when no mapping exists.]
12-31 04:52:29.766 I/am_wtf ( 1505): [0,1505,system_server,-1,DisplayDeviceConfig,requesting nits when no mapping exists.]
12-31 04:52:29.781 I/am_wtf ( 1505): [0,1505,system_server,-1,DisplayDeviceConfig,requesting nits when no mapping exists.]
12-31 04:52:29.783 I/am_wtf ( 1505): [0,1505,system_server,-1,DisplayDeviceConfig,requesting nits when no mapping exists.]
12-31 04:52:29.799 I/am_wtf ( 1505): [0,1505,system_server,-1,DisplayDeviceConfig,requesting nits when no mapping exists.]
12-31 04:52:29.800 I/am_wtf ( 1505): [0,1505,system_server,-1,DisplayDeviceConfig,requesting nits when no mapping exists.]
12-31 04:52:29.815 I/am_wtf ( 1505): [0,1505,system_server,-1,DisplayDeviceConfig,requesting nits when no mapping exists.]
12-31 04:52:29.816 I/am_wtf ( 1505): [0,1505,system_server,-1,DisplayDeviceConfig,requesting nits when no mapping exists.]
12-31 04:52:29.832 I/am_wtf ( 1505): [0,1505,system_server,-1,DisplayDeviceConfig,requesting nits when no mapping exists.]
12-31 04:52:29.833 I/am_wtf ( 1505): [0,1505,system_server,-1,DisplayDeviceConfig,requesting nits when no mapping exists.]
12-31 04:52:29.848 I/am_wtf ( 1505): [0,1505,system_server,-1,DisplayDeviceConfig,requesting nits when no mapping exists.]
12-31 04:52:29.849 I/am_wtf ( 1505): [0,1505,system_server,-1,DisplayDeviceConfig,requesting nits when no mapping exists.]
12-31 04:52:29.859 I/auditd ( 0): type=1400 audit(0.0:14741): avc: denied { kill } for comm="swapper/1" capability=5 scontext=u:r:kernel:s0 tcontext=u:r:kernel:s0 tclass=capability permissive=0
12-31 04:52:29.865 I/am_wtf ( 1505): [0,1505,system_server,-1,DisplayDeviceConfig,requesting nits when no mapping exists.]
12-31 04:52:29.866 I/am_wtf ( 1505): [0,1505,system_server,-1,DisplayDeviceConfig,requesting nits when no mapping exists.]
12-31 04:52:29.882 I/am_wtf ( 1505): [0,1505,system_server,-1,DisplayDeviceConfig,requesting nits when no mapping exists.]
12-31 04:52:29.883 I/am_wtf ( 1505): [0,1505,system_server,-1,DisplayDeviceConfig,requesting nits when no mapping exists.]
12-31 04:52:29.899 I/am_wtf ( 1505): [0,1505,system_server,-1,DisplayDeviceConfig,requesting nits when no mapping exists.]
12-31 04:52:29.899 I/am_wtf ( 1505): [0,1505,system_server,-1,DisplayDeviceConfig,requesting nits when no mapping exists.]
12-31 04:52:29.915 I/am_wtf ( 1505): [0,1505,system_server,-1,DisplayDeviceConfig,requesting nits when no mapping exists.]
12-31 04:52:29.916 I/am_wtf ( 1505): [0,1505,system_server,-1,DisplayDeviceConfig,requesting nits when no mapping exists.]
12-31 04:52:29.932 I/am_wtf ( 1505): [0,1505,system_server,-1,DisplayDeviceConfig,requesting nits when no mapping exists.]
12-31 04:52:29.933 I/am_wtf ( 1505): [0,1505,system_server,-1,DisplayDeviceConfig,requesting nits when no mapping exists.]
12-31 04:52:29.949 I/am_wtf ( 1505): [0,1505,system_server,-1,DisplayDeviceConfig,requesting nits when no mapping exists.]
12-31 04:52:29.950 I/am_wtf ( 1505): [0,1505,system_server,-1,DisplayDeviceConfig,requesting nits when no mapping exists.]
12-31 04:52:29.966 I/am_wtf ( 1505): [0,1505,system_server,-1,DisplayDeviceConfig,requesting nits when no mapping exists.]
12-31 04:52:29.966 I/am_wtf ( 1505): [0,1505,system_server,-1,DisplayDeviceConfig,requesting nits when no mapping exists.]
12-31 04:52:29.982 I/am_wtf ( 1505): [0,1505,system_server,-1,DisplayDeviceConfig,requesting nits when no mapping exists.]
12-31 04:52:29.983 I/am_wtf ( 1505): [0,1505,system_server,-1,DisplayDeviceConfig,requesting nits when no mapping exists.]
12-31 04:52:29.999 I/am_wtf ( 1505): [0,1505,system_server,-1,DisplayDeviceConfig,requesting nits when no mapping exists.]
12-31 04:52:30.000 I/am_wtf ( 1505): [0,1505,system_server,-1,DisplayDeviceConfig,requesting nits when no mapping exists.]
12-31 04:52:30.016 I/am_wtf ( 1505): [0,1505,system_server,-1,DisplayDeviceConfig,requesting nits when no mapping exists.]
12-31 04:52:30.018 I/am_wtf ( 1505): [0,1505,system_server,-1,DisplayDeviceConfig,requesting nits when no mapping exists.]
12-31 04:52:30.032 I/am_wtf ( 1505): [0,1505,system_server,-1,DisplayDeviceConfig,requesting nits when no mapping exists.]
12-31 04:52:30.033 I/am_wtf ( 1505): [0,1505,system_server,-1,DisplayDeviceConfig,requesting nits when no mapping exists.]
12-31 04:52:30.049 I/am_wtf ( 1505): [0,1505,system_server,-1,DisplayDeviceConfig,requesting nits when no mapping exists.]
12-31 04:52:30.050 I/am_wtf ( 1505): [0,1505,system_server,-1,DisplayDeviceConfig,requesting nits when no mapping exists.]
12-31 04:52:30.066 I/am_wtf ( 1505): [0,1505,system_server,-1,DisplayDeviceConfig,requesting nits when no mapping exists.]
12-31 04:52:30.066 I/am_wtf ( 1505): [0,1505,system_server,-1,DisplayDeviceConfig,requesting nits when no mapping exists.]
12-31 04:52:30.082 I/am_wtf ( 1505): [0,1505,system_server,-1,DisplayDeviceConfig,requesting nits when no mapping exists.]
12-31 04:52:30.083 I/am_wtf ( 1505): [0,1505,system_server,-1,DisplayDeviceConfig,requesting nits when no mapping exists.]
12-31 04:52:30.099 I/am_wtf ( 1505): [0,1505,system_server,-1,DisplayDeviceConfig,requesting nits when no mapping exists.]
12-31 04:52:30.101 I/am_wtf ( 1505): [0,1505,system_server,-1,DisplayDeviceConfig,requesting nits when no mapping exists.]
12-31 04:52:30.116 I/am_wtf ( 1505): [0,1505,system_server,-1,DisplayDeviceConfig,requesting nits when no mapping exists.]
12-31 04:52:30.117 I/am_wtf ( 1505): [0,1505,system_server,-1,DisplayDeviceConfig,requesting nits when no mapping exists.]
12-31 04:52:30.133 I/am_wtf ( 1505): [0,1505,system_server,-1,DisplayDeviceConfig,requesting nits when no mapping exists.]
12-31 04:52:30.134 I/am_wtf ( 1505): [0,1505,system_server,-1,DisplayDeviceConfig,requesting nits when no mapping exists.]
12-31 04:52:30.226 I/input_interaction( 1505): Interaction with: 1c2e319 StatusBar (server), edge-swipe (server), swipe-up (server), PointerEventDispatcher0 (server),
12-31 04:52:30.231 I/sysui_multi_action( 1996): [757,803,799,panel_open,802,1]
12-31 04:52:30.233 I/sysui_multi_action( 1996): [757,1328,758,4,1326,44,1327,5,1329,0]
12-31 04:52:30.272 I/sysui_multi_action( 1505): [757,127,758,1]
12-31 04:52:30.272 I/sysui_multi_action( 1505): [757,804,799,note_load,801,2,802,1]
12-31 04:52:30.272 I/notification_panel_revealed( 1505): 2
12-31 04:52:30.286 I/input_focus( 1505): [Focus request c825af4 NotificationShade,reason=UpdateInputWindows]
12-31 04:52:30.295 I/sysui_multi_action( 1505): [757,128,758,1,793,11801584,794,0,795,11801584,796,26,798,0,806,android,857,DEVELOPER_IMPORTANT,858,4,947,0,1395,2,1500,11801378,1688,1]
12-31 04:52:30.295 I/sysui_multi_action( 1505): [757,804,799,note_freshness,801,11801584,802,1]
12-31 04:52:30.295 I/notification_visibility( 1505): [-1|android|26|null|1000,1,11801584,11801584,0,0]
12-31 04:52:30.295 I/sysui_multi_action( 1505): [757,128,758,1,793,13065765,794,0,795,13065765,796,32,798,1,806,android,857,USB,858,1,947,0,1395,2,1500,13065305,1688,1]
12-31 04:52:30.295 I/sysui_multi_action( 1505): [757,804,799,note_freshness,801,13065765,802,1]
12-31 04:52:30.295 I/notification_visibility( 1505): [-1|android|32|null|1000,1,13065765,13065765,0,1]
12-31 04:52:30.301 I/input_focus( 1505): [Focus leaving 5f64dd7 com.android.launcher3/com.android.launcher3.uioverrides.QuickstepLauncher (server),reason=setFocusedWindow]
12-31 04:52:30.301 I/input_focus( 1505): [Focus entering c825af4 NotificationShade (server),reason=setFocusedWindow]
12-31 04:52:30.334 I/sysui_multi_action( 1996): [757,111,758,1]
12-31 04:52:30.334 I/sysui_multi_action( 1996): [757,126,758,1,759,126,927,0,928,1,1593,0]
12-31 04:52:30.334 I/sysui_multi_action( 1996): [757,0,758,1,759,0,927,1,928,0,1593,0]
12-31 04:52:30.334 I/sysui_multi_action( 1996): [757,0,758,1,759,0,927,2,928,0,1593,0]
12-31 04:52:30.334 I/sysui_multi_action( 1996): [757,491,758,1,759,491,927,3,928,0,1311,-1,1593,0]
12-31 04:52:30.334 I/sysui_multi_action( 1996): [757,113,758,1,759,113,927,4,928,1,1593,0]
12-31 04:52:30.334 I/sysui_multi_action( 1996): [757,0,758,1,759,0,927,5,928,0,1593,0]
12-31 04:52:30.335 I/sysui_multi_action( 1996): [757,111,758,1]
12-31 04:52:30.335 I/sysui_multi_action( 1996): [757,126,758,1,759,126,927,0,928,1,1593,0]
12-31 04:52:30.335 I/sysui_multi_action( 1996): [757,0,758,1,759,0,927,1,928,0,1593,0]
12-31 04:52:30.335 I/sysui_multi_action( 1996): [757,0,758,1,759,0,927,2,928,0,1593,0]
12-31 04:52:30.335 I/sysui_multi_action( 1996): [757,491,758,1,759,491,927,3,928,0,1311,-1,1593,0]
12-31 04:52:30.859 I/auditd ( 0): type=1400 audit(0.0:14742): avc: denied { kill } for comm="swapper/1" capability=5 scontext=u:r:kernel:s0 tcontext=u:r:kernel:s0 tclass=capability permissive=0
12-31 04:52:31.243 I/input_interaction( 1505): Interaction with: c825af4 NotificationShade (server), edge-swipe (server), swipe-up (server), PointerEventDispatcher0 (server),
12-31 04:52:31.859 I/auditd ( 0): type=1400 audit(0.0:14743): avc: denied { kill } for comm="swapper/1" capability=5 scontext=u:r:kernel:s0 tcontext=u:r:kernel:s0 tclass=capability permissive=0
12-31 04:52:32.859 I/auditd ( 0): type=1400 audit(0.0:14744): avc: denied { kill } for comm="swapper/1" capability=5 scontext=u:r:kernel:s0 tcontext=u:r:kernel:s0 tclass=capability permissive=0
12-31 04:52:33.382 I/netstats_mobile_sample( 1505): [0,0,0,0,0,0,0,0,0,0,0,0,1672433553382]
12-31 04:52:33.382 I/netstats_wifi_sample( 1505): [8006754525,5611588,235315161,2323602,8006754525,5611588,235315161,2323602,8016966462,5691220,179786225,2198721,1672433553382]
12-31 04:52:33.576 I/sysui_multi_action( 1996): [757,409,758,4,759,1]
12-31 04:52:33.859 I/auditd ( 0): type=1400 audit(0.0:14745): avc: denied { kill } for comm="swapper/1" capability=5 scontext=u:r:kernel:s0 tcontext=u:r:kernel:s0 tclass=capability permissive=0
12-31 04:52:34.403 I/service_manager_stats( 1505): [116,69,5072]
12-31 04:52:35.208 I/am_uid_idle( 1505): 10063
12-31 04:52:35.859 I/auditd ( 0): type=1400 audit(0.0:14746): avc: denied { kill } for comm="swapper/0" capability=5 scontext=u:r:kernel:s0 tcontext=u:r:kernel:s0 tclass=capability permissive=0
12-31 04:52:36.167 I/notification_enqueue( 1505): [10081,1996,com.android.systemui,2048,NULL,0,Notification(channel=updateNotification shortcut=null contentView=null vibrate=null sound=null defaults=0x0 flags=0x0 color=0x00000000 vis=PRIVATE),1]
12-31 04:52:36.167 I/sysui_multi_action( 1996): [757,111,758,2]
12-31 04:52:36.168 I/sysui_multi_action( 1996): [757,111,758,2]
12-31 04:52:36.391 I/input_focus( 1505): [Focus request 5f64dd7 com.android.launcher3/com.android.launcher3.uioverrides.QuickstepLauncher,reason=UpdateInputWindows]
12-31 04:52:36.400 I/sysui_multi_action( 1505): [757,128,758,2,793,11807689,794,6105,795,11807689,796,26,798,0,806,android,857,DEVELOPER_IMPORTANT,858,4,947,0,1395,2,1500,11807483,1688,1]
12-31 04:52:36.400 I/notification_visibility( 1505): [-1|android|26|null|1000,0,11807689,11807689,0,0]
12-31 04:52:36.401 I/sysui_multi_action( 1505): [757,128,758,2,793,13071871,794,6106,795,13071871,796,32,798,1,806,android,857,USB,858,1,947,0,1395,2,1500,13071411,1688,1]
12-31 04:52:36.401 I/notification_visibility( 1505): [-1|android|32|null|1000,0,13071871,13071871,0,1]
12-31 04:52:36.402 I/sysui_multi_action( 1505): [757,127,758,2]
12-31 04:52:36.402 I/notification_panel_hidden( 1505):
12-31 04:52:36.415 I/input_focus( 1505): [Focus leaving c825af4 NotificationShade (server),reason=NOT_FOCUSABLE]
12-31 04:52:36.415 I/input_focus( 1505): [Focus entering 5f64dd7 com.android.launcher3/com.android.launcher3.uioverrides.QuickstepLauncher (server),reason=setFocusedWindow]
12-31 04:52:36.434 I/input_interaction( 1505): Interaction with: 5f64dd7 com.android.launcher3/com.android.launcher3.uioverrides.QuickstepLauncher (server), edge-swipe (server), swipe-up (server), PointerEventDispatcher0 (server),
12-31 04:52:36.670 I/input_interaction( 1505): Interaction with: 5f64dd7 com.android.launcher3/com.android.launcher3.uioverrides.QuickstepLauncher (server), 3a8c96a com.android.systemui.ImageWallpaper (server), edge-swipe (server), swipe-up (server), PointerEventDispatcher0 (server),
12-31 04:52:36.859 I/auditd ( 0): type=1400 audit(0.0:14747): avc: denied { kill } for comm="swapper/0" capability=5 scontext=u:r:kernel:s0 tcontext=u:r:kernel:s0 tclass=capability permissive=0
12-31 04:52:37.313 I/view_enqueue_input_event( 2581): [Motion - Cancel,com.android.launcher3/com.android.launcher3.uioverrides.QuickstepLauncher]
12-31 04:52:37.321 I/input_interaction( 1505): Interaction with: edge-swipe (server), swipe-up (server), PointerEventDispatcher0 (server),
12-31 04:52:37.491 I/commit_sys_config_file( 1505): [settings-1-0,5]
12-31 04:52:37.859 I/auditd ( 0): type=1400 audit(0.0:14748): avc: denied { kill } for comm="swapper/0" capability=5 scontext=u:r:kernel:s0 tcontext=u:r:kernel:s0 tclass=capability permissive=0
12-31 04:52:37.956 I/commit_sys_config_file( 1505): [settings-1-0,4]
12-31 04:52:38.859 I/auditd ( 0): type=1400 audit(0.0:14749): avc: denied { kill } for comm="swapper/0" capability=5 scontext=u:r:kernel:s0 tcontext=u:r:kernel:s0 tclass=capability permissive=0
12-31 04:52:39.195 I/input_interaction( 1505): Interaction with: 5f64dd7 com.android.launcher3/com.android.launcher3.uioverrides.QuickstepLauncher (server), 3a8c96a com.android.systemui.ImageWallpaper (server), edge-swipe (server), swipe-up (server), PointerEventDispatcher0 (server),
12-31 04:52:39.859 I/auditd ( 0): type=1400 audit(0.0:14750): avc: denied { kill } for comm="swapper/0" capability=5 scontext=u:r:kernel:s0 tcontext=u:r:kernel:s0 tclass=capability permissive=0
12-31 04:52:40.859 I/auditd ( 0): type=1400 audit(0.0:14751): avc: denied { kill } for comm="swapper/0" capability=5 scontext=u:r:kernel:s0 tcontext=u:r:kernel:s0 tclass=capability permissive=0
12-31 04:52:41.324 I/input_interaction( 1505): Interaction with: 1c2e319 StatusBar (server), edge-swipe (server), swipe-up (server), PointerEventDispatcher0 (server),
12-31 04:52:41.328 I/sysui_multi_action( 1996): [757,803,799,panel_open,802,1]
12-31 04:52:41.329 I/sysui_multi_action( 1996): [757,1328,758,4,1326,61,1327,2,1329,0]
12-31 04:52:41.381 I/sysui_multi_action( 1505): [757,127,758,1]
12-31 04:52:41.382 I/sysui_multi_action( 1505): [757,804,799,note_load,801,2,802,1]
12-31 04:52:41.382 I/notification_panel_revealed( 1505): 2
12-31 04:52:41.391 I/input_focus( 1505): [Focus request c825af4 NotificationShade,reason=UpdateInputWindows]
12-31 04:52:41.403 I/sysui_multi_action( 1505): [757,128,758,1,793,11812692,794,0,795,11812692,796,26,798,0,806,android,857,DEVELOPER_IMPORTANT,858,4,947,0,1395,2,1500,11812486,1688,1]
12-31 04:52:41.403 I/sysui_multi_action( 1505): [757,804,799,note_freshness,801,11812692,802,1]
12-31 04:52:41.403 I/notification_visibility( 1505): [-1|android|26|null|1000,1,11812692,11812692,0,0]
12-31 04:52:41.403 I/sysui_multi_action( 1505): [757,128,758,1,793,13076873,794,0,795,13076873,796,32,798,1,806,android,857,USB,858,1,947,0,1395,2,1500,13076413,1688,1]
12-31 04:52:41.403 I/sysui_multi_action( 1505): [757,804,799,note_freshness,801,13076873,802,1]
12-31 04:52:41.403 I/notification_visibility( 1505): [-1|android|32|null|1000,1,13076873,13076873,0,1]
12-31 04:52:41.411 I/input_focus( 1505): [Focus leaving 5f64dd7 com.android.launcher3/com.android.launcher3.uioverrides.QuickstepLauncher (server),reason=setFocusedWindow]
12-31 04:52:41.411 I/input_focus( 1505): [Focus entering c825af4 NotificationShade (server),reason=setFocusedWindow]
12-31 04:52:41.459 I/sysui_multi_action( 1996): [757,111,758,1]
12-31 04:52:41.459 I/sysui_multi_action( 1996): [757,126,758,1,759,126,927,0,928,1,1593,0]
12-31 04:52:41.459 I/sysui_multi_action( 1996): [757,0,758,1,759,0,927,1,928,0,1593,0]
12-31 04:52:41.460 I/sysui_multi_action( 1996): [757,0,758,1,759,0,927,2,928,0,1593,0]
12-31 04:52:41.460 I/sysui_multi_action( 1996): [757,491,758,1,759,491,927,3,928,0,1311,-1,1593,0]
12-31 04:52:41.460 I/sysui_multi_action( 1996): [757,113,758,1,759,113,927,4,928,1,1593,0]
12-31 04:52:41.460 I/sysui_multi_action( 1996): [757,0,758,1,759,0,927,5,928,0,1593,0]
12-31 04:52:41.461 I/sysui_multi_action( 1996): [757,111,758,1]
12-31 04:52:41.461 I/sysui_multi_action( 1996): [757,126,758,1,759,126,927,0,928,1,1593,0]
12-31 04:52:41.461 I/sysui_multi_action( 1996): [757,0,758,1,759,0,927,1,928,0,1593,0]
12-31 04:52:41.461 I/sysui_multi_action( 1996): [757,0,758,1,759,0,927,2,928,0,1593,0]
12-31 04:52:41.461 I/sysui_multi_action( 1996): [757,491,758,1,759,491,927,3,928,0,1311,-1,1593,0]
12-31 04:52:41.859 I/auditd ( 0): type=1400 audit(0.0:14752): avc: denied { kill } for comm="swapper/0" capability=5 scontext=u:r:kernel:s0 tcontext=u:r:kernel:s0 tclass=capability permissive=0
12-31 04:52:42.859 I/auditd ( 0): type=1400 audit(0.0:14753): avc: denied { kill } for comm="swapper/0" capability=5 scontext=u:r:kernel:s0 tcontext=u:r:kernel:s0 tclass=capability permissive=0
12-31 04:52:43.859 I/auditd ( 0): type=1400 audit(0.0:14754): avc: denied { kill } for comm="swapper/0" capability=5 scontext=u:r:kernel:s0 tcontext=u:r:kernel:s0 tclass=capability permissive=0
12-31 04:52:44.426 I/input_interaction( 1505): Interaction with: c825af4 NotificationShade (server), edge-swipe (server), swipe-up (server), PointerEventDispatcher0 (server),
12-31 04:52:44.592 I/sysui_multi_action( 1996): [757,406,758,4]
12-31 04:52:44.600 I/wm_task_moved( 1505): [40,1,7]
12-31 04:52:44.600 I/wm_task_to_front( 1505): [0,40]
12-31 04:52:44.601 I/wm_focused_root_task( 1505): [0,0,40,1,bringingFoundTaskToFront]
12-31 04:52:44.601 I/wm_set_resumed_activity( 1505): [0,com.android.settings/.Settings,bringingFoundTaskToFront]
12-31 04:52:44.601 I/wm_on_top_resumed_lost_called( 2581): [83241864,com.android.launcher3.uioverrides.QuickstepLauncher,topStateChangedWhenResumed]
12-31 04:52:44.602 I/wm_new_intent( 1505): [0,2887587,40,com.android.settings/.Settings,android.intent.action.MAIN,NULL,NULL,270532608]
12-31 04:52:44.604 I/wm_pause_activity( 1505): [0,83241864,com.android.launcher3/.uioverrides.QuickstepLauncher,userLeaving=true,pauseBackTasks]
12-31 04:52:44.608 I/wm_on_paused_called( 2581): [83241864,com.android.launcher3.uioverrides.QuickstepLauncher,performPause]
12-31 04:52:44.612 I/wm_set_resumed_activity( 1505): [0,com.android.settings/.Settings,resumeTopActivityInnerLocked]
12-31 04:52:44.612 I/wm_add_to_stopping( 1505): [0,83241864,com.android.launcher3/.uioverrides.QuickstepLauncher,makeInvisible]
12-31 04:52:44.613 I/wm_resume_activity( 1505): [0,2887587,40,com.android.settings/.Settings]
12-31 04:52:44.616 I/sysui_multi_action( 1505): [757,803,799,window_time_0,802,74]
12-31 04:52:44.621 I/wm_on_restart_called(14955): [2887587,com.android.settings.Settings,performRestartActivity]
12-31 04:52:44.624 I/wm_on_start_called(14955): [2887587,com.android.settings.Settings,handleStartActivity]
12-31 04:52:44.625 I/snet_event_log(14955): [120484087,-1,]
12-31 04:52:44.625 I/wm_on_resume_called(14955): [2887587,com.android.settings.Settings,RESUME_ACTIVITY]
12-31 04:52:44.625 I/sysui_multi_action(14955): [757,35,758,1,833,0,1089,0]
12-31 04:52:44.626 I/sysui_multi_action(14955): [757,745,758,1,833,0,1089,0]
12-31 04:52:44.628 I/wm_on_top_resumed_gained_called(14955): [2887587,com.android.settings.Settings,topWhenResuming]
12-31 04:52:44.635 I/am_pss ( 1505): [18221,10089,com.android.music,8433664,5808128,63488,87379968,0,19,7]
12-31 04:52:44.645 I/am_uid_active( 1505): 10063
12-31 04:52:44.662 I/sysui_multi_action( 1505): [319,62,322,59,325,13090,757,761,758,9,759,2,806,com.android.settings,871,com.android.settings.Settings,904,com.android.launcher3,905,0,1320,8,1321,5]
12-31 04:52:44.859 I/auditd ( 0): type=1400 audit(0.0:14755): avc: denied { kill } for comm="swapper/0" capability=5 scontext=u:r:kernel:s0 tcontext=u:r:kernel:s0 tclass=capability permissive=0
12-31 04:52:45.171 I/wm_stop_activity( 1505): [0,83241864,com.android.launcher3/.uioverrides.QuickstepLauncher]
12-31 04:52:45.174 I/notification_enqueue( 1505): [10081,1996,com.android.systemui,2048,NULL,0,Notification(channel=updateNotification shortcut=null contentView=null vibrate=null sound=null defaults=0x0 flags=0x0 color=0x00000000 vis=PRIVATE),1]
12-31 04:52:45.174 I/sysui_multi_action( 1996): [757,111,758,2]
12-31 04:52:45.175 I/sysui_multi_action( 1996): [757,111,758,2]
12-31 04:52:45.191 I/input_focus( 1505): [Focus request adc5c4 com.android.settings/com.android.settings.Settings,reason=UpdateInputWindows]
12-31 04:52:45.200 I/wm_on_stop_called( 2581): [83241864,com.android.launcher3.uioverrides.QuickstepLauncher,STOP_ACTIVITY_ITEM]
12-31 04:52:45.203 I/input_focus( 1505): [Focus leaving c825af4 NotificationShade (server),reason=NOT_FOCUSABLE]
12-31 04:52:45.203 I/sysui_multi_action( 1505): [757,128,758,2,793,11816492,794,3800,795,11816492,796,26,798,0,806,android,857,DEVELOPER_IMPORTANT,858,4,947,0,1395,2,1500,11816286,1688,1]
12-31 04:52:45.203 I/input_focus( 1505): [Focus entering adc5c4 com.android.settings/com.android.settings.Settings (server),reason=setFocusedWindow]
12-31 04:52:45.203 I/notification_visibility( 1505): [-1|android|26|null|1000,0,11816492,11816492,0,0]
12-31 04:52:45.204 I/sysui_multi_action( 1505): [757,128,758,2,793,13080674,794,3801,795,13080674,796,32,798,1,806,android,857,USB,858,1,947,0,1395,2,1500,13080214,1688,1]
12-31 04:52:45.204 I/notification_visibility( 1505): [-1|android|32|null|1000,0,13080674,13080674,0,1]
12-31 04:52:45.205 I/sysui_multi_action( 1505): [757,127,758,2]
12-31 04:52:45.205 I/notification_panel_hidden( 1505):
12-31 04:52:45.840 I/input_interaction( 1505): Interaction with: adc5c4 com.android.settings/com.android.settings.Settings (server), edge-swipe (server), swipe-up (server), PointerEventDispatcher0 (server),
12-31 04:52:45.869 I/view_enqueue_input_event(14955): [Motion - Cancel,com.android.settings/com.android.settings.Settings]
12-31 04:52:45.879 I/input_interaction( 1505): Interaction with: edge-swipe (server), swipe-up (server), PointerEventDispatcher0 (server),
12-31 04:52:46.100 I/sysui_multi_action( 1505): [757,803,799,key_back_press,802,1]
12-31 04:52:46.104 I/input_interaction( 1505): Interaction with: adc5c4 com.android.settings/com.android.settings.Settings (server), PointerEventDispatcher0 (server),
12-31 04:52:46.111 I/wm_task_moved( 1505): [40,0,0]
12-31 04:52:46.113 I/wm_focused_root_task( 1505): [0,0,1,40,moveTaskToBackLocked]
12-31 04:52:46.114 I/wm_add_to_stopping( 1505): [0,2887587,com.android.settings/.Settings,makeInvisible]
12-31 04:52:46.115 I/wm_pause_activity( 1505): [0,2887587,com.android.settings/.Settings,userLeaving=false,pauseBackTasks]
12-31 04:52:46.117 I/wm_set_resumed_activity( 1505): [0,com.android.launcher3/.uioverrides.QuickstepLauncher,resumeTopActivityInnerLocked]
12-31 04:52:46.118 I/wm_resume_activity( 1505): [0,83241864,9,com.android.launcher3/.uioverrides.QuickstepLauncher]
12-31 04:52:46.119 I/wm_on_top_resumed_lost_called(14955): [2887587,com.android.settings.Settings,topStateChangedWhenResumed]
12-31 04:52:46.132 I/sysui_multi_action( 1505): [757,803,799,window_time_0,802,2]
12-31 04:52:46.132 I/wm_on_restart_called( 2581): [83241864,com.android.launcher3.uioverrides.QuickstepLauncher,performRestartActivity]
12-31 04:52:46.132 I/wm_on_start_called( 2581): [83241864,com.android.launcher3.uioverrides.QuickstepLauncher,handleStartActivity]
12-31 04:52:46.132 I/sysui_multi_action(14955): [757,35,758,2,1089,1507]
12-31 04:52:46.133 I/sysui_multi_action(14955): [757,745,758,2,1089,1507]
12-31 04:52:46.133 I/wm_on_resume_called( 2581): [83241864,com.android.launcher3.uioverrides.QuickstepLauncher,RESUME_ACTIVITY]
12-31 04:52:46.133 I/wm_on_paused_called(14955): [2887587,com.android.settings.Settings,performPause]
12-31 04:52:46.134 I/wm_on_top_resumed_gained_called( 2581): [83241864,com.android.launcher3.uioverrides.QuickstepLauncher,topStateChangedWhenResumed]
12-31 04:52:46.138 I/input_focus( 1505): [Focus leaving adc5c4 com.android.settings/com.android.settings.Settings (server),reason=NO_WINDOW]
12-31 04:52:46.141 I/input_focus( 1505): [Focus request 5f64dd7 com.android.launcher3/com.android.launcher3.uioverrides.QuickstepLauncher,reason=UpdateInputWindows]
12-31 04:52:46.171 I/input_focus( 1505): [Focus entering 5f64dd7 com.android.launcher3/com.android.launcher3.uioverrides.QuickstepLauncher (server),reason=Window became focusable. Previous reason: NOT_VISIBLE]
12-31 04:52:46.525 I/wm_stop_activity( 1505): [0,2887587,com.android.settings/.Settings]
12-31 04:52:46.559 I/wm_on_stop_called(14955): [2887587,com.android.settings.Settings,STOP_ACTIVITY_ITEM]
12-31 04:52:46.859 I/auditd ( 0): type=1400 audit(0.0:14756): avc: denied { kill } for comm="swapper/0" capability=5 scontext=u:r:kernel:s0 tcontext=u:r:kernel:s0 tclass=capability permissive=0
12-31 04:52:46.953 I/input_interaction( 1505): Interaction with: 5f64dd7 com.android.launcher3/com.android.launcher3.uioverrides.QuickstepLauncher (server), 3a8c96a com.android.systemui.ImageWallpaper (server), edge-swipe (server), swipe-up (server), PointerEventDispatcher0 (server),
12-31 04:52:47.030 I/view_enqueue_input_event( 2581): [Motion - Cancel,com.android.launcher3/com.android.launcher3.uioverrides.QuickstepLauncher]
12-31 04:52:47.032 I/input_interaction( 1505): Interaction with: edge-swipe (server), swipe-up (server), PointerEventDispatcher0 (server),
12-31 04:52:47.212 I/commit_sys_config_file( 1505): [settings-1-0,3]
12-31 04:52:47.684 I/commit_sys_config_file( 1505): [settings-1-0,4]
12-31 04:52:47.859 I/auditd ( 0): type=1400 audit(0.0:14757): avc: denied { kill } for comm="swapper/0" capability=5 scontext=u:r:kernel:s0 tcontext=u:r:kernel:s0 tclass=capability permissive=0
12-31 04:52:48.549 I/input_interaction( 1505): Interaction with: 5f64dd7 com.android.launcher3/com.android.launcher3.uioverrides.QuickstepLauncher (server), 3a8c96a com.android.systemui.ImageWallpaper (server), edge-swipe (server), swipe-up (server), PointerEventDispatcher0 (server),
12-31 04:52:48.859 I/auditd ( 0): type=1400 audit(0.0:14758): avc: denied { kill } for comm="swapper/0" capability=5 scontext=u:r:kernel:s0 tcontext=u:r:kernel:s0 tclass=capability permissive=0
12-31 04:52:49.688 I/input_interaction( 1505): Interaction with: 1c2e319 StatusBar (server), edge-swipe (server), swipe-up (server), PointerEventDispatcher0 (server),
12-31 04:52:49.694 I/sysui_multi_action( 1996): [757,803,799,panel_open,802,1]
12-31 04:52:49.695 I/sysui_multi_action( 1996): [757,1328,758,4,1326,28,1327,1,1329,0]
12-31 04:52:49.734 I/sysui_multi_action( 1505): [757,127,758,1]
12-31 04:52:49.735 I/sysui_multi_action( 1505): [757,804,799,note_load,801,2,802,1]
12-31 04:52:49.735 I/notification_panel_revealed( 1505): 2
12-31 04:52:49.745 I/input_focus( 1505): [Focus request c825af4 NotificationShade,reason=UpdateInputWindows]
12-31 04:52:49.755 I/sysui_multi_action( 1505): [757,128,758,1,793,11821044,794,0,795,11821044,796,26,798,0,806,android,857,DEVELOPER_IMPORTANT,858,4,947,0,1395,2,1500,11820838,1688,1]
12-31 04:52:49.755 I/sysui_multi_action( 1505): [757,804,799,note_freshness,801,11821044,802,1]
12-31 04:52:49.755 I/notification_visibility( 1505): [-1|android|26|null|1000,1,11821044,11821044,0,0]
12-31 04:52:49.756 I/sysui_multi_action( 1505): [757,128,758,1,793,13085226,794,0,795,13085226,796,32,798,1,806,android,857,USB,858,1,947,0,1395,2,1500,13084766,1688,1]
12-31 04:52:49.756 I/sysui_multi_action( 1505): [757,804,799,note_freshness,801,13085226,802,1]
12-31 04:52:49.756 I/notification_visibility( 1505): [-1|android|32|null|1000,1,13085226,13085226,0,1]
12-31 04:52:49.764 I/input_focus( 1505): [Focus leaving 5f64dd7 com.android.launcher3/com.android.launcher3.uioverrides.QuickstepLauncher (server),reason=setFocusedWindow]
12-31 04:52:49.764 I/input_focus( 1505): [Focus entering c825af4 NotificationShade (server),reason=setFocusedWindow]
12-31 04:52:49.813 I/sysui_multi_action( 1996): [757,111,758,1]
12-31 04:52:49.813 I/sysui_multi_action( 1996): [757,126,758,1,759,126,927,0,928,1,1593,1]
12-31 04:52:49.813 I/sysui_multi_action( 1996): [757,0,758,1,759,0,927,1,928,0,1593,1]
12-31 04:52:49.813 I/sysui_multi_action( 1996): [757,0,758,1,759,0,927,2,928,0,1593,1]
12-31 04:52:49.813 I/sysui_multi_action( 1996): [757,491,758,1,759,491,927,3,928,0,1311,-1,1593,1]
12-31 04:52:49.814 I/sysui_multi_action( 1996): [757,113,758,1,759,113,927,4,928,1,1593,1]
12-31 04:52:49.814 I/sysui_multi_action( 1996): [757,0,758,1,759,0,927,5,928,0,1593,1]
12-31 04:52:49.814 I/sysui_multi_action( 1996): [757,111,758,1]
12-31 04:52:49.814 I/sysui_multi_action( 1996): [757,126,758,1,759,126,927,0,928,1,1593,1]
12-31 04:52:49.814 I/sysui_multi_action( 1996): [757,0,758,1,759,0,927,1,928,0,1593,1]
12-31 04:52:49.814 I/sysui_multi_action( 1996): [757,0,758,1,759,0,927,2,928,0,1593,1]
12-31 04:52:49.814 I/sysui_multi_action( 1996): [757,491,758,1,759,491,927,3,928,0,1311,-1,1593,1]
12-31 04:52:50.859 I/auditd ( 0): type=1400 audit(0.0:14759): avc: denied { kill } for comm="swapper/2" capability=5 scontext=u:r:kernel:s0 tcontext=u:r:kernel:s0 tclass=capability permissive=0
12-31 04:52:51.859 I/auditd ( 0): type=1400 audit(0.0:14760): avc: denied { kill } for comm="swapper/2" capability=5 scontext=u:r:kernel:s0 tcontext=u:r:kernel:s0 tclass=capability permissive=0
12-31 04:52:52.859 I/auditd ( 0): type=1400 audit(0.0:14761): avc: denied { kill } for comm="swapper/2" capability=5 scontext=u:r:kernel:s0 tcontext=u:r:kernel:s0 tclass=capability permissive=0
12-31 04:52:53.750 I/input_interaction( 1505): Interaction with: c825af4 NotificationShade (server), edge-swipe (server), swipe-up (server), PointerEventDispatcher0 (server),
12-31 04:52:53.859 I/auditd ( 0): type=1400 audit(0.0:14762): avc: denied { kill } for comm="swapper/2" capability=5 scontext=u:r:kernel:s0 tcontext=u:r:kernel:s0 tclass=capability permissive=0
12-31 04:52:54.278 I/sysui_multi_action( 1505): [757,128,758,2,793,11825567,794,4523,795,11825567,796,26,798,0,806,android,857,DEVELOPER_IMPORTANT,858,4,947,0,1395,2,1500,11825361,1688,1]
12-31 04:52:54.279 I/notification_visibility( 1505): [-1|android|26|null|1000,0,11825567,11825567,0,0]
12-31 04:52:54.279 I/sysui_multi_action( 1505): [757,128,758,2,793,13089749,794,4523,795,13089749,796,32,798,1,806,android,857,USB,858,1,947,0,1395,2,1500,13089289,1688,1]
12-31 04:52:54.279 I/notification_visibility( 1505): [-1|android|32|null|1000,0,13089749,13089749,0,1]
12-31 04:52:54.859 I/auditd ( 0): type=1400 audit(0.0:14763): avc: denied { kill } for comm="swapper/2" capability=5 scontext=u:r:kernel:s0 tcontext=u:r:kernel:s0 tclass=capability permissive=0
12-31 04:52:55.859 I/auditd ( 0): type=1400 audit(0.0:14764): avc: denied { kill } for comm="swapper/2" capability=5 scontext=u:r:kernel:s0 tcontext=u:r:kernel:s0 tclass=capability permissive=0
12-31 04:52:56.859 I/auditd ( 0): type=1400 audit(0.0:14765): avc: denied { kill } for comm="swapper/2" capability=5 scontext=u:r:kernel:s0 tcontext=u:r:kernel:s0 tclass=capability permissive=0
12-31 04:52:57.859 I/auditd ( 0): type=1400 audit(0.0:14766): avc: denied { kill } for comm="swapper/3" capability=5 scontext=u:r:kernel:s0 tcontext=u:r:kernel:s0 tclass=capability permissive=0
12-31 04:52:58.859 I/auditd ( 0): type=1400 audit(0.0:14767): avc: denied { kill } for comm="swapper/3" capability=5 scontext=u:r:kernel:s0 tcontext=u:r:kernel:s0 tclass=capability permissive=0
12-31 04:53:00.681 I/commit_sys_config_file( 1505): [settings-2-0,5]
12-31 04:53:00.859 I/auditd ( 0): type=1400 audit(0.0:14768): avc: denied { kill } for comm="swapper/3" capability=5 scontext=u:r:kernel:s0 tcontext=u:r:kernel:s0 tclass=capability permissive=0
