12-31 04:36:15.584 I/sysui_multi_action( 1996): [757,126,758,1,759,126,927,0,928,1,1593,0]
12-31 04:36:15.584 I/sysui_multi_action( 1996): [757,0,758,1,759,0,927,1,928,0,1593,0]
12-31 04:36:15.584 I/sysui_multi_action( 1996): [757,0,758,1,759,0,927,2,928,0,1593,0]
12-31 04:36:15.584 I/sysui_multi_action( 1996): [757,491,758,1,759,491,927,3,928,0,1311,-1,1593,0]
12-31 04:36:15.859 I/auditd ( 0): type=1400 audit(0.0:13691): avc: denied { kill } for comm="swapper/3" capability=5 scontext=u:r:kernel:s0 tcontext=u:r:kernel:s0 tclass=capability permissive=0
12-31 04:36:16.586 I/input_interaction( 1505): Interaction with: c825af4 NotificationShade (server), edge-swipe (server), swipe-up (server), PointerEventDispatcher0 (server),
12-31 04:36:16.859 I/auditd ( 0): type=1400 audit(0.0:13692): avc: denied { kill } for comm="swapper/3" capability=5 scontext=u:r:kernel:s0 tcontext=u:r:kernel:s0 tclass=capability permissive=0
12-31 04:36:17.113 I/sysui_multi_action( 1996): [757,111,758,2]
12-31 04:36:17.113 I/notification_enqueue( 1505): [10081,1996,com.android.systemui,2048,NULL,0,Notification(channel=updateNotification shortcut=null contentView=null vibrate=null sound=null defaults=0x0 flags=0x0 color=0x00000000 vis=PRIVATE),1]
12-31 04:36:17.113 I/sysui_multi_action( 1996): [757,111,758,2]
12-31 04:36:17.245 I/input_focus( 1505): [Focus request 5f64dd7 com.android.launcher3/com.android.launcher3.uioverrides.QuickstepLauncher,reason=UpdateInputWindows]
12-31 04:36:17.250 I/sysui_multi_action( 1505): [757,128,758,2,793,10828538,794,1702,795,10828538,796,26,798,0,806,android,857,DEVELOPER_IMPORTANT,858,4,947,0,1395,3,1500,10828332,1688,1]
12-31 04:36:17.250 I/notification_visibility( 1505): [-1|android|26|null|1000,0,10828538,10828538,0,0]
12-31 04:36:17.251 I/sysui_multi_action( 1505): [757,128,758,2,793,960857,794,1704,795,960857,796,4273,798,1,806,com.android.systemui,857,screen_record,858,3,947,0,1395,3,1500,960655,1688,1,1745,680407814]
12-31 04:36:17.251 I/notification_visibility( 1505): [0|com.android.systemui|4273|null|10081,0,960857,960857,0,1]
12-31 04:36:17.251 I/sysui_multi_action( 1505): [757,128,758,2,793,12092721,794,1703,795,12092721,796,32,798,2,806,android,857,USB,858,1,947,0,1395,3,1500,12092261,1688,1]
12-31 04:36:17.251 I/notification_visibility( 1505): [-1|android|32|null|1000,0,12092721,12092721,0,2]
12-31 04:36:17.253 I/sysui_multi_action( 1505): [757,127,758,2]
12-31 04:36:17.253 I/notification_panel_hidden( 1505):
12-31 04:36:17.262 I/input_focus( 1505): [Focus leaving c825af4 NotificationShade (server),reason=NO_WINDOW]
12-31 04:36:17.262 I/input_focus( 1505): [Focus entering 5f64dd7 com.android.launcher3/com.android.launcher3.uioverrides.QuickstepLauncher (server),reason=setFocusedWindow]
12-31 04:36:17.859 I/auditd ( 0): type=1400 audit(0.0:13693): avc: denied { kill } for comm="swapper/3" capability=5 scontext=u:r:kernel:s0 tcontext=u:r:kernel:s0 tclass=capability permissive=0
12-31 04:36:18.212 I/input_interaction( 1505): Interaction with: 5f64dd7 com.android.launcher3/com.android.launcher3.uioverrides.QuickstepLauncher (server), 3a8c96a com.android.systemui.ImageWallpaper (server), edge-swipe (server), swipe-up (server), PointerEventDispatcher0 (server),
12-31 04:36:18.310 I/view_enqueue_input_event( 2581): [Motion - Cancel,com.android.launcher3/com.android.launcher3.uioverrides.QuickstepLauncher]
12-31 04:36:18.320 I/input_interaction( 1505): Interaction with: edge-swipe (server), swipe-up (server), PointerEventDispatcher0 (server),
12-31 04:36:18.486 I/commit_sys_config_file( 1505): [settings-1-0,3]
12-31 04:36:18.956 I/commit_sys_config_file( 1505): [settings-1-0,3]
12-31 04:36:19.859 I/auditd ( 0): type=1400 audit(0.0:13694): avc: denied { kill } for comm="swapper/3" capability=5 scontext=u:r:kernel:s0 tcontext=u:r:kernel:s0 tclass=capability permissive=0
12-31 04:36:19.868 I/input_interaction( 1505): Interaction with: 5f64dd7 com.android.launcher3/com.android.launcher3.uioverrides.QuickstepLauncher (server), 3a8c96a com.android.systemui.ImageWallpaper (server), edge-swipe (server), swipe-up (server), PointerEventDispatcher0 (server),
12-31 04:36:20.859 I/auditd ( 0): type=1400 audit(0.0:13695): avc: denied { kill } for comm="swapper/3" capability=5 scontext=u:r:kernel:s0 tcontext=u:r:kernel:s0 tclass=capability permissive=0
12-31 04:36:21.859 I/auditd ( 0): type=1400 audit(0.0:13696): avc: denied { kill } for comm="swapper/3" capability=5 scontext=u:r:kernel:s0 tcontext=u:r:kernel:s0 tclass=capability permissive=0
12-31 04:36:22.859 I/auditd ( 0): type=1400 audit(0.0:13697): avc: denied { kill } for comm="swapper/3" capability=5 scontext=u:r:kernel:s0 tcontext=u:r:kernel:s0 tclass=capability permissive=0
12-31 04:36:23.859 I/auditd ( 0): type=1400 audit(0.0:13698): avc: denied { kill } for comm="swapper/3" capability=5 scontext=u:r:kernel:s0 tcontext=u:r:kernel:s0 tclass=capability permissive=0
12-31 04:36:24.859 I/auditd ( 0): type=1400 audit(0.0:13699): avc: denied { kill } for comm="swapper/3" capability=5 scontext=u:r:kernel:s0 tcontext=u:r:kernel:s0 tclass=capability permissive=0
12-31 04:36:25.859 I/auditd ( 0): type=1400 audit(0.0:13700): avc: denied { kill } for comm="swapper/3" capability=5 scontext=u:r:kernel:s0 tcontext=u:r:kernel:s0 tclass=capability permissive=0
12-31 04:36:26.859 I/auditd ( 0): type=1400 audit(0.0:13701): avc: denied { kill } for comm="swapper/3" capability=5 scontext=u:r:kernel:s0 tcontext=u:r:kernel:s0 tclass=capability permissive=0
12-31 04:36:27.859 I/auditd ( 0): type=1400 audit(0.0:13702): avc: denied { kill } for comm="swapper/3" capability=5 scontext=u:r:kernel:s0 tcontext=u:r:kernel:s0 tclass=capability permissive=0
12-31 04:36:28.859 I/auditd ( 0): type=1400 audit(0.0:13703): avc: denied { kill } for comm="swapper/3" capability=5 scontext=u:r:kernel:s0 tcontext=u:r:kernel:s0 tclass=capability permissive=0
12-31 04:36:29.859 I/auditd ( 0): type=1400 audit(0.0:13704): avc: denied { kill } for comm="swapper/3" capability=5 scontext=u:r:kernel:s0 tcontext=u:r:kernel:s0 tclass=capability permissive=0
12-31 04:36:30.859 I/auditd ( 0): type=1400 audit(0.0:13705): avc: denied { kill } for comm="swapper/3" capability=5 scontext=u:r:kernel:s0 tcontext=u:r:kernel:s0 tclass=capability permissive=0
12-31 04:36:31.859 I/auditd ( 0): type=1400 audit(0.0:13706): avc: denied { kill } for comm="swapper/3" capability=5 scontext=u:r:kernel:s0 tcontext=u:r:kernel:s0 tclass=capability permissive=0
12-31 04:36:32.859 I/auditd ( 0): type=1400 audit(0.0:13707): avc: denied { kill } for comm="swapper/3" capability=5 scontext=u:r:kernel:s0 tcontext=u:r:kernel:s0 tclass=capability permissive=0
12-31 04:36:33.859 I/auditd ( 0): type=1400 audit(0.0:13708): avc: denied { kill } for comm="swapper/3" capability=5 scontext=u:r:kernel:s0 tcontext=u:r:kernel:s0 tclass=capability permissive=0
12-31 04:36:34.859 I/auditd ( 0): type=1400 audit(0.0:13709): avc: denied { kill } for comm="swapper/3" capability=5 scontext=u:r:kernel:s0 tcontext=u:r:kernel:s0 tclass=capability permissive=0
12-31 04:36:35.859 I/auditd ( 0): type=1400 audit(0.0:13710): avc: denied { kill } for comm="swapper/3" capability=5 scontext=u:r:kernel:s0 tcontext=u:r:kernel:s0 tclass=capability permissive=0
12-31 04:36:36.859 I/auditd ( 0): type=1400 audit(0.0:13711): avc: denied { kill } for comm="swapper/3" capability=5 scontext=u:r:kernel:s0 tcontext=u:r:kernel:s0 tclass=capability permissive=0
12-31 04:36:37.859 I/auditd ( 0): type=1400 audit(0.0:13712): avc: denied { kill } for comm="swapper/3" capability=5 scontext=u:r:kernel:s0 tcontext=u:r:kernel:s0 tclass=capability permissive=0
12-31 04:36:38.859 I/auditd ( 0): type=1400 audit(0.0:13713): avc: denied { kill } for comm="swapper/3" capability=5 scontext=u:r:kernel:s0 tcontext=u:r:kernel:s0 tclass=capability permissive=0
12-31 04:36:39.859 I/auditd ( 0): type=1400 audit(0.0:13714): avc: denied { kill } for comm="swapper/3" capability=5 scontext=u:r:kernel:s0 tcontext=u:r:kernel:s0 tclass=capability permissive=0
12-31 04:36:40.859 I/auditd ( 0): type=1400 audit(0.0:13715): avc: denied { kill } for comm="swapper/3" capability=5 scontext=u:r:kernel:s0 tcontext=u:r:kernel:s0 tclass=capability permissive=0
12-31 04:36:41.859 I/auditd ( 0): type=1400 audit(0.0:13716): avc: denied { kill } for comm="swapper/3" capability=5 scontext=u:r:kernel:s0 tcontext=u:r:kernel:s0 tclass=capability permissive=0
12-31 04:36:42.859 I/auditd ( 0): type=1400 audit(0.0:13717): avc: denied { kill } for comm="swapper/3" capability=5 scontext=u:r:kernel:s0 tcontext=u:r:kernel:s0 tclass=capability permissive=0
12-31 04:36:43.661 I/input_interaction( 1505): Interaction with: 1c2e319 StatusBar (server), edge-swipe (server), swipe-up (server), PointerEventDispatcher0 (server),
12-31 04:36:43.665 I/sysui_multi_action( 1996): [757,803,799,panel_open,802,1]
12-31 04:36:43.666 I/sysui_multi_action( 1996): [757,1328,758,4,1326,48,1327,1,1329,0]
12-31 04:36:43.703 I/sysui_multi_action( 1505): [757,127,758,1]
12-31 04:36:43.703 I/sysui_multi_action( 1505): [757,804,799,note_load,801,3,802,1]
12-31 04:36:43.704 I/notification_panel_revealed( 1505): 3
12-31 04:36:43.714 I/input_focus( 1505): [Focus request c825af4 NotificationShade,reason=UpdateInputWindows]
12-31 04:36:43.726 I/sysui_multi_action( 1505): [757,128,758,1,793,10855015,794,0,795,10855015,796,26,798,0,806,android,857,DEVELOPER_IMPORTANT,858,4,947,0,1395,3,1500,10854809,1688,1]
12-31 04:36:43.726 I/sysui_multi_action( 1505): [757,804,799,note_freshness,801,10855015,802,1]
12-31 04:36:43.726 I/notification_visibility( 1505): [-1|android|26|null|1000,1,10855015,10855015,0,0]
12-31 04:36:43.726 I/sysui_multi_action( 1505): [757,128,758,1,793,987332,794,0,795,987332,796,4273,798,1,806,com.android.systemui,857,screen_record,858,3,947,0,1395,3,1500,987130,1688,1,1745,680407814]
12-31 04:36:43.727 I/sysui_multi_action( 1505): [757,804,799,note_freshness,801,987332,802,1]
12-31 04:36:43.727 I/notification_visibility( 1505): [0|com.android.systemui|4273|null|10081,1,987332,987332,0,1]
12-31 04:36:43.727 I/sysui_multi_action( 1505): [757,128,758,1,793,12119197,794,0,795,12119197,796,32,798,2,806,android,857,USB,858,1,947,0,1395,3,1500,12118737,1688,1]
12-31 04:36:43.727 I/sysui_multi_action( 1505): [757,804,799,note_freshness,801,12119197,802,1]
12-31 04:36:43.727 I/notification_visibility( 1505): [-1|android|32|null|1000,1,12119197,12119197,0,2]
12-31 04:36:43.741 I/input_focus( 1505): [Focus leaving 5f64dd7 com.android.launcher3/com.android.launcher3.uioverrides.QuickstepLauncher (server),reason=setFocusedWindow]
12-31 04:36:43.742 I/input_focus( 1505): [Focus entering c825af4 NotificationShade (server),reason=setFocusedWindow]
12-31 04:36:43.774 I/sysui_multi_action( 1996): [757,111,758,1]
12-31 04:36:43.774 I/sysui_multi_action( 1996): [757,126,758,1,759,126,927,0,928,1,1593,0]
12-31 04:36:43.774 I/sysui_multi_action( 1996): [757,0,758,1,759,0,927,1,928,0,1593,0]
12-31 04:36:43.774 I/sysui_multi_action( 1996): [757,0,758,1,759,0,927,2,928,0,1593,0]
12-31 04:36:43.775 I/sysui_multi_action( 1996): [757,491,758,1,759,491,927,3,928,0,1311,-1,1593,0]
12-31 04:36:43.775 I/sysui_multi_action( 1996): [757,113,758,1,759,113,927,4,928,1,1593,0]
12-31 04:36:43.775 I/sysui_multi_action( 1996): [757,0,758,1,759,0,927,5,928,0,1593,0]
12-31 04:36:43.775 I/sysui_multi_action( 1996): [757,111,758,1]
12-31 04:36:43.776 I/sysui_multi_action( 1996): [757,126,758,1,759,126,927,0,928,1,1593,0]
12-31 04:36:43.776 I/sysui_multi_action( 1996): [757,0,758,1,759,0,927,1,928,0,1593,0]
12-31 04:36:43.776 I/sysui_multi_action( 1996): [757,0,758,1,759,0,927,2,928,0,1593,0]
12-31 04:36:43.776 I/sysui_multi_action( 1996): [757,491,758,1,759,491,927,3,928,0,1311,-1,1593,0]
12-31 04:36:43.859 I/auditd ( 0): type=1400 audit(0.0:13718): avc: denied { kill } for comm="swapper/3" capability=5 scontext=u:r:kernel:s0 tcontext=u:r:kernel:s0 tclass=capability permissive=0
12-31 04:36:44.859 I/auditd ( 0): type=1400 audit(0.0:13719): avc: denied { kill } for comm="swapper/3" capability=5 scontext=u:r:kernel:s0 tcontext=u:r:kernel:s0 tclass=capability permissive=0
12-31 04:36:45.008 I/input_interaction( 1505): Interaction with: c825af4 NotificationShade (server), edge-swipe (server), swipe-up (server), PointerEventDispatcher0 (server),
12-31 04:36:45.468 I/notification_enqueue( 1505): [10081,1996,com.android.systemui,2048,NULL,0,Notification(channel=updateNotification shortcut=null contentView=null vibrate=null sound=null defaults=0x0 flags=0x0 color=0x00000000 vis=PRIVATE),1]
12-31 04:36:45.469 I/sysui_multi_action( 1996): [757,111,758,2]
12-31 04:36:45.469 I/sysui_multi_action( 1996): [757,111,758,2]
12-31 04:36:45.574 I/input_interaction( 1505): Interaction with: c825af4 NotificationShade (server), 3a8c96a com.android.systemui.ImageWallpaper (server), edge-swipe (server), swipe-up (server), PointerEventDispatcher0 (server),
12-31 04:36:45.773 I/input_focus( 1505): [Focus request 5f64dd7 com.android.launcher3/com.android.launcher3.uioverrides.QuickstepLauncher,reason=UpdateInputWindows]
12-31 04:36:45.781 I/sysui_multi_action( 1505): [757,128,758,2,793,10857070,794,2055,795,10857070,796,26,798,0,806,android,857,DEVELOPER_IMPORTANT,858,4,947,0,1395,3,1500,10856864,1688,1]
12-31 04:36:45.781 I/notification_visibility( 1505): [-1|android|26|null|1000,0,10857070,10857070,0,0]
12-31 04:36:45.782 I/sysui_multi_action( 1505): [757,128,758,2,793,989388,794,2056,795,989388,796,4273,798,1,806,com.android.systemui,857,screen_record,858,3,947,0,1395,3,1500,989186,1688,1,1745,680407814]
12-31 04:36:45.782 I/notification_visibility( 1505): [0|com.android.systemui|4273|null|10081,0,989388,989388,0,1]
12-31 04:36:45.782 I/sysui_multi_action( 1505): [757,128,758,2,793,12121252,794,2055,795,12121252,796,32,798,2,806,android,857,USB,858,1,947,0,1395,3,1500,12120792,1688,1]
12-31 04:36:45.783 I/notification_visibility( 1505): [-1|android|32|null|1000,0,12121252,12121252,0,2]
12-31 04:36:45.783 I/sysui_multi_action( 1505): [757,127,758,2]
12-31 04:36:45.784 I/notification_panel_hidden( 1505):
12-31 04:36:45.796 I/input_focus( 1505): [Focus leaving c825af4 NotificationShade (server),reason=NO_WINDOW]
12-31 04:36:45.797 I/input_focus( 1505): [Focus entering 5f64dd7 com.android.launcher3/com.android.launcher3.uioverrides.QuickstepLauncher (server),reason=setFocusedWindow]
12-31 04:36:45.850 I/input_interaction( 1505): Interaction with: 5f64dd7 com.android.launcher3/com.android.launcher3.uioverrides.QuickstepLauncher (server), 3a8c96a com.android.systemui.ImageWallpaper (server), edge-swipe (server), swipe-up (server), PointerEventDispatcher0 (server),
12-31 04:36:46.601 I/view_enqueue_input_event( 2581): [Motion - Cancel,com.android.launcher3/com.android.launcher3.uioverrides.QuickstepLauncher]
12-31 04:36:46.612 I/input_interaction( 1505): Interaction with: edge-swipe (server), swipe-up (server), PointerEventDispatcher0 (server),
12-31 04:36:46.790 I/commit_sys_config_file( 1505): [settings-1-0,6]
12-31 04:36:46.859 I/auditd ( 0): type=1400 audit(0.0:13720): avc: denied { kill } for comm="swapper/1" capability=5 scontext=u:r:kernel:s0 tcontext=u:r:kernel:s0 tclass=capability permissive=0
12-31 04:36:47.317 I/commit_sys_config_file( 1505): [settings-1-0,5]
12-31 04:36:47.859 I/auditd ( 0): type=1400 audit(0.0:13721): avc: denied { kill } for comm="swapper/1" capability=5 scontext=u:r:kernel:s0 tcontext=u:r:kernel:s0 tclass=capability permissive=0
12-31 04:36:47.981 I/input_interaction( 1505): Interaction with: 5f64dd7 com.android.launcher3/com.android.launcher3.uioverrides.QuickstepLauncher (server), 3a8c96a com.android.systemui.ImageWallpaper (server), edge-swipe (server), swipe-up (server), PointerEventDispatcher0 (server),
12-31 04:36:48.859 I/auditd ( 0): type=1400 audit(0.0:13722): avc: denied { kill } for comm="swapper/1" capability=5 scontext=u:r:kernel:s0 tcontext=u:r:kernel:s0 tclass=capability permissive=0
12-31 04:36:49.859 I/auditd (15515): type=1400 audit(0.0:13723): avc: denied { kill } for comm="kworker/u16:17" capability=5 scontext=u:r:kernel:s0 tcontext=u:r:kernel:s0 tclass=capability permissive=0
12-31 04:36:50.859 I/auditd ( 0): type=1400 audit(0.0:13724): avc: denied { kill } for comm="swapper/1" capability=5 scontext=u:r:kernel:s0 tcontext=u:r:kernel:s0 tclass=capability permissive=0
12-31 04:36:51.859 I/auditd ( 0): type=1400 audit(0.0:13725): avc: denied { kill } for comm="swapper/1" capability=5 scontext=u:r:kernel:s0 tcontext=u:r:kernel:s0 tclass=capability permissive=0
12-31 04:36:52.859 I/auditd ( 0): type=1400 audit(0.0:13726): avc: denied { kill } for comm="swapper/1" capability=5 scontext=u:r:kernel:s0 tcontext=u:r:kernel:s0 tclass=capability permissive=0
12-31 04:36:53.859 I/auditd ( 0): type=1400 audit(0.0:13727): avc: denied { kill } for comm="swapper/1" capability=5 scontext=u:r:kernel:s0 tcontext=u:r:kernel:s0 tclass=capability permissive=0
12-31 04:36:53.916 I/commit_sys_config_file( 1505): [settings-1-0,9]
12-31 04:36:54.675 I/commit_sys_config_file( 1505): [settings-1-0,5]
12-31 04:36:54.859 I/auditd ( 0): type=1400 audit(0.0:13728): avc: denied { kill } for comm="swapper/1" capability=5 scontext=u:r:kernel:s0 tcontext=u:r:kernel:s0 tclass=capability permissive=0
12-31 04:36:55.597 I/input_interaction( 1505): Interaction with: 1c2e319 StatusBar (server), edge-swipe (server), swipe-up (server), PointerEventDispatcher0 (server),
12-31 04:36:55.602 I/sysui_multi_action( 1996): [757,803,799,panel_open,802,1]
12-31 04:36:55.603 I/sysui_multi_action( 1996): [757,1328,758,4,1326,41,1327,1,1329,0]
12-31 04:36:55.643 I/sysui_multi_action( 1505): [757,127,758,1]
12-31 04:36:55.643 I/sysui_multi_action( 1505): [757,804,799,note_load,801,3,802,1]
12-31 04:36:55.643 I/notification_panel_revealed( 1505): 3
12-31 04:36:55.656 I/input_focus( 1505): [Focus request c825af4 NotificationShade,reason=UpdateInputWindows]
12-31 04:36:55.665 I/sysui_multi_action( 1505): [757,128,758,1,793,10866954,794,0,795,10866954,796,26,798,0,806,android,857,DEVELOPER_IMPORTANT,858,4,947,0,1395,3,1500,10866748,1688,1]
12-31 04:36:55.665 I/sysui_multi_action( 1505): [757,804,799,note_freshness,801,10866954,802,1]
12-31 04:36:55.665 I/notification_visibility( 1505): [-1|android|26|null|1000,1,10866954,10866954,0,0]
12-31 04:36:55.666 I/sysui_multi_action( 1505): [757,128,758,1,793,999271,794,0,795,999271,796,4273,798,1,806,com.android.systemui,857,screen_record,858,3,947,0,1395,3,1500,999069,1688,1,1745,680407814]
12-31 04:36:55.666 I/sysui_multi_action( 1505): [757,804,799,note_freshness,801,999271,802,1]
12-31 04:36:55.666 I/notification_visibility( 1505): [0|com.android.systemui|4273|null|10081,1,999271,999271,0,1]
12-31 04:36:55.666 I/sysui_multi_action( 1505): [757,128,758,1,793,12131136,794,0,795,12131136,796,32,798,2,806,android,857,USB,858,1,947,0,1395,3,1500,12130676,1688,1]
12-31 04:36:55.666 I/sysui_multi_action( 1505): [757,804,799,note_freshness,801,12131136,802,1]
12-31 04:36:55.666 I/notification_visibility( 1505): [-1|android|32|null|1000,1,12131136,12131136,0,2]
12-31 04:36:55.672 I/input_focus( 1505): [Focus leaving 5f64dd7 com.android.launcher3/com.android.launcher3.uioverrides.QuickstepLauncher (server),reason=setFocusedWindow]
12-31 04:36:55.672 I/input_focus( 1505): [Focus entering c825af4 NotificationShade (server),reason=setFocusedWindow]
12-31 04:36:55.720 I/sysui_multi_action( 1996): [757,111,758,1]
12-31 04:36:55.721 I/sysui_multi_action( 1996): [757,126,758,1,759,126,927,0,928,1,1593,0]
12-31 04:36:55.721 I/sysui_multi_action( 1996): [757,0,758,1,759,0,927,1,928,0,1593,0]
12-31 04:36:55.721 I/sysui_multi_action( 1996): [757,0,758,1,759,0,927,2,928,0,1593,0]
12-31 04:36:55.722 I/sysui_multi_action( 1996): [757,491,758,1,759,491,927,3,928,0,1311,-1,1593,0]
12-31 04:36:55.722 I/sysui_multi_action( 1996): [757,113,758,1,759,113,927,4,928,1,1593,0]
12-31 04:36:55.722 I/sysui_multi_action( 1996): [757,0,758,1,759,0,927,5,928,0,1593,0]
12-31 04:36:55.722 I/sysui_multi_action( 1996): [757,111,758,1]
12-31 04:36:55.722 I/sysui_multi_action( 1996): [757,126,758,1,759,126,927,0,928,1,1593,0]
12-31 04:36:55.722 I/sysui_multi_action( 1996): [757,0,758,1,759,0,927,1,928,0,1593,0]
12-31 04:36:55.723 I/sysui_multi_action( 1996): [757,0,758,1,759,0,927,2,928,0,1593,0]
12-31 04:36:55.723 I/sysui_multi_action( 1996): [757,491,758,1,759,491,927,3,928,0,1311,-1,1593,0]
12-31 04:36:55.859 I/auditd ( 0): type=1400 audit(0.0:13729): avc: denied { kill } for comm="swapper/1" capability=5 scontext=u:r:kernel:s0 tcontext=u:r:kernel:s0 tclass=capability permissive=0
12-31 04:36:56.062 I/service_manager_stats( 1505): [100,53,219103]
12-31 04:36:56.681 I/input_interaction( 1505): Interaction with: c825af4 NotificationShade (server), edge-swipe (server), swipe-up (server), PointerEventDispatcher0 (server),
12-31 04:36:57.294 I/sysui_multi_action( 1996): [757,111,758,2]
12-31 04:36:57.294 I/sysui_multi_action( 1996): [757,111,758,2]
12-31 04:36:57.296 I/notification_enqueue( 1505): [10081,1996,com.android.systemui,2048,NULL,0,Notification(channel=updateNotification shortcut=null contentView=null vibrate=null sound=null defaults=0x0 flags=0x0 color=0x00000000 vis=PRIVATE),1]
12-31 04:36:57.470 I/input_focus( 1505): [Focus request 5f64dd7 com.android.launcher3/com.android.launcher3.uioverrides.QuickstepLauncher,reason=UpdateInputWindows]
12-31 04:36:57.477 I/sysui_multi_action( 1505): [757,128,758,2,793,10868765,794,1811,795,10868765,796,26,798,0,806,android,857,DEVELOPER_IMPORTANT,858,4,947,0,1395,3,1500,10868559,1688,1]
12-31 04:36:57.477 I/notification_visibility( 1505): [-1|android|26|null|1000,0,10868765,10868765,0,0]
12-31 04:36:57.477 I/sysui_multi_action( 1505): [757,128,758,2,793,1001083,794,1812,795,1001083,796,4273,798,1,806,com.android.systemui,857,screen_record,858,3,947,0,1395,3,1500,1000881,1688,1,1745,680407814]
12-31 04:36:57.478 I/notification_visibility( 1505): [0|com.android.systemui|4273|null|10081,0,1001083,1001083,0,1]
12-31 04:36:57.478 I/sysui_multi_action( 1505): [757,128,758,2,793,12132948,794,1812,795,12132948,796,32,798,2,806,android,857,USB,858,1,947,0,1395,3,1500,12132488,1688,1]
12-31 04:36:57.478 I/notification_visibility( 1505): [-1|android|32|null|1000,0,12132948,12132948,0,2]
12-31 04:36:57.479 I/sysui_multi_action( 1505): [757,127,758,2]
12-31 04:36:57.479 I/notification_panel_hidden( 1505):
12-31 04:36:57.492 I/input_focus( 1505): [Focus leaving c825af4 NotificationShade (server),reason=NO_WINDOW]
12-31 04:36:57.492 I/input_focus( 1505): [Focus entering 5f64dd7 com.android.launcher3/com.android.launcher3.uioverrides.QuickstepLauncher (server),reason=setFocusedWindow]
12-31 04:36:57.859 I/auditd ( 0): type=1400 audit(0.0:13730): avc: denied { kill } for comm="swapper/3" capability=5 scontext=u:r:kernel:s0 tcontext=u:r:kernel:s0 tclass=capability permissive=0
12-31 04:36:57.904 I/input_interaction( 1505): Interaction with: 5f64dd7 com.android.launcher3/com.android.launcher3.uioverrides.QuickstepLauncher (server), 3a8c96a com.android.systemui.ImageWallpaper (server), edge-swipe (server), swipe-up (server), PointerEventDispatcher0 (server),
12-31 04:36:58.038 I/wm_task_moved( 1505): [40,1,6]
12-31 04:36:58.038 I/wm_task_to_front( 1505): [0,40]
12-31 04:36:58.039 I/wm_focused_root_task( 1505): [0,0,40,1,bringingFoundTaskToFront]
12-31 04:36:58.040 I/wm_set_resumed_activity( 1505): [0,com.android.settings/.Settings,bringingFoundTaskToFront]
12-31 04:36:58.040 I/wm_new_intent( 1505): [0,2887587,40,com.android.settings/.Settings,android.intent.action.MAIN,NULL,NULL,270532608]
12-31 04:36:58.042 I/wm_pause_activity( 1505): [0,83241864,com.android.launcher3/.uioverrides.QuickstepLauncher,userLeaving=true,pauseBackTasks]
12-31 04:36:58.049 I/wm_on_top_resumed_lost_called( 2581): [83241864,com.android.launcher3.uioverrides.QuickstepLauncher,topStateChangedWhenResumed]
12-31 04:36:58.058 I/wm_on_paused_called( 2581): [83241864,com.android.launcher3.uioverrides.QuickstepLauncher,performPause]
12-31 04:36:58.064 I/wm_set_resumed_activity( 1505): [0,com.android.settings/.Settings,resumeTopActivityInnerLocked]
12-31 04:36:58.065 I/wm_add_to_stopping( 1505): [0,83241864,com.android.launcher3/.uioverrides.QuickstepLauncher,makeInvisible]
12-31 04:36:58.066 I/wm_resume_activity( 1505): [0,2887587,40,com.android.settings/.Settings]
12-31 04:36:58.067 I/wm_on_restart_called(14955): [2887587,com.android.settings.Settings,performRestartActivity]
12-31 04:36:58.074 I/sysui_multi_action( 1505): [757,803,799,window_time_0,802,48]
12-31 04:36:58.079 I/wm_on_start_called(14955): [2887587,com.android.settings.Settings,handleStartActivity]
12-31 04:36:58.079 I/snet_event_log(14955): [120484087,-1,]
12-31 04:36:58.079 I/wm_on_resume_called(14955): [2887587,com.android.settings.Settings,RESUME_ACTIVITY]
12-31 04:36:58.079 I/sysui_multi_action(14955): [757,35,758,1,833,0,1089,0]
12-31 04:36:58.088 I/sysui_multi_action(14955): [757,746,758,1,833,0,1089,0]
12-31 04:36:58.088 D/TelephonyRegistry( 1505): listen oscl: mHasNotifySubscriptionInfoChangedOccurred==false no callback
12-31 04:36:58.092 I/input_focus( 1505): [Focus leaving 5f64dd7 com.android.launcher3/com.android.launcher3.uioverrides.QuickstepLauncher (server),reason=NO_WINDOW]
12-31 04:36:58.096 D/TelephonyRegistry( 1505): listen oscl: mHasNotifySubscriptionInfoChangedOccurred==false no callback
12-31 04:36:58.102 I/am_pss ( 1505): [15585,10052,com.thundercomm.screensaver,32105472,23130112,65536,140144640,0,19,8]
12-31 04:36:58.108 I/wm_on_top_resumed_gained_called(14955): [2887587,com.android.settings.Settings,topWhenResuming]
12-31 04:36:58.128 I/input_focus( 1505): [Focus request adc5c4 com.android.settings/com.android.settings.Settings,reason=UpdateInputWindows]
12-31 04:36:58.146 I/sysui_multi_action( 1505): [319,42,321,40,322,104,325,12144,757,761,758,9,759,4,806,com.android.settings,871,com.android.settings.Settings,904,com.android.launcher3,905,0,1320,8,1321,5]
12-31 04:36:58.158 I/input_focus( 1505): [Focus entering adc5c4 com.android.settings/com.android.settings.Settings (server),reason=Window became focusable. Previous reason: NOT_VISIBLE]
12-31 04:36:58.615 I/wm_stop_activity( 1505): [0,83241864,com.android.launcher3/.uioverrides.QuickstepLauncher]
12-31 04:36:58.638 I/wm_on_stop_called( 2581): [83241864,com.android.launcher3.uioverrides.QuickstepLauncher,STOP_ACTIVITY_ITEM]
12-31 04:36:58.859 I/auditd ( 0): type=1400 audit(0.0:13731): avc: denied { kill } for comm="swapper/3" capability=5 scontext=u:r:kernel:s0 tcontext=u:r:kernel:s0 tclass=capability permissive=0
12-31 04:36:58.960 I/input_interaction( 1505): Interaction with: adc5c4 com.android.settings/com.android.settings.Settings (server), edge-swipe (server), swipe-up (server), PointerEventDispatcher0 (server),
12-31 04:36:58.977 I/wm_task_moved( 1505): [1,0,0]
12-31 04:36:58.978 I/wm_task_moved( 1505): [1,0,5]
12-31 04:36:58.997 I/wm_on_restart_called( 2581): [83241864,com.android.launcher3.uioverrides.QuickstepLauncher,performRestartActivity]
12-31 04:36:59.015 I/wm_on_start_called( 2581): [83241864,com.android.launcher3.uioverrides.QuickstepLauncher,handleStartActivity]
12-31 04:36:59.035 I/sysui_multi_action( 1505): [319,9,322,52,325,12145,757,761,758,9,759,5,806,com.android.launcher3,871,com.android.launcher3.uioverrides.QuickstepLauncher,905,0,1320,8,1321,5]
12-31 04:36:59.096 I/view_enqueue_input_event(14955): [Motion - Cancel,com.android.settings/com.android.settings.Settings]
12-31 04:36:59.108 I/input_interaction( 1505): Interaction with: edge-swipe (server), swipe-up (server), PointerEventDispatcher0 (server),
12-31 04:36:59.110 I/sysui_latency( 2581): [1,65]
12-31 04:36:59.120 I/input_focus( 1505): [Focus request recents_animation_input_consumer,reason=UpdateInputWindows]
12-31 04:36:59.144 I/input_focus( 1505): [Focus leaving adc5c4 com.android.settings/com.android.settings.Settings (server),reason=NOT_FOCUSABLE]
12-31 04:36:59.144 I/input_focus( 1505): [Focus entering recents_animation_input_consumer (server),reason=setFocusedWindow]
12-31 04:36:59.216 I/commit_sys_config_file( 1505): [settings-1-0,4]
12-31 04:36:59.331 I/sysui_latency( 1505): [8,64]
12-31 04:37:00.003 I/wm_task_moved( 1505): [1,1,6]
12-31 04:37:00.007 I/wm_on_top_resumed_lost_called(14955): [2887587,com.android.settings.Settings,topStateChangedWhenResumed]
12-31 04:37:00.007 I/wm_focused_root_task( 1505): [0,0,1,40,RecentsAnimation.onAnimationFinished()]
12-31 04:37:00.008 I/wm_pause_activity( 1505): [0,2887587,com.android.settings/.Settings,userLeaving=false,pauseBackTasks]
12-31 04:37:00.009 I/wm_set_resumed_activity( 1505): [0,com.android.launcher3/.uioverrides.QuickstepLauncher,resumeTopActivityInnerLocked]
12-31 04:37:00.010 I/wm_resume_activity( 1505): [0,83241864,9,com.android.launcher3/.uioverrides.QuickstepLauncher]
12-31 04:37:00.010 I/wm_add_to_stopping( 1505): [0,2887587,com.android.settings/.Settings,makeInvisible]
12-31 04:37:00.011 I/wm_on_resume_called( 2581): [83241864,com.android.launcher3.uioverrides.QuickstepLauncher,RESUME_ACTIVITY]
12-31 04:37:00.016 I/input_focus( 1505): [Focus request 5f64dd7 com.android.launcher3/com.android.launcher3.uioverrides.QuickstepLauncher,reason=UpdateInputWindows]
12-31 04:37:00.018 I/sysui_multi_action(14955): [757,35,758,2,1089,1938]
12-31 04:37:00.018 I/wm_stop_activity( 1505): [0,2887587,com.android.settings/.Settings]
12-31 04:37:00.019 I/sysui_multi_action( 1505): [757,803,799,window_time_0,802,2]
12-31 04:37:00.021 I/sysui_multi_action( 1505): [757,803,799,window_time_0,802,0]
12-31 04:37:00.021 I/sysui_multi_action(14955): [757,746,758,2,1089,1933]
12-31 04:37:00.031 I/input_focus( 1505): [Focus leaving recents_animation_input_consumer (server),reason=NOT_VISIBLE]
12-31 04:37:00.031 I/input_focus( 1505): [Focus entering 5f64dd7 com.android.launcher3/com.android.launcher3.uioverrides.QuickstepLauncher (server),reason=setFocusedWindow]
12-31 04:37:00.034 I/wm_on_paused_called(14955): [2887587,com.android.settings.Settings,performPause]
12-31 04:37:00.044 I/wm_on_stop_called(14955): [2887587,com.android.settings.Settings,STOP_ACTIVITY_ITEM]
12-31 04:37:00.066 I/wm_on_top_resumed_gained_called( 2581): [83241864,com.android.launcher3.uioverrides.QuickstepLauncher,topStateChangedWhenResumed]
12-31 04:37:00.242 I/commit_sys_config_file( 1505): [settings-1-0,4]
12-31 04:37:00.623 I/input_interaction( 1505): Interaction with: 5f64dd7 com.android.launcher3/com.android.launcher3.uioverrides.QuickstepLauncher (server), 3a8c96a com.android.systemui.ImageWallpaper (server), edge-swipe (server), swipe-up (server), PointerEventDispatcher0 (server),
12-31 04:37:00.859 I/auditd ( 0): type=1400 audit(0.0:13732): avc: denied { kill } for comm="swapper/2" capability=5 scontext=u:r:kernel:s0 tcontext=u:r:kernel:s0 tclass=capability permissive=0
12-31 04:37:01.859 I/auditd ( 0): type=1400 audit(0.0:13733): avc: denied { kill } for comm="swapper/2" capability=5 scontext=u:r:kernel:s0 tcontext=u:r:kernel:s0 tclass=capability permissive=0
12-31 04:37:02.036 I/input_interaction( 1505): Interaction with: 1c2e319 StatusBar (server), edge-swipe (server), swipe-up (server), PointerEventDispatcher0 (server),
12-31 04:37:02.040 I/sysui_multi_action( 1996): [757,803,799,panel_open,802,1]
12-31 04:37:02.041 I/sysui_multi_action( 1996): [757,1328,758,4,1326,44,1327,2,1329,0]
12-31 04:37:02.092 I/sysui_multi_action( 1505): [757,127,758,1]
12-31 04:37:02.092 I/sysui_multi_action( 1505): [757,804,799,note_load,801,3,802,1]
12-31 04:37:02.092 I/notification_panel_revealed( 1505): 3
12-31 04:37:02.105 I/input_focus( 1505): [Focus request c825af4 NotificationShade,reason=UpdateInputWindows]
12-31 04:37:02.114 I/sysui_multi_action( 1505): [757,128,758,1,793,10873403,794,0,795,10873403,796,26,798,0,806,android,857,DEVELOPER_IMPORTANT,858,4,947,0,1395,3,1500,10873197,1688,1]
12-31 04:37:02.115 I/sysui_multi_action( 1505): [757,804,799,note_freshness,801,10873403,802,1]
12-31 04:37:02.115 I/notification_visibility( 1505): [-1|android|26|null|1000,1,10873403,10873403,0,0]
12-31 04:37:02.115 I/sysui_multi_action( 1505): [757,128,758,1,793,1005721,794,0,795,1005721,796,4273,798,1,806,com.android.systemui,857,screen_record,858,3,947,0,1395,3,1500,1005519,1688,1,1745,680407814]
12-31 04:37:02.115 I/sysui_multi_action( 1505): [757,804,799,note_freshness,801,1005721,802,1]
12-31 04:37:02.115 I/notification_visibility( 1505): [0|com.android.systemui|4273|null|10081,1,1005721,1005721,0,1]
12-31 04:37:02.115 I/sysui_multi_action( 1505): [757,128,758,1,793,12137585,794,0,795,12137585,796,32,798,2,806,android,857,USB,858,1,947,0,1395,3,1500,12137125,1688,1]
12-31 04:37:02.115 I/sysui_multi_action( 1505): [757,804,799,note_freshness,801,12137585,802,1]
12-31 04:37:02.115 I/notification_visibility( 1505): [-1|android|32|null|1000,1,12137585,12137585,0,2]
12-31 04:37:02.121 I/input_focus( 1505): [Focus leaving 5f64dd7 com.android.launcher3/com.android.launcher3.uioverrides.QuickstepLauncher (server),reason=setFocusedWindow]
12-31 04:37:02.121 I/input_focus( 1505): [Focus entering c825af4 NotificationShade (server),reason=setFocusedWindow]
12-31 04:37:02.152 I/sysui_multi_action( 1996): [757,111,758,1]
12-31 04:37:02.152 I/sysui_multi_action( 1996): [757,126,758,1,759,126,927,0,928,1,1593,0]
12-31 04:37:02.152 I/sysui_multi_action( 1996): [757,0,758,1,759,0,927,1,928,0,1593,0]
12-31 04:37:02.152 I/sysui_multi_action( 1996): [757,0,758,1,759,0,927,2,928,0,1593,0]
12-31 04:37:02.152 I/sysui_multi_action( 1996): [757,491,758,1,759,491,927,3,928,0,1311,-1,1593,0]
12-31 04:37:02.152 I/sysui_multi_action( 1996): [757,113,758,1,759,113,927,4,928,1,1593,0]
12-31 04:37:02.153 I/sysui_multi_action( 1996): [757,0,758,1,759,0,927,5,928,0,1593,0]
12-31 04:37:02.153 I/sysui_multi_action( 1996): [757,111,758,1]
12-31 04:37:02.153 I/sysui_multi_action( 1996): [757,126,758,1,759,126,927,0,928,1,1593,0]
12-31 04:37:02.153 I/sysui_multi_action( 1996): [757,0,758,1,759,0,927,1,928,0,1593,0]
12-31 04:37:02.153 I/sysui_multi_action( 1996): [757,0,758,1,759,0,927,2,928,0,1593,0]
12-31 04:37:02.154 I/sysui_multi_action( 1996): [757,491,758,1,759,491,927,3,928,0,1311,-1,1593,0]
12-31 04:37:02.859 I/auditd ( 0): type=1400 audit(0.0:13734): avc: denied { kill } for comm="swapper/2" capability=5 scontext=u:r:kernel:s0 tcontext=u:r:kernel:s0 tclass=capability permissive=0
12-31 04:37:03.745 I/input_interaction( 1505): Interaction with: c825af4 NotificationShade (server), edge-swipe (server), swipe-up (server), PointerEventDispatcher0 (server),
12-31 04:37:03.859 I/auditd ( 0): type=1400 audit(0.0:13735): avc: denied { kill } for comm="swapper/2" capability=5 scontext=u:r:kernel:s0 tcontext=u:r:kernel:s0 tclass=capability permissive=0
12-31 04:37:04.144 I/sysui_multi_action( 1505): [757,128,758,2,793,12139614,794,2029,795,12139614,796,32,798,2,806,android,857,USB,858,1,947,0,1395,3,1500,12139154,1688,1]
12-31 04:37:04.144 I/notification_visibility( 1505): [-1|android|32|null|1000,0,12139614,12139614,0,2]
12-31 04:37:04.408 I/sysui_multi_action( 1996): [757,409,758,4,759,1]
12-31 04:37:04.648 I/sysui_multi_action( 1505): [757,128,758,3,793,1008254,794,2533,795,1008254,796,4273,806,com.android.systemui,857,screen_record,858,3,947,0,1500,1008052,1688,1,1745,680407814]
12-31 04:37:06.670 I/sysui_multi_action( 1505): [757,128,758,1,793,12142140,794,0,795,12142140,796,32,798,2,806,android,857,USB,858,1,947,0,1395,3,1500,12141680,1688,1]
12-31 04:37:06.671 I/sysui_multi_action( 1505): [757,804,799,note_freshness,801,12142140,802,1]
12-31 04:37:06.671 I/notification_visibility( 1505): [-1|android|32|null|1000,1,12142140,12142140,0,2]
12-31 04:37:07.105 I/sysui_multi_action( 1996): [757,111,758,2]
12-31 04:37:07.106 I/sysui_multi_action( 1996): [757,111,758,2]
12-31 04:37:07.107 I/notification_enqueue( 1505): [10081,1996,com.android.systemui,2048,NULL,0,Notification(channel=updateNotification shortcut=null contentView=null vibrate=null sound=null defaults=0x0 flags=0x0 color=0x00000000 vis=PRIVATE),1]
12-31 04:37:07.307 I/input_focus( 1505): [Focus request 5f64dd7 com.android.launcher3/com.android.launcher3.uioverrides.QuickstepLauncher,reason=UpdateInputWindows]
12-31 04:37:07.319 I/sysui_multi_action( 1505): [757,128,758,2,793,10878608,794,5205,795,10878608,796,26,798,0,806,android,857,DEVELOPER_IMPORTANT,858,4,947,0,1395,3,1500,10878402,1688,1]
12-31 04:37:07.320 I/notification_visibility( 1505): [-1|android|26|null|1000,0,10878608,10878608,0,0]
12-31 04:37:07.320 I/sysui_multi_action( 1505): [757,128,758,2,793,1010926,794,5205,795,1010926,796,4273,798,1,806,com.android.systemui,857,screen_record,858,3,947,0,1395,3,1500,1010724,1688,1,1745,680407814]
12-31 04:37:07.320 I/notification_visibility( 1505): [0|com.android.systemui|4273|null|10081,0,1010926,1010926,0,1]
12-31 04:37:07.320 I/sysui_multi_action( 1505): [757,128,758,2,793,12142790,794,650,795,12142790,796,32,798,2,806,android,857,USB,858,1,947,0,1395,3,1500,12142330,1688,1]
12-31 04:37:07.320 I/notification_visibility( 1505): [-1|android|32|null|1000,0,12142790,12142790,0,2]
12-31 04:37:07.321 I/sysui_multi_action( 1505): [757,127,758,2]
12-31 04:37:07.321 I/notification_panel_hidden( 1505):
12-31 04:37:07.332 I/input_focus( 1505): [Focus leaving c825af4 NotificationShade (server),reason=NOT_FOCUSABLE]
12-31 04:37:07.332 I/input_focus( 1505): [Focus entering 5f64dd7 com.android.launcher3/com.android.launcher3.uioverrides.QuickstepLauncher (server),reason=setFocusedWindow]
12-31 04:37:07.859 I/auditd ( 0): type=1400 audit(0.0:13736): avc: denied { kill } for comm="swapper/0" capability=5 scontext=u:r:kernel:s0 tcontext=u:r:kernel:s0 tclass=capability permissive=0
12-31 04:37:08.238 I/am_uid_idle( 1505): 10052
12-31 04:37:08.859 I/auditd ( 0): type=1400 audit(0.0:13737): avc: denied { kill } for comm="swapper/0" capability=5 scontext=u:r:kernel:s0 tcontext=u:r:kernel:s0 tclass=capability permissive=0
12-31 04:37:09.859 I/auditd ( 0): type=1400 audit(0.0:13738): avc: denied { kill } for comm="swapper/0" capability=5 scontext=u:r:kernel:s0 tcontext=u:r:kernel:s0 tclass=capability permissive=0
12-31 04:37:10.859 I/auditd ( 0): type=1400 audit(0.0:13739): avc: denied { kill } for comm="swapper/0" capability=5 scontext=u:r:kernel:s0 tcontext=u:r:kernel:s0 tclass=capability permissive=0
12-31 04:37:11.859 I/auditd ( 0): type=1400 audit(0.0:13740): avc: denied { kill } for comm="swapper/0" capability=5 scontext=u:r:kernel:s0 tcontext=u:r:kernel:s0 tclass=capability permissive=0
12-31 04:37:12.859 I/auditd ( 0): type=1400 audit(0.0:13741): avc: denied { kill } for comm="swapper/0" capability=5 scontext=u:r:kernel:s0 tcontext=u:r:kernel:s0 tclass=capability permissive=0
12-31 04:37:13.859 I/auditd ( 0): type=1400 audit(0.0:13742): avc: denied { kill } for comm="swapper/0" capability=5 scontext=u:r:kernel:s0 tcontext=u:r:kernel:s0 tclass=capability permissive=0
12-31 04:37:14.859 I/auditd ( 0): type=1400 audit(0.0:13743): avc: denied { kill } for comm="swapper/0" capability=5 scontext=u:r:kernel:s0 tcontext=u:r:kernel:s0 tclass=capability permissive=0
12-31 04:37:15.859 I/auditd ( 0): type=1400 audit(0.0:13744): avc: denied { kill } for comm="swapper/0" capability=5 scontext=u:r:kernel:s0 tcontext=u:r:kernel:s0 tclass=capability permissive=0
12-31 04:37:16.859 I/auditd ( 0): type=1400 audit(0.0:13745): avc: denied { kill } for comm="swapper/0" capability=5 scontext=u:r:kernel:s0 tcontext=u:r:kernel:s0 tclass=capability permissive=0
12-31 04:37:17.859 I/auditd ( 0): type=1400 audit(0.0:13746): avc: denied { kill } for comm="swapper/0" capability=5 scontext=u:r:kernel:s0 tcontext=u:r:kernel:s0 tclass=capability permissive=0
12-31 04:37:18.859 I/auditd ( 0): type=1400 audit(0.0:13747): avc: denied { kill } for comm="swapper/0" capability=5 scontext=u:r:kernel:s0 tcontext=u:r:kernel:s0 tclass=capability permissive=0
12-31 04:37:19.859 I/auditd ( 0): type=1400 audit(0.0:13748): avc: denied { kill } for comm="swapper/0" capability=5 scontext=u:r:kernel:s0 tcontext=u:r:kernel:s0 tclass=capability permissive=0
12-31 04:37:20.859 I/auditd ( 0): type=1400 audit(0.0:13749): avc: denied { kill } for comm="swapper/0" capability=5 scontext=u:r:kernel:s0 tcontext=u:r:kernel:s0 tclass=capability permissive=0
12-31 04:37:21.859 I/auditd ( 0): type=1400 audit(0.0:13750): avc: denied { kill } for comm="swapper/0" capability=5 scontext=u:r:kernel:s0 tcontext=u:r:kernel:s0 tclass=capability permissive=0
12-31 04:37:22.859 I/auditd ( 0): type=1400 audit(0.0:13751): avc: denied { kill } for comm="swapper/0" capability=5 scontext=u:r:kernel:s0 tcontext=u:r:kernel:s0 tclass=capability permissive=0
12-31 04:37:23.859 I/auditd ( 0): type=1400 audit(0.0:13752): avc: denied { kill } for comm="swapper/0" capability=5 scontext=u:r:kernel:s0 tcontext=u:r:kernel:s0 tclass=capability permissive=0
12-31 04:37:24.859 I/auditd ( 0): type=1400 audit(0.0:13753): avc: denied { kill } for comm="swapper/0" capability=5 scontext=u:r:kernel:s0 tcontext=u:r:kernel:s0 tclass=capability permissive=0
12-31 04:37:25.859 I/auditd ( 0): type=1400 audit(0.0:13754): avc: denied { kill } for comm="swapper/0" capability=5 scontext=u:r:kernel:s0 tcontext=u:r:kernel:s0 tclass=capability permissive=0
12-31 04:37:26.859 I/auditd ( 0): type=1400 audit(0.0:13755): avc: denied { kill } for comm="swapper/0" capability=5 scontext=u:r:kernel:s0 tcontext=u:r:kernel:s0 tclass=capability permissive=0
12-31 04:37:27.859 I/auditd ( 0): type=1400 audit(0.0:13756): avc: denied { kill } for comm="swapper/0" capability=5 scontext=u:r:kernel:s0 tcontext=u:r:kernel:s0 tclass=capability permissive=0
12-31 04:37:28.859 I/auditd ( 0): type=1400 audit(0.0:13757): avc: denied { kill } for comm="swapper/0" capability=5 scontext=u:r:kernel:s0 tcontext=u:r:kernel:s0 tclass=capability permissive=0
12-31 04:37:29.859 I/auditd ( 0): type=1400 audit(0.0:13758): avc: denied { kill } for comm="swapper/0" capability=5 scontext=u:r:kernel:s0 tcontext=u:r:kernel:s0 tclass=capability permissive=0
12-31 04:37:30.859 I/auditd ( 0): type=1400 audit(0.0:13759): avc: denied { kill } for comm="swapper/0" capability=5 scontext=u:r:kernel:s0 tcontext=u:r:kernel:s0 tclass=capability permissive=0
12-31 04:37:32.859 I/auditd ( 0): type=1400 audit(0.0:13760): avc: denied { kill } for comm="swapper/0" capability=5 scontext=u:r:kernel:s0 tcontext=u:r:kernel:s0 tclass=capability permissive=0
12-31 04:37:33.859 I/auditd ( 0): type=1400 audit(0.0:13761): avc: denied { kill } for comm="swapper/0" capability=5 scontext=u:r:kernel:s0 tcontext=u:r:kernel:s0 tclass=capability permissive=0
12-31 04:37:34.859 I/auditd ( 0): type=1400 audit(0.0:13762): avc: denied { kill } for comm="swapper/0" capability=5 scontext=u:r:kernel:s0 tcontext=u:r:kernel:s0 tclass=capability permissive=0
12-31 04:37:35.859 I/auditd ( 0): type=1400 audit(0.0:13763): avc: denied { kill } for comm="swapper/0" capability=5 scontext=u:r:kernel:s0 tcontext=u:r:kernel:s0 tclass=capability permissive=0
12-31 04:37:36.859 I/auditd ( 0): type=1400 audit(0.0:13764): avc: denied { kill } for comm="swapper/0" capability=5 scontext=u:r:kernel:s0 tcontext=u:r:kernel:s0 tclass=capability permissive=0
12-31 04:37:37.859 I/auditd ( 0): type=1400 audit(0.0:13765): avc: denied { kill } for comm="swapper/0" capability=5 scontext=u:r:kernel:s0 tcontext=u:r:kernel:s0 tclass=capability permissive=0
12-31 04:37:38.859 I/auditd ( 0): type=1400 audit(0.0:13766): avc: denied { kill } for comm="swapper/0" capability=5 scontext=u:r:kernel:s0 tcontext=u:r:kernel:s0 tclass=capability permissive=0
12-31 04:37:39.859 I/auditd ( 0): type=1400 audit(0.0:13767): avc: denied { kill } for comm="swapper/0" capability=5 scontext=u:r:kernel:s0 tcontext=u:r:kernel:s0 tclass=capability permissive=0
12-31 04:37:40.859 I/auditd ( 0): type=1400 audit(0.0:13768): avc: denied { kill } for comm="swapper/0" capability=5 scontext=u:r:kernel:s0 tcontext=u:r:kernel:s0 tclass=capability permissive=0
12-31 04:37:41.859 I/auditd ( 0): type=1400 audit(0.0:13769): avc: denied { kill } for comm="swapper/0" capability=5 scontext=u:r:kernel:s0 tcontext=u:r:kernel:s0 tclass=capability permissive=0
12-31 04:37:42.859 I/auditd ( 0): type=1400 audit(0.0:13770): avc: denied { kill } for comm="swapper/0" capability=5 scontext=u:r:kernel:s0 tcontext=u:r:kernel:s0 tclass=capability permissive=0
12-31 04:37:43.859 I/auditd ( 0): type=1400 audit(0.0:13771): avc: denied { kill } for comm="swapper/0" capability=5 scontext=u:r:kernel:s0 tcontext=u:r:kernel:s0 tclass=capability permissive=0
12-31 04:37:44.859 I/auditd (13952): type=1400 audit(0.0:13772): avc: denied { kill } for comm="kworker/u16:13" capability=5 scontext=u:r:kernel:s0 tcontext=u:r:kernel:s0 tclass=capability permissive=0
12-31 04:37:45.859 I/auditd ( 0): type=1400 audit(0.0:13773): avc: denied { kill } for comm="swapper/0" capability=5 scontext=u:r:kernel:s0 tcontext=u:r:kernel:s0 tclass=capability permissive=0
12-31 04:37:46.859 I/auditd ( 0): type=1400 audit(0.0:13774): avc: denied { kill } for comm="swapper/0" capability=5 scontext=u:r:kernel:s0 tcontext=u:r:kernel:s0 tclass=capability permissive=0
12-31 04:37:47.859 I/auditd ( 0): type=1400 audit(0.0:13775): avc: denied { kill } for comm="swapper/0" capability=5 scontext=u:r:kernel:s0 tcontext=u:r:kernel:s0 tclass=capability permissive=0
12-31 04:37:48.859 I/auditd ( 0): type=1400 audit(0.0:13776): avc: denied { kill } for comm="swapper/0" capability=5 scontext=u:r:kernel:s0 tcontext=u:r:kernel:s0 tclass=capability permissive=0
12-31 04:37:49.859 I/auditd ( 0): type=1400 audit(0.0:13777): avc: denied { kill } for comm="swapper/0" capability=5 scontext=u:r:kernel:s0 tcontext=u:r:kernel:s0 tclass=capability permissive=0
12-31 04:37:50.859 I/auditd ( 0): type=1400 audit(0.0:13778): avc: denied { kill } for comm="swapper/0" capability=5 scontext=u:r:kernel:s0 tcontext=u:r:kernel:s0 tclass=capability permissive=0
12-31 04:37:51.859 I/auditd ( 0): type=1400 audit(0.0:13779): avc: denied { kill } for comm="swapper/0" capability=5 scontext=u:r:kernel:s0 tcontext=u:r:kernel:s0 tclass=capability permissive=0
12-31 04:37:52.859 I/auditd ( 0): type=1400 audit(0.0:13780): avc: denied { kill } for comm="swapper/0" capability=5 scontext=u:r:kernel:s0 tcontext=u:r:kernel:s0 tclass=capability permissive=0
12-31 04:37:53.859 I/auditd ( 0): type=1400 audit(0.0:13781): avc: denied { kill } for comm="swapper/0" capability=5 scontext=u:r:kernel:s0 tcontext=u:r:kernel:s0 tclass=capability permissive=0
12-31 04:37:54.859 I/auditd ( 0): type=1400 audit(0.0:13782): avc: denied { kill } for comm="swapper/0" capability=5 scontext=u:r:kernel:s0 tcontext=u:r:kernel:s0 tclass=capability permissive=0
12-31 04:37:55.859 I/auditd ( 0): type=1400 audit(0.0:13783): avc: denied { kill } for comm="swapper/0" capability=5 scontext=u:r:kernel:s0 tcontext=u:r:kernel:s0 tclass=capability permissive=0
12-31 04:37:56.859 I/auditd ( 0): type=1400 audit(0.0:13784): avc: denied { kill } for comm="swapper/0" capability=5 scontext=u:r:kernel:s0 tcontext=u:r:kernel:s0 tclass=capability permissive=0
12-31 04:37:57.859 I/auditd ( 0): type=1400 audit(0.0:13785): avc: denied { kill } for comm="swapper/0" capability=5 scontext=u:r:kernel:s0 tcontext=u:r:kernel:s0 tclass=capability permissive=0
12-31 04:37:58.859 I/auditd ( 0): type=1400 audit(0.0:13786): avc: denied { kill } for comm="swapper/0" capability=5 scontext=u:r:kernel:s0 tcontext=u:r:kernel:s0 tclass=capability permissive=0
12-31 04:37:59.756 I/sysui_multi_action( 1505): [757,1696,758,6,759,2]
12-31 04:37:59.768 I/am_wtf ( 1505): [0,1505,system_server,-1,DisplayDeviceConfig,requesting nits when no mapping exists.]
12-31 04:37:59.772 I/am_wtf ( 1505): [0,1505,system_server,-1,DisplayDeviceConfig,requesting nits when no mapping exists.]
12-31 04:37:59.784 I/am_wtf ( 1505): [0,1505,system_server,-1,DisplayDeviceConfig,requesting nits when no mapping exists.]
12-31 04:37:59.786 I/am_wtf ( 1505): [0,1505,system_server,-1,DisplayDeviceConfig,requesting nits when no mapping exists.]
12-31 04:37:59.801 I/am_wtf ( 1505): [0,1505,system_server,-1,DisplayDeviceConfig,requesting nits when no mapping exists.]
12-31 04:37:59.803 I/am_wtf ( 1505): [0,1505,system_server,-1,DisplayDeviceConfig,requesting nits when no mapping exists.]
12-31 04:37:59.806 I/am_wtf ( 1505): [0,1505,system_server,-1,DisplayDeviceConfig,requesting nits when no mapping exists.]
12-31 04:37:59.807 I/am_wtf ( 1505): [0,1505,system_server,-1,DisplayDeviceConfig,requesting nits when no mapping exists.]
12-31 04:37:59.823 I/am_wtf ( 1505): [0,1505,system_server,-1,DisplayDeviceConfig,requesting nits when no mapping exists.]
12-31 04:37:59.824 I/am_wtf ( 1505): [0,1505,system_server,-1,DisplayDeviceConfig,requesting nits when no mapping exists.]
12-31 04:37:59.841 I/am_wtf ( 1505): [0,1505,system_server,-1,DisplayDeviceConfig,requesting nits when no mapping exists.]
12-31 04:37:59.841 I/am_wtf ( 1505): [0,1505,system_server,-1,DisplayDeviceConfig,requesting nits when no mapping exists.]
12-31 04:37:59.857 I/am_wtf ( 1505): [0,1505,system_server,-1,DisplayDeviceConfig,requesting nits when no mapping exists.]
12-31 04:37:59.858 I/am_wtf ( 1505): [0,1505,system_server,-1,DisplayDeviceConfig,requesting nits when no mapping exists.]
12-31 04:37:59.859 I/auditd ( 0): type=1400 audit(0.0:13787): avc: denied { kill } for comm="swapper/0" capability=5 scontext=u:r:kernel:s0 tcontext=u:r:kernel:s0 tclass=capability permissive=0
12-31 04:37:59.874 I/am_wtf ( 1505): [0,1505,system_server,-1,DisplayDeviceConfig,requesting nits when no mapping exists.]
12-31 04:37:59.874 I/am_wtf ( 1505): [0,1505,system_server,-1,DisplayDeviceConfig,requesting nits when no mapping exists.]
12-31 04:37:59.890 I/am_wtf ( 1505): [0,1505,system_server,-1,DisplayDeviceConfig,requesting nits when no mapping exists.]
12-31 04:37:59.892 I/am_wtf ( 1505): [0,1505,system_server,-1,DisplayDeviceConfig,requesting nits when no mapping exists.]
12-31 04:37:59.907 I/am_wtf ( 1505): [0,1505,system_server,-1,DisplayDeviceConfig,requesting nits when no mapping exists.]
