01-01 11:42:18.374 D/mv2112_update_link( 0): link 0x0
01-01 11:42:18.374 D/mv2112_read_status( 0): autoneg is disabled
12-31 04:56:49.855 E/DisplayDeviceConfig( 1505): requesting nits when no mapping exists.
12-31 04:56:49.855 E/DisplayDeviceConfig( 1505): requesting nits when no mapping exists.
12-31 04:56:49.855 I/am_wtf ( 1505): [0,1505,system_server,-1,DisplayDeviceConfig,requesting nits when no mapping exists.]
12-31 04:56:49.856 I/am_wtf ( 1505): [0,1505,system_server,-1,DisplayDeviceConfig,requesting nits when no mapping exists.]
12-31 04:56:49.856 W/View ( 1996): requestLayout() improperly called by android.widget.FrameLayout{7ce9444 I.E...... ......ID 0,0-780,198 #2bc} during layout: running second layout pass
12-31 04:56:49.856 W/View ( 1996): requestLayout() improperly called by com.android.systemui.statusbar.AlphaOptimizedImageView{476e623 VFED..C.. ......ID 0,0-140,198} during layout: running second layout pass
12-31 04:56:49.856 W/View ( 1996): requestLayout() improperly called by android.widget.FrameLayout{ef542c I.E...... ......ID 0,0-780,198 #2bc} during layout: running second layout pass
12-31 04:56:49.856 W/View ( 1996): requestLayout() improperly called by com.android.systemui.statusbar.AlphaOptimizedImageView{e8a8227 VFED..C.. ......ID 0,0-140,84} during layout: running second layout pass
12-31 04:56:49.857 W/View ( 1996): requestLayout() improperly called by android.widget.FrameLayout{7ce9444 I.E...... ......ID 0,0-780,198 #2bc} during second layout pass: posting in next frame
12-31 04:56:49.857 W/View ( 1996): requestLayout() improperly called by com.android.systemui.statusbar.AlphaOptimizedImageView{476e623 VFED..C.. ......ID 0,0-140,198} during second layout pass: posting in next frame
12-31 04:56:49.857 W/View ( 1996): requestLayout() improperly called by android.widget.FrameLayout{ef542c I.E...... ......ID 0,0-780,198 #2bc} during second layout pass: posting in next frame
12-31 04:56:49.857 W/View ( 1996): requestLayout() improperly called by com.android.systemui.statusbar.AlphaOptimizedImageView{e8a8227 VFED..C.. ......ID 0,0-140,84} during second layout pass: posting in next frame
12-31 04:56:49.859 I/auditd ( 0): type=1400 audit(0.0:14970): avc: denied { kill } for comm="swapper/2" capability=5 scontext=u:r:kernel:s0 tcontext=u:r:kernel:s0 tclass=capability permissive=0
12-31 04:56:49.859 W/swapper/2( 0): type=1400 audit(0.0:14970): avc: denied { kill } for capability=5 scontext=u:r:kernel:s0 tcontext=u:r:kernel:s0 tclass=capability permissive=0
12-31 04:56:49.872 W/View ( 1996): requestLayout() improperly called by android.widget.FrameLayout{7ce9444 I.E...... ......ID 0,0-780,198 #2bc} during layout: running second layout pass
12-31 04:56:49.872 W/View ( 1996): requestLayout() improperly called by com.android.systemui.statusbar.AlphaOptimizedImageView{476e623 VFED..C.. ......ID 0,0-140,198} during layout: running second layout pass
12-31 04:56:49.872 W/View ( 1996): requestLayout() improperly called by android.widget.FrameLayout{ef542c I.E...... ......ID 0,0-780,198 #2bc} during layout: running second layout pass
12-31 04:56:49.872 W/View ( 1996): requestLayout() improperly called by com.android.systemui.statusbar.AlphaOptimizedImageView{e8a8227 VFED..C.. ......ID 0,0-140,84} during layout: running second layout pass
12-31 04:56:49.873 E/DisplayDeviceConfig( 1505): requesting nits when no mapping exists.
12-31 04:56:49.873 W/View ( 1996): requestLayout() improperly called by android.widget.FrameLayout{7ce9444 I.E...... ......ID 0,0-780,198 #2bc} during second layout pass: posting in next frame
12-31 04:56:49.873 E/DisplayDeviceConfig( 1505): requesting nits when no mapping exists.
12-31 04:56:49.873 I/am_wtf ( 1505): [0,1505,system_server,-1,DisplayDeviceConfig,requesting nits when no mapping exists.]
12-31 04:56:49.873 W/View ( 1996): requestLayout() improperly called by com.android.systemui.statusbar.AlphaOptimizedImageView{476e623 VFED..C.. ......ID 0,0-140,198} during second layout pass: posting in next frame
12-31 04:56:49.873 W/View ( 1996): requestLayout() improperly called by android.widget.FrameLayout{ef542c I.E...... ......ID 0,0-780,198 #2bc} during second layout pass: posting in next frame
12-31 04:56:49.873 W/View ( 1996): requestLayout() improperly called by com.android.systemui.statusbar.AlphaOptimizedImageView{e8a8227 VFED..C.. ......ID 0,0-140,84} during second layout pass: posting in next frame
12-31 04:56:49.873 I/am_wtf ( 1505): [0,1505,system_server,-1,DisplayDeviceConfig,requesting nits when no mapping exists.]
12-31 04:56:49.889 E/DisplayDeviceConfig( 1505): requesting nits when no mapping exists.
12-31 04:56:49.889 I/am_wtf ( 1505): [0,1505,system_server,-1,DisplayDeviceConfig,requesting nits when no mapping exists.]
12-31 04:56:49.889 E/DisplayDeviceConfig( 1505): requesting nits when no mapping exists.
12-31 04:56:49.889 W/View ( 1996): requestLayout() improperly called by android.widget.FrameLayout{7ce9444 I.E...... ......ID 0,0-780,198 #2bc} during layout: running second layout pass
12-31 04:56:49.889 W/View ( 1996): requestLayout() improperly called by com.android.systemui.statusbar.AlphaOptimizedImageView{476e623 VFED..C.. ......ID 0,0-140,198} during layout: running second layout pass
12-31 04:56:49.889 W/View ( 1996): requestLayout() improperly called by android.widget.FrameLayout{ef542c I.E...... ......ID 0,0-780,198 #2bc} during layout: running second layout pass
12-31 04:56:49.889 W/View ( 1996): requestLayout() improperly called by com.android.systemui.statusbar.AlphaOptimizedImageView{e8a8227 VFED..C.. ......ID 0,0-140,84} during layout: running second layout pass
12-31 04:56:49.889 I/am_wtf ( 1505): [0,1505,system_server,-1,DisplayDeviceConfig,requesting nits when no mapping exists.]
12-31 04:56:49.889 W/View ( 1996): requestLayout() improperly called by android.widget.FrameLayout{7ce9444 I.E...... ......ID 0,0-780,198 #2bc} during second layout pass: posting in next frame
12-31 04:56:49.889 W/View ( 1996): requestLayout() improperly called by com.android.systemui.statusbar.AlphaOptimizedImageView{476e623 VFED..C.. ......ID 0,0-140,198} during second layout pass: posting in next frame
12-31 04:56:49.889 W/View ( 1996): requestLayout() improperly called by android.widget.FrameLayout{ef542c I.E...... ......ID 0,0-780,198 #2bc} during second layout pass: posting in next frame
12-31 04:56:49.889 W/View ( 1996): requestLayout() improperly called by com.android.systemui.statusbar.AlphaOptimizedImageView{e8a8227 VFED..C.. ......ID 0,0-140,84} during second layout pass: posting in next frame
12-31 04:56:49.906 W/View ( 1996): requestLayout() improperly called by android.widget.FrameLayout{7ce9444 I.E...... ......ID 0,0-780,198 #2bc} during layout: running second layout pass
12-31 04:56:49.906 W/View ( 1996): requestLayout() improperly called by com.android.systemui.statusbar.AlphaOptimizedImageView{476e623 VFED..C.. ......ID 0,0-140,198} during layout: running second layout pass
12-31 04:56:49.906 W/View ( 1996): requestLayout() improperly called by android.widget.FrameLayout{ef542c I.E...... ......ID 0,0-780,198 #2bc} during layout: running second layout pass
12-31 04:56:49.906 W/View ( 1996): requestLayout() improperly called by com.android.systemui.statusbar.AlphaOptimizedImageView{e8a8227 VFED..C.. ......ID 0,0-140,84} during layout: running second layout pass
12-31 04:56:49.906 W/View ( 1996): requestLayout() improperly called by android.widget.FrameLayout{7ce9444 I.E...... ......ID 0,0-780,198 #2bc} during second layout pass: posting in next frame
12-31 04:56:49.906 E/DisplayDeviceConfig( 1505): requesting nits when no mapping exists.
12-31 04:56:49.906 W/View ( 1996): requestLayout() improperly called by com.android.systemui.statusbar.AlphaOptimizedImageView{476e623 VFED..C.. ......ID 0,0-140,198} during second layout pass: posting in next frame
12-31 04:56:49.906 W/View ( 1996): requestLayout() improperly called by android.widget.FrameLayout{ef542c I.E...... ......ID 0,0-780,198 #2bc} during second layout pass: posting in next frame
12-31 04:56:49.906 W/View ( 1996): requestLayout() improperly called by com.android.systemui.statusbar.AlphaOptimizedImageView{e8a8227 VFED..C.. ......ID 0,0-140,84} during second layout pass: posting in next frame
12-31 04:56:49.906 E/DisplayDeviceConfig( 1505): requesting nits when no mapping exists.
12-31 04:56:49.906 I/am_wtf ( 1505): [0,1505,system_server,-1,DisplayDeviceConfig,requesting nits when no mapping exists.]
12-31 04:56:49.906 I/am_wtf ( 1505): [0,1505,system_server,-1,DisplayDeviceConfig,requesting nits when no mapping exists.]
12-31 04:56:49.917 I/mpu_uart( 645): [MSG-P:RECV]:No message received in 1000 ms
12-31 04:56:49.922 W/View ( 1996): requestLayout() improperly called by android.widget.FrameLayout{7ce9444 I.E...... ......ID 0,0-780,198 #2bc} during layout: running second layout pass
12-31 04:56:49.922 W/View ( 1996): requestLayout() improperly called by com.android.systemui.statusbar.AlphaOptimizedImageView{476e623 VFED..C.. ......ID 0,0-140,198} during layout: running second layout pass
12-31 04:56:49.922 W/View ( 1996): requestLayout() improperly called by android.widget.FrameLayout{ef542c I.E...... ......ID 0,0-780,198 #2bc} during layout: running second layout pass
12-31 04:56:49.922 W/View ( 1996): requestLayout() improperly called by com.android.systemui.statusbar.AlphaOptimizedImageView{e8a8227 VFED..C.. ......ID 0,0-140,84} during layout: running second layout pass
12-31 04:56:49.922 E/DisplayDeviceConfig( 1505): requesting nits when no mapping exists.
12-31 04:56:49.923 E/DisplayDeviceConfig( 1505): requesting nits when no mapping exists.
12-31 04:56:49.923 I/am_wtf ( 1505): [0,1505,system_server,-1,DisplayDeviceConfig,requesting nits when no mapping exists.]
12-31 04:56:49.923 W/View ( 1996): requestLayout() improperly called by android.widget.FrameLayout{7ce9444 I.E...... ......ID 0,0-780,198 #2bc} during second layout pass: posting in next frame
12-31 04:56:49.923 I/service_manager_stats( 1505): [100,47,6999]
12-31 04:56:49.923 W/View ( 1996): requestLayout() improperly called by com.android.systemui.statusbar.AlphaOptimizedImageView{476e623 VFED..C.. ......ID 0,0-140,198} during second layout pass: posting in next frame
12-31 04:56:49.923 W/View ( 1996): requestLayout() improperly called by android.widget.FrameLayout{ef542c I.E...... ......ID 0,0-780,198 #2bc} during second layout pass: posting in next frame
12-31 04:56:49.923 W/View ( 1996): requestLayout() improperly called by com.android.systemui.statusbar.AlphaOptimizedImageView{e8a8227 VFED..C.. ......ID 0,0-140,84} during second layout pass: posting in next frame
12-31 04:56:49.923 I/am_wtf ( 1505): [0,1505,system_server,-1,DisplayDeviceConfig,requesting nits when no mapping exists.]
12-31 04:56:49.939 W/View ( 1996): requestLayout() improperly called by android.widget.FrameLayout{7ce9444 I.E...... ......ID 0,0-780,198 #2bc} during layout: running second layout pass
12-31 04:56:49.939 W/View ( 1996): requestLayout() improperly called by com.android.systemui.statusbar.AlphaOptimizedImageView{476e623 VFED..C.. ......ID 0,0-140,198} during layout: running second layout pass
12-31 04:56:49.939 W/View ( 1996): requestLayout() improperly called by android.widget.FrameLayout{ef542c I.E...... ......ID 0,0-780,198 #2bc} during layout: running second layout pass
12-31 04:56:49.939 W/View ( 1996): requestLayout() improperly called by com.android.systemui.statusbar.AlphaOptimizedImageView{e8a8227 VFED..C.. ......ID 0,0-140,84} during layout: running second layout pass
12-31 04:56:49.940 W/View ( 1996): requestLayout() improperly called by android.widget.FrameLayout{7ce9444 I.E...... ......ID 0,0-780,198 #2bc} during second layout pass: posting in next frame
12-31 04:56:49.940 W/View ( 1996): requestLayout() improperly called by com.android.systemui.statusbar.AlphaOptimizedImageView{476e623 VFED..C.. ......ID 0,0-140,198} during second layout pass: posting in next frame
12-31 04:56:49.940 W/View ( 1996): requestLayout() improperly called by android.widget.FrameLayout{ef542c I.E...... ......ID 0,0-780,198 #2bc} during second layout pass: posting in next frame
12-31 04:56:49.940 W/View ( 1996): requestLayout() improperly called by com.android.systemui.statusbar.AlphaOptimizedImageView{e8a8227 VFED..C.. ......ID 0,0-140,84} during second layout pass: posting in next frame
12-31 04:56:49.941 E/DisplayDeviceConfig( 1505): requesting nits when no mapping exists.
12-31 04:56:49.941 E/DisplayDeviceConfig( 1505): requesting nits when no mapping exists.
12-31 04:56:49.941 I/am_wtf ( 1505): [0,1505,system_server,-1,DisplayDeviceConfig,requesting nits when no mapping exists.]
12-31 04:56:49.941 I/am_wtf ( 1505): [0,1505,system_server,-1,DisplayDeviceConfig,requesting nits when no mapping exists.]
12-31 04:56:49.941 I/wm_stop_activity( 1505): [0,83241864,com.android.launcher3/.uioverrides.QuickstepLauncher]
12-31 04:56:49.955 E/DisplayDeviceConfig( 1505): requesting nits when no mapping exists.
12-31 04:56:49.955 E/DisplayDeviceConfig( 1505): requesting nits when no mapping exists.
12-31 04:56:49.956 I/am_wtf ( 1505): [0,1505,system_server,-1,DisplayDeviceConfig,requesting nits when no mapping exists.]
12-31 04:56:49.956 I/am_wtf ( 1505): [0,1505,system_server,-1,DisplayDeviceConfig,requesting nits when no mapping exists.]
12-31 04:56:49.961 W/View ( 1996): requestLayout() improperly called by android.widget.FrameLayout{7ce9444 I.E...... ......ID 0,0-780,198 #2bc} during layout: running second layout pass
12-31 04:56:49.961 W/View ( 1996): requestLayout() improperly called by com.android.systemui.statusbar.AlphaOptimizedImageView{476e623 VFED..C.. ......ID 0,0-140,198} during layout: running second layout pass
12-31 04:56:49.961 W/View ( 1996): requestLayout() improperly called by android.widget.FrameLayout{ef542c I.E...... ......ID 0,0-780,198 #2bc} during layout: running second layout pass
12-31 04:56:49.961 W/View ( 1996): requestLayout() improperly called by com.android.systemui.statusbar.AlphaOptimizedImageView{e8a8227 VFED..C.. ......ID 0,0-140,84} during layout: running second layout pass
12-31 04:56:49.961 W/View ( 1996): requestLayout() improperly called by android.widget.FrameLayout{7ce9444 I.E...... ......ID 0,0-780,198 #2bc} during second layout pass: posting in next frame
12-31 04:56:49.961 W/View ( 1996): requestLayout() improperly called by com.android.systemui.statusbar.AlphaOptimizedImageView{476e623 VFED..C.. ......ID 0,0-140,198} during second layout pass: posting in next frame
12-31 04:56:49.961 W/View ( 1996): requestLayout() improperly called by android.widget.FrameLayout{ef542c I.E...... ......ID 0,0-780,198 #2bc} during second layout pass: posting in next frame
12-31 04:56:49.961 W/View ( 1996): requestLayout() improperly called by com.android.systemui.statusbar.AlphaOptimizedImageView{e8a8227 VFED..C.. ......ID 0,0-140,84} during second layout pass: posting in next frame
12-31 04:56:49.962 D/StateManager( 2581): goToState: Normal
12-31 04:56:49.962 D/FreeWindowHelper( 2581): enterOrExitRecentTasks: isEnterRecentTasks=false,mExitFlag=0
12-31 04:56:49.962 W/FreeFormWindowHelper( 1505): exitRecentTasks type=0
12-31 04:56:49.963 D/EditModeHelper( 2581): setHotseatVisibility: 0
12-31 04:56:49.964 I/wm_on_stop_called( 2581): [83241864,com.android.launcher3.uioverrides.QuickstepLauncher,STOP_ACTIVITY_ITEM]
12-31 04:56:49.973 W/View ( 1996): requestLayout() improperly called by android.widget.FrameLayout{7ce9444 I.E...... ......ID 0,0-780,198 #2bc} during layout: running second layout pass
12-31 04:56:49.973 W/View ( 1996): requestLayout() improperly called by com.android.systemui.statusbar.AlphaOptimizedImageView{476e623 VFED..C.. ......ID 0,0-140,198} during layout: running second layout pass
12-31 04:56:49.973 W/View ( 1996): requestLayout() improperly called by android.widget.FrameLayout{ef542c I.E...... ......ID 0,0-780,198 #2bc} during layout: running second layout pass
12-31 04:56:49.973 W/View ( 1996): requestLayout() improperly called by com.android.systemui.statusbar.AlphaOptimizedImageView{e8a8227 VFED..C.. ......ID 0,0-140,84} during layout: running second layout pass
12-31 04:56:49.973 W/View ( 1996): requestLayout() improperly called by android.widget.FrameLayout{7ce9444 I.E...... ......ID 0,0-780,198 #2bc} during second layout pass: posting in next frame
12-31 04:56:49.973 W/View ( 1996): requestLayout() improperly called by com.android.systemui.statusbar.AlphaOptimizedImageView{476e623 VFED..C.. ......ID 0,0-140,198} during second layout pass: posting in next frame
12-31 04:56:49.973 W/View ( 1996): requestLayout() improperly called by android.widget.FrameLayout{ef542c I.E...... ......ID 0,0-780,198 #2bc} during second layout pass: posting in next frame
12-31 04:56:49.974 W/View ( 1996): requestLayout() improperly called by com.android.systemui.statusbar.AlphaOptimizedImageView{e8a8227 VFED..C.. ......ID 0,0-140,84} during second layout pass: posting in next frame
12-31 04:56:49.974 E/DisplayDeviceConfig( 1505): requesting nits when no mapping exists.
12-31 04:56:49.974 E/DisplayDeviceConfig( 1505): requesting nits when no mapping exists.
12-31 04:56:49.974 I/am_wtf ( 1505): [0,1505,system_server,-1,DisplayDeviceConfig,requesting nits when no mapping exists.]
12-31 04:56:49.974 I/GameMode_ActivityMonitoringService(12686): onForegroundActivitiesChanged uid 10077 pid 2581 fg false
12-31 04:56:49.974 I/am_wtf ( 1505): [0,1505,system_server,-1,DisplayDeviceConfig,requesting nits when no mapping exists.]
12-31 04:56:49.975 I/GameMode_ActivityMonitoringService(12686): Updating top task to: TaskInfoContainer [topActivity=ComponentInfo{com.thundercomm.screensaver/android.service.dreams.DreamActivity}, taskId=49, stackId=49, userId=0, displayId=0, position=6
12-31 04:56:49.976 I/GameMode_ActivityMonitoringService(12686): Notifying about top task: TaskInfoContainer [topActivity=ComponentInfo{com.thundercomm.screensaver/android.service.dreams.DreamActivity}, taskId=49, stackId=49, userId=0, displayId=0, position=6
12-31 04:56:49.976 E/GameMode_ActivityMonitoringService(12686): onActivityLaunch:com.thundercomm.screensaver
12-31 04:56:49.976 V/GameMode_GameTypeUtils(12686): judge isGame:com.thundercomm.screensaver
12-31 04:56:49.976 V/GameMode_GpuUtils(12686): fps:60
12-31 04:56:49.976 D/GameMode_GameModeActionUtils(12686): Show GameMode entry by service!
12-31 04:56:49.977 W/ContextImpl(12686): Calling a method in the system process without a qualified user: android.app.ContextImpl.startService:1816 android.content.ContextWrapper.startService:774 com.thundercomm.gamemode.ingame.services.GameModeActionUtils.startGameModeService:99 com.thundercomm.gamemode.ingame.services.GameModeActionUtils.startGameModeEntry:22 com.thundercomm.gamemode.ingame.services.ActivityMonitoringService$1.onActivityLaunch:127
12-31 04:56:49.977 D/GameModeIF_GameModeSettings(12686): getUriFor setting_content_uri_root = content://com.thundercomm.gamemode.api/gamemode_settings , name = gamemode_isgaming
12-31 04:56:49.978 D/GameMode_GameModeService(12686): type=hide_entry
12-31 04:56:49.978 I/GameModeConfig( 1505): Current uri is uri = content://com.thundercomm.gamemode.api/gamemode_settings/gamemode_isgaming
12-31 04:56:49.978 D/GameModeIF_GameModeSettings( 1505): getUriFor setting_content_uri_root = content://com.thundercomm.gamemode.api/gamemode_settings , name = gamemode_isgaming
12-31 04:56:49.978 D/GameModeIF_GameModeSettings(12686): gamemode_isgaming set to 0
12-31 04:56:49.979 I/GameModeConfig( 1505): isGameModeOn = false
12-31 04:56:49.979 I/GameModeConfig( 1505): isGameModeOn = false
12-31 04:56:49.979 I/GameModeConfig( 1505): isDisableVoice = true
12-31 04:56:49.981 D/GameMode_GameSettingsObserver(12686): Game Data change!!!! uri = content://com.thundercomm.gamemode.api/gamemode_settings/gamemode_isgaming
12-31 04:56:49.981 D/GameModeIF_GameModeSettings(12686): getUriFor setting_content_uri_root = content://com.thundercomm.gamemode.api/gamemode_settings , name = gamemode_isgaming
12-31 04:56:49.982 D/GameMode_GameModeService(12686): updateGlobalSettings = gamemode_isgaming
12-31 04:56:49.989 E/DisplayDeviceConfig( 1505): requesting nits when no mapping exists.
12-31 04:56:49.989 E/DisplayDeviceConfig( 1505): requesting nits when no mapping exists.
12-31 04:56:49.989 I/am_wtf ( 1505): [0,1505,system_server,-1,DisplayDeviceConfig,requesting nits when no mapping exists.]
12-31 04:56:49.989 W/View ( 1996): requestLayout() improperly called by android.widget.FrameLayout{7ce9444 I.E...... ......ID 0,0-780,198 #2bc} during layout: running second layout pass
12-31 04:56:49.989 W/View ( 1996): requestLayout() improperly called by com.android.systemui.statusbar.AlphaOptimizedImageView{476e623 VFED..C.. ......ID 0,0-140,198} during layout: running second layout pass
12-31 04:56:49.989 W/View ( 1996): requestLayout() improperly called by android.widget.FrameLayout{ef542c I.E...... ......ID 0,0-780,198 #2bc} during layout: running second layout pass
12-31 04:56:49.989 W/View ( 1996): requestLayout() improperly called by com.android.systemui.statusbar.AlphaOptimizedImageView{e8a8227 VFED..C.. ......ID 0,0-140,84} during layout: running second layout pass
12-31 04:56:49.989 I/am_wtf ( 1505): [0,1505,system_server,-1,DisplayDeviceConfig,requesting nits when no mapping exists.]
12-31 04:56:49.990 W/View ( 1996): requestLayout() improperly called by android.widget.FrameLayout{7ce9444 I.E...... ......ID 0,0-780,198 #2bc} during second layout pass: posting in next frame
12-31 04:56:49.990 W/View ( 1996): requestLayout() improperly called by com.android.systemui.statusbar.AlphaOptimizedImageView{476e623 VFED..C.. ......ID 0,0-140,198} during second layout pass: posting in next frame
12-31 04:56:49.990 W/View ( 1996): requestLayout() improperly called by android.widget.FrameLayout{ef542c I.E...... ......ID 0,0-780,198 #2bc} during second layout pass: posting in next frame
12-31 04:56:49.990 W/View ( 1996): requestLayout() improperly called by com.android.systemui.statusbar.AlphaOptimizedImageView{e8a8227 VFED..C.. ......ID 0,0-140,84} during second layout pass: posting in next frame
12-31 04:56:50.005 E/DisplayDeviceConfig( 1505): requesting nits when no mapping exists.
12-31 04:56:50.006 E/DisplayDeviceConfig( 1505): requesting nits when no mapping exists.
12-31 04:56:50.006 I/am_wtf ( 1505): [0,1505,system_server,-1,DisplayDeviceConfig,requesting nits when no mapping exists.]
12-31 04:56:50.006 I/am_wtf ( 1505): [0,1505,system_server,-1,DisplayDeviceConfig,requesting nits when no mapping exists.]
12-31 04:56:50.006 W/View ( 1996): requestLayout() improperly called by android.widget.FrameLayout{7ce9444 I.E...... ......ID 0,0-780,198 #2bc} during layout: running second layout pass
12-31 04:56:50.006 W/View ( 1996): requestLayout() improperly called by com.android.systemui.statusbar.AlphaOptimizedImageView{476e623 VFED..C.. ......ID 0,0-140,198} during layout: running second layout pass
12-31 04:56:50.006 W/View ( 1996): requestLayout() improperly called by android.widget.FrameLayout{ef542c I.E...... ......ID 0,0-780,198 #2bc} during layout: running second layout pass
12-31 04:56:50.006 W/View ( 1996): requestLayout() improperly called by com.android.systemui.statusbar.AlphaOptimizedImageView{e8a8227 VFED..C.. ......ID 0,0-140,84} during layout: running second layout pass
12-31 04:56:50.007 W/View ( 1996): requestLayout() improperly called by android.widget.FrameLayout{7ce9444 I.E...... ......ID 0,0-780,198 #2bc} during second layout pass: posting in next frame
12-31 04:56:50.007 W/View ( 1996): requestLayout() improperly called by com.android.systemui.statusbar.AlphaOptimizedImageView{476e623 VFED..C.. ......ID 0,0-140,198} during second layout pass: posting in next frame
12-31 04:56:50.007 W/View ( 1996): requestLayout() improperly called by android.widget.FrameLayout{ef542c I.E...... ......ID 0,0-780,198 #2bc} during second layout pass: posting in next frame
12-31 04:56:50.007 W/View ( 1996): requestLayout() improperly called by com.android.systemui.statusbar.AlphaOptimizedImageView{e8a8227 VFED..C.. ......ID 0,0-140,84} during second layout pass: posting in next frame
12-31 04:56:50.022 W/Choreographer( 1505): Frame time is 0.291826 ms in the future! Check that graphics HAL is generating vsync timestamps using the correct timebase.
12-31 04:56:50.022 W/Choreographer( 1996): Frame time is 0.255471 ms in the future! Check that graphics HAL is generating vsync timestamps using the correct timebase.
12-31 04:56:50.022 W/Choreographer( 2581): Frame time is 0.228076 ms in the future! Check that graphics HAL is generating vsync timestamps using the correct timebase.
12-31 04:56:50.022 W/Choreographer(18665): Frame time is 0.218388 ms in the future! Check that graphics HAL is generating vsync timestamps using the correct timebase.
12-31 04:56:50.022 E/DisplayDeviceConfig( 1505): requesting nits when no mapping exists.
12-31 04:56:50.022 E/DisplayDeviceConfig( 1505): requesting nits when no mapping exists.
12-31 04:56:50.022 I/am_wtf ( 1505): [0,1505,system_server,-1,DisplayDeviceConfig,requesting nits when no mapping exists.]
12-31 04:56:50.023 W/View ( 1996): requestLayout() improperly called by android.widget.FrameLayout{7ce9444 I.E...... ......ID 0,0-780,198 #2bc} during layout: running second layout pass
12-31 04:56:50.023 I/am_wtf ( 1505): [0,1505,system_server,-1,DisplayDeviceConfig,requesting nits when no mapping exists.]
12-31 04:56:50.023 W/View ( 1996): requestLayout() improperly called by com.android.systemui.statusbar.AlphaOptimizedImageView{476e623 VFED..C.. ......ID 0,0-140,198} during layout: running second layout pass
12-31 04:56:50.023 W/View ( 1996): requestLayout() improperly called by android.widget.FrameLayout{ef542c I.E...... ......ID 0,0-780,198 #2bc} during layout: running second layout pass
12-31 04:56:50.023 W/View ( 1996): requestLayout() improperly called by com.android.systemui.statusbar.AlphaOptimizedImageView{e8a8227 VFED..C.. ......ID 0,0-140,84} during layout: running second layout pass
12-31 04:56:50.023 W/View ( 1996): requestLayout() improperly called by android.widget.FrameLayout{7ce9444 I.E...... ......ID 0,0-780,198 #2bc} during second layout pass: posting in next frame
12-31 04:56:50.023 W/View ( 1996): requestLayout() improperly called by com.android.systemui.statusbar.AlphaOptimizedImageView{476e623 VFED..C.. ......ID 0,0-140,198} during second layout pass: posting in next frame
12-31 04:56:50.023 W/View ( 1996): requestLayout() improperly called by android.widget.FrameLayout{ef542c I.E...... ......ID 0,0-780,198 #2bc} during second layout pass: posting in next frame
12-31 04:56:50.023 W/View ( 1996): requestLayout() improperly called by com.android.systemui.statusbar.AlphaOptimizedImageView{e8a8227 VFED..C.. ......ID 0,0-140,84} during second layout pass: posting in next frame
12-31 04:56:50.039 E/DisplayDeviceConfig( 1505): requesting nits when no mapping exists.
12-31 04:56:50.039 E/DisplayDeviceConfig( 1505): requesting nits when no mapping exists.
12-31 04:56:50.040 I/am_wtf ( 1505): [0,1505,system_server,-1,DisplayDeviceConfig,requesting nits when no mapping exists.]
12-31 04:56:50.040 W/View ( 1996): requestLayout() improperly called by android.widget.FrameLayout{7ce9444 I.E...... ......ID 0,0-780,198 #2bc} during layout: running second layout pass
12-31 04:56:50.040 W/View ( 1996): requestLayout() improperly called by com.android.systemui.statusbar.AlphaOptimizedImageView{476e623 VFED..C.. ......ID 0,0-140,198} during layout: running second layout pass
12-31 04:56:50.040 W/View ( 1996): requestLayout() improperly called by android.widget.FrameLayout{ef542c I.E...... ......ID 0,0-780,198 #2bc} during layout: running second layout pass
12-31 04:56:50.040 W/View ( 1996): requestLayout() improperly called by com.android.systemui.statusbar.AlphaOptimizedImageView{e8a8227 VFED..C.. ......ID 0,0-140,84} during layout: running second layout pass
12-31 04:56:50.040 I/am_wtf ( 1505): [0,1505,system_server,-1,DisplayDeviceConfig,requesting nits when no mapping exists.]
12-31 04:56:50.040 W/View ( 1996): requestLayout() improperly called by android.widget.FrameLayout{7ce9444 I.E...... ......ID 0,0-780,198 #2bc} during second layout pass: posting in next frame
12-31 04:56:50.040 W/View ( 1996): requestLayout() improperly called by com.android.systemui.statusbar.AlphaOptimizedImageView{476e623 VFED..C.. ......ID 0,0-140,198} during second layout pass: posting in next frame
12-31 04:56:50.040 W/View ( 1996): requestLayout() improperly called by android.widget.FrameLayout{ef542c I.E...... ......ID 0,0-780,198 #2bc} during second layout pass: posting in next frame
12-31 04:56:50.040 W/View ( 1996): requestLayout() improperly called by com.android.systemui.statusbar.AlphaOptimizedImageView{e8a8227 VFED..C.. ......ID 0,0-140,84} during second layout pass: posting in next frame
12-31 04:56:50.056 E/DisplayDeviceConfig( 1505): requesting nits when no mapping exists.
12-31 04:56:50.056 E/DisplayDeviceConfig( 1505): requesting nits when no mapping exists.
12-31 04:56:50.056 I/am_wtf ( 1505): [0,1505,system_server,-1,DisplayDeviceConfig,requesting nits when no mapping exists.]
12-31 04:56:50.056 I/am_wtf ( 1505): [0,1505,system_server,-1,DisplayDeviceConfig,requesting nits when no mapping exists.]
12-31 04:56:50.056 W/View ( 1996): requestLayout() improperly called by android.widget.FrameLayout{7ce9444 I.E...... ......ID 0,0-780,198 #2bc} during layout: running second layout pass
12-31 04:56:50.056 W/View ( 1996): requestLayout() improperly called by com.android.systemui.statusbar.AlphaOptimizedImageView{476e623 VFED..C.. ......ID 0,0-140,198} during layout: running second layout pass
12-31 04:56:50.056 W/View ( 1996): requestLayout() improperly called by android.widget.FrameLayout{ef542c I.E...... ......ID 0,0-780,198 #2bc} during layout: running second layout pass
12-31 04:56:50.057 W/View ( 1996): requestLayout() improperly called by com.android.systemui.statusbar.AlphaOptimizedImageView{e8a8227 VFED..C.. ......ID 0,0-140,84} during layout: running second layout pass
12-31 04:56:50.057 W/View ( 1996): requestLayout() improperly called by android.widget.FrameLayout{7ce9444 I.E...... ......ID 0,0-780,198 #2bc} during second layout pass: posting in next frame
12-31 04:56:50.057 W/View ( 1996): requestLayout() improperly called by com.android.systemui.statusbar.AlphaOptimizedImageView{476e623 VFED..C.. ......ID 0,0-140,198} during second layout pass: posting in next frame
12-31 04:56:50.057 W/View ( 1996): requestLayout() improperly called by android.widget.FrameLayout{ef542c I.E...... ......ID 0,0-780,198 #2bc} during second layout pass: posting in next frame
12-31 04:56:50.057 W/View ( 1996): requestLayout() improperly called by com.android.systemui.statusbar.AlphaOptimizedImageView{e8a8227 VFED..C.. ......ID 0,0-140,84} during second layout pass: posting in next frame
12-31 04:56:50.073 W/View ( 1996): requestLayout() improperly called by android.widget.FrameLayout{7ce9444 I.E...... ......ID 0,0-780,198 #2bc} during layout: running second layout pass
12-31 04:56:50.073 W/View ( 1996): requestLayout() improperly called by com.android.systemui.statusbar.AlphaOptimizedImageView{476e623 VFED..C.. ......ID 0,0-140,198} during layout: running second layout pass
12-31 04:56:50.073 W/View ( 1996): requestLayout() improperly called by android.widget.FrameLayout{ef542c I.E...... ......ID 0,0-780,198 #2bc} during layout: running second layout pass
12-31 04:56:50.073 W/View ( 1996): requestLayout() improperly called by com.android.systemui.statusbar.AlphaOptimizedImageView{e8a8227 VFED..C.. ......ID 0,0-140,84} during layout: running second layout pass
12-31 04:56:50.073 E/DisplayDeviceConfig( 1505): requesting nits when no mapping exists.
12-31 04:56:50.073 E/DisplayDeviceConfig( 1505): requesting nits when no mapping exists.
12-31 04:56:50.073 I/am_wtf ( 1505): [0,1505,system_server,-1,DisplayDeviceConfig,requesting nits when no mapping exists.]
12-31 04:56:50.074 W/View ( 1996): requestLayout() improperly called by android.widget.FrameLayout{7ce9444 I.E...... ......ID 0,0-780,198 #2bc} during second layout pass: posting in next frame
12-31 04:56:50.074 W/View ( 1996): requestLayout() improperly called by com.android.systemui.statusbar.AlphaOptimizedImageView{476e623 VFED..C.. ......ID 0,0-140,198} during second layout pass: posting in next frame
12-31 04:56:50.074 W/View ( 1996): requestLayout() improperly called by android.widget.FrameLayout{ef542c I.E...... ......ID 0,0-780,198 #2bc} during second layout pass: posting in next frame
12-31 04:56:50.074 I/am_wtf ( 1505): [0,1505,system_server,-1,DisplayDeviceConfig,requesting nits when no mapping exists.]
12-31 04:56:50.074 W/View ( 1996): requestLayout() improperly called by com.android.systemui.statusbar.AlphaOptimizedImageView{e8a8227 VFED..C.. ......ID 0,0-140,84} during second layout pass: posting in next frame
12-31 04:56:50.089 E/DisplayDeviceConfig( 1505): requesting nits when no mapping exists.
12-31 04:56:50.090 E/DisplayDeviceConfig( 1505): requesting nits when no mapping exists.
12-31 04:56:50.090 I/am_wtf ( 1505): [0,1505,system_server,-1,DisplayDeviceConfig,requesting nits when no mapping exists.]
12-31 04:56:50.090 W/View ( 1996): requestLayout() improperly called by android.widget.FrameLayout{7ce9444 I.E...... ......ID 0,0-780,198 #2bc} during layout: running second layout pass
12-31 04:56:50.090 W/View ( 1996): requestLayout() improperly called by com.android.systemui.statusbar.AlphaOptimizedImageView{476e623 VFED..C.. ......ID 0,0-140,198} during layout: running second layout pass
12-31 04:56:50.090 W/View ( 1996): requestLayout() improperly called by android.widget.FrameLayout{ef542c I.E...... ......ID 0,0-780,198 #2bc} during layout: running second layout pass
12-31 04:56:50.090 W/View ( 1996): requestLayout() improperly called by com.android.systemui.statusbar.AlphaOptimizedImageView{e8a8227 VFED..C.. ......ID 0,0-140,84} during layout: running second layout pass
12-31 04:56:50.090 I/am_wtf ( 1505): [0,1505,system_server,-1,DisplayDeviceConfig,requesting nits when no mapping exists.]
12-31 04:56:50.090 W/View ( 1996): requestLayout() improperly called by android.widget.FrameLayout{7ce9444 I.E...... ......ID 0,0-780,198 #2bc} during second layout pass: posting in next frame
12-31 04:56:50.090 W/View ( 1996): requestLayout() improperly called by com.android.systemui.statusbar.AlphaOptimizedImageView{476e623 VFED..C.. ......ID 0,0-140,198} during second layout pass: posting in next frame
12-31 04:56:50.090 W/View ( 1996): requestLayout() improperly called by android.widget.FrameLayout{ef542c I.E...... ......ID 0,0-780,198 #2bc} during second layout pass: posting in next frame
12-31 04:56:50.090 W/View ( 1996): requestLayout() improperly called by com.android.systemui.statusbar.AlphaOptimizedImageView{e8a8227 VFED..C.. ......ID 0,0-140,84} during second layout pass: posting in next frame
12-31 04:56:50.106 W/View ( 1996): requestLayout() improperly called by android.widget.FrameLayout{7ce9444 I.E...... ......ID 0,0-780,198 #2bc} during layout: running second layout pass
12-31 04:56:50.106 W/View ( 1996): requestLayout() improperly called by com.android.systemui.statusbar.AlphaOptimizedImageView{476e623 VFED..C.. ......ID 0,0-140,198} during layout: running second layout pass
12-31 04:56:50.106 W/View ( 1996): requestLayout() improperly called by android.widget.FrameLayout{ef542c I.E...... ......ID 0,0-780,198 #2bc} during layout: running second layout pass
12-31 04:56:50.106 W/View ( 1996): requestLayout() improperly called by com.android.systemui.statusbar.AlphaOptimizedImageView{e8a8227 VFED..C.. ......ID 0,0-140,84} during layout: running second layout pass
12-31 04:56:50.107 E/DisplayDeviceConfig( 1505): requesting nits when no mapping exists.
12-31 04:56:50.107 E/DisplayDeviceConfig( 1505): requesting nits when no mapping exists.
12-31 04:56:50.107 I/am_wtf ( 1505): [0,1505,system_server,-1,DisplayDeviceConfig,requesting nits when no mapping exists.]
12-31 04:56:50.107 W/View ( 1996): requestLayout() improperly called by android.widget.FrameLayout{7ce9444 I.E...... ......ID 0,0-780,198 #2bc} during second layout pass: posting in next frame
12-31 04:56:50.107 W/View ( 1996): requestLayout() improperly called by com.android.systemui.statusbar.AlphaOptimizedImageView{476e623 VFED..C.. ......ID 0,0-140,198} during second layout pass: posting in next frame
12-31 04:56:50.107 W/View ( 1996): requestLayout() improperly called by android.widget.FrameLayout{ef542c I.E...... ......ID 0,0-780,198 #2bc} during second layout pass: posting in next frame
12-31 04:56:50.107 W/View ( 1996): requestLayout() improperly called by com.android.systemui.statusbar.AlphaOptimizedImageView{e8a8227 VFED..C.. ......ID 0,0-140,84} during second layout pass: posting in next frame
12-31 04:56:50.107 I/am_wtf ( 1505): [0,1505,system_server,-1,DisplayDeviceConfig,requesting nits when no mapping exists.]
12-31 04:56:50.123 W/View ( 1996): requestLayout() improperly called by android.widget.FrameLayout{7ce9444 I.E...... ......ID 0,0-780,198 #2bc} during layout: running second layout pass
12-31 04:56:50.123 W/View ( 1996): requestLayout() improperly called by com.android.systemui.statusbar.AlphaOptimizedImageView{476e623 VFED..C.. ......ID 0,0-140,198} during layout: running second layout pass
12-31 04:56:50.123 W/View ( 1996): requestLayout() improperly called by android.widget.FrameLayout{ef542c I.E...... ......ID 0,0-780,198 #2bc} during layout: running second layout pass
12-31 04:56:50.123 W/View ( 1996): requestLayout() improperly called by com.android.systemui.statusbar.AlphaOptimizedImageView{e8a8227 VFED..C.. ......ID 0,0-140,84} during layout: running second layout pass
12-31 04:56:50.123 E/DisplayDeviceConfig( 1505): requesting nits when no mapping exists.
12-31 04:56:50.123 E/DisplayDeviceConfig( 1505): requesting nits when no mapping exists.
12-31 04:56:50.123 I/am_wtf ( 1505): [0,1505,system_server,-1,DisplayDeviceConfig,requesting nits when no mapping exists.]
12-31 04:56:50.124 W/View ( 1996): requestLayout() improperly called by android.widget.FrameLayout{7ce9444 I.E...... ......ID 0,0-780,198 #2bc} during second layout pass: posting in next frame
12-31 04:56:50.124 W/View ( 1996): requestLayout() improperly called by com.android.systemui.statusbar.AlphaOptimizedImageView{476e623 VFED..C.. ......ID 0,0-140,198} during second layout pass: posting in next frame
12-31 04:56:50.124 W/View ( 1996): requestLayout() improperly called by android.widget.FrameLayout{ef542c I.E...... ......ID 0,0-780,198 #2bc} during second layout pass: posting in next frame
12-31 04:56:50.124 W/View ( 1996): requestLayout() improperly called by com.android.systemui.statusbar.AlphaOptimizedImageView{e8a8227 VFED..C.. ......ID 0,0-140,84} during second layout pass: posting in next frame
12-31 04:56:50.124 I/am_wtf ( 1505): [0,1505,system_server,-1,DisplayDeviceConfig,requesting nits when no mapping exists.]
12-31 04:56:50.140 W/View ( 1996): requestLayout() improperly called by android.widget.FrameLayout{7ce9444 I.E...... ......ID 0,0-780,198 #2bc} during layout: running second layout pass
12-31 04:56:50.140 W/View ( 1996): requestLayout() improperly called by com.android.systemui.statusbar.AlphaOptimizedImageView{476e623 VFED..C.. ......ID 0,0-140,198} during layout: running second layout pass
12-31 04:56:50.140 W/View ( 1996): requestLayout() improperly called by android.widget.FrameLayout{ef542c I.E...... ......ID 0,0-780,198 #2bc} during layout: running second layout pass
12-31 04:56:50.140 W/View ( 1996): requestLayout() improperly called by com.android.systemui.statusbar.AlphaOptimizedImageView{e8a8227 VFED..C.. ......ID 0,0-140,84} during layout: running second layout pass
12-31 04:56:50.140 E/DisplayDeviceConfig( 1505): requesting nits when no mapping exists.
12-31 04:56:50.140 E/DisplayDeviceConfig( 1505): requesting nits when no mapping exists.
12-31 04:56:50.140 I/am_wtf ( 1505): [0,1505,system_server,-1,DisplayDeviceConfig,requesting nits when no mapping exists.]
12-31 04:56:50.140 W/View ( 1996): requestLayout() improperly called by android.widget.FrameLayout{7ce9444 I.E...... ......ID 0,0-780,198 #2bc} during second layout pass: posting in next frame
12-31 04:56:50.141 W/View ( 1996): requestLayout() improperly called by com.android.systemui.statusbar.AlphaOptimizedImageView{476e623 VFED..C.. ......ID 0,0-140,198} during second layout pass: posting in next frame
12-31 04:56:50.141 W/View ( 1996): requestLayout() improperly called by android.widget.FrameLayout{ef542c I.E...... ......ID 0,0-780,198 #2bc} during second layout pass: posting in next frame
12-31 04:56:50.141 W/View ( 1996): requestLayout() improperly called by com.android.systemui.statusbar.AlphaOptimizedImageView{e8a8227 VFED..C.. ......ID 0,0-140,84} during second layout pass: posting in next frame
12-31 04:56:50.141 I/am_wtf ( 1505): [0,1505,system_server,-1,DisplayDeviceConfig,requesting nits when no mapping exists.]
12-31 04:56:50.156 E/DisplayDeviceConfig( 1505): requesting nits when no mapping exists.
12-31 04:56:50.156 I/am_wtf ( 1505): [0,1505,system_server,-1,DisplayDeviceConfig,requesting nits when no mapping exists.]
12-31 04:56:50.156 E/DisplayDeviceConfig( 1505): requesting nits when no mapping exists.
12-31 04:56:50.157 W/View ( 1996): requestLayout() improperly called by android.widget.FrameLayout{7ce9444 I.E...... ......ID 0,0-780,198 #2bc} during layout: running second layout pass
12-31 04:56:50.157 W/View ( 1996): requestLayout() improperly called by com.android.systemui.statusbar.AlphaOptimizedImageView{476e623 VFED..C.. ......ID 0,0-140,198} during layout: running second layout pass
12-31 04:56:50.157 W/View ( 1996): requestLayout() improperly called by android.widget.FrameLayout{ef542c I.E...... ......ID 0,0-780,198 #2bc} during layout: running second layout pass
12-31 04:56:50.157 W/View ( 1996): requestLayout() improperly called by com.android.systemui.statusbar.AlphaOptimizedImageView{e8a8227 VFED..C.. ......ID 0,0-140,84} during layout: running second layout pass
12-31 04:56:50.157 I/am_wtf ( 1505): [0,1505,system_server,-1,DisplayDeviceConfig,requesting nits when no mapping exists.]
12-31 04:56:50.157 W/View ( 1996): requestLayout() improperly called by android.widget.FrameLayout{7ce9444 I.E...... ......ID 0,0-780,198 #2bc} during second layout pass: posting in next frame
12-31 04:56:50.157 W/View ( 1996): requestLayout() improperly called by com.android.systemui.statusbar.AlphaOptimizedImageView{476e623 VFED..C.. ......ID 0,0-140,198} during second layout pass: posting in next frame
12-31 04:56:50.157 W/View ( 1996): requestLayout() improperly called by android.widget.FrameLayout{ef542c I.E...... ......ID 0,0-780,198 #2bc} during second layout pass: posting in next frame
12-31 04:56:50.157 W/View ( 1996): requestLayout() improperly called by com.android.systemui.statusbar.AlphaOptimizedImageView{e8a8227 VFED..C.. ......ID 0,0-140,84} during second layout pass: posting in next frame
12-31 04:56:50.173 E/DisplayDeviceConfig( 1505): requesting nits when no mapping exists.
12-31 04:56:50.173 E/DisplayDeviceConfig( 1505): requesting nits when no mapping exists.
12-31 04:56:50.173 I/am_wtf ( 1505): [0,1505,system_server,-1,DisplayDeviceConfig,requesting nits when no mapping exists.]
12-31 04:56:50.173 W/View ( 1996): requestLayout() improperly called by android.widget.FrameLayout{7ce9444 I.E...... ......ID 0,0-780,198 #2bc} during layout: running second layout pass
12-31 04:56:50.173 W/View ( 1996): requestLayout() improperly called by com.android.systemui.statusbar.AlphaOptimizedImageView{476e623 VFED..C.. ......ID 0,0-140,198} during layout: running second layout pass
12-31 04:56:50.173 W/View ( 1996): requestLayout() improperly called by android.widget.FrameLayout{ef542c I.E...... ......ID 0,0-780,198 #2bc} during layout: running second layout pass
12-31 04:56:50.173 W/View ( 1996): requestLayout() improperly called by com.android.systemui.statusbar.AlphaOptimizedImageView{e8a8227 VFED..C.. ......ID 0,0-140,84} during layout: running second layout pass
12-31 04:56:50.173 I/am_wtf ( 1505): [0,1505,system_server,-1,DisplayDeviceConfig,requesting nits when no mapping exists.]
12-31 04:56:50.174 W/View ( 1996): requestLayout() improperly called by android.widget.FrameLayout{7ce9444 I.E...... ......ID 0,0-780,198 #2bc} during second layout pass: posting in next frame
12-31 04:56:50.174 W/View ( 1996): requestLayout() improperly called by com.android.systemui.statusbar.AlphaOptimizedImageView{476e623 VFED..C.. ......ID 0,0-140,198} during second layout pass: posting in next frame
12-31 04:56:50.174 W/View ( 1996): requestLayout() improperly called by android.widget.FrameLayout{ef542c I.E...... ......ID 0,0-780,198 #2bc} during second layout pass: posting in next frame
12-31 04:56:50.174 W/View ( 1996): requestLayout() improperly called by com.android.systemui.statusbar.AlphaOptimizedImageView{e8a8227 VFED..C.. ......ID 0,0-140,84} during second layout pass: posting in next frame
12-31 04:56:50.190 W/View ( 1996): requestLayout() improperly called by android.widget.FrameLayout{7ce9444 I.E...... ......ID 0,0-780,198 #2bc} during layout: running second layout pass
12-31 04:56:50.190 W/View ( 1996): requestLayout() improperly called by com.android.systemui.statusbar.AlphaOptimizedImageView{476e623 VFED..C.. ......ID 0,0-140,198} during layout: running second layout pass
12-31 04:56:50.190 W/View ( 1996): requestLayout() improperly called by android.widget.FrameLayout{ef542c I.E...... ......ID 0,0-780,198 #2bc} during layout: running second layout pass
12-31 04:56:50.190 W/View ( 1996): requestLayout() improperly called by com.android.systemui.statusbar.AlphaOptimizedImageView{e8a8227 VFED..C.. ......ID 0,0-140,84} during layout: running second layout pass
12-31 04:56:50.190 E/DisplayDeviceConfig( 1505): requesting nits when no mapping exists.
12-31 04:56:50.190 E/DisplayDeviceConfig( 1505): requesting nits when no mapping exists.
12-31 04:56:50.190 I/am_wtf ( 1505): [0,1505,system_server,-1,DisplayDeviceConfig,requesting nits when no mapping exists.]
12-31 04:56:50.190 W/View ( 1996): requestLayout() improperly called by android.widget.FrameLayout{7ce9444 I.E...... ......ID 0,0-780,198 #2bc} during second layout pass: posting in next frame
12-31 04:56:50.190 W/View ( 1996): requestLayout() improperly called by com.android.systemui.statusbar.AlphaOptimizedImageView{476e623 VFED..C.. ......ID 0,0-140,198} during second layout pass: posting in next frame
12-31 04:56:50.190 W/View ( 1996): requestLayout() improperly called by android.widget.FrameLayout{ef542c I.E...... ......ID 0,0-780,198 #2bc} during second layout pass: posting in next frame
12-31 04:56:50.190 W/View ( 1996): requestLayout() improperly called by com.android.systemui.statusbar.AlphaOptimizedImageView{e8a8227 VFED..C.. ......ID 0,0-140,84} during second layout pass: posting in next frame
12-31 04:56:50.191 I/am_wtf ( 1505): [0,1505,system_server,-1,DisplayDeviceConfig,requesting nits when no mapping exists.]
12-31 04:56:50.206 E/DisplayDeviceConfig( 1505): requesting nits when no mapping exists.
12-31 04:56:50.206 E/DisplayDeviceConfig( 1505): requesting nits when no mapping exists.
12-31 04:56:50.206 I/am_wtf ( 1505): [0,1505,system_server,-1,DisplayDeviceConfig,requesting nits when no mapping exists.]
12-31 04:56:50.207 W/View ( 1996): requestLayout() improperly called by android.widget.FrameLayout{7ce9444 I.E...... ......ID 0,0-780,198 #2bc} during layout: running second layout pass
12-31 04:56:50.207 W/View ( 1996): requestLayout() improperly called by com.android.systemui.statusbar.AlphaOptimizedImageView{476e623 VFED..C.. ......ID 0,0-140,198} during layout: running second layout pass
12-31 04:56:50.207 W/View ( 1996): requestLayout() improperly called by android.widget.FrameLayout{ef542c I.E...... ......ID 0,0-780,198 #2bc} during layout: running second layout pass
12-31 04:56:50.207 W/View ( 1996): requestLayout() improperly called by com.android.systemui.statusbar.AlphaOptimizedImageView{e8a8227 VFED..C.. ......ID 0,0-140,84} during layout: running second layout pass
12-31 04:56:50.207 I/am_wtf ( 1505): [0,1505,system_server,-1,DisplayDeviceConfig,requesting nits when no mapping exists.]
12-31 04:56:50.207 W/View ( 1996): requestLayout() improperly called by android.widget.FrameLayout{7ce9444 I.E...... ......ID 0,0-780,198 #2bc} during second layout pass: posting in next frame
12-31 04:56:50.207 W/View ( 1996): requestLayout() improperly called by com.android.systemui.statusbar.AlphaOptimizedImageView{476e623 VFED..C.. ......ID 0,0-140,198} during second layout pass: posting in next frame
12-31 04:56:50.207 W/View ( 1996): requestLayout() improperly called by android.widget.FrameLayout{ef542c I.E...... ......ID 0,0-780,198 #2bc} during second layout pass: posting in next frame
12-31 04:56:50.207 W/View ( 1996): requestLayout() improperly called by com.android.systemui.statusbar.AlphaOptimizedImageView{e8a8227 VFED..C.. ......ID 0,0-140,84} during second layout pass: posting in next frame
12-31 04:56:50.223 W/View ( 1996): requestLayout() improperly called by android.widget.FrameLayout{7ce9444 I.E...... ......ID 0,0-780,198 #2bc} during layout: running second layout pass
12-31 04:56:50.223 W/View ( 1996): requestLayout() improperly called by com.android.systemui.statusbar.AlphaOptimizedImageView{476e623 VFED..C.. ......ID 0,0-140,198} during layout: running second layout pass
12-31 04:56:50.223 W/View ( 1996): requestLayout() improperly called by android.widget.FrameLayout{ef542c I.E...... ......ID 0,0-780,198 #2bc} during layout: running second layout pass
12-31 04:56:50.223 W/View ( 1996): requestLayout() improperly called by com.android.systemui.statusbar.AlphaOptimizedImageView{e8a8227 VFED..C.. ......ID 0,0-140,84} during layout: running second layout pass
