12-31 04:13:23.325 I/am_wtf ( 1505): [0,1505,system_server,-1,DisplayDeviceConfig,requesting nits when no mapping exists.]
12-31 04:13:23.325 I/wm_stop_activity( 1505): [0,83241864,com.android.launcher3/.uioverrides.QuickstepLauncher]
12-31 04:13:23.340 I/am_wtf ( 1505): [0,1505,system_server,-1,DisplayDeviceConfig,requesting nits when no mapping exists.]
12-31 04:13:23.340 I/am_wtf ( 1505): [0,1505,system_server,-1,DisplayDeviceConfig,requesting nits when no mapping exists.]
12-31 04:13:23.353 I/wm_on_stop_called( 2581): [83241864,com.android.launcher3.uioverrides.QuickstepLauncher,STOP_ACTIVITY_ITEM]
12-31 04:13:23.358 I/am_wtf ( 1505): [0,1505,system_server,-1,DisplayDeviceConfig,requesting nits when no mapping exists.]
12-31 04:13:23.358 I/am_wtf ( 1505): [0,1505,system_server,-1,DisplayDeviceConfig,requesting nits when no mapping exists.]
12-31 04:13:23.374 I/am_wtf ( 1505): [0,1505,system_server,-1,DisplayDeviceConfig,requesting nits when no mapping exists.]
12-31 04:13:23.374 I/am_wtf ( 1505): [0,1505,system_server,-1,DisplayDeviceConfig,requesting nits when no mapping exists.]
12-31 04:13:23.390 I/am_wtf ( 1505): [0,1505,system_server,-1,DisplayDeviceConfig,requesting nits when no mapping exists.]
12-31 04:13:23.390 I/am_wtf ( 1505): [0,1505,system_server,-1,DisplayDeviceConfig,requesting nits when no mapping exists.]
12-31 04:13:23.407 I/am_wtf ( 1505): [0,1505,system_server,-1,DisplayDeviceConfig,requesting nits when no mapping exists.]
12-31 04:13:23.407 I/am_wtf ( 1505): [0,1505,system_server,-1,DisplayDeviceConfig,requesting nits when no mapping exists.]
12-31 04:13:23.424 I/am_wtf ( 1505): [0,1505,system_server,-1,DisplayDeviceConfig,requesting nits when no mapping exists.]
12-31 04:13:23.424 I/am_wtf ( 1505): [0,1505,system_server,-1,DisplayDeviceConfig,requesting nits when no mapping exists.]
12-31 04:13:23.441 I/am_wtf ( 1505): [0,1505,system_server,-1,DisplayDeviceConfig,requesting nits when no mapping exists.]
12-31 04:13:23.441 I/am_wtf ( 1505): [0,1505,system_server,-1,DisplayDeviceConfig,requesting nits when no mapping exists.]
12-31 04:13:23.457 I/am_wtf ( 1505): [0,1505,system_server,-1,DisplayDeviceConfig,requesting nits when no mapping exists.]
12-31 04:13:23.457 I/am_wtf ( 1505): [0,1505,system_server,-1,DisplayDeviceConfig,requesting nits when no mapping exists.]
12-31 04:13:23.474 I/am_wtf ( 1505): [0,1505,system_server,-1,DisplayDeviceConfig,requesting nits when no mapping exists.]
12-31 04:13:23.475 I/am_wtf ( 1505): [0,1505,system_server,-1,DisplayDeviceConfig,requesting nits when no mapping exists.]
12-31 04:13:23.491 I/am_wtf ( 1505): [0,1505,system_server,-1,DisplayDeviceConfig,requesting nits when no mapping exists.]
12-31 04:13:23.491 I/am_wtf ( 1505): [0,1505,system_server,-1,DisplayDeviceConfig,requesting nits when no mapping exists.]
12-31 04:13:23.508 I/am_wtf ( 1505): [0,1505,system_server,-1,DisplayDeviceConfig,requesting nits when no mapping exists.]
12-31 04:13:23.508 I/am_wtf ( 1505): [0,1505,system_server,-1,DisplayDeviceConfig,requesting nits when no mapping exists.]
12-31 04:13:23.524 I/am_wtf ( 1505): [0,1505,system_server,-1,DisplayDeviceConfig,requesting nits when no mapping exists.]
12-31 04:13:23.524 I/am_wtf ( 1505): [0,1505,system_server,-1,DisplayDeviceConfig,requesting nits when no mapping exists.]
12-31 04:13:23.859 I/auditd ( 0): type=1400 audit(0.0:12187): avc: denied { kill } for comm="swapper/2" capability=5 scontext=u:r:kernel:s0 tcontext=u:r:kernel:s0 tclass=capability permissive=0
12-31 04:13:24.859 I/auditd ( 0): type=1400 audit(0.0:12188): avc: denied { kill } for comm="swapper/2" capability=5 scontext=u:r:kernel:s0 tcontext=u:r:kernel:s0 tclass=capability permissive=0
12-31 04:13:26.859 I/auditd ( 0): type=1400 audit(0.0:12189): avc: denied { kill } for comm="swapper/3" capability=5 scontext=u:r:kernel:s0 tcontext=u:r:kernel:s0 tclass=capability permissive=0
12-31 04:13:27.859 I/auditd ( 0): type=1400 audit(0.0:12190): avc: denied { kill } for comm="swapper/3" capability=5 scontext=u:r:kernel:s0 tcontext=u:r:kernel:s0 tclass=capability permissive=0
12-31 04:13:28.859 I/auditd ( 0): type=1400 audit(0.0:12191): avc: denied { kill } for comm="swapper/3" capability=5 scontext=u:r:kernel:s0 tcontext=u:r:kernel:s0 tclass=capability permissive=0
12-31 04:13:29.859 I/auditd ( 0): type=1400 audit(0.0:12192): avc: denied { kill } for comm="swapper/3" capability=5 scontext=u:r:kernel:s0 tcontext=u:r:kernel:s0 tclass=capability permissive=0
12-31 04:13:30.859 I/auditd ( 0): type=1400 audit(0.0:12193): avc: denied { kill } for comm="swapper/3" capability=5 scontext=u:r:kernel:s0 tcontext=u:r:kernel:s0 tclass=capability permissive=0
12-31 04:13:31.859 I/auditd ( 0): type=1400 audit(0.0:12194): avc: denied { kill } for comm="swapper/3" capability=5 scontext=u:r:kernel:s0 tcontext=u:r:kernel:s0 tclass=capability permissive=0
12-31 04:13:33.859 I/auditd ( 0): type=1400 audit(0.0:12195): avc: denied { kill } for comm="swapper/3" capability=5 scontext=u:r:kernel:s0 tcontext=u:r:kernel:s0 tclass=capability permissive=0
12-31 04:13:34.859 I/auditd ( 0): type=1400 audit(0.0:12196): avc: denied { kill } for comm="swapper/3" capability=5 scontext=u:r:kernel:s0 tcontext=u:r:kernel:s0 tclass=capability permissive=0
12-31 04:13:35.010 I/netstats_mobile_sample( 1505): [0,0,0,0,0,0,0,0,0,0,0,0,1672431215010]
12-31 04:13:35.011 I/netstats_wifi_sample( 1505): [7952888663,5548571,207631481,2249512,7952888663,5548571,207631481,2249512,7960815838,5613530,165209209,2153869,1672431215010]
12-31 04:13:35.859 I/auditd ( 0): type=1400 audit(0.0:12197): avc: denied { kill } for comm="swapper/3" capability=5 scontext=u:r:kernel:s0 tcontext=u:r:kernel:s0 tclass=capability permissive=0
12-31 04:13:36.859 I/auditd ( 0): type=1400 audit(0.0:12198): avc: denied { kill } for comm="swapper/3" capability=5 scontext=u:r:kernel:s0 tcontext=u:r:kernel:s0 tclass=capability permissive=0
12-31 04:13:36.990 I/netstats_mobile_sample( 1505): [0,0,0,0,0,0,0,0,0,0,0,0,1672431216990]
12-31 04:13:36.991 I/netstats_wifi_sample( 1505): [7955566848,5550380,207715002,2250659,7955566848,5550380,207715002,2250659,7963499398,5615365,165281368,2154990,1672431216990]
12-31 04:13:37.859 I/auditd ( 0): type=1400 audit(0.0:12199): avc: denied { kill } for comm="swapper/3" capability=5 scontext=u:r:kernel:s0 tcontext=u:r:kernel:s0 tclass=capability permissive=0
12-31 04:13:38.723 I/netstats_mobile_sample( 1505): [0,0,0,0,0,0,0,0,0,0,0,0,1672431218723]
12-31 04:13:38.723 I/netstats_wifi_sample( 1505): [7960200607,5553492,207821357,2252214,7960200607,5553492,207821357,2252214,7968133157,5618477,165376671,2156521,1672431218723]
12-31 04:13:38.859 I/auditd ( 0): type=1400 audit(0.0:12200): avc: denied { kill } for comm="swapper/3" capability=5 scontext=u:r:kernel:s0 tcontext=u:r:kernel:s0 tclass=capability permissive=0
12-31 04:13:40.859 I/auditd ( 0): type=1400 audit(0.0:12201): avc: denied { kill } for comm="swapper/3" capability=5 scontext=u:r:kernel:s0 tcontext=u:r:kernel:s0 tclass=capability permissive=0
12-31 04:13:41.859 I/auditd ( 0): type=1400 audit(0.0:12202): avc: denied { kill } for comm="swapper/3" capability=5 scontext=u:r:kernel:s0 tcontext=u:r:kernel:s0 tclass=capability permissive=0
12-31 04:13:42.859 I/auditd ( 0): type=1400 audit(0.0:12203): avc: denied { kill } for comm="swapper/3" capability=5 scontext=u:r:kernel:s0 tcontext=u:r:kernel:s0 tclass=capability permissive=0
12-31 04:13:43.859 I/auditd ( 0): type=1400 audit(0.0:12204): avc: denied { kill } for comm="swapper/3" capability=5 scontext=u:r:kernel:s0 tcontext=u:r:kernel:s0 tclass=capability permissive=0
12-31 04:13:44.859 I/auditd ( 0): type=1400 audit(0.0:12205): avc: denied { kill } for comm="swapper/3" capability=5 scontext=u:r:kernel:s0 tcontext=u:r:kernel:s0 tclass=capability permissive=0
12-31 04:13:45.859 I/auditd ( 0): type=1400 audit(0.0:12206): avc: denied { kill } for comm="swapper/3" capability=5 scontext=u:r:kernel:s0 tcontext=u:r:kernel:s0 tclass=capability permissive=0
12-31 04:13:46.859 I/auditd ( 0): type=1400 audit(0.0:12207): avc: denied { kill } for comm="swapper/3" capability=5 scontext=u:r:kernel:s0 tcontext=u:r:kernel:s0 tclass=capability permissive=0
12-31 04:13:47.859 I/auditd ( 0): type=1400 audit(0.0:12208): avc: denied { kill } for comm="swapper/3" capability=5 scontext=u:r:kernel:s0 tcontext=u:r:kernel:s0 tclass=capability permissive=0
12-31 04:13:48.859 I/auditd ( 0): type=1400 audit(0.0:12209): avc: denied { kill } for comm="swapper/3" capability=5 scontext=u:r:kernel:s0 tcontext=u:r:kernel:s0 tclass=capability permissive=0
12-31 04:13:49.859 I/auditd ( 0): type=1400 audit(0.0:12210): avc: denied { kill } for comm="swapper/3" capability=5 scontext=u:r:kernel:s0 tcontext=u:r:kernel:s0 tclass=capability permissive=0
12-31 04:13:50.859 I/auditd ( 0): type=1400 audit(0.0:12211): avc: denied { kill } for comm="swapper/3" capability=5 scontext=u:r:kernel:s0 tcontext=u:r:kernel:s0 tclass=capability permissive=0
12-31 04:13:51.859 I/auditd ( 0): type=1400 audit(0.0:12212): avc: denied { kill } for comm="swapper/3" capability=5 scontext=u:r:kernel:s0 tcontext=u:r:kernel:s0 tclass=capability permissive=0
12-31 04:13:52.859 I/auditd ( 0): type=1400 audit(0.0:12213): avc: denied { kill } for comm="swapper/3" capability=5 scontext=u:r:kernel:s0 tcontext=u:r:kernel:s0 tclass=capability permissive=0
12-31 04:13:53.859 I/auditd ( 0): type=1400 audit(0.0:12214): avc: denied { kill } for comm="swapper/3" capability=5 scontext=u:r:kernel:s0 tcontext=u:r:kernel:s0 tclass=capability permissive=0
12-31 04:13:54.859 I/auditd ( 0): type=1400 audit(0.0:12215): avc: denied { kill } for comm="swapper/3" capability=5 scontext=u:r:kernel:s0 tcontext=u:r:kernel:s0 tclass=capability permissive=0
12-31 04:13:55.859 I/auditd ( 0): type=1400 audit(0.0:12216): avc: denied { kill } for comm="swapper/3" capability=5 scontext=u:r:kernel:s0 tcontext=u:r:kernel:s0 tclass=capability permissive=0
12-31 04:13:56.859 I/auditd ( 0): type=1400 audit(0.0:12217): avc: denied { kill } for comm="swapper/3" capability=5 scontext=u:r:kernel:s0 tcontext=u:r:kernel:s0 tclass=capability permissive=0
12-31 04:13:57.859 I/auditd ( 0): type=1400 audit(0.0:12218): avc: denied { kill } for comm="swapper/3" capability=5 scontext=u:r:kernel:s0 tcontext=u:r:kernel:s0 tclass=capability permissive=0
12-31 04:13:58.859 I/auditd ( 0): type=1400 audit(0.0:12219): avc: denied { kill } for comm="swapper/3" capability=5 scontext=u:r:kernel:s0 tcontext=u:r:kernel:s0 tclass=capability permissive=0
12-31 04:14:00.859 I/auditd ( 0): type=1400 audit(0.0:12220): avc: denied { kill } for comm="swapper/1" capability=5 scontext=u:r:kernel:s0 tcontext=u:r:kernel:s0 tclass=capability permissive=0
12-31 04:14:01.859 I/auditd ( 0): type=1400 audit(0.0:12221): avc: denied { kill } for comm="swapper/1" capability=5 scontext=u:r:kernel:s0 tcontext=u:r:kernel:s0 tclass=capability permissive=0
12-31 04:14:02.859 I/auditd ( 0): type=1400 audit(0.0:12222): avc: denied { kill } for comm="swapper/1" capability=5 scontext=u:r:kernel:s0 tcontext=u:r:kernel:s0 tclass=capability permissive=0
12-31 04:14:03.859 I/auditd ( 0): type=1400 audit(0.0:12223): avc: denied { kill } for comm="swapper/1" capability=5 scontext=u:r:kernel:s0 tcontext=u:r:kernel:s0 tclass=capability permissive=0
12-31 04:14:04.859 I/auditd ( 0): type=1400 audit(0.0:12224): avc: denied { kill } for comm="swapper/1" capability=5 scontext=u:r:kernel:s0 tcontext=u:r:kernel:s0 tclass=capability permissive=0
12-31 04:14:05.859 I/auditd ( 0): type=1400 audit(0.0:12225): avc: denied { kill } for comm="swapper/1" capability=5 scontext=u:r:kernel:s0 tcontext=u:r:kernel:s0 tclass=capability permissive=0
12-31 04:14:06.859 I/auditd ( 0): type=1400 audit(0.0:12226): avc: denied { kill } for comm="swapper/1" capability=5 scontext=u:r:kernel:s0 tcontext=u:r:kernel:s0 tclass=capability permissive=0
12-31 04:14:07.859 I/auditd ( 0): type=1400 audit(0.0:12227): avc: denied { kill } for comm="swapper/1" capability=5 scontext=u:r:kernel:s0 tcontext=u:r:kernel:s0 tclass=capability permissive=0
12-31 04:14:08.859 I/auditd ( 0): type=1400 audit(0.0:12228): avc: denied { kill } for comm="swapper/1" capability=5 scontext=u:r:kernel:s0 tcontext=u:r:kernel:s0 tclass=capability permissive=0
12-31 04:14:09.859 I/auditd ( 0): type=1400 audit(0.0:12229): avc: denied { kill } for comm="swapper/1" capability=5 scontext=u:r:kernel:s0 tcontext=u:r:kernel:s0 tclass=capability permissive=0
12-31 04:14:10.027 I/commit_sys_config_file( 1505): [appops,10757185]
12-31 04:14:10.859 I/auditd ( 0): type=1400 audit(0.0:12230): avc: denied { kill } for comm="swapper/1" capability=5 scontext=u:r:kernel:s0 tcontext=u:r:kernel:s0 tclass=capability permissive=0
12-31 04:14:11.859 I/auditd ( 0): type=1400 audit(0.0:12231): avc: denied { kill } for comm="swapper/1" capability=5 scontext=u:r:kernel:s0 tcontext=u:r:kernel:s0 tclass=capability permissive=0
12-31 04:14:12.859 I/auditd ( 0): type=1400 audit(0.0:12232): avc: denied { kill } for comm="swapper/1" capability=5 scontext=u:r:kernel:s0 tcontext=u:r:kernel:s0 tclass=capability permissive=0
12-31 04:14:13.859 I/auditd ( 0): type=1400 audit(0.0:12233): avc: denied { kill } for comm="swapper/1" capability=5 scontext=u:r:kernel:s0 tcontext=u:r:kernel:s0 tclass=capability permissive=0
12-31 04:14:14.859 I/auditd ( 0): type=1400 audit(0.0:12234): avc: denied { kill } for comm="swapper/1" capability=5 scontext=u:r:kernel:s0 tcontext=u:r:kernel:s0 tclass=capability permissive=0
12-31 04:14:15.859 I/auditd ( 0): type=1400 audit(0.0:12235): avc: denied { kill } for comm="swapper/1" capability=5 scontext=u:r:kernel:s0 tcontext=u:r:kernel:s0 tclass=capability permissive=0
12-31 04:14:16.859 I/auditd ( 0): type=1400 audit(0.0:12236): avc: denied { kill } for comm="swapper/1" capability=5 scontext=u:r:kernel:s0 tcontext=u:r:kernel:s0 tclass=capability permissive=0
12-31 04:14:17.786 I/input_interaction( 1505): Interaction with: 7b17e46 com.thundercomm.screensaver/android.service.dreams.DreamActivity (server), edge-swipe (server), swipe-up (server), PointerEventDispatcher0 (server),
12-31 04:14:17.789 I/wm_finish_activity( 1505): [0,14587002,32,com.thundercomm.screensaver/android.service.dreams.DreamActivity,finish-activity]
12-31 04:14:17.790 I/wm_task_moved( 1505): [1,1,8]
12-31 04:14:17.791 I/wm_task_moved( 1505): [9,1,2147483647]
12-31 04:14:17.791 I/wm_task_to_front( 1505): [0,9]
12-31 04:14:17.791 I/wm_focused_root_task( 1505): [0,0,1,32,finish-top adjustFocusToNextFocusableTask]
12-31 04:14:17.791 I/wm_set_resumed_activity( 1505): [0,com.android.launcher3/.uioverrides.QuickstepLauncher,finish-top adjustFocusToNextFocusableTask]
12-31 04:14:17.793 I/wm_pause_activity( 1505): [0,14587002,com.thundercomm.screensaver/android.service.dreams.DreamActivity,userLeaving=false,finish]
12-31 04:14:17.799 I/wm_on_top_resumed_lost_called(12001): [14587002,android.service.dreams.DreamActivity,topStateChangedWhenResumed]
12-31 04:14:17.800 I/wm_on_paused_called(12001): [14587002,android.service.dreams.DreamActivity,performPause]
12-31 04:14:17.800 I/sysui_multi_action( 1505): [757,803,799,window_time_0,802,55]
12-31 04:14:17.801 I/wm_add_to_stopping( 1505): [0,14587002,com.thundercomm.screensaver/android.service.dreams.DreamActivity,completeFinishing]
12-31 04:14:17.804 I/wm_set_resumed_activity( 1505): [0,com.android.launcher3/.uioverrides.QuickstepLauncher,resumeTopActivityInnerLocked]
12-31 04:14:17.806 I/wm_resume_activity( 1505): [0,83241864,9,com.android.launcher3/.uioverrides.QuickstepLauncher]
12-31 04:14:17.817 I/sysui_multi_action( 1505): [757,803,799,window_time_0,802,0]
12-31 04:14:17.822 I/wm_on_restart_called( 2581): [83241864,com.android.launcher3.uioverrides.QuickstepLauncher,performRestartActivity]
12-31 04:14:17.822 I/wm_on_start_called( 2581): [83241864,com.android.launcher3.uioverrides.QuickstepLauncher,handleStartActivity]
12-31 04:14:17.822 I/wm_on_resume_called( 2581): [83241864,com.android.launcher3.uioverrides.QuickstepLauncher,RESUME_ACTIVITY]
12-31 04:14:17.822 I/wm_on_top_resumed_gained_called( 2581): [83241864,com.android.launcher3.uioverrides.QuickstepLauncher,topWhenResuming]
12-31 04:14:17.827 I/am_pss ( 1505): [12686,1000,com.thundercomm.gamemode,23104512,17600512,55296,119947264,0,10,6]
12-31 04:14:17.840 I/input_focus( 1505): [Focus leaving 7b17e46 com.thundercomm.screensaver/android.service.dreams.DreamActivity (server),reason=NO_WINDOW]
12-31 04:14:17.840 I/view_enqueue_input_event(12001): [Motion - Cancel,com.thundercomm.screensaver/android.service.dreams.DreamActivity]
12-31 04:14:17.840 I/input_focus( 1505): [Focus request 5f64dd7 com.android.launcher3/com.android.launcher3.uioverrides.QuickstepLauncher,reason=UpdateInputWindows]
12-31 04:14:17.856 I/input_focus( 1505): [Focus entering 5f64dd7 com.android.launcher3/com.android.launcher3.uioverrides.QuickstepLauncher (server),reason=setFocusedWindow]
12-31 04:14:18.094 I/wm_destroy_activity( 1505): [0,14587002,32,com.thundercomm.screensaver/android.service.dreams.DreamActivity,finish-imm:idle]
12-31 04:14:18.111 I/wm_on_stop_called(12001): [14587002,android.service.dreams.DreamActivity,LIFECYCLER_STOP_ACTIVITY]
12-31 04:14:18.111 I/wm_on_destroy_called(12001): [14587002,android.service.dreams.DreamActivity,performDestroy]
12-31 04:14:18.115 I/sysui_multi_action( 1505): [757,222,758,2]
12-31 04:14:18.115 I/sysui_multi_action( 1505): [757,804,799,dreaming_minutes,801,0,802,1]
12-31 04:14:18.127 I/wm_task_removed( 1505): [32,removeChild:removeChild last r=ActivityRecord{de947a u0 com.thundercomm.screensaver/android.service.dreams.DreamActivity t-1 f}} in t=Task{d1540f7 #32 type=dream A=10052:android:com.thundercomm.screensaver/dream U=0 visible=false mode=fullscreen translucent=true sz=0}]
12-31 04:14:18.127 I/wm_task_removed( 1505): [32,removeChild]
12-31 04:14:18.859 I/auditd ( 0): type=1400 audit(0.0:12237): avc: denied { kill } for comm="swapper/1" capability=5 scontext=u:r:kernel:s0 tcontext=u:r:kernel:s0 tclass=capability permissive=0
12-31 04:14:19.859 I/auditd ( 0): type=1400 audit(0.0:12238): avc: denied { kill } for comm="swapper/1" capability=5 scontext=u:r:kernel:s0 tcontext=u:r:kernel:s0 tclass=capability permissive=0
12-31 04:14:20.859 I/auditd ( 0): type=1400 audit(0.0:12239): avc: denied { kill } for comm="swapper/1" capability=5 scontext=u:r:kernel:s0 tcontext=u:r:kernel:s0 tclass=capability permissive=0
12-31 04:14:21.859 I/auditd ( 0): type=1400 audit(0.0:12240): avc: denied { kill } for comm="swapper/1" capability=5 scontext=u:r:kernel:s0 tcontext=u:r:kernel:s0 tclass=capability permissive=0
12-31 04:14:22.859 I/auditd ( 0): type=1400 audit(0.0:12241): avc: denied { kill } for comm="swapper/1" capability=5 scontext=u:r:kernel:s0 tcontext=u:r:kernel:s0 tclass=capability permissive=0
12-31 04:14:23.859 I/auditd ( 0): type=1400 audit(0.0:12242): avc: denied { kill } for comm="swapper/1" capability=5 scontext=u:r:kernel:s0 tcontext=u:r:kernel:s0 tclass=capability permissive=0
12-31 04:14:24.859 I/auditd ( 0): type=1400 audit(0.0:12243): avc: denied { kill } for comm="swapper/1" capability=5 scontext=u:r:kernel:s0 tcontext=u:r:kernel:s0 tclass=capability permissive=0
12-31 04:14:25.859 I/auditd ( 0): type=1400 audit(0.0:12244): avc: denied { kill } for comm="swapper/1" capability=5 scontext=u:r:kernel:s0 tcontext=u:r:kernel:s0 tclass=capability permissive=0
12-31 04:14:26.859 I/auditd ( 0): type=1400 audit(0.0:12245): avc: denied { kill } for comm="swapper/1" capability=5 scontext=u:r:kernel:s0 tcontext=u:r:kernel:s0 tclass=capability permissive=0
12-31 04:14:27.859 I/auditd ( 0): type=1400 audit(0.0:12246): avc: denied { kill } for comm="swapper/1" capability=5 scontext=u:r:kernel:s0 tcontext=u:r:kernel:s0 tclass=capability permissive=0
12-31 04:14:28.859 I/auditd ( 0): type=1400 audit(0.0:12247): avc: denied { kill } for comm="swapper/1" capability=5 scontext=u:r:kernel:s0 tcontext=u:r:kernel:s0 tclass=capability permissive=0
12-31 04:14:29.859 I/auditd ( 0): type=1400 audit(0.0:12248): avc: denied { kill } for comm="swapper/1" capability=5 scontext=u:r:kernel:s0 tcontext=u:r:kernel:s0 tclass=capability permissive=0
12-31 04:14:30.859 I/auditd ( 0): type=1400 audit(0.0:12249): avc: denied { kill } for comm="swapper/1" capability=5 scontext=u:r:kernel:s0 tcontext=u:r:kernel:s0 tclass=capability permissive=0
12-31 04:14:31.859 I/auditd ( 0): type=1400 audit(0.0:12250): avc: denied { kill } for comm="swapper/1" capability=5 scontext=u:r:kernel:s0 tcontext=u:r:kernel:s0 tclass=capability permissive=0
12-31 04:14:32.859 I/auditd ( 0): type=1400 audit(0.0:12251): avc: denied { kill } for comm="swapper/1" capability=5 scontext=u:r:kernel:s0 tcontext=u:r:kernel:s0 tclass=capability permissive=0
12-31 04:14:33.891 I/auditd ( 566): type=1400 audit(0.0:12252): avc: denied { read } for comm="Binder:566_2" name="wakeup58" dev="sysfs" ino=71727 scontext=u:r:system_suspend:s0 tcontext=u:object_r:sysfs:s0 tclass=dir permissive=0
12-31 04:14:33.895 I/auditd ( 566): type=1400 audit(0.0:12253): avc: denied { read } for comm="Binder:566_2" name="wakeup48" dev="sysfs" ino=67141 scontext=u:r:system_suspend:s0 tcontext=u:object_r:sysfs:s0 tclass=dir permissive=0
12-31 04:14:33.895 I/auditd ( 566): type=1400 audit(0.0:12254): avc: denied { read } for comm="Binder:566_2" name="wakeup4" dev="sysfs" ino=47049 scontext=u:r:system_suspend:s0 tcontext=u:object_r:sysfs:s0 tclass=dir permissive=0
12-31 04:14:33.899 I/auditd ( 566): type=1400 audit(0.0:12255): avc: denied { read } for comm="Binder:566_2" name="wakeup28" dev="sysfs" ino=53114 scontext=u:r:system_suspend:s0 tcontext=u:object_r:sysfs:s0 tclass=dir permissive=0
12-31 04:14:33.899 I/auditd ( 566): type=1400 audit(0.0:12256): avc: denied { read } for comm="Binder:566_2" name="wakeup56" dev="sysfs" ino=71655 scontext=u:r:system_suspend:s0 tcontext=u:object_r:sysfs:s0 tclass=dir permissive=0
12-31 04:14:33.903 I/auditd ( 566): type=1400 audit(0.0:12257): avc: denied { read } for comm="Binder:566_2" name="wakeup2" dev="sysfs" ino=46573 scontext=u:r:system_suspend:s0 tcontext=u:object_r:sysfs:s0 tclass=dir permissive=0
12-31 04:14:33.903 I/auditd ( 566): type=1400 audit(0.0:12258): avc: denied { read } for comm="Binder:566_2" name="wakeup74" dev="sysfs" ino=76498 scontext=u:r:system_suspend:s0 tcontext=u:object_r:sysfs:s0 tclass=dir permissive=0
12-31 04:14:33.952 I/commit_sys_config_file( 1505): [batterystats,7]
12-31 04:14:33.955 I/commit_sys_config_file( 1505): [batterystats,2]
12-31 04:14:35.859 I/auditd ( 0): type=1400 audit(0.0:12303): avc: denied { kill } for comm="swapper/1" capability=5 scontext=u:r:kernel:s0 tcontext=u:r:kernel:s0 tclass=capability permissive=0
12-31 04:14:36.859 I/auditd ( 0): type=1400 audit(0.0:12304): avc: denied { kill } for comm="swapper/1" capability=5 scontext=u:r:kernel:s0 tcontext=u:r:kernel:s0 tclass=capability permissive=0
12-31 04:14:37.859 I/auditd ( 0): type=1400 audit(0.0:12305): avc: denied { kill } for comm="swapper/1" capability=5 scontext=u:r:kernel:s0 tcontext=u:r:kernel:s0 tclass=capability permissive=0
12-31 04:14:38.859 I/auditd ( 0): type=1400 audit(0.0:12306): avc: denied { kill } for comm="swapper/1" capability=5 scontext=u:r:kernel:s0 tcontext=u:r:kernel:s0 tclass=capability permissive=0
12-31 04:14:39.859 I/auditd ( 0): type=1400 audit(0.0:12307): avc: denied { kill } for comm="swapper/1" capability=5 scontext=u:r:kernel:s0 tcontext=u:r:kernel:s0 tclass=capability permissive=0
12-31 04:14:40.859 I/auditd ( 0): type=1400 audit(0.0:12308): avc: denied { kill } for comm="swapper/1" capability=5 scontext=u:r:kernel:s0 tcontext=u:r:kernel:s0 tclass=capability permissive=0
12-31 04:14:41.859 I/auditd ( 0): type=1400 audit(0.0:12309): avc: denied { kill } for comm="swapper/1" capability=5 scontext=u:r:kernel:s0 tcontext=u:r:kernel:s0 tclass=capability permissive=0
12-31 04:14:42.859 I/auditd ( 0): type=1400 audit(0.0:12310): avc: denied { kill } for comm="swapper/1" capability=5 scontext=u:r:kernel:s0 tcontext=u:r:kernel:s0 tclass=capability permissive=0
12-31 04:14:43.859 I/auditd ( 0): type=1400 audit(0.0:12311): avc: denied { kill } for comm="swapper/1" capability=5 scontext=u:r:kernel:s0 tcontext=u:r:kernel:s0 tclass=capability permissive=0
12-31 04:14:44.859 I/auditd ( 0): type=1400 audit(0.0:12312): avc: denied { kill } for comm="swapper/1" capability=5 scontext=u:r:kernel:s0 tcontext=u:r:kernel:s0 tclass=capability permissive=0
12-31 04:14:45.859 I/auditd ( 0): type=1400 audit(0.0:12313): avc: denied { kill } for comm="swapper/1" capability=5 scontext=u:r:kernel:s0 tcontext=u:r:kernel:s0 tclass=capability permissive=0
12-31 04:14:46.859 I/auditd ( 0): type=1400 audit(0.0:12314): avc: denied { kill } for comm="swapper/1" capability=5 scontext=u:r:kernel:s0 tcontext=u:r:kernel:s0 tclass=capability permissive=0
12-31 04:14:47.859 I/auditd ( 0): type=1400 audit(0.0:12315): avc: denied { kill } for comm="swapper/1" capability=5 scontext=u:r:kernel:s0 tcontext=u:r:kernel:s0 tclass=capability permissive=0
12-31 04:14:48.859 I/auditd ( 0): type=1400 audit(0.0:12316): avc: denied { kill } for comm="swapper/1" capability=5 scontext=u:r:kernel:s0 tcontext=u:r:kernel:s0 tclass=capability permissive=0
12-31 04:14:49.859 I/auditd ( 0): type=1400 audit(0.0:12317): avc: denied { kill } for comm="swapper/1" capability=5 scontext=u:r:kernel:s0 tcontext=u:r:kernel:s0 tclass=capability permissive=0
12-31 04:14:50.859 I/auditd ( 0): type=1400 audit(0.0:12318): avc: denied { kill } for comm="swapper/1" capability=5 scontext=u:r:kernel:s0 tcontext=u:r:kernel:s0 tclass=capability permissive=0
12-31 04:14:51.859 I/auditd ( 0): type=1400 audit(0.0:12319): avc: denied { kill } for comm="swapper/1" capability=5 scontext=u:r:kernel:s0 tcontext=u:r:kernel:s0 tclass=capability permissive=0
12-31 04:14:52.859 I/auditd ( 0): type=1400 audit(0.0:12320): avc: denied { kill } for comm="swapper/1" capability=5 scontext=u:r:kernel:s0 tcontext=u:r:kernel:s0 tclass=capability permissive=0
12-31 04:14:53.771 I/auditd ( 499): type=1401 audit(0.0:12321): op=security_compute_sid invalid_context=u:r:np_thundercomm_tlog_pstore:s0 scontext=u:r:init:s0 tcontext=u:object_r:np_thundercomm_tlog_pstore_exec:s0 tclass=process
12-31 04:14:53.859 I/auditd ( 0): type=1400 audit(0.0:12322): avc: denied { kill } for comm="swapper/1" capability=5 scontext=u:r:kernel:s0 tcontext=u:r:kernel:s0 tclass=capability permissive=0
12-31 04:14:54.859 I/auditd ( 0): type=1400 audit(0.0:12323): avc: denied { kill } for comm="swapper/1" capability=5 scontext=u:r:kernel:s0 tcontext=u:r:kernel:s0 tclass=capability permissive=0
12-31 04:14:55.859 I/auditd ( 0): type=1400 audit(0.0:12324): avc: denied { kill } for comm="swapper/1" capability=5 scontext=u:r:kernel:s0 tcontext=u:r:kernel:s0 tclass=capability permissive=0
12-31 04:14:56.588 I/am_uid_idle( 1505): 10096
12-31 04:14:56.589 I/am_stop_idle_service( 1505): [10096,com.tencent.tmgp.sgame/com.tencent.tpns.mqttchannel.services.MqttService]
12-31 04:14:56.859 I/auditd ( 0): type=1400 audit(0.0:12325): avc: denied { kill } for comm="swapper/1" capability=5 scontext=u:r:kernel:s0 tcontext=u:r:kernel:s0 tclass=capability permissive=0
12-31 04:14:57.859 I/auditd ( 0): type=1400 audit(0.0:12326): avc: denied { kill } for comm="swapper/1" capability=5 scontext=u:r:kernel:s0 tcontext=u:r:kernel:s0 tclass=capability permissive=0
12-31 04:14:58.859 I/auditd ( 0): type=1400 audit(0.0:12327): avc: denied { kill } for comm="swapper/1" capability=5 scontext=u:r:kernel:s0 tcontext=u:r:kernel:s0 tclass=capability permissive=0
12-31 04:14:59.859 I/auditd ( 0): type=1400 audit(0.0:12328): avc: denied { kill } for comm="swapper/1" capability=5 scontext=u:r:kernel:s0 tcontext=u:r:kernel:s0 tclass=capability permissive=0
12-31 04:15:00.859 I/auditd ( 0): type=1400 audit(0.0:12329): avc: denied { kill } for comm="swapper/1" capability=5 scontext=u:r:kernel:s0 tcontext=u:r:kernel:s0 tclass=capability permissive=0
12-31 04:15:01.114 I/am_uid_active( 1505): 10096
12-31 04:15:01.148 I/commit_sys_config_file( 1505): [procstats,27]
12-31 04:15:01.362 I/am_meminfo( 1505): [3159793664,1300828160,15069184,368463872,454525952]
12-31 04:15:01.375 I/am_pss ( 1505): [2581,10077,com.android.launcher3,132229120,122898432,61440,244930560,2,2,12]
12-31 04:15:01.390 I/am_pss ( 1505): [10873,1000,com.android.settings,152176640,134295552,61440,278675456,2,15,14]
12-31 04:15:01.398 I/am_pss ( 1505): [1979,1002,com.android.bluetooth,18547712,15429632,62464,104693760,2,0,7]
12-31 04:15:01.421 I/am_pss ( 1505): [11073,10036,com.microsoft.emmx,291907584,275652608,58368,422944768,2,16,21]
12-31 04:15:01.434 I/am_pss ( 1505): [3152,10035,com.baidu.input,101051392,90570752,60416,218730496,2,7,12]
12-31 04:15:01.443 I/am_pss ( 1505): [12001,10052,com.thundercomm.screensaver,32101376,23506944,62464,141910016,2,19,8]
12-31 04:15:01.450 I/am_pss ( 1505): [12705,10063,com.thundercomm.gamemode.provider,9399296,5898240,63488,92311552,2,15,5]
12-31 04:15:01.456 I/am_pss ( 1505): [13192,1000,com.qti.diagservices,8142848,4448256,62464,90972160,2,10,6]
12-31 04:15:01.464 I/am_pss ( 1505): [12686,1000,com.thundercomm.gamemode,22768640,17264640,55296,119611392,2,10,8]
12-31 04:15:01.471 I/am_pss ( 1505): [2854,10094,com.android.providers.media.module,20545536,17113088,62464,107372544,2,0,7]
12-31 04:15:01.478 I/am_pss ( 1505): [2389,10095,android.ext.services,14828544,11980800,63488,93245440,2,5,5]
12-31 04:15:01.483 I/am_pss ( 1505): [2920,10074,com.qualcomm.location.XT,6306816,4132864,62464,83083264,2,6,5]
12-31 04:15:01.489 I/am_pss ( 1505): [2846,10087,com.qualcomm.qti.qccnetstat,5933056,3837952,63488,81264640,2,0,5]
12-31 04:15:01.494 I/am_pss ( 1505): [2852,10086,com.qualcomm.qti.workloadclassifier,7331840,4898816,62464,86667264,2,0,5]
12-31 04:15:01.499 I/am_pss ( 1505): [2814,10078,com.qualcomm.qti.services.systemhelper:systemhelper_service,5941248,3878912,62464,80998400,2,0,5]
12-31 04:15:01.504 I/am_pss ( 1505): [2785,10056,.pasr,5613568,3559424,63488,79646720,2,0,4]
12-31 04:15:01.509 I/am_pss ( 1505): [2737,10059,ts.car.uart,5790720,3731456,62464,80273408,2,0,5]
12-31 04:15:01.520 I/am_pss ( 1505): [2733,10088,com.hht.lebocast,87702528,73449472,857088,135897088,2,0,10]
12-31 04:15:01.526 I/am_pss ( 1505): [2701,10080,com.qualcomm.location,8893440,6021120,62464,90894336,2,0,5]
12-31 04:15:01.531 I/am_pss ( 1505): [3185,10065,com.qualcomm.qti.devicestatisticsservice,5540864,3489792,63488,79433728,2,0,4]
12-31 04:15:01.537 I/am_pss ( 1505): [2352,1000,com.qualcomm.qti.qdma,7874560,5349376,62464,89894912,2,0,5]
12-31 04:15:01.543 I/am_pss ( 1505): [2337,1000,com.thundercomm.remotecontrolservice,6313984,4210688,63488,81547264,2,0,5]
12-31 04:15:01.548 I/am_pss ( 1505): [2346,1000,com.thundercomm.tcservice,7135232,4775936,63488,85487616,2,0,4]
12-31 04:15:01.553 I/am_pss ( 1505): [2259,1068,com.android.se,5944320,3842048,62464,81543168,2,0,4]
12-31 04:15:01.560 I/am_pss ( 1505): [2195,1000,com.thundercomm.tcsetupwizard,43281408,38744064,61440,141144064,2,0,6]
12-31 04:15:01.565 I/am_pss ( 1505): [2224,10082,com.qti.qualcomm.mstatssystemservice,5687296,3641344,63488,80039936,2,0,4]
12-31 04:15:01.569 I/am_pss ( 1505): [2208,1000,vendor.qti.qesdk.sysservice,5765120,3678208,63488,80887808,2,0,4]
12-31 04:15:01.576 I/am_pss ( 1505): [2181,1073,com.android.networkstack.process,13120512,9924608,62464,98361344,2,0,6]
12-31 04:15:01.581 I/am_pss ( 1505): [2166,1000,com.tc.logclient,6999040,4812800,62464,84635648,2,0,5]
12-31 04:15:01.586 I/am_pss ( 1505): [2159,1000,com.thundercomm.tchttpserver,6323200,4202496,63488,82063360,2,0,4]
12-31 04:15:01.591 I/am_pss ( 1505): [2151,10054,.qtidataservices,5860352,3772416,62464,80789504,2,0,5]
12-31 04:15:01.596 I/am_pss ( 1505): [2148,1001,.dataservices,7610368,5251072,62464,85807104,2,0,4]
12-31 04:15:01.602 I/am_pss ( 1505): [2131,1000,com.thundercomm.microsettings,17857536,12005376,63488,104148992,2,0,6]
12-31 04:15:01.607 I/am_pss ( 1505): [2096,1000,com.thundercomm.microservice,6646784,4521984,63488,82378752,2,0,4]
12-31 04:15:01.625 I/am_pss ( 1505): [1996,10081,com.android.systemui,216639488,205905920,60416,335101952,2,0,16]
12-31 04:15:01.646 I/am_pss ( 1505): [1505,1000,system,195059712,107849728,58368,475375616,2,0,19]
12-31 04:15:01.859 I/auditd ( 0): type=1400 audit(0.0:12330): avc: denied { kill } for comm="swapper/1" capability=5 scontext=u:r:kernel:s0 tcontext=u:r:kernel:s0 tclass=capability permissive=0
12-31 04:15:02.859 I/auditd ( 0): type=1400 audit(0.0:12331): avc: denied { kill } for comm="swapper/1" capability=5 scontext=u:r:kernel:s0 tcontext=u:r:kernel:s0 tclass=capability permissive=0
12-31 04:15:03.859 I/auditd ( 0): type=1400 audit(0.0:12332): avc: denied { kill } for comm="swapper/1" capability=5 scontext=u:r:kernel:s0 tcontext=u:r:kernel:s0 tclass=capability permissive=0
12-31 04:15:04.859 I/auditd ( 0): type=1400 audit(0.0:12333): avc: denied { kill } for comm="swapper/1" capability=5 scontext=u:r:kernel:s0 tcontext=u:r:kernel:s0 tclass=capability permissive=0
12-31 04:15:05.859 I/auditd ( 0): type=1400 audit(0.0:12334): avc: denied { kill } for comm="swapper/1" capability=5 scontext=u:r:kernel:s0 tcontext=u:r:kernel:s0 tclass=capability permissive=0
12-31 04:15:06.859 I/auditd ( 0): type=1400 audit(0.0:12335): avc: denied { kill } for comm="swapper/1" capability=5 scontext=u:r:kernel:s0 tcontext=u:r:kernel:s0 tclass=capability permissive=0
12-31 04:15:07.859 I/auditd ( 0): type=1400 audit(0.0:12336): avc: denied { kill } for comm="swapper/1" capability=5 scontext=u:r:kernel:s0 tcontext=u:r:kernel:s0 tclass=capability permissive=0
12-31 04:15:08.859 I/auditd ( 0): type=1400 audit(0.0:12337): avc: denied { kill } for comm="swapper/1" capability=5 scontext=u:r:kernel:s0 tcontext=u:r:kernel:s0 tclass=capability permissive=0
12-31 04:15:09.859 I/auditd ( 0): type=1400 audit(0.0:12338): avc: denied { kill } for comm="swapper/1" capability=5 scontext=u:r:kernel:s0 tcontext=u:r:kernel:s0 tclass=capability permissive=0
12-31 04:15:10.859 I/auditd ( 0): type=1400 audit(0.0:12339): avc: denied { kill } for comm="swapper/1" capability=5 scontext=u:r:kernel:s0 tcontext=u:r:kernel:s0 tclass=capability permissive=0
12-31 04:15:10.867 I/sysui_multi_action( 1505): [757,1696,758,6,759,2]
12-31 04:15:10.870 I/am_wtf ( 1505): [0,1505,system_server,-1,DisplayDeviceConfig,requesting nits when no mapping exists.]
12-31 04:15:10.874 I/am_wtf ( 1505): [0,1505,system_server,-1,DisplayDeviceConfig,requesting nits when no mapping exists.]
12-31 04:15:10.885 I/am_wtf ( 1505): [0,1505,system_server,-1,DisplayDeviceConfig,requesting nits when no mapping exists.]
12-31 04:15:10.887 I/am_wtf ( 1505): [0,1505,system_server,-1,DisplayDeviceConfig,requesting nits when no mapping exists.]
12-31 04:15:10.901 I/am_wtf ( 1505): [0,1505,system_server,-1,DisplayDeviceConfig,requesting nits when no mapping exists.]
12-31 04:15:10.904 I/am_wtf ( 1505): [0,1505,system_server,-1,DisplayDeviceConfig,requesting nits when no mapping exists.]
12-31 04:15:10.916 I/am_wtf ( 1505): [0,1505,system_server,-1,DisplayDeviceConfig,requesting nits when no mapping exists.]
12-31 04:15:10.917 I/am_wtf ( 1505): [0,1505,system_server,-1,DisplayDeviceConfig,requesting nits when no mapping exists.]
12-31 04:15:10.933 I/am_wtf ( 1505): [0,1505,system_server,-1,DisplayDeviceConfig,requesting nits when no mapping exists.]
12-31 04:15:10.934 I/am_wtf ( 1505): [0,1505,system_server,-1,DisplayDeviceConfig,requesting nits when no mapping exists.]
12-31 04:15:10.950 I/am_wtf ( 1505): [0,1505,system_server,-1,DisplayDeviceConfig,requesting nits when no mapping exists.]
12-31 04:15:10.951 I/am_wtf ( 1505): [0,1505,system_server,-1,DisplayDeviceConfig,requesting nits when no mapping exists.]
12-31 04:15:10.966 I/am_wtf ( 1505): [0,1505,system_server,-1,DisplayDeviceConfig,requesting nits when no mapping exists.]
12-31 04:15:10.967 I/am_wtf ( 1505): [0,1505,system_server,-1,DisplayDeviceConfig,requesting nits when no mapping exists.]
12-31 04:15:10.983 I/am_wtf ( 1505): [0,1505,system_server,-1,DisplayDeviceConfig,requesting nits when no mapping exists.]
12-31 04:15:10.984 I/am_wtf ( 1505): [0,1505,system_server,-1,DisplayDeviceConfig,requesting nits when no mapping exists.]
12-31 04:15:11.001 I/am_wtf ( 1505): [0,1505,system_server,-1,DisplayDeviceConfig,requesting nits when no mapping exists.]
12-31 04:15:11.001 I/am_wtf ( 1505): [0,1505,system_server,-1,DisplayDeviceConfig,requesting nits when no mapping exists.]
12-31 04:15:11.018 I/am_wtf ( 1505): [0,1505,system_server,-1,DisplayDeviceConfig,requesting nits when no mapping exists.]
12-31 04:15:11.019 I/am_wtf ( 1505): [0,1505,system_server,-1,DisplayDeviceConfig,requesting nits when no mapping exists.]
12-31 04:15:11.033 I/am_wtf ( 1505): [0,1505,system_server,-1,DisplayDeviceConfig,requesting nits when no mapping exists.]
12-31 04:15:11.034 I/am_wtf ( 1505): [0,1505,system_server,-1,DisplayDeviceConfig,requesting nits when no mapping exists.]
12-31 04:15:11.050 I/am_wtf ( 1505): [0,1505,system_server,-1,DisplayDeviceConfig,requesting nits when no mapping exists.]
12-31 04:15:11.051 I/am_wtf ( 1505): [0,1505,system_server,-1,DisplayDeviceConfig,requesting nits when no mapping exists.]
12-31 04:15:11.067 I/am_wtf ( 1505): [0,1505,system_server,-1,DisplayDeviceConfig,requesting nits when no mapping exists.]
12-31 04:15:11.068 I/am_wtf ( 1505): [0,1505,system_server,-1,DisplayDeviceConfig,requesting nits when no mapping exists.]
12-31 04:15:11.084 I/am_wtf ( 1505): [0,1505,system_server,-1,DisplayDeviceConfig,requesting nits when no mapping exists.]
12-31 04:15:11.085 I/am_wtf ( 1505): [0,1505,system_server,-1,DisplayDeviceConfig,requesting nits when no mapping exists.]
12-31 04:15:11.100 I/am_wtf ( 1505): [0,1505,system_server,-1,DisplayDeviceConfig,requesting nits when no mapping exists.]
12-31 04:15:11.101 I/am_wtf ( 1505): [0,1505,system_server,-1,DisplayDeviceConfig,requesting nits when no mapping exists.]
12-31 04:15:11.117 I/am_wtf ( 1505): [0,1505,system_server,-1,DisplayDeviceConfig,requesting nits when no mapping exists.]
12-31 04:15:11.118 I/am_wtf ( 1505): [0,1505,system_server,-1,DisplayDeviceConfig,requesting nits when no mapping exists.]
12-31 04:15:11.133 I/am_wtf ( 1505): [0,1505,system_server,-1,DisplayDeviceConfig,requesting nits when no mapping exists.]
12-31 04:15:11.134 I/am_wtf ( 1505): [0,1505,system_server,-1,DisplayDeviceConfig,requesting nits when no mapping exists.]
12-31 04:15:11.150 I/am_wtf ( 1505): [0,1505,system_server,-1,DisplayDeviceConfig,requesting nits when no mapping exists.]
12-31 04:15:11.151 I/am_wtf ( 1505): [0,1505,system_server,-1,DisplayDeviceConfig,requesting nits when no mapping exists.]
12-31 04:15:11.167 I/am_wtf ( 1505): [0,1505,system_server,-1,DisplayDeviceConfig,requesting nits when no mapping exists.]
12-31 04:15:11.168 I/am_wtf ( 1505): [0,1505,system_server,-1,DisplayDeviceConfig,requesting nits when no mapping exists.]
12-31 04:15:11.184 I/am_wtf ( 1505): [0,1505,system_server,-1,DisplayDeviceConfig,requesting nits when no mapping exists.]
12-31 04:15:11.185 I/am_wtf ( 1505): [0,1505,system_server,-1,DisplayDeviceConfig,requesting nits when no mapping exists.]
12-31 04:15:11.201 I/am_wtf ( 1505): [0,1505,system_server,-1,DisplayDeviceConfig,requesting nits when no mapping exists.]
12-31 04:15:11.202 I/am_wtf ( 1505): [0,1505,system_server,-1,DisplayDeviceConfig,requesting nits when no mapping exists.]
12-31 04:15:11.217 I/am_wtf ( 1505): [0,1505,system_server,-1,DisplayDeviceConfig,requesting nits when no mapping exists.]
12-31 04:15:11.217 I/am_wtf ( 1505): [0,1505,system_server,-1,DisplayDeviceConfig,requesting nits when no mapping exists.]
12-31 04:15:11.233 I/am_wtf ( 1505): [0,1505,system_server,-1,DisplayDeviceConfig,requesting nits when no mapping exists.]
12-31 04:15:11.234 I/am_wtf ( 1505): [0,1505,system_server,-1,DisplayDeviceConfig,requesting nits when no mapping exists.]
12-31 04:15:11.250 I/am_wtf ( 1505): [0,1505,system_server,-1,DisplayDeviceConfig,requesting nits when no mapping exists.]
12-31 04:15:11.251 I/am_wtf ( 1505): [0,1505,system_server,-1,DisplayDeviceConfig,requesting nits when no mapping exists.]
12-31 04:15:11.267 I/am_wtf ( 1505): [0,1505,system_server,-1,DisplayDeviceConfig,requesting nits when no mapping exists.]
12-31 04:15:11.268 I/service_manager_stats( 1505): [100,41,108011]
12-31 04:15:11.268 I/am_wtf ( 1505): [0,1505,system_server,-1,DisplayDeviceConfig,requesting nits when no mapping exists.]
12-31 04:15:11.284 I/am_wtf ( 1505): [0,1505,system_server,-1,DisplayDeviceConfig,requesting nits when no mapping exists.]
12-31 04:15:11.285 I/am_wtf ( 1505): [0,1505,system_server,-1,DisplayDeviceConfig,requesting nits when no mapping exists.]
12-31 04:15:11.300 I/am_wtf ( 1505): [0,1505,system_server,-1,DisplayDeviceConfig,requesting nits when no mapping exists.]
12-31 04:15:11.301 I/am_wtf ( 1505): [0,1505,system_server,-1,DisplayDeviceConfig,requesting nits when no mapping exists.]
12-31 04:15:11.317 I/am_wtf ( 1505): [0,1505,system_server,-1,DisplayDeviceConfig,requesting nits when no mapping exists.]
12-31 04:15:11.318 I/am_wtf ( 1505): [0,1505,system_server,-1,DisplayDeviceConfig,requesting nits when no mapping exists.]
12-31 04:15:11.334 I/am_wtf ( 1505): [0,1505,system_server,-1,DisplayDeviceConfig,requesting nits when no mapping exists.]
12-31 04:15:11.335 I/am_wtf ( 1505): [0,1505,system_server,-1,DisplayDeviceConfig,requesting nits when no mapping exists.]
12-31 04:15:11.351 I/am_wtf ( 1505): [0,1505,system_server,-1,DisplayDeviceConfig,requesting nits when no mapping exists.]
12-31 04:15:11.351 I/am_wtf ( 1505): [0,1505,system_server,-1,DisplayDeviceConfig,requesting nits when no mapping exists.]
12-31 04:15:11.367 I/am_wtf ( 1505): [0,1505,system_server,-1,DisplayDeviceConfig,requesting nits when no mapping exists.]
12-31 04:15:11.368 I/am_wtf ( 1505): [0,1505,system_server,-1,DisplayDeviceConfig,requesting nits when no mapping exists.]
12-31 04:15:11.859 I/auditd ( 0): type=1400 audit(0.0:12340): avc: denied { kill } for comm="swapper/1" capability=5 scontext=u:r:kernel:s0 tcontext=u:r:kernel:s0 tclass=capability permissive=0
12-31 04:15:12.859 I/auditd ( 0): type=1400 audit(0.0:12341): avc: denied { kill } for comm="swapper/1" capability=5 scontext=u:r:kernel:s0 tcontext=u:r:kernel:s0 tclass=capability permissive=0
12-31 04:15:13.859 I/auditd ( 0): type=1400 audit(0.0:12342): avc: denied { kill } for comm="swapper/1" capability=5 scontext=u:r:kernel:s0 tcontext=u:r:kernel:s0 tclass=capability permissive=0
12-31 04:15:14.859 I/auditd ( 0): type=1400 audit(0.0:12343): avc: denied { kill } for comm="swapper/1" capability=5 scontext=u:r:kernel:s0 tcontext=u:r:kernel:s0 tclass=capability permissive=0
12-31 04:15:15.859 I/auditd ( 0): type=1400 audit(0.0:12344): avc: denied { kill } for comm="swapper/1" capability=5 scontext=u:r:kernel:s0 tcontext=u:r:kernel:s0 tclass=capability permissive=0
12-31 04:15:16.859 I/auditd ( 0): type=1400 audit(0.0:12345): avc: denied { kill } for comm="swapper/1" capability=5 scontext=u:r:kernel:s0 tcontext=u:r:kernel:s0 tclass=capability permissive=0
12-31 04:15:17.547 I/netstats_mobile_sample( 1505): [0,0,0,0,0,0,0,0,0,0,0,0,1672431317547]
12-31 04:15:17.547 I/netstats_wifi_sample( 1505): [7960760123,5554763,208932371,2254714,7960760123,5554763,208932371,2254714,7968793563,5620387,165932861,2157783,1672431317547]
12-31 04:15:17.777 I/input_interaction( 1505): Interaction with: 5f64dd7 com.android.launcher3/com.android.launcher3.uioverrides.QuickstepLauncher (server), 3a8c96a com.android.systemui.ImageWallpaper (server), edge-swipe (server), swipe-up (server), PointerEventDispatcher0 (server),
12-31 04:15:17.779 I/sysui_multi_action( 1505): [757,1696,758,6,759,3]
12-31 04:15:17.796 I/am_wtf ( 1505): [0,1505,system_server,-1,DisplayDeviceConfig,requesting nits when no mapping exists.]
12-31 04:15:17.797 I/am_wtf ( 1505): [0,1505,system_server,-1,DisplayDeviceConfig,requesting nits when no mapping exists.]
12-31 04:15:17.813 I/am_wtf ( 1505): [0,1505,system_server,-1,DisplayDeviceConfig,requesting nits when no mapping exists.]
12-31 04:15:17.814 I/am_wtf ( 1505): [0,1505,system_server,-1,DisplayDeviceConfig,requesting nits when no mapping exists.]
12-31 04:15:17.833 I/am_wtf ( 1505): [0,1505,system_server,-1,DisplayDeviceConfig,requesting nits when no mapping exists.]
12-31 04:15:17.833 I/am_wtf ( 1505): [0,1505,system_server,-1,DisplayDeviceConfig,requesting nits when no mapping exists.]
12-31 04:15:17.849 I/am_wtf ( 1505): [0,1505,system_server,-1,DisplayDeviceConfig,requesting nits when no mapping exists.]
12-31 04:15:17.849 I/am_wtf ( 1505): [0,1505,system_server,-1,DisplayDeviceConfig,requesting nits when no mapping exists.]
12-31 04:15:17.859 I/auditd ( 0): type=1400 audit(0.0:12346): avc: denied { kill } for comm="swapper/1" capability=5 scontext=u:r:kernel:s0 tcontext=u:r:kernel:s0 tclass=capability permissive=0
12-31 04:15:17.866 I/am_wtf ( 1505): [0,1505,system_server,-1,DisplayDeviceConfig,requesting nits when no mapping exists.]
12-31 04:15:17.866 I/am_wtf ( 1505): [0,1505,system_server,-1,DisplayDeviceConfig,requesting nits when no mapping exists.]
12-31 04:15:17.882 I/am_wtf ( 1505): [0,1505,system_server,-1,DisplayDeviceConfig,requesting nits when no mapping exists.]
12-31 04:15:17.884 I/am_wtf ( 1505): [0,1505,system_server,-1,DisplayDeviceConfig,requesting nits when no mapping exists.]
12-31 04:15:17.899 I/am_wtf ( 1505): [0,1505,system_server,-1,DisplayDeviceConfig,requesting nits when no mapping exists.]
12-31 04:15:17.900 I/am_wtf ( 1505): [0,1505,system_server,-1,DisplayDeviceConfig,requesting nits when no mapping exists.]
12-31 04:15:17.917 I/am_wtf ( 1505): [0,1505,system_server,-1,DisplayDeviceConfig,requesting nits when no mapping exists.]
12-31 04:15:17.918 I/am_wtf ( 1505): [0,1505,system_server,-1,DisplayDeviceConfig,requesting nits when no mapping exists.]
12-31 04:15:17.933 I/am_wtf ( 1505): [0,1505,system_server,-1,DisplayDeviceConfig,requesting nits when no mapping exists.]
12-31 04:15:17.934 I/am_wtf ( 1505): [0,1505,system_server,-1,DisplayDeviceConfig,requesting nits when no mapping exists.]
12-31 04:15:17.949 I/am_wtf ( 1505): [0,1505,system_server,-1,DisplayDeviceConfig,requesting nits when no mapping exists.]
12-31 04:15:17.950 I/am_wtf ( 1505): [0,1505,system_server,-1,DisplayDeviceConfig,requesting nits when no mapping exists.]
12-31 04:15:17.966 I/am_wtf ( 1505): [0,1505,system_server,-1,DisplayDeviceConfig,requesting nits when no mapping exists.]
12-31 04:15:17.967 I/am_wtf ( 1505): [0,1505,system_server,-1,DisplayDeviceConfig,requesting nits when no mapping exists.]
12-31 04:15:17.983 I/am_wtf ( 1505): [0,1505,system_server,-1,DisplayDeviceConfig,requesting nits when no mapping exists.]
12-31 04:15:17.984 I/am_wtf ( 1505): [0,1505,system_server,-1,DisplayDeviceConfig,requesting nits when no mapping exists.]
12-31 04:15:18.000 I/am_wtf ( 1505): [0,1505,system_server,-1,DisplayDeviceConfig,requesting nits when no mapping exists.]
12-31 04:15:18.001 I/am_wtf ( 1505): [0,1505,system_server,-1,DisplayDeviceConfig,requesting nits when no mapping exists.]
12-31 04:15:18.016 I/am_wtf ( 1505): [0,1505,system_server,-1,DisplayDeviceConfig,requesting nits when no mapping exists.]
12-31 04:15:18.016 I/am_wtf ( 1505): [0,1505,system_server,-1,DisplayDeviceConfig,requesting nits when no mapping exists.]
12-31 04:15:18.034 I/am_wtf ( 1505): [0,1505,system_server,-1,DisplayDeviceConfig,requesting nits when no mapping exists.]
12-31 04:15:18.034 I/am_wtf ( 1505): [0,1505,system_server,-1,DisplayDeviceConfig,requesting nits when no mapping exists.]
12-31 04:15:18.050 I/am_wtf ( 1505): [0,1505,system_server,-1,DisplayDeviceConfig,requesting nits when no mapping exists.]
12-31 04:15:18.050 I/am_wtf ( 1505): [0,1505,system_server,-1,DisplayDeviceConfig,requesting nits when no mapping exists.]
12-31 04:15:18.066 I/am_wtf ( 1505): [0,1505,system_server,-1,DisplayDeviceConfig,requesting nits when no mapping exists.]
12-31 04:15:18.067 I/am_wtf ( 1505): [0,1505,system_server,-1,DisplayDeviceConfig,requesting nits when no mapping exists.]
12-31 04:15:18.084 I/am_wtf ( 1505): [0,1505,system_server,-1,DisplayDeviceConfig,requesting nits when no mapping exists.]
12-31 04:15:18.084 I/am_wtf ( 1505): [0,1505,system_server,-1,DisplayDeviceConfig,requesting nits when no mapping exists.]
12-31 04:15:18.100 I/am_wtf ( 1505): [0,1505,system_server,-1,DisplayDeviceConfig,requesting nits when no mapping exists.]
12-31 04:15:18.101 I/am_wtf ( 1505): [0,1505,system_server,-1,DisplayDeviceConfig,requesting nits when no mapping exists.]
12-31 04:15:18.117 I/am_wtf ( 1505): [0,1505,system_server,-1,DisplayDeviceConfig,requesting nits when no mapping exists.]
12-31 04:15:18.118 I/am_wtf ( 1505): [0,1505,system_server,-1,DisplayDeviceConfig,requesting nits when no mapping exists.]
12-31 04:15:18.119 I/am_uid_idle( 1505): 10052
12-31 04:15:18.134 I/am_wtf ( 1505): [0,1505,system_server,-1,DisplayDeviceConfig,requesting nits when no mapping exists.]
12-31 04:15:18.135 I/am_wtf ( 1505): [0,1505,system_server,-1,DisplayDeviceConfig,requesting nits when no mapping exists.]
12-31 04:15:18.150 I/am_wtf ( 1505): [0,1505,system_server,-1,DisplayDeviceConfig,requesting nits when no mapping exists.]
12-31 04:15:18.151 I/am_wtf ( 1505): [0,1505,system_server,-1,DisplayDeviceConfig,requesting nits when no mapping exists.]
12-31 04:15:18.167 I/am_wtf ( 1505): [0,1505,system_server,-1,DisplayDeviceConfig,requesting nits when no mapping exists.]
12-31 04:15:18.168 I/am_wtf ( 1505): [0,1505,system_server,-1,DisplayDeviceConfig,requesting nits when no mapping exists.]
12-31 04:15:18.184 I/am_wtf ( 1505): [0,1505,system_server,-1,DisplayDeviceConfig,requesting nits when no mapping exists.]
12-31 04:15:18.185 I/am_wtf ( 1505): [0,1505,system_server,-1,DisplayDeviceConfig,requesting nits when no mapping exists.]
