12-31 04:40:04.373 I/am_wtf ( 1505): [0,1505,system_server,-1,DisplayDeviceConfig,requesting nits when no mapping exists.]
12-31 04:40:04.374 I/am_wtf ( 1505): [0,1505,system_server,-1,DisplayDeviceConfig,requesting nits when no mapping exists.]
12-31 04:40:04.390 I/am_wtf ( 1505): [0,1505,system_server,-1,DisplayDeviceConfig,requesting nits when no mapping exists.]
12-31 04:40:04.391 I/am_wtf ( 1505): [0,1505,system_server,-1,DisplayDeviceConfig,requesting nits when no mapping exists.]
12-31 04:40:04.406 I/am_wtf ( 1505): [0,1505,system_server,-1,DisplayDeviceConfig,requesting nits when no mapping exists.]
12-31 04:40:04.407 I/am_wtf ( 1505): [0,1505,system_server,-1,DisplayDeviceConfig,requesting nits when no mapping exists.]
12-31 04:40:04.423 I/am_wtf ( 1505): [0,1505,system_server,-1,DisplayDeviceConfig,requesting nits when no mapping exists.]
12-31 04:40:04.424 I/am_wtf ( 1505): [0,1505,system_server,-1,DisplayDeviceConfig,requesting nits when no mapping exists.]
12-31 04:40:04.440 I/am_wtf ( 1505): [0,1505,system_server,-1,DisplayDeviceConfig,requesting nits when no mapping exists.]
12-31 04:40:04.441 I/am_wtf ( 1505): [0,1505,system_server,-1,DisplayDeviceConfig,requesting nits when no mapping exists.]
12-31 04:40:04.457 I/am_wtf ( 1505): [0,1505,system_server,-1,DisplayDeviceConfig,requesting nits when no mapping exists.]
12-31 04:40:04.457 I/am_wtf ( 1505): [0,1505,system_server,-1,DisplayDeviceConfig,requesting nits when no mapping exists.]
12-31 04:40:04.473 I/am_wtf ( 1505): [0,1505,system_server,-1,DisplayDeviceConfig,requesting nits when no mapping exists.]
12-31 04:40:04.474 I/am_wtf ( 1505): [0,1505,system_server,-1,DisplayDeviceConfig,requesting nits when no mapping exists.]
12-31 04:40:04.491 I/am_wtf ( 1505): [0,1505,system_server,-1,DisplayDeviceConfig,requesting nits when no mapping exists.]
12-31 04:40:04.491 I/am_wtf ( 1505): [0,1505,system_server,-1,DisplayDeviceConfig,requesting nits when no mapping exists.]
12-31 04:40:04.507 I/am_wtf ( 1505): [0,1505,system_server,-1,DisplayDeviceConfig,requesting nits when no mapping exists.]
12-31 04:40:04.507 I/am_wtf ( 1505): [0,1505,system_server,-1,DisplayDeviceConfig,requesting nits when no mapping exists.]
12-31 04:40:04.523 I/am_wtf ( 1505): [0,1505,system_server,-1,DisplayDeviceConfig,requesting nits when no mapping exists.]
12-31 04:40:04.524 I/am_wtf ( 1505): [0,1505,system_server,-1,DisplayDeviceConfig,requesting nits when no mapping exists.]
12-31 04:40:04.540 I/am_wtf ( 1505): [0,1505,system_server,-1,DisplayDeviceConfig,requesting nits when no mapping exists.]
12-31 04:40:04.540 I/am_wtf ( 1505): [0,1505,system_server,-1,DisplayDeviceConfig,requesting nits when no mapping exists.]
12-31 04:40:04.556 I/am_wtf ( 1505): [0,1505,system_server,-1,DisplayDeviceConfig,requesting nits when no mapping exists.]
12-31 04:40:04.557 I/am_wtf ( 1505): [0,1505,system_server,-1,DisplayDeviceConfig,requesting nits when no mapping exists.]
12-31 04:40:04.573 I/am_wtf ( 1505): [0,1505,system_server,-1,DisplayDeviceConfig,requesting nits when no mapping exists.]
12-31 04:40:04.574 I/am_wtf ( 1505): [0,1505,system_server,-1,DisplayDeviceConfig,requesting nits when no mapping exists.]
12-31 04:40:04.590 I/am_wtf ( 1505): [0,1505,system_server,-1,DisplayDeviceConfig,requesting nits when no mapping exists.]
12-31 04:40:04.591 I/am_wtf ( 1505): [0,1505,system_server,-1,DisplayDeviceConfig,requesting nits when no mapping exists.]
12-31 04:40:04.606 I/am_wtf ( 1505): [0,1505,system_server,-1,DisplayDeviceConfig,requesting nits when no mapping exists.]
12-31 04:40:04.607 I/am_wtf ( 1505): [0,1505,system_server,-1,DisplayDeviceConfig,requesting nits when no mapping exists.]
12-31 04:40:04.623 I/am_wtf ( 1505): [0,1505,system_server,-1,DisplayDeviceConfig,requesting nits when no mapping exists.]
12-31 04:40:04.624 I/am_wtf ( 1505): [0,1505,system_server,-1,DisplayDeviceConfig,requesting nits when no mapping exists.]
12-31 04:40:04.640 I/am_wtf ( 1505): [0,1505,system_server,-1,DisplayDeviceConfig,requesting nits when no mapping exists.]
12-31 04:40:04.641 I/am_wtf ( 1505): [0,1505,system_server,-1,DisplayDeviceConfig,requesting nits when no mapping exists.]
12-31 04:40:04.657 I/am_wtf ( 1505): [0,1505,system_server,-1,DisplayDeviceConfig,requesting nits when no mapping exists.]
12-31 04:40:04.658 I/am_wtf ( 1505): [0,1505,system_server,-1,DisplayDeviceConfig,requesting nits when no mapping exists.]
12-31 04:40:04.859 I/auditd ( 0): type=1400 audit(0.0:13905): avc: denied { kill } for comm="swapper/1" capability=5 scontext=u:r:kernel:s0 tcontext=u:r:kernel:s0 tclass=capability permissive=0
12-31 04:40:05.859 I/auditd ( 0): type=1400 audit(0.0:13906): avc: denied { kill } for comm="swapper/1" capability=5 scontext=u:r:kernel:s0 tcontext=u:r:kernel:s0 tclass=capability permissive=0
12-31 04:40:06.859 I/auditd ( 0): type=1400 audit(0.0:13907): avc: denied { kill } for comm="swapper/1" capability=5 scontext=u:r:kernel:s0 tcontext=u:r:kernel:s0 tclass=capability permissive=0
12-31 04:40:07.859 I/auditd ( 0): type=1400 audit(0.0:13908): avc: denied { kill } for comm="swapper/1" capability=5 scontext=u:r:kernel:s0 tcontext=u:r:kernel:s0 tclass=capability permissive=0
12-31 04:40:07.981 I/am_uid_idle( 1505): 10089
12-31 04:40:08.859 I/auditd ( 0): type=1400 audit(0.0:13909): avc: denied { kill } for comm="swapper/1" capability=5 scontext=u:r:kernel:s0 tcontext=u:r:kernel:s0 tclass=capability permissive=0
12-31 04:40:09.859 I/auditd ( 0): type=1400 audit(0.0:13910): avc: denied { kill } for comm="swapper/1" capability=5 scontext=u:r:kernel:s0 tcontext=u:r:kernel:s0 tclass=capability permissive=0
12-31 04:40:10.725 I/sysui_multi_action( 1505): [757,222,758,1]
12-31 04:40:10.727 I/am_uid_active( 1505): 10052
12-31 04:40:10.741 I/wm_task_created( 1505): [44,-1]
12-31 04:40:10.741 I/am_pss ( 1505): [15841,10066,com.android.gallery3d,23661568,14827520,61440,141680640,0,15,12]
12-31 04:40:10.745 I/wm_task_moved( 1505): [44,1,8]
12-31 04:40:10.745 I/wm_task_to_front( 1505): [0,44]
12-31 04:40:10.746 I/wm_create_task( 1505): [0,44]
12-31 04:40:10.746 I/wm_create_activity( 1505): [0,37229221,44,com.thundercomm.screensaver/android.service.dreams.DreamActivity,NULL,NULL,NULL,276824064]
12-31 04:40:10.746 I/wm_task_moved( 1505): [44,1,8]
12-31 04:40:10.746 I/wm_on_top_resumed_lost_called( 2581): [83241864,com.android.launcher3.uioverrides.QuickstepLauncher,topStateChangedWhenResumed]
12-31 04:40:10.746 I/wm_pause_activity( 1505): [0,83241864,com.android.launcher3/.uioverrides.QuickstepLauncher,userLeaving=true,pauseBackTasks]
12-31 04:40:10.748 I/wm_on_paused_called( 2581): [83241864,com.android.launcher3.uioverrides.QuickstepLauncher,performPause]
12-31 04:40:10.749 I/wm_add_to_stopping( 1505): [0,83241864,com.android.launcher3/.uioverrides.QuickstepLauncher,makeInvisible]
12-31 04:40:10.750 I/wm_restart_activity( 1505): [0,37229221,44,com.thundercomm.screensaver/android.service.dreams.DreamActivity]
12-31 04:40:10.750 I/am_pss ( 1505): [15796,10089,com.android.music,20916224,13373440,61440,132968448,0,16,7]
12-31 04:40:10.750 I/wm_set_resumed_activity( 1505): [0,com.thundercomm.screensaver/android.service.dreams.DreamActivity,minimalResumeActivityLocked]
12-31 04:40:10.753 I/wm_on_create_called(15585): [37229221,android.service.dreams.DreamActivity,performCreate]
12-31 04:40:10.754 I/wm_on_start_called(15585): [37229221,android.service.dreams.DreamActivity,handleStartActivity]
12-31 04:40:10.754 I/sysui_multi_action( 1505): [757,803,799,window_time_0,802,60]
12-31 04:40:10.755 I/wm_on_resume_called(15585): [37229221,android.service.dreams.DreamActivity,RESUME_ACTIVITY]
12-31 04:40:10.757 I/wm_on_top_resumed_gained_called(15585): [37229221,android.service.dreams.DreamActivity,topStateChangedWhenResumed]
12-31 04:40:10.764 I/am_pss ( 1505): [14955,1000,com.android.settings,134992896,117768192,61440,258650112,0,16,13]
12-31 04:40:10.771 I/input_focus( 1505): [Focus leaving 5f64dd7 com.android.launcher3/com.android.launcher3.uioverrides.QuickstepLauncher (server),reason=NO_WINDOW]
12-31 04:40:10.779 I/input_focus( 1505): [Focus request eb8288 com.thundercomm.screensaver/android.service.dreams.DreamActivity,reason=UpdateInputWindows]
12-31 04:40:10.787 I/sysui_multi_action( 1505): [757,1696,758,6,759,3]
12-31 04:40:10.787 I/sysui_multi_action( 1505): [319,48,322,48,325,12336,757,761,758,8,759,2,806,com.thundercomm.screensaver,871,android.service.dreams.DreamActivity,904,com.thundercomm.screensaver,905,0,1320,4,1321,2]
12-31 04:40:10.787 I/wm_activity_launch_time( 1505): [0,37229221,com.thundercomm.screensaver/android.service.dreams.DreamActivity,48]
12-31 04:40:10.803 I/am_wtf ( 1505): [0,1505,system_server,-1,DisplayDeviceConfig,requesting nits when no mapping exists.]
12-31 04:40:10.804 I/am_wtf ( 1505): [0,1505,system_server,-1,DisplayDeviceConfig,requesting nits when no mapping exists.]
12-31 04:40:10.804 I/input_focus( 1505): [Focus entering eb8288 com.thundercomm.screensaver/android.service.dreams.DreamActivity (server),reason=Window became focusable. Previous reason: NOT_VISIBLE]
12-31 04:40:10.820 I/am_wtf ( 1505): [0,1505,system_server,-1,DisplayDeviceConfig,requesting nits when no mapping exists.]
12-31 04:40:10.821 I/am_wtf ( 1505): [0,1505,system_server,-1,DisplayDeviceConfig,requesting nits when no mapping exists.]
12-31 04:40:10.837 I/am_wtf ( 1505): [0,1505,system_server,-1,DisplayDeviceConfig,requesting nits when no mapping exists.]
12-31 04:40:10.838 I/am_wtf ( 1505): [0,1505,system_server,-1,DisplayDeviceConfig,requesting nits when no mapping exists.]
12-31 04:40:10.854 I/am_wtf ( 1505): [0,1505,system_server,-1,DisplayDeviceConfig,requesting nits when no mapping exists.]
12-31 04:40:10.854 I/am_wtf ( 1505): [0,1505,system_server,-1,DisplayDeviceConfig,requesting nits when no mapping exists.]
12-31 04:40:10.859 I/auditd ( 0): type=1400 audit(0.0:13911): avc: denied { kill } for comm="swapper/1" capability=5 scontext=u:r:kernel:s0 tcontext=u:r:kernel:s0 tclass=capability permissive=0
12-31 04:40:10.871 I/am_wtf ( 1505): [0,1505,system_server,-1,DisplayDeviceConfig,requesting nits when no mapping exists.]
12-31 04:40:10.871 I/am_wtf ( 1505): [0,1505,system_server,-1,DisplayDeviceConfig,requesting nits when no mapping exists.]
12-31 04:40:10.888 I/am_wtf ( 1505): [0,1505,system_server,-1,DisplayDeviceConfig,requesting nits when no mapping exists.]
12-31 04:40:10.888 I/am_wtf ( 1505): [0,1505,system_server,-1,DisplayDeviceConfig,requesting nits when no mapping exists.]
12-31 04:40:10.904 I/am_wtf ( 1505): [0,1505,system_server,-1,DisplayDeviceConfig,requesting nits when no mapping exists.]
12-31 04:40:10.904 I/am_wtf ( 1505): [0,1505,system_server,-1,DisplayDeviceConfig,requesting nits when no mapping exists.]
12-31 04:40:10.921 I/am_wtf ( 1505): [0,1505,system_server,-1,DisplayDeviceConfig,requesting nits when no mapping exists.]
12-31 04:40:10.921 I/am_wtf ( 1505): [0,1505,system_server,-1,DisplayDeviceConfig,requesting nits when no mapping exists.]
12-31 04:40:10.938 I/am_wtf ( 1505): [0,1505,system_server,-1,DisplayDeviceConfig,requesting nits when no mapping exists.]
12-31 04:40:10.938 I/am_wtf ( 1505): [0,1505,system_server,-1,DisplayDeviceConfig,requesting nits when no mapping exists.]
12-31 04:40:10.954 I/am_wtf ( 1505): [0,1505,system_server,-1,DisplayDeviceConfig,requesting nits when no mapping exists.]
12-31 04:40:10.955 I/am_wtf ( 1505): [0,1505,system_server,-1,DisplayDeviceConfig,requesting nits when no mapping exists.]
12-31 04:40:10.971 I/am_wtf ( 1505): [0,1505,system_server,-1,DisplayDeviceConfig,requesting nits when no mapping exists.]
12-31 04:40:10.971 I/am_wtf ( 1505): [0,1505,system_server,-1,DisplayDeviceConfig,requesting nits when no mapping exists.]
12-31 04:40:10.988 I/am_wtf ( 1505): [0,1505,system_server,-1,DisplayDeviceConfig,requesting nits when no mapping exists.]
12-31 04:40:10.988 I/am_wtf ( 1505): [0,1505,system_server,-1,DisplayDeviceConfig,requesting nits when no mapping exists.]
12-31 04:40:11.004 I/am_wtf ( 1505): [0,1505,system_server,-1,DisplayDeviceConfig,requesting nits when no mapping exists.]
12-31 04:40:11.005 I/am_wtf ( 1505): [0,1505,system_server,-1,DisplayDeviceConfig,requesting nits when no mapping exists.]
12-31 04:40:11.021 I/am_wtf ( 1505): [0,1505,system_server,-1,DisplayDeviceConfig,requesting nits when no mapping exists.]
12-31 04:40:11.021 I/am_wtf ( 1505): [0,1505,system_server,-1,DisplayDeviceConfig,requesting nits when no mapping exists.]
12-31 04:40:11.038 I/am_wtf ( 1505): [0,1505,system_server,-1,DisplayDeviceConfig,requesting nits when no mapping exists.]
12-31 04:40:11.039 I/am_wtf ( 1505): [0,1505,system_server,-1,DisplayDeviceConfig,requesting nits when no mapping exists.]
12-31 04:40:11.054 I/am_wtf ( 1505): [0,1505,system_server,-1,DisplayDeviceConfig,requesting nits when no mapping exists.]
12-31 04:40:11.055 I/am_wtf ( 1505): [0,1505,system_server,-1,DisplayDeviceConfig,requesting nits when no mapping exists.]
12-31 04:40:11.072 I/am_wtf ( 1505): [0,1505,system_server,-1,DisplayDeviceConfig,requesting nits when no mapping exists.]
12-31 04:40:11.073 I/am_wtf ( 1505): [0,1505,system_server,-1,DisplayDeviceConfig,requesting nits when no mapping exists.]
12-31 04:40:11.073 I/wm_stop_activity( 1505): [0,83241864,com.android.launcher3/.uioverrides.QuickstepLauncher]
12-31 04:40:11.088 I/am_wtf ( 1505): [0,1505,system_server,-1,DisplayDeviceConfig,requesting nits when no mapping exists.]
12-31 04:40:11.088 I/am_wtf ( 1505): [0,1505,system_server,-1,DisplayDeviceConfig,requesting nits when no mapping exists.]
12-31 04:40:11.093 I/wm_on_stop_called( 2581): [83241864,com.android.launcher3.uioverrides.QuickstepLauncher,STOP_ACTIVITY_ITEM]
12-31 04:40:11.105 I/am_wtf ( 1505): [0,1505,system_server,-1,DisplayDeviceConfig,requesting nits when no mapping exists.]
12-31 04:40:11.105 I/am_wtf ( 1505): [0,1505,system_server,-1,DisplayDeviceConfig,requesting nits when no mapping exists.]
12-31 04:40:11.121 I/am_wtf ( 1505): [0,1505,system_server,-1,DisplayDeviceConfig,requesting nits when no mapping exists.]
12-31 04:40:11.121 I/am_wtf ( 1505): [0,1505,system_server,-1,DisplayDeviceConfig,requesting nits when no mapping exists.]
12-31 04:40:11.138 I/am_wtf ( 1505): [0,1505,system_server,-1,DisplayDeviceConfig,requesting nits when no mapping exists.]
12-31 04:40:11.138 I/am_wtf ( 1505): [0,1505,system_server,-1,DisplayDeviceConfig,requesting nits when no mapping exists.]
12-31 04:40:11.155 I/am_wtf ( 1505): [0,1505,system_server,-1,DisplayDeviceConfig,requesting nits when no mapping exists.]
12-31 04:40:11.155 I/am_wtf ( 1505): [0,1505,system_server,-1,DisplayDeviceConfig,requesting nits when no mapping exists.]
12-31 04:40:11.172 I/am_wtf ( 1505): [0,1505,system_server,-1,DisplayDeviceConfig,requesting nits when no mapping exists.]
12-31 04:40:11.172 I/am_wtf ( 1505): [0,1505,system_server,-1,DisplayDeviceConfig,requesting nits when no mapping exists.]
12-31 04:40:11.189 I/am_wtf ( 1505): [0,1505,system_server,-1,DisplayDeviceConfig,requesting nits when no mapping exists.]
12-31 04:40:11.190 I/am_wtf ( 1505): [0,1505,system_server,-1,DisplayDeviceConfig,requesting nits when no mapping exists.]
12-31 04:40:11.205 I/am_wtf ( 1505): [0,1505,system_server,-1,DisplayDeviceConfig,requesting nits when no mapping exists.]
12-31 04:40:11.205 I/am_wtf ( 1505): [0,1505,system_server,-1,DisplayDeviceConfig,requesting nits when no mapping exists.]
12-31 04:40:11.222 I/am_wtf ( 1505): [0,1505,system_server,-1,DisplayDeviceConfig,requesting nits when no mapping exists.]
12-31 04:40:11.222 I/am_wtf ( 1505): [0,1505,system_server,-1,DisplayDeviceConfig,requesting nits when no mapping exists.]
12-31 04:40:11.238 I/am_wtf ( 1505): [0,1505,system_server,-1,DisplayDeviceConfig,requesting nits when no mapping exists.]
12-31 04:40:11.239 I/am_wtf ( 1505): [0,1505,system_server,-1,DisplayDeviceConfig,requesting nits when no mapping exists.]
12-31 04:40:11.255 I/am_wtf ( 1505): [0,1505,system_server,-1,DisplayDeviceConfig,requesting nits when no mapping exists.]
12-31 04:40:11.255 I/am_wtf ( 1505): [0,1505,system_server,-1,DisplayDeviceConfig,requesting nits when no mapping exists.]
12-31 04:40:11.256 I/service_manager_stats( 1505): [100,33,6915]
12-31 04:40:11.272 I/am_wtf ( 1505): [0,1505,system_server,-1,DisplayDeviceConfig,requesting nits when no mapping exists.]
12-31 04:40:11.272 I/am_wtf ( 1505): [0,1505,system_server,-1,DisplayDeviceConfig,requesting nits when no mapping exists.]
12-31 04:40:11.289 I/am_wtf ( 1505): [0,1505,system_server,-1,DisplayDeviceConfig,requesting nits when no mapping exists.]
12-31 04:40:11.289 I/am_wtf ( 1505): [0,1505,system_server,-1,DisplayDeviceConfig,requesting nits when no mapping exists.]
12-31 04:40:11.306 I/am_wtf ( 1505): [0,1505,system_server,-1,DisplayDeviceConfig,requesting nits when no mapping exists.]
12-31 04:40:11.306 I/am_wtf ( 1505): [0,1505,system_server,-1,DisplayDeviceConfig,requesting nits when no mapping exists.]
12-31 04:40:11.322 I/am_wtf ( 1505): [0,1505,system_server,-1,DisplayDeviceConfig,requesting nits when no mapping exists.]
12-31 04:40:11.322 I/am_wtf ( 1505): [0,1505,system_server,-1,DisplayDeviceConfig,requesting nits when no mapping exists.]
12-31 04:40:11.339 I/am_wtf ( 1505): [0,1505,system_server,-1,DisplayDeviceConfig,requesting nits when no mapping exists.]
12-31 04:40:11.339 I/am_wtf ( 1505): [0,1505,system_server,-1,DisplayDeviceConfig,requesting nits when no mapping exists.]
12-31 04:40:11.355 I/am_wtf ( 1505): [0,1505,system_server,-1,DisplayDeviceConfig,requesting nits when no mapping exists.]
12-31 04:40:11.356 I/am_wtf ( 1505): [0,1505,system_server,-1,DisplayDeviceConfig,requesting nits when no mapping exists.]
12-31 04:40:11.372 I/am_wtf ( 1505): [0,1505,system_server,-1,DisplayDeviceConfig,requesting nits when no mapping exists.]
12-31 04:40:11.372 I/am_wtf ( 1505): [0,1505,system_server,-1,DisplayDeviceConfig,requesting nits when no mapping exists.]
12-31 04:40:11.389 I/am_wtf ( 1505): [0,1505,system_server,-1,DisplayDeviceConfig,requesting nits when no mapping exists.]
12-31 04:40:11.389 I/am_wtf ( 1505): [0,1505,system_server,-1,DisplayDeviceConfig,requesting nits when no mapping exists.]
12-31 04:40:11.399 I/am_uid_idle( 1505): 10066
12-31 04:40:11.405 I/am_wtf ( 1505): [0,1505,system_server,-1,DisplayDeviceConfig,requesting nits when no mapping exists.]
12-31 04:40:11.406 I/am_wtf ( 1505): [0,1505,system_server,-1,DisplayDeviceConfig,requesting nits when no mapping exists.]
12-31 04:40:11.422 I/am_wtf ( 1505): [0,1505,system_server,-1,DisplayDeviceConfig,requesting nits when no mapping exists.]
12-31 04:40:11.423 I/am_wtf ( 1505): [0,1505,system_server,-1,DisplayDeviceConfig,requesting nits when no mapping exists.]
12-31 04:40:11.439 I/am_wtf ( 1505): [0,1505,system_server,-1,DisplayDeviceConfig,requesting nits when no mapping exists.]
12-31 04:40:11.439 I/am_wtf ( 1505): [0,1505,system_server,-1,DisplayDeviceConfig,requesting nits when no mapping exists.]
12-31 04:40:11.456 I/am_wtf ( 1505): [0,1505,system_server,-1,DisplayDeviceConfig,requesting nits when no mapping exists.]
12-31 04:40:11.456 I/am_wtf ( 1505): [0,1505,system_server,-1,DisplayDeviceConfig,requesting nits when no mapping exists.]
12-31 04:40:11.472 I/am_wtf ( 1505): [0,1505,system_server,-1,DisplayDeviceConfig,requesting nits when no mapping exists.]
12-31 04:40:11.473 I/am_wtf ( 1505): [0,1505,system_server,-1,DisplayDeviceConfig,requesting nits when no mapping exists.]
12-31 04:40:11.489 I/am_wtf ( 1505): [0,1505,system_server,-1,DisplayDeviceConfig,requesting nits when no mapping exists.]
12-31 04:40:11.489 I/am_wtf ( 1505): [0,1505,system_server,-1,DisplayDeviceConfig,requesting nits when no mapping exists.]
12-31 04:40:11.506 I/am_wtf ( 1505): [0,1505,system_server,-1,DisplayDeviceConfig,requesting nits when no mapping exists.]
12-31 04:40:11.506 I/am_wtf ( 1505): [0,1505,system_server,-1,DisplayDeviceConfig,requesting nits when no mapping exists.]
12-31 04:40:11.522 I/am_wtf ( 1505): [0,1505,system_server,-1,DisplayDeviceConfig,requesting nits when no mapping exists.]
12-31 04:40:11.523 I/am_wtf ( 1505): [0,1505,system_server,-1,DisplayDeviceConfig,requesting nits when no mapping exists.]
12-31 04:40:11.540 I/am_wtf ( 1505): [0,1505,system_server,-1,DisplayDeviceConfig,requesting nits when no mapping exists.]
12-31 04:40:11.540 I/am_wtf ( 1505): [0,1505,system_server,-1,DisplayDeviceConfig,requesting nits when no mapping exists.]
12-31 04:40:11.557 I/am_wtf ( 1505): [0,1505,system_server,-1,DisplayDeviceConfig,requesting nits when no mapping exists.]
12-31 04:40:11.557 I/am_wtf ( 1505): [0,1505,system_server,-1,DisplayDeviceConfig,requesting nits when no mapping exists.]
12-31 04:40:11.574 I/am_wtf ( 1505): [0,1505,system_server,-1,DisplayDeviceConfig,requesting nits when no mapping exists.]
12-31 04:40:11.574 I/am_wtf ( 1505): [0,1505,system_server,-1,DisplayDeviceConfig,requesting nits when no mapping exists.]
12-31 04:40:11.589 I/am_wtf ( 1505): [0,1505,system_server,-1,DisplayDeviceConfig,requesting nits when no mapping exists.]
12-31 04:40:11.590 I/am_wtf ( 1505): [0,1505,system_server,-1,DisplayDeviceConfig,requesting nits when no mapping exists.]
12-31 04:40:11.606 I/am_wtf ( 1505): [0,1505,system_server,-1,DisplayDeviceConfig,requesting nits when no mapping exists.]
12-31 04:40:11.606 I/am_wtf ( 1505): [0,1505,system_server,-1,DisplayDeviceConfig,requesting nits when no mapping exists.]
12-31 04:40:11.623 I/am_wtf ( 1505): [0,1505,system_server,-1,DisplayDeviceConfig,requesting nits when no mapping exists.]
12-31 04:40:11.623 I/am_wtf ( 1505): [0,1505,system_server,-1,DisplayDeviceConfig,requesting nits when no mapping exists.]
12-31 04:40:11.639 I/am_wtf ( 1505): [0,1505,system_server,-1,DisplayDeviceConfig,requesting nits when no mapping exists.]
12-31 04:40:11.640 I/am_wtf ( 1505): [0,1505,system_server,-1,DisplayDeviceConfig,requesting nits when no mapping exists.]
12-31 04:40:11.656 I/am_wtf ( 1505): [0,1505,system_server,-1,DisplayDeviceConfig,requesting nits when no mapping exists.]
12-31 04:40:11.656 I/am_wtf ( 1505): [0,1505,system_server,-1,DisplayDeviceConfig,requesting nits when no mapping exists.]
12-31 04:40:11.673 I/am_wtf ( 1505): [0,1505,system_server,-1,DisplayDeviceConfig,requesting nits when no mapping exists.]
12-31 04:40:11.673 I/am_wtf ( 1505): [0,1505,system_server,-1,DisplayDeviceConfig,requesting nits when no mapping exists.]
12-31 04:40:11.689 I/am_wtf ( 1505): [0,1505,system_server,-1,DisplayDeviceConfig,requesting nits when no mapping exists.]
12-31 04:40:11.690 I/am_wtf ( 1505): [0,1505,system_server,-1,DisplayDeviceConfig,requesting nits when no mapping exists.]
12-31 04:40:11.706 I/am_wtf ( 1505): [0,1505,system_server,-1,DisplayDeviceConfig,requesting nits when no mapping exists.]
12-31 04:40:11.706 I/am_wtf ( 1505): [0,1505,system_server,-1,DisplayDeviceConfig,requesting nits when no mapping exists.]
12-31 04:40:11.723 I/am_wtf ( 1505): [0,1505,system_server,-1,DisplayDeviceConfig,requesting nits when no mapping exists.]
12-31 04:40:11.723 I/am_wtf ( 1505): [0,1505,system_server,-1,DisplayDeviceConfig,requesting nits when no mapping exists.]
12-31 04:40:11.739 I/am_wtf ( 1505): [0,1505,system_server,-1,DisplayDeviceConfig,requesting nits when no mapping exists.]
12-31 04:40:11.740 I/am_wtf ( 1505): [0,1505,system_server,-1,DisplayDeviceConfig,requesting nits when no mapping exists.]
12-31 04:40:11.859 I/auditd ( 0): type=1400 audit(0.0:13912): avc: denied { kill } for comm="swapper/1" capability=5 scontext=u:r:kernel:s0 tcontext=u:r:kernel:s0 tclass=capability permissive=0
12-31 04:40:12.859 I/auditd ( 0): type=1400 audit(0.0:13913): avc: denied { kill } for comm="swapper/1" capability=5 scontext=u:r:kernel:s0 tcontext=u:r:kernel:s0 tclass=capability permissive=0
12-31 04:40:13.859 I/auditd ( 0): type=1400 audit(0.0:13914): avc: denied { kill } for comm="swapper/1" capability=5 scontext=u:r:kernel:s0 tcontext=u:r:kernel:s0 tclass=capability permissive=0
12-31 04:40:15.859 I/auditd ( 0): type=1400 audit(0.0:13915): avc: denied { kill } for comm="swapper/1" capability=5 scontext=u:r:kernel:s0 tcontext=u:r:kernel:s0 tclass=capability permissive=0
12-31 04:40:16.859 I/auditd ( 0): type=1400 audit(0.0:13916): avc: denied { kill } for comm="swapper/1" capability=5 scontext=u:r:kernel:s0 tcontext=u:r:kernel:s0 tclass=capability permissive=0
12-31 04:40:17.859 I/auditd ( 0): type=1400 audit(0.0:13917): avc: denied { kill } for comm="swapper/1" capability=5 scontext=u:r:kernel:s0 tcontext=u:r:kernel:s0 tclass=capability permissive=0
12-31 04:40:18.859 I/auditd ( 0): type=1400 audit(0.0:13918): avc: denied { kill } for comm="swapper/1" capability=5 scontext=u:r:kernel:s0 tcontext=u:r:kernel:s0 tclass=capability permissive=0
12-31 04:40:19.859 I/auditd ( 0): type=1400 audit(0.0:13919): avc: denied { kill } for comm="swapper/1" capability=5 scontext=u:r:kernel:s0 tcontext=u:r:kernel:s0 tclass=capability permissive=0
12-31 04:40:20.859 I/auditd ( 0): type=1400 audit(0.0:13920): avc: denied { kill } for comm="swapper/1" capability=5 scontext=u:r:kernel:s0 tcontext=u:r:kernel:s0 tclass=capability permissive=0
12-31 04:40:21.859 I/auditd ( 0): type=1400 audit(0.0:13921): avc: denied { kill } for comm="swapper/1" capability=5 scontext=u:r:kernel:s0 tcontext=u:r:kernel:s0 tclass=capability permissive=0
12-31 04:40:22.859 I/auditd ( 0): type=1400 audit(0.0:13922): avc: denied { kill } for comm="swapper/1" capability=5 scontext=u:r:kernel:s0 tcontext=u:r:kernel:s0 tclass=capability permissive=0
12-31 04:40:23.859 I/auditd ( 0): type=1400 audit(0.0:13923): avc: denied { kill } for comm="swapper/1" capability=5 scontext=u:r:kernel:s0 tcontext=u:r:kernel:s0 tclass=capability permissive=0
12-31 04:40:24.859 I/auditd ( 0): type=1400 audit(0.0:13924): avc: denied { kill } for comm="swapper/1" capability=5 scontext=u:r:kernel:s0 tcontext=u:r:kernel:s0 tclass=capability permissive=0
12-31 04:40:25.859 I/auditd ( 0): type=1400 audit(0.0:13925): avc: denied { kill } for comm="swapper/1" capability=5 scontext=u:r:kernel:s0 tcontext=u:r:kernel:s0 tclass=capability permissive=0
12-31 04:40:26.859 I/auditd ( 0): type=1400 audit(0.0:13926): avc: denied { kill } for comm="swapper/1" capability=5 scontext=u:r:kernel:s0 tcontext=u:r:kernel:s0 tclass=capability permissive=0
12-31 04:40:27.859 I/auditd ( 0): type=1400 audit(0.0:13927): avc: denied { kill } for comm="swapper/1" capability=5 scontext=u:r:kernel:s0 tcontext=u:r:kernel:s0 tclass=capability permissive=0
12-31 04:40:28.859 I/auditd ( 0): type=1400 audit(0.0:13928): avc: denied { kill } for comm="swapper/1" capability=5 scontext=u:r:kernel:s0 tcontext=u:r:kernel:s0 tclass=capability permissive=0
12-31 04:40:29.859 I/auditd ( 0): type=1400 audit(0.0:13929): avc: denied { kill } for comm="swapper/1" capability=5 scontext=u:r:kernel:s0 tcontext=u:r:kernel:s0 tclass=capability permissive=0
12-31 04:40:30.859 I/auditd ( 0): type=1400 audit(0.0:13930): avc: denied { kill } for comm="swapper/1" capability=5 scontext=u:r:kernel:s0 tcontext=u:r:kernel:s0 tclass=capability permissive=0
12-31 04:40:31.859 I/auditd ( 0): type=1400 audit(0.0:13931): avc: denied { kill } for comm="swapper/1" capability=5 scontext=u:r:kernel:s0 tcontext=u:r:kernel:s0 tclass=capability permissive=0
12-31 04:40:32.859 I/auditd ( 0): type=1400 audit(0.0:13932): avc: denied { kill } for comm="swapper/1" capability=5 scontext=u:r:kernel:s0 tcontext=u:r:kernel:s0 tclass=capability permissive=0
12-31 04:40:33.859 I/auditd ( 0): type=1400 audit(0.0:13933): avc: denied { kill } for comm="swapper/1" capability=5 scontext=u:r:kernel:s0 tcontext=u:r:kernel:s0 tclass=capability permissive=0
12-31 04:40:34.859 I/auditd ( 0): type=1400 audit(0.0:13934): avc: denied { kill } for comm="swapper/1" capability=5 scontext=u:r:kernel:s0 tcontext=u:r:kernel:s0 tclass=capability permissive=0
12-31 04:40:35.859 I/auditd ( 0): type=1400 audit(0.0:13935): avc: denied { kill } for comm="swapper/1" capability=5 scontext=u:r:kernel:s0 tcontext=u:r:kernel:s0 tclass=capability permissive=0
12-31 04:40:36.859 I/auditd ( 0): type=1400 audit(0.0:13936): avc: denied { kill } for comm="swapper/1" capability=5 scontext=u:r:kernel:s0 tcontext=u:r:kernel:s0 tclass=capability permissive=0
12-31 04:40:37.859 I/auditd ( 0): type=1400 audit(0.0:13937): avc: denied { kill } for comm="swapper/1" capability=5 scontext=u:r:kernel:s0 tcontext=u:r:kernel:s0 tclass=capability permissive=0
12-31 04:40:38.859 I/auditd ( 0): type=1400 audit(0.0:13938): avc: denied { kill } for comm="swapper/1" capability=5 scontext=u:r:kernel:s0 tcontext=u:r:kernel:s0 tclass=capability permissive=0
12-31 04:40:39.859 I/auditd ( 0): type=1400 audit(0.0:13939): avc: denied { kill } for comm="swapper/1" capability=5 scontext=u:r:kernel:s0 tcontext=u:r:kernel:s0 tclass=capability permissive=0
12-31 04:40:40.859 I/auditd ( 0): type=1400 audit(0.0:13940): avc: denied { kill } for comm="swapper/1" capability=5 scontext=u:r:kernel:s0 tcontext=u:r:kernel:s0 tclass=capability permissive=0
12-31 04:40:41.859 I/auditd ( 0): type=1400 audit(0.0:13941): avc: denied { kill } for comm="swapper/1" capability=5 scontext=u:r:kernel:s0 tcontext=u:r:kernel:s0 tclass=capability permissive=0
12-31 04:40:42.859 I/auditd ( 0): type=1400 audit(0.0:13942): avc: denied { kill } for comm="swapper/1" capability=5 scontext=u:r:kernel:s0 tcontext=u:r:kernel:s0 tclass=capability permissive=0
12-31 04:40:43.859 I/auditd ( 0): type=1400 audit(0.0:13943): avc: denied { kill } for comm="swapper/1" capability=5 scontext=u:r:kernel:s0 tcontext=u:r:kernel:s0 tclass=capability permissive=0
12-31 04:40:44.859 I/auditd ( 0): type=1400 audit(0.0:13944): avc: denied { kill } for comm="swapper/1" capability=5 scontext=u:r:kernel:s0 tcontext=u:r:kernel:s0 tclass=capability permissive=0
12-31 04:40:45.859 I/auditd ( 0): type=1400 audit(0.0:13945): avc: denied { kill } for comm="swapper/1" capability=5 scontext=u:r:kernel:s0 tcontext=u:r:kernel:s0 tclass=capability permissive=0
12-31 04:40:46.859 I/auditd ( 0): type=1400 audit(0.0:13946): avc: denied { kill } for comm="swapper/1" capability=5 scontext=u:r:kernel:s0 tcontext=u:r:kernel:s0 tclass=capability permissive=0
12-31 04:40:47.859 I/auditd ( 0): type=1400 audit(0.0:13947): avc: denied { kill } for comm="swapper/1" capability=5 scontext=u:r:kernel:s0 tcontext=u:r:kernel:s0 tclass=capability permissive=0
12-31 04:40:48.859 I/auditd ( 0): type=1400 audit(0.0:13948): avc: denied { kill } for comm="swapper/1" capability=5 scontext=u:r:kernel:s0 tcontext=u:r:kernel:s0 tclass=capability permissive=0
12-31 04:40:49.859 I/auditd ( 0): type=1400 audit(0.0:13949): avc: denied { kill } for comm="swapper/1" capability=5 scontext=u:r:kernel:s0 tcontext=u:r:kernel:s0 tclass=capability permissive=0
12-31 04:40:50.859 I/auditd ( 0): type=1400 audit(0.0:13950): avc: denied { kill } for comm="swapper/1" capability=5 scontext=u:r:kernel:s0 tcontext=u:r:kernel:s0 tclass=capability permissive=0
12-31 04:40:51.252 I/input_interaction( 1505): Interaction with: eb8288 com.thundercomm.screensaver/android.service.dreams.DreamActivity (server), edge-swipe (server), swipe-up (server), PointerEventDispatcher0 (server),
12-31 04:40:51.255 I/wm_finish_activity( 1505): [0,37229221,44,com.thundercomm.screensaver/android.service.dreams.DreamActivity,finish-activity]
12-31 04:40:51.255 I/wm_task_moved( 1505): [1,1,7]
12-31 04:40:51.256 I/wm_task_moved( 1505): [9,1,2147483647]
12-31 04:40:51.256 I/wm_task_to_front( 1505): [0,9]
12-31 04:40:51.256 I/wm_focused_root_task( 1505): [0,0,1,44,finish-top adjustFocusToNextFocusableTask]
12-31 04:40:51.256 I/wm_set_resumed_activity( 1505): [0,com.android.launcher3/.uioverrides.QuickstepLauncher,finish-top adjustFocusToNextFocusableTask]
12-31 04:40:51.257 I/wm_pause_activity( 1505): [0,37229221,com.thundercomm.screensaver/android.service.dreams.DreamActivity,userLeaving=false,finish]
12-31 04:40:51.263 I/wm_on_top_resumed_lost_called(15585): [37229221,android.service.dreams.DreamActivity,topStateChangedWhenResumed]
12-31 04:40:51.265 I/sysui_multi_action( 1505): [757,803,799,window_time_0,802,40]
12-31 04:40:51.265 I/wm_on_paused_called(15585): [37229221,android.service.dreams.DreamActivity,performPause]
12-31 04:40:51.265 I/wm_add_to_stopping( 1505): [0,37229221,com.thundercomm.screensaver/android.service.dreams.DreamActivity,completeFinishing]
12-31 04:40:51.268 I/wm_set_resumed_activity( 1505): [0,com.android.launcher3/.uioverrides.QuickstepLauncher,resumeTopActivityInnerLocked]
12-31 04:40:51.270 I/wm_resume_activity( 1505): [0,83241864,9,com.android.launcher3/.uioverrides.QuickstepLauncher]
12-31 04:40:51.277 I/sysui_multi_action( 1505): [757,803,799,window_time_0,802,0]
12-31 04:40:51.279 I/wm_on_restart_called( 2581): [83241864,com.android.launcher3.uioverrides.QuickstepLauncher,performRestartActivity]
12-31 04:40:51.279 I/wm_on_start_called( 2581): [83241864,com.android.launcher3.uioverrides.QuickstepLauncher,handleStartActivity]
12-31 04:40:51.280 I/wm_on_resume_called( 2581): [83241864,com.android.launcher3.uioverrides.QuickstepLauncher,RESUME_ACTIVITY]
12-31 04:40:51.280 I/wm_on_top_resumed_gained_called( 2581): [83241864,com.android.launcher3.uioverrides.QuickstepLauncher,topWhenResuming]
12-31 04:40:51.287 I/view_enqueue_input_event(15585): [Motion - Cancel,com.thundercomm.screensaver/android.service.dreams.DreamActivity]
12-31 04:40:51.289 I/input_focus( 1505): [Focus leaving eb8288 com.thundercomm.screensaver/android.service.dreams.DreamActivity (server),reason=NO_WINDOW]
12-31 04:40:51.289 I/input_interaction( 1505): Interaction with: edge-swipe (server), swipe-up (server), PointerEventDispatcher0 (server),
12-31 04:40:51.296 I/am_pss ( 1505): [15841,10066,com.android.gallery3d,23660544,14827520,61440,141680640,0,15,8]
12-31 04:40:51.297 I/input_focus( 1505): [Focus request 5f64dd7 com.android.launcher3/com.android.launcher3.uioverrides.QuickstepLauncher,reason=UpdateInputWindows]
12-31 04:40:51.304 I/am_pss ( 1505): [15796,10089,com.android.music,20951040,13443072,61440,132968448,0,16,7]
12-31 04:40:51.336 I/input_focus( 1505): [Focus entering 5f64dd7 com.android.launcher3/com.android.launcher3.uioverrides.QuickstepLauncher (server),reason=Window became focusable. Previous reason: NOT_VISIBLE]
12-31 04:40:51.554 I/wm_destroy_activity( 1505): [0,37229221,44,com.thundercomm.screensaver/android.service.dreams.DreamActivity,finish-imm:idle]
12-31 04:40:51.577 I/wm_on_stop_called(15585): [37229221,android.service.dreams.DreamActivity,LIFECYCLER_STOP_ACTIVITY]
12-31 04:40:51.578 I/wm_on_destroy_called(15585): [37229221,android.service.dreams.DreamActivity,performDestroy]
12-31 04:40:51.580 I/sysui_multi_action( 1505): [757,222,758,2]
12-31 04:40:51.580 I/sysui_multi_action( 1505): [757,804,799,dreaming_minutes,801,0,802,1]
12-31 04:40:51.588 I/wm_task_removed( 1505): [44,removeChild:removeChild last r=ActivityRecord{23812a5 u0 com.thundercomm.screensaver/android.service.dreams.DreamActivity t-1 f}} in t=Task{97576f6 #44 type=dream A=10052:android:com.thundercomm.screensaver/dream U=0 visible=false mode=fullscreen translucent=true sz=0}]
12-31 04:40:51.588 I/wm_task_removed( 1505): [44,removeChild]
12-31 04:40:51.859 I/auditd ( 0): type=1400 audit(0.0:13951): avc: denied { kill } for comm="swapper/1" capability=5 scontext=u:r:kernel:s0 tcontext=u:r:kernel:s0 tclass=capability permissive=0
12-31 04:40:52.859 I/auditd ( 0): type=1400 audit(0.0:13952): avc: denied { kill } for comm="swapper/1" capability=5 scontext=u:r:kernel:s0 tcontext=u:r:kernel:s0 tclass=capability permissive=0
12-31 04:40:53.859 I/auditd ( 0): type=1400 audit(0.0:13953): avc: denied { kill } for comm="swapper/1" capability=5 scontext=u:r:kernel:s0 tcontext=u:r:kernel:s0 tclass=capability permissive=0
12-31 04:40:54.859 I/auditd ( 0): type=1400 audit(0.0:13954): avc: denied { kill } for comm="swapper/1" capability=5 scontext=u:r:kernel:s0 tcontext=u:r:kernel:s0 tclass=capability permissive=0
12-31 04:40:55.859 I/auditd ( 0): type=1400 audit(0.0:13955): avc: denied { kill } for comm="swapper/1" capability=5 scontext=u:r:kernel:s0 tcontext=u:r:kernel:s0 tclass=capability permissive=0
12-31 04:40:56.859 I/auditd ( 0): type=1400 audit(0.0:13956): avc: denied { kill } for comm="swapper/1" capability=5 scontext=u:r:kernel:s0 tcontext=u:r:kernel:s0 tclass=capability permissive=0
12-31 04:40:57.859 I/auditd ( 0): type=1400 audit(0.0:13957): avc: denied { kill } for comm="swapper/1" capability=5 scontext=u:r:kernel:s0 tcontext=u:r:kernel:s0 tclass=capability permissive=0
12-31 04:40:58.859 I/auditd (13952): type=1400 audit(0.0:13958): avc: denied { kill } for comm="kworker/u16:13" capability=5 scontext=u:r:kernel:s0 tcontext=u:r:kernel:s0 tclass=capability permissive=0
12-31 04:40:59.859 I/auditd ( 0): type=1400 audit(0.0:13959): avc: denied { kill } for comm="swapper/1" capability=5 scontext=u:r:kernel:s0 tcontext=u:r:kernel:s0 tclass=capability permissive=0
12-31 04:41:00.859 I/auditd ( 0): type=1400 audit(0.0:13960): avc: denied { kill } for comm="swapper/1" capability=5 scontext=u:r:kernel:s0 tcontext=u:r:kernel:s0 tclass=capability permissive=0
12-31 04:41:01.859 I/auditd ( 0): type=1400 audit(0.0:13961): avc: denied { kill } for comm="swapper/1" capability=5 scontext=u:r:kernel:s0 tcontext=u:r:kernel:s0 tclass=capability permissive=0
12-31 04:41:02.859 I/auditd ( 0): type=1400 audit(0.0:13962): avc: denied { kill } for comm="swapper/1" capability=5 scontext=u:r:kernel:s0 tcontext=u:r:kernel:s0 tclass=capability permissive=0
12-31 04:41:03.859 I/auditd ( 0): type=1400 audit(0.0:13963): avc: denied { kill } for comm="swapper/1" capability=5 scontext=u:r:kernel:s0 tcontext=u:r:kernel:s0 tclass=capability permissive=0
12-31 04:41:04.859 I/auditd ( 0): type=1400 audit(0.0:13964): avc: denied { kill } for comm="swapper/1" capability=5 scontext=u:r:kernel:s0 tcontext=u:r:kernel:s0 tclass=capability permissive=0
12-31 04:41:05.859 I/auditd ( 0): type=1400 audit(0.0:13965): avc: denied { kill } for comm="swapper/1" capability=5 scontext=u:r:kernel:s0 tcontext=u:r:kernel:s0 tclass=capability permissive=0
12-31 04:41:06.859 I/auditd ( 0): type=1400 audit(0.0:13966): avc: denied { kill } for comm="swapper/1" capability=5 scontext=u:r:kernel:s0 tcontext=u:r:kernel:s0 tclass=capability permissive=0
12-31 04:41:07.859 I/auditd ( 0): type=1400 audit(0.0:13967): avc: denied { kill } for comm="swapper/1" capability=5 scontext=u:r:kernel:s0 tcontext=u:r:kernel:s0 tclass=capability permissive=0
12-31 04:41:08.714 I/input_interaction( 1505): Interaction with: 5f64dd7 com.android.launcher3/com.android.launcher3.uioverrides.QuickstepLauncher (server), 3a8c96a com.android.systemui.ImageWallpaper (server), edge-swipe (server), swipe-up (server), PointerEventDispatcher0 (server),
12-31 04:41:08.866 I/wm_task_created( 1505): [45,-1]
12-31 04:41:08.869 I/wm_task_moved( 1505): [45,1,8]
12-31 04:41:08.869 I/wm_task_to_front( 1505): [0,45]
12-31 04:41:08.869 I/wm_create_task( 1505): [0,45]
12-31 04:41:08.869 I/wm_create_activity( 1505): [0,243050141,45,com.tencent.tmgp.sgame/.SGameActivity,android.intent.action.MAIN,NULL,NULL,270532608]
12-31 04:41:08.869 I/wm_task_moved( 1505): [45,1,8]
12-31 04:41:08.870 I/wm_pause_activity( 1505): [0,83241864,com.android.launcher3/.uioverrides.QuickstepLauncher,userLeaving=true,pauseBackTasks]
12-31 04:41:08.872 I/am_uid_running( 1505): 10096
12-31 04:41:08.872 I/wm_on_top_resumed_lost_called( 2581): [83241864,com.android.launcher3.uioverrides.QuickstepLauncher,topStateChangedWhenResumed]
12-31 04:41:08.873 I/wm_on_paused_called( 2581): [83241864,com.android.launcher3.uioverrides.QuickstepLauncher,performPause]
12-31 04:41:08.876 I/wm_add_to_stopping( 1505): [0,83241864,com.android.launcher3/.uioverrides.QuickstepLauncher,makeInvisible]
12-31 04:41:08.878 I/am_proc_start( 1505): [0,15929,10096,com.tencent.tmgp.sgame,pre-top-activity,{com.tencent.tmgp.sgame/com.tencent.tmgp.sgame.SGameActivity}]
12-31 04:41:08.879 I/sysui_multi_action( 1505): [757,803,799,window_time_0,802,18]
12-31 04:41:08.890 I/am_proc_bound( 1505): [0,15929,com.tencent.tmgp.sgame]
12-31 04:41:08.890 I/am_pss ( 1505): [12686,1000,com.thundercomm.gamemode,38829056,31232000,53248,150999040,0,10,8]
12-31 04:41:08.892 I/wm_restart_activity( 1505): [0,243050141,45,com.tencent.tmgp.sgame/.SGameActivity]
12-31 04:41:08.893 I/wm_set_resumed_activity( 1505): [0,com.tencent.tmgp.sgame/.SGameActivity,minimalResumeActivityLocked]
12-31 04:41:08.894 I/am_uid_active( 1505): 10096
12-31 04:41:08.895 I/input_focus( 1505): [Focus leaving 5f64dd7 com.android.launcher3/com.android.launcher3.uioverrides.QuickstepLauncher (server),reason=NO_WINDOW]
12-31 04:41:08.927 I/am_proc_start( 1505): [0,15964,10096,com.tencent.tmgp.sgame:xg_vip_service,service,{com.tencent.tmgp.sgame/com.tencent.android.tpush.service.XGVipPushService}]
12-31 04:41:08.939 I/am_proc_bound( 1505): [0,15964,com.tencent.tmgp.sgame:xg_vip_service]
12-31 04:41:09.201 I/wm_on_create_called(15929): [243050141,com.tencent.tmgp.sgame.SGameActivity,performCreate]
12-31 04:41:09.202 I/wm_on_start_called(15929): [243050141,com.tencent.tmgp.sgame.SGameActivity,handleStartActivity]
12-31 04:41:09.205 I/wm_on_resume_called(15929): [243050141,com.tencent.tmgp.sgame.SGameActivity,RESUME_ACTIVITY]
12-31 04:41:09.207 I/wm_on_top_resumed_gained_called(15929): [243050141,com.tencent.tmgp.sgame.SGameActivity,topStateChangedWhenResumed]
12-31 04:41:09.216 I/input_focus( 1505): [Focus request 9d2e01 com.tencent.tmgp.sgame/com.tencent.tmgp.sgame.SGameActivity,reason=UpdateInputWindows]
12-31 04:41:09.253 I/sysui_multi_action( 1505): [319,22,321,21,322,388,325,12395,757,761,758,7,759,1,806,com.tencent.tmgp.sgame,871,com.tencent.tmgp.sgame.SGameActivity,904,com.android.launcher3,905,0,945,27,1320,8,1321,5]
12-31 04:41:09.254 I/wm_activity_launch_time( 1505): [0,243050141,com.tencent.tmgp.sgame/.SGameActivity,388]
12-31 04:41:09.264 I/input_focus( 1505): [Focus entering 9d2e01 com.tencent.tmgp.sgame/com.tencent.tmgp.sgame.SGameActivity (server),reason=Window became focusable. Previous reason: NOT_VISIBLE]
12-31 04:41:09.319 I/auditd (15929): type=1400 audit(0.0:13968): avc: granted { execute } for comm="tbs_preinit" path="/data/user/0/com.tencent.tmgp.sgame/app_tbs_64/core_share/libwebp_base.so" dev="dm-10" ino=8476 scontext=u:r:untrusted_app_29:s0:c96,c256,c512,c768 tcontext=u:object_r:app_data_file:s0:c96,c256,c512,c768 tclass=file app=com.tencent.tmgp.sgame
12-31 04:41:09.331 I/auditd (15929): type=1400 audit(0.0:13969): avc: granted { execute } for comm="logging-thread" path="/data/user/0/com.tencent.tmgp.sgame/app_tbs_64/core_share/libx5log.so" dev="dm-10" ino=8478 scontext=u:r:untrusted_app_29:s0:c96,c256,c512,c768 tcontext=u:object_r:app_data_file:s0:c96,c256,c512,c768 tclass=file app=com.tencent.tmgp.sgame
12-31 04:41:09.355 I/auditd (15929): type=1400 audit(0.0:13970): avc: granted { execute } for comm="TP-IoBound-3" path="/data/user/0/com.tencent.tmgp.sgame/app_tbs_64/core_share/libqb_keystore.so" dev="dm-10" ino=8468 scontext=u:r:untrusted_app_29:s0:c96,c256,c512,c768 tcontext=u:object_r:app_data_file:s0:c96,c256,c512,c768 tclass=file app=com.tencent.tmgp.sgame
12-31 04:41:09.359 I/auditd (15929): type=1400 audit(0.0:13971): avc: granted { execute } for comm="tbs_preinit" path="/data/user/0/com.tencent.tmgp.sgame/app_tbs_64/core_share/libmttwebview.so" dev="dm-10" ino=8441 scontext=u:r:untrusted_app_29:s0:c96,c256,c512,c768 tcontext=u:object_r:app_data_file:s0:c96,c256,c512,c768 tclass=file app=com.tencent.tmgp.sgame
12-31 04:41:09.375 I/auditd (15929): type=1400 audit(0.0:13972): avc: granted { execute } for comm="beacon-thread-1" path="/data/user/0/com.tencent.tmgp.sgame/app_tbs_64/core_share/libtbsbeaconid.so" dev="dm-10" ino=8471 scontext=u:r:untrusted_app_29:s0:c96,c256,c512,c768 tcontext=u:object_r:app_data_file:s0:c96,c256,c512,c768 tclass=file app=com.tencent.tmgp.sgame
12-31 04:41:09.379 I/auditd (16194): type=1400 audit(0.0:13973): avc: granted { execute } for comm="X5MemoryMonitor" name="libcmdsh.so" dev="dm-10" ino=8439 scontext=u:r:untrusted_app_29:s0:c96,c256,c512,c768 tcontext=u:object_r:app_data_file:s0:c96,c256,c512,c768 tclass=file app=com.tencent.tmgp.sgame
12-31 04:41:09.379 I/auditd (16194): type=1400 audit(0.0:13974): avc: denied { execute_no_trans } for comm="X5MemoryMonitor" path="/data/user/0/com.tencent.tmgp.sgame/app_tbs_64/core_share/libcmdsh.so" dev="dm-10" ino=8439 scontext=u:r:untrusted_app_29:s0:c96,c256,c512,c768 tcontext=u:object_r:app_data_file:s0:c96,c256,c512,c768 tclass=file permissive=0 app=com.tencent.tmgp.sgame
12-31 04:41:09.426 I/wm_stop_activity( 1505): [0,83241864,com.android.launcher3/.uioverrides.QuickstepLauncher]
12-31 04:41:09.432 I/wm_on_stop_called( 2581): [83241864,com.android.launcher3.uioverrides.QuickstepLauncher,STOP_ACTIVITY_ITEM]
12-31 04:41:10.557 I/input_interaction( 1505): Interaction with: e3548c2 gamemode.floatview (server), edge-swipe (server), swipe-up (server), PointerEventDispatcher0 (server),
12-31 04:41:10.859 I/auditd ( 0): type=1400 audit(0.0:13976): avc: denied { kill } for comm="swapper/5" capability=5 scontext=u:r:kernel:s0 tcontext=u:r:kernel:s0 tclass=capability permissive=0
12-31 04:41:11.859 I/auditd ( 0): type=1400 audit(0.0:13977): avc: denied { kill } for comm="swapper/5" capability=5 scontext=u:r:kernel:s0 tcontext=u:r:kernel:s0 tclass=capability permissive=0
12-31 04:41:13.859 I/auditd ( 0): type=1400 audit(0.0:13978): avc: denied { kill } for comm="swapper/7" capability=5 scontext=u:r:kernel:s0 tcontext=u:r:kernel:s0 tclass=capability permissive=0
12-31 04:41:14.859 I/auditd ( 0): type=1400 audit(0.0:13979): avc: denied { kill } for comm="swapper/7" capability=5 scontext=u:r:kernel:s0 tcontext=u:r:kernel:s0 tclass=capability permissive=0
12-31 04:41:15.859 I/auditd ( 0): type=1400 audit(0.0:13980): avc: denied { kill } for comm="swapper/7" capability=5 scontext=u:r:kernel:s0 tcontext=u:r:kernel:s0 tclass=capability permissive=0
12-31 04:41:16.195 I/input_interaction( 1505): Interaction with: 19f98d9 gamemode.menuview (server), edge-swipe (server), swipe-up (server), PointerEventDispatcher0 (server),
12-31 04:41:16.469 I/input_interaction( 1505): Interaction with: 9d2e01 com.tencent.tmgp.sgame/com.tencent.tmgp.sgame.SGameActivity (server), edge-swipe (server), swipe-up (server), PointerEventDispatcher0 (server),
12-31 04:41:16.598 I/input_focus( 1505): [Focus request 8de9c00 com.tencent.tmgp.sgame/com.tencent.tmgp.sgame.SGameActivity,reason=UpdateInputWindows]
12-31 04:41:16.615 I/input_focus( 1505): [Focus entering 8de9c00 com.tencent.tmgp.sgame/com.tencent.tmgp.sgame.SGameActivity (server),reason=setFocusedWindow]
12-31 04:41:16.772 I/input_interaction( 1505): Interaction with: 8de9c00 com.tencent.tmgp.sgame/com.tencent.tmgp.sgame.SGameActivity (server), edge-swipe (server), swipe-up (server), PointerEventDispatcher0 (server),
12-31 04:41:16.859 I/auditd ( 0): type=1400 audit(0.0:13981): avc: denied { kill } for comm="swapper/7" capability=5 scontext=u:r:kernel:s0 tcontext=u:r:kernel:s0 tclass=capability permissive=0
12-31 04:41:17.859 I/auditd ( 0): type=1400 audit(0.0:13982): avc: denied { kill } for comm="swapper/7" capability=5 scontext=u:r:kernel:s0 tcontext=u:r:kernel:s0 tclass=capability permissive=0
12-31 04:41:19.214 I/am_pss ( 1505): [15929,10096,com.tencent.tmgp.sgame,579061760,545751040,52224,732512256,0,2,30]
12-31 04:41:20.859 I/auditd ( 0): type=1400 audit(0.0:13983): avc: denied { kill } for comm="swapper/4" capability=5 scontext=u:r:kernel:s0 tcontext=u:r:kernel:s0 tclass=capability permissive=0
12-31 04:41:21.859 I/auditd ( 0): type=1400 audit(0.0:13984): avc: denied { kill } for comm="swapper/4" capability=5 scontext=u:r:kernel:s0 tcontext=u:r:kernel:s0 tclass=capability permissive=0
12-31 04:41:22.019 I/auditd (15929): type=1400 audit(0.0:13985): avc: denied { read } for comm="Thread-87" name="cache" dev="dm-5" ino=16 scontext=u:r:untrusted_app_29:s0:c96,c256,c512,c768 tcontext=u:object_r:cache_file:s0 tclass=lnk_file permissive=0 app=com.tencent.tmgp.sgame
12-31 04:41:22.023 I/auditd (15929): type=1400 audit(0.0:13986): avc: denied { read } for comm="Thread-87" name="cache" dev="dm-5" ino=16 scontext=u:r:untrusted_app_29:s0:c96,c256,c512,c768 tcontext=u:object_r:cache_file:s0 tclass=lnk_file permissive=0 app=com.tencent.tmgp.sgame
12-31 04:41:22.859 I/auditd ( 0): type=1400 audit(0.0:13987): avc: denied { kill } for comm="swapper/4" capability=5 scontext=u:r:kernel:s0 tcontext=u:r:kernel:s0 tclass=capability permissive=0
12-31 04:41:23.859 I/auditd ( 0): type=1400 audit(0.0:13988): avc: denied { kill } for comm="swapper/4" capability=5 scontext=u:r:kernel:s0 tcontext=u:r:kernel:s0 tclass=capability permissive=0
12-31 04:41:24.859 I/auditd ( 0): type=1400 audit(0.0:13989): avc: denied { kill } for comm="swapper/4" capability=5 scontext=u:r:kernel:s0 tcontext=u:r:kernel:s0 tclass=capability permissive=0
12-31 04:41:25.703 I/wm_task_moved( 1505): [1,0,0]
12-31 04:41:25.703 I/wm_task_moved( 1505): [1,0,7]
12-31 04:41:25.717 I/wm_on_restart_called( 2581): [83241864,com.android.launcher3.uioverrides.QuickstepLauncher,performRestartActivity]
12-31 04:41:25.733 I/wm_on_start_called( 2581): [83241864,com.android.launcher3.uioverrides.QuickstepLauncher,handleStartActivity]
12-31 04:41:25.743 I/sysui_multi_action( 1505): [319,3,322,38,325,12411,757,761,758,9,759,5,806,com.android.launcher3,871,com.android.launcher3.uioverrides.QuickstepLauncher,905,0,1320,8,1321,5]
12-31 04:41:25.848 I/view_enqueue_input_event(15929): [Motion - Cancel,com.tencent.tmgp.sgame/com.tencent.tmgp.sgame.SGameActivity]
12-31 04:41:25.856 I/sysui_latency( 2581): [1,40]
12-31 04:41:25.862 I/input_interaction( 1505): Interaction with: edge-swipe (server), swipe-up (server), PointerEventDispatcher0 (server),
12-31 04:41:25.863 I/input_focus( 1505): [Focus request recents_animation_input_consumer,reason=UpdateInputWindows]
