12-31 04:55:59.859 I/auditd ( 0): type=1400 audit(0.0:14920): avc: denied { kill } for comm="swapper/2" capability=5 scontext=u:r:kernel:s0 tcontext=u:r:kernel:s0 tclass=capability permissive=0
12-31 04:56:00.859 I/auditd ( 0): type=1400 audit(0.0:14921): avc: denied { kill } for comm="swapper/2" capability=5 scontext=u:r:kernel:s0 tcontext=u:r:kernel:s0 tclass=capability permissive=0
12-31 04:56:01.859 I/auditd ( 0): type=1400 audit(0.0:14922): avc: denied { kill } for comm="swapper/2" capability=5 scontext=u:r:kernel:s0 tcontext=u:r:kernel:s0 tclass=capability permissive=0
12-31 04:56:02.859 I/auditd ( 0): type=1400 audit(0.0:14923): avc: denied { kill } for comm="swapper/2" capability=5 scontext=u:r:kernel:s0 tcontext=u:r:kernel:s0 tclass=capability permissive=0
12-31 04:56:03.859 I/auditd ( 0): type=1400 audit(0.0:14924): avc: denied { kill } for comm="swapper/2" capability=5 scontext=u:r:kernel:s0 tcontext=u:r:kernel:s0 tclass=capability permissive=0
12-31 04:56:04.859 I/auditd ( 0): type=1400 audit(0.0:14925): avc: denied { kill } for comm="swapper/2" capability=5 scontext=u:r:kernel:s0 tcontext=u:r:kernel:s0 tclass=capability permissive=0
12-31 04:56:05.859 I/auditd ( 0): type=1400 audit(0.0:14926): avc: denied { kill } for comm="swapper/2" capability=5 scontext=u:r:kernel:s0 tcontext=u:r:kernel:s0 tclass=capability permissive=0
12-31 04:56:06.859 I/auditd ( 0): type=1400 audit(0.0:14927): avc: denied { kill } for comm="swapper/2" capability=5 scontext=u:r:kernel:s0 tcontext=u:r:kernel:s0 tclass=capability permissive=0
12-31 04:56:07.859 I/auditd ( 0): type=1400 audit(0.0:14928): avc: denied { kill } for comm="swapper/2" capability=5 scontext=u:r:kernel:s0 tcontext=u:r:kernel:s0 tclass=capability permissive=0
12-31 04:56:08.859 I/auditd ( 0): type=1400 audit(0.0:14929): avc: denied { kill } for comm="swapper/2" capability=5 scontext=u:r:kernel:s0 tcontext=u:r:kernel:s0 tclass=capability permissive=0
12-31 04:56:09.859 I/auditd ( 0): type=1400 audit(0.0:14930): avc: denied { kill } for comm="swapper/2" capability=5 scontext=u:r:kernel:s0 tcontext=u:r:kernel:s0 tclass=capability permissive=0
12-31 04:56:10.859 I/auditd ( 0): type=1400 audit(0.0:14931): avc: denied { kill } for comm="swapper/2" capability=5 scontext=u:r:kernel:s0 tcontext=u:r:kernel:s0 tclass=capability permissive=0
12-31 04:56:11.859 I/auditd ( 0): type=1400 audit(0.0:14932): avc: denied { kill } for comm="swapper/2" capability=5 scontext=u:r:kernel:s0 tcontext=u:r:kernel:s0 tclass=capability permissive=0
12-31 04:56:12.859 I/auditd ( 0): type=1400 audit(0.0:14933): avc: denied { kill } for comm="swapper/2" capability=5 scontext=u:r:kernel:s0 tcontext=u:r:kernel:s0 tclass=capability permissive=0
12-31 04:56:13.859 I/auditd ( 0): type=1400 audit(0.0:14934): avc: denied { kill } for comm="swapper/2" capability=5 scontext=u:r:kernel:s0 tcontext=u:r:kernel:s0 tclass=capability permissive=0
12-31 04:56:14.859 I/auditd ( 0): type=1400 audit(0.0:14935): avc: denied { kill } for comm="swapper/2" capability=5 scontext=u:r:kernel:s0 tcontext=u:r:kernel:s0 tclass=capability permissive=0
12-31 04:56:15.859 I/auditd ( 0): type=1400 audit(0.0:14936): avc: denied { kill } for comm="swapper/2" capability=5 scontext=u:r:kernel:s0 tcontext=u:r:kernel:s0 tclass=capability permissive=0
12-31 04:56:16.859 I/auditd ( 0): type=1400 audit(0.0:14937): avc: denied { kill } for comm="swapper/2" capability=5 scontext=u:r:kernel:s0 tcontext=u:r:kernel:s0 tclass=capability permissive=0
12-31 04:56:17.859 I/auditd ( 0): type=1400 audit(0.0:14938): avc: denied { kill } for comm="swapper/2" capability=5 scontext=u:r:kernel:s0 tcontext=u:r:kernel:s0 tclass=capability permissive=0
12-31 04:56:18.859 I/auditd ( 0): type=1400 audit(0.0:14939): avc: denied { kill } for comm="swapper/2" capability=5 scontext=u:r:kernel:s0 tcontext=u:r:kernel:s0 tclass=capability permissive=0
12-31 04:56:19.859 I/auditd ( 0): type=1400 audit(0.0:14940): avc: denied { kill } for comm="swapper/2" capability=5 scontext=u:r:kernel:s0 tcontext=u:r:kernel:s0 tclass=capability permissive=0
12-31 04:56:20.859 I/auditd ( 0): type=1400 audit(0.0:14941): avc: denied { kill } for comm="swapper/2" capability=5 scontext=u:r:kernel:s0 tcontext=u:r:kernel:s0 tclass=capability permissive=0
12-31 04:56:21.859 I/auditd ( 0): type=1400 audit(0.0:14942): avc: denied { kill } for comm="swapper/2" capability=5 scontext=u:r:kernel:s0 tcontext=u:r:kernel:s0 tclass=capability permissive=0
12-31 04:56:22.859 I/auditd ( 0): type=1400 audit(0.0:14943): avc: denied { kill } for comm="swapper/2" capability=5 scontext=u:r:kernel:s0 tcontext=u:r:kernel:s0 tclass=capability permissive=0
12-31 04:56:23.859 I/auditd ( 0): type=1400 audit(0.0:14944): avc: denied { kill } for comm="swapper/2" capability=5 scontext=u:r:kernel:s0 tcontext=u:r:kernel:s0 tclass=capability permissive=0
12-31 04:56:24.859 I/auditd ( 0): type=1400 audit(0.0:14945): avc: denied { kill } for comm="swapper/2" capability=5 scontext=u:r:kernel:s0 tcontext=u:r:kernel:s0 tclass=capability permissive=0
12-31 04:56:25.859 I/auditd ( 0): type=1400 audit(0.0:14946): avc: denied { kill } for comm="swapper/2" capability=5 scontext=u:r:kernel:s0 tcontext=u:r:kernel:s0 tclass=capability permissive=0
12-31 04:56:26.859 I/auditd ( 0): type=1400 audit(0.0:14947): avc: denied { kill } for comm="swapper/2" capability=5 scontext=u:r:kernel:s0 tcontext=u:r:kernel:s0 tclass=capability permissive=0 --------- beginning of kernel
01-01 11:41:55.846 D/ ( 0): mv2112_read_status
01-01 11:41:55.846 D/mv2112_update_link( 0): 3.0x901(1G): 0x80
01-01 11:41:55.847 D/mv2112_update_link( 0): 3.0x8109(100M): 0x8
01-01 11:41:55.847 D/mv2112_update_link( 0): link 0x0
01-01 11:41:55.847 D/mv2112_read_status( 0): autoneg is disabled --------- beginning of main
12-31 04:56:27.765 I/mpu_uart( 645): [MSG-P:R]:recv sync frame timeout
12-31 04:56:27.859 I/auditd ( 0): type=1400 audit(0.0:14948): avc: denied { kill } for comm="swapper/2" capability=5 scontext=u:r:kernel:s0 tcontext=u:r:kernel:s0 tclass=capability permissive=0
12-31 04:56:27.859 W/swapper/2( 0): type=1400 audit(0.0:14948): avc: denied { kill } for capability=5 scontext=u:r:kernel:s0 tcontext=u:r:kernel:s0 tclass=capability permissive=0
12-31 04:56:27.910 I/mpu_uart( 645): [MSG-P:RECV]:No message received in 1000 ms
01-01 11:41:56.870 D/ ( 0): mv2112_read_status
01-01 11:41:56.870 D/mv2112_update_link( 0): 3.0x901(1G): 0x80
01-01 11:41:56.870 D/mv2112_update_link( 0): 3.0x8109(100M): 0x8
01-01 11:41:56.870 D/mv2112_update_link( 0): link 0x0
01-01 11:41:56.870 D/mv2112_read_status( 0): autoneg is disabled
12-31 04:56:28.511 I/CNSS ( 1176): cnss_open_log_file: directory /data/vendor/wifi/wlan_logs/ created
12-31 04:56:28.859 I/auditd ( 0): type=1400 audit(0.0:14949): avc: denied { kill } for comm="swapper/2" capability=5 scontext=u:r:kernel:s0 tcontext=u:r:kernel:s0 tclass=capability permissive=0
12-31 04:56:28.859 W/swapper/2( 0): type=1400 audit(0.0:14949): avc: denied { kill } for capability=5 scontext=u:r:kernel:s0 tcontext=u:r:kernel:s0 tclass=capability permissive=0
12-31 04:56:28.910 I/mpu_uart( 645): [MSG-P:RECV]:No message received in 1000 ms
01-01 11:41:57.894 D/ ( 0): mv2112_read_status
01-01 11:41:57.894 D/mv2112_update_link( 0): 3.0x901(1G): 0x80
01-01 11:41:57.895 D/mv2112_update_link( 0): 3.0x8109(100M): 0x8
01-01 11:41:57.895 D/mv2112_update_link( 0): link 0x0
01-01 11:41:57.895 D/mv2112_read_status( 0): autoneg is disabled
12-31 04:56:29.859 I/auditd ( 0): type=1400 audit(0.0:14950): avc: denied { kill } for comm="swapper/2" capability=5 scontext=u:r:kernel:s0 tcontext=u:r:kernel:s0 tclass=capability permissive=0
12-31 04:56:29.859 W/swapper/2( 0): type=1400 audit(0.0:14950): avc: denied { kill } for capability=5 scontext=u:r:kernel:s0 tcontext=u:r:kernel:s0 tclass=capability permissive=0
12-31 04:56:29.911 I/mpu_uart( 645): [MSG-P:RECV]:No message received in 1000 ms
01-01 11:41:58.918 D/ ( 0): mv2112_read_status
01-01 11:41:58.918 D/mv2112_update_link( 0): 3.0x901(1G): 0x80
01-01 11:41:58.919 D/mv2112_update_link( 0): 3.0x8109(100M): 0x8
01-01 11:41:58.919 D/mv2112_update_link( 0): link 0x0
01-01 11:41:58.919 D/mv2112_read_status( 0): autoneg is disabled
12-31 04:56:30.766 I/mpu_uart( 645): [MSG-P:R]:recv sync frame timeout
12-31 04:56:30.859 I/auditd ( 0): type=1400 audit(0.0:14951): avc: denied { kill } for comm="swapper/2" capability=5 scontext=u:r:kernel:s0 tcontext=u:r:kernel:s0 tclass=capability permissive=0
12-31 04:56:30.859 W/swapper/2( 0): type=1400 audit(0.0:14951): avc: denied { kill } for capability=5 scontext=u:r:kernel:s0 tcontext=u:r:kernel:s0 tclass=capability permissive=0
12-31 04:56:30.911 I/mpu_uart( 645): [MSG-P:RECV]:No message received in 1000 ms
01-01 11:41:59.942 D/ ( 0): mv2112_read_status
01-01 11:41:59.942 D/mv2112_update_link( 0): 3.0x901(1G): 0x80
01-01 11:41:59.943 D/mv2112_update_link( 0): 3.0x8109(100M): 0x8
01-01 11:41:59.943 D/mv2112_update_link( 0): link 0x0
01-01 11:41:59.943 D/mv2112_read_status( 0): autoneg is disabled
12-31 04:56:31.859 I/auditd ( 0): type=1400 audit(0.0:14952): avc: denied { kill } for comm="swapper/2" capability=5 scontext=u:r:kernel:s0 tcontext=u:r:kernel:s0 tclass=capability permissive=0
12-31 04:56:31.859 W/swapper/2( 0): type=1400 audit(0.0:14952): avc: denied { kill } for capability=5 scontext=u:r:kernel:s0 tcontext=u:r:kernel:s0 tclass=capability permissive=0
12-31 04:56:31.911 I/mpu_uart( 645): [MSG-P:RECV]:No message received in 1000 ms
01-01 11:42:00.966 D/ ( 0): mv2112_read_status
01-01 11:42:00.966 D/mv2112_update_link( 0): 3.0x901(1G): 0x80
01-01 11:42:00.966 D/mv2112_update_link( 0): 3.0x8109(100M): 0x8
01-01 11:42:00.966 D/mv2112_update_link( 0): link 0x0
01-01 11:42:00.966 D/mv2112_read_status( 0): autoneg is disabled
12-31 04:56:32.859 I/auditd ( 0): type=1400 audit(0.0:14953): avc: denied { kill } for comm="swapper/2" capability=5 scontext=u:r:kernel:s0 tcontext=u:r:kernel:s0 tclass=capability permissive=0
12-31 04:56:32.859 W/swapper/2( 0): type=1400 audit(0.0:14953): avc: denied { kill } for capability=5 scontext=u:r:kernel:s0 tcontext=u:r:kernel:s0 tclass=capability permissive=0
12-31 04:56:32.912 I/mpu_uart( 645): [MSG-P:RECV]:No message received in 1000 ms
01-01 11:42:01.990 D/ ( 0): mv2112_read_status
01-01 11:42:01.990 D/mv2112_update_link( 0): 3.0x901(1G): 0x80
01-01 11:42:01.990 D/mv2112_update_link( 0): 3.0x8109(100M): 0x8
01-01 11:42:01.990 D/mv2112_update_link( 0): link 0x0
01-01 11:42:01.990 D/mv2112_read_status( 0): autoneg is disabled
12-31 04:56:33.769 I/mpu_uart( 645): [MSG-P:R]:recv sync frame timeout
12-31 04:56:33.859 I/auditd ( 0): type=1400 audit(0.0:14954): avc: denied { kill } for comm="swapper/2" capability=5 scontext=u:r:kernel:s0 tcontext=u:r:kernel:s0 tclass=capability permissive=0
12-31 04:56:33.859 W/swapper/2( 0): type=1400 audit(0.0:14954): avc: denied { kill } for capability=5 scontext=u:r:kernel:s0 tcontext=u:r:kernel:s0 tclass=capability permissive=0
12-31 04:56:33.912 I/mpu_uart( 645): [MSG-P:RECV]:No message received in 1000 ms
01-01 11:42:03.014 D/ ( 0): mv2112_read_status
01-01 11:42:03.014 D/mv2112_update_link( 0): 3.0x901(1G): 0x80
01-01 11:42:03.015 D/mv2112_update_link( 0): 3.0x8109(100M): 0x8
01-01 11:42:03.015 D/mv2112_update_link( 0): link 0x0
01-01 11:42:03.015 D/mv2112_read_status( 0): autoneg is disabled
12-31 04:56:34.859 I/auditd ( 0): type=1400 audit(0.0:14955): avc: denied { kill } for comm="swapper/2" capability=5 scontext=u:r:kernel:s0 tcontext=u:r:kernel:s0 tclass=capability permissive=0
12-31 04:56:34.859 W/swapper/2( 0): type=1400 audit(0.0:14955): avc: denied { kill } for capability=5 scontext=u:r:kernel:s0 tcontext=u:r:kernel:s0 tclass=capability permissive=0
12-31 04:56:34.912 I/mpu_uart( 645): [MSG-P:RECV]:No message received in 1000 ms
01-01 11:42:04.039 D/ ( 0): mv2112_read_status
01-01 11:42:04.039 D/mv2112_update_link( 0): 3.0x901(1G): 0x80
01-01 11:42:04.039 D/mv2112_update_link( 0): 3.0x8109(100M): 0x8
01-01 11:42:04.039 D/mv2112_update_link( 0): link 0x0
01-01 11:42:04.039 D/mv2112_read_status( 0): autoneg is disabled
12-31 04:56:35.859 I/auditd ( 0): type=1400 audit(0.0:14956): avc: denied { kill } for comm="swapper/2" capability=5 scontext=u:r:kernel:s0 tcontext=u:r:kernel:s0 tclass=capability permissive=0
12-31 04:56:35.859 W/swapper/2( 0): type=1400 audit(0.0:14956): avc: denied { kill } for capability=5 scontext=u:r:kernel:s0 tcontext=u:r:kernel:s0 tclass=capability permissive=0
12-31 04:56:35.913 I/mpu_uart( 645): [MSG-P:RECV]:No message received in 1000 ms
01-01 11:42:05.062 D/ ( 0): mv2112_read_status
01-01 11:42:05.062 D/mv2112_update_link( 0): 3.0x901(1G): 0x80
01-01 11:42:05.062 D/mv2112_update_link( 0): 3.0x8109(100M): 0x8
01-01 11:42:05.062 D/mv2112_update_link( 0): link 0x0
01-01 11:42:05.062 D/mv2112_read_status( 0): autoneg is disabled
12-31 04:56:36.773 I/mpu_uart( 645): [MSG-P:R]:recv sync frame timeout
12-31 04:56:36.859 I/auditd ( 0): type=1400 audit(0.0:14957): avc: denied { kill } for comm="swapper/2" capability=5 scontext=u:r:kernel:s0 tcontext=u:r:kernel:s0 tclass=capability permissive=0
12-31 04:56:36.859 W/swapper/2( 0): type=1400 audit(0.0:14957): avc: denied { kill } for capability=5 scontext=u:r:kernel:s0 tcontext=u:r:kernel:s0 tclass=capability permissive=0
12-31 04:56:36.913 I/mpu_uart( 645): [MSG-P:RECV]:No message received in 1000 ms
01-01 11:42:06.086 D/ ( 0): mv2112_read_status
01-01 11:42:06.086 D/mv2112_update_link( 0): 3.0x901(1G): 0x80
01-01 11:42:06.086 D/mv2112_update_link( 0): 3.0x8109(100M): 0x8
01-01 11:42:06.086 D/mv2112_update_link( 0): link 0x0
01-01 11:42:06.086 D/mv2112_read_status( 0): autoneg is disabled
12-31 04:56:37.859 I/auditd ( 0): type=1400 audit(0.0:14958): avc: denied { kill } for comm="swapper/2" capability=5 scontext=u:r:kernel:s0 tcontext=u:r:kernel:s0 tclass=capability permissive=0
12-31 04:56:37.859 W/swapper/2( 0): type=1400 audit(0.0:14958): avc: denied { kill } for capability=5 scontext=u:r:kernel:s0 tcontext=u:r:kernel:s0 tclass=capability permissive=0
12-31 04:56:37.913 I/mpu_uart( 645): [MSG-P:RECV]:No message received in 1000 ms
01-01 11:42:07.110 D/ ( 0): mv2112_read_status
01-01 11:42:07.110 D/mv2112_update_link( 0): 3.0x901(1G): 0x80
01-01 11:42:07.111 D/mv2112_update_link( 0): 3.0x8109(100M): 0x8
01-01 11:42:07.111 D/mv2112_update_link( 0): link 0x0
01-01 11:42:07.111 D/mv2112_read_status( 0): autoneg is disabled
12-31 04:56:38.859 I/auditd ( 0): type=1400 audit(0.0:14959): avc: denied { kill } for comm="swapper/2" capability=5 scontext=u:r:kernel:s0 tcontext=u:r:kernel:s0 tclass=capability permissive=0
12-31 04:56:38.859 W/swapper/2( 0): type=1400 audit(0.0:14959): avc: denied { kill } for capability=5 scontext=u:r:kernel:s0 tcontext=u:r:kernel:s0 tclass=capability permissive=0
12-31 04:56:38.914 I/mpu_uart( 645): [MSG-P:RECV]:No message received in 1000 ms
01-01 11:42:08.134 D/ ( 0): mv2112_read_status
01-01 11:42:08.134 D/mv2112_update_link( 0): 3.0x901(1G): 0x80
01-01 11:42:08.134 D/mv2112_update_link( 0): 3.0x8109(100M): 0x8
01-01 11:42:08.134 D/mv2112_update_link( 0): link 0x0
01-01 11:42:08.134 D/mv2112_read_status( 0): autoneg is disabled
12-31 04:56:39.776 I/mpu_uart( 645): [MSG-P:R]:recv sync frame timeout
12-31 04:56:39.859 I/auditd ( 0): type=1400 audit(0.0:14960): avc: denied { kill } for comm="swapper/2" capability=5 scontext=u:r:kernel:s0 tcontext=u:r:kernel:s0 tclass=capability permissive=0
12-31 04:56:39.859 W/swapper/2( 0): type=1400 audit(0.0:14960): avc: denied { kill } for capability=5 scontext=u:r:kernel:s0 tcontext=u:r:kernel:s0 tclass=capability permissive=0
12-31 04:56:39.914 I/mpu_uart( 645): [MSG-P:RECV]:No message received in 1000 ms
01-01 11:42:09.158 D/ ( 0): mv2112_read_status
01-01 11:42:09.158 D/mv2112_update_link( 0): 3.0x901(1G): 0x80
01-01 11:42:09.159 D/mv2112_update_link( 0): 3.0x8109(100M): 0x8
01-01 11:42:09.159 D/mv2112_update_link( 0): link 0x0
01-01 11:42:09.159 D/mv2112_read_status( 0): autoneg is disabled
12-31 04:56:40.859 I/auditd ( 0): type=1400 audit(0.0:14961): avc: denied { kill } for comm="swapper/2" capability=5 scontext=u:r:kernel:s0 tcontext=u:r:kernel:s0 tclass=capability permissive=0
12-31 04:56:40.859 W/swapper/2( 0): type=1400 audit(0.0:14961): avc: denied { kill } for capability=5 scontext=u:r:kernel:s0 tcontext=u:r:kernel:s0 tclass=capability permissive=0
12-31 04:56:40.914 I/mpu_uart( 645): [MSG-P:RECV]:No message received in 1000 ms
12-31 04:56:41.611 W/View ( 1996): requestLayout() improperly called by android.widget.FrameLayout{7ce9444 I.E...... ......ID 0,0-780,198 #2bc} during second layout pass: posting in next frame
12-31 04:56:41.611 W/View ( 1996): requestLayout() improperly called by com.android.systemui.statusbar.AlphaOptimizedImageView{476e623 VFED..C.. ......ID 0,0-140,198} during second layout pass: posting in next frame
12-31 04:56:41.612 W/View ( 1996): requestLayout() improperly called by android.widget.FrameLayout{ef542c I.E...... ......ID 0,0-780,198 #2bc} during second layout pass: posting in next frame
12-31 04:56:41.612 W/View ( 1996): requestLayout() improperly called by com.android.systemui.statusbar.AlphaOptimizedImageView{e8a8227 VFED..C.. ......ID 0,0-140,84} during second layout pass: posting in next frame
12-31 04:56:41.622 W/View ( 1996): requestLayout() improperly called by android.widget.FrameLayout{7ce9444 I.E...... ......ID 0,0-780,198 #2bc} during layout: running second layout pass
12-31 04:56:41.622 W/View ( 1996): requestLayout() improperly called by com.android.systemui.statusbar.AlphaOptimizedImageView{476e623 VFED..C.. ......ID 0,0-140,198} during layout: running second layout pass
12-31 04:56:41.622 W/View ( 1996): requestLayout() improperly called by android.widget.FrameLayout{ef542c I.E...... ......ID 0,0-780,198 #2bc} during layout: running second layout pass
12-31 04:56:41.623 W/View ( 1996): requestLayout() improperly called by com.android.systemui.statusbar.AlphaOptimizedImageView{e8a8227 VFED..C.. ......ID 0,0-140,84} during layout: running second layout pass
12-31 04:56:41.628 I/OpenGLRenderer( 1996): Davey! duration=9223358709001ms; Flags=0, FrameTimelineVsyncId=337203, IntendedVsync=13327852865490, Vsync=13327852865490, InputEventId=0, HandleInputStart=13327853488195, AnimationStart=13327853492049, PerformTraversalsStart=13327853496007, DrawStart=13327861310955, FrameDeadline=13327886198822, FrameInterval=13327853476268, FrameStartTime=16666666, SyncQueued=13327861761685, SyncStart=13327862055591, IssueDrawCommandsStart=13327862370382, SwapBuffers=13327864771632, FrameCompleted=9223372036854775807, DequeueBufferDuration=61250, QueueBufferDuration=1304114, GpuCompleted=9223372036854775807, SwapBuffersCompleted=13327866843195, DisplayPresentTime=0,
01-01 11:42:10.182 D/ ( 0): mv2112_read_status
01-01 11:42:10.182 D/mv2112_update_link( 0): 3.0x901(1G): 0x80
01-01 11:42:10.182 D/mv2112_update_link( 0): 3.0x8109(100M): 0x8
01-01 11:42:10.182 D/mv2112_update_link( 0): link 0x0
01-01 11:42:10.182 D/mv2112_read_status( 0): autoneg is disabled
12-31 04:56:41.859 I/auditd ( 0): type=1400 audit(0.0:14962): avc: denied { kill } for comm="swapper/2" capability=5 scontext=u:r:kernel:s0 tcontext=u:r:kernel:s0 tclass=capability permissive=0
12-31 04:56:41.859 W/swapper/2( 0): type=1400 audit(0.0:14962): avc: denied { kill } for capability=5 scontext=u:r:kernel:s0 tcontext=u:r:kernel:s0 tclass=capability permissive=0
12-31 04:56:41.915 I/mpu_uart( 645): [MSG-P:RECV]:No message received in 1000 ms --------- beginning of system
12-31 04:56:42.468 V/DisplayPowerController[0]( 1505): Brightness [0.05] reason changing to: 'manual [ dim ]', previous reason: 'manual'.
12-31 04:56:42.468 I/sysui_multi_action( 1505): [757,1696,758,6,759,2]
12-31 04:56:42.470 E/DisplayDeviceConfig( 1505): requesting nits when no mapping exists.
12-31 04:56:42.471 E/DisplayDeviceConfig( 1505): requesting nits when no mapping exists.
12-31 04:56:42.471 I/am_wtf ( 1505): [0,1505,system_server,-1,DisplayDeviceConfig,requesting nits when no mapping exists.]
12-31 04:56:42.473 I/DropBoxManagerService( 1505): add tag=system_server_wtf isTagEnabled=true flags=0x2
12-31 04:56:42.474 I/am_wtf ( 1505): [0,1505,system_server,-1,DisplayDeviceConfig,requesting nits when no mapping exists.]
12-31 04:56:42.475 I/DropBoxManagerService( 1505): add tag=system_server_wtf isTagEnabled=true flags=0x2
12-31 04:56:42.486 E/DisplayDeviceConfig( 1505): requesting nits when no mapping exists.
12-31 04:56:42.487 E/DisplayDeviceConfig( 1505): requesting nits when no mapping exists.
12-31 04:56:42.487 I/am_wtf ( 1505): [0,1505,system_server,-1,DisplayDeviceConfig,requesting nits when no mapping exists.]
12-31 04:56:42.488 I/DropBoxManagerService( 1505): add tag=system_server_wtf isTagEnabled=true flags=0x2
12-31 04:56:42.488 I/am_wtf ( 1505): [0,1505,system_server,-1,DisplayDeviceConfig,requesting nits when no mapping exists.]
12-31 04:56:42.489 I/DropBoxManagerService( 1505): add tag=system_server_wtf isTagEnabled=true flags=0x2
12-31 04:56:42.503 E/DisplayDeviceConfig( 1505): requesting nits when no mapping exists.
12-31 04:56:42.504 E/DisplayDeviceConfig( 1505): requesting nits when no mapping exists.
12-31 04:56:42.504 I/am_wtf ( 1505): [0,1505,system_server,-1,DisplayDeviceConfig,requesting nits when no mapping exists.]
12-31 04:56:42.505 I/DropBoxManagerService( 1505): add tag=system_server_wtf isTagEnabled=true flags=0x2
12-31 04:56:42.506 I/am_wtf ( 1505): [0,1505,system_server,-1,DisplayDeviceConfig,requesting nits when no mapping exists.]
12-31 04:56:42.522 E/DisplayDeviceConfig( 1505): requesting nits when no mapping exists.
12-31 04:56:42.522 E/DisplayDeviceConfig( 1505): requesting nits when no mapping exists.
12-31 04:56:42.522 I/am_wtf ( 1505): [0,1505,system_server,-1,DisplayDeviceConfig,requesting nits when no mapping exists.]
12-31 04:56:42.523 I/am_wtf ( 1505): [0,1505,system_server,-1,DisplayDeviceConfig,requesting nits when no mapping exists.]
12-31 04:56:42.538 E/DisplayDeviceConfig( 1505): requesting nits when no mapping exists.
12-31 04:56:42.539 E/DisplayDeviceConfig( 1505): requesting nits when no mapping exists.
12-31 04:56:42.539 I/am_wtf ( 1505): [0,1505,system_server,-1,DisplayDeviceConfig,requesting nits when no mapping exists.]
12-31 04:56:42.539 I/am_wtf ( 1505): [0,1505,system_server,-1,DisplayDeviceConfig,requesting nits when no mapping exists.]
12-31 04:56:42.555 E/DisplayDeviceConfig( 1505): requesting nits when no mapping exists.
12-31 04:56:42.555 E/DisplayDeviceConfig( 1505): requesting nits when no mapping exists.
12-31 04:56:42.555 I/am_wtf ( 1505): [0,1505,system_server,-1,DisplayDeviceConfig,requesting nits when no mapping exists.]
12-31 04:56:42.556 I/am_wtf ( 1505): [0,1505,system_server,-1,DisplayDeviceConfig,requesting nits when no mapping exists.]
12-31 04:56:42.572 E/DisplayDeviceConfig( 1505): requesting nits when no mapping exists.
12-31 04:56:42.572 I/am_wtf ( 1505): [0,1505,system_server,-1,DisplayDeviceConfig,requesting nits when no mapping exists.]
12-31 04:56:42.572 E/DisplayDeviceConfig( 1505): requesting nits when no mapping exists.
12-31 04:56:42.573 I/am_wtf ( 1505): [0,1505,system_server,-1,DisplayDeviceConfig,requesting nits when no mapping exists.]
12-31 04:56:42.589 E/DisplayDeviceConfig( 1505): requesting nits when no mapping exists.
12-31 04:56:42.589 E/DisplayDeviceConfig( 1505): requesting nits when no mapping exists.
12-31 04:56:42.590 I/am_wtf ( 1505): [0,1505,system_server,-1,DisplayDeviceConfig,requesting nits when no mapping exists.]
12-31 04:56:42.590 I/am_wtf ( 1505): [0,1505,system_server,-1,DisplayDeviceConfig,requesting nits when no mapping exists.]
12-31 04:56:42.605 E/DisplayDeviceConfig( 1505): requesting nits when no mapping exists.
12-31 04:56:42.606 E/DisplayDeviceConfig( 1505): requesting nits when no mapping exists.
12-31 04:56:42.606 I/am_wtf ( 1505): [0,1505,system_server,-1,DisplayDeviceConfig,requesting nits when no mapping exists.]
12-31 04:56:42.607 I/am_wtf ( 1505): [0,1505,system_server,-1,DisplayDeviceConfig,requesting nits when no mapping exists.]
12-31 04:56:42.622 E/DisplayDeviceConfig( 1505): requesting nits when no mapping exists.
12-31 04:56:42.622 E/DisplayDeviceConfig( 1505): requesting nits when no mapping exists.
12-31 04:56:42.623 I/am_wtf ( 1505): [0,1505,system_server,-1,DisplayDeviceConfig,requesting nits when no mapping exists.]
12-31 04:56:42.623 I/am_wtf ( 1505): [0,1505,system_server,-1,DisplayDeviceConfig,requesting nits when no mapping exists.]
12-31 04:56:42.637 I/am_uid_idle( 1505): 10085
12-31 04:56:42.640 E/DisplayDeviceConfig( 1505): requesting nits when no mapping exists.
12-31 04:56:42.640 E/DisplayDeviceConfig( 1505): requesting nits when no mapping exists.
12-31 04:56:42.640 I/am_wtf ( 1505): [0,1505,system_server,-1,DisplayDeviceConfig,requesting nits when no mapping exists.]
12-31 04:56:42.641 I/am_wtf ( 1505): [0,1505,system_server,-1,DisplayDeviceConfig,requesting nits when no mapping exists.]
12-31 04:56:42.655 E/DisplayDeviceConfig( 1505): requesting nits when no mapping exists.
12-31 04:56:42.656 E/DisplayDeviceConfig( 1505): requesting nits when no mapping exists.
12-31 04:56:42.656 I/am_wtf ( 1505): [0,1505,system_server,-1,DisplayDeviceConfig,requesting nits when no mapping exists.]
12-31 04:56:42.657 I/am_wtf ( 1505): [0,1505,system_server,-1,DisplayDeviceConfig,requesting nits when no mapping exists.]
12-31 04:56:42.672 E/DisplayDeviceConfig( 1505): requesting nits when no mapping exists.
12-31 04:56:42.673 E/DisplayDeviceConfig( 1505): requesting nits when no mapping exists.
12-31 04:56:42.673 I/am_wtf ( 1505): [0,1505,system_server,-1,DisplayDeviceConfig,requesting nits when no mapping exists.]
01-01 11:42:11.206 D/ ( 0): mv2112_read_status
01-01 11:42:11.206 D/mv2112_update_link( 0): 3.0x901(1G): 0x80
01-01 11:42:11.207 D/mv2112_update_link( 0): 3.0x8109(100M): 0x8
01-01 11:42:11.207 D/mv2112_update_link( 0): link 0x0
01-01 11:42:11.207 D/mv2112_read_status( 0): autoneg is disabled
12-31 04:56:42.673 I/am_wtf ( 1505): [0,1505,system_server,-1,DisplayDeviceConfig,requesting nits when no mapping exists.]
12-31 04:56:42.689 E/DisplayDeviceConfig( 1505): requesting nits when no mapping exists.
12-31 04:56:42.689 E/DisplayDeviceConfig( 1505): requesting nits when no mapping exists.
12-31 04:56:42.690 I/am_wtf ( 1505): [0,1505,system_server,-1,DisplayDeviceConfig,requesting nits when no mapping exists.]
12-31 04:56:42.690 I/am_wtf ( 1505): [0,1505,system_server,-1,DisplayDeviceConfig,requesting nits when no mapping exists.]
12-31 04:56:42.706 E/DisplayDeviceConfig( 1505): requesting nits when no mapping exists.
12-31 04:56:42.706 E/DisplayDeviceConfig( 1505): requesting nits when no mapping exists.
12-31 04:56:42.706 I/am_wtf ( 1505): [0,1505,system_server,-1,DisplayDeviceConfig,requesting nits when no mapping exists.]
12-31 04:56:42.707 I/am_wtf ( 1505): [0,1505,system_server,-1,DisplayDeviceConfig,requesting nits when no mapping exists.]
12-31 04:56:42.722 E/DisplayDeviceConfig( 1505): requesting nits when no mapping exists.
12-31 04:56:42.723 E/DisplayDeviceConfig( 1505): requesting nits when no mapping exists.
12-31 04:56:42.723 I/am_wtf ( 1505): [0,1505,system_server,-1,DisplayDeviceConfig,requesting nits when no mapping exists.]
12-31 04:56:42.724 I/am_wtf ( 1505): [0,1505,system_server,-1,DisplayDeviceConfig,requesting nits when no mapping exists.]
12-31 04:56:42.739 E/DisplayDeviceConfig( 1505): requesting nits when no mapping exists.
12-31 04:56:42.739 E/DisplayDeviceConfig( 1505): requesting nits when no mapping exists.
12-31 04:56:42.739 I/am_wtf ( 1505): [0,1505,system_server,-1,DisplayDeviceConfig,requesting nits when no mapping exists.]
12-31 04:56:42.740 I/am_wtf ( 1505): [0,1505,system_server,-1,DisplayDeviceConfig,requesting nits when no mapping exists.]
12-31 04:56:42.756 E/DisplayDeviceConfig( 1505): requesting nits when no mapping exists.
12-31 04:56:42.756 E/DisplayDeviceConfig( 1505): requesting nits when no mapping exists.
12-31 04:56:42.756 I/am_wtf ( 1505): [0,1505,system_server,-1,DisplayDeviceConfig,requesting nits when no mapping exists.]
12-31 04:56:42.758 I/am_wtf ( 1505): [0,1505,system_server,-1,DisplayDeviceConfig,requesting nits when no mapping exists.]
12-31 04:56:42.772 E/DisplayDeviceConfig( 1505): requesting nits when no mapping exists.
12-31 04:56:42.773 E/DisplayDeviceConfig( 1505): requesting nits when no mapping exists.
12-31 04:56:42.773 I/am_wtf ( 1505): [0,1505,system_server,-1,DisplayDeviceConfig,requesting nits when no mapping exists.]
12-31 04:56:42.774 I/am_wtf ( 1505): [0,1505,system_server,-1,DisplayDeviceConfig,requesting nits when no mapping exists.]
12-31 04:56:42.776 I/mpu_uart( 645): [MSG-P:R]:recv sync frame timeout
12-31 04:56:42.789 E/DisplayDeviceConfig( 1505): requesting nits when no mapping exists.
12-31 04:56:42.790 E/DisplayDeviceConfig( 1505): requesting nits when no mapping exists.
12-31 04:56:42.790 I/am_wtf ( 1505): [0,1505,system_server,-1,DisplayDeviceConfig,requesting nits when no mapping exists.]
12-31 04:56:42.790 I/am_wtf ( 1505): [0,1505,system_server,-1,DisplayDeviceConfig,requesting nits when no mapping exists.]
12-31 04:56:42.806 E/DisplayDeviceConfig( 1505): requesting nits when no mapping exists.
12-31 04:56:42.807 E/DisplayDeviceConfig( 1505): requesting nits when no mapping exists.
12-31 04:56:42.807 I/am_wtf ( 1505): [0,1505,system_server,-1,DisplayDeviceConfig,requesting nits when no mapping exists.]
12-31 04:56:42.808 I/am_wtf ( 1505): [0,1505,system_server,-1,DisplayDeviceConfig,requesting nits when no mapping exists.]
12-31 04:56:42.822 E/DisplayDeviceConfig( 1505): requesting nits when no mapping exists.
12-31 04:56:42.823 E/DisplayDeviceConfig( 1505): requesting nits when no mapping exists.
12-31 04:56:42.823 I/am_wtf ( 1505): [0,1505,system_server,-1,DisplayDeviceConfig,requesting nits when no mapping exists.]
12-31 04:56:42.824 I/am_wtf ( 1505): [0,1505,system_server,-1,DisplayDeviceConfig,requesting nits when no mapping exists.]
12-31 04:56:42.839 E/DisplayDeviceConfig( 1505): requesting nits when no mapping exists.
12-31 04:56:42.840 E/DisplayDeviceConfig( 1505): requesting nits when no mapping exists.
12-31 04:56:42.840 I/am_wtf ( 1505): [0,1505,system_server,-1,DisplayDeviceConfig,requesting nits when no mapping exists.]
12-31 04:56:42.841 I/am_wtf ( 1505): [0,1505,system_server,-1,DisplayDeviceConfig,requesting nits when no mapping exists.]
12-31 04:56:42.856 E/DisplayDeviceConfig( 1505): requesting nits when no mapping exists.
12-31 04:56:42.856 E/DisplayDeviceConfig( 1505): requesting nits when no mapping exists.
12-31 04:56:42.857 I/am_wtf ( 1505): [0,1505,system_server,-1,DisplayDeviceConfig,requesting nits when no mapping exists.]
12-31 04:56:42.858 I/am_wtf ( 1505): [0,1505,system_server,-1,DisplayDeviceConfig,requesting nits when no mapping exists.]
12-31 04:56:42.859 I/auditd ( 0): type=1400 audit(0.0:14963): avc: denied { kill } for comm="swapper/2" capability=5 scontext=u:r:kernel:s0 tcontext=u:r:kernel:s0 tclass=capability permissive=0
12-31 04:56:42.859 W/swapper/2( 0): type=1400 audit(0.0:14963): avc: denied { kill } for capability=5 scontext=u:r:kernel:s0 tcontext=u:r:kernel:s0 tclass=capability permissive=0
12-31 04:56:42.873 E/DisplayDeviceConfig( 1505): requesting nits when no mapping exists.
12-31 04:56:42.873 E/DisplayDeviceConfig( 1505): requesting nits when no mapping exists.
12-31 04:56:42.873 I/am_wtf ( 1505): [0,1505,system_server,-1,DisplayDeviceConfig,requesting nits when no mapping exists.]
12-31 04:56:42.874 I/am_wtf ( 1505): [0,1505,system_server,-1,DisplayDeviceConfig,requesting nits when no mapping exists.]
12-31 04:56:42.889 E/DisplayDeviceConfig( 1505): requesting nits when no mapping exists.
12-31 04:56:42.890 E/DisplayDeviceConfig( 1505): requesting nits when no mapping exists.
12-31 04:56:42.890 I/am_wtf ( 1505): [0,1505,system_server,-1,DisplayDeviceConfig,requesting nits when no mapping exists.]
12-31 04:56:42.891 I/am_wtf ( 1505): [0,1505,system_server,-1,DisplayDeviceConfig,requesting nits when no mapping exists.]
12-31 04:56:42.906 E/DisplayDeviceConfig( 1505): requesting nits when no mapping exists.
12-31 04:56:42.907 E/DisplayDeviceConfig( 1505): requesting nits when no mapping exists.
12-31 04:56:42.907 I/am_wtf ( 1505): [0,1505,system_server,-1,DisplayDeviceConfig,requesting nits when no mapping exists.]
12-31 04:56:42.907 I/am_wtf ( 1505): [0,1505,system_server,-1,DisplayDeviceConfig,requesting nits when no mapping exists.]
12-31 04:56:42.915 I/mpu_uart( 645): [MSG-P:RECV]:No message received in 1000 ms
12-31 04:56:42.923 E/DisplayDeviceConfig( 1505): requesting nits when no mapping exists.
12-31 04:56:42.923 E/DisplayDeviceConfig( 1505): requesting nits when no mapping exists.
12-31 04:56:42.923 I/am_wtf ( 1505): [0,1505,system_server,-1,DisplayDeviceConfig,requesting nits when no mapping exists.]
12-31 04:56:42.924 I/service_manager_stats( 1505): [100,54,68391]
12-31 04:56:42.924 I/am_wtf ( 1505): [0,1505,system_server,-1,DisplayDeviceConfig,requesting nits when no mapping exists.]
12-31 04:56:42.939 E/DisplayDeviceConfig( 1505): requesting nits when no mapping exists.
12-31 04:56:42.940 E/DisplayDeviceConfig( 1505): requesting nits when no mapping exists.
12-31 04:56:42.940 I/am_wtf ( 1505): [0,1505,system_server,-1,DisplayDeviceConfig,requesting nits when no mapping exists.]
12-31 04:56:42.941 I/am_wtf ( 1505): [0,1505,system_server,-1,DisplayDeviceConfig,requesting nits when no mapping exists.]
12-31 04:56:42.956 E/DisplayDeviceConfig( 1505): requesting nits when no mapping exists.
12-31 04:56:42.957 E/DisplayDeviceConfig( 1505): requesting nits when no mapping exists.
12-31 04:56:42.957 I/am_wtf ( 1505): [0,1505,system_server,-1,DisplayDeviceConfig,requesting nits when no mapping exists.]
12-31 04:56:42.958 I/am_wtf ( 1505): [0,1505,system_server,-1,DisplayDeviceConfig,requesting nits when no mapping exists.]
12-31 04:56:42.973 E/DisplayDeviceConfig( 1505): requesting nits when no mapping exists.
12-31 04:56:42.974 E/DisplayDeviceConfig( 1505): requesting nits when no mapping exists.
12-31 04:56:42.974 I/am_wtf ( 1505): [0,1505,system_server,-1,DisplayDeviceConfig,requesting nits when no mapping exists.]
12-31 04:56:42.975 I/am_wtf ( 1505): [0,1505,system_server,-1,DisplayDeviceConfig,requesting nits when no mapping exists.]
12-31 04:56:42.990 E/DisplayDeviceConfig( 1505): requesting nits when no mapping exists.
12-31 04:56:42.990 I/am_wtf ( 1505): [0,1505,system_server,-1,DisplayDeviceConfig,requesting nits when no mapping exists.]
12-31 04:56:42.990 E/DisplayDeviceConfig( 1505): requesting nits when no mapping exists.
12-31 04:56:42.991 I/am_wtf ( 1505): [0,1505,system_server,-1,DisplayDeviceConfig,requesting nits when no mapping exists.]
12-31 04:56:43.006 E/DisplayDeviceConfig( 1505): requesting nits when no mapping exists.
12-31 04:56:43.007 E/DisplayDeviceConfig( 1505): requesting nits when no mapping exists.
12-31 04:56:43.008 I/am_wtf ( 1505): [0,1505,system_server,-1,DisplayDeviceConfig,requesting nits when no mapping exists.]
12-31 04:56:43.009 I/am_wtf ( 1505): [0,1505,system_server,-1,DisplayDeviceConfig,requesting nits when no mapping exists.]
12-31 04:56:43.023 E/DisplayDeviceConfig( 1505): requesting nits when no mapping exists.
12-31 04:56:43.023 E/DisplayDeviceConfig( 1505): requesting nits when no mapping exists.
12-31 04:56:43.023 I/am_wtf ( 1505): [0,1505,system_server,-1,DisplayDeviceConfig,requesting nits when no mapping exists.]
12-31 04:56:43.024 I/am_wtf ( 1505): [0,1505,system_server,-1,DisplayDeviceConfig,requesting nits when no mapping exists.]
12-31 04:56:43.040 E/DisplayDeviceConfig( 1505): requesting nits when no mapping exists.
12-31 04:56:43.040 E/DisplayDeviceConfig( 1505): requesting nits when no mapping exists.
12-31 04:56:43.040 I/am_wtf ( 1505): [0,1505,system_server,-1,DisplayDeviceConfig,requesting nits when no mapping exists.]
12-31 04:56:43.041 I/am_wtf ( 1505): [0,1505,system_server,-1,DisplayDeviceConfig,requesting nits when no mapping exists.]
12-31 04:56:43.057 E/DisplayDeviceConfig( 1505): requesting nits when no mapping exists.
12-31 04:56:43.057 E/DisplayDeviceConfig( 1505): requesting nits when no mapping exists.
12-31 04:56:43.057 I/am_wtf ( 1505): [0,1505,system_server,-1,DisplayDeviceConfig,requesting nits when no mapping exists.]
12-31 04:56:43.058 I/am_wtf ( 1505): [0,1505,system_server,-1,DisplayDeviceConfig,requesting nits when no mapping exists.]
12-31 04:56:43.073 E/DisplayDeviceConfig( 1505): requesting nits when no mapping exists.
12-31 04:56:43.073 E/DisplayDeviceConfig( 1505): requesting nits when no mapping exists.
12-31 04:56:43.073 I/am_wtf ( 1505): [0,1505,system_server,-1,DisplayDeviceConfig,requesting nits when no mapping exists.]
12-31 04:56:43.074 I/am_wtf ( 1505): [0,1505,system_server,-1,DisplayDeviceConfig,requesting nits when no mapping exists.]
12-31 04:56:43.090 E/DisplayDeviceConfig( 1505): requesting nits when no mapping exists.
12-31 04:56:43.090 E/DisplayDeviceConfig( 1505): requesting nits when no mapping exists.
12-31 04:56:43.090 I/am_wtf ( 1505): [0,1505,system_server,-1,DisplayDeviceConfig,requesting nits when no mapping exists.]
12-31 04:56:43.092 I/am_wtf ( 1505): [0,1505,system_server,-1,DisplayDeviceConfig,requesting nits when no mapping exists.]
12-31 04:56:43.107 E/DisplayDeviceConfig( 1505): requesting nits when no mapping exists.
12-31 04:56:43.107 E/DisplayDeviceConfig( 1505): requesting nits when no mapping exists.
12-31 04:56:43.107 I/am_wtf ( 1505): [0,1505,system_server,-1,DisplayDeviceConfig,requesting nits when no mapping exists.]
12-31 04:56:43.108 I/am_wtf ( 1505): [0,1505,system_server,-1,DisplayDeviceConfig,requesting nits when no mapping exists.]
12-31 04:56:43.123 E/DisplayDeviceConfig( 1505): requesting nits when no mapping exists.
12-31 04:56:43.124 E/DisplayDeviceConfig( 1505): requesting nits when no mapping exists.
12-31 04:56:43.124 I/am_wtf ( 1505): [0,1505,system_server,-1,DisplayDeviceConfig,requesting nits when no mapping exists.]
12-31 04:56:43.125 I/am_wtf ( 1505): [0,1505,system_server,-1,DisplayDeviceConfig,requesting nits when no mapping exists.]
12-31 04:56:43.140 E/DisplayDeviceConfig( 1505): requesting nits when no mapping exists.
12-31 04:56:43.140 E/DisplayDeviceConfig( 1505): requesting nits when no mapping exists.
12-31 04:56:43.141 I/am_wtf ( 1505): [0,1505,system_server,-1,DisplayDeviceConfig,requesting nits when no mapping exists.]
12-31 04:56:43.141 I/am_wtf ( 1505): [0,1505,system_server,-1,DisplayDeviceConfig,requesting nits when no mapping exists.]
12-31 04:56:43.157 E/DisplayDeviceConfig( 1505): requesting nits when no mapping exists.
12-31 04:56:43.157 E/DisplayDeviceConfig( 1505): requesting nits when no mapping exists.
12-31 04:56:43.157 I/am_wtf ( 1505): [0,1505,system_server,-1,DisplayDeviceConfig,requesting nits when no mapping exists.]
12-31 04:56:43.158 I/am_wtf ( 1505): [0,1505,system_server,-1,DisplayDeviceConfig,requesting nits when no mapping exists.]
12-31 04:56:43.173 E/DisplayDeviceConfig( 1505): requesting nits when no mapping exists.
12-31 04:56:43.174 E/DisplayDeviceConfig( 1505): requesting nits when no mapping exists.
12-31 04:56:43.174 I/am_wtf ( 1505): [0,1505,system_server,-1,DisplayDeviceConfig,requesting nits when no mapping exists.]
12-31 04:56:43.174 I/am_wtf ( 1505): [0,1505,system_server,-1,DisplayDeviceConfig,requesting nits when no mapping exists.]
12-31 04:56:43.190 E/DisplayDeviceConfig( 1505): requesting nits when no mapping exists.
12-31 04:56:43.191 E/DisplayDeviceConfig( 1505): requesting nits when no mapping exists.
12-31 04:56:43.191 I/am_wtf ( 1505): [0,1505,system_server,-1,DisplayDeviceConfig,requesting nits when no mapping exists.]
12-31 04:56:43.192 I/am_wtf ( 1505): [0,1505,system_server,-1,DisplayDeviceConfig,requesting nits when no mapping exists.]
12-31 04:56:43.207 E/DisplayDeviceConfig( 1505): requesting nits when no mapping exists.
12-31 04:56:43.207 E/DisplayDeviceConfig( 1505): requesting nits when no mapping exists.
12-31 04:56:43.207 I/am_wtf ( 1505): [0,1505,system_server,-1,DisplayDeviceConfig,requesting nits when no mapping exists.]
12-31 04:56:43.208 I/am_wtf ( 1505): [0,1505,system_server,-1,DisplayDeviceConfig,requesting nits when no mapping exists.]
12-31 04:56:43.223 E/DisplayDeviceConfig( 1505): requesting nits when no mapping exists.
12-31 04:56:43.224 E/DisplayDeviceConfig( 1505): requesting nits when no mapping exists.
12-31 04:56:43.224 I/am_wtf ( 1505): [0,1505,system_server,-1,DisplayDeviceConfig,requesting nits when no mapping exists.]
12-31 04:56:43.225 I/am_wtf ( 1505): [0,1505,system_server,-1,DisplayDeviceConfig,requesting nits when no mapping exists.]
12-31 04:56:43.240 E/DisplayDeviceConfig( 1505): requesting nits when no mapping exists.
12-31 04:56:43.241 I/am_wtf ( 1505): [0,1505,system_server,-1,DisplayDeviceConfig,requesting nits when no mapping exists.]
12-31 04:56:43.241 E/DisplayDeviceConfig( 1505): requesting nits when no mapping exists.
12-31 04:56:43.241 I/am_wtf ( 1505): [0,1505,system_server,-1,DisplayDeviceConfig,requesting nits when no mapping exists.]
12-31 04:56:43.257 E/DisplayDeviceConfig( 1505): requesting nits when no mapping exists.
12-31 04:56:43.257 I/am_wtf ( 1505): [0,1505,system_server,-1,DisplayDeviceConfig,requesting nits when no mapping exists.]
12-31 04:56:43.257 E/DisplayDeviceConfig( 1505): requesting nits when no mapping exists.
12-31 04:56:43.258 I/am_wtf ( 1505): [0,1505,system_server,-1,DisplayDeviceConfig,requesting nits when no mapping exists.]
12-31 04:56:43.273 E/DisplayDeviceConfig( 1505): requesting nits when no mapping exists.
12-31 04:56:43.274 I/am_wtf ( 1505): [0,1505,system_server,-1,DisplayDeviceConfig,requesting nits when no mapping exists.]
12-31 04:56:43.274 E/DisplayDeviceConfig( 1505): requesting nits when no mapping exists.
12-31 04:56:43.275 I/am_wtf ( 1505): [0,1505,system_server,-1,DisplayDeviceConfig,requesting nits when no mapping exists.]
12-31 04:56:43.290 E/DisplayDeviceConfig( 1505): requesting nits when no mapping exists.
12-31 04:56:43.291 I/am_wtf ( 1505): [0,1505,system_server,-1,DisplayDeviceConfig,requesting nits when no mapping exists.]
12-31 04:56:43.291 E/DisplayDeviceConfig( 1505): requesting nits when no mapping exists.
12-31 04:56:43.291 I/am_wtf ( 1505): [0,1505,system_server,-1,DisplayDeviceConfig,requesting nits when no mapping exists.]
12-31 04:56:43.307 E/DisplayDeviceConfig( 1505): requesting nits when no mapping exists.
12-31 04:56:43.307 I/am_wtf ( 1505): [0,1505,system_server,-1,DisplayDeviceConfig,requesting nits when no mapping exists.]
12-31 04:56:43.307 E/DisplayDeviceConfig( 1505): requesting nits when no mapping exists.
12-31 04:56:43.308 I/am_wtf ( 1505): [0,1505,system_server,-1,DisplayDeviceConfig,requesting nits when no mapping exists.]
12-31 04:56:43.323 E/DisplayDeviceConfig( 1505): requesting nits when no mapping exists.
12-31 04:56:43.324 I/am_wtf ( 1505): [0,1505,system_server,-1,DisplayDeviceConfig,requesting nits when no mapping exists.]
12-31 04:56:43.324 E/DisplayDeviceConfig( 1505): requesting nits when no mapping exists.
12-31 04:56:43.325 I/am_wtf ( 1505): [0,1505,system_server,-1,DisplayDeviceConfig,requesting nits when no mapping exists.]
12-31 04:56:43.340 E/DisplayDeviceConfig( 1505): requesting nits when no mapping exists.
12-31 04:56:43.341 I/am_wtf ( 1505): [0,1505,system_server,-1,DisplayDeviceConfig,requesting nits when no mapping exists.]
12-31 04:56:43.342 E/DisplayDeviceConfig( 1505): requesting nits when no mapping exists.
12-31 04:56:43.342 I/am_wtf ( 1505): [0,1505,system_server,-1,DisplayDeviceConfig,requesting nits when no mapping exists.]
12-31 04:56:43.357 E/DisplayDeviceConfig( 1505): requesting nits when no mapping exists.
12-31 04:56:43.358 I/am_wtf ( 1505): [0,1505,system_server,-1,DisplayDeviceConfig,requesting nits when no mapping exists.]
12-31 04:56:43.358 E/DisplayDeviceConfig( 1505): requesting nits when no mapping exists.
12-31 04:56:43.359 I/am_wtf ( 1505): [0,1505,system_server,-1,DisplayDeviceConfig,requesting nits when no mapping exists.]
12-31 04:56:43.374 E/DisplayDeviceConfig( 1505): requesting nits when no mapping exists.
12-31 04:56:43.374 I/am_wtf ( 1505): [0,1505,system_server,-1,DisplayDeviceConfig,requesting nits when no mapping exists.]
12-31 04:56:43.374 E/DisplayDeviceConfig( 1505): requesting nits when no mapping exists.
12-31 04:56:43.375 I/am_wtf ( 1505): [0,1505,system_server,-1,DisplayDeviceConfig,requesting nits when no mapping exists.]
12-31 04:56:43.390 E/DisplayDeviceConfig( 1505): requesting nits when no mapping exists.
12-31 04:56:43.391 I/am_wtf ( 1505): [0,1505,system_server,-1,DisplayDeviceConfig,requesting nits when no mapping exists.]
12-31 04:56:43.391 E/DisplayDeviceConfig( 1505): requesting nits when no mapping exists.
12-31 04:56:43.392 I/am_wtf ( 1505): [0,1505,system_server,-1,DisplayDeviceConfig,requesting nits when no mapping exists.]
12-31 04:56:43.407 E/DisplayDeviceConfig( 1505): requesting nits when no mapping exists.
12-31 04:56:43.408 I/am_wtf ( 1505): [0,1505,system_server,-1,DisplayDeviceConfig,requesting nits when no mapping exists.]
12-31 04:56:43.408 E/DisplayDeviceConfig( 1505): requesting nits when no mapping exists.
12-31 04:56:43.408 I/am_wtf ( 1505): [0,1505,system_server,-1,DisplayDeviceConfig,requesting nits when no mapping exists.]
12-31 04:56:43.424 E/DisplayDeviceConfig( 1505): requesting nits when no mapping exists.
12-31 04:56:43.424 I/am_wtf ( 1505): [0,1505,system_server,-1,DisplayDeviceConfig,requesting nits when no mapping exists.]
12-31 04:56:43.424 E/DisplayDeviceConfig( 1505): requesting nits when no mapping exists.
12-31 04:56:43.425 I/am_wtf ( 1505): [0,1505,system_server,-1,DisplayDeviceConfig,requesting nits when no mapping exists.]
01-01 11:42:12.230 D/ ( 0): mv2112_read_status
01-01 11:42:12.230 D/mv2112_update_link( 0): 3.0x901(1G): 0x80
01-01 11:42:12.231 D/mv2112_update_link( 0): 3.0x8109(100M): 0x8
01-01 11:42:12.231 D/mv2112_update_link( 0): link 0x0
01-01 11:42:12.231 D/mv2112_read_status( 0): autoneg is disabled
12-31 04:56:43.859 I/auditd ( 0): type=1400 audit(0.0:14964): avc: denied { kill } for comm="swapper/2" capability=5 scontext=u:r:kernel:s0 tcontext=u:r:kernel:s0 tclass=capability permissive=0
12-31 04:56:43.859 W/swapper/2( 0): type=1400 audit(0.0:14964): avc: denied { kill } for capability=5 scontext=u:r:kernel:s0 tcontext=u:r:kernel:s0 tclass=capability permissive=0
12-31 04:56:43.915 I/mpu_uart( 645): [MSG-P:RECV]:No message received in 1000 ms
12-31 04:56:44.613 W/View ( 1996): requestLayout() improperly called by android.widget.FrameLayout{7ce9444 I.E...... ......ID 0,0-780,198 #2bc} during second layout pass: posting in next frame
12-31 04:56:44.613 W/View ( 1996): requestLayout() improperly called by com.android.systemui.statusbar.AlphaOptimizedImageView{476e623 VFED..C.. ......ID 0,0-140,198} during second layout pass: posting in next frame
12-31 04:56:44.614 W/View ( 1996): requestLayout() improperly called by android.widget.FrameLayout{ef542c I.E...... ......ID 0,0-780,198 #2bc} during second layout pass: posting in next frame
12-31 04:56:44.614 W/View ( 1996): requestLayout() improperly called by com.android.systemui.statusbar.AlphaOptimizedImageView{e8a8227 VFED..C.. ......ID 0,0-140,84} during second layout pass: posting in next frame
12-31 04:56:44.624 W/View ( 1996): requestLayout() improperly called by android.widget.FrameLayout{7ce9444 I.E...... ......ID 0,0-780,198 #2bc} during layout: running second layout pass
12-31 04:56:44.624 W/View ( 1996): requestLayout() improperly called by com.android.systemui.statusbar.AlphaOptimizedImageView{476e623 VFED..C.. ......ID 0,0-140,198} during layout: running second layout pass
12-31 04:56:44.624 W/View ( 1996): requestLayout() improperly called by android.widget.FrameLayout{ef542c I.E...... ......ID 0,0-780,198 #2bc} during layout: running second layout pass
12-31 04:56:44.624 W/View ( 1996): requestLayout() improperly called by com.android.systemui.statusbar.AlphaOptimizedImageView{e8a8227 VFED..C.. ......ID 0,0-140,84} during layout: running second layout pass
12-31 04:56:44.631 I/OpenGLRenderer( 1996): Davey! duration=9223358705998ms; Flags=0, FrameTimelineVsyncId=337266, IntendedVsync=13330855829918, Vsync=13330855829918, InputEventId=0, HandleInputStart=13330856418038, AnimationStart=13330856421163, PerformTraversalsStart=13330856425225, DrawStart=13330863712517, FrameDeadline=13330889163250, FrameInterval=13330856407777, FrameStartTime=16666666, SyncQueued=13330864306319, SyncStart=13330864444913, IssueDrawCommandsStart=13330864745017, SwapBuffers=13330866997933, FrameCompleted=9223372036854775807, DequeueBufferDuration=59219, QueueBufferDuration=1579323, GpuCompleted=9223372036854775807, SwapBuffersCompleted=13330869269496, DisplayPresentTime=0,
01-01 11:42:13.254 D/ ( 0): mv2112_read_status
01-01 11:42:13.254 D/mv2112_update_link( 0): 3.0x901(1G): 0x80
01-01 11:42:13.255 D/mv2112_update_link( 0): 3.0x8109(100M): 0x8
01-01 11:42:13.255 D/mv2112_update_link( 0): link 0x0
01-01 11:42:13.255 D/mv2112_read_status( 0): autoneg is disabled
12-31 04:56:44.859 I/auditd ( 0): type=1400 audit(0.0:14965): avc: denied { kill } for comm="swapper/2" capability=5 scontext=u:r:kernel:s0 tcontext=u:r:kernel:s0 tclass=capability permissive=0
12-31 04:56:44.859 W/swapper/2( 0): type=1400 audit(0.0:14965): avc: denied { kill } for capability=5 scontext=u:r:kernel:s0 tcontext=u:r:kernel:s0 tclass=capability permissive=0
12-31 04:56:44.916 I/mpu_uart( 645): [MSG-P:RECV]:No message received in 1000 ms
01-01 11:42:14.278 D/ ( 0): mv2112_read_status
01-01 11:42:14.278 D/mv2112_update_link( 0): 3.0x901(1G): 0x80
01-01 11:42:14.279 D/mv2112_update_link( 0): 3.0x8109(100M): 0x8
01-01 11:42:14.279 D/mv2112_update_link( 0): link 0x0
01-01 11:42:14.279 D/mv2112_read_status( 0): autoneg is disabled
12-31 04:56:45.780 I/mpu_uart( 645): [MSG-P:R]:recv sync frame timeout
