12-31 04:43:07.693 I/notification_visibility( 1505): [-1|android|26|null|1000,1,11238982,11238982,0,0]
12-31 04:43:07.693 I/sysui_multi_action( 1505): [757,128,758,1,793,12503163,794,0,795,12503163,796,32,798,1,806,android,857,USB,858,1,947,0,1395,2,1500,12502703,1688,1]
12-31 04:43:07.694 I/sysui_multi_action( 1505): [757,804,799,note_freshness,801,12503163,802,1]
12-31 04:43:07.694 I/notification_visibility( 1505): [-1|android|32|null|1000,1,12503163,12503163,0,1]
12-31 04:43:07.700 I/input_focus( 1505): [Focus leaving e6b7083 com.tencent.tmgp.sgame/com.tencent.tmgp.sgame.SGameActivity (server),reason=setFocusedWindow]
12-31 04:43:07.700 I/input_focus( 1505): [Focus entering c825af4 NotificationShade (server),reason=setFocusedWindow]
12-31 04:43:07.730 I/sysui_multi_action( 1996): [757,111,758,1]
12-31 04:43:07.731 I/sysui_multi_action( 1996): [757,126,758,1,759,126,927,0,928,1,1593,0]
12-31 04:43:07.731 I/sysui_multi_action( 1996): [757,0,758,1,759,0,927,1,928,0,1593,0]
12-31 04:43:07.731 I/sysui_multi_action( 1996): [757,0,758,1,759,0,927,2,928,0,1593,0]
12-31 04:43:07.731 I/sysui_multi_action( 1996): [757,491,758,1,759,491,927,3,928,0,1311,-1,1593,0]
12-31 04:43:07.731 I/sysui_multi_action( 1996): [757,113,758,1,759,113,927,4,928,1,1593,0]
12-31 04:43:07.731 I/sysui_multi_action( 1996): [757,0,758,1,759,0,927,5,928,0,1593,0]
12-31 04:43:07.732 I/sysui_multi_action( 1996): [757,111,758,1]
12-31 04:43:07.732 I/sysui_multi_action( 1996): [757,126,758,1,759,126,927,0,928,1,1593,0]
12-31 04:43:07.732 I/sysui_multi_action( 1996): [757,0,758,1,759,0,927,1,928,0,1593,0]
12-31 04:43:07.732 I/sysui_multi_action( 1996): [757,0,758,1,759,0,927,2,928,0,1593,0]
12-31 04:43:07.732 I/sysui_multi_action( 1996): [757,491,758,1,759,491,927,3,928,0,1311,-1,1593,0]
12-31 04:43:08.859 I/auditd ( 0): type=1400 audit(0.0:14135): avc: denied { kill } for comm="swapper/1" capability=5 scontext=u:r:kernel:s0 tcontext=u:r:kernel:s0 tclass=capability permissive=0
12-31 04:43:09.859 I/auditd ( 0): type=1400 audit(0.0:14136): avc: denied { kill } for comm="swapper/1" capability=5 scontext=u:r:kernel:s0 tcontext=u:r:kernel:s0 tclass=capability permissive=0
12-31 04:43:11.787 I/input_interaction( 1505): Interaction with: c825af4 NotificationShade (server), edge-swipe (server), swipe-up (server), PointerEventDispatcher0 (server),
12-31 04:43:11.859 I/auditd ( 0): type=1400 audit(0.0:14137): avc: denied { kill } for comm="swapper/1" capability=5 scontext=u:r:kernel:s0 tcontext=u:r:kernel:s0 tclass=capability permissive=0
12-31 04:43:12.244 I/notification_enqueue( 1505): [10081,1996,com.android.systemui,2048,NULL,0,Notification(channel=updateNotification shortcut=null contentView=null vibrate=null sound=null defaults=0x0 flags=0x0 color=0x00000000 vis=PRIVATE),1]
12-31 04:43:12.244 I/sysui_multi_action( 1996): [757,111,758,2]
12-31 04:43:12.245 I/sysui_multi_action( 1996): [757,111,758,2]
12-31 04:43:12.453 I/input_focus( 1505): [Focus request e6b7083 com.tencent.tmgp.sgame/com.tencent.tmgp.sgame.SGameActivity,reason=UpdateInputWindows]
12-31 04:43:12.458 I/sysui_multi_action( 1505): [757,128,758,2,793,11243747,794,4765,795,11243747,796,26,798,0,806,android,857,DEVELOPER_IMPORTANT,858,4,947,0,1395,2,1500,11243541,1688,1]
12-31 04:43:12.458 I/notification_visibility( 1505): [-1|android|26|null|1000,0,11243747,11243747,0,0]
12-31 04:43:12.459 I/sysui_multi_action( 1505): [757,128,758,2,793,12507929,794,4766,795,12507929,796,32,798,1,806,android,857,USB,858,1,947,0,1395,2,1500,12507469,1688,1]
12-31 04:43:12.459 I/notification_visibility( 1505): [-1|android|32|null|1000,0,12507929,12507929,0,1]
12-31 04:43:12.466 I/sysui_multi_action( 1505): [757,127,758,2]
12-31 04:43:12.466 I/notification_panel_hidden( 1505):
12-31 04:43:12.476 I/input_focus( 1505): [Focus leaving c825af4 NotificationShade (server),reason=NOT_FOCUSABLE]
12-31 04:43:12.476 I/input_focus( 1505): [Focus entering e6b7083 com.tencent.tmgp.sgame/com.tencent.tmgp.sgame.SGameActivity (server),reason=setFocusedWindow]
12-31 04:43:12.859 I/auditd ( 2763): type=1400 audit(0.0:14138): avc: denied { kill } for comm="irq/17-9091000." capability=5 scontext=u:r:kernel:s0 tcontext=u:r:kernel:s0 tclass=capability permissive=0
12-31 04:43:13.859 I/auditd ( 0): type=1400 audit(0.0:14139): avc: denied { kill } for comm="swapper/1" capability=5 scontext=u:r:kernel:s0 tcontext=u:r:kernel:s0 tclass=capability permissive=0
12-31 04:43:14.859 I/auditd ( 0): type=1400 audit(0.0:14140): avc: denied { kill } for comm="swapper/1" capability=5 scontext=u:r:kernel:s0 tcontext=u:r:kernel:s0 tclass=capability permissive=0
12-31 04:43:15.859 I/auditd ( 0): type=1400 audit(0.0:14141): avc: denied { kill } for comm="swapper/1" capability=5 scontext=u:r:kernel:s0 tcontext=u:r:kernel:s0 tclass=capability permissive=0
12-31 04:43:16.859 I/auditd ( 0): type=1400 audit(0.0:14142): avc: denied { kill } for comm="swapper/1" capability=5 scontext=u:r:kernel:s0 tcontext=u:r:kernel:s0 tclass=capability permissive=0
12-31 04:43:19.859 I/auditd ( 0): type=1400 audit(0.0:14143): avc: denied { kill } for comm="swapper/1" capability=5 scontext=u:r:kernel:s0 tcontext=u:r:kernel:s0 tclass=capability permissive=0
12-31 04:43:20.859 I/auditd ( 0): type=1400 audit(0.0:14144): avc: denied { kill } for comm="swapper/1" capability=5 scontext=u:r:kernel:s0 tcontext=u:r:kernel:s0 tclass=capability permissive=0
12-31 04:43:21.859 I/auditd ( 0): type=1400 audit(0.0:14145): avc: denied { kill } for comm="swapper/1" capability=5 scontext=u:r:kernel:s0 tcontext=u:r:kernel:s0 tclass=capability permissive=0
12-31 04:43:22.859 I/auditd ( 0): type=1400 audit(0.0:14146): avc: denied { kill } for comm="swapper/1" capability=5 scontext=u:r:kernel:s0 tcontext=u:r:kernel:s0 tclass=capability permissive=0
12-31 04:43:23.859 I/auditd ( 0): type=1400 audit(0.0:14147): avc: denied { kill } for comm="swapper/1" capability=5 scontext=u:r:kernel:s0 tcontext=u:r:kernel:s0 tclass=capability permissive=0
12-31 04:43:24.859 I/auditd ( 0): type=1400 audit(0.0:14148): avc: denied { kill } for comm="swapper/1" capability=5 scontext=u:r:kernel:s0 tcontext=u:r:kernel:s0 tclass=capability permissive=0
12-31 04:43:25.859 I/auditd ( 0): type=1400 audit(0.0:14149): avc: denied { kill } for comm="swapper/1" capability=5 scontext=u:r:kernel:s0 tcontext=u:r:kernel:s0 tclass=capability permissive=0
12-31 04:43:26.137 I/input_interaction( 1505): Interaction with: ac1d27a gamemode.floatview (server), edge-swipe (server), swipe-up (server), PointerEventDispatcher0 (server),
12-31 04:43:26.272 I/service_manager_stats( 1505): [100,57,116426]
12-31 04:43:26.859 I/auditd ( 0): type=1400 audit(0.0:14150): avc: denied { kill } for comm="swapper/1" capability=5 scontext=u:r:kernel:s0 tcontext=u:r:kernel:s0 tclass=capability permissive=0
12-31 04:43:27.372 I/input_interaction( 1505): Interaction with: da619cb gamemode.menuview (server), edge-swipe (server), swipe-up (server), PointerEventDispatcher0 (server),
12-31 04:43:27.859 I/auditd ( 0): type=1400 audit(0.0:14151): avc: denied { kill } for comm="swapper/1" capability=5 scontext=u:r:kernel:s0 tcontext=u:r:kernel:s0 tclass=capability permissive=0
12-31 04:43:28.859 I/auditd ( 0): type=1400 audit(0.0:14152): avc: denied { kill } for comm="swapper/1" capability=5 scontext=u:r:kernel:s0 tcontext=u:r:kernel:s0 tclass=capability permissive=0
12-31 04:43:29.859 I/auditd ( 0): type=1400 audit(0.0:14153): avc: denied { kill } for comm="swapper/1" capability=5 scontext=u:r:kernel:s0 tcontext=u:r:kernel:s0 tclass=capability permissive=0
12-31 04:43:30.859 I/auditd ( 0): type=1400 audit(0.0:14154): avc: denied { kill } for comm="swapper/1" capability=5 scontext=u:r:kernel:s0 tcontext=u:r:kernel:s0 tclass=capability permissive=0
12-31 04:43:31.859 I/auditd ( 0): type=1400 audit(0.0:14155): avc: denied { kill } for comm="swapper/1" capability=5 scontext=u:r:kernel:s0 tcontext=u:r:kernel:s0 tclass=capability permissive=0
12-31 04:43:34.003 I/input_interaction( 1505): Interaction with: e6b7083 com.tencent.tmgp.sgame/com.tencent.tmgp.sgame.SGameActivity (server), edge-swipe (server), swipe-up (server), PointerEventDispatcher0 (server),
12-31 04:43:34.852 I/input_interaction( 1505): Interaction with: 1c2e319 StatusBar (server), edge-swipe (server), swipe-up (server), PointerEventDispatcher0 (server),
12-31 04:43:34.856 I/sysui_multi_action( 1996): [757,803,799,panel_open,802,1]
12-31 04:43:34.857 I/sysui_multi_action( 1996): [757,1328,758,4,1326,43,1327,6,1329,0]
12-31 04:43:34.886 I/sysui_multi_action( 1505): [757,127,758,1]
12-31 04:43:34.886 I/sysui_multi_action( 1505): [757,804,799,note_load,801,2,802,1]
12-31 04:43:34.886 I/notification_panel_revealed( 1505): 2
12-31 04:43:34.901 I/input_focus( 1505): [Focus request c825af4 NotificationShade,reason=UpdateInputWindows]
12-31 04:43:34.910 I/sysui_multi_action( 1505): [757,128,758,1,793,11266199,794,0,795,11266199,796,26,798,0,806,android,857,DEVELOPER_IMPORTANT,858,4,947,0,1395,2,1500,11265993,1688,1]
12-31 04:43:34.911 I/sysui_multi_action( 1505): [757,804,799,note_freshness,801,11266199,802,1]
12-31 04:43:34.911 I/notification_visibility( 1505): [-1|android|26|null|1000,1,11266199,11266199,0,0]
12-31 04:43:34.911 I/sysui_multi_action( 1505): [757,128,758,1,793,12530381,794,0,795,12530381,796,32,798,1,806,android,857,USB,858,1,947,0,1395,2,1500,12529921,1688,1]
12-31 04:43:34.913 I/sysui_multi_action( 1505): [757,804,799,note_freshness,801,12530381,802,1]
12-31 04:43:34.913 I/notification_visibility( 1505): [-1|android|32|null|1000,1,12530381,12530381,0,1]
12-31 04:43:34.931 I/input_focus( 1505): [Focus leaving e6b7083 com.tencent.tmgp.sgame/com.tencent.tmgp.sgame.SGameActivity (server),reason=setFocusedWindow]
12-31 04:43:34.931 I/input_focus( 1505): [Focus entering c825af4 NotificationShade (server),reason=setFocusedWindow]
12-31 04:43:34.946 I/sysui_multi_action( 1996): [757,111,758,1]
12-31 04:43:34.946 I/sysui_multi_action( 1996): [757,126,758,1,759,126,927,0,928,1,1593,0]
12-31 04:43:34.946 I/sysui_multi_action( 1996): [757,0,758,1,759,0,927,1,928,0,1593,0]
12-31 04:43:34.946 I/sysui_multi_action( 1996): [757,0,758,1,759,0,927,2,928,0,1593,0]
12-31 04:43:34.947 I/sysui_multi_action( 1996): [757,491,758,1,759,491,927,3,928,0,1311,-1,1593,0]
12-31 04:43:34.947 I/sysui_multi_action( 1996): [757,113,758,1,759,113,927,4,928,1,1593,0]
12-31 04:43:34.947 I/sysui_multi_action( 1996): [757,0,758,1,759,0,927,5,928,0,1593,0]
12-31 04:43:34.948 I/sysui_multi_action( 1996): [757,111,758,1]
12-31 04:43:34.948 I/sysui_multi_action( 1996): [757,126,758,1,759,126,927,0,928,1,1593,0]
12-31 04:43:34.948 I/sysui_multi_action( 1996): [757,0,758,1,759,0,927,1,928,0,1593,0]
12-31 04:43:34.948 I/sysui_multi_action( 1996): [757,0,758,1,759,0,927,2,928,0,1593,0]
12-31 04:43:34.949 I/sysui_multi_action( 1996): [757,491,758,1,759,491,927,3,928,0,1311,-1,1593,0]
12-31 04:43:35.859 I/auditd ( 0): type=1400 audit(0.0:14156): avc: denied { kill } for comm="swapper/3" capability=5 scontext=u:r:kernel:s0 tcontext=u:r:kernel:s0 tclass=capability permissive=0
12-31 04:43:36.579 I/input_interaction( 1505): Interaction with: c825af4 NotificationShade (server), edge-swipe (server), swipe-up (server), PointerEventDispatcher0 (server),
12-31 04:43:36.859 I/auditd ( 0): type=1400 audit(0.0:14157): avc: denied { kill } for comm="swapper/3" capability=5 scontext=u:r:kernel:s0 tcontext=u:r:kernel:s0 tclass=capability permissive=0
12-31 04:43:37.020 I/sysui_multi_action( 1996): [757,111,758,2]
12-31 04:43:37.020 I/sysui_multi_action( 1996): [757,111,758,2]
12-31 04:43:37.021 I/notification_enqueue( 1505): [10081,1996,com.android.systemui,2048,NULL,0,Notification(channel=updateNotification shortcut=null contentView=null vibrate=null sound=null defaults=0x0 flags=0x0 color=0x00000000 vis=PRIVATE),1]
12-31 04:43:37.229 I/input_focus( 1505): [Focus request e6b7083 com.tencent.tmgp.sgame/com.tencent.tmgp.sgame.SGameActivity,reason=UpdateInputWindows]
12-31 04:43:37.233 I/sysui_multi_action( 1505): [757,128,758,2,793,11268522,794,2323,795,11268522,796,26,798,0,806,android,857,DEVELOPER_IMPORTANT,858,4,947,0,1395,2,1500,11268316,1688,1]
12-31 04:43:37.233 I/notification_visibility( 1505): [-1|android|26|null|1000,0,11268522,11268522,0,0]
12-31 04:43:37.235 I/sysui_multi_action( 1505): [757,128,758,2,793,12532705,794,2324,795,12532705,796,32,798,1,806,android,857,USB,858,1,947,0,1395,2,1500,12532245,1688,1]
12-31 04:43:37.235 I/notification_visibility( 1505): [-1|android|32|null|1000,0,12532705,12532705,0,1]
12-31 04:43:37.236 I/sysui_multi_action( 1505): [757,127,758,2]
12-31 04:43:37.236 I/notification_panel_hidden( 1505):
12-31 04:43:37.253 I/input_focus( 1505): [Focus leaving c825af4 NotificationShade (server),reason=NO_WINDOW]
12-31 04:43:37.253 I/input_focus( 1505): [Focus entering e6b7083 com.tencent.tmgp.sgame/com.tencent.tmgp.sgame.SGameActivity (server),reason=setFocusedWindow]
12-31 04:43:37.859 I/auditd ( 0): type=1400 audit(0.0:14158): avc: denied { kill } for comm="swapper/3" capability=5 scontext=u:r:kernel:s0 tcontext=u:r:kernel:s0 tclass=capability permissive=0
12-31 04:43:40.859 I/auditd ( 0): type=1400 audit(0.0:14159): avc: denied { kill } for comm="swapper/3" capability=5 scontext=u:r:kernel:s0 tcontext=u:r:kernel:s0 tclass=capability permissive=0
12-31 04:43:41.859 I/auditd ( 0): type=1400 audit(0.0:14160): avc: denied { kill } for comm="swapper/3" capability=5 scontext=u:r:kernel:s0 tcontext=u:r:kernel:s0 tclass=capability permissive=0
12-31 04:43:43.859 I/auditd ( 0): type=1400 audit(0.0:14161): avc: denied { kill } for comm="swapper/0" capability=5 scontext=u:r:kernel:s0 tcontext=u:r:kernel:s0 tclass=capability permissive=0
12-31 04:43:44.859 I/auditd ( 0): type=1400 audit(0.0:14162): avc: denied { kill } for comm="swapper/0" capability=5 scontext=u:r:kernel:s0 tcontext=u:r:kernel:s0 tclass=capability permissive=0
12-31 04:43:45.859 I/auditd ( 0): type=1400 audit(0.0:14163): avc: denied { kill } for comm="swapper/0" capability=5 scontext=u:r:kernel:s0 tcontext=u:r:kernel:s0 tclass=capability permissive=0
12-31 04:43:46.859 I/auditd ( 0): type=1400 audit(0.0:14164): avc: denied { kill } for comm="swapper/0" capability=5 scontext=u:r:kernel:s0 tcontext=u:r:kernel:s0 tclass=capability permissive=0
12-31 04:43:48.859 I/auditd ( 0): type=1400 audit(0.0:14165): avc: denied { kill } for comm="swapper/0" capability=5 scontext=u:r:kernel:s0 tcontext=u:r:kernel:s0 tclass=capability permissive=0
12-31 04:43:49.859 I/auditd ( 0): type=1400 audit(0.0:14166): avc: denied { kill } for comm="swapper/0" capability=5 scontext=u:r:kernel:s0 tcontext=u:r:kernel:s0 tclass=capability permissive=0
12-31 04:43:50.859 I/auditd ( 0): type=1400 audit(0.0:14167): avc: denied { kill } for comm="swapper/0" capability=5 scontext=u:r:kernel:s0 tcontext=u:r:kernel:s0 tclass=capability permissive=0
12-31 04:43:51.859 I/auditd ( 0): type=1400 audit(0.0:14168): avc: denied { kill } for comm="swapper/0" capability=5 scontext=u:r:kernel:s0 tcontext=u:r:kernel:s0 tclass=capability permissive=0
12-31 04:43:53.859 I/auditd ( 0): type=1400 audit(0.0:14169): avc: denied { kill } for comm="swapper/0" capability=5 scontext=u:r:kernel:s0 tcontext=u:r:kernel:s0 tclass=capability permissive=0
12-31 04:43:54.859 I/auditd ( 0): type=1400 audit(0.0:14170): avc: denied { kill } for comm="swapper/0" capability=5 scontext=u:r:kernel:s0 tcontext=u:r:kernel:s0 tclass=capability permissive=0
12-31 04:43:55.859 I/auditd ( 0): type=1400 audit(0.0:14171): avc: denied { kill } for comm="swapper/0" capability=5 scontext=u:r:kernel:s0 tcontext=u:r:kernel:s0 tclass=capability permissive=0
12-31 04:43:56.859 I/auditd (13952): type=1400 audit(0.0:14172): avc: denied { kill } for comm="kworker/u16:13" capability=5 scontext=u:r:kernel:s0 tcontext=u:r:kernel:s0 tclass=capability permissive=0
12-31 04:43:57.859 I/auditd ( 0): type=1400 audit(0.0:14173): avc: denied { kill } for comm="swapper/0" capability=5 scontext=u:r:kernel:s0 tcontext=u:r:kernel:s0 tclass=capability permissive=0
12-31 04:43:58.081 I/netstats_mobile_sample( 1505): [0,0,0,0,0,0,0,0,0,0,0,0,1672433038081]
12-31 04:43:58.081 I/netstats_wifi_sample( 1505): [7972333125,5580232,228717930,2301761,7972333125,5580232,228717930,2301761,7982056736,5656701,176074874,2183318,1672433038081]
12-31 04:43:58.859 I/auditd ( 0): type=1400 audit(0.0:14174): avc: denied { kill } for comm="swapper/0" capability=5 scontext=u:r:kernel:s0 tcontext=u:r:kernel:s0 tclass=capability permissive=0
12-31 04:44:02.859 I/auditd ( 0): type=1400 audit(0.0:14175): avc: denied { kill } for comm="swapper/0" capability=5 scontext=u:r:kernel:s0 tcontext=u:r:kernel:s0 tclass=capability permissive=0
12-31 04:44:03.859 I/auditd ( 0): type=1400 audit(0.0:14176): avc: denied { kill } for comm="swapper/0" capability=5 scontext=u:r:kernel:s0 tcontext=u:r:kernel:s0 tclass=capability permissive=0
12-31 04:44:05.859 I/auditd ( 0): type=1400 audit(0.0:14177): avc: denied { kill } for comm="swapper/0" capability=5 scontext=u:r:kernel:s0 tcontext=u:r:kernel:s0 tclass=capability permissive=0
12-31 04:44:06.859 I/auditd ( 0): type=1400 audit(0.0:14178): avc: denied { kill } for comm="swapper/0" capability=5 scontext=u:r:kernel:s0 tcontext=u:r:kernel:s0 tclass=capability permissive=0
12-31 04:44:08.859 I/auditd ( 0): type=1400 audit(0.0:14179): avc: denied { kill } for comm="swapper/0" capability=5 scontext=u:r:kernel:s0 tcontext=u:r:kernel:s0 tclass=capability permissive=0
12-31 04:44:09.859 I/auditd ( 0): type=1400 audit(0.0:14180): avc: denied { kill } for comm="swapper/0" capability=5 scontext=u:r:kernel:s0 tcontext=u:r:kernel:s0 tclass=capability permissive=0
12-31 04:44:10.859 I/auditd ( 718): type=1400 audit(0.0:14181): avc: denied { kill } for comm="crtc_event:125" capability=5 scontext=u:r:kernel:s0 tcontext=u:r:kernel:s0 tclass=capability permissive=0
12-31 04:44:11.859 I/auditd ( 0): type=1400 audit(0.0:14182): avc: denied { kill } for comm="swapper/0" capability=5 scontext=u:r:kernel:s0 tcontext=u:r:kernel:s0 tclass=capability permissive=0
12-31 04:44:12.859 I/auditd ( 0): type=1400 audit(0.0:14183): avc: denied { kill } for comm="swapper/0" capability=5 scontext=u:r:kernel:s0 tcontext=u:r:kernel:s0 tclass=capability permissive=0
12-31 04:44:13.859 I/auditd ( 0): type=1400 audit(0.0:14184): avc: denied { kill } for comm="swapper/0" capability=5 scontext=u:r:kernel:s0 tcontext=u:r:kernel:s0 tclass=capability permissive=0
12-31 04:44:14.859 I/auditd ( 0): type=1400 audit(0.0:14185): avc: denied { kill } for comm="swapper/0" capability=5 scontext=u:r:kernel:s0 tcontext=u:r:kernel:s0 tclass=capability permissive=0
12-31 04:44:15.859 I/auditd ( 0): type=1400 audit(0.0:14186): avc: denied { kill } for comm="swapper/0" capability=5 scontext=u:r:kernel:s0 tcontext=u:r:kernel:s0 tclass=capability permissive=0
12-31 04:44:17.859 I/auditd ( 0): type=1400 audit(0.0:14187): avc: denied { kill } for comm="swapper/1" capability=5 scontext=u:r:kernel:s0 tcontext=u:r:kernel:s0 tclass=capability permissive=0
12-31 04:44:18.859 I/auditd ( 0): type=1400 audit(0.0:14188): avc: denied { kill } for comm="swapper/1" capability=5 scontext=u:r:kernel:s0 tcontext=u:r:kernel:s0 tclass=capability permissive=0
12-31 04:44:19.859 I/auditd ( 0): type=1400 audit(0.0:14189): avc: denied { kill } for comm="swapper/1" capability=5 scontext=u:r:kernel:s0 tcontext=u:r:kernel:s0 tclass=capability permissive=0
12-31 04:44:20.859 I/auditd ( 0): type=1400 audit(0.0:14190): avc: denied { kill } for comm="swapper/1" capability=5 scontext=u:r:kernel:s0 tcontext=u:r:kernel:s0 tclass=capability permissive=0
12-31 04:44:21.859 I/auditd ( 0): type=1400 audit(0.0:14191): avc: denied { kill } for comm="swapper/1" capability=5 scontext=u:r:kernel:s0 tcontext=u:r:kernel:s0 tclass=capability permissive=0
12-31 04:44:22.859 I/auditd ( 0): type=1400 audit(0.0:14192): avc: denied { kill } for comm="swapper/1" capability=5 scontext=u:r:kernel:s0 tcontext=u:r:kernel:s0 tclass=capability permissive=0
12-31 04:44:24.859 I/auditd ( 0): type=1400 audit(0.0:14193): avc: denied { kill } for comm="swapper/1" capability=5 scontext=u:r:kernel:s0 tcontext=u:r:kernel:s0 tclass=capability permissive=0
12-31 04:44:25.859 I/auditd ( 0): type=1400 audit(0.0:14194): avc: denied { kill } for comm="swapper/1" capability=5 scontext=u:r:kernel:s0 tcontext=u:r:kernel:s0 tclass=capability permissive=0
12-31 04:44:27.859 I/auditd ( 0): type=1400 audit(0.0:14195): avc: denied { kill } for comm="swapper/1" capability=5 scontext=u:r:kernel:s0 tcontext=u:r:kernel:s0 tclass=capability permissive=0
12-31 04:44:30.859 I/auditd ( 0): type=1400 audit(0.0:14196): avc: denied { kill } for comm="swapper/3" capability=5 scontext=u:r:kernel:s0 tcontext=u:r:kernel:s0 tclass=capability permissive=0
12-31 04:44:31.859 I/auditd ( 0): type=1400 audit(0.0:14197): avc: denied { kill } for comm="swapper/3" capability=5 scontext=u:r:kernel:s0 tcontext=u:r:kernel:s0 tclass=capability permissive=0
12-31 04:44:32.398 I/am_uid_idle( 1505): 10063
12-31 04:44:32.859 I/auditd ( 0): type=1400 audit(0.0:14198): avc: denied { kill } for comm="swapper/3" capability=5 scontext=u:r:kernel:s0 tcontext=u:r:kernel:s0 tclass=capability permissive=0
12-31 04:44:33.859 I/auditd ( 0): type=1400 audit(0.0:14199): avc: denied { kill } for comm="swapper/3" capability=5 scontext=u:r:kernel:s0 tcontext=u:r:kernel:s0 tclass=capability permissive=0
12-31 04:44:33.891 I/auditd ( 566): type=1400 audit(0.0:14200): avc: denied { read } for comm="Binder:566_2" name="wakeup58" dev="sysfs" ino=71727 scontext=u:r:system_suspend:s0 tcontext=u:object_r:sysfs:s0 tclass=dir permissive=0
12-31 04:44:33.891 I/auditd ( 566): type=1400 audit(0.0:14201): avc: denied { read } for comm="Binder:566_2" name="wakeup48" dev="sysfs" ino=67141 scontext=u:r:system_suspend:s0 tcontext=u:object_r:sysfs:s0 tclass=dir permissive=0
12-31 04:44:33.891 I/auditd ( 566): type=1400 audit(0.0:14202): avc: denied { read } for comm="Binder:566_2" name="wakeup4" dev="sysfs" ino=47049 scontext=u:r:system_suspend:s0 tcontext=u:object_r:sysfs:s0 tclass=dir permissive=0
12-31 04:44:33.891 I/auditd ( 566): type=1400 audit(0.0:14203): avc: denied { read } for comm="Binder:566_2" name="wakeup28" dev="sysfs" ino=53114 scontext=u:r:system_suspend:s0 tcontext=u:object_r:sysfs:s0 tclass=dir permissive=0
12-31 04:44:33.891 I/auditd ( 566): type=1400 audit(0.0:14204): avc: denied { read } for comm="Binder:566_2" name="wakeup56" dev="sysfs" ino=71655 scontext=u:r:system_suspend:s0 tcontext=u:object_r:sysfs:s0 tclass=dir permissive=0
12-31 04:44:33.891 I/auditd ( 566): type=1400 audit(0.0:14205): avc: denied { read } for comm="Binder:566_2" name="wakeup2" dev="sysfs" ino=46573 scontext=u:r:system_suspend:s0 tcontext=u:object_r:sysfs:s0 tclass=dir permissive=0
12-31 04:44:33.891 I/auditd ( 566): type=1400 audit(0.0:14206): avc: denied { read } for comm="Binder:566_2" name="wakeup74" dev="sysfs" ino=76498 scontext=u:r:system_suspend:s0 tcontext=u:object_r:sysfs:s0 tclass=dir permissive=0
12-31 04:44:33.891 I/auditd ( 566): type=1400 audit(0.0:14207): avc: denied { read } for comm="Binder:566_2" name="wakeup36" dev="sysfs" ino=58619 scontext=u:r:system_suspend:s0 tcontext=u:object_r:sysfs:s0 tclass=dir permissive=0
12-31 04:44:33.913 I/commit_sys_config_file( 1505): [batterystats,5]
12-31 04:44:33.914 I/commit_sys_config_file( 1505): [batterystats,2]
12-31 04:44:36.859 I/auditd ( 0): type=1400 audit(0.0:14251): avc: denied { kill } for comm="swapper/3" capability=5 scontext=u:r:kernel:s0 tcontext=u:r:kernel:s0 tclass=capability permissive=0
12-31 04:44:37.859 I/auditd ( 0): type=1400 audit(0.0:14252): avc: denied { kill } for comm="swapper/3" capability=5 scontext=u:r:kernel:s0 tcontext=u:r:kernel:s0 tclass=capability permissive=0
12-31 04:44:38.859 I/auditd ( 0): type=1400 audit(0.0:14253): avc: denied { kill } for comm="swapper/3" capability=5 scontext=u:r:kernel:s0 tcontext=u:r:kernel:s0 tclass=capability permissive=0
12-31 04:44:39.859 I/auditd ( 0): type=1400 audit(0.0:14254): avc: denied { kill } for comm="swapper/3" capability=5 scontext=u:r:kernel:s0 tcontext=u:r:kernel:s0 tclass=capability permissive=0
12-31 04:44:40.859 I/auditd ( 0): type=1400 audit(0.0:14255): avc: denied { kill } for comm="swapper/3" capability=5 scontext=u:r:kernel:s0 tcontext=u:r:kernel:s0 tclass=capability permissive=0
12-31 04:44:41.859 I/auditd ( 0): type=1400 audit(0.0:14256): avc: denied { kill } for comm="swapper/3" capability=5 scontext=u:r:kernel:s0 tcontext=u:r:kernel:s0 tclass=capability permissive=0
12-31 04:44:42.859 I/auditd ( 9): type=1400 audit(0.0:14257): avc: denied { kill } for comm="ksoftirqd/0" capability=5 scontext=u:r:kernel:s0 tcontext=u:r:kernel:s0 tclass=capability permissive=0
12-31 04:44:46.859 I/auditd ( 0): type=1400 audit(0.0:14258): avc: denied { kill } for comm="swapper/1" capability=5 scontext=u:r:kernel:s0 tcontext=u:r:kernel:s0 tclass=capability permissive=0
12-31 04:44:47.859 I/auditd ( 0): type=1400 audit(0.0:14259): avc: denied { kill } for comm="swapper/1" capability=5 scontext=u:r:kernel:s0 tcontext=u:r:kernel:s0 tclass=capability permissive=0
12-31 04:44:49.426 I/am_pss ( 1505): [16493,10096,com.tencent.tmgp.sgame,826934272,794746880,53248,975441920,0,2,53]
12-31 04:44:53.775 I/auditd ( 499): type=1401 audit(0.0:14260): op=security_compute_sid invalid_context=u:r:np_thundercomm_tlog_pstore:s0 scontext=u:r:init:s0 tcontext=u:object_r:np_thundercomm_tlog_pstore_exec:s0 tclass=process
12-31 04:44:53.859 I/auditd ( 0): type=1400 audit(0.0:14261): avc: denied { kill } for comm="swapper/2" capability=5 scontext=u:r:kernel:s0 tcontext=u:r:kernel:s0 tclass=capability permissive=0
12-31 04:44:54.859 I/auditd ( 0): type=1400 audit(0.0:14262): avc: denied { kill } for comm="swapper/2" capability=5 scontext=u:r:kernel:s0 tcontext=u:r:kernel:s0 tclass=capability permissive=0
12-31 04:44:55.765 I/storage_state( 1505): [41217664-9172-527a-b3d5-edabb50a7d69,0,0,105687961600,118610538496]
12-31 04:44:55.859 I/auditd ( 0): type=1400 audit(0.0:14263): avc: denied { kill } for comm="swapper/2" capability=5 scontext=u:r:kernel:s0 tcontext=u:r:kernel:s0 tclass=capability permissive=0
12-31 04:44:57.859 I/auditd ( 0): type=1400 audit(0.0:14264): avc: denied { kill } for comm="swapper/2" capability=5 scontext=u:r:kernel:s0 tcontext=u:r:kernel:s0 tclass=capability permissive=0
12-31 04:44:58.859 I/auditd ( 0): type=1400 audit(0.0:14265): avc: denied { kill } for comm="swapper/2" capability=5 scontext=u:r:kernel:s0 tcontext=u:r:kernel:s0 tclass=capability permissive=0
12-31 04:44:59.859 I/auditd ( 0): type=1400 audit(0.0:14266): avc: denied { kill } for comm="swapper/2" capability=5 scontext=u:r:kernel:s0 tcontext=u:r:kernel:s0 tclass=capability permissive=0
12-31 04:45:00.859 I/auditd ( 0): type=1400 audit(0.0:14267): avc: denied { kill } for comm="swapper/2" capability=5 scontext=u:r:kernel:s0 tcontext=u:r:kernel:s0 tclass=capability permissive=0
12-31 04:45:01.859 I/auditd ( 0): type=1400 audit(0.0:14268): avc: denied { kill } for comm="swapper/2" capability=5 scontext=u:r:kernel:s0 tcontext=u:r:kernel:s0 tclass=capability permissive=0
12-31 04:45:02.638 I/commit_sys_config_file( 1505): [procstats,6]
12-31 04:45:02.644 I/netstats_mobile_sample( 1505): [0,0,0,0,0,0,0,0,0,0,0,0,1672433102644]
12-31 04:45:02.644 I/netstats_wifi_sample( 1505): [7972695165,5581067,229436459,2303386,7972695165,5581067,229436459,2303386,7982480696,5657934,176434719,2184142,1672433102644]
12-31 04:45:02.859 I/auditd ( 0): type=1400 audit(0.0:14269): avc: denied { kill } for comm="swapper/2" capability=5 scontext=u:r:kernel:s0 tcontext=u:r:kernel:s0 tclass=capability permissive=0
12-31 04:45:03.859 I/auditd ( 0): type=1400 audit(0.0:14270): avc: denied { kill } for comm="swapper/2" capability=5 scontext=u:r:kernel:s0 tcontext=u:r:kernel:s0 tclass=capability permissive=0
12-31 04:45:04.859 I/auditd ( 0): type=1400 audit(0.0:14271): avc: denied { kill } for comm="swapper/2" capability=5 scontext=u:r:kernel:s0 tcontext=u:r:kernel:s0 tclass=capability permissive=0
12-31 04:45:05.859 I/auditd ( 0): type=1400 audit(0.0:14272): avc: denied { kill } for comm="swapper/2" capability=5 scontext=u:r:kernel:s0 tcontext=u:r:kernel:s0 tclass=capability permissive=0
12-31 04:45:06.859 I/auditd ( 0): type=1400 audit(0.0:14273): avc: denied { kill } for comm="swapper/2" capability=5 scontext=u:r:kernel:s0 tcontext=u:r:kernel:s0 tclass=capability permissive=0
12-31 04:45:07.859 I/auditd ( 0): type=1400 audit(0.0:14274): avc: denied { kill } for comm="swapper/2" capability=5 scontext=u:r:kernel:s0 tcontext=u:r:kernel:s0 tclass=capability permissive=0
12-31 04:45:08.859 I/auditd ( 0): type=1400 audit(0.0:14275): avc: denied { kill } for comm="swapper/2" capability=5 scontext=u:r:kernel:s0 tcontext=u:r:kernel:s0 tclass=capability permissive=0
12-31 04:45:09.859 I/auditd ( 0): type=1400 audit(0.0:14276): avc: denied { kill } for comm="swapper/2" capability=5 scontext=u:r:kernel:s0 tcontext=u:r:kernel:s0 tclass=capability permissive=0
12-31 04:45:10.859 I/auditd ( 0): type=1400 audit(0.0:14277): avc: denied { kill } for comm="swapper/2" capability=5 scontext=u:r:kernel:s0 tcontext=u:r:kernel:s0 tclass=capability permissive=0
12-31 04:45:11.859 I/auditd ( 0): type=1400 audit(0.0:14278): avc: denied { kill } for comm="swapper/2" capability=5 scontext=u:r:kernel:s0 tcontext=u:r:kernel:s0 tclass=capability permissive=0
12-31 04:45:12.859 I/auditd ( 0): type=1400 audit(0.0:14279): avc: denied { kill } for comm="swapper/2" capability=5 scontext=u:r:kernel:s0 tcontext=u:r:kernel:s0 tclass=capability permissive=0
12-31 04:45:13.859 I/auditd ( 0): type=1400 audit(0.0:14280): avc: denied { kill } for comm="swapper/2" capability=5 scontext=u:r:kernel:s0 tcontext=u:r:kernel:s0 tclass=capability permissive=0
12-31 04:45:14.859 I/auditd ( 0): type=1400 audit(0.0:14281): avc: denied { kill } for comm="swapper/2" capability=5 scontext=u:r:kernel:s0 tcontext=u:r:kernel:s0 tclass=capability permissive=0
12-31 04:45:16.859 I/auditd ( 0): type=1400 audit(0.0:14282): avc: denied { kill } for comm="swapper/1" capability=5 scontext=u:r:kernel:s0 tcontext=u:r:kernel:s0 tclass=capability permissive=0
12-31 04:45:18.859 I/auditd ( 0): type=1400 audit(0.0:14283): avc: denied { kill } for comm="swapper/1" capability=5 scontext=u:r:kernel:s0 tcontext=u:r:kernel:s0 tclass=capability permissive=0
12-31 04:45:20.859 I/auditd ( 0): type=1400 audit(0.0:14284): avc: denied { kill } for comm="swapper/1" capability=5 scontext=u:r:kernel:s0 tcontext=u:r:kernel:s0 tclass=capability permissive=0
12-31 04:45:21.859 I/auditd ( 0): type=1400 audit(0.0:14285): avc: denied { kill } for comm="swapper/1" capability=5 scontext=u:r:kernel:s0 tcontext=u:r:kernel:s0 tclass=capability permissive=0
12-31 04:45:22.859 I/auditd ( 0): type=1400 audit(0.0:14286): avc: denied { kill } for comm="swapper/1" capability=5 scontext=u:r:kernel:s0 tcontext=u:r:kernel:s0 tclass=capability permissive=0
12-31 04:45:24.859 I/auditd ( 0): type=1400 audit(0.0:14287): avc: denied { kill } for comm="swapper/1" capability=5 scontext=u:r:kernel:s0 tcontext=u:r:kernel:s0 tclass=capability permissive=0
12-31 04:45:25.859 I/auditd ( 0): type=1400 audit(0.0:14288): avc: denied { kill } for comm="swapper/1" capability=5 scontext=u:r:kernel:s0 tcontext=u:r:kernel:s0 tclass=capability permissive=0
12-31 04:45:26.859 I/auditd ( 0): type=1400 audit(0.0:14289): avc: denied { kill } for comm="swapper/1" capability=5 scontext=u:r:kernel:s0 tcontext=u:r:kernel:s0 tclass=capability permissive=0
12-31 04:45:27.859 I/auditd ( 0): type=1400 audit(0.0:14290): avc: denied { kill } for comm="swapper/1" capability=5 scontext=u:r:kernel:s0 tcontext=u:r:kernel:s0 tclass=capability permissive=0
12-31 04:45:29.859 I/auditd ( 0): type=1400 audit(0.0:14291): avc: denied { kill } for comm="swapper/0" capability=5 scontext=u:r:kernel:s0 tcontext=u:r:kernel:s0 tclass=capability permissive=0
12-31 04:45:30.859 I/auditd ( 0): type=1400 audit(0.0:14292): avc: denied { kill } for comm="swapper/0" capability=5 scontext=u:r:kernel:s0 tcontext=u:r:kernel:s0 tclass=capability permissive=0
12-31 04:45:31.859 I/auditd ( 0): type=1400 audit(0.0:14293): avc: denied { kill } for comm="swapper/0" capability=5 scontext=u:r:kernel:s0 tcontext=u:r:kernel:s0 tclass=capability permissive=0
12-31 04:45:32.859 I/auditd ( 0): type=1400 audit(0.0:14294): avc: denied { kill } for comm="swapper/0" capability=5 scontext=u:r:kernel:s0 tcontext=u:r:kernel:s0 tclass=capability permissive=0
12-31 04:45:33.859 I/auditd ( 0): type=1400 audit(0.0:14295): avc: denied { kill } for comm="swapper/0" capability=5 scontext=u:r:kernel:s0 tcontext=u:r:kernel:s0 tclass=capability permissive=0
12-31 04:45:34.859 I/auditd ( 0): type=1400 audit(0.0:14296): avc: denied { kill } for comm="swapper/0" capability=5 scontext=u:r:kernel:s0 tcontext=u:r:kernel:s0 tclass=capability permissive=0
12-31 04:45:36.859 I/auditd ( 0): type=1400 audit(0.0:14297): avc: denied { kill } for comm="swapper/0" capability=5 scontext=u:r:kernel:s0 tcontext=u:r:kernel:s0 tclass=capability permissive=0
12-31 04:45:37.859 I/auditd ( 0): type=1400 audit(0.0:14298): avc: denied { kill } for comm="swapper/0" capability=5 scontext=u:r:kernel:s0 tcontext=u:r:kernel:s0 tclass=capability permissive=0
12-31 04:45:38.859 I/auditd ( 0): type=1400 audit(0.0:14299): avc: denied { kill } for comm="swapper/0" capability=5 scontext=u:r:kernel:s0 tcontext=u:r:kernel:s0 tclass=capability permissive=0
12-31 04:45:40.859 I/auditd (13134): type=1400 audit(0.0:14300): avc: denied { kill } for comm="kworker/u16:7" capability=5 scontext=u:r:kernel:s0 tcontext=u:r:kernel:s0 tclass=capability permissive=0
12-31 04:45:41.859 I/auditd ( 0): type=1400 audit(0.0:14301): avc: denied { kill } for comm="swapper/0" capability=5 scontext=u:r:kernel:s0 tcontext=u:r:kernel:s0 tclass=capability permissive=0
12-31 04:45:42.859 I/auditd ( 0): type=1400 audit(0.0:14302): avc: denied { kill } for comm="swapper/0" capability=5 scontext=u:r:kernel:s0 tcontext=u:r:kernel:s0 tclass=capability permissive=0
12-31 04:45:43.859 I/auditd ( 0): type=1400 audit(0.0:14303): avc: denied { kill } for comm="swapper/0" capability=5 scontext=u:r:kernel:s0 tcontext=u:r:kernel:s0 tclass=capability permissive=0
12-31 04:45:44.859 I/auditd ( 0): type=1400 audit(0.0:14304): avc: denied { kill } for comm="swapper/0" capability=5 scontext=u:r:kernel:s0 tcontext=u:r:kernel:s0 tclass=capability permissive=0
12-31 04:45:45.859 I/auditd ( 0): type=1400 audit(0.0:14305): avc: denied { kill } for comm="swapper/0" capability=5 scontext=u:r:kernel:s0 tcontext=u:r:kernel:s0 tclass=capability permissive=0
12-31 04:45:46.859 I/auditd ( 0): type=1400 audit(0.0:14306): avc: denied { kill } for comm="swapper/0" capability=5 scontext=u:r:kernel:s0 tcontext=u:r:kernel:s0 tclass=capability permissive=0
12-31 04:45:47.859 I/auditd ( 0): type=1400 audit(0.0:14307): avc: denied { kill } for comm="swapper/0" capability=5 scontext=u:r:kernel:s0 tcontext=u:r:kernel:s0 tclass=capability permissive=0
12-31 04:45:48.859 I/auditd ( 0): type=1400 audit(0.0:14308): avc: denied { kill } for comm="swapper/0" capability=5 scontext=u:r:kernel:s0 tcontext=u:r:kernel:s0 tclass=capability permissive=0
12-31 04:45:49.859 I/auditd ( 0): type=1400 audit(0.0:14309): avc: denied { kill } for comm="swapper/0" capability=5 scontext=u:r:kernel:s0 tcontext=u:r:kernel:s0 tclass=capability permissive=0
12-31 04:45:50.859 I/auditd ( 0): type=1400 audit(0.0:14310): avc: denied { kill } for comm="swapper/0" capability=5 scontext=u:r:kernel:s0 tcontext=u:r:kernel:s0 tclass=capability permissive=0
12-31 04:45:52.859 I/auditd ( 0): type=1400 audit(0.0:14311): avc: denied { kill } for comm="swapper/0" capability=5 scontext=u:r:kernel:s0 tcontext=u:r:kernel:s0 tclass=capability permissive=0
12-31 04:45:54.859 I/auditd ( 287): type=1400 audit(0.0:14312): avc: denied { kill } for comm="kgsl_worker_thr" capability=5 scontext=u:r:kernel:s0 tcontext=u:r:kernel:s0 tclass=capability permissive=0
12-31 04:45:55.859 I/auditd ( 0): type=1400 audit(0.0:14313): avc: denied { kill } for comm="swapper/0" capability=5 scontext=u:r:kernel:s0 tcontext=u:r:kernel:s0 tclass=capability permissive=0
12-31 04:45:55.864 I/storage_state( 1505): [41217664-9172-527a-b3d5-edabb50a7d69,0,0,105871486976,118610538496]
12-31 04:45:56.859 I/auditd ( 0): type=1400 audit(0.0:14314): avc: denied { kill } for comm="swapper/0" capability=5 scontext=u:r:kernel:s0 tcontext=u:r:kernel:s0 tclass=capability permissive=0
12-31 04:45:57.859 I/auditd ( 0): type=1400 audit(0.0:14315): avc: denied { kill } for comm="swapper/0" capability=5 scontext=u:r:kernel:s0 tcontext=u:r:kernel:s0 tclass=capability permissive=0
12-31 04:45:58.859 I/auditd ( 0): type=1400 audit(0.0:14316): avc: denied { kill } for comm="swapper/0" capability=5 scontext=u:r:kernel:s0 tcontext=u:r:kernel:s0 tclass=capability permissive=0
12-31 04:46:01.859 I/auditd ( 0): type=1400 audit(0.0:14317): avc: denied { kill } for comm="swapper/2" capability=5 scontext=u:r:kernel:s0 tcontext=u:r:kernel:s0 tclass=capability permissive=0
12-31 04:46:02.859 I/auditd ( 0): type=1400 audit(0.0:14318): avc: denied { kill } for comm="swapper/2" capability=5 scontext=u:r:kernel:s0 tcontext=u:r:kernel:s0 tclass=capability permissive=0
12-31 04:46:03.859 I/auditd ( 0): type=1400 audit(0.0:14319): avc: denied { kill } for comm="swapper/2" capability=5 scontext=u:r:kernel:s0 tcontext=u:r:kernel:s0 tclass=capability permissive=0
12-31 04:46:04.859 I/auditd ( 0): type=1400 audit(0.0:14320): avc: denied { kill } for comm="swapper/2" capability=5 scontext=u:r:kernel:s0 tcontext=u:r:kernel:s0 tclass=capability permissive=0
12-31 04:46:06.859 I/auditd ( 0): type=1400 audit(0.0:14321): avc: denied { kill } for comm="swapper/3" capability=5 scontext=u:r:kernel:s0 tcontext=u:r:kernel:s0 tclass=capability permissive=0
12-31 04:46:08.859 I/auditd ( 0): type=1400 audit(0.0:14322): avc: denied { kill } for comm="swapper/3" capability=5 scontext=u:r:kernel:s0 tcontext=u:r:kernel:s0 tclass=capability permissive=0
12-31 04:46:09.859 I/auditd ( 0): type=1400 audit(0.0:14323): avc: denied { kill } for comm="swapper/3" capability=5 scontext=u:r:kernel:s0 tcontext=u:r:kernel:s0 tclass=capability permissive=0
12-31 04:46:13.859 I/auditd ( 0): type=1400 audit(0.0:14324): avc: denied { kill } for comm="swapper/3" capability=5 scontext=u:r:kernel:s0 tcontext=u:r:kernel:s0 tclass=capability permissive=0
12-31 04:46:14.859 I/auditd ( 0): type=1400 audit(0.0:14325): avc: denied { kill } for comm="swapper/3" capability=5 scontext=u:r:kernel:s0 tcontext=u:r:kernel:s0 tclass=capability permissive=0
12-31 04:46:15.859 I/auditd ( 0): type=1400 audit(0.0:14326): avc: denied { kill } for comm="swapper/3" capability=5 scontext=u:r:kernel:s0 tcontext=u:r:kernel:s0 tclass=capability permissive=0
12-31 04:46:16.859 I/auditd ( 0): type=1400 audit(0.0:14327): avc: denied { kill } for comm="swapper/3" capability=5 scontext=u:r:kernel:s0 tcontext=u:r:kernel:s0 tclass=capability permissive=0
12-31 04:46:17.859 I/auditd ( 0): type=1400 audit(0.0:14328): avc: denied { kill } for comm="swapper/3" capability=5 scontext=u:r:kernel:s0 tcontext=u:r:kernel:s0 tclass=capability permissive=0
12-31 04:46:20.859 I/auditd ( 0): type=1400 audit(0.0:14329): avc: denied { kill } for comm="swapper/3" capability=5 scontext=u:r:kernel:s0 tcontext=u:r:kernel:s0 tclass=capability permissive=0
12-31 04:46:21.859 I/auditd ( 0): type=1400 audit(0.0:14330): avc: denied { kill } for comm="swapper/3" capability=5 scontext=u:r:kernel:s0 tcontext=u:r:kernel:s0 tclass=capability permissive=0
12-31 04:46:22.859 I/auditd ( 0): type=1400 audit(0.0:14331): avc: denied { kill } for comm="swapper/3" capability=5 scontext=u:r:kernel:s0 tcontext=u:r:kernel:s0 tclass=capability permissive=0
12-31 04:46:23.859 I/auditd ( 0): type=1400 audit(0.0:14332): avc: denied { kill } for comm="swapper/3" capability=5 scontext=u:r:kernel:s0 tcontext=u:r:kernel:s0 tclass=capability permissive=0
12-31 04:46:24.859 I/auditd ( 0): type=1400 audit(0.0:14333): avc: denied { kill } for comm="swapper/3" capability=5 scontext=u:r:kernel:s0 tcontext=u:r:kernel:s0 tclass=capability permissive=0
12-31 04:46:27.859 I/auditd ( 0): type=1400 audit(0.0:14334): avc: denied { kill } for comm="swapper/1" capability=5 scontext=u:r:kernel:s0 tcontext=u:r:kernel:s0 tclass=capability permissive=0
12-31 04:46:28.859 I/auditd ( 0): type=1400 audit(0.0:14335): avc: denied { kill } for comm="swapper/1" capability=5 scontext=u:r:kernel:s0 tcontext=u:r:kernel:s0 tclass=capability permissive=0
12-31 04:46:29.859 I/auditd ( 0): type=1400 audit(0.0:14336): avc: denied { kill } for comm="swapper/1" capability=5 scontext=u:r:kernel:s0 tcontext=u:r:kernel:s0 tclass=capability permissive=0
12-31 04:46:30.859 I/auditd ( 0): type=1400 audit(0.0:14337): avc: denied { kill } for comm="swapper/1" capability=5 scontext=u:r:kernel:s0 tcontext=u:r:kernel:s0 tclass=capability permissive=0
12-31 04:46:31.859 I/auditd ( 0): type=1400 audit(0.0:14338): avc: denied { kill } for comm="swapper/1" capability=5 scontext=u:r:kernel:s0 tcontext=u:r:kernel:s0 tclass=capability permissive=0
12-31 04:46:32.859 I/auditd ( 0): type=1400 audit(0.0:14339): avc: denied { kill } for comm="swapper/1" capability=5 scontext=u:r:kernel:s0 tcontext=u:r:kernel:s0 tclass=capability permissive=0
12-31 04:46:33.859 I/auditd ( 0): type=1400 audit(0.0:14340): avc: denied { kill } for comm="swapper/1" capability=5 scontext=u:r:kernel:s0 tcontext=u:r:kernel:s0 tclass=capability permissive=0
12-31 04:46:34.467 I/am_pss ( 1505): [16493,10096,com.tencent.tmgp.sgame,829137920,796917760,53248,977678336,0,2,49]
12-31 04:46:34.474 I/am_pss ( 1505): [16526,10096,com.tencent.tmgp.sgame:xg_vip_service,19874816,10240000,61440,115597312,0,3,6]
12-31 04:46:36.859 I/auditd ( 0): type=1400 audit(0.0:14341): avc: denied { kill } for comm="swapper/3" capability=5 scontext=u:r:kernel:s0 tcontext=u:r:kernel:s0 tclass=capability permissive=0
12-31 04:46:38.859 I/auditd ( 0): type=1400 audit(0.0:14342): avc: denied { kill } for comm="swapper/3" capability=5 scontext=u:r:kernel:s0 tcontext=u:r:kernel:s0 tclass=capability permissive=0
12-31 04:46:39.859 I/auditd ( 0): type=1400 audit(0.0:14343): avc: denied { kill } for comm="swapper/3" capability=5 scontext=u:r:kernel:s0 tcontext=u:r:kernel:s0 tclass=capability permissive=0
12-31 04:46:41.859 I/auditd ( 0): type=1400 audit(0.0:14344): avc: denied { kill } for comm="swapper/1" capability=5 scontext=u:r:kernel:s0 tcontext=u:r:kernel:s0 tclass=capability permissive=0
12-31 04:46:43.859 I/auditd ( 0): type=1400 audit(0.0:14345): avc: denied { kill } for comm="swapper/1" capability=5 scontext=u:r:kernel:s0 tcontext=u:r:kernel:s0 tclass=capability permissive=0
12-31 04:46:45.859 I/auditd ( 0): type=1400 audit(0.0:14346): avc: denied { kill } for comm="swapper/2" capability=5 scontext=u:r:kernel:s0 tcontext=u:r:kernel:s0 tclass=capability permissive=0
12-31 04:46:46.859 I/auditd ( 0): type=1400 audit(0.0:14347): avc: denied { kill } for comm="swapper/2" capability=5 scontext=u:r:kernel:s0 tcontext=u:r:kernel:s0 tclass=capability permissive=0
12-31 04:46:48.859 I/auditd ( 0): type=1400 audit(0.0:14348): avc: denied { kill } for comm="swapper/2" capability=5 scontext=u:r:kernel:s0 tcontext=u:r:kernel:s0 tclass=capability permissive=0
12-31 04:46:49.859 I/auditd ( 0): type=1400 audit(0.0:14349): avc: denied { kill } for comm="swapper/2" capability=5 scontext=u:r:kernel:s0 tcontext=u:r:kernel:s0 tclass=capability permissive=0
12-31 04:46:50.859 I/auditd ( 0): type=1400 audit(0.0:14350): avc: denied { kill } for comm="swapper/2" capability=5 scontext=u:r:kernel:s0 tcontext=u:r:kernel:s0 tclass=capability permissive=0
12-31 04:46:53.859 I/auditd ( 0): type=1400 audit(0.0:14351): avc: denied { kill } for comm="swapper/2" capability=5 scontext=u:r:kernel:s0 tcontext=u:r:kernel:s0 tclass=capability permissive=0
12-31 04:46:54.859 I/auditd ( 0): type=1400 audit(0.0:14352): avc: denied { kill } for comm="swapper/2" capability=5 scontext=u:r:kernel:s0 tcontext=u:r:kernel:s0 tclass=capability permissive=0
12-31 04:46:55.683 I/input_interaction( 1505): Interaction with: e6b7083 com.tencent.tmgp.sgame/com.tencent.tmgp.sgame.SGameActivity (server), edge-swipe (server), swipe-up (server), PointerEventDispatcher0 (server),
12-31 04:46:55.859 I/auditd ( 0): type=1400 audit(0.0:14353): avc: denied { kill } for comm="swapper/2" capability=5 scontext=u:r:kernel:s0 tcontext=u:r:kernel:s0 tclass=capability permissive=0
12-31 04:46:56.351 I/wm_task_moved( 1505): [1,0,0]
12-31 04:46:56.352 I/wm_task_moved( 1505): [1,0,6]
12-31 04:46:56.363 I/wm_on_restart_called( 2581): [83241864,com.android.launcher3.uioverrides.QuickstepLauncher,performRestartActivity]
12-31 04:46:56.374 I/am_uid_active( 1505): 10063
12-31 04:46:56.394 I/wm_on_start_called( 2581): [83241864,com.android.launcher3.uioverrides.QuickstepLauncher,handleStartActivity]
12-31 04:46:56.418 I/view_enqueue_input_event(16493): [Motion - Cancel,com.tencent.tmgp.sgame/com.tencent.tmgp.sgame.SGameActivity]
12-31 04:46:56.420 I/sysui_latency( 2581): [1,83]
12-31 04:46:56.421 I/input_focus( 1505): [Focus request recents_animation_input_consumer,reason=UpdateInputWindows]
12-31 04:46:56.422 I/input_interaction( 1505): Interaction with: edge-swipe (server), swipe-up (server), PointerEventDispatcher0 (server),
12-31 04:46:56.431 I/input_focus( 1505): [Focus leaving e6b7083 com.tencent.tmgp.sgame/com.tencent.tmgp.sgame.SGameActivity (server),reason=NOT_FOCUSABLE]
12-31 04:46:56.431 I/input_focus( 1505): [Focus entering recents_animation_input_consumer (server),reason=setFocusedWindow]
12-31 04:46:56.431 I/sysui_multi_action( 1505): [319,8,322,71,325,12742,757,761,758,9,759,5,806,com.android.launcher3,871,com.android.launcher3.uioverrides.QuickstepLauncher,905,0,1320,8,1321,5]
12-31 04:46:56.599 I/commit_sys_config_file( 1505): [settings-1-0,7]
12-31 04:46:56.724 I/sysui_latency( 1505): [8,88]
12-31 04:46:57.126 I/input_interaction( 1505): Interaction with: recents_animation_input_consumer (server), edge-swipe (server), swipe-up (server), PointerEventDispatcher0 (server),
12-31 04:46:57.157 I/wm_task_moved( 1505): [1,1,7]
12-31 04:46:57.160 I/wm_task_moved( 1505): [9,1,2147483647]
12-31 04:46:57.160 I/wm_task_to_front( 1505): [0,9]
12-31 04:46:57.160 I/wm_focused_root_task( 1505): [0,0,1,46,RecentsAnimation.onAnimationFinished()]
12-31 04:46:57.160 I/wm_on_top_resumed_lost_called(16493): [169576308,com.tencent.tmgp.sgame.SGameActivity,topStateChangedWhenResumed]
12-31 04:46:57.160 I/wm_set_resumed_activity( 1505): [0,com.android.launcher3/.uioverrides.QuickstepLauncher,RecentsAnimation.onAnimationFinished()]
12-31 04:46:57.161 I/wm_pause_activity( 1505): [0,169576308,com.tencent.tmgp.sgame/.SGameActivity,userLeaving=true,pauseBackTasks]
12-31 04:46:57.163 I/wm_add_to_stopping( 1505): [0,169576308,com.tencent.tmgp.sgame/.SGameActivity,makeInvisible]
12-31 04:46:57.164 I/wm_set_resumed_activity( 1505): [0,com.android.launcher3/.uioverrides.QuickstepLauncher,resumeTopActivityInnerLocked]
12-31 04:46:57.165 I/wm_resume_activity( 1505): [0,83241864,9,com.android.launcher3/.uioverrides.QuickstepLauncher]
12-31 04:46:57.168 I/wm_on_resume_called( 2581): [83241864,com.android.launcher3.uioverrides.QuickstepLauncher,RESUME_ACTIVITY]
12-31 04:46:57.174 I/input_focus( 1505): [Focus request 5f64dd7 com.android.launcher3/com.android.launcher3.uioverrides.QuickstepLauncher,reason=UpdateInputWindows]
12-31 04:46:57.177 I/wm_stop_activity( 1505): [0,169576308,com.tencent.tmgp.sgame/.SGameActivity]
12-31 04:46:57.177 I/sysui_multi_action( 1505): [757,803,799,window_time_0,802,308]
12-31 04:46:57.178 I/sysui_multi_action( 1505): [757,803,799,window_time_0,802,0]
12-31 04:46:57.181 I/wm_on_top_resumed_gained_called( 2581): [83241864,com.android.launcher3.uioverrides.QuickstepLauncher,topStateChangedWhenResumed]
12-31 04:46:57.183 I/input_focus( 1505): [Focus leaving recents_animation_input_consumer (server),reason=NOT_VISIBLE]
12-31 04:46:57.183 I/input_focus( 1505): [Focus entering 5f64dd7 com.android.launcher3/com.android.launcher3.uioverrides.QuickstepLauncher (server),reason=setFocusedWindow]
12-31 04:46:57.216 I/am_pss ( 1505): [16465,10089,com.android.music,7863296,4771840,61440,88158208,0,19,6]
12-31 04:46:57.273 I/input_interaction( 1505): Interaction with: edge-swipe (server), swipe-up (server), PointerEventDispatcher0 (server),
12-31 04:46:57.455 I/commit_sys_config_file( 1505): [settings-1-0,5]
12-31 04:46:57.644 I/wm_on_paused_called(16493): [169576308,com.tencent.tmgp.sgame.SGameActivity,performPause]
12-31 04:46:57.648 I/wm_on_stop_called(16493): [169576308,com.tencent.tmgp.sgame.SGameActivity,STOP_ACTIVITY_ITEM]
12-31 04:46:57.859 I/auditd ( 0): type=1400 audit(0.0:14354): avc: denied { kill } for comm="swapper/2" capability=5 scontext=u:r:kernel:s0 tcontext=u:r:kernel:s0 tclass=capability permissive=0
12-31 04:46:57.879 I/commit_sys_config_file( 1505): [settings-1-0,3]
12-31 04:46:58.495 I/input_interaction( 1505): Interaction with: 5f64dd7 com.android.launcher3/com.android.launcher3.uioverrides.QuickstepLauncher (server), 3a8c96a com.android.systemui.ImageWallpaper (server), edge-swipe (server), swipe-up (server), PointerEventDispatcher0 (server),
12-31 04:46:58.859 I/auditd ( 0): type=1400 audit(0.0:14355): avc: denied { kill } for comm="swapper/2" capability=5 scontext=u:r:kernel:s0 tcontext=u:r:kernel:s0 tclass=capability permissive=0
12-31 04:46:59.254 I/wm_finish_activity( 1505): [0,169576308,46,com.tencent.tmgp.sgame/.SGameActivity,remove-task]
12-31 04:46:59.255 I/wm_destroy_activity( 1505): [0,169576308,46,com.tencent.tmgp.sgame/.SGameActivity,finish-imm:finishIfPossible]
12-31 04:46:59.261 I/am_kill ( 1505): [0,16493,com.tencent.tmgp.sgame,700,remove task]
12-31 04:46:59.266 I/am_kill ( 1505): [0,16526,com.tencent.tmgp.sgame:xg_vip_service,500,remove task]
