12-31 04:53:01.859 I/auditd ( 0): type=1400 audit(0.0:14769): avc: denied { kill } for comm="swapper/3" capability=5 scontext=u:r:kernel:s0 tcontext=u:r:kernel:s0 tclass=capability permissive=0
12-31 04:53:02.859 I/auditd ( 0): type=1400 audit(0.0:14770): avc: denied { kill } for comm="swapper/3" capability=5 scontext=u:r:kernel:s0 tcontext=u:r:kernel:s0 tclass=capability permissive=0
12-31 04:53:03.859 I/auditd ( 0): type=1400 audit(0.0:14771): avc: denied { kill } for comm="swapper/3" capability=5 scontext=u:r:kernel:s0 tcontext=u:r:kernel:s0 tclass=capability permissive=0
12-31 04:53:04.450 I/sysui_multi_action( 1505): [757,128,758,1,793,11835738,794,0,795,11835738,796,26,798,0,806,android,857,DEVELOPER_IMPORTANT,858,4,947,0,1395,2,1500,11835532,1688,1]
12-31 04:53:04.450 I/sysui_multi_action( 1505): [757,804,799,note_freshness,801,11835738,802,1]
12-31 04:53:04.450 I/notification_visibility( 1505): [-1|android|26|null|1000,1,11835738,11835738,0,0]
12-31 04:53:04.450 I/sysui_multi_action( 1505): [757,128,758,1,793,13099920,794,0,795,13099920,796,32,798,1,806,android,857,USB,858,1,947,0,1395,2,1500,13099460,1688,1]
12-31 04:53:04.450 I/sysui_multi_action( 1505): [757,804,799,note_freshness,801,13099920,802,1]
12-31 04:53:04.450 I/notification_visibility( 1505): [-1|android|32|null|1000,1,13099920,13099920,0,1]
12-31 04:53:04.859 I/auditd ( 0): type=1400 audit(0.0:14772): avc: denied { kill } for comm="swapper/3" capability=5 scontext=u:r:kernel:s0 tcontext=u:r:kernel:s0 tclass=capability permissive=0
12-31 04:53:05.859 I/auditd ( 0): type=1400 audit(0.0:14773): avc: denied { kill } for comm="swapper/3" capability=5 scontext=u:r:kernel:s0 tcontext=u:r:kernel:s0 tclass=capability permissive=0
12-31 04:53:06.859 I/auditd ( 0): type=1400 audit(0.0:14774): avc: denied { kill } for comm="swapper/3" capability=5 scontext=u:r:kernel:s0 tcontext=u:r:kernel:s0 tclass=capability permissive=0
12-31 04:53:07.859 I/auditd ( 0): type=1400 audit(0.0:14775): avc: denied { kill } for comm="swapper/3" capability=5 scontext=u:r:kernel:s0 tcontext=u:r:kernel:s0 tclass=capability permissive=0
12-31 04:53:08.859 I/auditd ( 0): type=1400 audit(0.0:14776): avc: denied { kill } for comm="swapper/3" capability=5 scontext=u:r:kernel:s0 tcontext=u:r:kernel:s0 tclass=capability permissive=0
12-31 04:53:10.859 I/auditd ( 0): type=1400 audit(0.0:14777): avc: denied { kill } for comm="swapper/3" capability=5 scontext=u:r:kernel:s0 tcontext=u:r:kernel:s0 tclass=capability permissive=0
12-31 04:53:11.859 I/auditd ( 0): type=1400 audit(0.0:14778): avc: denied { kill } for comm="swapper/3" capability=5 scontext=u:r:kernel:s0 tcontext=u:r:kernel:s0 tclass=capability permissive=0
12-31 04:53:12.353 I/am_uid_idle( 1505): 10096
12-31 04:53:12.353 I/am_stop_idle_service( 1505): [10096,com.tencent.tmgp.sgame/com.tencent.android.tpush.service.XGVipPushService]
12-31 04:53:12.353 I/am_stop_idle_service( 1505): [10096,com.tencent.tmgp.sgame/com.tencent.tpns.mqttchannel.services.MqttService]
12-31 04:53:12.859 I/auditd ( 0): type=1400 audit(0.0:14779): avc: denied { kill } for comm="swapper/3" capability=5 scontext=u:r:kernel:s0 tcontext=u:r:kernel:s0 tclass=capability permissive=0
12-31 04:53:13.859 I/auditd ( 0): type=1400 audit(0.0:14780): avc: denied { kill } for comm="swapper/3" capability=5 scontext=u:r:kernel:s0 tcontext=u:r:kernel:s0 tclass=capability permissive=0
12-31 04:53:14.859 I/auditd ( 0): type=1400 audit(0.0:14781): avc: denied { kill } for comm="swapper/3" capability=5 scontext=u:r:kernel:s0 tcontext=u:r:kernel:s0 tclass=capability permissive=0
12-31 04:53:14.997 I/sysui_multi_action( 1996): [757,406,758,4]
12-31 04:53:15.008 I/wm_task_moved( 1505): [40,1,7]
12-31 04:53:15.008 I/wm_task_to_front( 1505): [0,40]
12-31 04:53:15.009 I/wm_focused_root_task( 1505): [0,0,40,1,bringingFoundTaskToFront]
12-31 04:53:15.009 I/wm_set_resumed_activity( 1505): [0,com.android.settings/.Settings,bringingFoundTaskToFront]
12-31 04:53:15.009 I/wm_on_top_resumed_lost_called( 2581): [83241864,com.android.launcher3.uioverrides.QuickstepLauncher,topStateChangedWhenResumed]
12-31 04:53:15.010 I/wm_new_intent( 1505): [0,2887587,40,com.android.settings/.Settings,android.intent.action.MAIN,NULL,NULL,270532608]
12-31 04:53:15.012 I/wm_pause_activity( 1505): [0,83241864,com.android.launcher3/.uioverrides.QuickstepLauncher,userLeaving=true,pauseBackTasks]
12-31 04:53:15.018 I/wm_on_paused_called( 2581): [83241864,com.android.launcher3.uioverrides.QuickstepLauncher,performPause]
12-31 04:53:15.020 I/wm_set_resumed_activity( 1505): [0,com.android.settings/.Settings,resumeTopActivityInnerLocked]
12-31 04:53:15.021 I/wm_add_to_stopping( 1505): [0,83241864,com.android.launcher3/.uioverrides.QuickstepLauncher,makeInvisible]
12-31 04:53:15.022 I/wm_resume_activity( 1505): [0,2887587,40,com.android.settings/.Settings]
12-31 04:53:15.037 I/wm_on_restart_called(14955): [2887587,com.android.settings.Settings,performRestartActivity]
12-31 04:53:15.045 I/wm_on_start_called(14955): [2887587,com.android.settings.Settings,handleStartActivity]
12-31 04:53:15.046 I/sysui_multi_action( 1505): [757,803,799,window_time_0,802,29]
12-31 04:53:15.048 I/snet_event_log(14955): [120484087,-1,]
12-31 04:53:15.049 I/wm_on_resume_called(14955): [2887587,com.android.settings.Settings,RESUME_ACTIVITY]
12-31 04:53:15.049 I/sysui_multi_action(14955): [757,35,758,1,833,0,1089,0]
12-31 04:53:15.050 I/sysui_multi_action(14955): [757,745,758,1,833,0,1089,0]
12-31 04:53:15.052 I/wm_on_top_resumed_gained_called(14955): [2887587,com.android.settings.Settings,topWhenResuming]
12-31 04:53:15.068 I/am_pss ( 1505): [18221,10089,com.android.music,8433664,5808128,63488,87379968,0,19,7]
12-31 04:53:15.071 I/sysui_multi_action( 1505): [319,39,321,37,322,61,325,13121,757,761,758,9,759,4,806,com.android.settings,871,com.android.settings.Settings,904,com.android.launcher3,905,0,1320,8,1321,5]
12-31 04:53:15.577 I/wm_stop_activity( 1505): [0,83241864,com.android.launcher3/.uioverrides.QuickstepLauncher]
12-31 04:53:15.580 I/notification_enqueue( 1505): [10081,1996,com.android.systemui,2048,NULL,0,Notification(channel=updateNotification shortcut=null contentView=null vibrate=null sound=null defaults=0x0 flags=0x0 color=0x00000000 vis=PRIVATE),1]
12-31 04:53:15.581 I/sysui_multi_action( 1996): [757,111,758,2]
12-31 04:53:15.581 I/sysui_multi_action( 1996): [757,111,758,2]
12-31 04:53:15.595 I/input_focus( 1505): [Focus request adc5c4 com.android.settings/com.android.settings.Settings,reason=UpdateInputWindows]
12-31 04:53:15.603 I/wm_on_stop_called( 2581): [83241864,com.android.launcher3.uioverrides.QuickstepLauncher,STOP_ACTIVITY_ITEM]
12-31 04:53:15.605 I/sysui_multi_action( 1505): [757,128,758,2,793,11846894,794,11156,795,11846894,796,26,798,0,806,android,857,DEVELOPER_IMPORTANT,858,4,947,0,1395,2,1500,11846688,1688,1]
12-31 04:53:15.605 I/notification_visibility( 1505): [-1|android|26|null|1000,0,11846894,11846894,0,0]
12-31 04:53:15.605 I/sysui_multi_action( 1505): [757,128,758,2,793,13111075,794,11155,795,13111075,796,32,798,1,806,android,857,USB,858,1,947,0,1395,2,1500,13110615,1688,1]
12-31 04:53:15.605 I/notification_visibility( 1505): [-1|android|32|null|1000,0,13111075,13111075,0,1]
12-31 04:53:15.606 I/sysui_multi_action( 1505): [757,127,758,2]
12-31 04:53:15.606 I/notification_panel_hidden( 1505):
12-31 04:53:15.610 I/input_focus( 1505): [Focus leaving c825af4 NotificationShade (server),reason=NOT_FOCUSABLE]
12-31 04:53:15.610 I/input_focus( 1505): [Focus entering adc5c4 com.android.settings/com.android.settings.Settings (server),reason=setFocusedWindow]
12-31 04:53:15.859 I/auditd ( 0): type=1400 audit(0.0:14782): avc: denied { kill } for comm="swapper/3" capability=5 scontext=u:r:kernel:s0 tcontext=u:r:kernel:s0 tclass=capability permissive=0
12-31 04:53:16.639 I/input_interaction( 1505): Interaction with: adc5c4 com.android.settings/com.android.settings.Settings (server), edge-swipe (server), swipe-up (server), PointerEventDispatcher0 (server),
12-31 04:53:16.859 I/auditd ( 0): type=1400 audit(0.0:14783): avc: denied { kill } for comm="swapper/3" capability=5 scontext=u:r:kernel:s0 tcontext=u:r:kernel:s0 tclass=capability permissive=0
12-31 04:53:18.859 I/auditd ( 0): type=1400 audit(0.0:14784): avc: denied { kill } for comm="swapper/3" capability=5 scontext=u:r:kernel:s0 tcontext=u:r:kernel:s0 tclass=capability permissive=0
12-31 04:53:18.955 I/sysui_multi_action(14955): [757,830,758,4,833,0,854,top_level_security,1089,0]
12-31 04:53:19.057 I/sysui_multi_action(14955): [757,745,758,2,1089,4007]
12-31 04:53:19.086 I/sysui_multi_action(14955): [757,87,758,1,833,0,1089,26]
12-31 04:53:19.090 I/sysui_multi_action(14955): [757,1729,758,4,854,isParalleledControllers:false,1089,30]
12-31 04:53:19.859 I/auditd ( 0): type=1400 audit(0.0:14785): avc: denied { kill } for comm="swapper/3" capability=5 scontext=u:r:kernel:s0 tcontext=u:r:kernel:s0 tclass=capability permissive=0
12-31 04:53:20.423 I/sysui_multi_action(14955): [757,830,758,4,833,0,854,top_level_privacy,1089,0]
12-31 04:53:20.526 I/sysui_multi_action(14955): [757,87,758,2,1089,1439]
12-31 04:53:20.560 I/sysui_multi_action(14955): [757,1587,758,1,833,0,1089,29]
12-31 04:53:20.563 I/sysui_multi_action(14955): [757,1729,758,4,854,isParalleledControllers:false,1089,32]
12-31 04:53:20.859 I/auditd ( 0): type=1400 audit(0.0:14786): avc: denied { kill } for comm="swapper/3" capability=5 scontext=u:r:kernel:s0 tcontext=u:r:kernel:s0 tclass=capability permissive=0
12-31 04:53:21.794 I/sysui_multi_action(14955): [757,830,758,4,833,0,854,top_level_system,1089,0]
12-31 04:53:21.859 I/auditd ( 0): type=1400 audit(0.0:14787): avc: denied { kill } for comm="swapper/3" capability=5 scontext=u:r:kernel:s0 tcontext=u:r:kernel:s0 tclass=capability permissive=0
12-31 04:53:21.896 I/sysui_multi_action(14955): [757,1587,758,2,1089,1336]
12-31 04:53:21.926 I/sysui_multi_action(14955): [757,744,758,1,833,0,1089,25]
12-31 04:53:21.929 I/sysui_multi_action(14955): [757,1729,758,4,854,isParalleledControllers:false,1089,28]
12-31 04:53:22.859 I/auditd ( 0): type=1400 audit(0.0:14788): avc: denied { kill } for comm="swapper/3" capability=5 scontext=u:r:kernel:s0 tcontext=u:r:kernel:s0 tclass=capability permissive=0
12-31 04:53:23.680 I/sysui_multi_action(14955): [757,830,758,4,833,0,854,top_level_about_device,1089,0]
12-31 04:53:23.797 I/sysui_multi_action(14955): [757,744,758,2,1089,1870]
12-31 04:53:23.845 I/sysui_multi_action(14955): [757,40,758,1,833,0,1089,41]
12-31 04:53:23.845 W/FeatureConnector(14955): [ImsConnector, 0] connect: not supported.
12-31 04:53:23.846 I/sysui_multi_action(14955): [757,1729,758,4,854,isParalleledControllers:false,1089,44]
12-31 04:53:24.859 I/auditd ( 0): type=1400 audit(0.0:14789): avc: denied { kill } for comm="swapper/3" capability=5 scontext=u:r:kernel:s0 tcontext=u:r:kernel:s0 tclass=capability permissive=0
12-31 04:53:25.859 I/auditd ( 0): type=1400 audit(0.0:14790): avc: denied { kill } for comm="swapper/3" capability=5 scontext=u:r:kernel:s0 tcontext=u:r:kernel:s0 tclass=capability permissive=0
12-31 04:53:26.859 I/auditd ( 0): type=1400 audit(0.0:14791): avc: denied { kill } for comm="swapper/3" capability=5 scontext=u:r:kernel:s0 tcontext=u:r:kernel:s0 tclass=capability permissive=0
12-31 04:53:27.859 I/auditd ( 0): type=1400 audit(0.0:14792): avc: denied { kill } for comm="swapper/3" capability=5 scontext=u:r:kernel:s0 tcontext=u:r:kernel:s0 tclass=capability permissive=0
12-31 04:53:28.784 I/service_manager_stats( 1505): [100,72,54382]
12-31 04:53:28.859 I/auditd ( 0): type=1400 audit(0.0:14793): avc: denied { kill } for comm="swapper/3" capability=5 scontext=u:r:kernel:s0 tcontext=u:r:kernel:s0 tclass=capability permissive=0
12-31 04:53:29.555 I/sysui_multi_action(14955): [757,830,758,4,833,0,854,top_level_display,1089,0]
12-31 04:53:29.657 I/sysui_multi_action(14955): [757,40,758,2,1089,5813]
12-31 04:53:29.696 I/sysui_multi_action(14955): [757,46,758,1,833,0,1089,31]
12-31 04:53:29.705 I/sysui_multi_action(14955): [757,1729,758,4,854,isParalleledControllers:false,1089,40]
12-31 04:53:29.859 I/auditd ( 0): type=1400 audit(0.0:14794): avc: denied { kill } for comm="swapper/3" capability=5 scontext=u:r:kernel:s0 tcontext=u:r:kernel:s0 tclass=capability permissive=0
12-31 04:53:30.859 I/auditd ( 0): type=1400 audit(0.0:14795): avc: denied { kill } for comm="swapper/3" capability=5 scontext=u:r:kernel:s0 tcontext=u:r:kernel:s0 tclass=capability permissive=0
12-31 04:53:31.859 I/auditd ( 0): type=1400 audit(0.0:14796): avc: denied { kill } for comm="swapper/3" capability=5 scontext=u:r:kernel:s0 tcontext=u:r:kernel:s0 tclass=capability permissive=0
12-31 04:53:32.859 I/auditd ( 0): type=1400 audit(0.0:14797): avc: denied { kill } for comm="swapper/3" capability=5 scontext=u:r:kernel:s0 tcontext=u:r:kernel:s0 tclass=capability permissive=0
12-31 04:53:33.337 I/sysui_multi_action(14955): [757,830,758,4,833,0,854,font_size,1089,0]
12-31 04:53:33.340 I/sysui_multi_action(14955): [757,46,758,2,1089,3643]
12-31 04:53:33.381 I/sysui_multi_action(14955): [757,340,758,1,833,0,1089,36]
12-31 04:53:33.859 I/auditd ( 0): type=1400 audit(0.0:14798): avc: denied { kill } for comm="swapper/3" capability=5 scontext=u:r:kernel:s0 tcontext=u:r:kernel:s0 tclass=capability permissive=0
12-31 04:53:34.859 I/auditd ( 0): type=1400 audit(0.0:14799): avc: denied { kill } for comm="swapper/3" capability=5 scontext=u:r:kernel:s0 tcontext=u:r:kernel:s0 tclass=capability permissive=0
12-31 04:53:35.859 I/auditd ( 0): type=1400 audit(0.0:14800): avc: denied { kill } for comm="swapper/3" capability=5 scontext=u:r:kernel:s0 tcontext=u:r:kernel:s0 tclass=capability permissive=0
12-31 04:53:36.830 I/configuration_changed( 1505): 1073741824
12-31 04:53:36.859 I/auditd ( 0): type=1400 audit(0.0:14801): avc: denied { kill } for comm="swapper/3" capability=5 scontext=u:r:kernel:s0 tcontext=u:r:kernel:s0 tclass=capability permissive=0
12-31 04:53:36.875 I/wm_relaunch_resume_activity( 1505): [0,2887587,40,com.android.settings/.Settings]
12-31 04:53:36.876 I/wm_on_top_resumed_lost_called(14955): [2887587,com.android.settings.Settings,pausing]
12-31 04:53:36.877 I/sysui_multi_action(14955): [757,35,758,2,1089,21828]
12-31 04:53:36.877 I/wm_relaunch_activity( 1505): [0,83241864,9,com.android.launcher3/.uioverrides.QuickstepLauncher]
12-31 04:53:36.877 I/sysui_multi_action(14955): [757,340,758,2,1089,3496]
12-31 04:53:36.877 I/wm_on_paused_called(14955): [2887587,com.android.settings.Settings,performPause]
12-31 04:53:36.877 I/wm_add_to_stopping( 1505): [0,83241864,com.android.launcher3/.uioverrides.QuickstepLauncher,preloadRecents]
12-31 04:53:36.879 I/wm_on_stop_called(14955): [2887587,com.android.settings.Settings,handleRelaunchActivity]
12-31 04:53:36.885 I/wm_on_destroy_called(14955): [2887587,com.android.settings.Settings,performDestroy]
12-31 04:53:36.900 I/sysui_multi_action( 1505): [324,1,757,1090,758,13,806,com.android.settings,871,com.android.settings.Settings,1091,21896]
12-31 04:53:36.917 I/wm_on_destroy_called( 2581): [83241864,com.android.launcher3.uioverrides.QuickstepLauncher,performDestroy]
12-31 04:53:36.987 I/am_uid_running( 1505): 10029
12-31 04:53:36.995 I/am_proc_start( 1505): [0,18355,10029,android.process.acore,content provider,{com.android.providers.contacts/com.android.providers.contacts.ContactsProvider2}]
12-31 04:53:37.006 I/wm_on_create_called( 2581): [83241864,com.android.launcher3.uioverrides.QuickstepLauncher,performCreate]
12-31 04:53:37.007 I/wm_on_start_called( 2581): [83241864,com.android.launcher3.uioverrides.QuickstepLauncher,handleStartActivity]
12-31 04:53:37.008 I/wm_on_resume_called( 2581): [83241864,com.android.launcher3.uioverrides.QuickstepLauncher,LIFECYCLER_RESUME_ACTIVITY]
12-31 04:53:37.012 I/wm_on_paused_called( 2581): [83241864,com.android.launcher3.uioverrides.QuickstepLauncher,performPause]
12-31 04:53:37.013 I/am_proc_bound( 1505): [0,18355,android.process.acore]
12-31 04:53:37.015 I/am_uid_active( 1505): 10029
12-31 04:53:37.019 I/service_manager_stats(14955): [100,74,1049284]
12-31 04:53:37.028 I/am_uid_running( 1505): 10085
12-31 04:53:37.028 I/wm_on_create_called(14955): [2887587,com.android.settings.Settings,performCreate]
12-31 04:53:37.037 I/am_proc_start( 1505): [0,18371,10085,com.qualcomm.qti.qccauthmgr,content provider,{com.qualcomm.qti.qccauthmgr/com.qualcomm.qti.qccauthmgr.providers.SMQContentProvider}]
12-31 04:53:37.039 I/commit_sys_config_file( 1505): [settings-1-0,10]
12-31 04:53:37.044 I/wm_stop_activity( 1505): [0,83241864,com.android.launcher3/.uioverrides.QuickstepLauncher]
12-31 04:53:37.048 I/wm_on_stop_called( 2581): [83241864,com.android.launcher3.uioverrides.QuickstepLauncher,STOP_ACTIVITY_ITEM]
12-31 04:53:37.054 I/am_pss ( 1505): [17185,10096,com.tencent.tmgp.sgame:xg_vip_service,16301056,8716288,59392,112877568,0,17,7]
12-31 04:53:37.060 I/wm_on_start_called(14955): [2887587,com.android.settings.Settings,handleStartActivity]
12-31 04:53:37.061 I/snet_event_log(14955): [120484087,-1,]
12-31 04:53:37.061 I/wm_on_resume_called(14955): [2887587,com.android.settings.Settings,RESUME_ACTIVITY]
12-31 04:53:37.061 I/sysui_multi_action(14955): [757,340,758,1,833,0,1089,139]
12-31 04:53:37.062 I/sysui_multi_action(14955): [757,35,758,1,833,0,1089,17]
12-31 04:53:37.063 I/sysui_multi_action(14955): [757,1729,758,4,854,isParalleledControllers:false,1089,18]
12-31 04:53:37.063 I/wm_on_top_resumed_gained_called(14955): [2887587,com.android.settings.Settings,topWhenResuming]
12-31 04:53:37.067 I/am_proc_bound( 1505): [0,18371,com.qualcomm.qti.qccauthmgr]
12-31 04:53:37.073 I/am_uid_active( 1505): 10085
12-31 04:53:37.108 I/am_uid_running( 1505): 10064
12-31 04:53:37.116 I/am_proc_start( 1505): [0,18394,10064,com.android.deskclock,broadcast,{com.android.deskclock/com.android.alarmclock.AnalogAppWidgetProvider}]
12-31 04:53:37.124 I/input_focus( 1505): [Focus request e08cafe com.android.settings/com.android.settings.Settings,reason=UpdateInputWindows]
12-31 04:53:37.135 I/am_proc_bound( 1505): [0,18394,com.android.deskclock]
12-31 04:53:37.180 I/input_focus( 1505): [Focus entering e08cafe com.android.settings/com.android.settings.Settings (server),reason=Window became focusable. Previous reason: NOT_VISIBLE]
12-31 04:53:37.859 I/auditd ( 0): type=1400 audit(0.0:14802): avc: denied { kill } for comm="swapper/7" capability=5 scontext=u:r:kernel:s0 tcontext=u:r:kernel:s0 tclass=capability permissive=0
12-31 04:53:38.548 I/input_interaction( 1505): Interaction with: e08cafe com.android.settings/com.android.settings.Settings (server), swipe-up (server), edge-swipe (server), PointerEventDispatcher0 (server),
12-31 04:53:38.606 I/view_enqueue_input_event(14955): [Motion - Cancel,com.android.settings/com.android.settings.Settings]
12-31 04:53:38.614 I/input_interaction( 1505): Interaction with: swipe-up (server), edge-swipe (server), PointerEventDispatcher0 (server),
12-31 04:53:38.808 I/sysui_multi_action( 1505): [757,803,799,key_back_press,802,1]
12-31 04:53:38.811 I/input_interaction( 1505): Interaction with: e08cafe com.android.settings/com.android.settings.Settings (server), PointerEventDispatcher0 (server),
12-31 04:53:38.813 I/sysui_multi_action(14955): [757,340,758,2,1089,1752]
12-31 04:53:38.826 I/sysui_multi_action(14955): [757,46,758,1,833,0,1089,1920]
12-31 04:53:38.832 I/sysui_multi_action(14955): [757,1729,758,4,854,isParalleledControllers:false,1089,1926]
12-31 04:53:38.859 I/auditd ( 0): type=1400 audit(0.0:14803): avc: denied { kill } for comm="swapper/7" capability=5 scontext=u:r:kernel:s0 tcontext=u:r:kernel:s0 tclass=capability permissive=0
12-31 04:53:39.641 I/input_interaction( 1505): Interaction with: e08cafe com.android.settings/com.android.settings.Settings (server), swipe-up (server), edge-swipe (server), PointerEventDispatcher0 (server),
12-31 04:53:39.692 I/view_enqueue_input_event(14955): [Motion - Cancel,com.android.settings/com.android.settings.Settings]
12-31 04:53:39.705 I/input_interaction( 1505): Interaction with: swipe-up (server), edge-swipe (server), PointerEventDispatcher0 (server),
12-31 04:53:39.859 I/auditd ( 0): type=1400 audit(0.0:14804): avc: denied { kill } for comm="swapper/7" capability=5 scontext=u:r:kernel:s0 tcontext=u:r:kernel:s0 tclass=capability permissive=0
12-31 04:53:40.009 I/sysui_multi_action( 1505): [757,803,799,key_back_press,802,1]
12-31 04:53:40.014 I/input_interaction( 1505): Interaction with: e08cafe com.android.settings/com.android.settings.Settings (server), PointerEventDispatcher0 (server),
12-31 04:53:40.016 I/wm_task_moved( 1505): [40,0,0]
12-31 04:53:40.019 I/wm_focused_root_task( 1505): [0,0,1,40,moveTaskToBackLocked]
12-31 04:53:40.020 I/wm_add_to_stopping( 1505): [0,2887587,com.android.settings/.Settings,makeInvisible]
12-31 04:53:40.021 I/wm_pause_activity( 1505): [0,2887587,com.android.settings/.Settings,userLeaving=false,pauseBackTasks]
12-31 04:53:40.023 I/wm_set_resumed_activity( 1505): [0,com.android.launcher3/.uioverrides.QuickstepLauncher,resumeTopActivityInnerLocked]
12-31 04:53:40.025 I/wm_resume_activity( 1505): [0,83241864,9,com.android.launcher3/.uioverrides.QuickstepLauncher]
12-31 04:53:40.026 I/wm_on_top_resumed_lost_called(14955): [2887587,com.android.settings.Settings,topStateChangedWhenResumed]
12-31 04:53:40.028 I/sysui_multi_action(14955): [757,35,758,2,1089,2966]
12-31 04:53:40.029 I/sysui_multi_action(14955): [757,46,758,2,1089,1203]
12-31 04:53:40.030 I/wm_on_paused_called(14955): [2887587,com.android.settings.Settings,performPause]
12-31 04:53:40.032 I/sysui_multi_action( 1505): [757,803,799,window_time_0,802,25]
12-31 04:53:40.035 I/input_focus( 1505): [Focus leaving e08cafe com.android.settings/com.android.settings.Settings (server),reason=NO_WINDOW]
12-31 04:53:40.047 I/wm_on_restart_called( 2581): [83241864,com.android.launcher3.uioverrides.QuickstepLauncher,performRestartActivity]
12-31 04:53:40.047 I/wm_on_start_called( 2581): [83241864,com.android.launcher3.uioverrides.QuickstepLauncher,handleStartActivity]
12-31 04:53:40.047 I/wm_on_resume_called( 2581): [83241864,com.android.launcher3.uioverrides.QuickstepLauncher,RESUME_ACTIVITY]
12-31 04:53:40.048 I/wm_on_top_resumed_gained_called( 2581): [83241864,com.android.launcher3.uioverrides.QuickstepLauncher,topStateChangedWhenResumed]
12-31 04:53:40.058 I/input_focus( 1505): [Focus request c7621fa com.android.launcher3/com.android.launcher3.uioverrides.QuickstepLauncher,reason=UpdateInputWindows]
12-31 04:53:40.104 I/input_focus( 1505): [Focus entering c7621fa com.android.launcher3/com.android.launcher3.uioverrides.QuickstepLauncher (server),reason=Window became focusable. Previous reason: NOT_VISIBLE]
12-31 04:53:40.438 I/wm_stop_activity( 1505): [0,2887587,com.android.settings/.Settings]
12-31 04:53:40.491 I/wm_on_stop_called(14955): [2887587,com.android.settings.Settings,STOP_ACTIVITY_ITEM]
12-31 04:53:40.859 I/auditd ( 0): type=1400 audit(0.0:14805): avc: denied { kill } for comm="swapper/7" capability=5 scontext=u:r:kernel:s0 tcontext=u:r:kernel:s0 tclass=capability permissive=0
12-31 04:53:41.287 I/input_interaction( 1505): Interaction with: 1c2e319 StatusBar (server), swipe-up (server), edge-swipe (server), PointerEventDispatcher0 (server),
12-31 04:53:41.290 I/sysui_multi_action( 1996): [757,803,799,panel_open,802,1]
12-31 04:53:41.292 I/sysui_multi_action( 1996): [757,1328,758,4,1326,39,1327,2,1329,0]
12-31 04:53:41.339 I/sysui_multi_action( 1505): [757,127,758,1]
12-31 04:53:41.339 I/sysui_multi_action( 1505): [757,804,799,note_load,801,2,802,1]
12-31 04:53:41.339 I/notification_panel_revealed( 1505): 2
12-31 04:53:41.352 I/input_focus( 1505): [Focus request c825af4 NotificationShade,reason=UpdateInputWindows]
12-31 04:53:41.370 I/input_focus( 1505): [Focus leaving c7621fa com.android.launcher3/com.android.launcher3.uioverrides.QuickstepLauncher (server),reason=Waiting for window because NOT_VISIBLE]
12-31 04:53:41.376 I/sysui_multi_action( 1505): [757,128,758,1,793,11872664,794,0,795,11872664,796,26,798,0,806,android,857,DEVELOPER_IMPORTANT,858,4,947,0,1395,2,1500,11872458,1688,1]
12-31 04:53:41.376 I/sysui_multi_action( 1505): [757,804,799,note_freshness,801,11872664,802,1]
12-31 04:53:41.376 I/notification_visibility( 1505): [-1|android|26|null|1000,1,11872664,11872664,0,0]
12-31 04:53:41.376 I/sysui_multi_action( 1505): [757,128,758,1,793,13136846,794,0,795,13136846,796,32,798,1,806,android,857,USB,858,1,947,0,1395,2,1500,13136386,1688,1]
12-31 04:53:41.376 I/sysui_multi_action( 1505): [757,804,799,note_freshness,801,13136846,802,1]
12-31 04:53:41.376 I/notification_visibility( 1505): [-1|android|32|null|1000,1,13136846,13136846,0,1]
12-31 04:53:41.387 I/input_focus( 1505): [Focus entering c825af4 NotificationShade (server),reason=Window became focusable. Previous reason: NOT_VISIBLE]
12-31 04:53:41.420 I/sysui_multi_action( 1996): [757,111,758,1]
12-31 04:53:41.420 I/sysui_multi_action( 1996): [757,126,758,1,759,126,927,0,928,1,1593,1]
12-31 04:53:41.420 I/sysui_multi_action( 1996): [757,113,758,1,759,113,927,1,928,1,1593,1]
12-31 04:53:41.420 I/sysui_multi_action( 1996): [757,0,758,1,759,0,927,2,928,0,1593,1]
12-31 04:53:41.421 I/sysui_multi_action( 1996): [757,0,758,1,759,0,927,3,928,0,1593,1]
12-31 04:53:41.421 I/sysui_multi_action( 1996): [757,491,758,1,759,491,927,4,928,0,1311,-1,1593,0]
12-31 04:53:41.421 I/sysui_multi_action( 1996): [757,0,758,1,759,0,927,5,928,0,1593,0]
12-31 04:53:41.421 I/sysui_multi_action( 1996): [757,111,758,1]
12-31 04:53:41.421 I/sysui_multi_action( 1996): [757,126,758,1,759,126,927,0,928,1,1593,1]
12-31 04:53:41.421 I/sysui_multi_action( 1996): [757,113,758,1,759,113,927,1,928,1,1593,1]
12-31 04:53:41.422 I/sysui_multi_action( 1996): [757,0,758,1,759,0,927,2,928,0,1593,1]
12-31 04:53:41.422 I/sysui_multi_action( 1996): [757,0,758,1,759,0,927,3,928,0,1593,1]
12-31 04:53:41.859 I/auditd ( 0): type=1400 audit(0.0:14806): avc: denied { kill } for comm="swapper/7" capability=5 scontext=u:r:kernel:s0 tcontext=u:r:kernel:s0 tclass=capability permissive=0
12-31 04:53:42.859 I/auditd ( 0): type=1400 audit(0.0:14807): avc: denied { kill } for comm="swapper/7" capability=5 scontext=u:r:kernel:s0 tcontext=u:r:kernel:s0 tclass=capability permissive=0
12-31 04:53:43.859 I/auditd ( 0): type=1400 audit(0.0:14808): avc: denied { kill } for comm="swapper/7" capability=5 scontext=u:r:kernel:s0 tcontext=u:r:kernel:s0 tclass=capability permissive=0
12-31 04:53:45.029 I/input_interaction( 1505): Interaction with: c825af4 NotificationShade (server), swipe-up (server), edge-swipe (server), PointerEventDispatcher0 (server),
12-31 04:53:46.139 I/sysui_multi_action( 1996): [757,409,758,4,759,1]
12-31 04:53:46.859 I/auditd ( 0): type=1400 audit(0.0:14809): avc: denied { kill } for comm="swapper/3" capability=5 scontext=u:r:kernel:s0 tcontext=u:r:kernel:s0 tclass=capability permissive=0
12-31 04:53:47.859 I/auditd ( 0): type=1400 audit(0.0:14810): avc: denied { kill } for comm="swapper/3" capability=5 scontext=u:r:kernel:s0 tcontext=u:r:kernel:s0 tclass=capability permissive=0
12-31 04:53:48.449 I/sysui_multi_action( 1505): [757,128,758,2,793,11879737,794,7073,795,11879737,796,26,798,0,806,android,857,DEVELOPER_IMPORTANT,858,4,947,0,1395,2,1500,11879531,1688,1]
12-31 04:53:48.449 I/notification_visibility( 1505): [-1|android|26|null|1000,0,11879737,11879737,0,0]
12-31 04:53:48.449 I/sysui_multi_action( 1505): [757,128,758,2,793,13143919,794,7073,795,13143919,796,32,798,1,806,android,857,USB,858,1,947,0,1395,2,1500,13143459,1688,1]
12-31 04:53:48.449 I/notification_visibility( 1505): [-1|android|32|null|1000,0,13143919,13143919,0,1]
12-31 04:53:48.859 I/auditd ( 0): type=1400 audit(0.0:14811): avc: denied { kill } for comm="swapper/3" capability=5 scontext=u:r:kernel:s0 tcontext=u:r:kernel:s0 tclass=capability permissive=0
12-31 04:53:49.859 I/auditd ( 0): type=1400 audit(0.0:14812): avc: denied { kill } for comm="swapper/3" capability=5 scontext=u:r:kernel:s0 tcontext=u:r:kernel:s0 tclass=capability permissive=0
12-31 04:53:51.859 I/auditd ( 0): type=1400 audit(0.0:14813): avc: denied { kill } for comm="swapper/3" capability=5 scontext=u:r:kernel:s0 tcontext=u:r:kernel:s0 tclass=capability permissive=0
12-31 04:53:52.859 I/auditd ( 0): type=1400 audit(0.0:14814): avc: denied { kill } for comm="swapper/3" capability=5 scontext=u:r:kernel:s0 tcontext=u:r:kernel:s0 tclass=capability permissive=0
12-31 04:53:53.859 I/auditd ( 0): type=1400 audit(0.0:14815): avc: denied { kill } for comm="swapper/3" capability=5 scontext=u:r:kernel:s0 tcontext=u:r:kernel:s0 tclass=capability permissive=0
12-31 04:53:54.336 I/sysui_multi_action( 1505): [757,128,758,1,793,11885624,794,0,795,11885624,796,26,798,0,806,android,857,DEVELOPER_IMPORTANT,858,4,947,0,1395,2,1500,11885418,1688,1]
12-31 04:53:54.336 I/sysui_multi_action( 1505): [757,804,799,note_freshness,801,11885624,802,1]
12-31 04:53:54.336 I/notification_visibility( 1505): [-1|android|26|null|1000,1,11885624,11885624,0,0]
12-31 04:53:54.336 I/sysui_multi_action( 1505): [757,128,758,1,793,13149806,794,0,795,13149806,796,32,798,1,806,android,857,USB,858,1,947,0,1395,2,1500,13149346,1688,1]
12-31 04:53:54.336 I/sysui_multi_action( 1505): [757,804,799,note_freshness,801,13149806,802,1]
12-31 04:53:54.336 I/notification_visibility( 1505): [-1|android|32|null|1000,1,13149806,13149806,0,1]
12-31 04:53:54.859 I/auditd ( 0): type=1400 audit(0.0:14816): avc: denied { kill } for comm="swapper/3" capability=5 scontext=u:r:kernel:s0 tcontext=u:r:kernel:s0 tclass=capability permissive=0
12-31 04:53:55.859 I/auditd ( 0): type=1400 audit(0.0:14817): avc: denied { kill } for comm="swapper/3" capability=5 scontext=u:r:kernel:s0 tcontext=u:r:kernel:s0 tclass=capability permissive=0
12-31 04:53:57.859 I/auditd (15515): type=1400 audit(0.0:14818): avc: denied { kill } for comm="kworker/u16:17" capability=5 scontext=u:r:kernel:s0 tcontext=u:r:kernel:s0 tclass=capability permissive=0
12-31 04:53:58.859 I/auditd ( 0): type=1400 audit(0.0:14819): avc: denied { kill } for comm="swapper/3" capability=5 scontext=u:r:kernel:s0 tcontext=u:r:kernel:s0 tclass=capability permissive=0
12-31 04:53:59.859 I/auditd ( 0): type=1400 audit(0.0:14820): avc: denied { kill } for comm="swapper/3" capability=5 scontext=u:r:kernel:s0 tcontext=u:r:kernel:s0 tclass=capability permissive=0
12-31 04:54:00.711 I/service_manager_stats( 1505): [100,66,31926]
12-31 04:54:00.859 I/auditd ( 0): type=1400 audit(0.0:14821): avc: denied { kill } for comm="swapper/3" capability=5 scontext=u:r:kernel:s0 tcontext=u:r:kernel:s0 tclass=capability permissive=0
12-31 04:54:01.859 I/auditd ( 0): type=1400 audit(0.0:14822): avc: denied { kill } for comm="swapper/3" capability=5 scontext=u:r:kernel:s0 tcontext=u:r:kernel:s0 tclass=capability permissive=0
12-31 04:54:02.859 I/auditd ( 0): type=1400 audit(0.0:14823): avc: denied { kill } for comm="swapper/3" capability=5 scontext=u:r:kernel:s0 tcontext=u:r:kernel:s0 tclass=capability permissive=0
12-31 04:54:04.132 I/notification_enqueue( 1505): [10081,1996,com.android.systemui,2048,NULL,0,Notification(channel=updateNotification shortcut=null contentView=null vibrate=null sound=null defaults=0x0 flags=0x0 color=0x00000000 vis=PRIVATE),1]
12-31 04:54:04.133 I/sysui_multi_action( 1996): [757,111,758,2]
12-31 04:54:04.134 I/sysui_multi_action( 1996): [757,111,758,2]
12-31 04:54:04.338 I/input_focus( 1505): [Focus request c7621fa com.android.launcher3/com.android.launcher3.uioverrides.QuickstepLauncher,reason=UpdateInputWindows]
12-31 04:54:04.343 I/sysui_multi_action( 1505): [757,128,758,2,793,11895632,794,10008,795,11895632,796,26,798,0,806,android,857,DEVELOPER_IMPORTANT,858,4,947,0,1395,2,1500,11895426,1688,1]
12-31 04:54:04.343 I/notification_visibility( 1505): [-1|android|26|null|1000,0,11895632,11895632,0,0]
12-31 04:54:04.344 I/sysui_multi_action( 1505): [757,128,758,2,793,13159814,794,10008,795,13159814,796,32,798,1,806,android,857,USB,858,1,947,0,1395,2,1500,13159354,1688,1]
12-31 04:54:04.344 I/notification_visibility( 1505): [-1|android|32|null|1000,0,13159814,13159814,0,1]
12-31 04:54:04.345 I/sysui_multi_action( 1505): [757,127,758,2]
12-31 04:54:04.345 I/notification_panel_hidden( 1505):
12-31 04:54:04.372 I/input_focus( 1505): [Focus leaving c825af4 NotificationShade (server),reason=NOT_FOCUSABLE]
12-31 04:54:04.372 I/input_focus( 1505): [Focus entering c7621fa com.android.launcher3/com.android.launcher3.uioverrides.QuickstepLauncher (server),reason=setFocusedWindow]
12-31 04:54:04.859 I/auditd ( 0): type=1400 audit(0.0:14824): avc: denied { kill } for comm="swapper/3" capability=5 scontext=u:r:kernel:s0 tcontext=u:r:kernel:s0 tclass=capability permissive=0
12-31 04:54:05.200 I/input_interaction( 1505): Interaction with: c7621fa com.android.launcher3/com.android.launcher3.uioverrides.QuickstepLauncher (server), 3a8c96a com.android.systemui.ImageWallpaper (server), swipe-up (server), edge-swipe (server), PointerEventDispatcher0 (server),
12-31 04:54:05.334 I/wm_task_moved( 1505): [40,1,7]
12-31 04:54:05.334 I/wm_task_to_front( 1505): [0,40]
12-31 04:54:05.335 I/wm_focused_root_task( 1505): [0,0,40,1,bringingFoundTaskToFront]
12-31 04:54:05.336 I/wm_set_resumed_activity( 1505): [0,com.android.settings/.Settings,bringingFoundTaskToFront]
12-31 04:54:05.336 I/wm_new_intent( 1505): [0,2887587,40,com.android.settings/.Settings,android.intent.action.MAIN,NULL,NULL,270532608]
12-31 04:54:05.339 I/wm_pause_activity( 1505): [0,83241864,com.android.launcher3/.uioverrides.QuickstepLauncher,userLeaving=true,pauseBackTasks]
12-31 04:54:05.350 I/wm_on_top_resumed_lost_called( 2581): [83241864,com.android.launcher3.uioverrides.QuickstepLauncher,topStateChangedWhenResumed]
12-31 04:54:05.353 I/wm_on_paused_called( 2581): [83241864,com.android.launcher3.uioverrides.QuickstepLauncher,performPause]
12-31 04:54:05.356 I/wm_set_resumed_activity( 1505): [0,com.android.settings/.Settings,resumeTopActivityInnerLocked]
12-31 04:54:05.356 I/wm_add_to_stopping( 1505): [0,83241864,com.android.launcher3/.uioverrides.QuickstepLauncher,makeInvisible]
12-31 04:54:05.356 I/wm_resume_activity( 1505): [0,2887587,40,com.android.settings/.Settings]
12-31 04:54:05.370 I/sysui_multi_action( 1505): [757,803,799,window_time_0,802,25]
12-31 04:54:05.378 I/wm_on_restart_called(14955): [2887587,com.android.settings.Settings,performRestartActivity]
12-31 04:54:05.378 I/input_focus( 1505): [Focus leaving c7621fa com.android.launcher3/com.android.launcher3.uioverrides.QuickstepLauncher (server),reason=NO_WINDOW]
12-31 04:54:05.381 I/wm_on_start_called(14955): [2887587,com.android.settings.Settings,handleStartActivity]
12-31 04:54:05.381 I/snet_event_log(14955): [120484087,-1,]
12-31 04:54:05.382 I/wm_on_resume_called(14955): [2887587,com.android.settings.Settings,RESUME_ACTIVITY]
12-31 04:54:05.382 I/sysui_multi_action(14955): [757,35,758,1,833,0,1089,0]
12-31 04:54:05.383 I/sysui_multi_action(14955): [757,46,758,1,833,0,1089,0]
12-31 04:54:05.387 I/am_pss ( 1505): [17185,10096,com.tencent.tmgp.sgame:xg_vip_service,16103424,8716288,58368,112877568,0,17,7]
12-31 04:54:05.388 I/wm_on_top_resumed_gained_called(14955): [2887587,com.android.settings.Settings,topWhenResuming]
12-31 04:54:05.394 I/am_pss ( 1505): [18394,10064,com.android.deskclock,10208256,7507968,58368,92893184,0,19,6]
12-31 04:54:05.400 I/input_focus( 1505): [Focus request e08cafe com.android.settings/com.android.settings.Settings,reason=UpdateInputWindows]
12-31 04:54:05.407 I/am_pss ( 1505): [18371,10085,com.qualcomm.qti.qccauthmgr,7071744,4403200,58368,90767360,0,19,7]
12-31 04:54:05.412 I/input_focus( 1505): [Focus entering e08cafe com.android.settings/com.android.settings.Settings (server),reason=setFocusedWindow]
12-31 04:54:05.414 I/sysui_multi_action( 1505): [319,35,321,32,322,76,325,13171,757,761,758,9,759,4,806,com.android.settings,871,com.android.settings.Settings,904,com.android.launcher3,905,0,1320,8,1321,5]
12-31 04:54:05.415 I/am_pss ( 1505): [18355,10029,android.process.acore,14753792,10301440,58368,109367296,0,19,8]
12-31 04:54:05.904 I/wm_stop_activity( 1505): [0,83241864,com.android.launcher3/.uioverrides.QuickstepLauncher]
12-31 04:54:05.924 I/wm_on_stop_called( 2581): [83241864,com.android.launcher3.uioverrides.QuickstepLauncher,STOP_ACTIVITY_ITEM]
12-31 04:54:06.547 I/input_interaction( 1505): Interaction with: e08cafe com.android.settings/com.android.settings.Settings (server), swipe-up (server), edge-swipe (server), PointerEventDispatcher0 (server),
12-31 04:54:06.684 I/sysui_multi_action(14955): [757,830,758,4,833,0,854,top_level_display,1089,0]
12-31 04:54:06.785 I/sysui_multi_action(14955): [757,46,758,2,1089,1402]
12-31 04:54:06.815 I/sysui_multi_action(14955): [757,46,758,1,833,0,1089,23]
12-31 04:54:06.822 I/sysui_multi_action(14955): [757,1729,758,4,854,isParalleledControllers:false,1089,30]
12-31 04:54:06.859 I/auditd ( 0): type=1400 audit(0.0:14825): avc: denied { kill } for comm="swapper/3" capability=5 scontext=u:r:kernel:s0 tcontext=u:r:kernel:s0 tclass=capability permissive=0
12-31 04:54:07.852 I/sysui_multi_action(14955): [757,830,758,4,833,0,854,font_size,1089,0]
12-31 04:54:07.854 I/sysui_multi_action(14955): [757,46,758,2,1089,1039]
12-31 04:54:07.859 I/auditd ( 0): type=1400 audit(0.0:14826): avc: denied { kill } for comm="swapper/3" capability=5 scontext=u:r:kernel:s0 tcontext=u:r:kernel:s0 tclass=capability permissive=0
12-31 04:54:07.895 I/sysui_multi_action(14955): [757,340,758,1,833,0,1089,34]
12-31 04:54:08.859 I/auditd ( 0): type=1400 audit(0.0:14827): avc: denied { kill } for comm="swapper/3" capability=5 scontext=u:r:kernel:s0 tcontext=u:r:kernel:s0 tclass=capability permissive=0
12-31 04:54:09.859 I/auditd ( 0): type=1400 audit(0.0:14828): avc: denied { kill } for comm="swapper/3" capability=5 scontext=u:r:kernel:s0 tcontext=u:r:kernel:s0 tclass=capability permissive=0
12-31 04:54:10.627 I/configuration_changed( 1505): 1073741824
12-31 04:54:10.674 I/wm_relaunch_resume_activity( 1505): [0,2887587,40,com.android.settings/.Settings]
12-31 04:54:10.674 I/wm_on_top_resumed_lost_called(14955): [2887587,com.android.settings.Settings,pausing]
12-31 04:54:10.675 I/sysui_multi_action(14955): [757,35,758,2,1089,5293]
12-31 04:54:10.675 I/sysui_multi_action(14955): [757,340,758,2,1089,2780]
12-31 04:54:10.675 I/wm_on_paused_called(14955): [2887587,com.android.settings.Settings,performPause]
12-31 04:54:10.678 I/wm_relaunch_activity( 1505): [0,83241864,9,com.android.launcher3/.uioverrides.QuickstepLauncher]
12-31 04:54:10.678 I/wm_on_stop_called(14955): [2887587,com.android.settings.Settings,handleRelaunchActivity]
12-31 04:54:10.679 I/wm_add_to_stopping( 1505): [0,83241864,com.android.launcher3/.uioverrides.QuickstepLauncher,preloadRecents]
12-31 04:54:10.681 I/wm_on_destroy_called(14955): [2887587,com.android.settings.Settings,performDestroy]
12-31 04:54:10.695 I/sysui_multi_action( 1505): [324,1,757,1090,758,13,806,com.android.settings,871,com.android.settings.Settings,1091,5364]
12-31 04:54:10.721 I/wm_on_destroy_called( 2581): [83241864,com.android.launcher3.uioverrides.QuickstepLauncher,performDestroy]
12-31 04:54:10.809 I/wm_on_create_called( 2581): [83241864,com.android.launcher3.uioverrides.QuickstepLauncher,performCreate]
12-31 04:54:10.810 I/wm_on_start_called( 2581): [83241864,com.android.launcher3.uioverrides.QuickstepLauncher,handleStartActivity]
12-31 04:54:10.810 I/wm_on_resume_called( 2581): [83241864,com.android.launcher3.uioverrides.QuickstepLauncher,LIFECYCLER_RESUME_ACTIVITY]
12-31 04:54:10.813 I/wm_on_create_called(14955): [2887587,com.android.settings.Settings,performCreate]
12-31 04:54:10.815 I/wm_on_paused_called( 2581): [83241864,com.android.launcher3.uioverrides.QuickstepLauncher,performPause]
12-31 04:54:10.830 I/commit_sys_config_file( 1505): [settings-1-0,4]
12-31 04:54:10.837 I/wm_stop_activity( 1505): [0,83241864,com.android.launcher3/.uioverrides.QuickstepLauncher]
12-31 04:54:10.843 I/wm_on_stop_called( 2581): [83241864,com.android.launcher3.uioverrides.QuickstepLauncher,STOP_ACTIVITY_ITEM]
12-31 04:54:10.843 I/wm_on_start_called(14955): [2887587,com.android.settings.Settings,handleStartActivity]
12-31 04:54:10.843 I/snet_event_log(14955): [120484087,-1,]
12-31 04:54:10.844 I/wm_on_resume_called(14955): [2887587,com.android.settings.Settings,RESUME_ACTIVITY]
12-31 04:54:10.844 I/sysui_multi_action(14955): [757,340,758,1,833,0,1089,134]
12-31 04:54:10.844 I/sysui_multi_action(14955): [757,35,758,1,833,0,1089,18]
12-31 04:54:10.845 I/sysui_multi_action(14955): [757,1729,758,4,854,isParalleledControllers:false,1089,19]
12-31 04:54:10.846 I/wm_on_top_resumed_gained_called(14955): [2887587,com.android.settings.Settings,topWhenResuming]
12-31 04:54:10.859 I/auditd ( 0): type=1400 audit(0.0:14829): avc: denied { kill } for comm="swapper/3" capability=5 scontext=u:r:kernel:s0 tcontext=u:r:kernel:s0 tclass=capability permissive=0
12-31 04:54:10.892 I/input_focus( 1505): [Focus request ced2f0c com.android.settings/com.android.settings.Settings,reason=UpdateInputWindows]
12-31 04:54:10.943 I/input_focus( 1505): [Focus entering ced2f0c com.android.settings/com.android.settings.Settings (server),reason=Window became focusable. Previous reason: NOT_VISIBLE]
12-31 04:54:11.859 I/auditd ( 0): type=1400 audit(0.0:14830): avc: denied { kill } for comm="swapper/3" capability=5 scontext=u:r:kernel:s0 tcontext=u:r:kernel:s0 tclass=capability permissive=0
12-31 04:54:12.361 I/am_uid_active( 1505): 10096
12-31 04:54:13.859 I/auditd ( 0): type=1400 audit(0.0:14831): avc: denied { kill } for comm="swapper/3" capability=5 scontext=u:r:kernel:s0 tcontext=u:r:kernel:s0 tclass=capability permissive=0
12-31 04:54:14.243 I/input_interaction( 1505): Interaction with: ced2f0c com.android.settings/com.android.settings.Settings (server), swipe-up (server), edge-swipe (server), PointerEventDispatcher0 (server),
12-31 04:54:14.365 I/sysui_multi_action(14955): [757,340,758,2,1089,3521]
12-31 04:54:14.379 I/sysui_multi_action(14955): [757,46,758,1,833,0,1089,3679]
12-31 04:54:14.387 I/sysui_multi_action(14955): [757,1729,758,4,854,isParalleledControllers:false,1089,3687]
12-31 04:54:14.859 I/auditd ( 0): type=1400 audit(0.0:14832): avc: denied { kill } for comm="swapper/3" capability=5 scontext=u:r:kernel:s0 tcontext=u:r:kernel:s0 tclass=capability permissive=0
12-31 04:54:15.859 I/auditd ( 0): type=1400 audit(0.0:14833): avc: denied { kill } for comm="swapper/3" capability=5 scontext=u:r:kernel:s0 tcontext=u:r:kernel:s0 tclass=capability permissive=0
12-31 04:54:16.859 I/auditd ( 0): type=1400 audit(0.0:14834): avc: denied { kill } for comm="swapper/3" capability=5 scontext=u:r:kernel:s0 tcontext=u:r:kernel:s0 tclass=capability permissive=0
12-31 04:54:17.790 I/sysui_multi_action(14955): [757,830,758,4,833,0,854,top_level_about_device,1089,0]
12-31 04:54:17.894 I/sysui_multi_action(14955): [757,46,758,2,1089,3514]
12-31 04:54:17.944 I/sysui_multi_action(14955): [757,40,758,1,833,0,1089,37]
12-31 04:54:17.944 W/FeatureConnector(14955): [ImsConnector, 0] connect: not supported.
12-31 04:54:17.946 I/sysui_multi_action(14955): [757,1729,758,4,854,isParalleledControllers:false,1089,40]
12-31 04:54:18.859 I/auditd ( 0): type=1400 audit(0.0:14835): avc: denied { kill } for comm="swapper/3" capability=5 scontext=u:r:kernel:s0 tcontext=u:r:kernel:s0 tclass=capability permissive=0
12-31 04:54:20.859 I/auditd ( 0): type=1400 audit(0.0:14836): avc: denied { kill } for comm="swapper/0" capability=5 scontext=u:r:kernel:s0 tcontext=u:r:kernel:s0 tclass=capability permissive=0
12-31 04:54:20.950 I/sysui_multi_action(14955): [757,830,758,4,833,0,854,device_name,1089,0]
12-31 04:54:21.013 I/input_focus( 1505): [Focus request a531980 com.android.settings/com.android.settings.Settings,reason=UpdateInputWindows]
12-31 04:54:21.034 I/input_focus( 1505): [Focus leaving ced2f0c com.android.settings/com.android.settings.Settings (server),reason=setFocusedWindow]
12-31 04:54:21.035 I/input_focus( 1505): [Focus entering a531980 com.android.settings/com.android.settings.Settings (server),reason=setFocusedWindow]
12-31 04:54:22.859 I/auditd ( 0): type=1400 audit(0.0:14837): avc: denied { kill } for comm="swapper/0" capability=5 scontext=u:r:kernel:s0 tcontext=u:r:kernel:s0 tclass=capability permissive=0
12-31 04:54:23.859 I/auditd ( 0): type=1400 audit(0.0:14838): avc: denied { kill } for comm="swapper/0" capability=5 scontext=u:r:kernel:s0 tcontext=u:r:kernel:s0 tclass=capability permissive=0
12-31 04:54:24.859 I/auditd (15515): type=1400 audit(0.0:14839): avc: denied { kill } for comm="kworker/u16:17" capability=5 scontext=u:r:kernel:s0 tcontext=u:r:kernel:s0 tclass=capability permissive=0
12-31 04:54:25.859 I/auditd ( 0): type=1400 audit(0.0:14840): avc: denied { kill } for comm="swapper/0" capability=5 scontext=u:r:kernel:s0 tcontext=u:r:kernel:s0 tclass=capability permissive=0
12-31 04:54:26.610 I/input_interaction( 1505): Interaction with: a531980 com.android.settings/com.android.settings.Settings (server), swipe-up (server), edge-swipe (server), PointerEventDispatcher0 (server),
12-31 04:54:26.764 I/input_focus( 1505): [Focus request ced2f0c com.android.settings/com.android.settings.Settings,reason=UpdateInputWindows]
12-31 04:54:26.782 I/sysui_multi_action(14955): [757,1219,758,1,833,0,1089,17]
12-31 04:54:26.782 I/input_focus( 1505): [Focus entering ced2f0c com.android.settings/com.android.settings.Settings (server),reason=setFocusedWindow]
12-31 04:54:26.798 I/input_focus( 1505): [Focus request 1f319d3 com.android.settings/com.android.settings.Settings,reason=UpdateInputWindows]
12-31 04:54:26.822 I/input_focus( 1505): [Focus leaving ced2f0c com.android.settings/com.android.settings.Settings (server),reason=setFocusedWindow]
12-31 04:54:26.823 I/input_focus( 1505): [Focus entering 1f319d3 com.android.settings/com.android.settings.Settings (server),reason=setFocusedWindow]
12-31 04:54:27.859 I/auditd ( 0): type=1400 audit(0.0:14841): avc: denied { kill } for comm="swapper/5" capability=5 scontext=u:r:kernel:s0 tcontext=u:r:kernel:s0 tclass=capability permissive=0
12-31 04:54:28.859 I/auditd ( 0): type=1400 audit(0.0:14842): avc: denied { kill } for comm="swapper/5" capability=5 scontext=u:r:kernel:s0 tcontext=u:r:kernel:s0 tclass=capability permissive=0
12-31 04:54:29.346 I/input_interaction( 1505): Interaction with: 1f319d3 com.android.settings/com.android.settings.Settings (server), swipe-up (server), edge-swipe (server), PointerEventDispatcher0 (server),
12-31 04:54:29.500 I/sysui_multi_action(14955): [757,1219,758,2,1089,2718]
12-31 04:54:29.502 I/input_focus( 1505): [Focus request ced2f0c com.android.settings/com.android.settings.Settings,reason=UpdateInputWindows]
12-31 04:54:29.518 I/am_pss ( 1505): [18394,10064,com.android.deskclock,10288128,7573504,58368,93204480,0,19,6]
12-31 04:54:29.519 I/input_focus( 1505): [Focus entering ced2f0c com.android.settings/com.android.settings.Settings (server),reason=setFocusedWindow]
12-31 04:54:29.677 I/commit_sys_config_file( 1505): [settings-0-0,5]
12-31 04:54:29.715 I/commit_sys_config_file( 1505): [settings-2-0,3]
12-31 04:54:29.859 I/auditd ( 0): type=1400 audit(0.0:14843): avc: denied { kill } for comm="swapper/5" capability=5 scontext=u:r:kernel:s0 tcontext=u:r:kernel:s0 tclass=capability permissive=0
12-31 04:54:30.662 I/input_interaction( 1505): Interaction with: ced2f0c com.android.settings/com.android.settings.Settings (server), swipe-up (server), edge-swipe (server), PointerEventDispatcher0 (server),
12-31 04:54:30.859 I/auditd ( 0): type=1400 audit(0.0:14844): avc: denied { kill } for comm="swapper/5" capability=5 scontext=u:r:kernel:s0 tcontext=u:r:kernel:s0 tclass=capability permissive=0
12-31 04:54:31.859 I/auditd ( 0): type=1400 audit(0.0:14845): avc: denied { kill } for comm="swapper/5" capability=5 scontext=u:r:kernel:s0 tcontext=u:r:kernel:s0 tclass=capability permissive=0
12-31 04:54:33.537 I/sysui_multi_action(14955): [757,830,758,4,833,0,854,top_level_game,1089,0]
12-31 04:54:33.638 I/sysui_multi_action(14955): [757,40,758,2,1089,15695]
12-31 04:54:33.656 I/sysui_multi_action(14955): [757,3000,758,1,833,0,1089,14]
12-31 04:54:33.656 I/sysui_multi_action(14955): [757,1729,758,4,854,isParalleledControllers:false,1089,14]
12-31 04:54:33.859 I/auditd ( 0): type=1400 audit(0.0:14846): avc: denied { kill } for comm="swapper/2" capability=5 scontext=u:r:kernel:s0 tcontext=u:r:kernel:s0 tclass=capability permissive=0
12-31 04:54:34.859 I/auditd ( 0): type=1400 audit(0.0:14847): avc: denied { kill } for comm="swapper/2" capability=5 scontext=u:r:kernel:s0 tcontext=u:r:kernel:s0 tclass=capability permissive=0
12-31 04:54:35.678 I/sysui_multi_action(14955): [757,830,758,4,833,0,854,game_setting_gpu,1089,0]
12-31 04:54:35.682 I/sysui_multi_action(14955): [757,3000,758,2,1089,2025]
12-31 04:54:35.718 I/sysui_multi_action(14955): [757,3000,758,1,833,0,1089,34]
12-31 04:54:35.719 I/sysui_multi_action(14955): [757,1729,758,4,854,isParalleledControllers:false,1089,35]
12-31 04:54:35.859 I/auditd ( 0): type=1400 audit(0.0:14848): avc: denied { kill } for comm="swapper/2" capability=5 scontext=u:r:kernel:s0 tcontext=u:r:kernel:s0 tclass=capability permissive=0
12-31 04:54:36.652 I/sysui_multi_action(14955): [757,830,758,4,833,0,854,game_setting_gpu_custom_dpi,1089,0]
12-31 04:54:36.659 I/input_focus( 1505): [Focus request 2256934 PopupWindow:f827fde,reason=UpdateInputWindows]
12-31 04:54:36.688 I/input_focus( 1505): [Focus leaving ced2f0c com.android.settings/com.android.settings.Settings (server),reason=setFocusedWindow]
12-31 04:54:36.688 I/input_focus( 1505): [Focus entering 2256934 PopupWindow:f827fde (server),reason=setFocusedWindow]
12-31 04:54:37.859 I/auditd ( 0): type=1400 audit(0.0:14849): avc: denied { kill } for comm="swapper/2" capability=5 scontext=u:r:kernel:s0 tcontext=u:r:kernel:s0 tclass=capability permissive=0
