12-31 04:56:45.859 I/auditd ( 0): type=1400 audit(0.0:14966): avc: denied { kill } for comm="swapper/2" capability=5 scontext=u:r:kernel:s0 tcontext=u:r:kernel:s0 tclass=capability permissive=0
12-31 04:56:45.859 W/swapper/2( 0): type=1400 audit(0.0:14966): avc: denied { kill } for capability=5 scontext=u:r:kernel:s0 tcontext=u:r:kernel:s0 tclass=capability permissive=0
12-31 04:56:45.916 I/mpu_uart( 645): [MSG-P:RECV]:No message received in 1000 ms
01-01 11:42:15.302 D/ ( 0): mv2112_read_status
01-01 11:42:15.302 D/mv2112_update_link( 0): 3.0x901(1G): 0x80
01-01 11:42:15.303 D/mv2112_update_link( 0): 3.0x8109(100M): 0x8
01-01 11:42:15.303 D/mv2112_update_link( 0): link 0x0
01-01 11:42:15.303 D/mv2112_read_status( 0): autoneg is disabled
12-31 04:56:46.859 I/auditd ( 0): type=1400 audit(0.0:14967): avc: denied { kill } for comm="swapper/2" capability=5 scontext=u:r:kernel:s0 tcontext=u:r:kernel:s0 tclass=capability permissive=0
12-31 04:56:46.859 W/swapper/2( 0): type=1400 audit(0.0:14967): avc: denied { kill } for capability=5 scontext=u:r:kernel:s0 tcontext=u:r:kernel:s0 tclass=capability permissive=0
12-31 04:56:46.917 I/mpu_uart( 645): [MSG-P:RECV]:No message received in 1000 ms
01-01 11:42:16.326 D/ ( 0): mv2112_read_status
01-01 11:42:16.326 D/mv2112_update_link( 0): 3.0x901(1G): 0x80
01-01 11:42:16.327 D/mv2112_update_link( 0): 3.0x8109(100M): 0x8
01-01 11:42:16.327 D/mv2112_update_link( 0): link 0x0
01-01 11:42:16.327 D/mv2112_read_status( 0): autoneg is disabled
12-31 04:56:47.859 I/auditd ( 0): type=1400 audit(0.0:14968): avc: denied { kill } for comm="swapper/2" capability=5 scontext=u:r:kernel:s0 tcontext=u:r:kernel:s0 tclass=capability permissive=0
12-31 04:56:47.859 W/swapper/2( 0): type=1400 audit(0.0:14968): avc: denied { kill } for capability=5 scontext=u:r:kernel:s0 tcontext=u:r:kernel:s0 tclass=capability permissive=0
12-31 04:56:47.917 I/mpu_uart( 645): [MSG-P:RECV]:No message received in 1000 ms
12-31 04:56:48.783 I/mpu_uart( 645): [MSG-P:R]:recv sync frame timeout
01-01 11:42:17.350 D/ ( 0): mv2112_read_status
01-01 11:42:17.350 D/mv2112_update_link( 0): 3.0x901(1G): 0x80
01-01 11:42:17.350 D/mv2112_update_link( 0): 3.0x8109(100M): 0x8
01-01 11:42:17.350 D/mv2112_update_link( 0): link 0x0
01-01 11:42:17.350 D/mv2112_read_status( 0): autoneg is disabled
12-31 04:56:48.859 I/auditd ( 0): type=1400 audit(0.0:14969): avc: denied { kill } for comm="swapper/2" capability=5 scontext=u:r:kernel:s0 tcontext=u:r:kernel:s0 tclass=capability permissive=0
12-31 04:56:48.859 W/swapper/2( 0): type=1400 audit(0.0:14969): avc: denied { kill } for capability=5 scontext=u:r:kernel:s0 tcontext=u:r:kernel:s0 tclass=capability permissive=0
12-31 04:56:48.917 I/mpu_uart( 645): [MSG-P:RECV]:No message received in 1000 ms
12-31 04:56:49.453 I/PowerManagerService( 1505): Napping display group (groupId=0, uid=1000)...
12-31 04:56:49.453 I/PowerManagerService( 1505): Nap time (uid 1000)...
12-31 04:56:49.456 I/DreamManagerService( 1505): Entering dreamland.
12-31 04:56:49.458 I/PowerManagerService( 1505): Dreaming...
12-31 04:56:49.461 I/DreamController( 1505): Starting dream: name=ComponentInfo{com.thundercomm.screensaver/com.thundercomm.saverclock.service.ClockScreensaver}, isTest=false, canDoze=false, userId=0
12-31 04:56:49.461 I/sysui_multi_action( 1505): [757,222,758,1]
12-31 04:56:49.464 I/am_uid_running( 1505): 10052
12-31 04:56:49.465 D/CompatibilityChangeReporter( 1505): Compat change id reported: 135634846; UID 10052; state: DISABLED
12-31 04:56:49.465 D/CompatibilityChangeReporter( 1505): Compat change id reported: 177438394; UID 10052; state: DISABLED
12-31 04:56:49.465 D/CompatibilityChangeReporter( 1505): Compat change id reported: 135772972; UID 10052; state: DISABLED
12-31 04:56:49.466 D/CompatibilityChangeReporter( 1505): Compat change id reported: 135754954; UID 10052; state: ENABLED
12-31 04:56:49.466 D/CompatibilityChangeReporter( 1505): Compat change id reported: 143937733; UID 10052; state: ENABLED
12-31 04:56:49.468 V/ShadeControllerImpl( 1996): NotificationShadeWindow: com.android.systemui.statusbar.phone.NotificationShadeWindowView{4e0460 I.E...... ......ID 0,0-2380,1020} canPanelBeCollapsed(): false
12-31 04:56:49.475 I/am_pss ( 1505): [18642,1000,com.android.settings,26369024,14831616,62464,116543488,0,19,9]
12-31 04:56:49.480 D/Zygote ( 665): Forked child process 18665
12-31 04:56:49.481 I/am_proc_start( 1505): [0,18665,10052,com.thundercomm.screensaver,service,{com.thundercomm.screensaver/com.thundercomm.saverclock.service.ClockScreensaver}]
12-31 04:56:49.481 I/ActivityManager( 1505): Start proc 18665:com.thundercomm.screensaver/u0a52 for service {com.thundercomm.screensaver/com.thundercomm.saverclock.service.ClockScreensaver}
12-31 04:56:49.481 I/am_pss ( 1505): [17977,1000,com.qti.diagservices,7313408,4317184,61440,89468928,0,10,5]
12-31 04:56:49.505 E/omm.screensave(18665): Not starting debugger since process cannot load the jdwp agent.
01-01 11:42:18.037 I/binder ( 0): 18665:18665 ioctl 40046210 7ff0741de4 returned -22
12-31 04:56:49.508 D/ProcessState(18665): Binder ioctl to enable oneway spam detection failed: Invalid argument
12-31 04:56:49.515 I/am_proc_bound( 1505): [0,18665,com.thundercomm.screensaver]
12-31 04:56:49.516 D/CompatibilityInfo( 1505): mCompatibilityFlags - 4
12-31 04:56:49.517 D/CompatibilityInfo( 1505): applicationDensity - 240
12-31 04:56:49.517 D/CompatibilityInfo( 1505): applicationScale - 1.0
12-31 04:56:49.519 I/am_uid_active( 1505): 10052
12-31 04:56:49.523 D/CompatibilityInfo( 1505): mCompatibilityFlags - 4
12-31 04:56:49.523 D/CompatibilityInfo( 1505): applicationDensity - 240
12-31 04:56:49.523 D/CompatibilityInfo( 1505): applicationScale - 1.0
12-31 04:56:49.526 D/CompatibilityChangeReporter(18665): Compat change id reported: 171979766; UID 10052; state: ENABLED
12-31 04:56:49.540 I/Perf (18665): Connecting to perf service.
12-31 04:56:49.543 V/GraphicsEnvironment(18665): ANGLE Developer option for 'com.thundercomm.screensaver' set to: 'default'
12-31 04:56:49.543 V/GraphicsEnvironment(18665): ANGLE GameManagerService for com.thundercomm.screensaver: false
12-31 04:56:49.543 D/NetworkSecurityConfig(18665): Using Network Security Config from resource network_security_config debugBuild: false
12-31 04:56:49.544 D/NetworkSecurityConfig(18665): Using Network Security Config from resource network_security_config debugBuild: false
12-31 04:56:49.545 I/ScreenSaver_12(18665): [ScreenSaverApplication] onCreate
12-31 04:56:49.551 D/ScreenSaver_12(18665): [ScreensaverManager] connect:108 start connect screensaver service...
12-31 04:56:49.551 D/ScreenSaver_12(18665): [ScreensaverManager] bindService:113 start bindService
12-31 04:56:49.552 D/CompatibilityInfo( 1505): mCompatibilityFlags - 4
12-31 04:56:49.552 D/CompatibilityInfo( 1505): applicationDensity - 240
12-31 04:56:49.552 D/CompatibilityInfo( 1505): applicationScale - 1.0
12-31 04:56:49.552 D/ScreenSaver_12(18665): [ScreensaverManager] bindService:120 bindService mIsBind: true
12-31 04:56:49.558 I/ScreenSaver_12(18665): [AlbumSettings] readSubscribedThemesLocked readSubscribedThemesLocked.size: 1
12-31 04:56:49.558 I/ScreenSaver_12(18665): [AlbumSettings] readMoreThemesLocked mMoreThemes.size: 0
12-31 04:56:49.560 I/ScreenSaver_12(18665): [AlbumSettings] readSubscribedThemesLocked readSubscribedThemesLocked.size: 1
12-31 04:56:49.560 I/ScreenSaver_12(18665): [AlbumSettings] readMoreThemesLocked mMoreThemes.size: 0
12-31 04:56:49.565 I/ScreenSaver_12(18665): [ScreensaverService] started
12-31 04:56:49.566 D/MicroServiceManager(18665): add linkToDeath
12-31 04:56:49.566 D/MicroServiceManager(18665): bindMicroService: called already get service
12-31 04:56:49.566 D/ScreenSaver_12(18665): [ScreensaverMicroService] getInstance:38 getInstance
12-31 04:56:49.566 I/ScreenSaver_12(18665): [ScreensaverMicroService] ScreensaverMicroService
12-31 04:56:49.567 I/ScreenSaver_12(18665): [ScreensaverMicroService] initMicroService
12-31 04:56:49.567 I/MicroServiceManager(18665): addCommonCallbackListener add listener
12-31 04:56:49.567 I/MicroServiceManager(18665): addConnectChangedListener add listener
12-31 04:56:49.567 D/ScreenSaver_12(18665): [ScreensaverMicroService] onBindStatus:159 connect micro service ok!!!
12-31 04:56:49.567 I/ScreenSaver_12(18665): [ScreensaverService] onBind
12-31 04:56:49.567 D/ScreenSaver_12(18665): [ScreensaverService] getBinder:39 getBinder
12-31 04:56:49.567 I/MicroService( 2096): registerCommonListener: 2
12-31 04:56:49.567 D/ScreenSaver_12(18665): [ScreensaverService] getBinder:43 action: com.thundercomm.serviceserver.microservice.IBinderScreensaverService
12-31 04:56:49.567 I/MicroService( 2096): registerConnectListener: 2
12-31 04:56:49.567 I/MicroService( 2096): onConnectStateChanged: -1
12-31 04:56:49.567 I/MicroService( 2096): onConnectStateChanged count = 2
12-31 04:56:49.568 D/SettingMicroservices( 2131): onNettyConnectState: -1mLastNettyState: -1
12-31 04:56:49.568 D/ScreenSaver_12(18665): [ScreensaverMicroService] onConnectStateChange:133 onConnectStateChange: -1, mLastNettyState: 0
12-31 04:56:49.568 D/ScreenSaver_12(18665): [ScreensaverMicroService] onConnectStateChange:142 disconnect
12-31 04:56:49.572 I/ActivityTaskManager( 1505): START u0 {flg=0x10000000 pkg=com.thundercomm.screensaver cmp=com.thundercomm.screensaver/android.service.dreams.DreamActivity (has extras)} from uid 10052
12-31 04:56:49.573 I/EventSequenceValidator( 1505): inc AccIntentStartedEvents to 2
12-31 04:56:49.573 D/CompatibilityChangeReporter( 1505): Compat change id reported: 184838306; UID 10052; state: DISABLED
12-31 04:56:49.574 D/CompatibilityChangeReporter( 1505): Compat change id reported: 185004937; UID 10052; state: DISABLED
12-31 04:56:49.575 D/CompatibilityChangeReporter( 1505): Compat change id reported: 181136395; UID 10052; state: DISABLED
12-31 04:56:49.575 D/CompatibilityChangeReporter( 1505): Compat change id reported: 174042936; UID 10052; state: DISABLED
12-31 04:56:49.576 D/CompatibilityChangeReporter( 1505): Compat change id reported: 174042980; UID 10052; state: DISABLED
12-31 04:56:49.577 I/wm_task_created( 1505): [49,-1]
12-31 04:56:49.577 W/ActivityTaskManager( 1505): Can't find TaskDisplayArea to determine support for multi window. Task id=49 attached=false
12-31 04:56:49.582 I/wm_task_moved( 1505): [49,1,6]
12-31 04:56:49.582 I/wm_task_to_front( 1505): [0,49]
12-31 04:56:49.582 I/wm_on_top_resumed_lost_called( 2581): [83241864,com.android.launcher3.uioverrides.QuickstepLauncher,topStateChangedWhenResumed]
12-31 04:56:49.582 I/wm_create_task( 1505): [0,49]
12-31 04:56:49.582 I/wm_create_activity( 1505): [0,140657200,49,com.thundercomm.screensaver/android.service.dreams.DreamActivity,NULL,NULL,NULL,276824064]
12-31 04:56:49.582 I/wm_task_moved( 1505): [49,1,6]
12-31 04:56:49.582 D/CompatibilityInfo( 1505): mCompatibilityFlags - 4
12-31 04:56:49.582 D/CompatibilityInfo( 1505): applicationDensity - 240
12-31 04:56:49.582 D/CompatibilityInfo( 1505): applicationScale - 1.0
12-31 04:56:49.583 D/ActivityTrigger( 1505): ActivityTrigger activityPauseTrigger
12-31 04:56:49.583 I/wm_pause_activity( 1505): [0,83241864,com.android.launcher3/.uioverrides.QuickstepLauncher,userLeaving=true,pauseBackTasks]
12-31 04:56:49.584 D/ScreenSaver_12(18665): [ScreensaverManager] onServiceConnected:129 ScreensaverManager onServiceConnected
12-31 04:56:49.585 D/ScreenSaver_12(18665): [ScreensaverManager] onServiceConnected:134 onServiceConnected: iBinder is success!
12-31 04:56:49.585 D/ScreenSaver_12(18665): [ScreensaverServiceBinder] registerScreensaverCallback:147 registerScreensaverCallback:
12-31 04:56:49.585 I/ScreenSaver_12(18665): [ScreensaverManager] subscribe screensaverService and mode Callback ok!
12-31 04:56:49.585 D/ScreenSaver_12(18665): [ScreensaverManager] requestRemoteThemeMoreData:303 requestRemoteThemeMoreData
12-31 04:56:49.585 I/wm_on_paused_called( 2581): [83241864,com.android.launcher3.uioverrides.QuickstepLauncher,performPause]
12-31 04:56:49.585 I/MicroServiceManager(18665): responseResult(requestRemoteScreensaverData) result is{"fsem_request_screensaver_data_type":"screensaver_theme_more","result":"RESULT_SUCCESS"}.
12-31 04:56:49.585 D/ScreenSaver_12(18665): [ScreensaverManager] requestRemoteCustomOtherData:318 requestRemoteCustomOtherData
12-31 04:56:49.585 I/MicroServiceManager(18665): responseResult(requestRemoteScreensaverData) result is{"fsem_request_screensaver_data_type":"screensaver_custom_other","result":"RESULT_SUCCESS"}.
12-31 04:56:49.585 E/MicroService( 2096): Client is not connected.
12-31 04:56:49.585 E/MicroService( 2096): Client is not connected.
12-31 04:56:49.585 E/MicroService( 2096): Client is not connected.
12-31 04:56:49.585 E/MicroService( 2096): Client is not connected.
12-31 04:56:49.586 I/ActivityTaskManager( 1505): FOREGROUND_APPLICATION_CHANGED to android.service.dreams.DreamActivity
12-31 04:56:49.586 I/ActivityTaskManager( 1505): The Process com.thundercomm.screensaver Already Exists in BG. So sending its PID: 18665
12-31 04:56:49.586 I/wm_add_to_stopping( 1505): [0,83241864,com.android.launcher3/.uioverrides.QuickstepLauncher,makeInvisible]
12-31 04:56:49.586 I/wm_restart_activity( 1505): [0,140657200,49,com.thundercomm.screensaver/android.service.dreams.DreamActivity]
12-31 04:56:49.586 D/CompatibilityInfo( 1505): mCompatibilityFlags - 4
12-31 04:56:49.586 D/CompatibilityInfo( 1505): applicationDensity - 240
12-31 04:56:49.586 D/CompatibilityInfo( 1505): applicationScale - 1.0
12-31 04:56:49.587 I/wm_set_resumed_activity( 1505): [0,com.thundercomm.screensaver/android.service.dreams.DreamActivity,minimalResumeActivityLocked]
12-31 04:56:49.590 I/sysui_multi_action( 1505): [757,803,799,window_time_0,802,59]
12-31 04:56:49.590 I/GameMode_ActivityMonitoringService(12686): onForegroundActivitiesChanged uid 10052 pid 18665 fg true
12-31 04:56:49.594 I/wm_on_create_called(18665): [140657200,android.service.dreams.DreamActivity,performCreate]
12-31 04:56:49.594 I/wm_on_start_called(18665): [140657200,android.service.dreams.DreamActivity,handleStartActivity]
12-31 04:56:49.595 I/wm_on_resume_called(18665): [140657200,android.service.dreams.DreamActivity,RESUME_ACTIVITY]
12-31 04:56:49.596 I/GameMode_ActivityMonitoringService(12686): Updating top task to: TaskInfoContainer [topActivity=ComponentInfo{com.thundercomm.screensaver/android.service.dreams.DreamActivity}, taskId=49, stackId=49, userId=0, displayId=0, position=6
12-31 04:56:49.596 I/GameMode_ActivityMonitoringService(12686): Notifying about top task: TaskInfoContainer [topActivity=ComponentInfo{com.thundercomm.screensaver/android.service.dreams.DreamActivity}, taskId=49, stackId=49, userId=0, displayId=0, position=6
12-31 04:56:49.596 E/GameMode_ActivityMonitoringService(12686): onActivityLaunch:com.thundercomm.screensaver
12-31 04:56:49.596 V/GameMode_GameTypeUtils(12686): judge isGame:com.thundercomm.screensaver
12-31 04:56:49.596 V/GameMode_GpuUtils(12686): fps:60
12-31 04:56:49.598 D/GameMode_GameModeActionUtils(12686): Show GameMode entry by service!
12-31 04:56:49.598 W/ContextImpl(12686): Calling a method in the system process without a qualified user: android.app.ContextImpl.startService:1816 android.content.ContextWrapper.startService:774 com.thundercomm.gamemode.ingame.services.GameModeActionUtils.startGameModeService:99 com.thundercomm.gamemode.ingame.services.GameModeActionUtils.startGameModeEntry:22 com.thundercomm.gamemode.ingame.services.ActivityMonitoringService$1.onActivityLaunch:127
12-31 04:56:49.599 D/GameModeIF_GameModeSettings(12686): getUriFor setting_content_uri_root = content://com.thundercomm.gamemode.api/gamemode_settings , name = gamemode_isgaming
12-31 04:56:49.599 D/GameMode_GameModeService(12686): type=hide_entry
12-31 04:56:49.599 W/WindowManager( 1505): Failed looking up window session=Session{f6fcd3a 18665:u0a10052} callers=com.android.server.wm.WindowManagerService.windowForClientLocked:5628 com.android.server.wm.Session.insetsModified:629 android.view.IWindowSession$Stub.onTransact:1151
12-31 04:56:49.600 D/KeyguardViewMediator( 1996): setOccluded true
12-31 04:56:49.601 I/GameModeConfig( 1505): Current uri is uri = content://com.thundercomm.gamemode.api/gamemode_settings/gamemode_isgaming
12-31 04:56:49.601 I/wm_on_top_resumed_gained_called(18665): [140657200,android.service.dreams.DreamActivity,topStateChangedWhenResumed]
12-31 04:56:49.601 D/GameModeIF_GameModeSettings( 1505): getUriFor setting_content_uri_root = content://com.thundercomm.gamemode.api/gamemode_settings , name = gamemode_isgaming
12-31 04:56:49.601 D/GameModeIF_GameModeSettings(12686): gamemode_isgaming set to 0
12-31 04:56:49.602 V/KeyguardUpdateMonitor( 1996): startListeningForFingerprint()
12-31 04:56:49.602 I/GameModeConfig( 1505): isGameModeOn = false
12-31 04:56:49.603 D/KeyguardViewMediator( 1996): adjustStatusBarLocked: mShowing=false mOccluded=true isSecure=false force=false --> flags=0x0
12-31 04:56:49.603 I/GameModeConfig( 1505): isGameModeOn = false
12-31 04:56:49.603 I/GameModeConfig( 1505): isDisableVoice = true
12-31 04:56:49.605 I/input_focus( 1505): [Focus leaving 3670d14 com.android.launcher3/com.android.launcher3.uioverrides.QuickstepLauncher (server),reason=NO_WINDOW]
12-31 04:56:49.605 D/GameMode_GameSettingsObserver(12686): Game Data change!!!! uri = content://com.thundercomm.gamemode.api/gamemode_settings/gamemode_isgaming
12-31 04:56:49.606 D/GameModeIF_GameModeSettings(12686): getUriFor setting_content_uri_root = content://com.thundercomm.gamemode.api/gamemode_settings , name = gamemode_isgaming
12-31 04:56:49.607 D/GameMode_GameModeService(12686): updateGlobalSettings = gamemode_isgaming
12-31 04:56:49.610 E/ThemeUtils(18665): View class androidx.appcompat.widget.AppCompatImageView is an AppCompat widget that can only be used with a Theme.AppCompat theme (or descendant).
12-31 04:56:49.612 E/ThemeUtils(18665): View class androidx.appcompat.widget.AppCompatImageView is an AppCompat widget that can only be used with a Theme.AppCompat theme (or descendant).
12-31 04:56:49.612 E/ThemeUtils(18665): View class androidx.appcompat.widget.AppCompatImageView is an AppCompat widget that can only be used with a Theme.AppCompat theme (or descendant).
12-31 04:56:49.612 E/ThemeUtils(18665): View class androidx.appcompat.widget.AppCompatImageView is an AppCompat widget that can only be used with a Theme.AppCompat theme (or descendant).
12-31 04:56:49.616 D/CompatibilityChangeReporter(18665): Compat change id reported: 170233598; UID 10052; state: DISABLED
12-31 04:56:49.624 I/input_focus( 1505): [Focus request 118d9e1 com.thundercomm.screensaver/android.service.dreams.DreamActivity,reason=UpdateInputWindows]
12-31 04:56:49.624 I/BpBinder( 909): onLastStrongRef automatically unlinking death recipients:
12-31 04:56:49.625 I/AdrenoGLES-0(18665): QUALCOMM build : 47421dbee6, I139f36ad46
12-31 04:56:49.625 I/AdrenoGLES-0(18665): Build Date : 02/18/22
12-31 04:56:49.625 I/AdrenoGLES-0(18665): OpenGL ES Shader Compiler Version: EV031.32.02.17
12-31 04:56:49.625 I/AdrenoGLES-0(18665): Local Branch :
12-31 04:56:49.625 I/AdrenoGLES-0(18665): Remote Branch :
12-31 04:56:49.625 I/AdrenoGLES-0(18665): Remote Branch :
12-31 04:56:49.625 I/AdrenoGLES-0(18665): Reconstruct Branch :
12-31 04:56:49.626 I/AdrenoGLES-0(18665): Build Config : S P 10.0.7 AArch64
12-31 04:56:49.626 I/AdrenoGLES-0(18665): Driver Path : /vendor/lib64/egl/libGLESv2_adreno.so
12-31 04:56:49.626 I/hwservicemanager( 502): getTransport: Cannot find entry android.hardware.graphics.mapper@4.0::IMapper/default in either framework or device VINTF manifest.
12-31 04:56:49.628 I/AdrenoGLES-0(18665): PFP: 0x016dd093, ME: 0x00000000
12-31 04:56:49.632 D/libEGL (18665): MSAA-->msaa:0 gamemode:0 4x_msaa:0
12-31 04:56:49.632 D/libEGL (18665): MSAA-->msaa:0 gamemode:0 4x_msaa:0
12-31 04:56:49.632 D/libEGL (18665): MSAA-->msaa:0 gamemode:0 4x_msaa:0
12-31 04:56:49.634 I/SDM ( 832): HWCDisplay::GetColorModeCount: Supported color mode count = 1
12-31 04:56:49.635 I/SDM ( 832): HWCDisplay::GetColorModes: Color mode = 0 is supported
12-31 04:56:49.635 E/HWComposer( 909): getSupportedContentTypes: getSupportedContentTypes failed for display 4630946370410392961: Unsupported (8)
12-31 04:56:49.635 D/hw-ProcessState(18665): Binder ioctl to enable oneway spam detection failed: Invalid argument
12-31 04:56:49.636 I/hwservicemanager( 502): getTransport: Cannot find entry android.hardware.graphics.mapper@4.0::IMapper/default in either framework or device VINTF manifest.
12-31 04:56:49.636 I/Gralloc4(18665): mapper 4.x is not supported
12-31 04:56:49.636 I/hwservicemanager( 502): getTransport: Cannot find entry android.hardware.graphics.allocator@4.0::IAllocator/default in either framework or device VINTF manifest.
12-31 04:56:49.636 W/Gralloc4(18665): allocator 4.x is not supported
01-01 11:42:18.164 I/binder ( 0): 18665:18690 ioctl 40046210 7141f1b1f4 returned -22
12-31 04:56:49.640 W/View ( 1996): requestLayout() improperly called by android.widget.FrameLayout{7ce9444 I.E...... ......ID 0,0-780,198 #2bc} during second layout pass: posting in next frame
12-31 04:56:49.640 W/View ( 1996): requestLayout() improperly called by com.android.systemui.statusbar.AlphaOptimizedImageView{476e623 VFED..C.. ......ID 0,0-140,198} during second layout pass: posting in next frame
12-31 04:56:49.640 W/View ( 1996): requestLayout() improperly called by android.widget.FrameLayout{ef542c I.E...... ......ID 0,0-780,198 #2bc} during second layout pass: posting in next frame
12-31 04:56:49.640 W/View ( 1996): requestLayout() improperly called by com.android.systemui.statusbar.AlphaOptimizedImageView{e8a8227 VFED..C.. ......ID 0,0-140,84} during second layout pass: posting in next frame
12-31 04:56:49.647 I/sysui_multi_action( 1505): [319,73,322,73,325,13335,757,761,758,8,759,2,806,com.thundercomm.screensaver,871,android.service.dreams.DreamActivity,904,com.thundercomm.screensaver,905,0,1320,4,1321,2]
12-31 04:56:49.647 V/DisplayPowerController[0]( 1505): Brightness [1.0] reason changing to: 'manual', previous reason: 'manual [ dim ]'.
12-31 04:56:49.647 I/sysui_multi_action( 1505): [757,1696,758,6,759,3]
12-31 04:56:49.647 I/wm_activity_launch_time( 1505): [0,140657200,com.thundercomm.screensaver/android.service.dreams.DreamActivity,73]
12-31 04:56:49.647 I/EventSequenceValidator( 1505): dec AccIntentStartedEvents to 1
12-31 04:56:49.647 I/ActivityTaskManager( 1505): Displayed com.thundercomm.screensaver/android.service.dreams.DreamActivity: +73ms
12-31 04:56:49.655 E/DisplayDeviceConfig( 1505): requesting nits when no mapping exists.
12-31 04:56:49.655 E/DisplayDeviceConfig( 1505): requesting nits when no mapping exists.
12-31 04:56:49.655 W/View ( 1996): requestLayout() improperly called by android.widget.FrameLayout{7ce9444 I.E...... ......ID 0,0-780,198 #2bc} during layout: running second layout pass
12-31 04:56:49.655 W/View ( 1996): requestLayout() improperly called by com.android.systemui.statusbar.AlphaOptimizedImageView{476e623 VFED..C.. ......ID 0,0-140,198} during layout: running second layout pass
12-31 04:56:49.655 W/View ( 1996): requestLayout() improperly called by android.widget.FrameLayout{ef542c I.E...... ......ID 0,0-780,198 #2bc} during layout: running second layout pass
12-31 04:56:49.655 W/View ( 1996): requestLayout() improperly called by com.android.systemui.statusbar.AlphaOptimizedImageView{e8a8227 VFED..C.. ......ID 0,0-140,84} during layout: running second layout pass
12-31 04:56:49.655 I/am_wtf ( 1505): [0,1505,system_server,-1,DisplayDeviceConfig,requesting nits when no mapping exists.]
12-31 04:56:49.656 I/am_wtf ( 1505): [0,1505,system_server,-1,DisplayDeviceConfig,requesting nits when no mapping exists.]
12-31 04:56:49.657 D/StatusBar( 1996): disable disable2
12-31 04:56:49.657 W/View ( 1996): requestLayout() improperly called by android.widget.FrameLayout{7ce9444 I.E...... ......ID 0,0-780,198 #2bc} during second layout pass: posting in next frame
12-31 04:56:49.657 W/View ( 1996): requestLayout() improperly called by com.android.systemui.statusbar.AlphaOptimizedImageView{476e623 VFED..C.. ......ID 0,0-140,198} during second layout pass: posting in next frame
12-31 04:56:49.657 W/View ( 1996): requestLayout() improperly called by android.widget.FrameLayout{ef542c I.E...... ......ID 0,0-780,198 #2bc} during second layout pass: posting in next frame
12-31 04:56:49.657 W/View ( 1996): requestLayout() improperly called by com.android.systemui.statusbar.AlphaOptimizedImageView{e8a8227 VFED..C.. ......ID 0,0-140,84} during second layout pass: posting in next frame
12-31 04:56:49.672 E/DisplayDeviceConfig( 1505): requesting nits when no mapping exists.
12-31 04:56:49.672 E/DisplayDeviceConfig( 1505): requesting nits when no mapping exists.
12-31 04:56:49.672 I/am_wtf ( 1505): [0,1505,system_server,-1,DisplayDeviceConfig,requesting nits when no mapping exists.]
12-31 04:56:49.672 W/View ( 1996): requestLayout() improperly called by android.widget.FrameLayout{7ce9444 I.E...... ......ID 0,0-780,198 #2bc} during layout: running second layout pass
12-31 04:56:49.672 W/View ( 1996): requestLayout() improperly called by com.android.systemui.statusbar.AlphaOptimizedImageView{476e623 VFED..C.. ......ID 0,0-140,198} during layout: running second layout pass
12-31 04:56:49.672 W/View ( 1996): requestLayout() improperly called by android.widget.FrameLayout{ef542c I.E...... ......ID 0,0-780,198 #2bc} during layout: running second layout pass
12-31 04:56:49.672 W/View ( 1996): requestLayout() improperly called by com.android.systemui.statusbar.AlphaOptimizedImageView{e8a8227 VFED..C.. ......ID 0,0-140,84} during layout: running second layout pass
12-31 04:56:49.672 I/input_focus( 1505): [Focus entering 118d9e1 com.thundercomm.screensaver/android.service.dreams.DreamActivity (server),reason=Window became focusable. Previous reason: NOT_VISIBLE]
12-31 04:56:49.672 I/am_wtf ( 1505): [0,1505,system_server,-1,DisplayDeviceConfig,requesting nits when no mapping exists.]
12-31 04:56:49.672 W/View ( 1996): requestLayout() improperly called by android.widget.FrameLayout{7ce9444 I.E...... ......ID 0,0-780,198 #2bc} during second layout pass: posting in next frame
12-31 04:56:49.672 W/View ( 1996): requestLayout() improperly called by com.android.systemui.statusbar.AlphaOptimizedImageView{476e623 VFED..C.. ......ID 0,0-140,198} during second layout pass: posting in next frame
12-31 04:56:49.672 W/View ( 1996): requestLayout() improperly called by android.widget.FrameLayout{ef542c I.E...... ......ID 0,0-780,198 #2bc} during second layout pass: posting in next frame
12-31 04:56:49.672 W/View ( 1996): requestLayout() improperly called by com.android.systemui.statusbar.AlphaOptimizedImageView{e8a8227 VFED..C.. ......ID 0,0-140,84} during second layout pass: posting in next frame
12-31 04:56:49.689 I/GameMode_ActivityMonitoringService(12686): onTaskStackChanged
12-31 04:56:49.689 W/View ( 1996): requestLayout() improperly called by android.widget.FrameLayout{7ce9444 I.E...... ......ID 0,0-780,198 #2bc} during layout: running second layout pass
12-31 04:56:49.689 W/View ( 1996): requestLayout() improperly called by com.android.systemui.statusbar.AlphaOptimizedImageView{476e623 VFED..C.. ......ID 0,0-140,198} during layout: running second layout pass
12-31 04:56:49.689 W/View ( 1996): requestLayout() improperly called by android.widget.FrameLayout{ef542c I.E...... ......ID 0,0-780,198 #2bc} during layout: running second layout pass
12-31 04:56:49.689 W/View ( 1996): requestLayout() improperly called by com.android.systemui.statusbar.AlphaOptimizedImageView{e8a8227 VFED..C.. ......ID 0,0-140,84} during layout: running second layout pass
12-31 04:56:49.689 E/DisplayDeviceConfig( 1505): requesting nits when no mapping exists.
12-31 04:56:49.689 E/DisplayDeviceConfig( 1505): requesting nits when no mapping exists.
12-31 04:56:49.690 I/am_wtf ( 1505): [0,1505,system_server,-1,DisplayDeviceConfig,requesting nits when no mapping exists.]
12-31 04:56:49.690 W/View ( 1996): requestLayout() improperly called by android.widget.FrameLayout{7ce9444 I.E...... ......ID 0,0-780,198 #2bc} during second layout pass: posting in next frame
12-31 04:56:49.690 W/View ( 1996): requestLayout() improperly called by com.android.systemui.statusbar.AlphaOptimizedImageView{476e623 VFED..C.. ......ID 0,0-140,198} during second layout pass: posting in next frame
12-31 04:56:49.690 W/View ( 1996): requestLayout() improperly called by android.widget.FrameLayout{ef542c I.E...... ......ID 0,0-780,198 #2bc} during second layout pass: posting in next frame
12-31 04:56:49.690 W/View ( 1996): requestLayout() improperly called by com.android.systemui.statusbar.AlphaOptimizedImageView{e8a8227 VFED..C.. ......ID 0,0-140,84} during second layout pass: posting in next frame
12-31 04:56:49.690 I/am_wtf ( 1505): [0,1505,system_server,-1,DisplayDeviceConfig,requesting nits when no mapping exists.]
12-31 04:56:49.690 I/GameMode_ActivityMonitoringService(12686): Updating top task to: TaskInfoContainer [topActivity=ComponentInfo{com.thundercomm.screensaver/android.service.dreams.DreamActivity}, taskId=49, stackId=49, userId=0, displayId=0, position=6
12-31 04:56:49.690 I/GameMode_ActivityMonitoringService(12686): Notifying about top task: TaskInfoContainer [topActivity=ComponentInfo{com.thundercomm.screensaver/android.service.dreams.DreamActivity}, taskId=49, stackId=49, userId=0, displayId=0, position=6
12-31 04:56:49.690 E/GameMode_ActivityMonitoringService(12686): onActivityLaunch:com.thundercomm.screensaver
12-31 04:56:49.690 V/GameMode_GameTypeUtils(12686): judge isGame:com.thundercomm.screensaver
12-31 04:56:49.691 V/GameMode_GpuUtils(12686): fps:60
12-31 04:56:49.691 D/GameMode_GameModeActionUtils(12686): Show GameMode entry by service!
12-31 04:56:49.692 W/ContextImpl(12686): Calling a method in the system process without a qualified user: android.app.ContextImpl.startService:1816 android.content.ContextWrapper.startService:774 com.thundercomm.gamemode.ingame.services.GameModeActionUtils.startGameModeService:99 com.thundercomm.gamemode.ingame.services.GameModeActionUtils.startGameModeEntry:22 com.thundercomm.gamemode.ingame.services.ActivityMonitoringService$1.onActivityLaunch:127
12-31 04:56:49.692 D/GameModeIF_GameModeSettings(12686): getUriFor setting_content_uri_root = content://com.thundercomm.gamemode.api/gamemode_settings , name = gamemode_isgaming
12-31 04:56:49.692 D/GameMode_GameModeService(12686): type=hide_entry
12-31 04:56:49.693 I/GameModeConfig( 1505): Current uri is uri = content://com.thundercomm.gamemode.api/gamemode_settings/gamemode_isgaming
12-31 04:56:49.693 D/GameModeIF_GameModeSettings( 1505): getUriFor setting_content_uri_root = content://com.thundercomm.gamemode.api/gamemode_settings , name = gamemode_isgaming
12-31 04:56:49.693 D/GameModeIF_GameModeSettings(12686): gamemode_isgaming set to 0
12-31 04:56:49.694 I/GameModeConfig( 1505): isGameModeOn = false
12-31 04:56:49.694 I/GameModeConfig( 1505): isGameModeOn = false
12-31 04:56:49.694 I/GameModeConfig( 1505): isDisableVoice = true
12-31 04:56:49.695 D/GameMode_GameSettingsObserver(12686): Game Data change!!!! uri = content://com.thundercomm.gamemode.api/gamemode_settings/gamemode_isgaming
12-31 04:56:49.695 D/GameModeIF_GameModeSettings(12686): getUriFor setting_content_uri_root = content://com.thundercomm.gamemode.api/gamemode_settings , name = gamemode_isgaming
12-31 04:56:49.696 D/GameMode_GameModeService(12686): updateGlobalSettings = gamemode_isgaming
12-31 04:56:49.705 E/DisplayDeviceConfig( 1505): requesting nits when no mapping exists.
12-31 04:56:49.705 E/DisplayDeviceConfig( 1505): requesting nits when no mapping exists.
12-31 04:56:49.705 I/am_wtf ( 1505): [0,1505,system_server,-1,DisplayDeviceConfig,requesting nits when no mapping exists.]
12-31 04:56:49.705 I/am_wtf ( 1505): [0,1505,system_server,-1,DisplayDeviceConfig,requesting nits when no mapping exists.]
12-31 04:56:49.705 W/View ( 1996): requestLayout() improperly called by android.widget.FrameLayout{7ce9444 I.E...... ......ID 0,0-780,198 #2bc} during layout: running second layout pass
12-31 04:56:49.705 W/View ( 1996): requestLayout() improperly called by com.android.systemui.statusbar.AlphaOptimizedImageView{476e623 VFED..C.. ......ID 0,0-140,198} during layout: running second layout pass
12-31 04:56:49.705 W/View ( 1996): requestLayout() improperly called by android.widget.FrameLayout{ef542c I.E...... ......ID 0,0-780,198 #2bc} during layout: running second layout pass
12-31 04:56:49.705 W/View ( 1996): requestLayout() improperly called by com.android.systemui.statusbar.AlphaOptimizedImageView{e8a8227 VFED..C.. ......ID 0,0-140,84} during layout: running second layout pass
12-31 04:56:49.706 W/View ( 1996): requestLayout() improperly called by android.widget.FrameLayout{7ce9444 I.E...... ......ID 0,0-780,198 #2bc} during second layout pass: posting in next frame
12-31 04:56:49.706 W/View ( 1996): requestLayout() improperly called by com.android.systemui.statusbar.AlphaOptimizedImageView{476e623 VFED..C.. ......ID 0,0-140,198} during second layout pass: posting in next frame
12-31 04:56:49.706 W/View ( 1996): requestLayout() improperly called by android.widget.FrameLayout{ef542c I.E...... ......ID 0,0-780,198 #2bc} during second layout pass: posting in next frame
12-31 04:56:49.706 W/View ( 1996): requestLayout() improperly called by com.android.systemui.statusbar.AlphaOptimizedImageView{e8a8227 VFED..C.. ......ID 0,0-140,84} during second layout pass: posting in next frame
12-31 04:56:49.722 W/View ( 1996): requestLayout() improperly called by android.widget.FrameLayout{7ce9444 I.E...... ......ID 0,0-780,198 #2bc} during layout: running second layout pass
12-31 04:56:49.722 W/View ( 1996): requestLayout() improperly called by com.android.systemui.statusbar.AlphaOptimizedImageView{476e623 VFED..C.. ......ID 0,0-140,198} during layout: running second layout pass
12-31 04:56:49.722 W/View ( 1996): requestLayout() improperly called by android.widget.FrameLayout{ef542c I.E...... ......ID 0,0-780,198 #2bc} during layout: running second layout pass
12-31 04:56:49.722 W/View ( 1996): requestLayout() improperly called by com.android.systemui.statusbar.AlphaOptimizedImageView{e8a8227 VFED..C.. ......ID 0,0-140,84} during layout: running second layout pass
12-31 04:56:49.722 W/View ( 1996): requestLayout() improperly called by android.widget.FrameLayout{7ce9444 I.E...... ......ID 0,0-780,198 #2bc} during second layout pass: posting in next frame
12-31 04:56:49.722 E/DisplayDeviceConfig( 1505): requesting nits when no mapping exists.
12-31 04:56:49.722 W/View ( 1996): requestLayout() improperly called by com.android.systemui.statusbar.AlphaOptimizedImageView{476e623 VFED..C.. ......ID 0,0-140,198} during second layout pass: posting in next frame
12-31 04:56:49.722 W/View ( 1996): requestLayout() improperly called by android.widget.FrameLayout{ef542c I.E...... ......ID 0,0-780,198 #2bc} during second layout pass: posting in next frame
12-31 04:56:49.722 W/View ( 1996): requestLayout() improperly called by com.android.systemui.statusbar.AlphaOptimizedImageView{e8a8227 VFED..C.. ......ID 0,0-140,84} during second layout pass: posting in next frame
12-31 04:56:49.723 E/DisplayDeviceConfig( 1505): requesting nits when no mapping exists.
12-31 04:56:49.723 I/am_wtf ( 1505): [0,1505,system_server,-1,DisplayDeviceConfig,requesting nits when no mapping exists.]
12-31 04:56:49.723 I/am_wtf ( 1505): [0,1505,system_server,-1,DisplayDeviceConfig,requesting nits when no mapping exists.]
12-31 04:56:49.738 E/DisplayDeviceConfig( 1505): requesting nits when no mapping exists.
12-31 04:56:49.738 E/DisplayDeviceConfig( 1505): requesting nits when no mapping exists.
12-31 04:56:49.738 I/am_wtf ( 1505): [0,1505,system_server,-1,DisplayDeviceConfig,requesting nits when no mapping exists.]
12-31 04:56:49.739 I/am_wtf ( 1505): [0,1505,system_server,-1,DisplayDeviceConfig,requesting nits when no mapping exists.]
12-31 04:56:49.739 W/View ( 1996): requestLayout() improperly called by android.widget.FrameLayout{7ce9444 I.E...... ......ID 0,0-780,198 #2bc} during layout: running second layout pass
12-31 04:56:49.739 W/View ( 1996): requestLayout() improperly called by com.android.systemui.statusbar.AlphaOptimizedImageView{476e623 VFED..C.. ......ID 0,0-140,198} during layout: running second layout pass
12-31 04:56:49.739 W/View ( 1996): requestLayout() improperly called by android.widget.FrameLayout{ef542c I.E...... ......ID 0,0-780,198 #2bc} during layout: running second layout pass
12-31 04:56:49.739 W/View ( 1996): requestLayout() improperly called by com.android.systemui.statusbar.AlphaOptimizedImageView{e8a8227 VFED..C.. ......ID 0,0-140,84} during layout: running second layout pass
12-31 04:56:49.740 W/View ( 1996): requestLayout() improperly called by android.widget.FrameLayout{7ce9444 I.E...... ......ID 0,0-780,198 #2bc} during second layout pass: posting in next frame
12-31 04:56:49.740 W/View ( 1996): requestLayout() improperly called by com.android.systemui.statusbar.AlphaOptimizedImageView{476e623 VFED..C.. ......ID 0,0-140,198} during second layout pass: posting in next frame
12-31 04:56:49.740 W/View ( 1996): requestLayout() improperly called by android.widget.FrameLayout{ef542c I.E...... ......ID 0,0-780,198 #2bc} during second layout pass: posting in next frame
12-31 04:56:49.740 W/View ( 1996): requestLayout() improperly called by com.android.systemui.statusbar.AlphaOptimizedImageView{e8a8227 VFED..C.. ......ID 0,0-140,84} during second layout pass: posting in next frame
12-31 04:56:49.755 E/DisplayDeviceConfig( 1505): requesting nits when no mapping exists.
12-31 04:56:49.755 W/View ( 1996): requestLayout() improperly called by android.widget.FrameLayout{7ce9444 I.E...... ......ID 0,0-780,198 #2bc} during layout: running second layout pass
12-31 04:56:49.755 W/View ( 1996): requestLayout() improperly called by com.android.systemui.statusbar.AlphaOptimizedImageView{476e623 VFED..C.. ......ID 0,0-140,198} during layout: running second layout pass
12-31 04:56:49.755 W/View ( 1996): requestLayout() improperly called by android.widget.FrameLayout{ef542c I.E...... ......ID 0,0-780,198 #2bc} during layout: running second layout pass
12-31 04:56:49.755 W/View ( 1996): requestLayout() improperly called by com.android.systemui.statusbar.AlphaOptimizedImageView{e8a8227 VFED..C.. ......ID 0,0-140,84} during layout: running second layout pass
12-31 04:56:49.755 E/DisplayDeviceConfig( 1505): requesting nits when no mapping exists.
12-31 04:56:49.755 I/am_wtf ( 1505): [0,1505,system_server,-1,DisplayDeviceConfig,requesting nits when no mapping exists.]
12-31 04:56:49.756 I/am_wtf ( 1505): [0,1505,system_server,-1,DisplayDeviceConfig,requesting nits when no mapping exists.]
12-31 04:56:49.756 W/View ( 1996): requestLayout() improperly called by android.widget.FrameLayout{7ce9444 I.E...... ......ID 0,0-780,198 #2bc} during second layout pass: posting in next frame
12-31 04:56:49.756 W/View ( 1996): requestLayout() improperly called by com.android.systemui.statusbar.AlphaOptimizedImageView{476e623 VFED..C.. ......ID 0,0-140,198} during second layout pass: posting in next frame
12-31 04:56:49.756 W/View ( 1996): requestLayout() improperly called by android.widget.FrameLayout{ef542c I.E...... ......ID 0,0-780,198 #2bc} during second layout pass: posting in next frame
12-31 04:56:49.756 W/View ( 1996): requestLayout() improperly called by com.android.systemui.statusbar.AlphaOptimizedImageView{e8a8227 VFED..C.. ......ID 0,0-140,84} during second layout pass: posting in next frame
12-31 04:56:49.772 E/DisplayDeviceConfig( 1505): requesting nits when no mapping exists.
12-31 04:56:49.772 E/DisplayDeviceConfig( 1505): requesting nits when no mapping exists.
12-31 04:56:49.772 I/am_wtf ( 1505): [0,1505,system_server,-1,DisplayDeviceConfig,requesting nits when no mapping exists.]
12-31 04:56:49.772 I/am_wtf ( 1505): [0,1505,system_server,-1,DisplayDeviceConfig,requesting nits when no mapping exists.]
12-31 04:56:49.773 W/View ( 1996): requestLayout() improperly called by android.widget.FrameLayout{7ce9444 I.E...... ......ID 0,0-780,198 #2bc} during layout: running second layout pass
12-31 04:56:49.773 W/View ( 1996): requestLayout() improperly called by com.android.systemui.statusbar.AlphaOptimizedImageView{476e623 VFED..C.. ......ID 0,0-140,198} during layout: running second layout pass
12-31 04:56:49.773 W/View ( 1996): requestLayout() improperly called by android.widget.FrameLayout{ef542c I.E...... ......ID 0,0-780,198 #2bc} during layout: running second layout pass
12-31 04:56:49.773 W/View ( 1996): requestLayout() improperly called by com.android.systemui.statusbar.AlphaOptimizedImageView{e8a8227 VFED..C.. ......ID 0,0-140,84} during layout: running second layout pass
12-31 04:56:49.773 W/View ( 1996): requestLayout() improperly called by android.widget.FrameLayout{7ce9444 I.E...... ......ID 0,0-780,198 #2bc} during second layout pass: posting in next frame
12-31 04:56:49.773 W/View ( 1996): requestLayout() improperly called by com.android.systemui.statusbar.AlphaOptimizedImageView{476e623 VFED..C.. ......ID 0,0-140,198} during second layout pass: posting in next frame
12-31 04:56:49.773 W/View ( 1996): requestLayout() improperly called by android.widget.FrameLayout{ef542c I.E...... ......ID 0,0-780,198 #2bc} during second layout pass: posting in next frame
12-31 04:56:49.773 W/View ( 1996): requestLayout() improperly called by com.android.systemui.statusbar.AlphaOptimizedImageView{e8a8227 VFED..C.. ......ID 0,0-140,84} during second layout pass: posting in next frame
12-31 04:56:49.788 E/DisplayDeviceConfig( 1505): requesting nits when no mapping exists.
12-31 04:56:49.788 E/DisplayDeviceConfig( 1505): requesting nits when no mapping exists.
12-31 04:56:49.788 I/am_wtf ( 1505): [0,1505,system_server,-1,DisplayDeviceConfig,requesting nits when no mapping exists.]
12-31 04:56:49.789 I/am_wtf ( 1505): [0,1505,system_server,-1,DisplayDeviceConfig,requesting nits when no mapping exists.]
12-31 04:56:49.789 W/View ( 1996): requestLayout() improperly called by android.widget.FrameLayout{7ce9444 I.E...... ......ID 0,0-780,198 #2bc} during layout: running second layout pass
12-31 04:56:49.789 W/View ( 1996): requestLayout() improperly called by com.android.systemui.statusbar.AlphaOptimizedImageView{476e623 VFED..C.. ......ID 0,0-140,198} during layout: running second layout pass
12-31 04:56:49.789 W/View ( 1996): requestLayout() improperly called by android.widget.FrameLayout{ef542c I.E...... ......ID 0,0-780,198 #2bc} during layout: running second layout pass
12-31 04:56:49.789 W/View ( 1996): requestLayout() improperly called by com.android.systemui.statusbar.AlphaOptimizedImageView{e8a8227 VFED..C.. ......ID 0,0-140,84} during layout: running second layout pass
12-31 04:56:49.790 W/View ( 1996): requestLayout() improperly called by android.widget.FrameLayout{7ce9444 I.E...... ......ID 0,0-780,198 #2bc} during second layout pass: posting in next frame
12-31 04:56:49.790 W/View ( 1996): requestLayout() improperly called by com.android.systemui.statusbar.AlphaOptimizedImageView{476e623 VFED..C.. ......ID 0,0-140,198} during second layout pass: posting in next frame
12-31 04:56:49.790 W/View ( 1996): requestLayout() improperly called by android.widget.FrameLayout{ef542c I.E...... ......ID 0,0-780,198 #2bc} during second layout pass: posting in next frame
12-31 04:56:49.790 W/View ( 1996): requestLayout() improperly called by com.android.systemui.statusbar.AlphaOptimizedImageView{e8a8227 VFED..C.. ......ID 0,0-140,84} during second layout pass: posting in next frame
12-31 04:56:49.805 E/DisplayDeviceConfig( 1505): requesting nits when no mapping exists.
12-31 04:56:49.805 E/DisplayDeviceConfig( 1505): requesting nits when no mapping exists.
12-31 04:56:49.805 I/am_wtf ( 1505): [0,1505,system_server,-1,DisplayDeviceConfig,requesting nits when no mapping exists.]
12-31 04:56:49.806 I/am_wtf ( 1505): [0,1505,system_server,-1,DisplayDeviceConfig,requesting nits when no mapping exists.]
12-31 04:56:49.806 W/View ( 1996): requestLayout() improperly called by android.widget.FrameLayout{7ce9444 I.E...... ......ID 0,0-780,198 #2bc} during layout: running second layout pass
12-31 04:56:49.806 W/View ( 1996): requestLayout() improperly called by com.android.systemui.statusbar.AlphaOptimizedImageView{476e623 VFED..C.. ......ID 0,0-140,198} during layout: running second layout pass
12-31 04:56:49.806 W/View ( 1996): requestLayout() improperly called by android.widget.FrameLayout{ef542c I.E...... ......ID 0,0-780,198 #2bc} during layout: running second layout pass
12-31 04:56:49.806 W/View ( 1996): requestLayout() improperly called by com.android.systemui.statusbar.AlphaOptimizedImageView{e8a8227 VFED..C.. ......ID 0,0-140,84} during layout: running second layout pass
12-31 04:56:49.807 W/View ( 1996): requestLayout() improperly called by android.widget.FrameLayout{7ce9444 I.E...... ......ID 0,0-780,198 #2bc} during second layout pass: posting in next frame
12-31 04:56:49.807 W/View ( 1996): requestLayout() improperly called by com.android.systemui.statusbar.AlphaOptimizedImageView{476e623 VFED..C.. ......ID 0,0-140,198} during second layout pass: posting in next frame
12-31 04:56:49.807 W/View ( 1996): requestLayout() improperly called by android.widget.FrameLayout{ef542c I.E...... ......ID 0,0-780,198 #2bc} during second layout pass: posting in next frame
12-31 04:56:49.807 W/View ( 1996): requestLayout() improperly called by com.android.systemui.statusbar.AlphaOptimizedImageView{e8a8227 VFED..C.. ......ID 0,0-140,84} during second layout pass: posting in next frame
12-31 04:56:49.822 W/View ( 1996): requestLayout() improperly called by android.widget.FrameLayout{7ce9444 I.E...... ......ID 0,0-780,198 #2bc} during layout: running second layout pass
12-31 04:56:49.822 W/View ( 1996): requestLayout() improperly called by com.android.systemui.statusbar.AlphaOptimizedImageView{476e623 VFED..C.. ......ID 0,0-140,198} during layout: running second layout pass
12-31 04:56:49.822 W/View ( 1996): requestLayout() improperly called by android.widget.FrameLayout{ef542c I.E...... ......ID 0,0-780,198 #2bc} during layout: running second layout pass
12-31 04:56:49.822 W/View ( 1996): requestLayout() improperly called by com.android.systemui.statusbar.AlphaOptimizedImageView{e8a8227 VFED..C.. ......ID 0,0-140,84} during layout: running second layout pass
12-31 04:56:49.822 E/DisplayDeviceConfig( 1505): requesting nits when no mapping exists.
12-31 04:56:49.822 E/DisplayDeviceConfig( 1505): requesting nits when no mapping exists.
12-31 04:56:49.823 I/am_wtf ( 1505): [0,1505,system_server,-1,DisplayDeviceConfig,requesting nits when no mapping exists.]
12-31 04:56:49.823 W/View ( 1996): requestLayout() improperly called by android.widget.FrameLayout{7ce9444 I.E...... ......ID 0,0-780,198 #2bc} during second layout pass: posting in next frame
12-31 04:56:49.823 W/View ( 1996): requestLayout() improperly called by com.android.systemui.statusbar.AlphaOptimizedImageView{476e623 VFED..C.. ......ID 0,0-140,198} during second layout pass: posting in next frame
12-31 04:56:49.823 W/View ( 1996): requestLayout() improperly called by android.widget.FrameLayout{ef542c I.E...... ......ID 0,0-780,198 #2bc} during second layout pass: posting in next frame
12-31 04:56:49.823 W/View ( 1996): requestLayout() improperly called by com.android.systemui.statusbar.AlphaOptimizedImageView{e8a8227 VFED..C.. ......ID 0,0-140,84} during second layout pass: posting in next frame
12-31 04:56:49.823 I/am_wtf ( 1505): [0,1505,system_server,-1,DisplayDeviceConfig,requesting nits when no mapping exists.]
12-31 04:56:49.838 E/DisplayDeviceConfig( 1505): requesting nits when no mapping exists.
12-31 04:56:49.839 I/am_wtf ( 1505): [0,1505,system_server,-1,DisplayDeviceConfig,requesting nits when no mapping exists.]
12-31 04:56:49.839 E/DisplayDeviceConfig( 1505): requesting nits when no mapping exists.
12-31 04:56:49.839 W/View ( 1996): requestLayout() improperly called by android.widget.FrameLayout{7ce9444 I.E...... ......ID 0,0-780,198 #2bc} during layout: running second layout pass
12-31 04:56:49.839 W/View ( 1996): requestLayout() improperly called by com.android.systemui.statusbar.AlphaOptimizedImageView{476e623 VFED..C.. ......ID 0,0-140,198} during layout: running second layout pass
12-31 04:56:49.839 W/View ( 1996): requestLayout() improperly called by android.widget.FrameLayout{ef542c I.E...... ......ID 0,0-780,198 #2bc} during layout: running second layout pass
12-31 04:56:49.839 W/View ( 1996): requestLayout() improperly called by com.android.systemui.statusbar.AlphaOptimizedImageView{e8a8227 VFED..C.. ......ID 0,0-140,84} during layout: running second layout pass
12-31 04:56:49.839 I/am_wtf ( 1505): [0,1505,system_server,-1,DisplayDeviceConfig,requesting nits when no mapping exists.]
12-31 04:56:49.839 W/View ( 1996): requestLayout() improperly called by android.widget.FrameLayout{7ce9444 I.E...... ......ID 0,0-780,198 #2bc} during second layout pass: posting in next frame
12-31 04:56:49.839 W/View ( 1996): requestLayout() improperly called by com.android.systemui.statusbar.AlphaOptimizedImageView{476e623 VFED..C.. ......ID 0,0-140,198} during second layout pass: posting in next frame
12-31 04:56:49.839 W/View ( 1996): requestLayout() improperly called by android.widget.FrameLayout{ef542c I.E...... ......ID 0,0-780,198 #2bc} during second layout pass: posting in next frame
12-31 04:56:49.839 W/View ( 1996): requestLayout() improperly called by com.android.systemui.statusbar.AlphaOptimizedImageView{e8a8227 VFED..C.. ......ID 0,0-140,84} during second layout pass: posting in next frame
01-01 11:42:18.374 D/ ( 0): mv2112_read_status
01-01 11:42:18.374 D/mv2112_update_link( 0): 3.0x901(1G): 0x80
01-01 11:42:18.374 D/mv2112_update_link( 0): 3.0x8109(100M): 0x8
