12-31 04:54:38.859 I/auditd ( 0): type=1400 audit(0.0:14850): avc: denied { kill } for comm="swapper/2" capability=5 scontext=u:r:kernel:s0 tcontext=u:r:kernel:s0 tclass=capability permissive=0
12-31 04:54:38.870 I/input_interaction( 1505): Interaction with: 2256934 PopupWindow:f827fde (server), swipe-up (server), edge-swipe (server), PointerEventDispatcher0 (server),
12-31 04:54:39.859 I/auditd ( 0): type=1400 audit(0.0:14851): avc: denied { kill } for comm="swapper/2" capability=5 scontext=u:r:kernel:s0 tcontext=u:r:kernel:s0 tclass=capability permissive=0
12-31 04:54:40.503 I/input_focus( 1505): [Focus request ced2f0c com.android.settings/com.android.settings.Settings,reason=UpdateInputWindows]
12-31 04:54:40.530 I/input_focus( 1505): [Focus leaving 2256934 PopupWindow:f827fde (server),reason=NOT_FOCUSABLE]
12-31 04:54:40.530 I/input_focus( 1505): [Focus entering ced2f0c com.android.settings/com.android.settings.Settings (server),reason=setFocusedWindow]
12-31 04:54:40.604 I/service_manager_stats( 1505): [100,72,39893]
12-31 04:54:40.770 I/input_interaction( 1505): Interaction with: ced2f0c com.android.settings/com.android.settings.Settings (server), swipe-up (server), edge-swipe (server), PointerEventDispatcher0 (server),
12-31 04:54:40.859 I/auditd ( 0): type=1400 audit(0.0:14852): avc: denied { kill } for comm="swapper/2" capability=5 scontext=u:r:kernel:s0 tcontext=u:r:kernel:s0 tclass=capability permissive=0
12-31 04:54:41.618 I/sysui_multi_action(14955): [757,830,758,4,833,0,854,game_setting_gpu_custom_dpi,1089,0]
12-31 04:54:41.629 I/input_focus( 1505): [Focus request cd890f6 PopupWindow:f827fde,reason=UpdateInputWindows]
12-31 04:54:41.656 I/input_focus( 1505): [Focus leaving ced2f0c com.android.settings/com.android.settings.Settings (server),reason=setFocusedWindow]
12-31 04:54:41.656 I/input_focus( 1505): [Focus entering cd890f6 PopupWindow:f827fde (server),reason=setFocusedWindow]
12-31 04:54:41.859 I/auditd ( 0): type=1400 audit(0.0:14853): avc: denied { kill } for comm="swapper/2" capability=5 scontext=u:r:kernel:s0 tcontext=u:r:kernel:s0 tclass=capability permissive=0
12-31 04:54:42.426 I/input_interaction( 1505): Interaction with: cd890f6 PopupWindow:f827fde (server), swipe-up (server), edge-swipe (server), PointerEventDispatcher0 (server),
12-31 04:54:42.859 I/auditd ( 0): type=1400 audit(0.0:14854): avc: denied { kill } for comm="swapper/2" capability=5 scontext=u:r:kernel:s0 tcontext=u:r:kernel:s0 tclass=capability permissive=0
12-31 04:54:43.859 I/auditd ( 0): type=1400 audit(0.0:14855): avc: denied { kill } for comm="swapper/2" capability=5 scontext=u:r:kernel:s0 tcontext=u:r:kernel:s0 tclass=capability permissive=0
12-31 04:54:43.966 I/input_focus( 1505): [Focus request ced2f0c com.android.settings/com.android.settings.Settings,reason=UpdateInputWindows]
12-31 04:54:43.989 I/input_focus( 1505): [Focus leaving cd890f6 PopupWindow:f827fde (server),reason=NOT_FOCUSABLE]
12-31 04:54:43.989 I/input_focus( 1505): [Focus entering ced2f0c com.android.settings/com.android.settings.Settings (server),reason=setFocusedWindow]
12-31 04:54:44.821 I/input_interaction( 1505): Interaction with: ced2f0c com.android.settings/com.android.settings.Settings (server), swipe-up (server), edge-swipe (server), PointerEventDispatcher0 (server),
12-31 04:54:44.859 I/auditd ( 0): type=1400 audit(0.0:14856): avc: denied { kill } for comm="swapper/2" capability=5 scontext=u:r:kernel:s0 tcontext=u:r:kernel:s0 tclass=capability permissive=0
12-31 04:54:44.959 I/sysui_multi_action(14955): [757,830,758,4,833,0,854,game_setting_gpu_custom_dpi,1089,0]
12-31 04:54:44.970 I/input_focus( 1505): [Focus request 4f0c583 PopupWindow:f827fde,reason=UpdateInputWindows]
12-31 04:54:44.991 I/input_focus( 1505): [Focus leaving ced2f0c com.android.settings/com.android.settings.Settings (server),reason=setFocusedWindow]
12-31 04:54:44.991 I/input_focus( 1505): [Focus entering 4f0c583 PopupWindow:f827fde (server),reason=setFocusedWindow]
12-31 04:54:45.583 I/input_interaction( 1505): Interaction with: 4f0c583 PopupWindow:f827fde (server), swipe-up (server), edge-swipe (server), PointerEventDispatcher0 (server),
12-31 04:54:45.591 I/input_focus( 1505): [Focus request ced2f0c com.android.settings/com.android.settings.Settings,reason=UpdateInputWindows]
12-31 04:54:45.626 I/input_focus( 1505): [Focus leaving 4f0c583 PopupWindow:f827fde (server),reason=NOT_FOCUSABLE]
12-31 04:54:45.626 I/input_focus( 1505): [Focus entering ced2f0c com.android.settings/com.android.settings.Settings (server),reason=setFocusedWindow]
12-31 04:54:46.581 I/input_interaction( 1505): Interaction with: ced2f0c com.android.settings/com.android.settings.Settings (server), swipe-up (server), edge-swipe (server), PointerEventDispatcher0 (server),
12-31 04:54:46.730 I/sysui_multi_action(14955): [757,830,758,4,833,0,854,game_setting_gpu_custom_dpi,1089,0]
12-31 04:54:46.743 I/input_focus( 1505): [Focus request 171b6ad PopupWindow:f827fde,reason=UpdateInputWindows]
12-31 04:54:46.762 I/input_focus( 1505): [Focus leaving ced2f0c com.android.settings/com.android.settings.Settings (server),reason=setFocusedWindow]
12-31 04:54:46.762 I/input_focus( 1505): [Focus entering 171b6ad PopupWindow:f827fde (server),reason=setFocusedWindow]
12-31 04:54:46.859 I/auditd ( 0): type=1400 audit(0.0:14857): avc: denied { kill } for comm="swapper/2" capability=5 scontext=u:r:kernel:s0 tcontext=u:r:kernel:s0 tclass=capability permissive=0
12-31 04:54:47.265 I/input_interaction( 1505): Interaction with: 171b6ad PopupWindow:f827fde (server), swipe-up (server), edge-swipe (server), PointerEventDispatcher0 (server),
12-31 04:54:47.286 I/input_focus( 1505): [Focus request ced2f0c com.android.settings/com.android.settings.Settings,reason=UpdateInputWindows]
12-31 04:54:47.316 I/input_focus( 1505): [Focus leaving 171b6ad PopupWindow:f827fde (server),reason=NOT_FOCUSABLE]
12-31 04:54:47.316 I/input_focus( 1505): [Focus entering ced2f0c com.android.settings/com.android.settings.Settings (server),reason=setFocusedWindow]
12-31 04:54:48.056 I/input_interaction( 1505): Interaction with: ced2f0c com.android.settings/com.android.settings.Settings (server), swipe-up (server), edge-swipe (server), PointerEventDispatcher0 (server),
12-31 04:54:48.200 I/sysui_multi_action(14955): [757,830,758,4,833,0,854,game_setting_gpu_custom_dpi,1089,0]
12-31 04:54:48.214 I/input_focus( 1505): [Focus request cebcc78 PopupWindow:f827fde,reason=UpdateInputWindows]
12-31 04:54:48.233 I/input_focus( 1505): [Focus leaving ced2f0c com.android.settings/com.android.settings.Settings (server),reason=setFocusedWindow]
12-31 04:54:48.233 I/input_focus( 1505): [Focus entering cebcc78 PopupWindow:f827fde (server),reason=setFocusedWindow]
12-31 04:54:48.807 I/input_interaction( 1505): Interaction with: cebcc78 PopupWindow:f827fde (server), swipe-up (server), edge-swipe (server), PointerEventDispatcher0 (server),
12-31 04:54:48.815 I/input_focus( 1505): [Focus request ced2f0c com.android.settings/com.android.settings.Settings,reason=UpdateInputWindows]
12-31 04:54:48.851 I/input_focus( 1505): [Focus leaving cebcc78 PopupWindow:f827fde (server),reason=NOT_FOCUSABLE]
12-31 04:54:48.851 I/input_focus( 1505): [Focus entering ced2f0c com.android.settings/com.android.settings.Settings (server),reason=setFocusedWindow]
12-31 04:54:48.859 I/auditd ( 0): type=1400 audit(0.0:14858): avc: denied { kill } for comm="swapper/2" capability=5 scontext=u:r:kernel:s0 tcontext=u:r:kernel:s0 tclass=capability permissive=0
12-31 04:54:49.481 I/input_interaction( 1505): Interaction with: ced2f0c com.android.settings/com.android.settings.Settings (server), swipe-up (server), edge-swipe (server), PointerEventDispatcher0 (server),
12-31 04:54:49.587 I/sysui_multi_action(14955): [757,830,758,4,833,0,854,game_settings_gpu_custom_aliasing,1089,0]
12-31 04:54:49.599 I/input_focus( 1505): [Focus request 3baba9a PopupWindow:1caea08,reason=UpdateInputWindows]
12-31 04:54:49.619 I/input_focus( 1505): [Focus leaving ced2f0c com.android.settings/com.android.settings.Settings (server),reason=setFocusedWindow]
12-31 04:54:49.619 I/input_focus( 1505): [Focus entering 3baba9a PopupWindow:1caea08 (server),reason=setFocusedWindow]
12-31 04:54:49.859 I/auditd ( 0): type=1400 audit(0.0:14859): avc: denied { kill } for comm="swapper/2" capability=5 scontext=u:r:kernel:s0 tcontext=u:r:kernel:s0 tclass=capability permissive=0
12-31 04:54:50.562 I/input_interaction( 1505): Interaction with: 3baba9a PopupWindow:1caea08 (server), swipe-up (server), edge-swipe (server), PointerEventDispatcher0 (server),
12-31 04:54:50.570 I/input_focus( 1505): [Focus request ced2f0c com.android.settings/com.android.settings.Settings,reason=UpdateInputWindows]
12-31 04:54:50.605 I/input_focus( 1505): [Focus leaving 3baba9a PopupWindow:1caea08 (server),reason=NOT_FOCUSABLE]
12-31 04:54:50.605 I/input_focus( 1505): [Focus entering ced2f0c com.android.settings/com.android.settings.Settings (server),reason=setFocusedWindow]
12-31 04:54:50.859 I/auditd ( 0): type=1400 audit(0.0:14860): avc: denied { kill } for comm="swapper/2" capability=5 scontext=u:r:kernel:s0 tcontext=u:r:kernel:s0 tclass=capability permissive=0
12-31 04:54:51.126 I/input_interaction( 1505): Interaction with: ced2f0c com.android.settings/com.android.settings.Settings (server), swipe-up (server), edge-swipe (server), PointerEventDispatcher0 (server),
12-31 04:54:51.257 I/sysui_multi_action(14955): [757,830,758,4,833,0,854,game_settings_gpu_custom_aliasing,1089,0]
12-31 04:54:51.270 I/input_focus( 1505): [Focus request 15837ec PopupWindow:1caea08,reason=UpdateInputWindows]
12-31 04:54:51.289 I/input_focus( 1505): [Focus leaving ced2f0c com.android.settings/com.android.settings.Settings (server),reason=setFocusedWindow]
12-31 04:54:51.289 I/input_focus( 1505): [Focus entering 15837ec PopupWindow:1caea08 (server),reason=setFocusedWindow]
12-31 04:54:52.766 I/input_interaction( 1505): Interaction with: 15837ec PopupWindow:1caea08 (server), swipe-up (server), edge-swipe (server), PointerEventDispatcher0 (server),
12-31 04:54:52.775 I/input_focus( 1505): [Focus request ced2f0c com.android.settings/com.android.settings.Settings,reason=UpdateInputWindows]
12-31 04:54:52.809 I/input_focus( 1505): [Focus leaving 15837ec PopupWindow:1caea08 (server),reason=NOT_FOCUSABLE]
12-31 04:54:52.813 I/input_focus( 1505): [Focus entering ced2f0c com.android.settings/com.android.settings.Settings (server),reason=setFocusedWindow]
12-31 04:54:52.859 I/auditd ( 0): type=1400 audit(0.0:14861): avc: denied { kill } for comm="swapper/2" capability=5 scontext=u:r:kernel:s0 tcontext=u:r:kernel:s0 tclass=capability permissive=0
12-31 04:54:53.465 I/input_interaction( 1505): Interaction with: ced2f0c com.android.settings/com.android.settings.Settings (server), swipe-up (server), edge-swipe (server), PointerEventDispatcher0 (server),
12-31 04:54:53.600 I/sysui_multi_action(14955): [757,830,758,4,833,0,854,game_setting_gpu_custom_dpi,1089,0]
12-31 04:54:53.609 I/input_focus( 1505): [Focus request 16f50ee PopupWindow:f827fde,reason=UpdateInputWindows]
12-31 04:54:53.628 I/input_focus( 1505): [Focus leaving ced2f0c com.android.settings/com.android.settings.Settings (server),reason=setFocusedWindow]
12-31 04:54:53.628 I/input_focus( 1505): [Focus entering 16f50ee PopupWindow:f827fde (server),reason=setFocusedWindow]
12-31 04:54:54.417 I/input_interaction( 1505): Interaction with: 16f50ee PopupWindow:f827fde (server), swipe-up (server), edge-swipe (server), PointerEventDispatcher0 (server),
12-31 04:54:54.859 I/auditd ( 0): type=1400 audit(0.0:14862): avc: denied { kill } for comm="swapper/2" capability=5 scontext=u:r:kernel:s0 tcontext=u:r:kernel:s0 tclass=capability permissive=0
12-31 04:54:55.547 I/input_focus( 1505): [Focus request ced2f0c com.android.settings/com.android.settings.Settings,reason=UpdateInputWindows]
12-31 04:54:55.583 I/input_focus( 1505): [Focus leaving 16f50ee PopupWindow:f827fde (server),reason=NOT_FOCUSABLE]
12-31 04:54:55.584 I/input_focus( 1505): [Focus entering ced2f0c com.android.settings/com.android.settings.Settings (server),reason=setFocusedWindow]
12-31 04:54:55.798 I/input_interaction( 1505): Interaction with: ced2f0c com.android.settings/com.android.settings.Settings (server), swipe-up (server), edge-swipe (server), PointerEventDispatcher0 (server),
12-31 04:54:55.859 I/auditd ( 0): type=1400 audit(0.0:14863): avc: denied { kill } for comm="swapper/2" capability=5 scontext=u:r:kernel:s0 tcontext=u:r:kernel:s0 tclass=capability permissive=0
12-31 04:54:56.374 I/sysui_multi_action(14955): [757,830,758,4,833,0,854,game_setting_gpu_custom_fps,1089,0]
12-31 04:54:56.381 I/input_focus( 1505): [Focus request bbb3e20 PopupWindow:b10a8cf,reason=UpdateInputWindows]
12-31 04:54:56.401 I/input_focus( 1505): [Focus leaving ced2f0c com.android.settings/com.android.settings.Settings (server),reason=Waiting for window because NOT_VISIBLE]
12-31 04:54:56.419 I/input_focus( 1505): [Focus entering bbb3e20 PopupWindow:b10a8cf (server),reason=Window became focusable. Previous reason: NOT_VISIBLE]
12-31 04:54:56.859 I/auditd ( 0): type=1400 audit(0.0:14864): avc: denied { kill } for comm="swapper/2" capability=5 scontext=u:r:kernel:s0 tcontext=u:r:kernel:s0 tclass=capability permissive=0
12-31 04:54:57.391 I/input_interaction( 1505): Interaction with: bbb3e20 PopupWindow:b10a8cf (server), swipe-up (server), edge-swipe (server), PointerEventDispatcher0 (server),
12-31 04:54:57.742 I/input_focus( 1505): [Focus request ced2f0c com.android.settings/com.android.settings.Settings,reason=UpdateInputWindows]
12-31 04:54:57.771 I/input_focus( 1505): [Focus leaving bbb3e20 PopupWindow:b10a8cf (server),reason=NOT_FOCUSABLE]
12-31 04:54:57.771 I/input_focus( 1505): [Focus entering ced2f0c com.android.settings/com.android.settings.Settings (server),reason=setFocusedWindow]
12-31 04:54:57.859 I/auditd ( 0): type=1400 audit(0.0:14865): avc: denied { kill } for comm="swapper/2" capability=5 scontext=u:r:kernel:s0 tcontext=u:r:kernel:s0 tclass=capability permissive=0
12-31 04:54:58.477 I/input_interaction( 1505): Interaction with: ced2f0c com.android.settings/com.android.settings.Settings (server), swipe-up (server), edge-swipe (server), PointerEventDispatcher0 (server),
12-31 04:54:58.611 I/sysui_multi_action(14955): [757,830,758,4,833,0,854,game_settings_gpu_custom_aliasing,1089,0]
12-31 04:54:58.622 I/input_focus( 1505): [Focus request 8338402 PopupWindow:1caea08,reason=UpdateInputWindows]
12-31 04:54:58.641 I/input_focus( 1505): [Focus leaving ced2f0c com.android.settings/com.android.settings.Settings (server),reason=setFocusedWindow]
12-31 04:54:58.641 I/input_focus( 1505): [Focus entering 8338402 PopupWindow:1caea08 (server),reason=setFocusedWindow]
12-31 04:54:58.859 I/auditd ( 0): type=1400 audit(0.0:14866): avc: denied { kill } for comm="swapper/2" capability=5 scontext=u:r:kernel:s0 tcontext=u:r:kernel:s0 tclass=capability permissive=0
12-31 04:54:59.792 I/input_interaction( 1505): Interaction with: 8338402 PopupWindow:1caea08 (server), swipe-up (server), edge-swipe (server), PointerEventDispatcher0 (server),
12-31 04:54:59.801 I/input_focus( 1505): [Focus request ced2f0c com.android.settings/com.android.settings.Settings,reason=UpdateInputWindows]
12-31 04:54:59.827 I/input_focus( 1505): [Focus leaving 8338402 PopupWindow:1caea08 (server),reason=NOT_FOCUSABLE]
12-31 04:54:59.827 I/input_focus( 1505): [Focus entering ced2f0c com.android.settings/com.android.settings.Settings (server),reason=setFocusedWindow]
12-31 04:55:00.859 I/auditd ( 0): type=1400 audit(0.0:14867): avc: denied { kill } for comm="swapper/1" capability=5 scontext=u:r:kernel:s0 tcontext=u:r:kernel:s0 tclass=capability permissive=0
12-31 04:55:01.107 I/input_interaction( 1505): Interaction with: ced2f0c com.android.settings/com.android.settings.Settings (server), swipe-up (server), edge-swipe (server), PointerEventDispatcher0 (server),
12-31 04:55:01.254 I/sysui_multi_action(14955): [757,830,758,4,833,0,854,game_setting_gpu_custom,1089,0]
12-31 04:55:03.045 I/sysui_multi_action(14955): [757,830,758,4,833,0,854,game_setting_gpu_standard_dpi,1089,0]
12-31 04:55:03.859 I/auditd ( 0): type=1400 audit(0.0:14868): avc: denied { kill } for comm="swapper/1" capability=5 scontext=u:r:kernel:s0 tcontext=u:r:kernel:s0 tclass=capability permissive=0
12-31 04:55:04.771 I/sysui_multi_action(14955): [757,830,758,4,833,0,854,game_setting_gpu_standard_quality,1089,0]
12-31 04:55:04.859 I/auditd ( 0): type=1400 audit(0.0:14869): avc: denied { kill } for comm="swapper/1" capability=5 scontext=u:r:kernel:s0 tcontext=u:r:kernel:s0 tclass=capability permissive=0
12-31 04:55:05.859 I/auditd ( 0): type=1400 audit(0.0:14870): avc: denied { kill } for comm="swapper/1" capability=5 scontext=u:r:kernel:s0 tcontext=u:r:kernel:s0 tclass=capability permissive=0
12-31 04:55:06.713 I/sysui_multi_action(14955): [757,830,758,4,833,0,854,game_setting_gpu_standard,1089,0]
12-31 04:55:07.859 I/auditd ( 0): type=1400 audit(0.0:14871): avc: denied { kill } for comm="swapper/2" capability=5 scontext=u:r:kernel:s0 tcontext=u:r:kernel:s0 tclass=capability permissive=0
12-31 04:55:08.842 I/sysui_multi_action(14955): [757,830,758,4,833,0,854,game_setting_gpu_custom,1089,0]
12-31 04:55:09.859 I/auditd ( 0): type=1400 audit(0.0:14872): avc: denied { kill } for comm="swapper/2" capability=5 scontext=u:r:kernel:s0 tcontext=u:r:kernel:s0 tclass=capability permissive=0
12-31 04:55:10.859 I/auditd ( 0): type=1400 audit(0.0:14873): avc: denied { kill } for comm="swapper/2" capability=5 scontext=u:r:kernel:s0 tcontext=u:r:kernel:s0 tclass=capability permissive=0
12-31 04:55:11.252 I/sysui_multi_action(14955): [757,3000,758,2,1089,35533]
12-31 04:55:11.268 I/sysui_multi_action(14955): [757,3000,758,1,833,0,1089,0]
12-31 04:55:11.859 I/auditd ( 0): type=1400 audit(0.0:14874): avc: denied { kill } for comm="swapper/2" capability=5 scontext=u:r:kernel:s0 tcontext=u:r:kernel:s0 tclass=capability permissive=0
12-31 04:55:12.380 I/am_uid_idle( 1505): 10096
12-31 04:55:12.859 I/auditd ( 0): type=1400 audit(0.0:14875): avc: denied { kill } for comm="swapper/2" capability=5 scontext=u:r:kernel:s0 tcontext=u:r:kernel:s0 tclass=capability permissive=0
12-31 04:55:13.424 I/sysui_multi_action(14955): [757,830,758,4,833,0,854,game_setting_switch,1089,0]
12-31 04:55:13.859 I/auditd ( 0): type=1400 audit(0.0:14876): avc: denied { kill } for comm="swapper/2" capability=5 scontext=u:r:kernel:s0 tcontext=u:r:kernel:s0 tclass=capability permissive=0
12-31 04:55:14.859 I/auditd ( 0): type=1400 audit(0.0:14877): avc: denied { kill } for comm="swapper/2" capability=5 scontext=u:r:kernel:s0 tcontext=u:r:kernel:s0 tclass=capability permissive=0
12-31 04:55:14.913 I/sysui_multi_action(14955): [757,830,758,4,833,0,854,game_setting_switch,1089,0]
12-31 04:55:15.859 I/auditd ( 0): type=1400 audit(0.0:14878): avc: denied { kill } for comm="swapper/2" capability=5 scontext=u:r:kernel:s0 tcontext=u:r:kernel:s0 tclass=capability permissive=0
12-31 04:55:16.133 I/sysui_multi_action(14955): [757,830,758,4,833,0,854,game_setting_dnd,1089,0]
12-31 04:55:16.135 I/sysui_multi_action(14955): [757,3000,758,2,1089,4868]
12-31 04:55:16.154 I/sysui_multi_action(14955): [757,3100,758,1,833,0,1089,18]
12-31 04:55:16.154 I/sysui_multi_action(14955): [757,1729,758,4,854,isParalleledControllers:false,1089,19]
12-31 04:55:16.829 I/am_uid_idle( 1505): 10085
12-31 04:55:16.840 I/am_uid_idle( 1505): 10029
12-31 04:55:16.859 I/auditd ( 0): type=1400 audit(0.0:14879): avc: denied { kill } for comm="swapper/2" capability=5 scontext=u:r:kernel:s0 tcontext=u:r:kernel:s0 tclass=capability permissive=0
12-31 04:55:17.184 I/sysui_multi_action(14955): [757,830,758,4,833,0,854,game_setting_dnd_notification,1089,0]
12-31 04:55:17.188 I/sysui_multi_action(14955): [757,3100,758,2,1089,1034]
12-31 04:55:17.206 I/sysui_multi_action(14955): [757,3102,758,1,833,0,1089,17]
12-31 04:55:17.207 I/sysui_multi_action(14955): [757,1729,758,4,854,isParalleledControllers:false,1089,18]
12-31 04:55:17.859 I/auditd ( 0): type=1400 audit(0.0:14880): avc: denied { kill } for comm="swapper/2" capability=5 scontext=u:r:kernel:s0 tcontext=u:r:kernel:s0 tclass=capability permissive=0
12-31 04:55:18.859 I/auditd ( 0): type=1400 audit(0.0:14881): avc: denied { kill } for comm="swapper/2" capability=5 scontext=u:r:kernel:s0 tcontext=u:r:kernel:s0 tclass=capability permissive=0
12-31 04:55:19.859 I/auditd ( 0): type=1400 audit(0.0:14882): avc: denied { kill } for comm="swapper/2" capability=5 scontext=u:r:kernel:s0 tcontext=u:r:kernel:s0 tclass=capability permissive=0
12-31 04:55:20.057 I/sysui_multi_action(14955): [757,3102,758,2,1089,2850]
12-31 04:55:20.073 I/sysui_multi_action(14955): [757,3100,758,1,833,0,1089,0]
12-31 04:55:20.859 I/auditd ( 0): type=1400 audit(0.0:14883): avc: denied { kill } for comm="swapper/2" capability=5 scontext=u:r:kernel:s0 tcontext=u:r:kernel:s0 tclass=capability permissive=0
12-31 04:55:22.859 I/auditd ( 0): type=1400 audit(0.0:14884): avc: denied { kill } for comm="swapper/2" capability=5 scontext=u:r:kernel:s0 tcontext=u:r:kernel:s0 tclass=capability permissive=0
12-31 04:55:23.859 I/auditd ( 0): type=1400 audit(0.0:14885): avc: denied { kill } for comm="swapper/2" capability=5 scontext=u:r:kernel:s0 tcontext=u:r:kernel:s0 tclass=capability permissive=0
12-31 04:55:24.029 I/netstats_mobile_sample( 1505): [0,0,0,0,0,0,0,0,0,0,0,0,1672433724029]
12-31 04:55:24.029 I/netstats_wifi_sample( 1505): [8007746092,5613883,237242177,2327976,8007746092,5613883,237242177,2327976,8018170397,5694744,180757784,2200963,1672433724029]
12-31 04:55:24.859 I/auditd ( 0): type=1400 audit(0.0:14886): avc: denied { kill } for comm="swapper/2" capability=5 scontext=u:r:kernel:s0 tcontext=u:r:kernel:s0 tclass=capability permissive=0
12-31 04:55:25.859 I/auditd ( 0): type=1400 audit(0.0:14887): avc: denied { kill } for comm="swapper/2" capability=5 scontext=u:r:kernel:s0 tcontext=u:r:kernel:s0 tclass=capability permissive=0
12-31 04:55:26.859 I/auditd ( 0): type=1400 audit(0.0:14888): avc: denied { kill } for comm="swapper/2" capability=5 scontext=u:r:kernel:s0 tcontext=u:r:kernel:s0 tclass=capability permissive=0
12-31 04:55:27.859 I/auditd ( 0): type=1400 audit(0.0:14889): avc: denied { kill } for comm="swapper/2" capability=5 scontext=u:r:kernel:s0 tcontext=u:r:kernel:s0 tclass=capability permissive=0
12-31 04:55:28.859 I/auditd ( 0): type=1400 audit(0.0:14890): avc: denied { kill } for comm="swapper/2" capability=5 scontext=u:r:kernel:s0 tcontext=u:r:kernel:s0 tclass=capability permissive=0
12-31 04:55:29.859 I/auditd ( 0): type=1400 audit(0.0:14891): avc: denied { kill } for comm="swapper/2" capability=5 scontext=u:r:kernel:s0 tcontext=u:r:kernel:s0 tclass=capability permissive=0
12-31 04:55:30.859 I/auditd ( 0): type=1400 audit(0.0:14892): avc: denied { kill } for comm="swapper/2" capability=5 scontext=u:r:kernel:s0 tcontext=u:r:kernel:s0 tclass=capability permissive=0
12-31 04:55:30.966 I/wm_task_moved( 1505): [1,0,0]
12-31 04:55:30.967 I/wm_task_moved( 1505): [1,0,6]
12-31 04:55:30.978 I/wm_on_restart_called( 2581): [83241864,com.android.launcher3.uioverrides.QuickstepLauncher,performRestartActivity]
12-31 04:55:31.005 I/wm_on_start_called( 2581): [83241864,com.android.launcher3.uioverrides.QuickstepLauncher,handleStartActivity]
12-31 04:55:31.029 I/view_enqueue_input_event(14955): [Motion - Cancel,com.android.settings/com.android.settings.Settings]
12-31 04:55:31.031 I/sysui_latency( 2581): [1,76]
12-31 04:55:31.032 I/input_focus( 1505): [Focus request recents_animation_input_consumer,reason=UpdateInputWindows]
12-31 04:55:31.037 I/sysui_multi_action( 1505): [319,9,322,67,325,13257,757,761,758,9,759,5,806,com.android.launcher3,871,com.android.launcher3.uioverrides.QuickstepLauncher,905,0,1320,8,1321,5]
12-31 04:55:31.040 I/input_interaction( 1505): Interaction with: swipe-up (server), edge-swipe (server), PointerEventDispatcher0 (server),
12-31 04:55:31.050 I/input_focus( 1505): [Focus leaving ced2f0c com.android.settings/com.android.settings.Settings (server),reason=NOT_FOCUSABLE]
12-31 04:55:31.050 I/input_focus( 1505): [Focus entering recents_animation_input_consumer (server),reason=setFocusedWindow]
12-31 04:55:31.207 I/commit_sys_config_file( 1505): [settings-1-0,3]
12-31 04:55:31.335 I/sysui_latency( 1505): [8,83]
12-31 04:55:31.820 I/wm_task_moved( 1505): [1,1,7]
12-31 04:55:31.822 I/wm_task_moved( 1505): [9,1,2147483647]
12-31 04:55:31.822 I/wm_task_to_front( 1505): [0,9]
12-31 04:55:31.822 I/wm_focused_root_task( 1505): [0,0,1,40,RecentsAnimation.onAnimationFinished()]
12-31 04:55:31.822 I/wm_set_resumed_activity( 1505): [0,com.android.launcher3/.uioverrides.QuickstepLauncher,RecentsAnimation.onAnimationFinished()]
12-31 04:55:31.822 I/wm_on_top_resumed_lost_called(14955): [2887587,com.android.settings.Settings,topStateChangedWhenResumed]
12-31 04:55:31.823 I/wm_pause_activity( 1505): [0,2887587,com.android.settings/.Settings,userLeaving=true,pauseBackTasks]
12-31 04:55:31.823 I/wm_add_to_stopping( 1505): [0,2887587,com.android.settings/.Settings,makeInvisible]
12-31 04:55:31.824 I/wm_set_resumed_activity( 1505): [0,com.android.launcher3/.uioverrides.QuickstepLauncher,resumeTopActivityInnerLocked]
12-31 04:55:31.825 I/wm_resume_activity( 1505): [0,83241864,9,com.android.launcher3/.uioverrides.QuickstepLauncher]
12-31 04:55:31.826 I/wm_on_resume_called( 2581): [83241864,com.android.launcher3.uioverrides.QuickstepLauncher,RESUME_ACTIVITY]
12-31 04:55:31.830 I/input_focus( 1505): [Focus request 3670d14 com.android.launcher3/com.android.launcher3.uioverrides.QuickstepLauncher,reason=UpdateInputWindows]
12-31 04:55:31.832 I/sysui_multi_action(14955): [757,35,758,2,1089,80988]
12-31 04:55:31.833 I/sysui_multi_action(14955): [757,3100,758,2,1089,11760]
12-31 04:55:31.833 I/wm_on_paused_called(14955): [2887587,com.android.settings.Settings,performPause]
12-31 04:55:31.837 I/input_focus( 1505): [Focus leaving recents_animation_input_consumer (server),reason=NOT_VISIBLE]
12-31 04:55:31.846 I/wm_stop_activity( 1505): [0,2887587,com.android.settings/.Settings]
12-31 04:55:31.847 I/wm_on_stop_called(14955): [2887587,com.android.settings.Settings,STOP_ACTIVITY_ITEM]
12-31 04:55:31.848 I/wm_on_top_resumed_gained_called( 2581): [83241864,com.android.launcher3.uioverrides.QuickstepLauncher,topStateChangedWhenResumed]
12-31 04:55:31.848 I/sysui_multi_action( 1505): [757,803,799,window_time_0,802,87]
12-31 04:55:31.849 I/sysui_multi_action( 1505): [757,803,799,window_time_0,802,0]
12-31 04:55:31.852 I/input_focus( 1505): [Focus entering 3670d14 com.android.launcher3/com.android.launcher3.uioverrides.QuickstepLauncher (server),reason=setFocusedWindow]
12-31 04:55:31.859 I/auditd ( 0): type=1400 audit(0.0:14893): avc: denied { kill } for comm="swapper/2" capability=5 scontext=u:r:kernel:s0 tcontext=u:r:kernel:s0 tclass=capability permissive=0
12-31 04:55:31.976 I/input_interaction( 1505): Interaction with: 3670d14 com.android.launcher3/com.android.launcher3.uioverrides.QuickstepLauncher (server), 3a8c96a com.android.systemui.ImageWallpaper (server), swipe-up (server), edge-swipe (server), PointerEventDispatcher0 (server),
12-31 04:55:32.058 I/view_enqueue_input_event( 2581): [Motion - Cancel,com.android.launcher3/com.android.launcher3.uioverrides.QuickstepLauncher]
12-31 04:55:32.068 I/input_interaction( 1505): Interaction with: swipe-up (server), edge-swipe (server), PointerEventDispatcher0 (server),
12-31 04:55:32.242 I/commit_sys_config_file( 1505): [settings-1-0,4]
12-31 04:55:32.716 I/commit_sys_config_file( 1505): [settings-1-0,4]
12-31 04:55:32.859 I/auditd ( 0): type=1400 audit(0.0:14894): avc: denied { kill } for comm="swapper/2" capability=5 scontext=u:r:kernel:s0 tcontext=u:r:kernel:s0 tclass=capability permissive=0
12-31 04:55:33.753 I/input_interaction( 1505): Interaction with: 3670d14 com.android.launcher3/com.android.launcher3.uioverrides.QuickstepLauncher (server), 3a8c96a com.android.systemui.ImageWallpaper (server), swipe-up (server), edge-swipe (server), PointerEventDispatcher0 (server),
12-31 04:55:33.859 I/auditd ( 0): type=1400 audit(0.0:14895): avc: denied { kill } for comm="swapper/2" capability=5 scontext=u:r:kernel:s0 tcontext=u:r:kernel:s0 tclass=capability permissive=0
12-31 04:55:34.309 I/wm_finish_activity( 1505): [0,62701714,47,com.tencent.tmgp.sgame/.SGameActivity,recent-task-trimmed]
12-31 04:55:34.311 I/wm_destroy_activity( 1505): [0,62701714,47,com.tencent.tmgp.sgame/.SGameActivity,finish-imm:finishIfPossible]
12-31 04:55:34.314 I/wm_finish_activity( 1505): [0,2887587,40,com.android.settings/.Settings,recent-task-trimmed]
12-31 04:55:34.316 I/am_kill ( 1505): [0,17151,com.tencent.tmgp.sgame,900,remove task]
12-31 04:55:34.323 I/wm_destroy_activity( 1505): [0,2887587,40,com.android.settings/.Settings,finish-imm:finishIfPossible]
12-31 04:55:34.325 I/am_kill ( 1505): [0,17846,com.tencent.tmgp.sgame:tgaPlugin,900,remove task]
12-31 04:55:34.326 I/am_kill ( 1505): [0,17185,com.tencent.tmgp.sgame:xg_vip_service,900,remove task]
12-31 04:55:34.331 I/wm_on_destroy_called(14955): [2887587,com.android.settings.Settings,performDestroy]
12-31 04:55:34.332 I/sysui_multi_action( 1505): [757,803,799,window_time_0,802,2]
12-31 04:55:34.334 I/am_kill ( 1505): [0,14955,com.android.settings,905,remove task]
12-31 04:55:34.339 I/sysui_multi_action( 1505): [757,803,799,window_time_0,802,0]
12-31 04:55:34.369 I/am_proc_died( 1505): [0,17185,com.tencent.tmgp.sgame:xg_vip_service,900,19]
12-31 04:55:34.371 I/am_schedule_service_restart( 1505): [0,com.tencent.tmgp.sgame/com.tencent.android.tpush.service.XGVipPushService,1000]
12-31 04:55:34.380 I/am_proc_died( 1505): [0,17846,com.tencent.tmgp.sgame:tgaPlugin,900,19]
12-31 04:55:34.382 I/am_schedule_service_restart( 1505): [0,com.tencent.tmgp.sgame/com.tencent.tga.livesdk.service.plugin.PluginProcessService,10989]
12-31 04:55:34.437 I/am_proc_died( 1505): [0,14955,com.android.settings,905,19]
12-31 04:55:34.438 I/wm_task_removed( 1505): [40,removeChild:removeChild last r=ActivityRecord{2c0fa3 u0 com.android.settings/.Settings t-1 f}} in t=Task{f5eb715 #40 type=standard A=1000:com.android.settings.root U=0 visible=false mode=fullscreen translucent=true sz=0}]
12-31 04:55:34.438 I/wm_task_removed( 1505): [40,removeChild]
12-31 04:55:34.453 I/am_proc_start( 1505): [0,18555,1000,com.android.settings,NULL,]
12-31 04:55:34.471 I/am_proc_bound( 1505): [0,18555,com.android.settings]
12-31 04:55:34.523 I/am_wtf ( 1505): [0,18555,com.android.settings,952647173,RoleParser,com.android.permissioncontroller.role.model.AssistantRoleBehavior]
12-31 04:55:34.525 I/am_wtf ( 1505): [0,18555,com.android.settings,952647173,RoleParser,com.android.permissioncontroller.role.model.BrowserRoleBehavior]
12-31 04:55:34.528 I/am_wtf ( 1505): [0,18555,com.android.settings,952647173,RoleParser,com.android.permissioncontroller.role.model.DialerRoleBehavior]
12-31 04:55:34.529 I/am_wtf ( 1505): [0,18555,com.android.settings,952647173,RoleParser,com.android.permissioncontroller.role.model.SmsRoleBehavior]
12-31 04:55:34.531 I/am_wtf ( 1505): [0,18555,com.android.settings,952647173,RoleParser,com.android.permissioncontroller.role.model.EmergencyRoleBehavior]
12-31 04:55:34.532 I/am_wtf ( 1505): [0,18555,com.android.settings,952647173,RoleParser,com.android.permissioncontroller.role.model.HomeRoleBehavior]
12-31 04:55:34.533 I/service_manager_stats( 1505): [100,67,53929]
12-31 04:55:34.534 I/am_wtf ( 1505): [0,18555,com.android.settings,952647173,RoleParser,com.android.permissioncontroller.role.model.SystemAutomotiveClusterRoleBehavior]
12-31 04:55:34.536 I/am_wtf ( 1505): [0,18555,com.android.settings,952647173,RoleParser,com.android.permissioncontroller.role.model.CompanionDeviceWatchRoleBehavior]
12-31 04:55:34.537 I/am_wtf ( 1505): [0,18555,com.android.settings,952647173,RoleParser,com.android.permissioncontroller.role.model.SystemShellRoleBehavior]
12-31 04:55:34.539 I/am_wtf ( 1505): [0,18555,com.android.settings,952647173,RoleParser,com.android.permissioncontroller.role.model.TelevisionRoleBehavior]
12-31 04:55:34.540 I/am_wtf ( 1505): [0,18555,com.android.settings,952647173,RoleParser,com.android.permissioncontroller.role.model.TelevisionRoleBehavior]
12-31 04:55:34.698 I/am_proc_died( 1505): [0,17151,com.tencent.tmgp.sgame,900,18]
12-31 04:55:34.708 I/am_uid_stopped( 1505): 10096
12-31 04:55:34.709 I/wm_task_removed( 1505): [47,removeChild:removeChild last r=ActivityRecord{3bcc092 u0 com.tencent.tmgp.sgame/.SGameActivity t-1 f}} in t=Task{d8b2178 #47 type=standard A=10096:com.tencent.tmgp.sgame U=0 visible=false mode=fullscreen translucent=true sz=0}]
12-31 04:55:34.709 I/wm_task_removed( 1505): [47,removeChild]
12-31 04:55:34.859 I/auditd ( 0): type=1400 audit(0.0:14896): avc: denied { kill } for comm="swapper/2" capability=5 scontext=u:r:kernel:s0 tcontext=u:r:kernel:s0 tclass=capability permissive=0
12-31 04:55:35.859 I/auditd ( 0): type=1400 audit(0.0:14897): avc: denied { kill } for comm="swapper/2" capability=5 scontext=u:r:kernel:s0 tcontext=u:r:kernel:s0 tclass=capability permissive=0
12-31 04:55:36.504 I/wm_task_created( 1505): [48,-1]
12-31 04:55:36.506 I/wm_task_moved( 1505): [48,1,6]
12-31 04:55:36.506 I/wm_task_to_front( 1505): [0,48]
12-31 04:55:36.506 I/wm_create_task( 1505): [0,48]
12-31 04:55:36.506 I/wm_create_activity( 1505): [0,37328305,48,com.android.settings/.Settings,android.intent.action.MAIN,NULL,NULL,270532608]
12-31 04:55:36.506 I/wm_task_moved( 1505): [48,1,6]
12-31 04:55:36.507 I/wm_pause_activity( 1505): [0,83241864,com.android.launcher3/.uioverrides.QuickstepLauncher,userLeaving=true,pauseBackTasks]
12-31 04:55:36.510 I/wm_on_top_resumed_lost_called( 2581): [83241864,com.android.launcher3.uioverrides.QuickstepLauncher,topStateChangedWhenResumed]
12-31 04:55:36.510 I/wm_on_paused_called( 2581): [83241864,com.android.launcher3.uioverrides.QuickstepLauncher,performPause]
12-31 04:55:36.511 I/wm_add_to_stopping( 1505): [0,83241864,com.android.launcher3/.uioverrides.QuickstepLauncher,makeInvisible]
12-31 04:55:36.512 I/wm_restart_activity( 1505): [0,37328305,48,com.android.settings/.Settings]
12-31 04:55:36.512 I/wm_set_resumed_activity( 1505): [0,com.android.settings/.Settings,minimalResumeActivityLocked]
12-31 04:55:36.515 I/sysui_multi_action( 1505): [757,803,799,window_time_0,802,2]
12-31 04:55:36.531 I/input_focus( 1505): [Focus leaving 3670d14 com.android.launcher3/com.android.launcher3.uioverrides.QuickstepLauncher (server),reason=NO_WINDOW]
12-31 04:55:36.626 I/am_uid_active( 1505): 10085
12-31 04:55:36.628 I/wm_on_create_called(18555): [37328305,com.android.settings.Settings,performCreate]
12-31 04:55:36.649 I/wm_on_start_called(18555): [37328305,com.android.settings.Settings,handleStartActivity]
12-31 04:55:36.649 I/snet_event_log(18555): [120484087,-1,]
12-31 04:55:36.650 I/wm_on_resume_called(18555): [37328305,com.android.settings.Settings,RESUME_ACTIVITY]
12-31 04:55:36.651 I/sysui_multi_action(18555): [757,35,758,1,833,0,1089,22]
12-31 04:55:36.657 I/sysui_multi_action(18555): [757,1729,758,4,854,isParalleledControllers:false,1089,28]
12-31 04:55:36.662 I/wm_on_top_resumed_gained_called(18555): [37328305,com.android.settings.Settings,topStateChangedWhenResumed]
12-31 04:55:36.682 I/input_focus( 1505): [Focus request e8b4bf7 com.android.settings/com.android.settings.Settings,reason=UpdateInputWindows]
12-31 04:55:36.715 I/sysui_multi_action( 1505): [324,1,757,1090,758,12,806,com.android.settings,871,com.android.settings.Settings,1091,216]
12-31 04:55:36.720 I/sysui_multi_action( 1505): [319,27,321,25,322,216,325,13262,757,761,758,8,759,1,806,com.android.settings,871,com.android.settings.Settings,904,com.android.launcher3,905,0,1320,8,1321,5]
12-31 04:55:36.720 I/wm_activity_launch_time( 1505): [0,37328305,com.android.settings/.Settings,216]
12-31 04:55:36.730 I/input_focus( 1505): [Focus entering e8b4bf7 com.android.settings/com.android.settings.Settings (server),reason=Window became focusable. Previous reason: NOT_VISIBLE]
12-31 04:55:36.771 W/CarrierConfigManager(18555): Error getting config for subId -1 ICarrierConfigLoader is null
12-31 04:55:36.791 I/sysui_multi_action(18555): [757,746,758,1,833,0,1089,27]
12-31 04:55:36.791 D/TelephonyRegistry( 1505): listen oscl: mHasNotifySubscriptionInfoChangedOccurred==false no callback
12-31 04:55:36.795 D/TelephonyRegistry( 1505): listen oscl: mHasNotifySubscriptionInfoChangedOccurred==false no callback
12-31 04:55:36.800 I/sysui_multi_action(18555): [757,1729,758,4,854,isParalleledControllers:false,1089,36]
12-31 04:55:36.859 I/auditd ( 0): type=1400 audit(0.0:14898): avc: denied { kill } for comm="swapper/2" capability=5 scontext=u:r:kernel:s0 tcontext=u:r:kernel:s0 tclass=capability permissive=0
12-31 04:55:37.067 I/wm_stop_activity( 1505): [0,83241864,com.android.launcher3/.uioverrides.QuickstepLauncher]
12-31 04:55:37.084 I/wm_on_stop_called( 2581): [83241864,com.android.launcher3.uioverrides.QuickstepLauncher,STOP_ACTIVITY_ITEM]
12-31 04:55:37.415 I/input_interaction( 1505): Interaction with: e8b4bf7 com.android.settings/com.android.settings.Settings (server), swipe-up (server), edge-swipe (server), PointerEventDispatcher0 (server),
12-31 04:55:37.859 I/auditd ( 0): type=1400 audit(0.0:14899): avc: denied { kill } for comm="swapper/2" capability=5 scontext=u:r:kernel:s0 tcontext=u:r:kernel:s0 tclass=capability permissive=0
12-31 04:55:38.469 I/sysui_multi_action(18555): [757,830,758,4,833,0,854,top_level_game,1089,0]
12-31 04:55:38.599 I/sysui_multi_action(18555): [757,746,758,2,1089,1808]
12-31 04:55:38.630 I/sysui_multi_action(18555): [757,3000,758,1,833,0,1089,13]
12-31 04:55:38.630 I/sysui_multi_action(18555): [757,1729,758,4,854,isParalleledControllers:false,1089,13]
12-31 04:55:38.859 I/auditd ( 0): type=1400 audit(0.0:14900): avc: denied { kill } for comm="swapper/2" capability=5 scontext=u:r:kernel:s0 tcontext=u:r:kernel:s0 tclass=capability permissive=0
12-31 04:55:38.928 I/liblog ( 1324): 61
12-31 04:55:39.787 I/sysui_multi_action(18555): [757,830,758,4,833,0,854,game_setting_switch,1089,0]
12-31 04:55:39.859 I/auditd ( 0): type=1400 audit(0.0:14901): avc: denied { kill } for comm="swapper/2" capability=5 scontext=u:r:kernel:s0 tcontext=u:r:kernel:s0 tclass=capability permissive=0
12-31 04:55:40.859 I/auditd ( 0): type=1400 audit(0.0:14902): avc: denied { kill } for comm="swapper/2" capability=5 scontext=u:r:kernel:s0 tcontext=u:r:kernel:s0 tclass=capability permissive=0
12-31 04:55:41.624 I/sysui_multi_action(18555): [757,830,758,4,833,0,854,game_setting_switch,1089,0]
12-31 04:55:42.446 I/sysui_multi_action(18555): [757,830,758,4,833,0,854,game_setting_gpu,1089,0]
12-31 04:55:42.449 I/sysui_multi_action(18555): [757,3000,758,2,1089,3819]
12-31 04:55:42.481 I/sysui_multi_action(18555): [757,3000,758,1,833,0,1089,30]
12-31 04:55:42.481 I/sysui_multi_action(18555): [757,1729,758,4,854,isParalleledControllers:false,1089,31]
12-31 04:55:42.859 I/auditd ( 0): type=1400 audit(0.0:14903): avc: denied { kill } for comm="swapper/2" capability=5 scontext=u:r:kernel:s0 tcontext=u:r:kernel:s0 tclass=capability permissive=0
12-31 04:55:43.859 I/auditd ( 0): type=1400 audit(0.0:14904): avc: denied { kill } for comm="swapper/2" capability=5 scontext=u:r:kernel:s0 tcontext=u:r:kernel:s0 tclass=capability permissive=0
12-31 04:55:44.831 I/sysui_multi_action(18555): [757,3000,758,2,1089,2351]
12-31 04:55:44.847 I/sysui_multi_action(18555): [757,3000,758,1,833,0,1089,0]
12-31 04:55:44.859 I/auditd ( 0): type=1400 audit(0.0:14905): avc: denied { kill } for comm="swapper/2" capability=5 scontext=u:r:kernel:s0 tcontext=u:r:kernel:s0 tclass=capability permissive=0
12-31 04:55:45.859 I/auditd ( 0): type=1400 audit(0.0:14906): avc: denied { kill } for comm="swapper/2" capability=5 scontext=u:r:kernel:s0 tcontext=u:r:kernel:s0 tclass=capability permissive=0
12-31 04:55:46.525 I/sysui_multi_action(18555): [757,830,758,4,833,0,854,game_setting_switch,1089,0]
12-31 04:55:46.859 I/auditd ( 0): type=1400 audit(0.0:14907): avc: denied { kill } for comm="swapper/2" capability=5 scontext=u:r:kernel:s0 tcontext=u:r:kernel:s0 tclass=capability permissive=0
12-31 04:55:47.240 I/wm_task_moved( 1505): [1,0,0]
12-31 04:55:47.242 I/wm_task_moved( 1505): [1,0,5]
12-31 04:55:47.259 I/wm_on_restart_called( 2581): [83241864,com.android.launcher3.uioverrides.QuickstepLauncher,performRestartActivity]
12-31 04:55:47.266 I/am_pss ( 1505): [18555,1000,com.android.settings,167108608,150810624,61440,290111488,0,2,15]
12-31 04:55:47.285 I/wm_on_start_called( 2581): [83241864,com.android.launcher3.uioverrides.QuickstepLauncher,handleStartActivity]
12-31 04:55:47.300 I/view_enqueue_input_event(18555): [Motion - Cancel,com.android.settings/com.android.settings.Settings]
12-31 04:55:47.300 I/input_interaction( 1505): Interaction with: swipe-up (server), edge-swipe (server), PointerEventDispatcher0 (server),
12-31 04:55:47.301 I/sysui_latency( 2581): [1,71]
12-31 04:55:47.315 I/input_focus( 1505): [Focus request recents_animation_input_consumer,reason=UpdateInputWindows]
12-31 04:55:47.316 I/sysui_multi_action( 1505): [319,10,322,66,325,13273,757,761,758,9,759,5,806,com.android.launcher3,871,com.android.launcher3.uioverrides.QuickstepLauncher,905,0,1320,8,1321,5]
12-31 04:55:47.323 I/input_focus( 1505): [Focus leaving e8b4bf7 com.android.settings/com.android.settings.Settings (server),reason=NOT_FOCUSABLE]
12-31 04:55:47.323 I/input_focus( 1505): [Focus entering recents_animation_input_consumer (server),reason=setFocusedWindow]
12-31 04:55:47.487 I/commit_sys_config_file( 1505): [settings-1-0,3]
12-31 04:55:47.609 I/sysui_latency( 1505): [8,79]
12-31 04:55:47.859 I/auditd ( 0): type=1400 audit(0.0:14908): avc: denied { kill } for comm="swapper/2" capability=5 scontext=u:r:kernel:s0 tcontext=u:r:kernel:s0 tclass=capability permissive=0
12-31 04:55:47.979 I/input_interaction( 1505): Interaction with: recents_animation_input_consumer (server), swipe-up (server), edge-swipe (server), PointerEventDispatcher0 (server),
12-31 04:55:48.016 I/wm_task_moved( 1505): [1,1,6]
12-31 04:55:48.018 I/wm_task_moved( 1505): [9,1,2147483647]
12-31 04:55:48.018 I/wm_task_to_front( 1505): [0,9]
12-31 04:55:48.018 I/wm_focused_root_task( 1505): [0,0,1,48,RecentsAnimation.onAnimationFinished()]
12-31 04:55:48.018 I/wm_on_top_resumed_lost_called(18555): [37328305,com.android.settings.Settings,topStateChangedWhenResumed]
12-31 04:55:48.019 I/wm_set_resumed_activity( 1505): [0,com.android.launcher3/.uioverrides.QuickstepLauncher,RecentsAnimation.onAnimationFinished()]
12-31 04:55:48.020 I/wm_pause_activity( 1505): [0,37328305,com.android.settings/.Settings,userLeaving=true,pauseBackTasks]
12-31 04:55:48.022 I/wm_add_to_stopping( 1505): [0,37328305,com.android.settings/.Settings,makeInvisible]
12-31 04:55:48.023 I/wm_set_resumed_activity( 1505): [0,com.android.launcher3/.uioverrides.QuickstepLauncher,resumeTopActivityInnerLocked]
12-31 04:55:48.024 I/wm_resume_activity( 1505): [0,83241864,9,com.android.launcher3/.uioverrides.QuickstepLauncher]
12-31 04:55:48.030 I/wm_on_resume_called( 2581): [83241864,com.android.launcher3.uioverrides.QuickstepLauncher,RESUME_ACTIVITY]
12-31 04:55:48.035 I/input_focus( 1505): [Focus request 3670d14 com.android.launcher3/com.android.launcher3.uioverrides.QuickstepLauncher,reason=UpdateInputWindows]
12-31 04:55:48.036 I/wm_on_top_resumed_gained_called( 2581): [83241864,com.android.launcher3.uioverrides.QuickstepLauncher,topStateChangedWhenResumed]
12-31 04:55:48.037 I/sysui_multi_action(18555): [757,35,758,2,1089,11386]
12-31 04:55:48.037 I/sysui_multi_action(18555): [757,3000,758,2,1089,3190]
12-31 04:55:48.037 I/wm_on_paused_called(18555): [37328305,com.android.settings.Settings,performPause]
12-31 04:55:48.040 I/wm_stop_activity( 1505): [0,37328305,com.android.settings/.Settings]
12-31 04:55:48.040 I/sysui_multi_action( 1505): [757,803,799,window_time_0,802,12]
12-31 04:55:48.042 I/input_focus( 1505): [Focus leaving recents_animation_input_consumer (server),reason=NOT_VISIBLE]
12-31 04:55:48.042 I/input_focus( 1505): [Focus entering 3670d14 com.android.launcher3/com.android.launcher3.uioverrides.QuickstepLauncher (server),reason=setFocusedWindow]
12-31 04:55:48.045 I/sysui_multi_action( 1505): [757,803,799,window_time_0,802,0]
12-31 04:55:48.052 I/wm_on_stop_called(18555): [37328305,com.android.settings.Settings,STOP_ACTIVITY_ITEM]
12-31 04:55:48.070 I/input_interaction( 1505): Interaction with: swipe-up (server), edge-swipe (server), PointerEventDispatcher0 (server),
12-31 04:55:48.252 I/commit_sys_config_file( 1505): [settings-1-0,3]
12-31 04:55:48.663 I/commit_sys_config_file( 1505): [settings-1-0,3]
12-31 04:55:48.859 I/auditd ( 0): type=1400 audit(0.0:14909): avc: denied { kill } for comm="swapper/2" capability=5 scontext=u:r:kernel:s0 tcontext=u:r:kernel:s0 tclass=capability permissive=0
12-31 04:55:49.327 I/input_interaction( 1505): Interaction with: 3670d14 com.android.launcher3/com.android.launcher3.uioverrides.QuickstepLauncher (server), 3a8c96a com.android.systemui.ImageWallpaper (server), swipe-up (server), edge-swipe (server), PointerEventDispatcher0 (server),
12-31 04:55:49.859 I/auditd ( 0): type=1400 audit(0.0:14910): avc: denied { kill } for comm="swapper/2" capability=5 scontext=u:r:kernel:s0 tcontext=u:r:kernel:s0 tclass=capability permissive=0
12-31 04:55:49.865 I/wm_finish_activity( 1505): [0,37328305,48,com.android.settings/.Settings,recent-task-trimmed]
12-31 04:55:49.867 I/wm_destroy_activity( 1505): [0,37328305,48,com.android.settings/.Settings,finish-imm:finishIfPossible]
12-31 04:55:49.871 I/am_kill ( 1505): [0,18555,com.android.settings,900,remove task]
12-31 04:55:49.873 I/sysui_multi_action( 1505): [757,803,799,window_time_0,802,2]
12-31 04:55:49.944 I/am_proc_died( 1505): [0,18555,com.android.settings,900,18]
12-31 04:55:49.949 I/wm_task_removed( 1505): [48,removeChild:removeChild last r=ActivityRecord{23995b1 u0 com.android.settings/.Settings t-1 f}} in t=Task{9e6a66e #48 type=standard A=1000:com.android.settings.root U=0 visible=false mode=fullscreen translucent=true sz=0}]
12-31 04:55:49.949 I/wm_task_removed( 1505): [48,removeChild]
12-31 04:55:49.969 I/am_proc_start( 1505): [0,18642,1000,com.android.settings,NULL,]
12-31 04:55:49.999 I/am_proc_bound( 1505): [0,18642,com.android.settings]
12-31 04:55:50.051 I/am_wtf ( 1505): [0,18642,com.android.settings,952647173,RoleParser,com.android.permissioncontroller.role.model.AssistantRoleBehavior]
12-31 04:55:50.053 I/am_wtf ( 1505): [0,18642,com.android.settings,952647173,RoleParser,com.android.permissioncontroller.role.model.BrowserRoleBehavior]
12-31 04:55:50.055 I/am_wtf ( 1505): [0,18642,com.android.settings,952647173,RoleParser,com.android.permissioncontroller.role.model.DialerRoleBehavior]
12-31 04:55:50.057 I/am_wtf ( 1505): [0,18642,com.android.settings,952647173,RoleParser,com.android.permissioncontroller.role.model.SmsRoleBehavior]
12-31 04:55:50.059 I/am_wtf ( 1505): [0,18642,com.android.settings,952647173,RoleParser,com.android.permissioncontroller.role.model.EmergencyRoleBehavior]
12-31 04:55:50.061 I/am_wtf ( 1505): [0,18642,com.android.settings,952647173,RoleParser,com.android.permissioncontroller.role.model.HomeRoleBehavior]
12-31 04:55:50.063 I/am_wtf ( 1505): [0,18642,com.android.settings,952647173,RoleParser,com.android.permissioncontroller.role.model.SystemAutomotiveClusterRoleBehavior]
12-31 04:55:50.065 I/am_wtf ( 1505): [0,18642,com.android.settings,952647173,RoleParser,com.android.permissioncontroller.role.model.CompanionDeviceWatchRoleBehavior]
12-31 04:55:50.066 I/am_wtf ( 1505): [0,18642,com.android.settings,952647173,RoleParser,com.android.permissioncontroller.role.model.SystemShellRoleBehavior]
12-31 04:55:50.068 I/am_wtf ( 1505): [0,18642,com.android.settings,952647173,RoleParser,com.android.permissioncontroller.role.model.TelevisionRoleBehavior]
12-31 04:55:50.070 I/am_wtf ( 1505): [0,18642,com.android.settings,952647173,RoleParser,com.android.permissioncontroller.role.model.TelevisionRoleBehavior]
12-31 04:55:50.859 I/auditd ( 0): type=1400 audit(0.0:14911): avc: denied { kill } for comm="swapper/2" capability=5 scontext=u:r:kernel:s0 tcontext=u:r:kernel:s0 tclass=capability permissive=0
12-31 04:55:51.859 I/auditd ( 0): type=1400 audit(0.0:14912): avc: denied { kill } for comm="swapper/2" capability=5 scontext=u:r:kernel:s0 tcontext=u:r:kernel:s0 tclass=capability permissive=0
12-31 04:55:52.859 I/auditd ( 0): type=1400 audit(0.0:14913): avc: denied { kill } for comm="swapper/2" capability=5 scontext=u:r:kernel:s0 tcontext=u:r:kernel:s0 tclass=capability permissive=0
12-31 04:55:53.859 I/auditd ( 0): type=1400 audit(0.0:14914): avc: denied { kill } for comm="swapper/2" capability=5 scontext=u:r:kernel:s0 tcontext=u:r:kernel:s0 tclass=capability permissive=0
12-31 04:55:54.859 I/auditd ( 0): type=1400 audit(0.0:14915): avc: denied { kill } for comm="swapper/2" capability=5 scontext=u:r:kernel:s0 tcontext=u:r:kernel:s0 tclass=capability permissive=0
12-31 04:55:55.859 I/auditd ( 0): type=1400 audit(0.0:14916): avc: denied { kill } for comm="swapper/2" capability=5 scontext=u:r:kernel:s0 tcontext=u:r:kernel:s0 tclass=capability permissive=0
12-31 04:55:56.859 I/auditd ( 0): type=1400 audit(0.0:14917): avc: denied { kill } for comm="swapper/2" capability=5 scontext=u:r:kernel:s0 tcontext=u:r:kernel:s0 tclass=capability permissive=0
12-31 04:55:57.859 I/auditd ( 0): type=1400 audit(0.0:14918): avc: denied { kill } for comm="swapper/2" capability=5 scontext=u:r:kernel:s0 tcontext=u:r:kernel:s0 tclass=capability permissive=0
12-31 04:55:58.859 I/auditd ( 0): type=1400 audit(0.0:14919): avc: denied { kill } for comm="swapper/2" capability=5 scontext=u:r:kernel:s0 tcontext=u:r:kernel:s0 tclass=capability permissive=0
