12-31 04:38:54.257 I/sysui_multi_action( 1505): [757,128,758,1,793,1117863,794,0,795,1117863,796,4273,798,1,806,com.android.systemui,857,screen_record,858,3,947,0,1395,3,1500,1117661,1688,1,1745,680407814]
12-31 04:38:54.257 I/sysui_multi_action( 1505): [757,804,799,note_freshness,801,1117863,802,1]
12-31 04:38:54.257 I/notification_visibility( 1505): [0|com.android.systemui|4273|null|10081,1,1117863,1117863,0,1]
12-31 04:38:54.257 I/sysui_multi_action( 1505): [757,128,758,1,793,12249727,794,0,795,12249727,796,32,798,2,806,android,857,USB,858,1,947,0,1395,3,1500,12249267,1688,1]
12-31 04:38:54.257 I/sysui_multi_action( 1505): [757,804,799,note_freshness,801,12249727,802,1]
12-31 04:38:54.257 I/notification_visibility( 1505): [-1|android|32|null|1000,1,12249727,12249727,0,2]
12-31 04:38:54.270 I/sysui_multi_action( 1996): [757,111,758,1]
12-31 04:38:54.271 I/sysui_multi_action( 1996): [757,126,758,1,759,126,927,0,928,1,1593,0]
12-31 04:38:54.271 I/sysui_multi_action( 1996): [757,0,758,1,759,0,927,1,928,0,1593,0]
12-31 04:38:54.271 I/sysui_multi_action( 1996): [757,0,758,1,759,0,927,2,928,0,1593,0]
12-31 04:38:54.271 I/sysui_multi_action( 1996): [757,491,758,1,759,491,927,3,928,0,1311,-1,1593,0]
12-31 04:38:54.271 I/sysui_multi_action( 1996): [757,113,758,1,759,113,927,4,928,1,1593,0]
12-31 04:38:54.271 I/sysui_multi_action( 1996): [757,0,758,1,759,0,927,5,928,0,1593,0]
12-31 04:38:54.272 I/sysui_multi_action( 1996): [757,111,758,1]
12-31 04:38:54.272 I/sysui_multi_action( 1996): [757,126,758,1,759,126,927,0,928,1,1593,0]
12-31 04:38:54.272 I/sysui_multi_action( 1996): [757,0,758,1,759,0,927,1,928,0,1593,0]
12-31 04:38:54.272 I/input_focus( 1505): [Focus leaving 5f64dd7 com.android.launcher3/com.android.launcher3.uioverrides.QuickstepLauncher (server),reason=setFocusedWindow]
12-31 04:38:54.272 I/sysui_multi_action( 1996): [757,0,758,1,759,0,927,2,928,0,1593,0]
12-31 04:38:54.272 I/input_focus( 1505): [Focus entering c825af4 NotificationShade (server),reason=setFocusedWindow]
12-31 04:38:54.272 I/sysui_multi_action( 1996): [757,491,758,1,759,491,927,3,928,0,1311,-1,1593,0]
12-31 04:38:54.859 I/auditd ( 0): type=1400 audit(0.0:13837): avc: denied { kill } for comm="swapper/1" capability=5 scontext=u:r:kernel:s0 tcontext=u:r:kernel:s0 tclass=capability permissive=0
12-31 04:38:55.859 I/auditd ( 0): type=1400 audit(0.0:13838): avc: denied { kill } for comm="swapper/1" capability=5 scontext=u:r:kernel:s0 tcontext=u:r:kernel:s0 tclass=capability permissive=0
12-31 04:38:56.124 I/input_interaction( 1505): Interaction with: c825af4 NotificationShade (server), edge-swipe (server), swipe-up (server), PointerEventDispatcher0 (server),
12-31 04:38:56.264 I/sysui_multi_action( 1996): [757,219,758,4,759,45]
12-31 04:38:56.269 I/commit_sys_config_file( 1505): [display-state,10773131]
12-31 04:38:56.273 I/am_wtf ( 1505): [0,1505,system_server,-1,DisplayDeviceConfig,requesting nits when no mapping exists.]
12-31 04:38:56.275 I/am_wtf ( 1505): [0,1505,system_server,-1,DisplayDeviceConfig,requesting nits when no mapping exists.]
12-31 04:38:56.484 I/commit_sys_config_file( 1505): [settings-1-0,10]
12-31 04:38:56.859 I/auditd ( 0): type=1400 audit(0.0:13839): avc: denied { kill } for comm="swapper/1" capability=5 scontext=u:r:kernel:s0 tcontext=u:r:kernel:s0 tclass=capability permissive=0
12-31 04:38:56.962 I/sysui_multi_action( 1996): [757,219,758,4,759,62]
12-31 04:38:56.967 I/commit_sys_config_file( 1505): [display-state,10773829]
12-31 04:38:56.969 I/am_wtf ( 1505): [0,1505,system_server,-1,DisplayDeviceConfig,requesting nits when no mapping exists.]
12-31 04:38:56.975 I/am_wtf ( 1505): [0,1505,system_server,-1,DisplayDeviceConfig,requesting nits when no mapping exists.]
12-31 04:38:57.176 I/commit_sys_config_file( 1505): [settings-1-0,5]
12-31 04:38:57.198 I/sysui_multi_action( 1996): [757,219,758,4,759,71]
12-31 04:38:57.206 I/commit_sys_config_file( 1505): [display-state,10774069]
12-31 04:38:57.208 I/am_wtf ( 1505): [0,1505,system_server,-1,DisplayDeviceConfig,requesting nits when no mapping exists.]
12-31 04:38:57.214 I/am_wtf ( 1505): [0,1505,system_server,-1,DisplayDeviceConfig,requesting nits when no mapping exists.]
12-31 04:38:57.401 I/sysui_multi_action( 1996): [757,219,758,4,759,83]
12-31 04:38:57.403 I/am_wtf ( 1505): [0,1505,system_server,-1,DisplayDeviceConfig,requesting nits when no mapping exists.]
12-31 04:38:57.404 I/am_wtf ( 1505): [0,1505,system_server,-1,DisplayDeviceConfig,requesting nits when no mapping exists.]
12-31 04:38:57.408 I/commit_sys_config_file( 1505): [display-state,10774270]
12-31 04:38:57.418 I/commit_sys_config_file( 1505): [settings-1-0,7]
12-31 04:38:57.568 I/sysui_multi_action( 1996): [757,219,758,4,759,86]
12-31 04:38:57.570 I/am_wtf ( 1505): [0,1505,system_server,-1,DisplayDeviceConfig,requesting nits when no mapping exists.]
12-31 04:38:57.571 I/am_wtf ( 1505): [0,1505,system_server,-1,DisplayDeviceConfig,requesting nits when no mapping exists.]
12-31 04:38:57.579 I/commit_sys_config_file( 1505): [display-state,10774441]
12-31 04:38:57.731 I/sysui_multi_action( 1996): [757,219,758,4,759,92]
12-31 04:38:57.733 I/am_wtf ( 1505): [0,1505,system_server,-1,DisplayDeviceConfig,requesting nits when no mapping exists.]
12-31 04:38:57.733 I/am_wtf ( 1505): [0,1505,system_server,-1,DisplayDeviceConfig,requesting nits when no mapping exists.]
12-31 04:38:57.737 I/commit_sys_config_file( 1505): [display-state,10774599]
12-31 04:38:57.791 I/commit_sys_config_file( 1505): [settings-1-0,4]
12-31 04:38:57.859 I/auditd ( 0): type=1400 audit(0.0:13840): avc: denied { kill } for comm="swapper/1" capability=5 scontext=u:r:kernel:s0 tcontext=u:r:kernel:s0 tclass=capability permissive=0
12-31 04:38:57.954 I/sysui_multi_action( 1996): [757,219,758,4,759,93]
12-31 04:38:57.954 I/am_wtf ( 1505): [0,1505,system_server,-1,DisplayDeviceConfig,requesting nits when no mapping exists.]
12-31 04:38:57.955 I/am_wtf ( 1505): [0,1505,system_server,-1,DisplayDeviceConfig,requesting nits when no mapping exists.]
12-31 04:38:57.958 I/commit_sys_config_file( 1505): [display-state,10774821]
12-31 04:38:58.171 I/commit_sys_config_file( 1505): [settings-1-0,11]
12-31 04:38:58.859 I/auditd ( 717): type=1400 audit(0.0:13841): avc: denied { kill } for comm="crtc_commit:125" capability=5 scontext=u:r:kernel:s0 tcontext=u:r:kernel:s0 tclass=capability permissive=0
12-31 04:38:59.859 I/auditd ( 0): type=1400 audit(0.0:13842): avc: denied { kill } for comm="swapper/1" capability=5 scontext=u:r:kernel:s0 tcontext=u:r:kernel:s0 tclass=capability permissive=0
12-31 04:39:00.859 I/auditd ( 0): type=1400 audit(0.0:13843): avc: denied { kill } for comm="swapper/1" capability=5 scontext=u:r:kernel:s0 tcontext=u:r:kernel:s0 tclass=capability permissive=0
12-31 04:39:01.445 I/notification_enqueue( 1505): [10081,1996,com.android.systemui,2048,NULL,0,Notification(channel=updateNotification shortcut=null contentView=null vibrate=null sound=null defaults=0x0 flags=0x0 color=0x00000000 vis=PRIVATE),1]
12-31 04:39:01.447 I/sysui_multi_action( 1996): [757,111,758,2]
12-31 04:39:01.447 I/sysui_multi_action( 1996): [757,111,758,2]
12-31 04:39:01.661 I/input_focus( 1505): [Focus request 5f64dd7 com.android.launcher3/com.android.launcher3.uioverrides.QuickstepLauncher,reason=UpdateInputWindows]
12-31 04:39:01.669 I/sysui_multi_action( 1505): [757,128,758,2,793,10992957,794,7411,795,10992957,796,26,798,0,806,android,857,DEVELOPER_IMPORTANT,858,4,947,0,1395,3,1500,10992751,1688,1]
12-31 04:39:01.669 I/notification_visibility( 1505): [-1|android|26|null|1000,0,10992957,10992957,0,0]
12-31 04:39:01.669 I/sysui_multi_action( 1505): [757,128,758,2,793,1125275,794,7412,795,1125275,796,4273,798,1,806,com.android.systemui,857,screen_record,858,3,947,0,1395,3,1500,1125073,1688,1,1745,680407814]
12-31 04:39:01.669 I/notification_visibility( 1505): [0|com.android.systemui|4273|null|10081,0,1125275,1125275,0,1]
12-31 04:39:01.670 I/sysui_multi_action( 1505): [757,128,758,2,793,12257140,794,7413,795,12257140,796,32,798,2,806,android,857,USB,858,1,947,0,1395,3,1500,12256680,1688,1]
12-31 04:39:01.670 I/notification_visibility( 1505): [-1|android|32|null|1000,0,12257140,12257140,0,2]
12-31 04:39:01.671 I/sysui_multi_action( 1505): [757,127,758,2]
12-31 04:39:01.671 I/notification_panel_hidden( 1505):
12-31 04:39:01.690 I/input_focus( 1505): [Focus leaving c825af4 NotificationShade (server),reason=NO_WINDOW]
12-31 04:39:01.690 I/input_focus( 1505): [Focus entering 5f64dd7 com.android.launcher3/com.android.launcher3.uioverrides.QuickstepLauncher (server),reason=setFocusedWindow]
12-31 04:39:01.859 I/auditd ( 0): type=1400 audit(0.0:13844): avc: denied { kill } for comm="swapper/1" capability=5 scontext=u:r:kernel:s0 tcontext=u:r:kernel:s0 tclass=capability permissive=0
12-31 04:39:02.005 I/input_interaction( 1505): Interaction with: 1c2e319 StatusBar (server), edge-swipe (server), swipe-up (server), PointerEventDispatcher0 (server),
12-31 04:39:02.007 I/sysui_multi_action( 1996): [757,803,799,panel_open,802,1]
12-31 04:39:02.009 I/sysui_multi_action( 1996): [757,1328,758,4,1326,52,1327,2,1329,0]
12-31 04:39:02.043 I/sysui_multi_action( 1505): [757,127,758,1]
12-31 04:39:02.043 I/sysui_multi_action( 1505): [757,804,799,note_load,801,3,802,1]
12-31 04:39:02.043 I/notification_panel_revealed( 1505): 3
12-31 04:39:02.053 I/input_focus( 1505): [Focus request c825af4 NotificationShade,reason=UpdateInputWindows]
12-31 04:39:02.066 I/sysui_multi_action( 1505): [757,128,758,1,793,10993355,794,0,795,10993355,796,26,798,0,806,android,857,DEVELOPER_IMPORTANT,858,4,947,0,1395,3,1500,10993149,1688,1]
12-31 04:39:02.066 I/sysui_multi_action( 1505): [757,804,799,note_freshness,801,10993355,802,1]
12-31 04:39:02.066 I/notification_visibility( 1505): [-1|android|26|null|1000,1,10993355,10993355,0,0]
12-31 04:39:02.067 I/sysui_multi_action( 1505): [757,128,758,1,793,1125672,794,0,795,1125672,796,4273,798,1,806,com.android.systemui,857,screen_record,858,3,947,0,1395,3,1500,1125470,1688,1,1745,680407814]
12-31 04:39:02.067 I/sysui_multi_action( 1505): [757,804,799,note_freshness,801,1125672,802,1]
12-31 04:39:02.067 I/notification_visibility( 1505): [0|com.android.systemui|4273|null|10081,1,1125672,1125672,0,1]
12-31 04:39:02.067 I/sysui_multi_action( 1505): [757,128,758,1,793,12257537,794,0,795,12257537,796,32,798,2,806,android,857,USB,858,1,947,0,1395,3,1500,12257077,1688,1]
12-31 04:39:02.067 I/sysui_multi_action( 1505): [757,804,799,note_freshness,801,12257537,802,1]
12-31 04:39:02.067 I/notification_visibility( 1505): [-1|android|32|null|1000,1,12257537,12257537,0,2]
12-31 04:39:02.075 I/input_focus( 1505): [Focus leaving 5f64dd7 com.android.launcher3/com.android.launcher3.uioverrides.QuickstepLauncher (server),reason=setFocusedWindow]
12-31 04:39:02.075 I/input_focus( 1505): [Focus entering c825af4 NotificationShade (server),reason=setFocusedWindow]
12-31 04:39:02.089 I/sysui_multi_action( 1996): [757,111,758,1]
12-31 04:39:02.090 I/sysui_multi_action( 1996): [757,126,758,1,759,126,927,0,928,1,1593,0]
12-31 04:39:02.090 I/sysui_multi_action( 1996): [757,0,758,1,759,0,927,1,928,0,1593,0]
12-31 04:39:02.090 I/sysui_multi_action( 1996): [757,0,758,1,759,0,927,2,928,0,1593,0]
12-31 04:39:02.090 I/sysui_multi_action( 1996): [757,491,758,1,759,491,927,3,928,0,1311,-1,1593,0]
12-31 04:39:02.090 I/sysui_multi_action( 1996): [757,113,758,1,759,113,927,4,928,1,1593,0]
12-31 04:39:02.091 I/sysui_multi_action( 1996): [757,0,758,1,759,0,927,5,928,0,1593,0]
12-31 04:39:02.091 I/sysui_multi_action( 1996): [757,111,758,1]
12-31 04:39:02.091 I/sysui_multi_action( 1996): [757,126,758,1,759,126,927,0,928,1,1593,0]
12-31 04:39:02.091 I/sysui_multi_action( 1996): [757,0,758,1,759,0,927,1,928,0,1593,0]
12-31 04:39:02.091 I/sysui_multi_action( 1996): [757,0,758,1,759,0,927,2,928,0,1593,0]
12-31 04:39:02.092 I/sysui_multi_action( 1996): [757,491,758,1,759,491,927,3,928,0,1311,-1,1593,0]
12-31 04:39:02.859 I/auditd ( 0): type=1400 audit(0.0:13845): avc: denied { kill } for comm="swapper/1" capability=5 scontext=u:r:kernel:s0 tcontext=u:r:kernel:s0 tclass=capability permissive=0
12-31 04:39:02.870 I/input_interaction( 1505): Interaction with: c825af4 NotificationShade (server), edge-swipe (server), swipe-up (server), PointerEventDispatcher0 (server),
12-31 04:39:03.015 I/am_wtf ( 1505): [0,1505,system_server,-1,DisplayDeviceConfig,requesting nits when no mapping exists.]
12-31 04:39:03.016 I/am_wtf ( 1505): [0,1505,system_server,-1,DisplayDeviceConfig,requesting nits when no mapping exists.]
12-31 04:39:03.027 I/am_wtf ( 1505): [0,1505,system_server,-1,DisplayDeviceConfig,requesting nits when no mapping exists.]
12-31 04:39:03.028 I/am_wtf ( 1505): [0,1505,system_server,-1,DisplayDeviceConfig,requesting nits when no mapping exists.]
12-31 04:39:03.044 I/am_wtf ( 1505): [0,1505,system_server,-1,DisplayDeviceConfig,requesting nits when no mapping exists.]
12-31 04:39:03.044 I/am_wtf ( 1505): [0,1505,system_server,-1,DisplayDeviceConfig,requesting nits when no mapping exists.]
12-31 04:39:03.061 I/am_wtf ( 1505): [0,1505,system_server,-1,DisplayDeviceConfig,requesting nits when no mapping exists.]
12-31 04:39:03.061 I/am_wtf ( 1505): [0,1505,system_server,-1,DisplayDeviceConfig,requesting nits when no mapping exists.]
12-31 04:39:03.078 I/am_wtf ( 1505): [0,1505,system_server,-1,DisplayDeviceConfig,requesting nits when no mapping exists.]
12-31 04:39:03.078 I/am_wtf ( 1505): [0,1505,system_server,-1,DisplayDeviceConfig,requesting nits when no mapping exists.]
12-31 04:39:03.094 I/am_wtf ( 1505): [0,1505,system_server,-1,DisplayDeviceConfig,requesting nits when no mapping exists.]
12-31 04:39:03.095 I/am_wtf ( 1505): [0,1505,system_server,-1,DisplayDeviceConfig,requesting nits when no mapping exists.]
12-31 04:39:03.111 I/am_wtf ( 1505): [0,1505,system_server,-1,DisplayDeviceConfig,requesting nits when no mapping exists.]
12-31 04:39:03.111 I/am_wtf ( 1505): [0,1505,system_server,-1,DisplayDeviceConfig,requesting nits when no mapping exists.]
12-31 04:39:03.128 I/am_wtf ( 1505): [0,1505,system_server,-1,DisplayDeviceConfig,requesting nits when no mapping exists.]
12-31 04:39:03.129 I/am_wtf ( 1505): [0,1505,system_server,-1,DisplayDeviceConfig,requesting nits when no mapping exists.]
12-31 04:39:03.144 I/am_wtf ( 1505): [0,1505,system_server,-1,DisplayDeviceConfig,requesting nits when no mapping exists.]
12-31 04:39:03.145 I/am_wtf ( 1505): [0,1505,system_server,-1,DisplayDeviceConfig,requesting nits when no mapping exists.]
12-31 04:39:03.161 I/am_wtf ( 1505): [0,1505,system_server,-1,DisplayDeviceConfig,requesting nits when no mapping exists.]
12-31 04:39:03.162 I/am_wtf ( 1505): [0,1505,system_server,-1,DisplayDeviceConfig,requesting nits when no mapping exists.]
12-31 04:39:03.178 I/am_wtf ( 1505): [0,1505,system_server,-1,DisplayDeviceConfig,requesting nits when no mapping exists.]
12-31 04:39:03.182 I/am_wtf ( 1505): [0,1505,system_server,-1,DisplayDeviceConfig,requesting nits when no mapping exists.]
12-31 04:39:03.267 I/sysui_multi_action( 1996): [757,219,758,4,759,100]
12-31 04:39:03.272 I/commit_sys_config_file( 1505): [display-state,10780134]
12-31 04:39:03.483 I/commit_sys_config_file( 1505): [settings-1-0,9]
12-31 04:39:03.859 I/auditd ( 0): type=1400 audit(0.0:13846): avc: denied { kill } for comm="swapper/1" capability=5 scontext=u:r:kernel:s0 tcontext=u:r:kernel:s0 tclass=capability permissive=0
12-31 04:39:04.635 I/notification_enqueue( 1505): [10081,1996,com.android.systemui,2048,NULL,0,Notification(channel=updateNotification shortcut=null contentView=null vibrate=null sound=null defaults=0x0 flags=0x0 color=0x00000000 vis=PRIVATE),1]
12-31 04:39:04.638 I/sysui_multi_action( 1996): [757,111,758,2]
12-31 04:39:04.639 I/sysui_multi_action( 1996): [757,111,758,2]
12-31 04:39:04.763 I/input_interaction( 1505): Interaction with: c825af4 NotificationShade (server), 3a8c96a com.android.systemui.ImageWallpaper (server), edge-swipe (server), swipe-up (server), PointerEventDispatcher0 (server),
12-31 04:39:04.942 I/input_focus( 1505): [Focus request 5f64dd7 com.android.launcher3/com.android.launcher3.uioverrides.QuickstepLauncher,reason=UpdateInputWindows]
12-31 04:39:04.946 I/sysui_multi_action( 1505): [757,128,758,2,793,10996235,794,2880,795,10996235,796,26,798,0,806,android,857,DEVELOPER_IMPORTANT,858,4,947,0,1395,3,1500,10996029,1688,1]
12-31 04:39:04.946 I/notification_visibility( 1505): [-1|android|26|null|1000,0,10996235,10996235,0,0]
12-31 04:39:04.947 I/sysui_multi_action( 1505): [757,128,758,2,793,1128553,794,2881,795,1128553,796,4273,798,1,806,com.android.systemui,857,screen_record,858,3,947,0,1395,3,1500,1128351,1688,1,1745,680407814]
12-31 04:39:04.948 I/notification_visibility( 1505): [0|com.android.systemui|4273|null|10081,0,1128553,1128553,0,1]
12-31 04:39:04.948 I/sysui_multi_action( 1505): [757,128,758,2,793,12260418,794,2881,795,12260418,796,32,798,2,806,android,857,USB,858,1,947,0,1395,3,1500,12259958,1688,1]
12-31 04:39:04.948 I/notification_visibility( 1505): [-1|android|32|null|1000,0,12260418,12260418,0,2]
12-31 04:39:04.950 I/sysui_multi_action( 1505): [757,127,758,2]
12-31 04:39:04.950 I/notification_panel_hidden( 1505):
12-31 04:39:04.970 I/input_focus( 1505): [Focus leaving c825af4 NotificationShade (server),reason=NO_WINDOW]
12-31 04:39:04.970 I/input_focus( 1505): [Focus entering 5f64dd7 com.android.launcher3/com.android.launcher3.uioverrides.QuickstepLauncher (server),reason=setFocusedWindow]
12-31 04:39:05.041 I/input_interaction( 1505): Interaction with: 5f64dd7 com.android.launcher3/com.android.launcher3.uioverrides.QuickstepLauncher (server), 3a8c96a com.android.systemui.ImageWallpaper (server), edge-swipe (server), swipe-up (server), PointerEventDispatcher0 (server),
12-31 04:39:05.859 I/auditd ( 0): type=1400 audit(0.0:13847): avc: denied { kill } for comm="swapper/1" capability=5 scontext=u:r:kernel:s0 tcontext=u:r:kernel:s0 tclass=capability permissive=0
12-31 04:39:05.953 I/wm_task_created( 1505): [43,-1]
12-31 04:39:05.956 I/service_manager_stats( 1505): [100,80,60229]
12-31 04:39:05.956 I/wm_task_moved( 1505): [43,1,7]
12-31 04:39:05.956 I/wm_task_to_front( 1505): [0,43]
12-31 04:39:05.956 I/wm_create_task( 1505): [0,43]
12-31 04:39:05.956 I/wm_create_activity( 1505): [0,198939109,43,com.android.music/.VideoBrowserActivity,android.intent.action.MAIN,NULL,NULL,270532608]
12-31 04:39:05.956 I/wm_task_moved( 1505): [43,1,7]
12-31 04:39:05.957 I/wm_pause_activity( 1505): [0,83241864,com.android.launcher3/.uioverrides.QuickstepLauncher,userLeaving=true,pauseBackTasks]
12-31 04:39:05.960 I/am_uid_running( 1505): 10089
12-31 04:39:05.962 I/wm_on_top_resumed_lost_called( 2581): [83241864,com.android.launcher3.uioverrides.QuickstepLauncher,topStateChangedWhenResumed]
12-31 04:39:05.962 I/wm_on_paused_called( 2581): [83241864,com.android.launcher3.uioverrides.QuickstepLauncher,performPause]
12-31 04:39:05.964 I/wm_add_to_stopping( 1505): [0,83241864,com.android.launcher3/.uioverrides.QuickstepLauncher,makeInvisible]
12-31 04:39:05.965 I/am_proc_start( 1505): [0,15796,10089,com.android.music,pre-top-activity,{com.android.music/com.android.music.VideoBrowserActivity}]
12-31 04:39:05.966 I/sysui_multi_action( 1505): [757,803,799,window_time_0,802,126]
12-31 04:39:05.981 I/am_proc_bound( 1505): [0,15796,com.android.music]
12-31 04:39:05.983 I/am_pss ( 1505): [14955,1000,com.android.settings,136360960,117768192,63488,258646016,0,15,12]
12-31 04:39:05.983 I/input_focus( 1505): [Focus leaving 5f64dd7 com.android.launcher3/com.android.launcher3.uioverrides.QuickstepLauncher (server),reason=NO_WINDOW]
12-31 04:39:05.983 I/wm_restart_activity( 1505): [0,198939109,43,com.android.music/.VideoBrowserActivity]
12-31 04:39:05.984 I/wm_set_resumed_activity( 1505): [0,com.android.music/.VideoBrowserActivity,minimalResumeActivityLocked]
12-31 04:39:05.984 I/am_uid_active( 1505): 10089
12-31 04:39:05.991 I/am_pss ( 1505): [15585,10052,com.thundercomm.screensaver,31963136,23130112,63488,140144640,0,19,7]
12-31 04:39:05.993 I/am_uid_active( 1505): 10063
12-31 04:39:06.012 I/wm_on_create_called(15796): [198939109,com.android.music.VideoBrowserActivity,performCreate]
12-31 04:39:06.012 I/wm_on_start_called(15796): [198939109,com.android.music.VideoBrowserActivity,handleStartActivity]
12-31 04:39:06.013 I/wm_on_resume_called(15796): [198939109,com.android.music.VideoBrowserActivity,RESUME_ACTIVITY]
12-31 04:39:06.016 I/wm_on_top_resumed_gained_called(15796): [198939109,com.android.music.VideoBrowserActivity,topStateChangedWhenResumed]
12-31 04:39:06.021 I/input_focus( 1505): [Focus request 40488d3 com.android.music/com.android.music.VideoBrowserActivity,reason=UpdateInputWindows]
12-31 04:39:06.044 I/sysui_multi_action( 1505): [319,29,321,27,322,96,325,12272,757,761,758,7,759,1,806,com.android.music,871,com.android.music.VideoBrowserActivity,904,com.android.launcher3,905,0,945,37,1320,4,1321,1]
12-31 04:39:06.044 I/wm_activity_launch_time( 1505): [0,198939109,com.android.music/.VideoBrowserActivity,96]
12-31 04:39:06.050 I/input_focus( 1505): [Focus entering 40488d3 com.android.music/com.android.music.VideoBrowserActivity (server),reason=setFocusedWindow]
12-31 04:39:06.500 I/wm_stop_activity( 1505): [0,83241864,com.android.launcher3/.uioverrides.QuickstepLauncher]
12-31 04:39:06.522 I/wm_on_stop_called( 2581): [83241864,com.android.launcher3.uioverrides.QuickstepLauncher,STOP_ACTIVITY_ITEM]
12-31 04:39:06.859 I/auditd ( 0): type=1400 audit(0.0:13848): avc: denied { kill } for comm="swapper/1" capability=5 scontext=u:r:kernel:s0 tcontext=u:r:kernel:s0 tclass=capability permissive=0
12-31 04:39:07.057 I/netstats_mobile_sample( 1505): [0,0,0,0,0,0,0,0,0,0,0,0,1672432747057]
12-31 04:39:07.057 I/netstats_wifi_sample( 1505): [7970160267,5575454,225299900,2293293,7970160267,5575454,225299900,2293293,7979601164,5650102,174287540,2178488,1672432747057]
12-31 04:39:07.355 I/input_interaction( 1505): Interaction with: 40488d3 com.android.music/com.android.music.VideoBrowserActivity (server), edge-swipe (server), swipe-up (server), PointerEventDispatcher0 (server),
12-31 04:39:07.559 I/wm_task_moved( 1505): [43,1,7]
12-31 04:39:07.559 I/wm_set_resumed_activity( 1505): [0,com.android.music/.VideoBrowserActivity,positionChildAt]
12-31 04:39:07.559 I/wm_create_activity( 1505): [0,31992741,43,com.android.gallery3d/.app.MovieActivity,android.intent.action.VIEW,video/mp4,content://media/external/video/media/123,0]
12-31 04:39:07.560 I/wm_pause_activity( 1505): [0,198939109,com.android.music/.VideoBrowserActivity,userLeaving=true,resumeTopActivityInnerLocked]
12-31 04:39:07.562 I/am_uid_running( 1505): 10066
12-31 04:39:07.567 I/am_proc_start( 1505): [0,15841,10066,com.android.gallery3d,pre-top-activity,{com.android.gallery3d/com.android.gallery3d.app.MovieActivity}]
12-31 04:39:07.569 I/wm_on_top_resumed_lost_called(15796): [198939109,com.android.music.VideoBrowserActivity,topStateChangedWhenResumed]
12-31 04:39:07.569 I/wm_on_paused_called(15796): [198939109,com.android.music.VideoBrowserActivity,performPause]
12-31 04:39:07.571 I/wm_add_to_stopping( 1505): [0,198939109,com.android.music/.VideoBrowserActivity,makeInvisible]
12-31 04:39:07.573 I/sysui_multi_action( 1505): [757,803,799,window_time_0,802,1]
12-31 04:39:07.577 I/am_proc_bound( 1505): [0,15841,com.android.gallery3d]
12-31 04:39:07.578 I/wm_restart_activity( 1505): [0,31992741,43,com.android.gallery3d/.app.MovieActivity]
12-31 04:39:07.579 I/wm_set_resumed_activity( 1505): [0,com.android.gallery3d/.app.MovieActivity,minimalResumeActivityLocked]
12-31 04:39:07.579 I/am_uid_active( 1505): 10066
12-31 04:39:07.587 I/input_focus( 1505): [Focus leaving 40488d3 com.android.music/com.android.music.VideoBrowserActivity (server),reason=NO_WINDOW]
12-31 04:39:07.622 I/wm_on_create_called(15841): [31992741,com.android.gallery3d.app.MovieActivity,performCreate]
12-31 04:39:07.625 I/wm_on_start_called(15841): [31992741,com.android.gallery3d.app.MovieActivity,handleStartActivity]
12-31 04:39:07.626 I/wm_on_resume_called(15841): [31992741,com.android.gallery3d.app.MovieActivity,RESUME_ACTIVITY]
12-31 04:39:07.629 I/wm_on_top_resumed_gained_called(15841): [31992741,com.android.gallery3d.app.MovieActivity,topStateChangedWhenResumed]
12-31 04:39:07.639 I/input_focus( 1505): [Focus request 8c15f32 com.android.gallery3d/com.android.gallery3d.app.MovieActivity,reason=UpdateInputWindows]
12-31 04:39:07.688 I/sysui_multi_action( 1505): [319,25,321,19,322,131,325,12273,757,761,758,7,759,1,806,com.android.gallery3d,871,com.android.gallery3d.app.MovieActivity,904,com.android.music,905,0,945,21,1320,4,1321,1]
12-31 04:39:07.689 I/wm_activity_launch_time( 1505): [0,31992741,com.android.gallery3d/.app.MovieActivity,131]
12-31 04:39:07.703 I/input_focus( 1505): [Focus entering 8c15f32 com.android.gallery3d/com.android.gallery3d.app.MovieActivity (server),reason=Window became focusable. Previous reason: NOT_VISIBLE]
12-31 04:39:07.859 I/auditd ( 0): type=1400 audit(0.0:13849): avc: denied { kill } for comm="swapper/1" capability=5 scontext=u:r:kernel:s0 tcontext=u:r:kernel:s0 tclass=capability permissive=0
12-31 04:39:07.976 I/wm_stop_activity( 1505): [0,198939109,com.android.music/.VideoBrowserActivity]
12-31 04:39:07.996 I/wm_on_stop_called(15796): [198939109,com.android.music.VideoBrowserActivity,STOP_ACTIVITY_ITEM]
12-31 04:39:08.859 I/auditd ( 0): type=1400 audit(0.0:13850): avc: denied { kill } for comm="swapper/1" capability=5 scontext=u:r:kernel:s0 tcontext=u:r:kernel:s0 tclass=capability permissive=0
12-31 04:39:09.203 I/input_interaction( 1505): Interaction with: 8c15f32 com.android.gallery3d/com.android.gallery3d.app.MovieActivity (server), edge-swipe (server), swipe-up (server), PointerEventDispatcher0 (server),
12-31 04:39:09.859 I/auditd ( 0): type=1400 audit(0.0:13851): avc: denied { kill } for comm="swapper/1" capability=5 scontext=u:r:kernel:s0 tcontext=u:r:kernel:s0 tclass=capability permissive=0
12-31 04:39:10.397 I/wm_task_moved( 1505): [1,0,0]
12-31 04:39:10.398 I/wm_task_moved( 1505): [1,0,6]
12-31 04:39:10.415 I/wm_on_restart_called( 2581): [83241864,com.android.launcher3.uioverrides.QuickstepLauncher,performRestartActivity]
12-31 04:39:10.435 I/wm_on_start_called( 2581): [83241864,com.android.launcher3.uioverrides.QuickstepLauncher,handleStartActivity]
12-31 04:39:10.456 I/sysui_multi_action( 1505): [319,8,322,53,325,12276,757,761,758,9,759,5,806,com.android.launcher3,871,com.android.launcher3.uioverrides.QuickstepLauncher,905,0,1320,8,1321,5]
12-31 04:39:10.498 I/view_enqueue_input_event(15841): [Motion - Cancel,com.android.gallery3d/com.android.gallery3d.app.MovieActivity]
12-31 04:39:10.512 I/input_interaction( 1505): Interaction with: edge-swipe (server), swipe-up (server), PointerEventDispatcher0 (server),
12-31 04:39:10.518 I/sysui_latency( 2581): [1,69]
12-31 04:39:10.532 I/input_focus( 1505): [Focus request recents_animation_input_consumer,reason=UpdateInputWindows]
12-31 04:39:10.560 I/input_focus( 1505): [Focus leaving 8c15f32 com.android.gallery3d/com.android.gallery3d.app.MovieActivity (server),reason=NOT_FOCUSABLE]
12-31 04:39:10.560 I/input_focus( 1505): [Focus entering recents_animation_input_consumer (server),reason=setFocusedWindow]
12-31 04:39:10.635 I/commit_sys_config_file( 1505): [settings-1-0,5]
12-31 04:39:10.751 I/sysui_latency( 1505): [8,67]
12-31 04:39:10.859 I/auditd ( 0): type=1400 audit(0.0:13852): avc: denied { kill } for comm="swapper/1" capability=5 scontext=u:r:kernel:s0 tcontext=u:r:kernel:s0 tclass=capability permissive=0
12-31 04:39:10.917 I/commit_sys_config_file( 1505): [settings-1-0,4]
12-31 04:39:11.366 I/wm_task_moved( 1505): [1,1,7]
12-31 04:39:11.369 I/wm_task_moved( 1505): [9,1,2147483647]
12-31 04:39:11.369 I/wm_task_to_front( 1505): [0,9]
12-31 04:39:11.369 I/wm_focused_root_task( 1505): [0,0,1,43,RecentsAnimation.onAnimationFinished()]
12-31 04:39:11.369 I/wm_on_top_resumed_lost_called(15841): [31992741,com.android.gallery3d.app.MovieActivity,topStateChangedWhenResumed]
12-31 04:39:11.369 I/wm_set_resumed_activity( 1505): [0,com.android.launcher3/.uioverrides.QuickstepLauncher,RecentsAnimation.onAnimationFinished()]
12-31 04:39:11.371 I/wm_pause_activity( 1505): [0,31992741,com.android.gallery3d/.app.MovieActivity,userLeaving=true,pauseBackTasks]
12-31 04:39:11.372 I/wm_add_to_stopping( 1505): [0,31992741,com.android.gallery3d/.app.MovieActivity,makeInvisible]
12-31 04:39:11.373 I/wm_set_resumed_activity( 1505): [0,com.android.launcher3/.uioverrides.QuickstepLauncher,resumeTopActivityInnerLocked]
12-31 04:39:11.375 I/wm_resume_activity( 1505): [0,83241864,9,com.android.launcher3/.uioverrides.QuickstepLauncher]
12-31 04:39:11.375 I/wm_on_resume_called( 2581): [83241864,com.android.launcher3.uioverrides.QuickstepLauncher,RESUME_ACTIVITY]
12-31 04:39:11.384 I/input_focus( 1505): [Focus request 5f64dd7 com.android.launcher3/com.android.launcher3.uioverrides.QuickstepLauncher,reason=UpdateInputWindows]
12-31 04:39:11.390 I/wm_stop_activity( 1505): [0,31992741,com.android.gallery3d/.app.MovieActivity]
12-31 04:39:11.394 I/sysui_multi_action( 1505): [757,803,799,window_time_0,802,4]
12-31 04:39:11.396 I/wm_on_top_resumed_gained_called( 2581): [83241864,com.android.launcher3.uioverrides.QuickstepLauncher,topStateChangedWhenResumed]
12-31 04:39:11.399 I/sysui_multi_action( 1505): [757,803,799,window_time_0,802,0]
12-31 04:39:11.399 I/input_focus( 1505): [Focus leaving recents_animation_input_consumer (server),reason=NOT_VISIBLE]
12-31 04:39:11.399 I/input_focus( 1505): [Focus entering 5f64dd7 com.android.launcher3/com.android.launcher3.uioverrides.QuickstepLauncher (server),reason=setFocusedWindow]
12-31 04:39:11.422 I/wm_on_paused_called(15841): [31992741,com.android.gallery3d.app.MovieActivity,performPause]
12-31 04:39:11.428 I/wm_on_stop_called(15841): [31992741,com.android.gallery3d.app.MovieActivity,STOP_ACTIVITY_ITEM]
12-31 04:39:11.859 I/auditd ( 0): type=1400 audit(0.0:13853): avc: denied { kill } for comm="swapper/1" capability=5 scontext=u:r:kernel:s0 tcontext=u:r:kernel:s0 tclass=capability permissive=0
12-31 04:39:12.859 I/auditd ( 0): type=1400 audit(0.0:13854): avc: denied { kill } for comm="swapper/1" capability=5 scontext=u:r:kernel:s0 tcontext=u:r:kernel:s0 tclass=capability permissive=0
12-31 04:39:13.859 I/auditd ( 0): type=1400 audit(0.0:13855): avc: denied { kill } for comm="swapper/1" capability=5 scontext=u:r:kernel:s0 tcontext=u:r:kernel:s0 tclass=capability permissive=0
12-31 04:39:15.859 I/auditd ( 0): type=1400 audit(0.0:13856): avc: denied { kill } for comm="swapper/1" capability=5 scontext=u:r:kernel:s0 tcontext=u:r:kernel:s0 tclass=capability permissive=0
12-31 04:39:16.859 I/auditd ( 0): type=1400 audit(0.0:13857): avc: denied { kill } for comm="swapper/1" capability=5 scontext=u:r:kernel:s0 tcontext=u:r:kernel:s0 tclass=capability permissive=0
12-31 04:39:17.859 I/auditd ( 0): type=1400 audit(0.0:13858): avc: denied { kill } for comm="swapper/1" capability=5 scontext=u:r:kernel:s0 tcontext=u:r:kernel:s0 tclass=capability permissive=0
12-31 04:39:18.859 I/auditd ( 0): type=1400 audit(0.0:13859): avc: denied { kill } for comm="swapper/1" capability=5 scontext=u:r:kernel:s0 tcontext=u:r:kernel:s0 tclass=capability permissive=0
12-31 04:39:19.859 I/auditd ( 0): type=1400 audit(0.0:13860): avc: denied { kill } for comm="swapper/1" capability=5 scontext=u:r:kernel:s0 tcontext=u:r:kernel:s0 tclass=capability permissive=0
12-31 04:39:20.859 I/auditd ( 0): type=1400 audit(0.0:13861): avc: denied { kill } for comm="swapper/1" capability=5 scontext=u:r:kernel:s0 tcontext=u:r:kernel:s0 tclass=capability permissive=0
12-31 04:39:21.859 I/auditd ( 0): type=1400 audit(0.0:13862): avc: denied { kill } for comm="swapper/1" capability=5 scontext=u:r:kernel:s0 tcontext=u:r:kernel:s0 tclass=capability permissive=0
12-31 04:39:22.859 I/auditd ( 0): type=1400 audit(0.0:13863): avc: denied { kill } for comm="swapper/1" capability=5 scontext=u:r:kernel:s0 tcontext=u:r:kernel:s0 tclass=capability permissive=0
12-31 04:39:23.859 I/auditd ( 0): type=1400 audit(0.0:13864): avc: denied { kill } for comm="swapper/1" capability=5 scontext=u:r:kernel:s0 tcontext=u:r:kernel:s0 tclass=capability permissive=0
12-31 04:39:24.859 I/auditd ( 0): type=1400 audit(0.0:13865): avc: denied { kill } for comm="swapper/1" capability=5 scontext=u:r:kernel:s0 tcontext=u:r:kernel:s0 tclass=capability permissive=0
12-31 04:39:25.859 I/auditd ( 0): type=1400 audit(0.0:13866): avc: denied { kill } for comm="swapper/1" capability=5 scontext=u:r:kernel:s0 tcontext=u:r:kernel:s0 tclass=capability permissive=0
12-31 04:39:26.859 I/auditd ( 0): type=1400 audit(0.0:13867): avc: denied { kill } for comm="swapper/1" capability=5 scontext=u:r:kernel:s0 tcontext=u:r:kernel:s0 tclass=capability permissive=0
12-31 04:39:27.859 I/auditd ( 0): type=1400 audit(0.0:13868): avc: denied { kill } for comm="swapper/1" capability=5 scontext=u:r:kernel:s0 tcontext=u:r:kernel:s0 tclass=capability permissive=0
12-31 04:39:28.859 I/auditd ( 0): type=1400 audit(0.0:13869): avc: denied { kill } for comm="swapper/1" capability=5 scontext=u:r:kernel:s0 tcontext=u:r:kernel:s0 tclass=capability permissive=0
12-31 04:39:29.859 I/auditd ( 0): type=1400 audit(0.0:13870): avc: denied { kill } for comm="swapper/1" capability=5 scontext=u:r:kernel:s0 tcontext=u:r:kernel:s0 tclass=capability permissive=0
12-31 04:39:30.859 I/auditd ( 0): type=1400 audit(0.0:13871): avc: denied { kill } for comm="swapper/1" capability=5 scontext=u:r:kernel:s0 tcontext=u:r:kernel:s0 tclass=capability permissive=0
12-31 04:39:31.859 I/auditd ( 0): type=1400 audit(0.0:13872): avc: denied { kill } for comm="swapper/1" capability=5 scontext=u:r:kernel:s0 tcontext=u:r:kernel:s0 tclass=capability permissive=0
12-31 04:39:32.859 I/auditd ( 0): type=1400 audit(0.0:13873): avc: denied { kill } for comm="swapper/1" capability=5 scontext=u:r:kernel:s0 tcontext=u:r:kernel:s0 tclass=capability permissive=0
12-31 04:39:33.859 I/auditd ( 0): type=1400 audit(0.0:13874): avc: denied { kill } for comm="swapper/1" capability=5 scontext=u:r:kernel:s0 tcontext=u:r:kernel:s0 tclass=capability permissive=0
12-31 04:39:34.859 I/auditd ( 0): type=1400 audit(0.0:13875): avc: denied { kill } for comm="swapper/1" capability=5 scontext=u:r:kernel:s0 tcontext=u:r:kernel:s0 tclass=capability permissive=0
12-31 04:39:35.859 I/auditd ( 0): type=1400 audit(0.0:13876): avc: denied { kill } for comm="swapper/1" capability=5 scontext=u:r:kernel:s0 tcontext=u:r:kernel:s0 tclass=capability permissive=0
12-31 04:39:36.859 I/auditd ( 0): type=1400 audit(0.0:13877): avc: denied { kill } for comm="swapper/1" capability=5 scontext=u:r:kernel:s0 tcontext=u:r:kernel:s0 tclass=capability permissive=0
12-31 04:39:37.859 I/auditd ( 0): type=1400 audit(0.0:13878): avc: denied { kill } for comm="swapper/1" capability=5 scontext=u:r:kernel:s0 tcontext=u:r:kernel:s0 tclass=capability permissive=0
12-31 04:39:38.859 I/auditd ( 0): type=1400 audit(0.0:13879): avc: denied { kill } for comm="swapper/1" capability=5 scontext=u:r:kernel:s0 tcontext=u:r:kernel:s0 tclass=capability permissive=0
12-31 04:39:39.859 I/auditd ( 0): type=1400 audit(0.0:13880): avc: denied { kill } for comm="swapper/1" capability=5 scontext=u:r:kernel:s0 tcontext=u:r:kernel:s0 tclass=capability permissive=0
12-31 04:39:40.859 I/auditd ( 0): type=1400 audit(0.0:13881): avc: denied { kill } for comm="swapper/1" capability=5 scontext=u:r:kernel:s0 tcontext=u:r:kernel:s0 tclass=capability permissive=0
12-31 04:39:41.859 I/auditd ( 0): type=1400 audit(0.0:13882): avc: denied { kill } for comm="swapper/1" capability=5 scontext=u:r:kernel:s0 tcontext=u:r:kernel:s0 tclass=capability permissive=0
12-31 04:39:42.859 I/auditd ( 0): type=1400 audit(0.0:13883): avc: denied { kill } for comm="swapper/1" capability=5 scontext=u:r:kernel:s0 tcontext=u:r:kernel:s0 tclass=capability permissive=0
12-31 04:39:43.859 I/auditd ( 0): type=1400 audit(0.0:13884): avc: denied { kill } for comm="swapper/1" capability=5 scontext=u:r:kernel:s0 tcontext=u:r:kernel:s0 tclass=capability permissive=0
12-31 04:39:44.859 I/auditd ( 0): type=1400 audit(0.0:13885): avc: denied { kill } for comm="swapper/1" capability=5 scontext=u:r:kernel:s0 tcontext=u:r:kernel:s0 tclass=capability permissive=0
12-31 04:39:45.859 I/auditd ( 0): type=1400 audit(0.0:13886): avc: denied { kill } for comm="swapper/1" capability=5 scontext=u:r:kernel:s0 tcontext=u:r:kernel:s0 tclass=capability permissive=0
12-31 04:39:46.859 I/auditd ( 0): type=1400 audit(0.0:13887): avc: denied { kill } for comm="swapper/1" capability=5 scontext=u:r:kernel:s0 tcontext=u:r:kernel:s0 tclass=capability permissive=0
12-31 04:39:47.859 I/auditd ( 0): type=1400 audit(0.0:13888): avc: denied { kill } for comm="swapper/1" capability=5 scontext=u:r:kernel:s0 tcontext=u:r:kernel:s0 tclass=capability permissive=0
12-31 04:39:48.859 I/auditd ( 0): type=1400 audit(0.0:13889): avc: denied { kill } for comm="swapper/1" capability=5 scontext=u:r:kernel:s0 tcontext=u:r:kernel:s0 tclass=capability permissive=0
12-31 04:39:49.859 I/auditd ( 0): type=1400 audit(0.0:13890): avc: denied { kill } for comm="swapper/1" capability=5 scontext=u:r:kernel:s0 tcontext=u:r:kernel:s0 tclass=capability permissive=0
12-31 04:39:50.859 I/auditd ( 0): type=1400 audit(0.0:13891): avc: denied { kill } for comm="swapper/1" capability=5 scontext=u:r:kernel:s0 tcontext=u:r:kernel:s0 tclass=capability permissive=0
12-31 04:39:51.859 I/auditd ( 0): type=1400 audit(0.0:13892): avc: denied { kill } for comm="swapper/1" capability=5 scontext=u:r:kernel:s0 tcontext=u:r:kernel:s0 tclass=capability permissive=0
12-31 04:39:52.859 I/auditd ( 0): type=1400 audit(0.0:13893): avc: denied { kill } for comm="swapper/1" capability=5 scontext=u:r:kernel:s0 tcontext=u:r:kernel:s0 tclass=capability permissive=0
12-31 04:39:53.859 I/auditd ( 0): type=1400 audit(0.0:13894): avc: denied { kill } for comm="swapper/1" capability=5 scontext=u:r:kernel:s0 tcontext=u:r:kernel:s0 tclass=capability permissive=0
12-31 04:39:54.859 I/auditd ( 0): type=1400 audit(0.0:13895): avc: denied { kill } for comm="swapper/1" capability=5 scontext=u:r:kernel:s0 tcontext=u:r:kernel:s0 tclass=capability permissive=0
12-31 04:39:55.859 I/auditd ( 0): type=1400 audit(0.0:13896): avc: denied { kill } for comm="swapper/1" capability=5 scontext=u:r:kernel:s0 tcontext=u:r:kernel:s0 tclass=capability permissive=0
12-31 04:39:56.859 I/auditd ( 0): type=1400 audit(0.0:13897): avc: denied { kill } for comm="swapper/1" capability=5 scontext=u:r:kernel:s0 tcontext=u:r:kernel:s0 tclass=capability permissive=0
12-31 04:39:57.859 I/auditd ( 0): type=1400 audit(0.0:13898): avc: denied { kill } for comm="swapper/1" capability=5 scontext=u:r:kernel:s0 tcontext=u:r:kernel:s0 tclass=capability permissive=0
12-31 04:39:58.859 I/auditd ( 0): type=1400 audit(0.0:13899): avc: denied { kill } for comm="swapper/1" capability=5 scontext=u:r:kernel:s0 tcontext=u:r:kernel:s0 tclass=capability permissive=0
12-31 04:39:59.859 I/auditd ( 0): type=1400 audit(0.0:13900): avc: denied { kill } for comm="swapper/1" capability=5 scontext=u:r:kernel:s0 tcontext=u:r:kernel:s0 tclass=capability permissive=0
12-31 04:40:00.859 I/auditd ( 0): type=1400 audit(0.0:13901): avc: denied { kill } for comm="swapper/1" capability=5 scontext=u:r:kernel:s0 tcontext=u:r:kernel:s0 tclass=capability permissive=0
12-31 04:40:01.859 I/auditd ( 0): type=1400 audit(0.0:13902): avc: denied { kill } for comm="swapper/1" capability=5 scontext=u:r:kernel:s0 tcontext=u:r:kernel:s0 tclass=capability permissive=0
12-31 04:40:02.859 I/auditd ( 0): type=1400 audit(0.0:13903): avc: denied { kill } for comm="swapper/1" capability=5 scontext=u:r:kernel:s0 tcontext=u:r:kernel:s0 tclass=capability permissive=0
12-31 04:40:03.710 I/sysui_multi_action( 1505): [757,1696,758,6,759,2]
12-31 04:40:03.719 I/am_wtf ( 1505): [0,1505,system_server,-1,DisplayDeviceConfig,requesting nits when no mapping exists.]
12-31 04:40:03.723 I/am_wtf ( 1505): [0,1505,system_server,-1,DisplayDeviceConfig,requesting nits when no mapping exists.]
12-31 04:40:03.735 I/am_wtf ( 1505): [0,1505,system_server,-1,DisplayDeviceConfig,requesting nits when no mapping exists.]
12-31 04:40:03.737 I/am_wtf ( 1505): [0,1505,system_server,-1,DisplayDeviceConfig,requesting nits when no mapping exists.]
12-31 04:40:03.752 I/am_wtf ( 1505): [0,1505,system_server,-1,DisplayDeviceConfig,requesting nits when no mapping exists.]
12-31 04:40:03.755 I/am_wtf ( 1505): [0,1505,system_server,-1,DisplayDeviceConfig,requesting nits when no mapping exists.]
12-31 04:40:03.756 I/am_wtf ( 1505): [0,1505,system_server,-1,DisplayDeviceConfig,requesting nits when no mapping exists.]
12-31 04:40:03.757 I/am_wtf ( 1505): [0,1505,system_server,-1,DisplayDeviceConfig,requesting nits when no mapping exists.]
12-31 04:40:03.771 I/am_wtf ( 1505): [0,1505,system_server,-1,DisplayDeviceConfig,requesting nits when no mapping exists.]
12-31 04:40:03.772 I/am_wtf ( 1505): [0,1505,system_server,-1,DisplayDeviceConfig,requesting nits when no mapping exists.]
12-31 04:40:03.788 I/am_wtf ( 1505): [0,1505,system_server,-1,DisplayDeviceConfig,requesting nits when no mapping exists.]
12-31 04:40:03.789 I/am_wtf ( 1505): [0,1505,system_server,-1,DisplayDeviceConfig,requesting nits when no mapping exists.]
12-31 04:40:03.804 I/am_wtf ( 1505): [0,1505,system_server,-1,DisplayDeviceConfig,requesting nits when no mapping exists.]
12-31 04:40:03.806 I/am_wtf ( 1505): [0,1505,system_server,-1,DisplayDeviceConfig,requesting nits when no mapping exists.]
12-31 04:40:03.822 I/am_wtf ( 1505): [0,1505,system_server,-1,DisplayDeviceConfig,requesting nits when no mapping exists.]
12-31 04:40:03.823 I/am_wtf ( 1505): [0,1505,system_server,-1,DisplayDeviceConfig,requesting nits when no mapping exists.]
12-31 04:40:03.839 I/am_wtf ( 1505): [0,1505,system_server,-1,DisplayDeviceConfig,requesting nits when no mapping exists.]
12-31 04:40:03.840 I/am_wtf ( 1505): [0,1505,system_server,-1,DisplayDeviceConfig,requesting nits when no mapping exists.]
12-31 04:40:03.855 I/am_wtf ( 1505): [0,1505,system_server,-1,DisplayDeviceConfig,requesting nits when no mapping exists.]
12-31 04:40:03.856 I/am_wtf ( 1505): [0,1505,system_server,-1,DisplayDeviceConfig,requesting nits when no mapping exists.]
12-31 04:40:03.859 I/auditd ( 0): type=1400 audit(0.0:13904): avc: denied { kill } for comm="swapper/1" capability=5 scontext=u:r:kernel:s0 tcontext=u:r:kernel:s0 tclass=capability permissive=0
12-31 04:40:03.872 I/am_wtf ( 1505): [0,1505,system_server,-1,DisplayDeviceConfig,requesting nits when no mapping exists.]
12-31 04:40:03.873 I/am_wtf ( 1505): [0,1505,system_server,-1,DisplayDeviceConfig,requesting nits when no mapping exists.]
12-31 04:40:03.888 I/am_wtf ( 1505): [0,1505,system_server,-1,DisplayDeviceConfig,requesting nits when no mapping exists.]
12-31 04:40:03.889 I/am_wtf ( 1505): [0,1505,system_server,-1,DisplayDeviceConfig,requesting nits when no mapping exists.]
12-31 04:40:03.905 I/am_wtf ( 1505): [0,1505,system_server,-1,DisplayDeviceConfig,requesting nits when no mapping exists.]
12-31 04:40:03.906 I/am_wtf ( 1505): [0,1505,system_server,-1,DisplayDeviceConfig,requesting nits when no mapping exists.]
12-31 04:40:03.922 I/am_wtf ( 1505): [0,1505,system_server,-1,DisplayDeviceConfig,requesting nits when no mapping exists.]
12-31 04:40:03.923 I/am_wtf ( 1505): [0,1505,system_server,-1,DisplayDeviceConfig,requesting nits when no mapping exists.]
12-31 04:40:03.939 I/am_wtf ( 1505): [0,1505,system_server,-1,DisplayDeviceConfig,requesting nits when no mapping exists.]
12-31 04:40:03.939 I/am_wtf ( 1505): [0,1505,system_server,-1,DisplayDeviceConfig,requesting nits when no mapping exists.]
12-31 04:40:03.955 I/am_wtf ( 1505): [0,1505,system_server,-1,DisplayDeviceConfig,requesting nits when no mapping exists.]
12-31 04:40:03.956 I/am_wtf ( 1505): [0,1505,system_server,-1,DisplayDeviceConfig,requesting nits when no mapping exists.]
12-31 04:40:03.972 I/am_wtf ( 1505): [0,1505,system_server,-1,DisplayDeviceConfig,requesting nits when no mapping exists.]
12-31 04:40:03.972 I/am_wtf ( 1505): [0,1505,system_server,-1,DisplayDeviceConfig,requesting nits when no mapping exists.]
12-31 04:40:03.988 I/am_wtf ( 1505): [0,1505,system_server,-1,DisplayDeviceConfig,requesting nits when no mapping exists.]
12-31 04:40:03.989 I/am_wtf ( 1505): [0,1505,system_server,-1,DisplayDeviceConfig,requesting nits when no mapping exists.]
12-31 04:40:04.005 I/am_wtf ( 1505): [0,1505,system_server,-1,DisplayDeviceConfig,requesting nits when no mapping exists.]
12-31 04:40:04.007 I/am_wtf ( 1505): [0,1505,system_server,-1,DisplayDeviceConfig,requesting nits when no mapping exists.]
12-31 04:40:04.022 I/am_wtf ( 1505): [0,1505,system_server,-1,DisplayDeviceConfig,requesting nits when no mapping exists.]
12-31 04:40:04.023 I/am_wtf ( 1505): [0,1505,system_server,-1,DisplayDeviceConfig,requesting nits when no mapping exists.]
12-31 04:40:04.039 I/am_wtf ( 1505): [0,1505,system_server,-1,DisplayDeviceConfig,requesting nits when no mapping exists.]
12-31 04:40:04.040 I/am_wtf ( 1505): [0,1505,system_server,-1,DisplayDeviceConfig,requesting nits when no mapping exists.]
12-31 04:40:04.056 I/am_wtf ( 1505): [0,1505,system_server,-1,DisplayDeviceConfig,requesting nits when no mapping exists.]
12-31 04:40:04.057 I/am_wtf ( 1505): [0,1505,system_server,-1,DisplayDeviceConfig,requesting nits when no mapping exists.]
12-31 04:40:04.072 I/am_wtf ( 1505): [0,1505,system_server,-1,DisplayDeviceConfig,requesting nits when no mapping exists.]
12-31 04:40:04.073 I/am_wtf ( 1505): [0,1505,system_server,-1,DisplayDeviceConfig,requesting nits when no mapping exists.]
12-31 04:40:04.089 I/am_wtf ( 1505): [0,1505,system_server,-1,DisplayDeviceConfig,requesting nits when no mapping exists.]
12-31 04:40:04.090 I/am_wtf ( 1505): [0,1505,system_server,-1,DisplayDeviceConfig,requesting nits when no mapping exists.]
12-31 04:40:04.106 I/am_wtf ( 1505): [0,1505,system_server,-1,DisplayDeviceConfig,requesting nits when no mapping exists.]
12-31 04:40:04.107 I/am_wtf ( 1505): [0,1505,system_server,-1,DisplayDeviceConfig,requesting nits when no mapping exists.]
12-31 04:40:04.122 I/am_wtf ( 1505): [0,1505,system_server,-1,DisplayDeviceConfig,requesting nits when no mapping exists.]
12-31 04:40:04.123 I/am_wtf ( 1505): [0,1505,system_server,-1,DisplayDeviceConfig,requesting nits when no mapping exists.]
12-31 04:40:04.139 I/am_wtf ( 1505): [0,1505,system_server,-1,DisplayDeviceConfig,requesting nits when no mapping exists.]
12-31 04:40:04.140 I/am_wtf ( 1505): [0,1505,system_server,-1,DisplayDeviceConfig,requesting nits when no mapping exists.]
12-31 04:40:04.156 I/am_wtf ( 1505): [0,1505,system_server,-1,DisplayDeviceConfig,requesting nits when no mapping exists.]
12-31 04:40:04.157 I/am_wtf ( 1505): [0,1505,system_server,-1,DisplayDeviceConfig,requesting nits when no mapping exists.]
12-31 04:40:04.172 I/am_wtf ( 1505): [0,1505,system_server,-1,DisplayDeviceConfig,requesting nits when no mapping exists.]
12-31 04:40:04.173 I/am_wtf ( 1505): [0,1505,system_server,-1,DisplayDeviceConfig,requesting nits when no mapping exists.]
12-31 04:40:04.189 I/am_wtf ( 1505): [0,1505,system_server,-1,DisplayDeviceConfig,requesting nits when no mapping exists.]
12-31 04:40:04.191 I/am_wtf ( 1505): [0,1505,system_server,-1,DisplayDeviceConfig,requesting nits when no mapping exists.]
12-31 04:40:04.206 I/am_wtf ( 1505): [0,1505,system_server,-1,DisplayDeviceConfig,requesting nits when no mapping exists.]
12-31 04:40:04.206 I/am_wtf ( 1505): [0,1505,system_server,-1,DisplayDeviceConfig,requesting nits when no mapping exists.]
12-31 04:40:04.223 I/am_wtf ( 1505): [0,1505,system_server,-1,DisplayDeviceConfig,requesting nits when no mapping exists.]
12-31 04:40:04.224 I/am_wtf ( 1505): [0,1505,system_server,-1,DisplayDeviceConfig,requesting nits when no mapping exists.]
12-31 04:40:04.239 I/am_wtf ( 1505): [0,1505,system_server,-1,DisplayDeviceConfig,requesting nits when no mapping exists.]
12-31 04:40:04.239 I/am_wtf ( 1505): [0,1505,system_server,-1,DisplayDeviceConfig,requesting nits when no mapping exists.]
12-31 04:40:04.256 I/am_wtf ( 1505): [0,1505,system_server,-1,DisplayDeviceConfig,requesting nits when no mapping exists.]
12-31 04:40:04.257 I/am_wtf ( 1505): [0,1505,system_server,-1,DisplayDeviceConfig,requesting nits when no mapping exists.]
12-31 04:40:04.273 I/am_wtf ( 1505): [0,1505,system_server,-1,DisplayDeviceConfig,requesting nits when no mapping exists.]
12-31 04:40:04.273 I/am_wtf ( 1505): [0,1505,system_server,-1,DisplayDeviceConfig,requesting nits when no mapping exists.]
12-31 04:40:04.289 I/am_wtf ( 1505): [0,1505,system_server,-1,DisplayDeviceConfig,requesting nits when no mapping exists.]
12-31 04:40:04.290 I/am_wtf ( 1505): [0,1505,system_server,-1,DisplayDeviceConfig,requesting nits when no mapping exists.]
12-31 04:40:04.306 I/am_wtf ( 1505): [0,1505,system_server,-1,DisplayDeviceConfig,requesting nits when no mapping exists.]
12-31 04:40:04.307 I/am_wtf ( 1505): [0,1505,system_server,-1,DisplayDeviceConfig,requesting nits when no mapping exists.]
12-31 04:40:04.323 I/am_wtf ( 1505): [0,1505,system_server,-1,DisplayDeviceConfig,requesting nits when no mapping exists.]
12-31 04:40:04.323 I/am_wtf ( 1505): [0,1505,system_server,-1,DisplayDeviceConfig,requesting nits when no mapping exists.]
12-31 04:40:04.339 I/am_wtf ( 1505): [0,1505,system_server,-1,DisplayDeviceConfig,requesting nits when no mapping exists.]
12-31 04:40:04.340 I/am_wtf ( 1505): [0,1505,system_server,-1,DisplayDeviceConfig,requesting nits when no mapping exists.]
12-31 04:40:04.341 I/service_manager_stats( 1505): [100,52,58385]
12-31 04:40:04.356 I/am_wtf ( 1505): [0,1505,system_server,-1,DisplayDeviceConfig,requesting nits when no mapping exists.]
12-31 04:40:04.357 I/am_wtf ( 1505): [0,1505,system_server,-1,DisplayDeviceConfig,requesting nits when no mapping exists.]
