12-31 04:15:18.200 I/am_wtf ( 1505): [0,1505,system_server,-1,DisplayDeviceConfig,requesting nits when no mapping exists.]
12-31 04:15:18.201 I/am_wtf ( 1505): [0,1505,system_server,-1,DisplayDeviceConfig,requesting nits when no mapping exists.]
12-31 04:15:18.217 I/am_wtf ( 1505): [0,1505,system_server,-1,DisplayDeviceConfig,requesting nits when no mapping exists.]
12-31 04:15:18.218 I/am_wtf ( 1505): [0,1505,system_server,-1,DisplayDeviceConfig,requesting nits when no mapping exists.]
12-31 04:15:18.234 I/am_wtf ( 1505): [0,1505,system_server,-1,DisplayDeviceConfig,requesting nits when no mapping exists.]
12-31 04:15:18.235 I/am_wtf ( 1505): [0,1505,system_server,-1,DisplayDeviceConfig,requesting nits when no mapping exists.]
12-31 04:15:18.250 I/am_wtf ( 1505): [0,1505,system_server,-1,DisplayDeviceConfig,requesting nits when no mapping exists.]
12-31 04:15:18.251 I/am_wtf ( 1505): [0,1505,system_server,-1,DisplayDeviceConfig,requesting nits when no mapping exists.]
12-31 04:15:18.267 I/am_wtf ( 1505): [0,1505,system_server,-1,DisplayDeviceConfig,requesting nits when no mapping exists.]
12-31 04:15:18.268 I/am_wtf ( 1505): [0,1505,system_server,-1,DisplayDeviceConfig,requesting nits when no mapping exists.]
12-31 04:15:18.284 I/am_wtf ( 1505): [0,1505,system_server,-1,DisplayDeviceConfig,requesting nits when no mapping exists.]
12-31 04:15:18.285 I/am_wtf ( 1505): [0,1505,system_server,-1,DisplayDeviceConfig,requesting nits when no mapping exists.]
12-31 04:15:18.859 I/auditd ( 0): type=1400 audit(0.0:12347): avc: denied { kill } for comm="swapper/1" capability=5 scontext=u:r:kernel:s0 tcontext=u:r:kernel:s0 tclass=capability permissive=0
12-31 04:15:19.859 I/auditd ( 0): type=1400 audit(0.0:12348): avc: denied { kill } for comm="swapper/1" capability=5 scontext=u:r:kernel:s0 tcontext=u:r:kernel:s0 tclass=capability permissive=0
12-31 04:15:20.859 I/auditd ( 0): type=1400 audit(0.0:12349): avc: denied { kill } for comm="swapper/1" capability=5 scontext=u:r:kernel:s0 tcontext=u:r:kernel:s0 tclass=capability permissive=0
12-31 04:15:21.859 I/auditd ( 0): type=1400 audit(0.0:12350): avc: denied { kill } for comm="swapper/1" capability=5 scontext=u:r:kernel:s0 tcontext=u:r:kernel:s0 tclass=capability permissive=0
12-31 04:15:22.859 I/auditd ( 0): type=1400 audit(0.0:12351): avc: denied { kill } for comm="swapper/1" capability=5 scontext=u:r:kernel:s0 tcontext=u:r:kernel:s0 tclass=capability permissive=0
12-31 04:15:23.859 I/auditd ( 0): type=1400 audit(0.0:12352): avc: denied { kill } for comm="swapper/1" capability=5 scontext=u:r:kernel:s0 tcontext=u:r:kernel:s0 tclass=capability permissive=0
12-31 04:15:24.124 I/am_uid_idle( 1505): 10063
12-31 04:15:24.859 I/auditd ( 0): type=1400 audit(0.0:12353): avc: denied { kill } for comm="swapper/1" capability=5 scontext=u:r:kernel:s0 tcontext=u:r:kernel:s0 tclass=capability permissive=0
12-31 04:15:25.859 I/auditd ( 0): type=1400 audit(0.0:12354): avc: denied { kill } for comm="swapper/1" capability=5 scontext=u:r:kernel:s0 tcontext=u:r:kernel:s0 tclass=capability permissive=0
12-31 04:15:26.859 I/auditd ( 0): type=1400 audit(0.0:12355): avc: denied { kill } for comm="swapper/1" capability=5 scontext=u:r:kernel:s0 tcontext=u:r:kernel:s0 tclass=capability permissive=0
12-31 04:15:27.859 I/auditd ( 0): type=1400 audit(0.0:12356): avc: denied { kill } for comm="swapper/1" capability=5 scontext=u:r:kernel:s0 tcontext=u:r:kernel:s0 tclass=capability permissive=0
12-31 04:15:28.859 I/auditd ( 0): type=1400 audit(0.0:12357): avc: denied { kill } for comm="swapper/1" capability=5 scontext=u:r:kernel:s0 tcontext=u:r:kernel:s0 tclass=capability permissive=0
12-31 04:15:29.107 I/view_enqueue_input_event( 2581): [Motion - Cancel,com.android.launcher3/com.android.launcher3.uioverrides.QuickstepLauncher]
12-31 04:15:29.108 I/input_interaction( 1505): Interaction with: edge-swipe (server), swipe-up (server), PointerEventDispatcher0 (server),
12-31 04:15:29.149 I/service_manager_stats( 1505): [100,53,17882]
12-31 04:15:29.284 I/commit_sys_config_file( 1505): [settings-1-0,3]
12-31 04:15:29.658 I/commit_sys_config_file( 1505): [settings-1-0,3]
12-31 04:15:29.859 I/auditd ( 0): type=1400 audit(0.0:12358): avc: denied { kill } for comm="swapper/1" capability=5 scontext=u:r:kernel:s0 tcontext=u:r:kernel:s0 tclass=capability permissive=0
12-31 04:15:30.859 I/auditd ( 0): type=1400 audit(0.0:12359): avc: denied { kill } for comm="swapper/1" capability=5 scontext=u:r:kernel:s0 tcontext=u:r:kernel:s0 tclass=capability permissive=0
12-31 04:15:31.859 I/auditd ( 0): type=1400 audit(0.0:12360): avc: denied { kill } for comm="swapper/1" capability=5 scontext=u:r:kernel:s0 tcontext=u:r:kernel:s0 tclass=capability permissive=0
12-31 04:15:32.859 I/auditd ( 0): type=1400 audit(0.0:12361): avc: denied { kill } for comm="swapper/1" capability=5 scontext=u:r:kernel:s0 tcontext=u:r:kernel:s0 tclass=capability permissive=0
12-31 04:15:33.859 I/auditd ( 0): type=1400 audit(0.0:12362): avc: denied { kill } for comm="swapper/1" capability=5 scontext=u:r:kernel:s0 tcontext=u:r:kernel:s0 tclass=capability permissive=0
12-31 04:15:34.859 I/auditd ( 0): type=1400 audit(0.0:12363): avc: denied { kill } for comm="swapper/1" capability=5 scontext=u:r:kernel:s0 tcontext=u:r:kernel:s0 tclass=capability permissive=0
12-31 04:15:35.859 I/auditd ( 0): type=1400 audit(0.0:12364): avc: denied { kill } for comm="swapper/1" capability=5 scontext=u:r:kernel:s0 tcontext=u:r:kernel:s0 tclass=capability permissive=0
12-31 04:15:36.034 I/input_interaction( 1505): Interaction with: 5f64dd7 com.android.launcher3/com.android.launcher3.uioverrides.QuickstepLauncher (server), 3a8c96a com.android.systemui.ImageWallpaper (server), edge-swipe (server), swipe-up (server), PointerEventDispatcher0 (server),
12-31 04:15:36.859 I/auditd ( 0): type=1400 audit(0.0:12365): avc: denied { kill } for comm="swapper/1" capability=5 scontext=u:r:kernel:s0 tcontext=u:r:kernel:s0 tclass=capability permissive=0
12-31 04:15:37.086 I/sysui_multi_action( 1505): [757,127,758,1]
12-31 04:15:37.086 I/sysui_multi_action( 1505): [757,804,799,note_load,801,2,802,1]
12-31 04:15:37.087 I/notification_panel_revealed( 1505): 2
12-31 04:15:37.096 I/input_focus( 1505): [Focus request c825af4 NotificationShade,reason=UpdateInputWindows]
12-31 04:15:37.103 I/sysui_multi_action( 1505): [757,128,758,1,793,9588392,794,0,795,9588392,796,26,798,0,806,android,857,DEVELOPER_IMPORTANT,858,4,947,0,1395,2,1500,9588186,1688,1]
12-31 04:15:37.103 I/sysui_multi_action( 1505): [757,804,799,note_freshness,801,9588392,802,1]
12-31 04:15:37.104 I/notification_visibility( 1505): [-1|android|26|null|1000,1,9588392,9588392,0,0]
12-31 04:15:37.104 I/sysui_multi_action( 1505): [757,128,758,1,793,10852574,794,0,795,10852574,796,32,798,1,806,android,857,USB,858,1,947,0,1395,2,1500,10852114,1688,1]
12-31 04:15:37.104 I/sysui_multi_action( 1505): [757,804,799,note_freshness,801,10852574,802,1]
12-31 04:15:37.104 I/notification_visibility( 1505): [-1|android|32|null|1000,1,10852574,10852574,0,1]
12-31 04:15:37.114 I/input_focus( 1505): [Focus leaving 5f64dd7 com.android.launcher3/com.android.launcher3.uioverrides.QuickstepLauncher (server),reason=setFocusedWindow]
12-31 04:15:37.114 I/input_focus( 1505): [Focus entering c825af4 NotificationShade (server),reason=setFocusedWindow]
12-31 04:15:37.117 I/input_interaction( 1505): Interaction with: 5f64dd7 com.android.launcher3/com.android.launcher3.uioverrides.QuickstepLauncher (server), 3a8c96a com.android.systemui.ImageWallpaper (server), c825af4 NotificationShade (server), edge-swipe (server), swipe-up (server), PointerEventDispatcher0 (server),
12-31 04:15:37.117 I/view_enqueue_input_event( 2581): [Motion - Cancel,com.android.launcher3/com.android.launcher3.uioverrides.QuickstepLauncher]
12-31 04:15:37.118 I/sysui_multi_action( 1996): [757,803,799,panel_open,802,1]
12-31 04:15:37.118 I/sysui_multi_action( 1996): [757,1328,758,4,1326,58,1327,77,1329,0]
12-31 04:15:37.130 I/input_interaction( 1505): Interaction with: 3a8c96a com.android.systemui.ImageWallpaper (server), c825af4 NotificationShade (server), edge-swipe (server), swipe-up (server), PointerEventDispatcher0 (server),
12-31 04:15:37.363 I/sysui_multi_action( 1996): [757,111,758,1]
12-31 04:15:37.365 I/sysui_multi_action( 1996): [757,126,758,1,759,126,927,0,928,1,1593,0]
12-31 04:15:37.365 I/sysui_multi_action( 1996): [757,0,758,1,759,0,927,1,928,0,1593,0]
12-31 04:15:37.365 I/sysui_multi_action( 1996): [757,0,758,1,759,0,927,2,928,0,1593,0]
12-31 04:15:37.366 I/sysui_multi_action( 1996): [757,491,758,1,759,491,927,3,928,0,1311,-1,1593,0]
12-31 04:15:37.366 I/sysui_multi_action( 1996): [757,113,758,1,759,113,927,4,928,1,1593,0]
12-31 04:15:37.367 I/sysui_multi_action( 1996): [757,0,758,1,759,0,927,5,928,0,1593,0]
12-31 04:15:37.368 I/sysui_multi_action( 1996): [757,111,758,1]
12-31 04:15:37.368 I/sysui_multi_action( 1996): [757,126,758,1,759,126,927,0,928,1,1593,0]
12-31 04:15:37.369 I/sysui_multi_action( 1996): [757,0,758,1,759,0,927,1,928,0,1593,0]
12-31 04:15:37.369 I/sysui_multi_action( 1996): [757,0,758,1,759,0,927,2,928,0,1593,0]
12-31 04:15:37.370 I/sysui_multi_action( 1996): [757,491,758,1,759,491,927,3,928,0,1311,-1,1593,0]
12-31 04:15:37.859 I/auditd ( 0): type=1400 audit(0.0:12366): avc: denied { kill } for comm="swapper/1" capability=5 scontext=u:r:kernel:s0 tcontext=u:r:kernel:s0 tclass=capability permissive=0
12-31 04:15:38.422 I/input_interaction( 1505): Interaction with: c825af4 NotificationShade (server), edge-swipe (server), swipe-up (server), PointerEventDispatcher0 (server),
12-31 04:15:38.859 I/auditd ( 0): type=1400 audit(0.0:12367): avc: denied { kill } for comm="swapper/1" capability=5 scontext=u:r:kernel:s0 tcontext=u:r:kernel:s0 tclass=capability permissive=0
12-31 04:15:39.003 I/notification_enqueue( 1505): [10081,1996,com.android.systemui,2048,NULL,0,Notification(channel=updateNotification shortcut=null contentView=null vibrate=null sound=null defaults=0x0 flags=0x0 color=0x00000000 vis=PRIVATE),1]
12-31 04:15:39.004 I/sysui_multi_action( 1996): [757,111,758,2]
12-31 04:15:39.004 I/sysui_multi_action( 1996): [757,111,758,2]
12-31 04:15:39.160 I/input_focus( 1505): [Focus request 5f64dd7 com.android.launcher3/com.android.launcher3.uioverrides.QuickstepLauncher,reason=UpdateInputWindows]
12-31 04:15:39.163 I/sysui_multi_action( 1505): [757,128,758,2,793,9590452,794,2060,795,9590452,796,26,798,0,806,android,857,DEVELOPER_IMPORTANT,858,4,947,0,1395,2,1500,9590246,1688,1]
12-31 04:15:39.164 I/notification_visibility( 1505): [-1|android|26|null|1000,0,9590452,9590452,0,0]
12-31 04:15:39.165 I/sysui_multi_action( 1505): [757,128,758,2,793,10854634,794,2060,795,10854634,796,32,798,1,806,android,857,USB,858,1,947,0,1395,2,1500,10854174,1688,1]
12-31 04:15:39.165 I/notification_visibility( 1505): [-1|android|32|null|1000,0,10854634,10854634,0,1]
12-31 04:15:39.166 I/sysui_multi_action( 1505): [757,127,758,2]
12-31 04:15:39.166 I/notification_panel_hidden( 1505):
12-31 04:15:39.187 I/input_focus( 1505): [Focus leaving c825af4 NotificationShade (server),reason=NO_WINDOW]
12-31 04:15:39.187 I/input_focus( 1505): [Focus entering 5f64dd7 com.android.launcher3/com.android.launcher3.uioverrides.QuickstepLauncher (server),reason=setFocusedWindow]
12-31 04:15:39.859 I/auditd ( 0): type=1400 audit(0.0:12368): avc: denied { kill } for comm="swapper/1" capability=5 scontext=u:r:kernel:s0 tcontext=u:r:kernel:s0 tclass=capability permissive=0
12-31 04:15:39.942 I/input_interaction( 1505): Interaction with: 5f64dd7 com.android.launcher3/com.android.launcher3.uioverrides.QuickstepLauncher (server), 3a8c96a com.android.systemui.ImageWallpaper (server), edge-swipe (server), swipe-up (server), PointerEventDispatcher0 (server),
12-31 04:15:40.001 I/view_enqueue_input_event( 2581): [Motion - Cancel,com.android.launcher3/com.android.launcher3.uioverrides.QuickstepLauncher]
12-31 04:15:40.008 I/input_interaction( 1505): Interaction with: edge-swipe (server), swipe-up (server), PointerEventDispatcher0 (server),
12-31 04:15:40.194 I/commit_sys_config_file( 1505): [settings-1-0,5]
12-31 04:15:40.809 I/commit_sys_config_file( 1505): [settings-1-0,6]
12-31 04:15:40.859 I/auditd ( 0): type=1400 audit(0.0:12369): avc: denied { kill } for comm="swapper/1" capability=5 scontext=u:r:kernel:s0 tcontext=u:r:kernel:s0 tclass=capability permissive=0
12-31 04:15:41.859 I/auditd ( 0): type=1400 audit(0.0:12370): avc: denied { kill } for comm="swapper/1" capability=5 scontext=u:r:kernel:s0 tcontext=u:r:kernel:s0 tclass=capability permissive=0
12-31 04:15:42.601 I/input_interaction( 1505): Interaction with: 5f64dd7 com.android.launcher3/com.android.launcher3.uioverrides.QuickstepLauncher (server), 3a8c96a com.android.systemui.ImageWallpaper (server), edge-swipe (server), swipe-up (server), PointerEventDispatcher0 (server),
12-31 04:15:42.763 I/wm_task_moved( 1505): [1,1,8]
12-31 04:15:42.763 I/wm_set_resumed_activity( 1505): [0,com.android.launcher3/.uioverrides.QuickstepLauncher,positionChildAt]
12-31 04:15:42.764 I/wm_task_moved( 1505): [20,1,8]
12-31 04:15:42.764 I/wm_task_to_front( 1505): [0,20]
12-31 04:15:42.765 I/wm_focused_root_task( 1505): [0,0,20,1,moveTaskToFront findTaskToMoveToFront]
12-31 04:15:42.766 I/wm_set_resumed_activity( 1505): [0,com.tencent.tmgp.sgame/.SGameActivity,moveTaskToFront findTaskToMoveToFront]
12-31 04:15:42.768 I/wm_set_resumed_activity( 1505): [0,com.tencent.tmgp.sgame/.SGameActivity,resumeTopActivityInnerLocked]
12-31 04:15:42.770 I/wm_resume_activity( 1505): [0,93316068,20,com.tencent.tmgp.sgame/.SGameActivity]
12-31 04:15:42.788 I/wm_on_restart_called( 9274): [93316068,com.tencent.tmgp.sgame.SGameActivity,performRestartActivity]
12-31 04:15:42.790 I/wm_on_start_called( 9274): [93316068,com.tencent.tmgp.sgame.SGameActivity,handleStartActivity]
12-31 04:15:42.797 I/wm_on_top_resumed_lost_called( 2581): [83241864,com.android.launcher3.uioverrides.QuickstepLauncher,topStateChangedWhenResumed]
12-31 04:15:42.816 I/am_uid_active( 1505): 10063
12-31 04:15:42.817 I/wm_on_resume_called( 9274): [93316068,com.tencent.tmgp.sgame.SGameActivity,RESUME_ACTIVITY]
12-31 04:15:42.821 I/input_focus( 1505): [Focus request 3eb45b8 com.tencent.tmgp.sgame/com.tencent.tmgp.sgame.SGameActivity,reason=UpdateInputWindows]
12-31 04:15:42.827 I/input_focus( 1505): [Focus leaving 5f64dd7 com.android.launcher3/com.android.launcher3.uioverrides.QuickstepLauncher (server),reason=Waiting for window because NOT_VISIBLE]
12-31 04:15:42.841 I/wm_on_top_resumed_gained_called( 9274): [93316068,com.tencent.tmgp.sgame.SGameActivity,topStateChangedWhenResumed]
12-31 04:15:42.851 I/sysui_multi_action( 1505): [319,80,322,79,325,10869,757,761,758,9,759,2,806,com.tencent.tmgp.sgame,871,com.tencent.tmgp.sgame.SGameActivity,904,com.android.packageinstaller,905,0,1320,8,1321,5]
12-31 04:15:42.861 I/input_focus( 1505): [Focus entering 3eb45b8 com.tencent.tmgp.sgame/com.tencent.tmgp.sgame.SGameActivity (server),reason=Window became focusable. Previous reason: NOT_VISIBLE]
12-31 04:15:42.995 I/commit_sys_config_file( 1505): [settings-1-0,3]
12-31 04:15:43.859 I/auditd ( 0): type=1400 audit(0.0:12371): avc: denied { kill } for comm="swapper/1" capability=5 scontext=u:r:kernel:s0 tcontext=u:r:kernel:s0 tclass=capability permissive=0
12-31 04:15:44.859 I/auditd ( 0): type=1400 audit(0.0:12372): avc: denied { kill } for comm="swapper/1" capability=5 scontext=u:r:kernel:s0 tcontext=u:r:kernel:s0 tclass=capability permissive=0
12-31 04:15:45.859 I/auditd ( 0): type=1400 audit(0.0:12373): avc: denied { kill } for comm="swapper/1" capability=5 scontext=u:r:kernel:s0 tcontext=u:r:kernel:s0 tclass=capability permissive=0
12-31 04:15:46.859 I/auditd ( 0): type=1400 audit(0.0:12374): avc: denied { kill } for comm="swapper/1" capability=5 scontext=u:r:kernel:s0 tcontext=u:r:kernel:s0 tclass=capability permissive=0
12-31 04:15:47.101 I/input_interaction( 1505): Interaction with: a2aa531 gamemode.floatview (server), edge-swipe (server), swipe-up (server), PointerEventDispatcher0 (server),
12-31 04:15:48.039 I/input_interaction( 1505): Interaction with: 98d5152 gamemode.menuview (server), edge-swipe (server), swipe-up (server), PointerEventDispatcher0 (server),
12-31 04:15:48.859 I/auditd ( 0): type=1400 audit(0.0:12375): avc: denied { kill } for comm="swapper/0" capability=5 scontext=u:r:kernel:s0 tcontext=u:r:kernel:s0 tclass=capability permissive=0
12-31 04:15:49.681 I/input_interaction( 1505): Interaction with: 3eb45b8 com.tencent.tmgp.sgame/com.tencent.tmgp.sgame.SGameActivity (server), edge-swipe (server), swipe-up (server), PointerEventDispatcher0 (server),
12-31 04:15:49.859 I/auditd ( 0): type=1400 audit(0.0:12376): avc: denied { kill } for comm="swapper/0" capability=5 scontext=u:r:kernel:s0 tcontext=u:r:kernel:s0 tclass=capability permissive=0
12-31 04:15:51.859 I/auditd ( 0): type=1400 audit(0.0:12377): avc: denied { kill } for comm="swapper/0" capability=5 scontext=u:r:kernel:s0 tcontext=u:r:kernel:s0 tclass=capability permissive=0
12-31 04:15:52.457 I/wm_add_to_stopping( 1505): [0,83241864,com.android.launcher3/.uioverrides.QuickstepLauncher,makeInvisible]
12-31 04:15:52.820 I/wm_stop_activity( 1505): [0,83241864,com.android.launcher3/.uioverrides.QuickstepLauncher]
12-31 04:15:52.846 I/wm_on_paused_called( 2581): [83241864,com.android.launcher3.uioverrides.QuickstepLauncher,performPause]
12-31 04:15:52.849 I/wm_on_stop_called( 2581): [83241864,com.android.launcher3.uioverrides.QuickstepLauncher,STOP_ACTIVITY_ITEM]
12-31 04:15:52.859 I/auditd ( 0): type=1400 audit(0.0:12378): avc: denied { kill } for comm="swapper/0" capability=5 scontext=u:r:kernel:s0 tcontext=u:r:kernel:s0 tclass=capability permissive=0
12-31 04:15:53.859 I/auditd ( 0): type=1400 audit(0.0:12379): avc: denied { kill } for comm="swapper/0" capability=5 scontext=u:r:kernel:s0 tcontext=u:r:kernel:s0 tclass=capability permissive=0
12-31 04:15:54.859 I/auditd ( 0): type=1400 audit(0.0:12380): avc: denied { kill } for comm="swapper/0" capability=5 scontext=u:r:kernel:s0 tcontext=u:r:kernel:s0 tclass=capability permissive=0
12-31 04:15:55.859 I/auditd ( 0): type=1400 audit(0.0:12381): avc: denied { kill } for comm="swapper/0" capability=5 scontext=u:r:kernel:s0 tcontext=u:r:kernel:s0 tclass=capability permissive=0
12-31 04:15:56.859 I/auditd ( 0): type=1400 audit(0.0:12382): avc: denied { kill } for comm="swapper/0" capability=5 scontext=u:r:kernel:s0 tcontext=u:r:kernel:s0 tclass=capability permissive=0
12-31 04:15:57.859 I/auditd ( 0): type=1400 audit(0.0:12383): avc: denied { kill } for comm="swapper/0" capability=5 scontext=u:r:kernel:s0 tcontext=u:r:kernel:s0 tclass=capability permissive=0
12-31 04:15:58.859 I/auditd ( 0): type=1400 audit(0.0:12384): avc: denied { kill } for comm="swapper/0" capability=5 scontext=u:r:kernel:s0 tcontext=u:r:kernel:s0 tclass=capability permissive=0
12-31 04:15:59.859 I/auditd ( 0): type=1400 audit(0.0:12385): avc: denied { kill } for comm="swapper/0" capability=5 scontext=u:r:kernel:s0 tcontext=u:r:kernel:s0 tclass=capability permissive=0
12-31 04:16:00.859 I/auditd ( 0): type=1400 audit(0.0:12386): avc: denied { kill } for comm="swapper/0" capability=5 scontext=u:r:kernel:s0 tcontext=u:r:kernel:s0 tclass=capability permissive=0
12-31 04:16:01.859 I/auditd ( 0): type=1400 audit(0.0:12387): avc: denied { kill } for comm="swapper/0" capability=5 scontext=u:r:kernel:s0 tcontext=u:r:kernel:s0 tclass=capability permissive=0
12-31 04:16:02.859 I/auditd ( 0): type=1400 audit(0.0:12388): avc: denied { kill } for comm="swapper/0" capability=5 scontext=u:r:kernel:s0 tcontext=u:r:kernel:s0 tclass=capability permissive=0
12-31 04:16:05.859 I/auditd ( 0): type=1400 audit(0.0:12389): avc: denied { kill } for comm="swapper/2" capability=5 scontext=u:r:kernel:s0 tcontext=u:r:kernel:s0 tclass=capability permissive=0
12-31 04:16:06.859 I/auditd ( 0): type=1400 audit(0.0:12390): avc: denied { kill } for comm="swapper/2" capability=5 scontext=u:r:kernel:s0 tcontext=u:r:kernel:s0 tclass=capability permissive=0
12-31 04:16:07.859 I/auditd ( 0): type=1400 audit(0.0:12391): avc: denied { kill } for comm="swapper/2" capability=5 scontext=u:r:kernel:s0 tcontext=u:r:kernel:s0 tclass=capability permissive=0
12-31 04:16:08.859 I/auditd ( 0): type=1400 audit(0.0:12392): avc: denied { kill } for comm="swapper/2" capability=5 scontext=u:r:kernel:s0 tcontext=u:r:kernel:s0 tclass=capability permissive=0
12-31 04:16:09.859 I/auditd ( 0): type=1400 audit(0.0:12393): avc: denied { kill } for comm="swapper/2" capability=5 scontext=u:r:kernel:s0 tcontext=u:r:kernel:s0 tclass=capability permissive=0
12-31 04:16:10.595 I/view_enqueue_input_event( 9274): [Motion - Cancel,com.tencent.tmgp.sgame/com.tencent.tmgp.sgame.SGameActivity]
12-31 04:16:10.598 I/input_interaction( 1505): Interaction with: WindowManager (server), edge-swipe (server), swipe-up (server), PointerEventDispatcher0 (server),
12-31 04:16:10.859 I/auditd ( 0): type=1400 audit(0.0:12394): avc: denied { kill } for comm="swapper/2" capability=5 scontext=u:r:kernel:s0 tcontext=u:r:kernel:s0 tclass=capability permissive=0
12-31 04:16:11.532 I/input_interaction( 1505): Interaction with: 3eb45b8 com.tencent.tmgp.sgame/com.tencent.tmgp.sgame.SGameActivity (server), edge-swipe (server), swipe-up (server), PointerEventDispatcher0 (server),
12-31 04:16:12.859 I/auditd ( 0): type=1400 audit(0.0:12395): avc: denied { kill } for comm="swapper/0" capability=5 scontext=u:r:kernel:s0 tcontext=u:r:kernel:s0 tclass=capability permissive=0
12-31 04:16:13.859 I/auditd ( 0): type=1400 audit(0.0:12396): avc: denied { kill } for comm="swapper/0" capability=5 scontext=u:r:kernel:s0 tcontext=u:r:kernel:s0 tclass=capability permissive=0
12-31 04:16:14.137 I/view_enqueue_input_event( 9274): [Motion - Cancel,com.tencent.tmgp.sgame/com.tencent.tmgp.sgame.SGameActivity]
12-31 04:16:14.138 I/input_interaction( 1505): Interaction with: WindowManager (server), edge-swipe (server), swipe-up (server), PointerEventDispatcher0 (server),
12-31 04:16:14.859 I/auditd ( 0): type=1400 audit(0.0:12397): avc: denied { kill } for comm="swapper/0" capability=5 scontext=u:r:kernel:s0 tcontext=u:r:kernel:s0 tclass=capability permissive=0
12-31 04:16:15.859 I/auditd ( 0): type=1400 audit(0.0:12398): avc: denied { kill } for comm="swapper/0" capability=5 scontext=u:r:kernel:s0 tcontext=u:r:kernel:s0 tclass=capability permissive=0
12-31 04:16:15.960 I/input_interaction( 1505): Interaction with: 3eb45b8 com.tencent.tmgp.sgame/com.tencent.tmgp.sgame.SGameActivity (server), edge-swipe (server), swipe-up (server), PointerEventDispatcher0 (server),
12-31 04:16:16.859 I/auditd ( 0): type=1400 audit(0.0:12399): avc: denied { kill } for comm="swapper/0" capability=5 scontext=u:r:kernel:s0 tcontext=u:r:kernel:s0 tclass=capability permissive=0
12-31 04:16:17.047 I/input_interaction( 1505): Interaction with: 1c2e319 StatusBar (server), edge-swipe (server), swipe-up (server), PointerEventDispatcher0 (server),
12-31 04:16:17.050 I/sysui_multi_action( 1996): [757,803,799,panel_open,802,1]
12-31 04:16:17.051 I/sysui_multi_action( 1996): [757,1328,758,4,1326,51,1327,2,1329,0]
12-31 04:16:17.134 I/sysui_multi_action( 1505): [757,127,758,1]
12-31 04:16:17.134 I/sysui_multi_action( 1505): [757,804,799,note_load,801,2,802,1]
12-31 04:16:17.135 I/notification_panel_revealed( 1505): 2
12-31 04:16:17.152 I/input_focus( 1505): [Focus request c825af4 NotificationShade,reason=UpdateInputWindows]
12-31 04:16:17.162 I/sysui_multi_action( 1505): [757,128,758,1,793,9628449,794,0,795,9628449,796,26,798,0,806,android,857,DEVELOPER_IMPORTANT,858,4,947,0,1395,2,1500,9628243,1688,1]
12-31 04:16:17.164 I/sysui_multi_action( 1505): [757,804,799,note_freshness,801,9628449,802,1]
12-31 04:16:17.164 I/notification_visibility( 1505): [-1|android|26|null|1000,1,9628449,9628449,0,0]
12-31 04:16:17.166 I/sysui_multi_action( 1505): [757,128,758,1,793,10892636,794,0,795,10892636,796,32,798,1,806,android,857,USB,858,1,947,0,1395,2,1500,10892176,1688,1]
12-31 04:16:17.166 I/sysui_multi_action( 1505): [757,804,799,note_freshness,801,10892636,802,1]
12-31 04:16:17.166 I/notification_visibility( 1505): [-1|android|32|null|1000,1,10892636,10892636,0,1]
12-31 04:16:17.177 I/input_focus( 1505): [Focus leaving 3eb45b8 com.tencent.tmgp.sgame/com.tencent.tmgp.sgame.SGameActivity (server),reason=setFocusedWindow]
12-31 04:16:17.178 I/input_focus( 1505): [Focus entering c825af4 NotificationShade (server),reason=setFocusedWindow]
12-31 04:16:17.209 I/sysui_multi_action( 1996): [757,111,758,1]
12-31 04:16:17.210 I/sysui_multi_action( 1996): [757,126,758,1,759,126,927,0,928,1,1593,0]
12-31 04:16:17.210 I/sysui_multi_action( 1996): [757,0,758,1,759,0,927,1,928,0,1593,0]
12-31 04:16:17.210 I/sysui_multi_action( 1996): [757,0,758,1,759,0,927,2,928,0,1593,0]
12-31 04:16:17.211 I/sysui_multi_action( 1996): [757,491,758,1,759,491,927,3,928,0,1311,-1,1593,0]
12-31 04:16:17.211 I/sysui_multi_action( 1996): [757,113,758,1,759,113,927,4,928,1,1593,0]
12-31 04:16:17.211 I/sysui_multi_action( 1996): [757,0,758,1,759,0,927,5,928,0,1593,0]
12-31 04:16:17.212 I/sysui_multi_action( 1996): [757,111,758,1]
12-31 04:16:17.212 I/sysui_multi_action( 1996): [757,126,758,1,759,126,927,0,928,1,1593,0]
12-31 04:16:17.212 I/sysui_multi_action( 1996): [757,0,758,1,759,0,927,1,928,0,1593,0]
12-31 04:16:17.212 I/sysui_multi_action( 1996): [757,0,758,1,759,0,927,2,928,0,1593,0]
12-31 04:16:17.213 I/sysui_multi_action( 1996): [757,491,758,1,759,491,927,3,928,0,1311,-1,1593,0]
12-31 04:16:17.859 I/auditd ( 0): type=1400 audit(0.0:12400): avc: denied { kill } for comm="swapper/0" capability=5 scontext=u:r:kernel:s0 tcontext=u:r:kernel:s0 tclass=capability permissive=0
12-31 04:16:18.352 I/input_interaction( 1505): Interaction with: c825af4 NotificationShade (server), edge-swipe (server), swipe-up (server), PointerEventDispatcher0 (server),
12-31 04:16:18.767 I/sysui_multi_action( 1996): [757,111,758,2]
12-31 04:16:18.767 I/notification_enqueue( 1505): [10081,1996,com.android.systemui,2048,NULL,0,Notification(channel=updateNotification shortcut=null contentView=null vibrate=null sound=null defaults=0x0 flags=0x0 color=0x00000000 vis=PRIVATE),1]
12-31 04:16:18.767 I/sysui_multi_action( 1996): [757,111,758,2]
12-31 04:16:18.983 I/input_focus( 1505): [Focus request 3eb45b8 com.tencent.tmgp.sgame/com.tencent.tmgp.sgame.SGameActivity,reason=UpdateInputWindows]
12-31 04:16:18.987 I/sysui_multi_action( 1505): [757,128,758,2,793,9630276,794,1827,795,9630276,796,26,798,0,806,android,857,DEVELOPER_IMPORTANT,858,4,947,0,1395,2,1500,9630070,1688,1]
12-31 04:16:18.987 I/notification_visibility( 1505): [-1|android|26|null|1000,0,9630276,9630276,0,0]
12-31 04:16:18.988 I/sysui_multi_action( 1505): [757,128,758,2,793,10894457,794,1821,795,10894457,796,32,798,1,806,android,857,USB,858,1,947,0,1395,2,1500,10893997,1688,1]
12-31 04:16:18.988 I/notification_visibility( 1505): [-1|android|32|null|1000,0,10894457,10894457,0,1]
12-31 04:16:18.988 I/sysui_multi_action( 1505): [757,127,758,2]
12-31 04:16:18.988 I/notification_panel_hidden( 1505):
12-31 04:16:18.997 I/input_focus( 1505): [Focus leaving c825af4 NotificationShade (server),reason=NO_WINDOW]
12-31 04:16:19.015 I/input_focus( 1505): [Focus entering 3eb45b8 com.tencent.tmgp.sgame/com.tencent.tmgp.sgame.SGameActivity (server),reason=setFocusedWindow]
12-31 04:16:19.140 I/input_interaction( 1505): Interaction with: 3eb45b8 com.tencent.tmgp.sgame/com.tencent.tmgp.sgame.SGameActivity (server), edge-swipe (server), swipe-up (server), PointerEventDispatcher0 (server),
12-31 04:16:19.572 I/service_manager_stats( 1505): [100,61,50422]
12-31 04:16:19.859 I/auditd ( 0): type=1400 audit(0.0:12401): avc: denied { kill } for comm="swapper/0" capability=5 scontext=u:r:kernel:s0 tcontext=u:r:kernel:s0 tclass=capability permissive=0
12-31 04:16:20.859 I/auditd ( 0): type=1400 audit(0.0:12402): avc: denied { kill } for comm="swapper/0" capability=5 scontext=u:r:kernel:s0 tcontext=u:r:kernel:s0 tclass=capability permissive=0
12-31 04:16:21.088 I/wm_task_moved( 1505): [1,0,0]
12-31 04:16:21.088 I/wm_task_moved( 1505): [1,0,7]
12-31 04:16:21.097 I/wm_on_restart_called( 2581): [83241864,com.android.launcher3.uioverrides.QuickstepLauncher,performRestartActivity]
12-31 04:16:21.114 I/wm_on_start_called( 2581): [83241864,com.android.launcher3.uioverrides.QuickstepLauncher,handleStartActivity]
12-31 04:16:21.147 I/sysui_multi_action( 1505): [319,9,322,50,325,10907,757,761,758,9,759,5,806,com.android.launcher3,871,com.android.launcher3.uioverrides.QuickstepLauncher,905,0,1320,8,1321,5]
12-31 04:16:21.151 I/am_pss ( 1505): [12686,1000,com.thundercomm.gamemode,33746944,25653248,55296,143605760,0,6,9]
12-31 04:16:21.266 I/wm_task_moved( 1505): [1,0,7]
12-31 04:16:21.266 I/wm_add_to_stopping( 1505): [0,83241864,com.android.launcher3/.uioverrides.QuickstepLauncher,makeInvisible]
12-31 04:16:21.273 I/wm_stop_activity( 1505): [0,83241864,com.android.launcher3/.uioverrides.QuickstepLauncher]
12-31 04:16:21.283 I/wm_on_stop_called( 2581): [83241864,com.android.launcher3.uioverrides.QuickstepLauncher,STOP_ACTIVITY_ITEM]
12-31 04:16:21.321 I/commit_sys_config_file( 1505): [settings-1-0,10]
12-31 04:16:21.859 I/auditd ( 0): type=1400 audit(0.0:12403): avc: denied { kill } for comm="swapper/0" capability=5 scontext=u:r:kernel:s0 tcontext=u:r:kernel:s0 tclass=capability permissive=0
12-31 04:16:23.859 I/auditd ( 0): type=1400 audit(0.0:12404): avc: denied { kill } for comm="swapper/0" capability=5 scontext=u:r:kernel:s0 tcontext=u:r:kernel:s0 tclass=capability permissive=0
12-31 04:16:24.859 I/auditd ( 0): type=1400 audit(0.0:12405): avc: denied { kill } for comm="swapper/0" capability=5 scontext=u:r:kernel:s0 tcontext=u:r:kernel:s0 tclass=capability permissive=0
12-31 04:16:25.808 I/input_interaction( 1505): Interaction with: 42c8805 gamemode.floatview (server), edge-swipe (server), swipe-up (server), PointerEventDispatcher0 (server),
12-31 04:16:25.859 I/auditd ( 0): type=1400 audit(0.0:12406): avc: denied { kill } for comm="swapper/0" capability=5 scontext=u:r:kernel:s0 tcontext=u:r:kernel:s0 tclass=capability permissive=0
12-31 04:16:27.859 I/auditd ( 0): type=1400 audit(0.0:12407): avc: denied { kill } for comm="swapper/0" capability=5 scontext=u:r:kernel:s0 tcontext=u:r:kernel:s0 tclass=capability permissive=0
12-31 04:16:28.859 I/auditd ( 0): type=1400 audit(0.0:12408): avc: denied { kill } for comm="swapper/0" capability=5 scontext=u:r:kernel:s0 tcontext=u:r:kernel:s0 tclass=capability permissive=0
12-31 04:16:29.350 I/input_interaction( 1505): Interaction with: 501462a gamemode.menuview (server), edge-swipe (server), swipe-up (server), PointerEventDispatcher0 (server),
12-31 04:16:29.859 I/auditd ( 0): type=1400 audit(0.0:12409): avc: denied { kill } for comm="swapper/0" capability=5 scontext=u:r:kernel:s0 tcontext=u:r:kernel:s0 tclass=capability permissive=0
12-31 04:16:30.859 I/auditd ( 0): type=1400 audit(0.0:12410): avc: denied { kill } for comm="swapper/0" capability=5 scontext=u:r:kernel:s0 tcontext=u:r:kernel:s0 tclass=capability permissive=0
12-31 04:16:31.859 I/auditd ( 0): type=1400 audit(0.0:12411): avc: denied { kill } for comm="swapper/0" capability=5 scontext=u:r:kernel:s0 tcontext=u:r:kernel:s0 tclass=capability permissive=0
12-31 04:16:32.569 I/wm_task_created( 1505): [33,-1]
12-31 04:16:32.575 I/wm_task_moved( 1505): [33,1,9]
12-31 04:16:32.575 I/wm_task_to_front( 1505): [0,33]
12-31 04:16:32.576 I/wm_create_task( 1505): [0,33]
12-31 04:16:32.576 I/wm_create_activity( 1505): [0,132251186,33,com.android.music/.VideoBrowserActivity,NULL,NULL,NULL,268439552]
12-31 04:16:32.576 I/wm_task_moved( 1505): [33,1,9]
12-31 04:16:32.576 I/wm_on_top_resumed_lost_called( 9274): [93316068,com.tencent.tmgp.sgame.SGameActivity,topStateChangedWhenResumed]
12-31 04:16:32.579 I/am_uid_running( 1505): 10089
12-31 04:16:32.585 I/am_proc_start( 1505): [0,13428,10089,com.android.music,top-activity,{com.android.music/com.android.music.VideoBrowserActivity}]
12-31 04:16:32.598 I/am_proc_bound( 1505): [0,13428,com.android.music]
12-31 04:16:32.600 I/wm_restart_activity( 1505): [0,132251186,33,com.android.music/.VideoBrowserActivity]
12-31 04:16:32.601 I/wm_set_resumed_activity( 1505): [0,com.android.music/.VideoBrowserActivity,minimalResumeActivityLocked]
12-31 04:16:32.601 I/am_uid_active( 1505): 10089
12-31 04:16:32.644 I/wm_on_create_called(13428): [132251186,com.android.music.VideoBrowserActivity,performCreate]
12-31 04:16:32.645 I/wm_on_start_called(13428): [132251186,com.android.music.VideoBrowserActivity,handleStartActivity]
12-31 04:16:32.645 I/wm_on_resume_called(13428): [132251186,com.android.music.VideoBrowserActivity,RESUME_ACTIVITY]
12-31 04:16:32.650 I/wm_on_top_resumed_gained_called(13428): [132251186,com.android.music.VideoBrowserActivity,topStateChangedWhenResumed]
12-31 04:16:32.657 I/input_focus( 1505): [Focus request c7431c7 com.android.music/com.android.music.VideoBrowserActivity,reason=UpdateInputWindows]
12-31 04:16:32.680 I/input_focus( 1505): [Focus leaving 3eb45b8 com.tencent.tmgp.sgame/com.tencent.tmgp.sgame.SGameActivity (server),reason=Waiting for window because NOT_VISIBLE]
12-31 04:16:32.701 I/sysui_multi_action( 1505): [319,134,322,134,325,10918,757,761,758,7,759,2,806,com.android.music,871,com.android.music.VideoBrowserActivity,904,com.thundercomm.gamemode,905,0,945,34,1320,4,1321,1]
12-31 04:16:32.701 I/wm_activity_launch_time( 1505): [0,132251186,com.android.music/.VideoBrowserActivity,134]
12-31 04:16:32.713 I/input_focus( 1505): [Focus entering c7431c7 com.android.music/com.android.music.VideoBrowserActivity (server),reason=Window became focusable. Previous reason: NOT_VISIBLE]
12-31 04:16:32.809 I/commit_sys_config_file( 1505): [settings-1-0,1]
12-31 04:16:32.859 I/auditd ( 0): type=1400 audit(0.0:12412): avc: denied { kill } for comm="swapper/0" capability=5 scontext=u:r:kernel:s0 tcontext=u:r:kernel:s0 tclass=capability permissive=0
12-31 04:16:34.040 I/input_interaction( 1505): Interaction with: c7431c7 com.android.music/com.android.music.VideoBrowserActivity (server), edge-swipe (server), swipe-up (server), PointerEventDispatcher0 (server),
12-31 04:16:34.859 I/auditd ( 0): type=1400 audit(0.0:12413): avc: denied { kill } for comm="swapper/7" capability=5 scontext=u:r:kernel:s0 tcontext=u:r:kernel:s0 tclass=capability permissive=0
12-31 04:16:35.111 I/wm_finish_activity( 1505): [0,132251186,33,com.android.music/.VideoBrowserActivity,finish-activity]
12-31 04:16:35.111 I/wm_task_moved( 1505): [20,1,9]
12-31 04:16:35.111 I/wm_task_to_front( 1505): [0,20]
12-31 04:16:35.114 I/wm_set_resumed_activity( 1505): [0,com.tencent.tmgp.sgame/.SGameActivity,positionChildAt]
12-31 04:16:35.114 I/wm_focused_root_task( 1505): [0,0,20,33,finish-top adjustFocusToNextFocusableTask]
12-31 04:16:35.114 I/wm_set_resumed_activity( 1505): [0,com.tencent.tmgp.sgame/.SGameActivity,finish-top]
12-31 04:16:35.119 I/wm_pause_activity( 1505): [0,132251186,com.android.music/.VideoBrowserActivity,userLeaving=false,finish]
12-31 04:16:35.129 I/input_focus( 1505): [Focus request 3eb45b8 com.tencent.tmgp.sgame/com.tencent.tmgp.sgame.SGameActivity,reason=UpdateInputWindows]
12-31 04:16:35.129 I/wm_on_top_resumed_lost_called(13428): [132251186,com.android.music.VideoBrowserActivity,topStateChangedWhenResumed]
12-31 04:16:35.134 I/wm_on_top_resumed_gained_called( 9274): [93316068,com.tencent.tmgp.sgame.SGameActivity,topStateChangedWhenResumed]
12-31 04:16:35.134 I/wm_on_paused_called(13428): [132251186,com.android.music.VideoBrowserActivity,performPause]
12-31 04:16:35.136 I/wm_destroy_activity( 1505): [0,132251186,33,com.android.music/.VideoBrowserActivity,finish-imm:completePausedLocked]
12-31 04:16:35.147 I/wm_on_stop_called(13428): [132251186,com.android.music.VideoBrowserActivity,LIFECYCLER_STOP_ACTIVITY]
12-31 04:16:35.149 I/wm_on_destroy_called(13428): [132251186,com.android.music.VideoBrowserActivity,performDestroy]
12-31 04:16:35.150 I/sysui_multi_action( 1505): [757,803,799,window_time_0,802,137]
12-31 04:16:35.154 I/sysui_multi_action( 1505): [757,803,799,window_time_0,802,0]
12-31 04:16:35.154 I/input_focus( 1505): [Focus entering 3eb45b8 com.tencent.tmgp.sgame/com.tencent.tmgp.sgame.SGameActivity (server),reason=setFocusedWindow]
12-31 04:16:35.366 I/commit_sys_config_file( 1505): [settings-1-0,3]
12-31 04:16:35.435 I/wm_task_removed( 1505): [33,removeChild:removeChild last r=ActivityRecord{7e1fe32 u0 com.android.music/.VideoBrowserActivity t-1 f}} in t=Task{b1ad63d #33 type=standard A=10089:android.task.video U=0 visible=false mode=freeform translucent=true sz=0}]
12-31 04:16:35.435 I/wm_task_removed( 1505): [33,removeChild]
12-31 04:16:35.859 I/auditd ( 0): type=1400 audit(0.0:12414): avc: denied { kill } for comm="swapper/7" capability=5 scontext=u:r:kernel:s0 tcontext=u:r:kernel:s0 tclass=capability permissive=0
12-31 04:16:36.859 I/auditd ( 0): type=1400 audit(0.0:12415): avc: denied { kill } for comm="swapper/0" capability=5 scontext=u:r:kernel:s0 tcontext=u:r:kernel:s0 tclass=capability permissive=0
12-31 04:16:37.096 I/input_interaction( 1505): Interaction with: 3eb45b8 com.tencent.tmgp.sgame/com.tencent.tmgp.sgame.SGameActivity (server), edge-swipe (server), swipe-up (server), PointerEventDispatcher0 (server),
12-31 04:16:37.859 I/auditd ( 2763): type=1400 audit(0.0:12416): avc: denied { kill } for comm="irq/17-9091000." capability=5 scontext=u:r:kernel:s0 tcontext=u:r:kernel:s0 tclass=capability permissive=0
12-31 04:16:38.859 I/auditd ( 717): type=1400 audit(0.0:12417): avc: denied { kill } for comm="crtc_commit:125" capability=5 scontext=u:r:kernel:s0 tcontext=u:r:kernel:s0 tclass=capability permissive=0
12-31 04:16:39.859 I/auditd ( 0): type=1400 audit(0.0:12418): avc: denied { kill } for comm="swapper/0" capability=5 scontext=u:r:kernel:s0 tcontext=u:r:kernel:s0 tclass=capability permissive=0
12-31 04:16:40.859 I/auditd ( 0): type=1400 audit(0.0:12419): avc: denied { kill } for comm="swapper/0" capability=5 scontext=u:r:kernel:s0 tcontext=u:r:kernel:s0 tclass=capability permissive=0
12-31 04:16:41.859 I/auditd ( 0): type=1400 audit(0.0:12420): avc: denied { kill } for comm="swapper/0" capability=5 scontext=u:r:kernel:s0 tcontext=u:r:kernel:s0 tclass=capability permissive=0
12-31 04:16:42.859 I/auditd ( 0): type=1400 audit(0.0:12421): avc: denied { kill } for comm="swapper/0" capability=5 scontext=u:r:kernel:s0 tcontext=u:r:kernel:s0 tclass=capability permissive=0
12-31 04:16:43.515 I/input_interaction( 1505): Interaction with: 592bf16 gamemode.floatview (server), edge-swipe (server), swipe-up (server), PointerEventDispatcher0 (server),
12-31 04:16:44.460 I/input_interaction( 1505): Interaction with: ab07a25 gamemode.menuview (server), edge-swipe (server), swipe-up (server), PointerEventDispatcher0 (server),
12-31 04:16:45.775 I/input_interaction( 1505): Interaction with: 3eb45b8 com.tencent.tmgp.sgame/com.tencent.tmgp.sgame.SGameActivity (server), edge-swipe (server), swipe-up (server), PointerEventDispatcher0 (server),
12-31 04:16:45.859 I/auditd ( 717): type=1400 audit(0.0:12422): avc: denied { kill } for comm="crtc_commit:125" capability=5 scontext=u:r:kernel:s0 tcontext=u:r:kernel:s0 tclass=capability permissive=0
12-31 04:16:45.912 I/wm_finish_activity( 1505): [0,93316068,20,com.tencent.tmgp.sgame/.SGameActivity,finish-activity]
12-31 04:16:45.913 I/wm_task_moved( 1505): [1,1,8]
12-31 04:16:45.914 I/wm_task_moved( 1505): [9,1,2147483647]
12-31 04:16:45.914 I/wm_task_to_front( 1505): [0,9]
12-31 04:16:45.914 I/wm_focused_root_task( 1505): [0,0,1,20,finish-top adjustFocusToNextFocusableTask]
12-31 04:16:45.915 I/wm_set_resumed_activity( 1505): [0,com.android.launcher3/.uioverrides.QuickstepLauncher,finish-top adjustFocusToNextFocusableTask]
12-31 04:16:45.923 I/wm_pause_activity( 1505): [0,93316068,com.tencent.tmgp.sgame/.SGameActivity,userLeaving=false,finish]
12-31 04:16:45.932 I/sysui_multi_action( 1505): [757,803,799,window_time_0,802,11]
12-31 04:16:45.933 I/wm_on_top_resumed_lost_called( 9274): [93316068,com.tencent.tmgp.sgame.SGameActivity,topStateChangedWhenResumed]
12-31 04:16:45.962 I/input_focus( 1505): [Focus leaving 3eb45b8 com.tencent.tmgp.sgame/com.tencent.tmgp.sgame.SGameActivity (server),reason=NO_WINDOW]
12-31 04:16:46.242 I/wm_on_paused_called( 9274): [93316068,com.tencent.tmgp.sgame.SGameActivity,performPause]
12-31 04:16:46.243 I/wm_add_to_stopping( 1505): [0,93316068,com.tencent.tmgp.sgame/.SGameActivity,completeFinishing]
12-31 04:16:46.245 I/wm_set_resumed_activity( 1505): [0,com.android.launcher3/.uioverrides.QuickstepLauncher,resumeTopActivityInnerLocked]
12-31 04:16:46.248 I/commit_sys_config_file( 1505): [settings-1-0,10]
12-31 04:16:46.248 I/wm_resume_activity( 1505): [0,83241864,9,com.android.launcher3/.uioverrides.QuickstepLauncher]
12-31 04:16:46.251 I/sysui_multi_action( 1505): [757,803,799,window_time_0,802,0]
12-31 04:16:46.263 I/wm_on_restart_called( 2581): [83241864,com.android.launcher3.uioverrides.QuickstepLauncher,performRestartActivity]
12-31 04:16:46.263 I/wm_on_start_called( 2581): [83241864,com.android.launcher3.uioverrides.QuickstepLauncher,handleStartActivity]
12-31 04:16:46.263 I/wm_on_resume_called( 2581): [83241864,com.android.launcher3.uioverrides.QuickstepLauncher,RESUME_ACTIVITY]
12-31 04:16:46.263 I/wm_on_top_resumed_gained_called( 2581): [83241864,com.android.launcher3.uioverrides.QuickstepLauncher,topWhenResuming]
12-31 04:16:46.287 I/input_focus( 1505): [Focus request 5f64dd7 com.android.launcher3/com.android.launcher3.uioverrides.QuickstepLauncher,reason=UpdateInputWindows]
12-31 04:16:46.297 I/input_focus( 1505): [Focus entering 5f64dd7 com.android.launcher3/com.android.launcher3.uioverrides.QuickstepLauncher (server),reason=setFocusedWindow]
12-31 04:16:46.631 I/wm_destroy_activity( 1505): [0,93316068,20,com.tencent.tmgp.sgame/.SGameActivity,finish-imm:idle]
12-31 04:16:46.659 I/wm_on_stop_called( 9274): [93316068,com.tencent.tmgp.sgame.SGameActivity,LIFECYCLER_STOP_ACTIVITY]
12-31 04:16:46.859 I/auditd ( 0): type=1400 audit(0.0:12423): avc: denied { kill } for comm="swapper/0" capability=5 scontext=u:r:kernel:s0 tcontext=u:r:kernel:s0 tclass=capability permissive=0
12-31 04:16:46.874 I/am_proc_died( 1505): [0,9274,com.tencent.tmgp.sgame,910,18]
12-31 04:16:46.882 I/wm_task_removed( 1505): [20,removeChild:removeChild last r=ActivityRecord{58fe3e4 u0 com.tencent.tmgp.sgame/.SGameActivity t-1 f}} in t=Task{b5e2368 #20 type=standard A=10096:com.tencent.tmgp.sgame U=0 visible=false mode=fullscreen translucent=true sz=0}]
12-31 04:16:46.882 I/wm_task_removed( 1505): [20,removeChild]
12-31 04:16:47.859 I/auditd ( 0): type=1400 audit(0.0:12424): avc: denied { kill } for comm="swapper/0" capability=5 scontext=u:r:kernel:s0 tcontext=u:r:kernel:s0 tclass=capability permissive=0
12-31 04:16:47.944 I/am_proc_start( 1505): [0,13479,10096,com.tencent.tmgp.sgame,content provider,{com.tencent.tmgp.sgame/com.tencent.tpns.baseapi.base.SettingsContentProvider}]
12-31 04:16:47.987 I/am_proc_bound( 1505): [0,13479,com.tencent.tmgp.sgame]
12-31 04:16:48.859 I/auditd ( 0): type=1400 audit(0.0:12425): avc: denied { kill } for comm="swapper/0" capability=5 scontext=u:r:kernel:s0 tcontext=u:r:kernel:s0 tclass=capability permissive=0
12-31 04:16:49.247 I/input_interaction( 1505): Interaction with: 5f64dd7 com.android.launcher3/com.android.launcher3.uioverrides.QuickstepLauncher (server), 3a8c96a com.android.systemui.ImageWallpaper (server), edge-swipe (server), swipe-up (server), PointerEventDispatcher0 (server),
12-31 04:16:49.387 I/wm_task_created( 1505): [34,-1]
12-31 04:16:49.390 I/wm_task_moved( 1505): [34,1,8]
12-31 04:16:49.390 I/wm_task_to_front( 1505): [0,34]
12-31 04:16:49.390 I/wm_create_task( 1505): [0,34]
12-31 04:16:49.390 I/wm_create_activity( 1505): [0,95163196,34,com.tencent.tmgp.sgame/.SGameActivity,android.intent.action.MAIN,NULL,NULL,270532608]
12-31 04:16:49.390 I/wm_task_moved( 1505): [34,1,8]
12-31 04:16:49.391 I/wm_pause_activity( 1505): [0,83241864,com.android.launcher3/.uioverrides.QuickstepLauncher,userLeaving=true,pauseBackTasks]
12-31 04:16:49.393 I/wm_on_top_resumed_lost_called( 2581): [83241864,com.android.launcher3.uioverrides.QuickstepLauncher,topStateChangedWhenResumed]
12-31 04:16:49.394 I/wm_on_paused_called( 2581): [83241864,com.android.launcher3.uioverrides.QuickstepLauncher,performPause]
12-31 04:16:49.395 I/wm_add_to_stopping( 1505): [0,83241864,com.android.launcher3/.uioverrides.QuickstepLauncher,makeInvisible]
12-31 04:16:49.395 I/wm_restart_activity( 1505): [0,95163196,34,com.tencent.tmgp.sgame/.SGameActivity]
12-31 04:16:49.396 I/wm_set_resumed_activity( 1505): [0,com.tencent.tmgp.sgame/.SGameActivity,minimalResumeActivityLocked]
12-31 04:16:49.399 I/sysui_multi_action( 1505): [757,803,799,window_time_0,802,3]
12-31 04:16:49.420 I/input_focus( 1505): [Focus leaving 5f64dd7 com.android.launcher3/com.android.launcher3.uioverrides.QuickstepLauncher (server),reason=NO_WINDOW]
12-31 04:16:49.607 I/commit_sys_config_file( 1505): [settings-1-0,1]
12-31 04:16:49.678 I/wm_on_create_called(13479): [95163196,com.tencent.tmgp.sgame.SGameActivity,performCreate]
12-31 04:16:49.679 I/wm_on_start_called(13479): [95163196,com.tencent.tmgp.sgame.SGameActivity,handleStartActivity]
12-31 04:16:49.682 I/wm_on_resume_called(13479): [95163196,com.tencent.tmgp.sgame.SGameActivity,RESUME_ACTIVITY]
12-31 04:16:49.683 I/wm_on_top_resumed_gained_called(13479): [95163196,com.tencent.tmgp.sgame.SGameActivity,topStateChangedWhenResumed]
12-31 04:16:49.692 I/input_focus( 1505): [Focus request 525511e com.tencent.tmgp.sgame/com.tencent.tmgp.sgame.SGameActivity,reason=UpdateInputWindows]
12-31 04:16:49.730 I/sysui_multi_action( 1505): [319,23,321,21,322,342,325,10935,757,761,758,8,759,1,806,com.tencent.tmgp.sgame,871,com.tencent.tmgp.sgame.SGameActivity,904,com.android.launcher3,905,0,1320,8,1321,5]
12-31 04:16:49.730 I/wm_activity_launch_time( 1505): [0,95163196,com.tencent.tmgp.sgame/.SGameActivity,342]
12-31 04:16:49.738 I/input_focus( 1505): [Focus entering 525511e com.tencent.tmgp.sgame/com.tencent.tmgp.sgame.SGameActivity (server),reason=Window became focusable. Previous reason: NOT_VISIBLE]
12-31 04:16:49.799 I/auditd (13479): type=1400 audit(0.0:12426): avc: granted { execute } for comm="tbs_preinit" path="/data/user/0/com.tencent.tmgp.sgame/app_tbs_64/core_share/libwebp_base.so" dev="dm-10" ino=8476 scontext=u:r:untrusted_app_29:s0:c96,c256,c512,c768 tcontext=u:object_r:app_data_file:s0:c96,c256,c512,c768 tclass=file app=com.tencent.tmgp.sgame
12-31 04:16:49.819 I/auditd (13479): type=1400 audit(0.0:12427): avc: granted { execute } for comm="logging-thread" path="/data/user/0/com.tencent.tmgp.sgame/app_tbs_64/core_share/libx5log.so" dev="dm-10" ino=8478 scontext=u:r:untrusted_app_29:s0:c96,c256,c512,c768 tcontext=u:object_r:app_data_file:s0:c96,c256,c512,c768 tclass=file app=com.tencent.tmgp.sgame
12-31 04:16:49.831 I/auditd (13479): type=1400 audit(0.0:12428): avc: granted { execute } for comm="TP-IoBound-3" path="/data/user/0/com.tencent.tmgp.sgame/app_tbs_64/core_share/libqb_keystore.so" dev="dm-10" ino=8468 scontext=u:r:untrusted_app_29:s0:c96,c256,c512,c768 tcontext=u:object_r:app_data_file:s0:c96,c256,c512,c768 tclass=file app=com.tencent.tmgp.sgame
12-31 04:16:49.843 I/auditd (13479): type=1400 audit(0.0:12429): avc: granted { execute } for comm="tbs_preinit" path="/data/user/0/com.tencent.tmgp.sgame/app_tbs_64/core_share/libmttwebview.so" dev="dm-10" ino=8441 scontext=u:r:untrusted_app_29:s0:c96,c256,c512,c768 tcontext=u:object_r:app_data_file:s0:c96,c256,c512,c768 tclass=file app=com.tencent.tmgp.sgame
12-31 04:16:49.855 I/auditd (13479): type=1400 audit(0.0:12430): avc: granted { execute } for comm="beacon-thread-1" path="/data/user/0/com.tencent.tmgp.sgame/app_tbs_64/core_share/libtbsbeaconid.so" dev="dm-10" ino=8471 scontext=u:r:untrusted_app_29:s0:c96,c256,c512,c768 tcontext=u:object_r:app_data_file:s0:c96,c256,c512,c768 tclass=file app=com.tencent.tmgp.sgame
12-31 04:16:49.871 I/auditd (13709): type=1400 audit(0.0:12431): avc: granted { execute } for comm="X5MemoryMonitor" name="libcmdsh.so" dev="dm-10" ino=8439 scontext=u:r:untrusted_app_29:s0:c96,c256,c512,c768 tcontext=u:object_r:app_data_file:s0:c96,c256,c512,c768 tclass=file app=com.tencent.tmgp.sgame
12-31 04:16:49.871 I/auditd (13709): type=1400 audit(0.0:12432): avc: denied { execute_no_trans } for comm="X5MemoryMonitor" path="/data/user/0/com.tencent.tmgp.sgame/app_tbs_64/core_share/libcmdsh.so" dev="dm-10" ino=8439 scontext=u:r:untrusted_app_29:s0:c96,c256,c512,c768 tcontext=u:object_r:app_data_file:s0:c96,c256,c512,c768 tclass=file permissive=0 app=com.tencent.tmgp.sgame
12-31 04:16:49.941 I/wm_stop_activity( 1505): [0,83241864,com.android.launcher3/.uioverrides.QuickstepLauncher]
12-31 04:16:49.960 I/wm_on_stop_called( 2581): [83241864,com.android.launcher3.uioverrides.QuickstepLauncher,STOP_ACTIVITY_ITEM]
12-31 04:16:50.859 I/auditd ( 0): type=1400 audit(0.0:12434): avc: denied { kill } for comm="swapper/4" capability=5 scontext=u:r:kernel:s0 tcontext=u:r:kernel:s0 tclass=capability permissive=0
12-31 04:16:51.859 I/auditd ( 0): type=1400 audit(0.0:12435): avc: denied { kill } for comm="swapper/4" capability=5 scontext=u:r:kernel:s0 tcontext=u:r:kernel:s0 tclass=capability permissive=0
12-31 04:16:52.859 I/auditd ( 0): type=1400 audit(0.0:12436): avc: denied { kill } for comm="swapper/4" capability=5 scontext=u:r:kernel:s0 tcontext=u:r:kernel:s0 tclass=capability permissive=0
12-31 04:16:53.859 I/auditd ( 0): type=1400 audit(0.0:12437): avc: denied { kill } for comm="swapper/4" capability=5 scontext=u:r:kernel:s0 tcontext=u:r:kernel:s0 tclass=capability permissive=0
12-31 04:16:54.859 I/auditd ( 0): type=1400 audit(0.0:12438): avc: denied { kill } for comm="swapper/4" capability=5 scontext=u:r:kernel:s0 tcontext=u:r:kernel:s0 tclass=capability permissive=0
