12-31 03:59:46.671 I/notification_enqueue( 1505): [10081,1996,com.android.systemui,2048,NULL,0,Notification(channel=updateNotification shortcut=null contentView=null vibrate=null sound=null defaults=0x0 flags=0x0 color=0x00000000 vis=PRIVATE),1]
12-31 03:59:46.887 I/input_focus( 1505): [Focus request 5f64dd7 com.android.launcher3/com.android.launcher3.uioverrides.QuickstepLauncher,reason=UpdateInputWindows]
12-31 03:59:46.896 I/sysui_multi_action( 1505): [757,128,758,2,793,8638184,794,2261,795,8638184,796,26,798,0,806,android,857,DEVELOPER_IMPORTANT,858,4,947,0,1395,2,1500,8637978,1688,1]
12-31 03:59:46.896 I/notification_visibility( 1505): [-1|android|26|null|1000,0,8638184,8638184,0,0]
12-31 03:59:46.896 I/sysui_multi_action( 1505): [757,128,758,2,793,9902366,794,2262,795,9902366,796,32,798,1,806,android,857,USB,858,1,947,0,1395,2,1500,9901906,1688,1]
12-31 03:59:46.896 I/notification_visibility( 1505): [-1|android|32|null|1000,0,9902366,9902366,0,1]
12-31 03:59:46.900 I/sysui_multi_action( 1505): [757,127,758,2]
12-31 03:59:46.900 I/notification_panel_hidden( 1505):
12-31 03:59:46.913 I/input_focus( 1505): [Focus leaving c825af4 NotificationShade (server),reason=NOT_FOCUSABLE]
12-31 03:59:46.914 I/input_focus( 1505): [Focus entering 5f64dd7 com.android.launcher3/com.android.launcher3.uioverrides.QuickstepLauncher (server),reason=setFocusedWindow]
12-31 03:59:47.294 I/input_interaction( 1505): Interaction with: 5f64dd7 com.android.launcher3/com.android.launcher3.uioverrides.QuickstepLauncher (server), 3a8c96a com.android.systemui.ImageWallpaper (server), edge-swipe (server), swipe-up (server), PointerEventDispatcher0 (server),
12-31 03:59:47.488 I/sysui_multi_action( 1505): [757,127,758,1]
12-31 03:59:47.488 I/sysui_multi_action( 1505): [757,804,799,note_load,801,2,802,1]
12-31 03:59:47.488 I/notification_panel_revealed( 1505): 2
12-31 03:59:47.502 I/input_focus( 1505): [Focus request c825af4 NotificationShade,reason=UpdateInputWindows]
12-31 03:59:47.510 I/sysui_multi_action( 1505): [757,128,758,1,793,8638798,794,0,795,8638798,796,26,798,0,806,android,857,DEVELOPER_IMPORTANT,858,4,947,0,1395,2,1500,8638592,1688,1]
12-31 03:59:47.510 I/sysui_multi_action( 1505): [757,804,799,note_freshness,801,8638798,802,1]
12-31 03:59:47.510 I/notification_visibility( 1505): [-1|android|26|null|1000,1,8638798,8638798,0,0]
12-31 03:59:47.510 I/sysui_multi_action( 1505): [757,128,758,1,793,9902980,794,0,795,9902980,796,32,798,1,806,android,857,USB,858,1,947,0,1395,2,1500,9902520,1688,1]
12-31 03:59:47.510 I/sysui_multi_action( 1505): [757,804,799,note_freshness,801,9902980,802,1]
12-31 03:59:47.510 I/notification_visibility( 1505): [-1|android|32|null|1000,1,9902980,9902980,0,1]
12-31 03:59:47.515 I/input_focus( 1505): [Focus leaving 5f64dd7 com.android.launcher3/com.android.launcher3.uioverrides.QuickstepLauncher (server),reason=setFocusedWindow]
12-31 03:59:47.515 I/input_focus( 1505): [Focus entering c825af4 NotificationShade (server),reason=setFocusedWindow]
12-31 03:59:47.523 I/input_interaction( 1505): Interaction with: 5f64dd7 com.android.launcher3/com.android.launcher3.uioverrides.QuickstepLauncher (server), 3a8c96a com.android.systemui.ImageWallpaper (server), c825af4 NotificationShade (server), edge-swipe (server), swipe-up (server), PointerEventDispatcher0 (server),
12-31 03:59:47.524 I/view_enqueue_input_event( 2581): [Motion - Cancel,com.android.launcher3/com.android.launcher3.uioverrides.QuickstepLauncher]
12-31 03:59:47.525 I/sysui_multi_action( 1996): [757,803,799,panel_open,802,1]
12-31 03:59:47.525 I/sysui_multi_action( 1996): [757,1328,758,4,1326,53,1327,79,1329,0]
12-31 03:59:47.537 I/input_interaction( 1505): Interaction with: 3a8c96a com.android.systemui.ImageWallpaper (server), c825af4 NotificationShade (server), edge-swipe (server), swipe-up (server), PointerEventDispatcher0 (server),
12-31 03:59:48.525 I/input_focus( 1505): [Focus request 5f64dd7 com.android.launcher3/com.android.launcher3.uioverrides.QuickstepLauncher,reason=UpdateInputWindows]
12-31 03:59:48.529 I/sysui_multi_action( 1505): [757,128,758,2,793,8639818,794,1020,795,8639818,796,26,798,0,806,android,857,DEVELOPER_IMPORTANT,858,4,947,0,1395,2,1500,8639612,1688,1]
12-31 03:59:48.529 I/notification_visibility( 1505): [-1|android|26|null|1000,0,8639818,8639818,0,0]
12-31 03:59:48.530 I/sysui_multi_action( 1505): [757,128,758,2,793,9904000,794,1020,795,9904000,796,32,798,1,806,android,857,USB,858,1,947,0,1395,2,1500,9903540,1688,1]
12-31 03:59:48.530 I/notification_visibility( 1505): [-1|android|32|null|1000,0,9904000,9904000,0,1]
12-31 03:59:48.533 I/sysui_multi_action( 1505): [757,127,758,2]
12-31 03:59:48.533 I/notification_panel_hidden( 1505):
12-31 03:59:48.550 I/input_focus( 1505): [Focus leaving c825af4 NotificationShade (server),reason=NO_WINDOW]
12-31 03:59:48.550 I/input_focus( 1505): [Focus entering 5f64dd7 com.android.launcher3/com.android.launcher3.uioverrides.QuickstepLauncher (server),reason=setFocusedWindow]
12-31 03:59:48.859 I/auditd ( 0): type=1400 audit(0.0:11198): avc: denied { kill } for comm="swapper/1" capability=5 scontext=u:r:kernel:s0 tcontext=u:r:kernel:s0 tclass=capability permissive=0
12-31 03:59:49.080 I/input_interaction( 1505): Interaction with: 5f64dd7 com.android.launcher3/com.android.launcher3.uioverrides.QuickstepLauncher (server), 3a8c96a com.android.systemui.ImageWallpaper (server), edge-swipe (server), swipe-up (server), PointerEventDispatcher0 (server),
12-31 03:59:49.859 I/auditd ( 0): type=1400 audit(0.0:11199): avc: denied { kill } for comm="swapper/1" capability=5 scontext=u:r:kernel:s0 tcontext=u:r:kernel:s0 tclass=capability permissive=0
12-31 03:59:50.859 I/auditd ( 0): type=1400 audit(0.0:11200): avc: denied { kill } for comm="swapper/1" capability=5 scontext=u:r:kernel:s0 tcontext=u:r:kernel:s0 tclass=capability permissive=0
12-31 03:59:51.057 I/view_enqueue_input_event( 2581): [Motion - Cancel,com.android.launcher3/com.android.launcher3.uioverrides.QuickstepLauncher]
12-31 03:59:51.066 I/input_interaction( 1505): Interaction with: edge-swipe (server), swipe-up (server), PointerEventDispatcher0 (server),
12-31 03:59:51.249 I/commit_sys_config_file( 1505): [settings-1-0,6]
12-31 03:59:51.754 I/commit_sys_config_file( 1505): [settings-1-0,3]
12-31 03:59:51.859 I/auditd ( 0): type=1400 audit(0.0:11201): avc: denied { kill } for comm="swapper/0" capability=5 scontext=u:r:kernel:s0 tcontext=u:r:kernel:s0 tclass=capability permissive=0
12-31 03:59:52.555 I/input_interaction( 1505): Interaction with: 5f64dd7 com.android.launcher3/com.android.launcher3.uioverrides.QuickstepLauncher (server), 3a8c96a com.android.systemui.ImageWallpaper (server), edge-swipe (server), swipe-up (server), PointerEventDispatcher0 (server),
12-31 03:59:52.859 I/auditd ( 0): type=1400 audit(0.0:11202): avc: denied { kill } for comm="swapper/0" capability=5 scontext=u:r:kernel:s0 tcontext=u:r:kernel:s0 tclass=capability permissive=0
12-31 03:59:53.859 I/auditd ( 0): type=1400 audit(0.0:11203): avc: denied { kill } for comm="swapper/0" capability=5 scontext=u:r:kernel:s0 tcontext=u:r:kernel:s0 tclass=capability permissive=0
12-31 03:59:54.859 I/auditd ( 0): type=1400 audit(0.0:11204): avc: denied { kill } for comm="swapper/2" capability=5 scontext=u:r:kernel:s0 tcontext=u:r:kernel:s0 tclass=capability permissive=0
12-31 03:59:55.859 I/auditd ( 0): type=1400 audit(0.0:11205): avc: denied { kill } for comm="swapper/2" capability=5 scontext=u:r:kernel:s0 tcontext=u:r:kernel:s0 tclass=capability permissive=0
12-31 03:59:56.517 I/wm_task_moved( 1505): [24,1,8]
12-31 03:59:56.518 I/wm_task_to_front( 1505): [0,24]
12-31 03:59:56.518 I/wm_focused_root_task( 1505): [0,0,24,1,bringingFoundTaskToFront]
12-31 03:59:56.519 I/wm_set_resumed_activity( 1505): [0,com.android.settings/.homepage.SettingsHomepageActivity,bringingFoundTaskToFront]
12-31 03:59:56.519 I/wm_new_intent( 1505): [0,156323394,24,com.android.settings/.homepage.SettingsHomepageActivity,android.settings.SETTINGS,NULL,NULL,335544320]
12-31 03:59:56.521 I/wm_pause_activity( 1505): [0,83241864,com.android.launcher3/.uioverrides.QuickstepLauncher,userLeaving=true,pauseBackTasks]
12-31 03:59:56.530 I/wm_on_top_resumed_lost_called( 2581): [83241864,com.android.launcher3.uioverrides.QuickstepLauncher,topStateChangedWhenResumed]
12-31 03:59:56.530 I/wm_on_paused_called( 2581): [83241864,com.android.launcher3.uioverrides.QuickstepLauncher,performPause]
12-31 03:59:56.533 I/wm_set_resumed_activity( 1505): [0,com.android.settings/.homepage.SettingsHomepageActivity,resumeTopActivityInnerLocked]
12-31 03:59:56.534 I/wm_add_to_stopping( 1505): [0,83241864,com.android.launcher3/.uioverrides.QuickstepLauncher,makeInvisible]
12-31 03:59:56.537 I/wm_resume_activity( 1505): [0,156323394,24,com.android.settings/.homepage.SettingsHomepageActivity]
12-31 03:59:56.544 I/wm_on_restart_called(10873): [156323394,com.android.settings.homepage.SettingsHomepageActivity,performRestartActivity]
12-31 03:59:56.546 I/wm_on_start_called(10873): [156323394,com.android.settings.homepage.SettingsHomepageActivity,handleStartActivity]
12-31 03:59:56.547 I/snet_event_log(10873): [120484087,-1,]
12-31 03:59:56.547 I/wm_on_resume_called(10873): [156323394,com.android.settings.homepage.SettingsHomepageActivity,RESUME_ACTIVITY]
12-31 03:59:56.548 I/sysui_multi_action(10873): [757,35,758,1,833,0,1089,0]
12-31 03:59:56.550 I/sysui_multi_action(10873): [757,337,758,1,833,0,1089,0]
12-31 03:59:56.551 I/wm_on_top_resumed_gained_called(10873): [156323394,com.android.settings.homepage.SettingsHomepageActivity,topWhenResuming]
12-31 03:59:56.553 I/sysui_multi_action( 1505): [757,803,799,window_time_0,802,17]
12-31 03:59:56.553 I/input_focus( 1505): [Focus leaving 5f64dd7 com.android.launcher3/com.android.launcher3.uioverrides.QuickstepLauncher (server),reason=NO_WINDOW]
12-31 03:59:56.555 I/input_focus( 1505): [Focus request 4ef717c com.android.settings/com.android.settings.homepage.SettingsHomepageActivity,reason=UpdateInputWindows]
12-31 03:59:56.586 I/input_focus( 1505): [Focus entering 4ef717c com.android.settings/com.android.settings.homepage.SettingsHomepageActivity (server),reason=setFocusedWindow]
12-31 03:59:56.590 I/sysui_multi_action( 1505): [319,33,321,31,322,53,325,9922,757,761,758,9,759,4,806,com.android.settings,871,com.android.settings.homepage.SettingsHomepageActivity,904,com.android.systemui,905,0,1320,21,1321,5]
12-31 03:59:56.595 I/auditd ( 566): type=1400 audit(0.0:11206): avc: denied { read } for comm="Binder:566_2" name="wakeup58" dev="sysfs" ino=71727 scontext=u:r:system_suspend:s0 tcontext=u:object_r:sysfs:s0 tclass=dir permissive=0
12-31 03:59:56.595 I/auditd ( 566): type=1400 audit(0.0:11207): avc: denied { read } for comm="Binder:566_2" name="wakeup48" dev="sysfs" ino=67141 scontext=u:r:system_suspend:s0 tcontext=u:object_r:sysfs:s0 tclass=dir permissive=0
12-31 03:59:56.595 I/auditd ( 566): type=1400 audit(0.0:11208): avc: denied { read } for comm="Binder:566_2" name="wakeup4" dev="sysfs" ino=47049 scontext=u:r:system_suspend:s0 tcontext=u:object_r:sysfs:s0 tclass=dir permissive=0
12-31 03:59:56.595 I/auditd ( 566): type=1400 audit(0.0:11209): avc: denied { read } for comm="Binder:566_2" name="wakeup28" dev="sysfs" ino=53114 scontext=u:r:system_suspend:s0 tcontext=u:object_r:sysfs:s0 tclass=dir permissive=0
12-31 03:59:57.096 I/wm_stop_activity( 1505): [0,83241864,com.android.launcher3/.uioverrides.QuickstepLauncher]
12-31 03:59:57.106 I/wm_on_stop_called( 2581): [83241864,com.android.launcher3.uioverrides.QuickstepLauncher,STOP_ACTIVITY_ITEM]
12-31 03:59:57.729 I/input_interaction( 1505): Interaction with: 4ef717c com.android.settings/com.android.settings.homepage.SettingsHomepageActivity (server), edge-swipe (server), swipe-up (server), PointerEventDispatcher0 (server),
12-31 03:59:57.859 I/auditd ( 717): type=1400 audit(0.0:11307): avc: denied { kill } for comm="crtc_commit:125" capability=5 scontext=u:r:kernel:s0 tcontext=u:r:kernel:s0 tclass=capability permissive=0
12-31 03:59:58.859 I/auditd ( 0): type=1400 audit(0.0:11308): avc: denied { kill } for comm="swapper/2" capability=5 scontext=u:r:kernel:s0 tcontext=u:r:kernel:s0 tclass=capability permissive=0
12-31 03:59:59.599 I/view_enqueue_input_event(10873): [Motion - Cancel,com.android.settings/com.android.settings.homepage.SettingsHomepageActivity]
12-31 03:59:59.615 I/input_interaction( 1505): Interaction with: edge-swipe (server), swipe-up (server), PointerEventDispatcher0 (server),
12-31 03:59:59.862 I/sysui_multi_action( 1505): [757,803,799,key_back_press,802,1]
12-31 03:59:59.866 I/input_interaction( 1505): Interaction with: 4ef717c com.android.settings/com.android.settings.homepage.SettingsHomepageActivity (server), PointerEventDispatcher0 (server),
12-31 03:59:59.869 I/wm_task_moved( 1505): [24,0,0]
12-31 03:59:59.872 I/wm_focused_root_task( 1505): [0,0,1,24,moveTaskToBackLocked]
12-31 03:59:59.873 I/wm_add_to_stopping( 1505): [0,156323394,com.android.settings/.homepage.SettingsHomepageActivity,makeInvisible]
12-31 03:59:59.875 I/wm_pause_activity( 1505): [0,156323394,com.android.settings/.homepage.SettingsHomepageActivity,userLeaving=false,pauseBackTasks]
12-31 03:59:59.878 I/wm_set_resumed_activity( 1505): [0,com.android.launcher3/.uioverrides.QuickstepLauncher,resumeTopActivityInnerLocked]
12-31 03:59:59.879 I/wm_resume_activity( 1505): [0,83241864,9,com.android.launcher3/.uioverrides.QuickstepLauncher]
12-31 03:59:59.880 I/wm_on_top_resumed_lost_called(10873): [156323394,com.android.settings.homepage.SettingsHomepageActivity,topStateChangedWhenResumed]
12-31 03:59:59.886 I/sysui_multi_action(10873): [757,35,758,2,1089,3337]
12-31 03:59:59.886 I/sysui_multi_action(10873): [757,337,758,2,1089,3337]
12-31 03:59:59.886 I/wm_on_restart_called( 2581): [83241864,com.android.launcher3.uioverrides.QuickstepLauncher,performRestartActivity]
12-31 03:59:59.887 I/wm_on_start_called( 2581): [83241864,com.android.launcher3.uioverrides.QuickstepLauncher,handleStartActivity]
12-31 03:59:59.888 I/wm_on_paused_called(10873): [156323394,com.android.settings.homepage.SettingsHomepageActivity,performPause]
12-31 03:59:59.888 I/wm_on_resume_called( 2581): [83241864,com.android.launcher3.uioverrides.QuickstepLauncher,RESUME_ACTIVITY]
12-31 03:59:59.893 I/sysui_multi_action( 1505): [757,803,799,window_time_0,802,4]
12-31 03:59:59.894 I/input_focus( 1505): [Focus leaving 4ef717c com.android.settings/com.android.settings.homepage.SettingsHomepageActivity (server),reason=NO_WINDOW]
12-31 03:59:59.898 I/input_focus( 1505): [Focus request 5f64dd7 com.android.launcher3/com.android.launcher3.uioverrides.QuickstepLauncher,reason=UpdateInputWindows]
12-31 03:59:59.909 I/wm_on_top_resumed_gained_called( 2581): [83241864,com.android.launcher3.uioverrides.QuickstepLauncher,topStateChangedWhenResumed]
12-31 03:59:59.912 I/am_pss ( 1505): [12001,10052,com.thundercomm.screensaver,31298560,22663168,62464,141074432,0,19,9]
12-31 03:59:59.927 I/input_focus( 1505): [Focus entering 5f64dd7 com.android.launcher3/com.android.launcher3.uioverrides.QuickstepLauncher (server),reason=setFocusedWindow]
12-31 04:00:00.286 I/wm_stop_activity( 1505): [0,156323394,com.android.settings/.homepage.SettingsHomepageActivity]
12-31 04:00:00.319 I/wm_on_stop_called(10873): [156323394,com.android.settings.homepage.SettingsHomepageActivity,STOP_ACTIVITY_ITEM]
12-31 04:00:00.821 I/input_interaction( 1505): Interaction with: 5f64dd7 com.android.launcher3/com.android.launcher3.uioverrides.QuickstepLauncher (server), 3a8c96a com.android.systemui.ImageWallpaper (server), edge-swipe (server), swipe-up (server), PointerEventDispatcher0 (server),
12-31 04:00:00.859 I/auditd ( 0): type=1400 audit(0.0:11309): avc: denied { kill } for comm="swapper/0" capability=5 scontext=u:r:kernel:s0 tcontext=u:r:kernel:s0 tclass=capability permissive=0
12-31 04:00:00.997 I/view_enqueue_input_event( 2581): [Motion - Cancel,com.android.launcher3/com.android.launcher3.uioverrides.QuickstepLauncher]
12-31 04:00:01.001 I/input_interaction( 1505): Interaction with: edge-swipe (server), swipe-up (server), PointerEventDispatcher0 (server),
12-31 04:00:01.186 I/commit_sys_config_file( 1505): [settings-1-0,4]
12-31 04:00:01.672 I/commit_sys_config_file( 1505): [settings-1-0,4]
12-31 04:00:01.859 I/auditd ( 0): type=1400 audit(0.0:11310): avc: denied { kill } for comm="swapper/0" capability=5 scontext=u:r:kernel:s0 tcontext=u:r:kernel:s0 tclass=capability permissive=0
12-31 04:00:02.317 I/input_interaction( 1505): Interaction with: 5f64dd7 com.android.launcher3/com.android.launcher3.uioverrides.QuickstepLauncher (server), 3a8c96a com.android.systemui.ImageWallpaper (server), edge-swipe (server), swipe-up (server), PointerEventDispatcher0 (server),
12-31 04:00:02.859 I/auditd ( 0): type=1400 audit(0.0:11311): avc: denied { kill } for comm="swapper/0" capability=5 scontext=u:r:kernel:s0 tcontext=u:r:kernel:s0 tclass=capability permissive=0
12-31 04:00:03.753 I/view_enqueue_input_event( 2581): [Motion - Cancel,com.android.launcher3/com.android.launcher3.uioverrides.QuickstepLauncher]
12-31 04:00:03.760 I/input_interaction( 1505): Interaction with: edge-swipe (server), swipe-up (server), PointerEventDispatcher0 (server),
12-31 04:00:03.859 I/auditd ( 0): type=1400 audit(0.0:11312): avc: denied { kill } for comm="swapper/0" capability=5 scontext=u:r:kernel:s0 tcontext=u:r:kernel:s0 tclass=capability permissive=0
12-31 04:00:03.942 I/commit_sys_config_file( 1505): [settings-1-0,3]
12-31 04:00:04.351 I/commit_sys_config_file( 1505): [settings-1-0,2]
12-31 04:00:04.859 I/auditd ( 0): type=1400 audit(0.0:11313): avc: denied { kill } for comm="swapper/0" capability=5 scontext=u:r:kernel:s0 tcontext=u:r:kernel:s0 tclass=capability permissive=0
12-31 04:00:04.929 I/input_interaction( 1505): Interaction with: 5f64dd7 com.android.launcher3/com.android.launcher3.uioverrides.QuickstepLauncher (server), 3a8c96a com.android.systemui.ImageWallpaper (server), edge-swipe (server), swipe-up (server), PointerEventDispatcher0 (server),
12-31 04:00:05.859 I/auditd ( 0): type=1400 audit(0.0:11314): avc: denied { kill } for comm="swapper/0" capability=5 scontext=u:r:kernel:s0 tcontext=u:r:kernel:s0 tclass=capability permissive=0
12-31 04:00:06.859 I/auditd ( 0): type=1400 audit(0.0:11315): avc: denied { kill } for comm="swapper/0" capability=5 scontext=u:r:kernel:s0 tcontext=u:r:kernel:s0 tclass=capability permissive=0
12-31 04:00:07.859 I/auditd ( 0): type=1400 audit(0.0:11316): avc: denied { kill } for comm="swapper/0" capability=5 scontext=u:r:kernel:s0 tcontext=u:r:kernel:s0 tclass=capability permissive=0
12-31 04:00:08.859 I/auditd ( 0): type=1400 audit(0.0:11317): avc: denied { kill } for comm="swapper/0" capability=5 scontext=u:r:kernel:s0 tcontext=u:r:kernel:s0 tclass=capability permissive=0
12-31 04:00:09.859 I/auditd ( 0): type=1400 audit(0.0:11318): avc: denied { kill } for comm="swapper/0" capability=5 scontext=u:r:kernel:s0 tcontext=u:r:kernel:s0 tclass=capability permissive=0
12-31 04:00:10.859 I/auditd ( 0): type=1400 audit(0.0:11319): avc: denied { kill } for comm="swapper/0" capability=5 scontext=u:r:kernel:s0 tcontext=u:r:kernel:s0 tclass=capability permissive=0
12-31 04:00:11.859 I/auditd ( 0): type=1400 audit(0.0:11320): avc: denied { kill } for comm="swapper/0" capability=5 scontext=u:r:kernel:s0 tcontext=u:r:kernel:s0 tclass=capability permissive=0
12-31 04:00:12.859 I/auditd ( 0): type=1400 audit(0.0:11321): avc: denied { kill } for comm="swapper/0" capability=5 scontext=u:r:kernel:s0 tcontext=u:r:kernel:s0 tclass=capability permissive=0
12-31 04:00:13.859 I/auditd ( 0): type=1400 audit(0.0:11322): avc: denied { kill } for comm="swapper/0" capability=5 scontext=u:r:kernel:s0 tcontext=u:r:kernel:s0 tclass=capability permissive=0
12-31 04:00:14.859 I/auditd ( 0): type=1400 audit(0.0:11323): avc: denied { kill } for comm="swapper/0" capability=5 scontext=u:r:kernel:s0 tcontext=u:r:kernel:s0 tclass=capability permissive=0
12-31 04:00:15.859 I/auditd ( 0): type=1400 audit(0.0:11324): avc: denied { kill } for comm="swapper/0" capability=5 scontext=u:r:kernel:s0 tcontext=u:r:kernel:s0 tclass=capability permissive=0
12-31 04:00:16.859 I/auditd ( 0): type=1400 audit(0.0:11325): avc: denied { kill } for comm="swapper/0" capability=5 scontext=u:r:kernel:s0 tcontext=u:r:kernel:s0 tclass=capability permissive=0
12-31 04:00:17.859 I/auditd ( 0): type=1400 audit(0.0:11326): avc: denied { kill } for comm="swapper/0" capability=5 scontext=u:r:kernel:s0 tcontext=u:r:kernel:s0 tclass=capability permissive=0
12-31 04:00:18.859 I/auditd ( 0): type=1400 audit(0.0:11327): avc: denied { kill } for comm="swapper/0" capability=5 scontext=u:r:kernel:s0 tcontext=u:r:kernel:s0 tclass=capability permissive=0
12-31 04:00:19.859 I/auditd ( 0): type=1400 audit(0.0:11328): avc: denied { kill } for comm="swapper/0" capability=5 scontext=u:r:kernel:s0 tcontext=u:r:kernel:s0 tclass=capability permissive=0
12-31 04:00:20.859 I/auditd ( 0): type=1400 audit(0.0:11329): avc: denied { kill } for comm="swapper/0" capability=5 scontext=u:r:kernel:s0 tcontext=u:r:kernel:s0 tclass=capability permissive=0
12-31 04:00:21.859 I/auditd ( 0): type=1400 audit(0.0:11330): avc: denied { kill } for comm="swapper/0" capability=5 scontext=u:r:kernel:s0 tcontext=u:r:kernel:s0 tclass=capability permissive=0
12-31 04:00:22.859 I/auditd ( 0): type=1400 audit(0.0:11331): avc: denied { kill } for comm="swapper/0" capability=5 scontext=u:r:kernel:s0 tcontext=u:r:kernel:s0 tclass=capability permissive=0
12-31 04:00:23.859 I/auditd ( 0): type=1400 audit(0.0:11332): avc: denied { kill } for comm="swapper/0" capability=5 scontext=u:r:kernel:s0 tcontext=u:r:kernel:s0 tclass=capability permissive=0
12-31 04:00:24.859 I/auditd ( 0): type=1400 audit(0.0:11333): avc: denied { kill } for comm="swapper/0" capability=5 scontext=u:r:kernel:s0 tcontext=u:r:kernel:s0 tclass=capability permissive=0
12-31 04:00:25.859 I/auditd ( 0): type=1400 audit(0.0:11334): avc: denied { kill } for comm="swapper/0" capability=5 scontext=u:r:kernel:s0 tcontext=u:r:kernel:s0 tclass=capability permissive=0
12-31 04:00:26.859 I/auditd ( 0): type=1400 audit(0.0:11335): avc: denied { kill } for comm="swapper/0" capability=5 scontext=u:r:kernel:s0 tcontext=u:r:kernel:s0 tclass=capability permissive=0
12-31 04:00:27.859 I/auditd ( 0): type=1400 audit(0.0:11336): avc: denied { kill } for comm="swapper/0" capability=5 scontext=u:r:kernel:s0 tcontext=u:r:kernel:s0 tclass=capability permissive=0
12-31 04:00:28.859 I/auditd ( 0): type=1400 audit(0.0:11337): avc: denied { kill } for comm="swapper/0" capability=5 scontext=u:r:kernel:s0 tcontext=u:r:kernel:s0 tclass=capability permissive=0
12-31 04:00:29.859 I/auditd ( 0): type=1400 audit(0.0:11338): avc: denied { kill } for comm="swapper/0" capability=5 scontext=u:r:kernel:s0 tcontext=u:r:kernel:s0 tclass=capability permissive=0
12-31 04:00:30.859 I/auditd ( 0): type=1400 audit(0.0:11339): avc: denied { kill } for comm="swapper/0" capability=5 scontext=u:r:kernel:s0 tcontext=u:r:kernel:s0 tclass=capability permissive=0
12-31 04:00:31.859 I/auditd ( 0): type=1400 audit(0.0:11340): avc: denied { kill } for comm="swapper/0" capability=5 scontext=u:r:kernel:s0 tcontext=u:r:kernel:s0 tclass=capability permissive=0
12-31 04:00:32.859 I/auditd ( 0): type=1400 audit(0.0:11341): avc: denied { kill } for comm="swapper/0" capability=5 scontext=u:r:kernel:s0 tcontext=u:r:kernel:s0 tclass=capability permissive=0
12-31 04:00:33.859 I/auditd ( 0): type=1400 audit(0.0:11342): avc: denied { kill } for comm="swapper/0" capability=5 scontext=u:r:kernel:s0 tcontext=u:r:kernel:s0 tclass=capability permissive=0
12-31 04:00:34.859 I/auditd ( 0): type=1400 audit(0.0:11343): avc: denied { kill } for comm="swapper/0" capability=5 scontext=u:r:kernel:s0 tcontext=u:r:kernel:s0 tclass=capability permissive=0
12-31 04:00:35.859 I/auditd ( 0): type=1400 audit(0.0:11344): avc: denied { kill } for comm="swapper/0" capability=5 scontext=u:r:kernel:s0 tcontext=u:r:kernel:s0 tclass=capability permissive=0
12-31 04:00:36.859 I/auditd ( 0): type=1400 audit(0.0:11345): avc: denied { kill } for comm="swapper/0" capability=5 scontext=u:r:kernel:s0 tcontext=u:r:kernel:s0 tclass=capability permissive=0
12-31 04:00:37.859 I/auditd ( 0): type=1400 audit(0.0:11346): avc: denied { kill } for comm="swapper/0" capability=5 scontext=u:r:kernel:s0 tcontext=u:r:kernel:s0 tclass=capability permissive=0
12-31 04:00:38.859 I/auditd ( 0): type=1400 audit(0.0:11347): avc: denied { kill } for comm="swapper/0" capability=5 scontext=u:r:kernel:s0 tcontext=u:r:kernel:s0 tclass=capability permissive=0
12-31 04:00:39.835 I/am_uid_idle( 1505): 10052
12-31 04:00:39.859 I/auditd ( 0): type=1400 audit(0.0:11348): avc: denied { kill } for comm="swapper/0" capability=5 scontext=u:r:kernel:s0 tcontext=u:r:kernel:s0 tclass=capability permissive=0
12-31 04:00:40.859 I/auditd ( 0): type=1400 audit(0.0:11349): avc: denied { kill } for comm="swapper/0" capability=5 scontext=u:r:kernel:s0 tcontext=u:r:kernel:s0 tclass=capability permissive=0
12-31 04:00:41.452 I/am_uid_idle( 1505): 10096
12-31 04:00:41.453 I/am_stop_idle_service( 1505): [10096,com.tencent.tmgp.sgame/com.tencent.tpns.mqttchannel.services.MqttService]
12-31 04:00:41.859 I/auditd ( 0): type=1400 audit(0.0:11350): avc: denied { kill } for comm="swapper/0" capability=5 scontext=u:r:kernel:s0 tcontext=u:r:kernel:s0 tclass=capability permissive=0
12-31 04:00:42.859 I/auditd ( 0): type=1400 audit(0.0:11351): avc: denied { kill } for comm="swapper/0" capability=5 scontext=u:r:kernel:s0 tcontext=u:r:kernel:s0 tclass=capability permissive=0
12-31 04:00:43.859 I/auditd ( 0): type=1400 audit(0.0:11352): avc: denied { kill } for comm="swapper/0" capability=5 scontext=u:r:kernel:s0 tcontext=u:r:kernel:s0 tclass=capability permissive=0
12-31 04:00:44.859 I/auditd ( 0): type=1400 audit(0.0:11353): avc: denied { kill } for comm="swapper/0" capability=5 scontext=u:r:kernel:s0 tcontext=u:r:kernel:s0 tclass=capability permissive=0
12-31 04:00:45.859 I/auditd ( 0): type=1400 audit(0.0:11354): avc: denied { kill } for comm="swapper/0" capability=5 scontext=u:r:kernel:s0 tcontext=u:r:kernel:s0 tclass=capability permissive=0
12-31 04:00:46.859 I/auditd ( 0): type=1400 audit(0.0:11355): avc: denied { kill } for comm="swapper/0" capability=5 scontext=u:r:kernel:s0 tcontext=u:r:kernel:s0 tclass=capability permissive=0
12-31 04:00:47.859 I/auditd ( 0): type=1400 audit(0.0:11356): avc: denied { kill } for comm="swapper/0" capability=5 scontext=u:r:kernel:s0 tcontext=u:r:kernel:s0 tclass=capability permissive=0
12-31 04:00:48.859 I/auditd ( 0): type=1400 audit(0.0:11357): avc: denied { kill } for comm="swapper/0" capability=5 scontext=u:r:kernel:s0 tcontext=u:r:kernel:s0 tclass=capability permissive=0
12-31 04:00:49.859 I/auditd ( 0): type=1400 audit(0.0:11358): avc: denied { kill } for comm="swapper/0" capability=5 scontext=u:r:kernel:s0 tcontext=u:r:kernel:s0 tclass=capability permissive=0
12-31 04:00:50.859 I/auditd ( 0): type=1400 audit(0.0:11359): avc: denied { kill } for comm="swapper/0" capability=5 scontext=u:r:kernel:s0 tcontext=u:r:kernel:s0 tclass=capability permissive=0
12-31 04:00:51.859 I/auditd ( 0): type=1400 audit(0.0:11360): avc: denied { kill } for comm="swapper/0" capability=5 scontext=u:r:kernel:s0 tcontext=u:r:kernel:s0 tclass=capability permissive=0
12-31 04:00:52.859 I/auditd ( 0): type=1400 audit(0.0:11361): avc: denied { kill } for comm="swapper/0" capability=5 scontext=u:r:kernel:s0 tcontext=u:r:kernel:s0 tclass=capability permissive=0
12-31 04:00:53.859 I/auditd ( 0): type=1400 audit(0.0:11362): avc: denied { kill } for comm="swapper/0" capability=5 scontext=u:r:kernel:s0 tcontext=u:r:kernel:s0 tclass=capability permissive=0
12-31 04:00:54.859 I/auditd ( 0): type=1400 audit(0.0:11363): avc: denied { kill } for comm="swapper/0" capability=5 scontext=u:r:kernel:s0 tcontext=u:r:kernel:s0 tclass=capability permissive=0
12-31 04:00:55.859 I/auditd ( 0): type=1400 audit(0.0:11364): avc: denied { kill } for comm="swapper/0" capability=5 scontext=u:r:kernel:s0 tcontext=u:r:kernel:s0 tclass=capability permissive=0
12-31 04:00:56.859 I/auditd ( 0): type=1400 audit(0.0:11365): avc: denied { kill } for comm="swapper/0" capability=5 scontext=u:r:kernel:s0 tcontext=u:r:kernel:s0 tclass=capability permissive=0
12-31 04:00:57.859 I/auditd ( 0): type=1400 audit(0.0:11366): avc: denied { kill } for comm="swapper/0" capability=5 scontext=u:r:kernel:s0 tcontext=u:r:kernel:s0 tclass=capability permissive=0
12-31 04:00:58.859 I/auditd ( 0): type=1400 audit(0.0:11367): avc: denied { kill } for comm="swapper/0" capability=5 scontext=u:r:kernel:s0 tcontext=u:r:kernel:s0 tclass=capability permissive=0
12-31 04:00:59.019 I/sysui_multi_action( 1505): [757,1696,758,6,759,2]
12-31 04:00:59.028 I/am_wtf ( 1505): [0,1505,system_server,-1,DisplayDeviceConfig,requesting nits when no mapping exists.]
12-31 04:00:59.031 I/am_wtf ( 1505): [0,1505,system_server,-1,DisplayDeviceConfig,requesting nits when no mapping exists.]
12-31 04:00:59.043 I/am_wtf ( 1505): [0,1505,system_server,-1,DisplayDeviceConfig,requesting nits when no mapping exists.]
12-31 04:00:59.045 I/am_wtf ( 1505): [0,1505,system_server,-1,DisplayDeviceConfig,requesting nits when no mapping exists.]
12-31 04:00:59.059 I/am_wtf ( 1505): [0,1505,system_server,-1,DisplayDeviceConfig,requesting nits when no mapping exists.]
12-31 04:00:59.061 I/am_wtf ( 1505): [0,1505,system_server,-1,DisplayDeviceConfig,requesting nits when no mapping exists.]
12-31 04:00:59.062 I/service_manager_stats( 1505): [100,58,80436]
12-31 04:00:59.069 I/am_wtf ( 1505): [0,1505,system_server,-1,DisplayDeviceConfig,requesting nits when no mapping exists.]
12-31 04:00:59.070 I/am_wtf ( 1505): [0,1505,system_server,-1,DisplayDeviceConfig,requesting nits when no mapping exists.]
12-31 04:00:59.085 I/am_wtf ( 1505): [0,1505,system_server,-1,DisplayDeviceConfig,requesting nits when no mapping exists.]
12-31 04:00:59.085 I/am_wtf ( 1505): [0,1505,system_server,-1,DisplayDeviceConfig,requesting nits when no mapping exists.]
12-31 04:00:59.102 I/am_wtf ( 1505): [0,1505,system_server,-1,DisplayDeviceConfig,requesting nits when no mapping exists.]
12-31 04:00:59.103 I/am_wtf ( 1505): [0,1505,system_server,-1,DisplayDeviceConfig,requesting nits when no mapping exists.]
12-31 04:00:59.118 I/am_wtf ( 1505): [0,1505,system_server,-1,DisplayDeviceConfig,requesting nits when no mapping exists.]
12-31 04:00:59.119 I/am_wtf ( 1505): [0,1505,system_server,-1,DisplayDeviceConfig,requesting nits when no mapping exists.]
12-31 04:00:59.135 I/am_wtf ( 1505): [0,1505,system_server,-1,DisplayDeviceConfig,requesting nits when no mapping exists.]
12-31 04:00:59.136 I/am_wtf ( 1505): [0,1505,system_server,-1,DisplayDeviceConfig,requesting nits when no mapping exists.]
12-31 04:00:59.153 I/am_wtf ( 1505): [0,1505,system_server,-1,DisplayDeviceConfig,requesting nits when no mapping exists.]
12-31 04:00:59.153 I/am_wtf ( 1505): [0,1505,system_server,-1,DisplayDeviceConfig,requesting nits when no mapping exists.]
12-31 04:00:59.169 I/am_wtf ( 1505): [0,1505,system_server,-1,DisplayDeviceConfig,requesting nits when no mapping exists.]
12-31 04:00:59.170 I/am_wtf ( 1505): [0,1505,system_server,-1,DisplayDeviceConfig,requesting nits when no mapping exists.]
12-31 04:00:59.186 I/am_wtf ( 1505): [0,1505,system_server,-1,DisplayDeviceConfig,requesting nits when no mapping exists.]
12-31 04:00:59.186 I/am_wtf ( 1505): [0,1505,system_server,-1,DisplayDeviceConfig,requesting nits when no mapping exists.]
12-31 04:00:59.202 I/am_wtf ( 1505): [0,1505,system_server,-1,DisplayDeviceConfig,requesting nits when no mapping exists.]
12-31 04:00:59.203 I/am_wtf ( 1505): [0,1505,system_server,-1,DisplayDeviceConfig,requesting nits when no mapping exists.]
12-31 04:00:59.219 I/am_wtf ( 1505): [0,1505,system_server,-1,DisplayDeviceConfig,requesting nits when no mapping exists.]
12-31 04:00:59.220 I/am_wtf ( 1505): [0,1505,system_server,-1,DisplayDeviceConfig,requesting nits when no mapping exists.]
12-31 04:00:59.236 I/am_wtf ( 1505): [0,1505,system_server,-1,DisplayDeviceConfig,requesting nits when no mapping exists.]
12-31 04:00:59.237 I/am_wtf ( 1505): [0,1505,system_server,-1,DisplayDeviceConfig,requesting nits when no mapping exists.]
12-31 04:00:59.252 I/am_wtf ( 1505): [0,1505,system_server,-1,DisplayDeviceConfig,requesting nits when no mapping exists.]
12-31 04:00:59.253 I/am_wtf ( 1505): [0,1505,system_server,-1,DisplayDeviceConfig,requesting nits when no mapping exists.]
12-31 04:00:59.270 I/am_wtf ( 1505): [0,1505,system_server,-1,DisplayDeviceConfig,requesting nits when no mapping exists.]
12-31 04:00:59.271 I/am_wtf ( 1505): [0,1505,system_server,-1,DisplayDeviceConfig,requesting nits when no mapping exists.]
12-31 04:00:59.286 I/am_wtf ( 1505): [0,1505,system_server,-1,DisplayDeviceConfig,requesting nits when no mapping exists.]
12-31 04:00:59.287 I/am_wtf ( 1505): [0,1505,system_server,-1,DisplayDeviceConfig,requesting nits when no mapping exists.]
12-31 04:00:59.303 I/am_wtf ( 1505): [0,1505,system_server,-1,DisplayDeviceConfig,requesting nits when no mapping exists.]
12-31 04:00:59.304 I/am_wtf ( 1505): [0,1505,system_server,-1,DisplayDeviceConfig,requesting nits when no mapping exists.]
12-31 04:00:59.319 I/am_wtf ( 1505): [0,1505,system_server,-1,DisplayDeviceConfig,requesting nits when no mapping exists.]
12-31 04:00:59.320 I/am_wtf ( 1505): [0,1505,system_server,-1,DisplayDeviceConfig,requesting nits when no mapping exists.]
12-31 04:00:59.336 I/am_wtf ( 1505): [0,1505,system_server,-1,DisplayDeviceConfig,requesting nits when no mapping exists.]
12-31 04:00:59.337 I/am_wtf ( 1505): [0,1505,system_server,-1,DisplayDeviceConfig,requesting nits when no mapping exists.]
12-31 04:00:59.353 I/am_wtf ( 1505): [0,1505,system_server,-1,DisplayDeviceConfig,requesting nits when no mapping exists.]
12-31 04:00:59.354 I/am_wtf ( 1505): [0,1505,system_server,-1,DisplayDeviceConfig,requesting nits when no mapping exists.]
12-31 04:00:59.370 I/am_wtf ( 1505): [0,1505,system_server,-1,DisplayDeviceConfig,requesting nits when no mapping exists.]
12-31 04:00:59.371 I/am_wtf ( 1505): [0,1505,system_server,-1,DisplayDeviceConfig,requesting nits when no mapping exists.]
12-31 04:00:59.386 I/am_wtf ( 1505): [0,1505,system_server,-1,DisplayDeviceConfig,requesting nits when no mapping exists.]
12-31 04:00:59.387 I/am_wtf ( 1505): [0,1505,system_server,-1,DisplayDeviceConfig,requesting nits when no mapping exists.]
12-31 04:00:59.403 I/am_wtf ( 1505): [0,1505,system_server,-1,DisplayDeviceConfig,requesting nits when no mapping exists.]
12-31 04:00:59.404 I/am_wtf ( 1505): [0,1505,system_server,-1,DisplayDeviceConfig,requesting nits when no mapping exists.]
12-31 04:00:59.420 I/am_wtf ( 1505): [0,1505,system_server,-1,DisplayDeviceConfig,requesting nits when no mapping exists.]
12-31 04:00:59.420 I/am_wtf ( 1505): [0,1505,system_server,-1,DisplayDeviceConfig,requesting nits when no mapping exists.]
12-31 04:00:59.436 I/am_wtf ( 1505): [0,1505,system_server,-1,DisplayDeviceConfig,requesting nits when no mapping exists.]
12-31 04:00:59.437 I/am_wtf ( 1505): [0,1505,system_server,-1,DisplayDeviceConfig,requesting nits when no mapping exists.]
12-31 04:00:59.453 I/am_wtf ( 1505): [0,1505,system_server,-1,DisplayDeviceConfig,requesting nits when no mapping exists.]
12-31 04:00:59.454 I/am_wtf ( 1505): [0,1505,system_server,-1,DisplayDeviceConfig,requesting nits when no mapping exists.]
12-31 04:00:59.470 I/am_wtf ( 1505): [0,1505,system_server,-1,DisplayDeviceConfig,requesting nits when no mapping exists.]
12-31 04:00:59.471 I/am_wtf ( 1505): [0,1505,system_server,-1,DisplayDeviceConfig,requesting nits when no mapping exists.]
12-31 04:00:59.487 I/am_wtf ( 1505): [0,1505,system_server,-1,DisplayDeviceConfig,requesting nits when no mapping exists.]
12-31 04:00:59.487 I/am_wtf ( 1505): [0,1505,system_server,-1,DisplayDeviceConfig,requesting nits when no mapping exists.]
12-31 04:00:59.503 I/am_wtf ( 1505): [0,1505,system_server,-1,DisplayDeviceConfig,requesting nits when no mapping exists.]
12-31 04:00:59.504 I/am_wtf ( 1505): [0,1505,system_server,-1,DisplayDeviceConfig,requesting nits when no mapping exists.]
12-31 04:00:59.520 I/am_wtf ( 1505): [0,1505,system_server,-1,DisplayDeviceConfig,requesting nits when no mapping exists.]
12-31 04:00:59.521 I/am_wtf ( 1505): [0,1505,system_server,-1,DisplayDeviceConfig,requesting nits when no mapping exists.]
12-31 04:00:59.859 I/auditd ( 0): type=1400 audit(0.0:11368): avc: denied { kill } for comm="swapper/0" capability=5 scontext=u:r:kernel:s0 tcontext=u:r:kernel:s0 tclass=capability permissive=0
12-31 04:01:00.638 I/am_uid_active( 1505): 10096
12-31 04:01:00.859 I/auditd ( 0): type=1400 audit(0.0:11369): avc: denied { kill } for comm="swapper/0" capability=5 scontext=u:r:kernel:s0 tcontext=u:r:kernel:s0 tclass=capability permissive=0
12-31 04:01:01.859 I/auditd ( 0): type=1400 audit(0.0:11370): avc: denied { kill } for comm="swapper/0" capability=5 scontext=u:r:kernel:s0 tcontext=u:r:kernel:s0 tclass=capability permissive=0
12-31 04:01:02.859 I/auditd ( 0): type=1400 audit(0.0:11371): avc: denied { kill } for comm="swapper/0" capability=5 scontext=u:r:kernel:s0 tcontext=u:r:kernel:s0 tclass=capability permissive=0
12-31 04:01:03.137 I/am_uid_idle( 1505): 10063
12-31 04:01:03.859 I/auditd ( 0): type=1400 audit(0.0:11372): avc: denied { kill } for comm="swapper/0" capability=5 scontext=u:r:kernel:s0 tcontext=u:r:kernel:s0 tclass=capability permissive=0
12-31 04:01:04.859 I/auditd ( 0): type=1400 audit(0.0:11373): avc: denied { kill } for comm="swapper/0" capability=5 scontext=u:r:kernel:s0 tcontext=u:r:kernel:s0 tclass=capability permissive=0
12-31 04:01:05.859 I/auditd ( 0): type=1400 audit(0.0:11374): avc: denied { kill } for comm="swapper/0" capability=5 scontext=u:r:kernel:s0 tcontext=u:r:kernel:s0 tclass=capability permissive=0
12-31 04:01:06.017 I/sysui_multi_action( 1505): [757,222,758,1]
12-31 04:01:06.021 I/am_uid_active( 1505): 10052
12-31 04:01:06.033 I/wm_task_created( 1505): [30,-1]
12-31 04:01:06.037 I/wm_task_moved( 1505): [30,1,9]
12-31 04:01:06.037 I/wm_task_to_front( 1505): [0,30]
12-31 04:01:06.037 I/wm_create_task( 1505): [0,30]
12-31 04:01:06.037 I/wm_create_activity( 1505): [0,212789840,30,com.thundercomm.screensaver/android.service.dreams.DreamActivity,NULL,NULL,NULL,276824064]
12-31 04:01:06.037 I/wm_task_moved( 1505): [30,1,9]
12-31 04:01:06.037 I/wm_on_top_resumed_lost_called( 2581): [83241864,com.android.launcher3.uioverrides.QuickstepLauncher,topStateChangedWhenResumed]
12-31 04:01:06.039 I/wm_pause_activity( 1505): [0,83241864,com.android.launcher3/.uioverrides.QuickstepLauncher,userLeaving=true,pauseBackTasks]
12-31 04:01:06.041 I/wm_on_paused_called( 2581): [83241864,com.android.launcher3.uioverrides.QuickstepLauncher,performPause]
12-31 04:01:06.042 I/wm_add_to_stopping( 1505): [0,83241864,com.android.launcher3/.uioverrides.QuickstepLauncher,makeInvisible]
12-31 04:01:06.042 I/wm_restart_activity( 1505): [0,212789840,30,com.thundercomm.screensaver/android.service.dreams.DreamActivity]
12-31 04:01:06.043 I/wm_set_resumed_activity( 1505): [0,com.thundercomm.screensaver/android.service.dreams.DreamActivity,minimalResumeActivityLocked]
12-31 04:01:06.047 I/sysui_multi_action( 1505): [757,803,799,window_time_0,802,66]
12-31 04:01:06.049 I/wm_on_create_called(12001): [212789840,android.service.dreams.DreamActivity,performCreate]
12-31 04:01:06.049 I/wm_on_start_called(12001): [212789840,android.service.dreams.DreamActivity,handleStartActivity]
12-31 04:01:06.049 I/wm_on_resume_called(12001): [212789840,android.service.dreams.DreamActivity,RESUME_ACTIVITY]
12-31 04:01:06.051 I/wm_on_top_resumed_gained_called(12001): [212789840,android.service.dreams.DreamActivity,topStateChangedWhenResumed]
12-31 04:01:06.053 I/am_uid_active( 1505): 10063
12-31 04:01:06.061 I/input_focus( 1505): [Focus request 2205b7c com.thundercomm.screensaver/android.service.dreams.DreamActivity,reason=UpdateInputWindows]
12-31 04:01:06.070 I/input_focus( 1505): [Focus leaving 5f64dd7 com.android.launcher3/com.android.launcher3.uioverrides.QuickstepLauncher (server),reason=NO_WINDOW]
12-31 04:01:06.071 I/sysui_multi_action( 1505): [319,40,322,39,325,9992,757,761,758,8,759,2,806,com.thundercomm.screensaver,871,android.service.dreams.DreamActivity,904,com.thundercomm.screensaver,905,0,1320,4,1321,2]
12-31 04:01:06.072 I/wm_activity_launch_time( 1505): [0,212789840,com.thundercomm.screensaver/android.service.dreams.DreamActivity,39]
12-31 04:01:06.072 I/sysui_multi_action( 1505): [757,1696,758,6,759,3]
12-31 04:01:06.085 I/am_wtf ( 1505): [0,1505,system_server,-1,DisplayDeviceConfig,requesting nits when no mapping exists.]
12-31 04:01:06.085 I/am_wtf ( 1505): [0,1505,system_server,-1,DisplayDeviceConfig,requesting nits when no mapping exists.]
12-31 04:01:06.101 I/am_wtf ( 1505): [0,1505,system_server,-1,DisplayDeviceConfig,requesting nits when no mapping exists.]
12-31 04:01:06.101 I/am_wtf ( 1505): [0,1505,system_server,-1,DisplayDeviceConfig,requesting nits when no mapping exists.]
12-31 04:01:06.102 I/input_focus( 1505): [Focus entering 2205b7c com.thundercomm.screensaver/android.service.dreams.DreamActivity (server),reason=Window became focusable. Previous reason: NOT_VISIBLE]
12-31 04:01:06.117 I/am_wtf ( 1505): [0,1505,system_server,-1,DisplayDeviceConfig,requesting nits when no mapping exists.]
12-31 04:01:06.118 I/am_wtf ( 1505): [0,1505,system_server,-1,DisplayDeviceConfig,requesting nits when no mapping exists.]
12-31 04:01:06.135 I/am_wtf ( 1505): [0,1505,system_server,-1,DisplayDeviceConfig,requesting nits when no mapping exists.]
12-31 04:01:06.135 I/am_wtf ( 1505): [0,1505,system_server,-1,DisplayDeviceConfig,requesting nits when no mapping exists.]
12-31 04:01:06.151 I/am_wtf ( 1505): [0,1505,system_server,-1,DisplayDeviceConfig,requesting nits when no mapping exists.]
12-31 04:01:06.151 I/am_wtf ( 1505): [0,1505,system_server,-1,DisplayDeviceConfig,requesting nits when no mapping exists.]
12-31 04:01:06.168 I/am_wtf ( 1505): [0,1505,system_server,-1,DisplayDeviceConfig,requesting nits when no mapping exists.]
12-31 04:01:06.168 I/am_wtf ( 1505): [0,1505,system_server,-1,DisplayDeviceConfig,requesting nits when no mapping exists.]
12-31 04:01:06.185 I/am_wtf ( 1505): [0,1505,system_server,-1,DisplayDeviceConfig,requesting nits when no mapping exists.]
12-31 04:01:06.185 I/am_wtf ( 1505): [0,1505,system_server,-1,DisplayDeviceConfig,requesting nits when no mapping exists.]
12-31 04:01:06.201 I/am_wtf ( 1505): [0,1505,system_server,-1,DisplayDeviceConfig,requesting nits when no mapping exists.]
12-31 04:01:06.202 I/am_wtf ( 1505): [0,1505,system_server,-1,DisplayDeviceConfig,requesting nits when no mapping exists.]
12-31 04:01:06.218 I/am_wtf ( 1505): [0,1505,system_server,-1,DisplayDeviceConfig,requesting nits when no mapping exists.]
12-31 04:01:06.219 I/am_wtf ( 1505): [0,1505,system_server,-1,DisplayDeviceConfig,requesting nits when no mapping exists.]
12-31 04:01:06.235 I/am_wtf ( 1505): [0,1505,system_server,-1,DisplayDeviceConfig,requesting nits when no mapping exists.]
12-31 04:01:06.235 I/am_wtf ( 1505): [0,1505,system_server,-1,DisplayDeviceConfig,requesting nits when no mapping exists.]
12-31 04:01:06.251 I/am_wtf ( 1505): [0,1505,system_server,-1,DisplayDeviceConfig,requesting nits when no mapping exists.]
12-31 04:01:06.252 I/am_wtf ( 1505): [0,1505,system_server,-1,DisplayDeviceConfig,requesting nits when no mapping exists.]
12-31 04:01:06.269 I/am_wtf ( 1505): [0,1505,system_server,-1,DisplayDeviceConfig,requesting nits when no mapping exists.]
12-31 04:01:06.269 I/am_wtf ( 1505): [0,1505,system_server,-1,DisplayDeviceConfig,requesting nits when no mapping exists.]
12-31 04:01:06.285 I/am_wtf ( 1505): [0,1505,system_server,-1,DisplayDeviceConfig,requesting nits when no mapping exists.]
12-31 04:01:06.286 I/am_wtf ( 1505): [0,1505,system_server,-1,DisplayDeviceConfig,requesting nits when no mapping exists.]
12-31 04:01:06.302 I/am_wtf ( 1505): [0,1505,system_server,-1,DisplayDeviceConfig,requesting nits when no mapping exists.]
12-31 04:01:06.302 I/am_wtf ( 1505): [0,1505,system_server,-1,DisplayDeviceConfig,requesting nits when no mapping exists.]
12-31 04:01:06.319 I/am_wtf ( 1505): [0,1505,system_server,-1,DisplayDeviceConfig,requesting nits when no mapping exists.]
12-31 04:01:06.319 I/am_wtf ( 1505): [0,1505,system_server,-1,DisplayDeviceConfig,requesting nits when no mapping exists.]
12-31 04:01:06.335 I/am_wtf ( 1505): [0,1505,system_server,-1,DisplayDeviceConfig,requesting nits when no mapping exists.]
12-31 04:01:06.335 I/am_wtf ( 1505): [0,1505,system_server,-1,DisplayDeviceConfig,requesting nits when no mapping exists.]
12-31 04:01:06.352 I/am_wtf ( 1505): [0,1505,system_server,-1,DisplayDeviceConfig,requesting nits when no mapping exists.]
12-31 04:01:06.353 I/am_wtf ( 1505): [0,1505,system_server,-1,DisplayDeviceConfig,requesting nits when no mapping exists.]
12-31 04:01:06.369 I/wm_stop_activity( 1505): [0,83241864,com.android.launcher3/.uioverrides.QuickstepLauncher]
12-31 04:01:06.370 I/am_wtf ( 1505): [0,1505,system_server,-1,DisplayDeviceConfig,requesting nits when no mapping exists.]
12-31 04:01:06.371 I/am_wtf ( 1505): [0,1505,system_server,-1,DisplayDeviceConfig,requesting nits when no mapping exists.]
12-31 04:01:06.386 I/am_wtf ( 1505): [0,1505,system_server,-1,DisplayDeviceConfig,requesting nits when no mapping exists.]
12-31 04:01:06.390 I/wm_on_stop_called( 2581): [83241864,com.android.launcher3.uioverrides.QuickstepLauncher,STOP_ACTIVITY_ITEM]
12-31 04:01:06.390 I/am_wtf ( 1505): [0,1505,system_server,-1,DisplayDeviceConfig,requesting nits when no mapping exists.]
12-31 04:01:06.402 I/am_wtf ( 1505): [0,1505,system_server,-1,DisplayDeviceConfig,requesting nits when no mapping exists.]
12-31 04:01:06.402 I/am_wtf ( 1505): [0,1505,system_server,-1,DisplayDeviceConfig,requesting nits when no mapping exists.]
12-31 04:01:06.419 I/am_wtf ( 1505): [0,1505,system_server,-1,DisplayDeviceConfig,requesting nits when no mapping exists.]
12-31 04:01:06.419 I/am_wtf ( 1505): [0,1505,system_server,-1,DisplayDeviceConfig,requesting nits when no mapping exists.]
12-31 04:01:06.435 I/am_wtf ( 1505): [0,1505,system_server,-1,DisplayDeviceConfig,requesting nits when no mapping exists.]
12-31 04:01:06.435 I/am_wtf ( 1505): [0,1505,system_server,-1,DisplayDeviceConfig,requesting nits when no mapping exists.]
12-31 04:01:06.436 I/service_manager_stats( 1505): [100,44,7374]
12-31 04:01:06.453 I/am_wtf ( 1505): [0,1505,system_server,-1,DisplayDeviceConfig,requesting nits when no mapping exists.]
12-31 04:01:06.453 I/am_wtf ( 1505): [0,1505,system_server,-1,DisplayDeviceConfig,requesting nits when no mapping exists.]
12-31 04:01:06.469 I/am_wtf ( 1505): [0,1505,system_server,-1,DisplayDeviceConfig,requesting nits when no mapping exists.]
12-31 04:01:06.469 I/am_wtf ( 1505): [0,1505,system_server,-1,DisplayDeviceConfig,requesting nits when no mapping exists.]
12-31 04:01:06.486 I/am_wtf ( 1505): [0,1505,system_server,-1,DisplayDeviceConfig,requesting nits when no mapping exists.]
12-31 04:01:06.486 I/am_wtf ( 1505): [0,1505,system_server,-1,DisplayDeviceConfig,requesting nits when no mapping exists.]
12-31 04:01:06.503 I/am_wtf ( 1505): [0,1505,system_server,-1,DisplayDeviceConfig,requesting nits when no mapping exists.]
12-31 04:01:06.503 I/am_wtf ( 1505): [0,1505,system_server,-1,DisplayDeviceConfig,requesting nits when no mapping exists.]
12-31 04:01:06.519 I/am_wtf ( 1505): [0,1505,system_server,-1,DisplayDeviceConfig,requesting nits when no mapping exists.]
12-31 04:01:06.520 I/am_wtf ( 1505): [0,1505,system_server,-1,DisplayDeviceConfig,requesting nits when no mapping exists.]
12-31 04:01:06.536 I/am_wtf ( 1505): [0,1505,system_server,-1,DisplayDeviceConfig,requesting nits when no mapping exists.]
12-31 04:01:06.537 I/am_wtf ( 1505): [0,1505,system_server,-1,DisplayDeviceConfig,requesting nits when no mapping exists.]
12-31 04:01:06.553 I/am_wtf ( 1505): [0,1505,system_server,-1,DisplayDeviceConfig,requesting nits when no mapping exists.]
12-31 04:01:06.553 I/am_wtf ( 1505): [0,1505,system_server,-1,DisplayDeviceConfig,requesting nits when no mapping exists.]
12-31 04:01:06.569 I/am_wtf ( 1505): [0,1505,system_server,-1,DisplayDeviceConfig,requesting nits when no mapping exists.]
12-31 04:01:06.569 I/am_wtf ( 1505): [0,1505,system_server,-1,DisplayDeviceConfig,requesting nits when no mapping exists.]
12-31 04:01:06.859 I/auditd ( 0): type=1400 audit(0.0:11375): avc: denied { kill } for comm="swapper/0" capability=5 scontext=u:r:kernel:s0 tcontext=u:r:kernel:s0 tclass=capability permissive=0
12-31 04:01:08.859 I/auditd ( 0): type=1400 audit(0.0:11376): avc: denied { kill } for comm="swapper/7" capability=5 scontext=u:r:kernel:s0 tcontext=u:r:kernel:s0 tclass=capability permissive=0
12-31 04:01:09.859 I/auditd ( 0): type=1400 audit(0.0:11377): avc: denied { kill } for comm="swapper/7" capability=5 scontext=u:r:kernel:s0 tcontext=u:r:kernel:s0 tclass=capability permissive=0
12-31 04:01:10.863 I/auditd ( 0): type=1400 audit(0.0:11378): avc: denied { kill } for comm="swapper/7" capability=5 scontext=u:r:kernel:s0 tcontext=u:r:kernel:s0 tclass=capability permissive=0
12-31 04:01:11.859 I/auditd ( 0): type=1400 audit(0.0:11379): avc: denied { kill } for comm="swapper/7" capability=5 scontext=u:r:kernel:s0 tcontext=u:r:kernel:s0 tclass=capability permissive=0
12-31 04:01:12.863 I/auditd ( 0): type=1400 audit(0.0:11380): avc: denied { kill } for comm="swapper/7" capability=5 scontext=u:r:kernel:s0 tcontext=u:r:kernel:s0 tclass=capability permissive=0
12-31 04:01:13.859 I/auditd ( 0): type=1400 audit(0.0:11381): avc: denied { kill } for comm="swapper/7" capability=5 scontext=u:r:kernel:s0 tcontext=u:r:kernel:s0 tclass=capability permissive=0
