12-31 04:16:55.859 I/auditd ( 0): type=1400 audit(0.0:12439): avc: denied { kill } for comm="swapper/4" capability=5 scontext=u:r:kernel:s0 tcontext=u:r:kernel:s0 tclass=capability permissive=0
12-31 04:16:56.859 I/auditd ( 0): type=1400 audit(0.0:12440): avc: denied { kill } for comm="swapper/4" capability=5 scontext=u:r:kernel:s0 tcontext=u:r:kernel:s0 tclass=capability permissive=0
12-31 04:16:57.220 I/input_focus( 1505): [Focus request 6eab291 com.tencent.tmgp.sgame/com.tencent.tmgp.sgame.SGameActivity,reason=UpdateInputWindows]
12-31 04:16:57.239 I/input_focus( 1505): [Focus entering 6eab291 com.tencent.tmgp.sgame/com.tencent.tmgp.sgame.SGameActivity (server),reason=setFocusedWindow]
12-31 04:16:57.687 I/auditd (13479): type=1400 audit(0.0:12441): avc: denied { read } for comm="TuringFdTMFShar" name="version" dev="proc" ino=4026532238 scontext=u:r:untrusted_app_29:s0:c96,c256,c512,c768 tcontext=u:object_r:proc_version:s0 tclass=file permissive=0 app=com.tencent.tmgp.sgame
12-31 04:16:57.859 I/auditd ( 0): type=1400 audit(0.0:12442): avc: denied { kill } for comm="swapper/4" capability=5 scontext=u:r:kernel:s0 tcontext=u:r:kernel:s0 tclass=capability permissive=0
12-31 04:16:58.859 I/auditd ( 0): type=1400 audit(0.0:12443): avc: denied { kill } for comm="swapper/4" capability=5 scontext=u:r:kernel:s0 tcontext=u:r:kernel:s0 tclass=capability permissive=0
12-31 04:16:59.859 I/auditd ( 0): type=1400 audit(0.0:12444): avc: denied { kill } for comm="swapper/4" capability=5 scontext=u:r:kernel:s0 tcontext=u:r:kernel:s0 tclass=capability permissive=0
12-31 04:17:00.859 I/auditd ( 0): type=1400 audit(0.0:12445): avc: denied { kill } for comm="swapper/4" capability=5 scontext=u:r:kernel:s0 tcontext=u:r:kernel:s0 tclass=capability permissive=0
12-31 04:17:01.177 I/am_pss ( 1505): [13479,10096,com.tencent.tmgp.sgame,597257216,562061312,54272,748978176,0,2,32]
12-31 04:17:01.859 I/auditd ( 0): type=1400 audit(0.0:12446): avc: denied { kill } for comm="swapper/4" capability=5 scontext=u:r:kernel:s0 tcontext=u:r:kernel:s0 tclass=capability permissive=0
12-31 04:17:02.859 I/auditd ( 0): type=1400 audit(0.0:12447): avc: denied { kill } for comm="swapper/4" capability=5 scontext=u:r:kernel:s0 tcontext=u:r:kernel:s0 tclass=capability permissive=0
12-31 04:17:03.235 I/auditd (13479): type=1400 audit(0.0:12448): avc: denied { read } for comm="Thread-105" name="cache" dev="dm-5" ino=16 scontext=u:r:untrusted_app_29:s0:c96,c256,c512,c768 tcontext=u:object_r:cache_file:s0 tclass=lnk_file permissive=0 app=com.tencent.tmgp.sgame
12-31 04:17:03.235 I/auditd (13479): type=1400 audit(0.0:12449): avc: denied { read } for comm="Thread-105" name="cache" dev="dm-5" ino=16 scontext=u:r:untrusted_app_29:s0:c96,c256,c512,c768 tcontext=u:object_r:cache_file:s0 tclass=lnk_file permissive=0 app=com.tencent.tmgp.sgame
12-31 04:17:03.859 I/auditd ( 0): type=1400 audit(0.0:12450): avc: denied { kill } for comm="swapper/4" capability=5 scontext=u:r:kernel:s0 tcontext=u:r:kernel:s0 tclass=capability permissive=0
12-31 04:17:04.859 I/auditd ( 0): type=1400 audit(0.0:12451): avc: denied { kill } for comm="swapper/4" capability=5 scontext=u:r:kernel:s0 tcontext=u:r:kernel:s0 tclass=capability permissive=0
12-31 04:17:05.214 I/input_interaction( 1505): Interaction with: 6eab291 com.tencent.tmgp.sgame/com.tencent.tmgp.sgame.SGameActivity (server), edge-swipe (server), swipe-up (server), PointerEventDispatcher0 (server),
12-31 04:17:05.859 I/auditd ( 0): type=1400 audit(0.0:12452): avc: denied { kill } for comm="swapper/4" capability=5 scontext=u:r:kernel:s0 tcontext=u:r:kernel:s0 tclass=capability permissive=0
12-31 04:17:06.859 I/auditd ( 0): type=1400 audit(0.0:12453): avc: denied { kill } for comm="swapper/4" capability=5 scontext=u:r:kernel:s0 tcontext=u:r:kernel:s0 tclass=capability permissive=0
12-31 04:17:07.859 I/auditd ( 0): type=1400 audit(0.0:12454): avc: denied { kill } for comm="swapper/4" capability=5 scontext=u:r:kernel:s0 tcontext=u:r:kernel:s0 tclass=capability permissive=0
12-31 04:17:08.862 I/wm_task_moved( 1505): [1,0,0]
12-31 04:17:08.862 I/wm_task_moved( 1505): [1,0,7]
12-31 04:17:08.865 I/wm_on_restart_called( 2581): [83241864,com.android.launcher3.uioverrides.QuickstepLauncher,performRestartActivity]
12-31 04:17:08.875 I/wm_on_start_called( 2581): [83241864,com.android.launcher3.uioverrides.QuickstepLauncher,handleStartActivity]
12-31 04:17:08.895 I/sysui_multi_action( 1505): [319,4,322,30,325,10955,757,761,758,9,759,5,806,com.android.launcher3,871,com.android.launcher3.uioverrides.QuickstepLauncher,905,0,1320,8,1321,5]
12-31 04:17:08.979 I/view_enqueue_input_event(13479): [Motion - Cancel,com.tencent.tmgp.sgame/com.tencent.tmgp.sgame.SGameActivity]
12-31 04:17:08.988 I/sysui_latency( 2581): [1,31]
12-31 04:17:08.991 I/input_interaction( 1505): Interaction with: edge-swipe (server), swipe-up (server), PointerEventDispatcher0 (server),
12-31 04:17:08.998 I/input_focus( 1505): [Focus request recents_animation_input_consumer,reason=UpdateInputWindows]
12-31 04:17:09.017 I/input_focus( 1505): [Focus leaving 6eab291 com.tencent.tmgp.sgame/com.tencent.tmgp.sgame.SGameActivity (server),reason=NOT_FOCUSABLE]
12-31 04:17:09.017 I/input_focus( 1505): [Focus entering recents_animation_input_consumer (server),reason=setFocusedWindow]
12-31 04:17:09.074 I/commit_sys_config_file( 1505): [settings-1-0,1]
12-31 04:17:09.194 I/sysui_latency( 1505): [8,33]
12-31 04:17:09.859 I/auditd ( 0): type=1400 audit(0.0:12455): avc: denied { kill } for comm="swapper/4" capability=5 scontext=u:r:kernel:s0 tcontext=u:r:kernel:s0 tclass=capability permissive=0
12-31 04:17:10.039 I/wm_task_moved( 1505): [1,1,8]
12-31 04:17:10.043 I/wm_focused_root_task( 1505): [0,0,1,34,RecentsAnimation.onAnimationFinished()]
12-31 04:17:10.043 I/wm_on_top_resumed_lost_called(13479): [95163196,com.tencent.tmgp.sgame.SGameActivity,topStateChangedWhenResumed]
12-31 04:17:10.045 I/wm_pause_activity( 1505): [0,95163196,com.tencent.tmgp.sgame/.SGameActivity,userLeaving=false,pauseBackTasks]
12-31 04:17:10.046 I/wm_set_resumed_activity( 1505): [0,com.android.launcher3/.uioverrides.QuickstepLauncher,resumeTopActivityInnerLocked]
12-31 04:17:10.048 I/wm_resume_activity( 1505): [0,83241864,9,com.android.launcher3/.uioverrides.QuickstepLauncher]
12-31 04:17:10.048 I/wm_add_to_stopping( 1505): [0,95163196,com.tencent.tmgp.sgame/.SGameActivity,makeInvisible]
12-31 04:17:10.049 I/wm_on_resume_called( 2581): [83241864,com.android.launcher3.uioverrides.QuickstepLauncher,RESUME_ACTIVITY]
12-31 04:17:10.058 I/input_focus( 1505): [Focus request 5f64dd7 com.android.launcher3/com.android.launcher3.uioverrides.QuickstepLauncher,reason=UpdateInputWindows]
12-31 04:17:10.059 I/sysui_multi_action( 1505): [757,803,799,window_time_0,802,21]
12-31 04:17:10.067 I/wm_stop_activity( 1505): [0,95163196,com.tencent.tmgp.sgame/.SGameActivity]
12-31 04:17:10.070 I/sysui_multi_action( 1505): [757,803,799,window_time_0,802,0]
12-31 04:17:10.071 I/input_focus( 1505): [Focus leaving recents_animation_input_consumer (server),reason=NOT_VISIBLE]
12-31 04:17:10.071 I/input_focus( 1505): [Focus entering 5f64dd7 com.android.launcher3/com.android.launcher3.uioverrides.QuickstepLauncher (server),reason=setFocusedWindow]
12-31 04:17:10.100 I/am_pss ( 1505): [13428,10089,com.android.music,23639040,16519168,60416,135831552,0,18,6]
12-31 04:17:10.124 I/wm_on_top_resumed_gained_called( 2581): [83241864,com.android.launcher3.uioverrides.QuickstepLauncher,topStateChangedWhenResumed]
12-31 04:17:10.381 I/commit_sys_config_file( 1505): [settings-1-0,86]
12-31 04:17:10.512 I/wm_on_paused_called(13479): [95163196,com.tencent.tmgp.sgame.SGameActivity,performPause]
12-31 04:17:10.517 I/wm_on_stop_called(13479): [95163196,com.tencent.tmgp.sgame.SGameActivity,STOP_ACTIVITY_ITEM]
12-31 04:17:10.859 I/auditd ( 0): type=1400 audit(0.0:12456): avc: denied { kill } for comm="swapper/4" capability=5 scontext=u:r:kernel:s0 tcontext=u:r:kernel:s0 tclass=capability permissive=0
12-31 04:17:11.859 I/auditd ( 0): type=1400 audit(0.0:12457): avc: denied { kill } for comm="swapper/4" capability=5 scontext=u:r:kernel:s0 tcontext=u:r:kernel:s0 tclass=capability permissive=0
12-31 04:17:12.859 I/auditd ( 0): type=1400 audit(0.0:12458): avc: denied { kill } for comm="swapper/3" capability=5 scontext=u:r:kernel:s0 tcontext=u:r:kernel:s0 tclass=capability permissive=0
12-31 04:17:13.123 I/input_interaction( 1505): Interaction with: 5f64dd7 com.android.launcher3/com.android.launcher3.uioverrides.QuickstepLauncher (server), 3a8c96a com.android.systemui.ImageWallpaper (server), edge-swipe (server), swipe-up (server), PointerEventDispatcher0 (server),
12-31 04:17:13.859 I/auditd ( 0): type=1400 audit(0.0:12459): avc: denied { kill } for comm="swapper/3" capability=5 scontext=u:r:kernel:s0 tcontext=u:r:kernel:s0 tclass=capability permissive=0
12-31 04:17:14.859 I/auditd ( 0): type=1400 audit(0.0:12460): avc: denied { kill } for comm="swapper/3" capability=5 scontext=u:r:kernel:s0 tcontext=u:r:kernel:s0 tclass=capability permissive=0
12-31 04:17:15.749 I/service_manager_stats( 1505): [100,53,56178]
12-31 04:17:15.859 I/auditd ( 0): type=1400 audit(0.0:12461): avc: denied { kill } for comm="swapper/3" capability=5 scontext=u:r:kernel:s0 tcontext=u:r:kernel:s0 tclass=capability permissive=0
12-31 04:17:15.874 I/wm_task_moved( 1505): [1,1,9]
12-31 04:17:15.875 I/wm_set_resumed_activity( 1505): [0,com.android.launcher3/.uioverrides.QuickstepLauncher,positionChildAt]
12-31 04:17:15.888 I/wm_task_moved( 1505): [22,1,9]
12-31 04:17:15.888 I/wm_task_to_front( 1505): [0,22]
12-31 04:17:15.889 I/wm_focused_root_task( 1505): [0,0,22,1,reuseOrNewTask]
12-31 04:17:15.889 I/wm_create_activity( 1505): [0,213740557,22,com.hht.lebocast/.GuidanceActivity,NULL,NULL,NULL,269488128]
12-31 04:17:15.890 I/wm_pause_activity( 1505): [0,83241864,com.android.launcher3/.uioverrides.QuickstepLauncher,userLeaving=true,pauseBackTasks]
12-31 04:17:15.892 I/wm_on_top_resumed_lost_called( 2581): [83241864,com.android.launcher3.uioverrides.QuickstepLauncher,topStateChangedWhenResumed]
12-31 04:17:15.894 I/wm_on_paused_called( 2581): [83241864,com.android.launcher3.uioverrides.QuickstepLauncher,performPause]
12-31 04:17:15.895 I/wm_add_to_stopping( 1505): [0,83241864,com.android.launcher3/.uioverrides.QuickstepLauncher,makeInvisible]
12-31 04:17:15.896 I/wm_restart_activity( 1505): [0,213740557,22,com.hht.lebocast/.GuidanceActivity]
12-31 04:17:15.896 I/wm_set_resumed_activity( 1505): [0,com.hht.lebocast/.GuidanceActivity,minimalResumeActivityLocked]
12-31 04:17:15.902 I/sysui_multi_action( 1505): [757,803,799,window_time_0,802,6]
12-31 04:17:15.917 I/input_focus( 1505): [Focus leaving 5f64dd7 com.android.launcher3/com.android.launcher3.uioverrides.QuickstepLauncher (server),reason=NO_WINDOW]
12-31 04:17:15.985 I/wm_on_create_called( 2733): [213740557,com.hht.lebocast.GuidanceActivity,performCreate]
12-31 04:17:15.986 I/wm_on_start_called( 2733): [213740557,com.hht.lebocast.GuidanceActivity,handleStartActivity]
12-31 04:17:15.987 I/wm_on_resume_called( 2733): [213740557,com.hht.lebocast.GuidanceActivity,RESUME_ACTIVITY]
12-31 04:17:15.988 I/wm_on_top_resumed_gained_called( 2733): [213740557,com.hht.lebocast.GuidanceActivity,topStateChangedWhenResumed]
12-31 04:17:16.007 I/input_focus( 1505): [Focus request 1af6627 com.hht.lebocast/com.hht.lebocast.GuidanceActivity,reason=UpdateInputWindows]
12-31 04:17:16.092 I/sysui_multi_action( 1505): [319,31,321,29,322,215,325,10962,757,761,758,8,759,1,806,com.hht.lebocast,871,com.hht.lebocast.GuidanceActivity,904,com.thundercomm.gamemode,905,0,1320,8,1321,5]
12-31 04:17:16.092 I/wm_activity_launch_time( 1505): [0,213740557,com.hht.lebocast/.GuidanceActivity,215]
12-31 04:17:16.101 I/input_focus( 1505): [Focus entering 1af6627 com.hht.lebocast/com.hht.lebocast.GuidanceActivity (server),reason=Window became focusable. Previous reason: NOT_VISIBLE]
12-31 04:17:16.255 I/wm_stop_activity( 1505): [0,83241864,com.android.launcher3/.uioverrides.QuickstepLauncher]
12-31 04:17:16.313 I/wm_on_stop_called( 2581): [83241864,com.android.launcher3.uioverrides.QuickstepLauncher,STOP_ACTIVITY_ITEM]
12-31 04:17:16.859 I/auditd ( 0): type=1400 audit(0.0:12462): avc: denied { kill } for comm="swapper/1" capability=5 scontext=u:r:kernel:s0 tcontext=u:r:kernel:s0 tclass=capability permissive=0
12-31 04:17:17.813 I/input_interaction( 1505): Interaction with: 1af6627 com.hht.lebocast/com.hht.lebocast.GuidanceActivity (server), edge-swipe (server), swipe-up (server), PointerEventDispatcher0 (server),
12-31 04:17:17.830 I/wm_task_moved( 1505): [1,0,0]
12-31 04:17:17.830 I/wm_task_moved( 1505): [1,0,8]
12-31 04:17:17.857 I/wm_on_restart_called( 2581): [83241864,com.android.launcher3.uioverrides.QuickstepLauncher,performRestartActivity]
12-31 04:17:17.876 I/wm_on_start_called( 2581): [83241864,com.android.launcher3.uioverrides.QuickstepLauncher,handleStartActivity]
12-31 04:17:17.890 I/view_enqueue_input_event( 2733): [Motion - Cancel,com.hht.lebocast/com.hht.lebocast.GuidanceActivity]
12-31 04:17:17.892 I/input_interaction( 1505): Interaction with: edge-swipe (server), swipe-up (server), PointerEventDispatcher0 (server),
12-31 04:17:17.892 I/sysui_latency( 2581): [1,73]
12-31 04:17:17.894 I/input_focus( 1505): [Focus request recents_animation_input_consumer,reason=UpdateInputWindows]
12-31 04:17:17.900 I/sysui_multi_action( 1505): [319,15,322,66,325,10964,757,761,758,9,759,5,806,com.android.launcher3,871,com.android.launcher3.uioverrides.QuickstepLauncher,905,0,1320,8,1321,5]
12-31 04:17:17.906 I/input_focus( 1505): [Focus leaving 1af6627 com.hht.lebocast/com.hht.lebocast.GuidanceActivity (server),reason=NOT_FOCUSABLE]
12-31 04:17:17.906 I/input_focus( 1505): [Focus entering recents_animation_input_consumer (server),reason=setFocusedWindow]
12-31 04:17:18.076 I/commit_sys_config_file( 1505): [settings-1-0,4]
12-31 04:17:18.198 I/sysui_latency( 1505): [8,80]
12-31 04:17:18.710 I/wm_task_moved( 1505): [1,1,9]
12-31 04:17:18.713 I/wm_focused_root_task( 1505): [0,0,1,22,RecentsAnimation.onAnimationFinished()]
12-31 04:17:18.713 I/wm_on_top_resumed_lost_called( 2733): [213740557,com.hht.lebocast.GuidanceActivity,topStateChangedWhenResumed]
12-31 04:17:18.715 I/wm_pause_activity( 1505): [0,213740557,com.hht.lebocast/.GuidanceActivity,userLeaving=false,pauseBackTasks]
12-31 04:17:18.717 I/wm_set_resumed_activity( 1505): [0,com.android.launcher3/.uioverrides.QuickstepLauncher,resumeTopActivityInnerLocked]
12-31 04:17:18.719 I/wm_resume_activity( 1505): [0,83241864,9,com.android.launcher3/.uioverrides.QuickstepLauncher]
12-31 04:17:18.719 I/wm_add_to_stopping( 1505): [0,213740557,com.hht.lebocast/.GuidanceActivity,makeInvisible]
12-31 04:17:18.719 I/wm_on_resume_called( 2581): [83241864,com.android.launcher3.uioverrides.QuickstepLauncher,RESUME_ACTIVITY]
12-31 04:17:18.730 I/wm_on_paused_called( 2733): [213740557,com.hht.lebocast.GuidanceActivity,performPause]
12-31 04:17:18.730 I/input_focus( 1505): [Focus request 5f64dd7 com.android.launcher3/com.android.launcher3.uioverrides.QuickstepLauncher,reason=UpdateInputWindows]
12-31 04:17:18.731 I/sysui_multi_action( 1505): [757,803,799,window_time_0,802,2]
12-31 04:17:18.732 I/wm_stop_activity( 1505): [0,213740557,com.hht.lebocast/.GuidanceActivity]
12-31 04:17:18.735 I/sysui_multi_action( 1505): [757,803,799,window_time_0,802,0]
12-31 04:17:18.741 I/input_focus( 1505): [Focus leaving recents_animation_input_consumer (server),reason=NOT_VISIBLE]
12-31 04:17:18.745 I/wm_on_stop_called( 2733): [213740557,com.hht.lebocast.GuidanceActivity,STOP_ACTIVITY_ITEM]
12-31 04:17:18.757 I/input_focus( 1505): [Focus entering 5f64dd7 com.android.launcher3/com.android.launcher3.uioverrides.QuickstepLauncher (server),reason=setFocusedWindow]
12-31 04:17:18.801 I/wm_on_top_resumed_gained_called( 2581): [83241864,com.android.launcher3.uioverrides.QuickstepLauncher,topStateChangedWhenResumed]
12-31 04:17:18.968 I/commit_sys_config_file( 1505): [settings-1-0,4]
12-31 04:17:19.470 I/input_interaction( 1505): Interaction with: 5f64dd7 com.android.launcher3/com.android.launcher3.uioverrides.QuickstepLauncher (server), 3a8c96a com.android.systemui.ImageWallpaper (server), edge-swipe (server), swipe-up (server), PointerEventDispatcher0 (server),
12-31 04:17:19.610 I/wm_task_moved( 1505): [1,1,9]
12-31 04:17:19.611 I/wm_set_resumed_activity( 1505): [0,com.android.launcher3/.uioverrides.QuickstepLauncher,positionChildAt]
12-31 04:17:19.612 I/wm_task_moved( 1505): [34,1,9]
12-31 04:17:19.612 I/wm_task_to_front( 1505): [0,34]
12-31 04:17:19.613 I/wm_focused_root_task( 1505): [0,0,34,1,moveTaskToFront findTaskToMoveToFront]
12-31 04:17:19.614 I/wm_set_resumed_activity( 1505): [0,com.tencent.tmgp.sgame/.SGameActivity,moveTaskToFront findTaskToMoveToFront]
12-31 04:17:19.616 I/wm_pause_activity( 1505): [0,83241864,com.android.launcher3/.uioverrides.QuickstepLauncher,userLeaving=true,pauseBackTasks]
12-31 04:17:19.624 I/wm_on_top_resumed_lost_called( 2581): [83241864,com.android.launcher3.uioverrides.QuickstepLauncher,topStateChangedWhenResumed]
12-31 04:17:19.629 I/wm_on_paused_called( 2581): [83241864,com.android.launcher3.uioverrides.QuickstepLauncher,performPause]
12-31 04:17:19.632 I/wm_set_resumed_activity( 1505): [0,com.tencent.tmgp.sgame/.SGameActivity,resumeTopActivityInnerLocked]
12-31 04:17:19.632 I/wm_add_to_stopping( 1505): [0,83241864,com.android.launcher3/.uioverrides.QuickstepLauncher,makeInvisible]
12-31 04:17:19.633 I/wm_resume_activity( 1505): [0,95163196,34,com.tencent.tmgp.sgame/.SGameActivity]
12-31 04:17:19.642 I/sysui_multi_action( 1505): [757,803,799,window_time_0,802,1]
12-31 04:17:19.650 I/wm_on_restart_called(13479): [95163196,com.tencent.tmgp.sgame.SGameActivity,performRestartActivity]
12-31 04:17:19.650 I/wm_on_start_called(13479): [95163196,com.tencent.tmgp.sgame.SGameActivity,handleStartActivity]
12-31 04:17:19.654 I/wm_on_resume_called(13479): [95163196,com.tencent.tmgp.sgame.SGameActivity,RESUME_ACTIVITY]
12-31 04:17:19.654 I/wm_on_top_resumed_gained_called(13479): [95163196,com.tencent.tmgp.sgame.SGameActivity,topWhenResuming]
12-31 04:17:19.660 I/input_focus( 1505): [Focus leaving 5f64dd7 com.android.launcher3/com.android.launcher3.uioverrides.QuickstepLauncher (server),reason=NO_WINDOW]
12-31 04:17:19.668 I/input_focus( 1505): [Focus request 6eab291 com.tencent.tmgp.sgame/com.tencent.tmgp.sgame.SGameActivity,reason=UpdateInputWindows]
12-31 04:17:19.679 I/sysui_multi_action( 1505): [319,41,321,39,322,64,325,10965,757,761,758,9,759,4,806,com.tencent.tmgp.sgame,871,com.tencent.tmgp.sgame.SGameActivity,904,com.android.launcher3,905,0,1320,8,1321,5]
12-31 04:17:19.695 I/input_focus( 1505): [Focus entering 6eab291 com.tencent.tmgp.sgame/com.tencent.tmgp.sgame.SGameActivity (server),reason=Window became focusable. Previous reason: NOT_VISIBLE]
12-31 04:17:19.852 I/commit_sys_config_file( 1505): [settings-1-0,3]
12-31 04:17:19.859 I/auditd ( 0): type=1400 audit(0.0:12463): avc: denied { kill } for comm="swapper/3" capability=5 scontext=u:r:kernel:s0 tcontext=u:r:kernel:s0 tclass=capability permissive=0
12-31 04:17:20.013 I/wm_stop_activity( 1505): [0,83241864,com.android.launcher3/.uioverrides.QuickstepLauncher]
12-31 04:17:20.079 I/wm_on_stop_called( 2581): [83241864,com.android.launcher3.uioverrides.QuickstepLauncher,STOP_ACTIVITY_ITEM]
12-31 04:17:20.859 I/auditd ( 0): type=1400 audit(0.0:12464): avc: denied { kill } for comm="swapper/3" capability=5 scontext=u:r:kernel:s0 tcontext=u:r:kernel:s0 tclass=capability permissive=0
12-31 04:17:21.859 I/auditd ( 0): type=1400 audit(0.0:12465): avc: denied { kill } for comm="swapper/3" capability=5 scontext=u:r:kernel:s0 tcontext=u:r:kernel:s0 tclass=capability permissive=0
12-31 04:17:22.859 I/auditd ( 0): type=1400 audit(0.0:12466): avc: denied { kill } for comm="swapper/3" capability=5 scontext=u:r:kernel:s0 tcontext=u:r:kernel:s0 tclass=capability permissive=0
12-31 04:17:23.153 I/input_interaction( 1505): Interaction with: 6eab291 com.tencent.tmgp.sgame/com.tencent.tmgp.sgame.SGameActivity (server), edge-swipe (server), swipe-up (server), PointerEventDispatcher0 (server),
12-31 04:17:23.977 I/input_interaction( 1505): Interaction with: 1c2e319 StatusBar (server), edge-swipe (server), swipe-up (server), PointerEventDispatcher0 (server),
12-31 04:17:23.982 I/sysui_multi_action( 1996): [757,803,799,panel_open,802,1]
12-31 04:17:23.984 I/sysui_multi_action( 1996): [757,1328,758,4,1326,44,1327,2,1329,0]
12-31 04:17:24.050 I/sysui_multi_action( 1505): [757,127,758,1]
12-31 04:17:24.050 I/sysui_multi_action( 1505): [757,804,799,note_load,801,2,802,1]
12-31 04:17:24.050 I/notification_panel_revealed( 1505): 2
12-31 04:17:24.057 I/input_focus( 1505): [Focus request c825af4 NotificationShade,reason=UpdateInputWindows]
12-31 04:17:24.064 I/sysui_multi_action( 1505): [757,128,758,1,793,9695353,794,0,795,9695353,796,26,798,0,806,android,857,DEVELOPER_IMPORTANT,858,4,947,0,1395,2,1500,9695147,1688,1]
12-31 04:17:24.064 I/sysui_multi_action( 1505): [757,804,799,note_freshness,801,9695353,802,1]
12-31 04:17:24.064 I/notification_visibility( 1505): [-1|android|26|null|1000,1,9695353,9695353,0,0]
12-31 04:17:24.064 I/sysui_multi_action( 1505): [757,128,758,1,793,10959534,794,0,795,10959534,796,32,798,1,806,android,857,USB,858,1,947,0,1395,2,1500,10959074,1688,1]
12-31 04:17:24.064 I/sysui_multi_action( 1505): [757,804,799,note_freshness,801,10959534,802,1]
12-31 04:17:24.065 I/notification_visibility( 1505): [-1|android|32|null|1000,1,10959534,10959534,0,1]
12-31 04:17:24.072 I/input_focus( 1505): [Focus leaving 6eab291 com.tencent.tmgp.sgame/com.tencent.tmgp.sgame.SGameActivity (server),reason=setFocusedWindow]
12-31 04:17:24.072 I/input_focus( 1505): [Focus entering c825af4 NotificationShade (server),reason=setFocusedWindow]
12-31 04:17:24.170 I/sysui_multi_action( 1996): [757,111,758,1]
12-31 04:17:24.170 I/sysui_multi_action( 1996): [757,126,758,1,759,126,927,0,928,1,1593,0]
12-31 04:17:24.170 I/sysui_multi_action( 1996): [757,0,758,1,759,0,927,1,928,0,1593,0]
12-31 04:17:24.170 I/sysui_multi_action( 1996): [757,0,758,1,759,0,927,2,928,0,1593,0]
12-31 04:17:24.171 I/sysui_multi_action( 1996): [757,491,758,1,759,491,927,3,928,0,1311,-1,1593,0]
12-31 04:17:24.171 I/sysui_multi_action( 1996): [757,113,758,1,759,113,927,4,928,1,1593,0]
12-31 04:17:24.172 I/sysui_multi_action( 1996): [757,0,758,1,759,0,927,5,928,0,1593,0]
12-31 04:17:24.172 I/sysui_multi_action( 1996): [757,111,758,1]
12-31 04:17:24.172 I/sysui_multi_action( 1996): [757,126,758,1,759,126,927,0,928,1,1593,0]
12-31 04:17:24.172 I/sysui_multi_action( 1996): [757,0,758,1,759,0,927,1,928,0,1593,0]
12-31 04:17:24.173 I/sysui_multi_action( 1996): [757,0,758,1,759,0,927,2,928,0,1593,0]
12-31 04:17:24.173 I/sysui_multi_action( 1996): [757,491,758,1,759,491,927,3,928,0,1311,-1,1593,0]
12-31 04:17:24.859 I/auditd ( 0): type=1400 audit(0.0:12467): avc: denied { kill } for comm="swapper/3" capability=5 scontext=u:r:kernel:s0 tcontext=u:r:kernel:s0 tclass=capability permissive=0
12-31 04:17:26.248 I/input_interaction( 1505): Interaction with: c825af4 NotificationShade (server), edge-swipe (server), swipe-up (server), PointerEventDispatcher0 (server),
12-31 04:17:26.678 I/notification_enqueue( 1505): [10081,1996,com.android.systemui,2048,NULL,0,Notification(channel=updateNotification shortcut=null contentView=null vibrate=null sound=null defaults=0x0 flags=0x0 color=0x00000000 vis=PRIVATE),1]
12-31 04:17:26.680 I/sysui_multi_action( 1996): [757,111,758,2]
12-31 04:17:26.680 I/sysui_multi_action( 1996): [757,111,758,2]
12-31 04:17:26.859 I/auditd ( 0): type=1400 audit(0.0:12468): avc: denied { kill } for comm="swapper/0" capability=5 scontext=u:r:kernel:s0 tcontext=u:r:kernel:s0 tclass=capability permissive=0
12-31 04:17:26.887 I/input_focus( 1505): [Focus request 6eab291 com.tencent.tmgp.sgame/com.tencent.tmgp.sgame.SGameActivity,reason=UpdateInputWindows]
12-31 04:17:26.891 I/sysui_multi_action( 1505): [757,128,758,2,793,9698180,794,2827,795,9698180,796,26,798,0,806,android,857,DEVELOPER_IMPORTANT,858,4,947,0,1395,2,1500,9697974,1688,1]
12-31 04:17:26.891 I/notification_visibility( 1505): [-1|android|26|null|1000,0,9698180,9698180,0,0]
12-31 04:17:26.892 I/sysui_multi_action( 1505): [757,128,758,2,793,10962362,794,2828,795,10962362,796,32,798,1,806,android,857,USB,858,1,947,0,1395,2,1500,10961902,1688,1]
12-31 04:17:26.892 I/notification_visibility( 1505): [-1|android|32|null|1000,0,10962362,10962362,0,1]
12-31 04:17:26.892 I/sysui_multi_action( 1505): [757,127,758,2]
12-31 04:17:26.893 I/notification_panel_hidden( 1505):
12-31 04:17:26.911 I/input_focus( 1505): [Focus leaving c825af4 NotificationShade (server),reason=NO_WINDOW]
12-31 04:17:26.911 I/input_focus( 1505): [Focus entering 6eab291 com.tencent.tmgp.sgame/com.tencent.tmgp.sgame.SGameActivity (server),reason=setFocusedWindow]
12-31 04:17:27.967 I/input_interaction( 1505): Interaction with: 6030218 gamemode.floatview (server), edge-swipe (server), swipe-up (server), PointerEventDispatcher0 (server),
12-31 04:17:28.859 I/auditd ( 0): type=1400 audit(0.0:12469): avc: denied { kill } for comm="swapper/0" capability=5 scontext=u:r:kernel:s0 tcontext=u:r:kernel:s0 tclass=capability permissive=0
12-31 04:17:29.859 I/auditd ( 0): type=1400 audit(0.0:12470): avc: denied { kill } for comm="swapper/0" capability=5 scontext=u:r:kernel:s0 tcontext=u:r:kernel:s0 tclass=capability permissive=0
12-31 04:17:30.559 I/input_interaction( 1505): Interaction with: e95db87 gamemode.menuview (server), edge-swipe (server), swipe-up (server), PointerEventDispatcher0 (server),
12-31 04:17:30.859 I/auditd ( 0): type=1400 audit(0.0:12471): avc: denied { kill } for comm="swapper/0" capability=5 scontext=u:r:kernel:s0 tcontext=u:r:kernel:s0 tclass=capability permissive=0
12-31 04:17:31.547 I/commit_sys_config_file( 1505): [display-state,9488409]
12-31 04:17:31.555 I/am_wtf ( 1505): [0,1505,system_server,-1,DisplayDeviceConfig,requesting nits when no mapping exists.]
12-31 04:17:31.557 I/am_wtf ( 1505): [0,1505,system_server,-1,DisplayDeviceConfig,requesting nits when no mapping exists.]
12-31 04:17:31.571 I/am_wtf ( 1505): [0,1505,system_server,-1,DisplayDeviceConfig,requesting nits when no mapping exists.]
12-31 04:17:31.574 I/am_wtf ( 1505): [0,1505,system_server,-1,DisplayDeviceConfig,requesting nits when no mapping exists.]
12-31 04:17:31.610 I/commit_sys_config_file( 1505): [display-state,9488473]
12-31 04:17:31.622 I/am_wtf ( 1505): [0,1505,system_server,-1,DisplayDeviceConfig,requesting nits when no mapping exists.]
12-31 04:17:31.624 I/am_wtf ( 1505): [0,1505,system_server,-1,DisplayDeviceConfig,requesting nits when no mapping exists.]
12-31 04:17:31.638 I/am_wtf ( 1505): [0,1505,system_server,-1,DisplayDeviceConfig,requesting nits when no mapping exists.]
12-31 04:17:31.643 I/am_wtf ( 1505): [0,1505,system_server,-1,DisplayDeviceConfig,requesting nits when no mapping exists.]
12-31 04:17:31.661 I/commit_sys_config_file( 1505): [display-state,9488523]
12-31 04:17:31.672 I/am_wtf ( 1505): [0,1505,system_server,-1,DisplayDeviceConfig,requesting nits when no mapping exists.]
12-31 04:17:31.673 I/am_wtf ( 1505): [0,1505,system_server,-1,DisplayDeviceConfig,requesting nits when no mapping exists.]
12-31 04:17:31.688 I/am_wtf ( 1505): [0,1505,system_server,-1,DisplayDeviceConfig,requesting nits when no mapping exists.]
12-31 04:17:31.689 I/am_wtf ( 1505): [0,1505,system_server,-1,DisplayDeviceConfig,requesting nits when no mapping exists.]
12-31 04:17:31.697 I/commit_sys_config_file( 1505): [display-state,9488559]
12-31 04:17:31.710 I/commit_sys_config_file( 1505): [display-state,9488573]
12-31 04:17:31.712 I/am_wtf ( 1505): [0,1505,system_server,-1,DisplayDeviceConfig,requesting nits when no mapping exists.]
12-31 04:17:31.713 I/am_wtf ( 1505): [0,1505,system_server,-1,DisplayDeviceConfig,requesting nits when no mapping exists.]
12-31 04:17:31.722 I/am_wtf ( 1505): [0,1505,system_server,-1,DisplayDeviceConfig,requesting nits when no mapping exists.]
12-31 04:17:31.722 I/am_wtf ( 1505): [0,1505,system_server,-1,DisplayDeviceConfig,requesting nits when no mapping exists.]
12-31 04:17:31.730 I/commit_sys_config_file( 1505): [display-state,9488592]
12-31 04:17:31.741 I/am_wtf ( 1505): [0,1505,system_server,-1,DisplayDeviceConfig,requesting nits when no mapping exists.]
12-31 04:17:31.742 I/am_wtf ( 1505): [0,1505,system_server,-1,DisplayDeviceConfig,requesting nits when no mapping exists.]
12-31 04:17:31.745 I/commit_sys_config_file( 1505): [display-state,9488607]
12-31 04:17:31.750 I/commit_sys_config_file( 1505): [settings-1-0,8]
12-31 04:17:31.759 I/am_wtf ( 1505): [0,1505,system_server,-1,DisplayDeviceConfig,requesting nits when no mapping exists.]
12-31 04:17:31.759 I/am_wtf ( 1505): [0,1505,system_server,-1,DisplayDeviceConfig,requesting nits when no mapping exists.]
12-31 04:17:31.767 I/commit_sys_config_file( 1505): [display-state,9488629]
12-31 04:17:31.771 I/am_wtf ( 1505): [0,1505,system_server,-1,DisplayDeviceConfig,requesting nits when no mapping exists.]
12-31 04:17:31.772 I/am_wtf ( 1505): [0,1505,system_server,-1,DisplayDeviceConfig,requesting nits when no mapping exists.]
12-31 04:17:31.784 I/commit_sys_config_file( 1505): [display-state,9488646]
12-31 04:17:31.793 I/commit_sys_config_file( 1505): [display-state,9488655]
12-31 04:17:31.794 I/am_wtf ( 1505): [0,1505,system_server,-1,DisplayDeviceConfig,requesting nits when no mapping exists.]
12-31 04:17:31.796 I/am_wtf ( 1505): [0,1505,system_server,-1,DisplayDeviceConfig,requesting nits when no mapping exists.]
12-31 04:17:31.805 I/am_wtf ( 1505): [0,1505,system_server,-1,DisplayDeviceConfig,requesting nits when no mapping exists.]
12-31 04:17:31.806 I/am_wtf ( 1505): [0,1505,system_server,-1,DisplayDeviceConfig,requesting nits when no mapping exists.]
12-31 04:17:31.810 I/commit_sys_config_file( 1505): [display-state,9488672]
12-31 04:17:31.822 I/am_wtf ( 1505): [0,1505,system_server,-1,DisplayDeviceConfig,requesting nits when no mapping exists.]
12-31 04:17:31.823 I/am_wtf ( 1505): [0,1505,system_server,-1,DisplayDeviceConfig,requesting nits when no mapping exists.]
12-31 04:17:31.834 I/commit_sys_config_file( 1505): [display-state,9488696]
12-31 04:17:31.841 I/am_wtf ( 1505): [0,1505,system_server,-1,DisplayDeviceConfig,requesting nits when no mapping exists.]
12-31 04:17:31.842 I/am_wtf ( 1505): [0,1505,system_server,-1,DisplayDeviceConfig,requesting nits when no mapping exists.]
12-31 04:17:31.843 I/commit_sys_config_file( 1505): [display-state,9488705]
12-31 04:17:31.859 I/am_wtf ( 1505): [0,1505,system_server,-1,DisplayDeviceConfig,requesting nits when no mapping exists.]
12-31 04:17:31.859 I/am_wtf ( 1505): [0,1505,system_server,-1,DisplayDeviceConfig,requesting nits when no mapping exists.]
12-31 04:17:31.864 I/commit_sys_config_file( 1505): [display-state,9488726]
12-31 04:17:31.872 I/am_wtf ( 1505): [0,1505,system_server,-1,DisplayDeviceConfig,requesting nits when no mapping exists.]
12-31 04:17:31.872 I/am_wtf ( 1505): [0,1505,system_server,-1,DisplayDeviceConfig,requesting nits when no mapping exists.]
12-31 04:17:31.885 I/commit_sys_config_file( 1505): [display-state,9488747]
12-31 04:17:31.888 I/am_wtf ( 1505): [0,1505,system_server,-1,DisplayDeviceConfig,requesting nits when no mapping exists.]
12-31 04:17:31.889 I/am_wtf ( 1505): [0,1505,system_server,-1,DisplayDeviceConfig,requesting nits when no mapping exists.]
12-31 04:17:31.893 I/commit_sys_config_file( 1505): [display-state,9488755]
12-31 04:17:31.905 I/am_wtf ( 1505): [0,1505,system_server,-1,DisplayDeviceConfig,requesting nits when no mapping exists.]
12-31 04:17:31.906 I/am_wtf ( 1505): [0,1505,system_server,-1,DisplayDeviceConfig,requesting nits when no mapping exists.]
12-31 04:17:31.910 I/commit_sys_config_file( 1505): [display-state,9488773]
12-31 04:17:31.923 I/am_wtf ( 1505): [0,1505,system_server,-1,DisplayDeviceConfig,requesting nits when no mapping exists.]
12-31 04:17:31.925 I/am_wtf ( 1505): [0,1505,system_server,-1,DisplayDeviceConfig,requesting nits when no mapping exists.]
12-31 04:17:31.930 I/commit_sys_config_file( 1505): [display-state,9488792]
12-31 04:17:31.942 I/am_wtf ( 1505): [0,1505,system_server,-1,DisplayDeviceConfig,requesting nits when no mapping exists.]
12-31 04:17:31.942 I/commit_sys_config_file( 1505): [display-state,9488805]
12-31 04:17:31.944 I/am_wtf ( 1505): [0,1505,system_server,-1,DisplayDeviceConfig,requesting nits when no mapping exists.]
12-31 04:17:31.955 I/am_wtf ( 1505): [0,1505,system_server,-1,DisplayDeviceConfig,requesting nits when no mapping exists.]
12-31 04:17:31.956 I/am_wtf ( 1505): [0,1505,system_server,-1,DisplayDeviceConfig,requesting nits when no mapping exists.]
12-31 04:17:31.960 I/commit_sys_config_file( 1505): [display-state,9488822]
12-31 04:17:31.962 I/commit_sys_config_file( 1505): [settings-1-0,5]
12-31 04:17:31.975 I/am_wtf ( 1505): [0,1505,system_server,-1,DisplayDeviceConfig,requesting nits when no mapping exists.]
12-31 04:17:31.976 I/am_wtf ( 1505): [0,1505,system_server,-1,DisplayDeviceConfig,requesting nits when no mapping exists.]
12-31 04:17:31.976 I/commit_sys_config_file( 1505): [display-state,9488838]
12-31 04:17:31.989 I/am_wtf ( 1505): [0,1505,system_server,-1,DisplayDeviceConfig,requesting nits when no mapping exists.]
12-31 04:17:31.990 I/am_wtf ( 1505): [0,1505,system_server,-1,DisplayDeviceConfig,requesting nits when no mapping exists.]
12-31 04:17:32.000 I/commit_sys_config_file( 1505): [display-state,9488862]
12-31 04:17:32.007 I/am_wtf ( 1505): [0,1505,system_server,-1,DisplayDeviceConfig,requesting nits when no mapping exists.]
12-31 04:17:32.008 I/am_wtf ( 1505): [0,1505,system_server,-1,DisplayDeviceConfig,requesting nits when no mapping exists.]
12-31 04:17:32.012 I/commit_sys_config_file( 1505): [display-state,9488875]
12-31 04:17:32.026 I/am_wtf ( 1505): [0,1505,system_server,-1,DisplayDeviceConfig,requesting nits when no mapping exists.]
12-31 04:17:32.027 I/am_wtf ( 1505): [0,1505,system_server,-1,DisplayDeviceConfig,requesting nits when no mapping exists.]
12-31 04:17:32.028 I/commit_sys_config_file( 1505): [display-state,9488890]
12-31 04:17:32.043 I/am_wtf ( 1505): [0,1505,system_server,-1,DisplayDeviceConfig,requesting nits when no mapping exists.]
12-31 04:17:32.044 I/am_wtf ( 1505): [0,1505,system_server,-1,DisplayDeviceConfig,requesting nits when no mapping exists.]
12-31 04:17:32.045 I/commit_sys_config_file( 1505): [display-state,9488907]
12-31 04:17:32.059 I/am_wtf ( 1505): [0,1505,system_server,-1,DisplayDeviceConfig,requesting nits when no mapping exists.]
12-31 04:17:32.062 I/am_wtf ( 1505): [0,1505,system_server,-1,DisplayDeviceConfig,requesting nits when no mapping exists.]
12-31 04:17:32.063 I/commit_sys_config_file( 1505): [display-state,9488926]
12-31 04:17:32.073 I/am_wtf ( 1505): [0,1505,system_server,-1,DisplayDeviceConfig,requesting nits when no mapping exists.]
12-31 04:17:32.073 I/am_wtf ( 1505): [0,1505,system_server,-1,DisplayDeviceConfig,requesting nits when no mapping exists.]
12-31 04:17:32.079 I/commit_sys_config_file( 1505): [display-state,9488942]
12-31 04:17:32.081 I/service_manager_stats( 1505): [100,68,16331]
12-31 04:17:32.089 I/am_wtf ( 1505): [0,1505,system_server,-1,DisplayDeviceConfig,requesting nits when no mapping exists.]
12-31 04:17:32.089 I/am_wtf ( 1505): [0,1505,system_server,-1,DisplayDeviceConfig,requesting nits when no mapping exists.]
12-31 04:17:32.097 I/commit_sys_config_file( 1505): [display-state,9488959]
12-31 04:17:32.106 I/am_wtf ( 1505): [0,1505,system_server,-1,DisplayDeviceConfig,requesting nits when no mapping exists.]
12-31 04:17:32.106 I/am_wtf ( 1505): [0,1505,system_server,-1,DisplayDeviceConfig,requesting nits when no mapping exists.]
12-31 04:17:32.112 I/commit_sys_config_file( 1505): [display-state,9488975]
12-31 04:17:32.129 I/commit_sys_config_file( 1505): [display-state,9488992]
12-31 04:17:32.131 I/am_wtf ( 1505): [0,1505,system_server,-1,DisplayDeviceConfig,requesting nits when no mapping exists.]
12-31 04:17:32.131 I/am_wtf ( 1505): [0,1505,system_server,-1,DisplayDeviceConfig,requesting nits when no mapping exists.]
12-31 04:17:32.139 I/am_wtf ( 1505): [0,1505,system_server,-1,DisplayDeviceConfig,requesting nits when no mapping exists.]
12-31 04:17:32.139 I/am_wtf ( 1505): [0,1505,system_server,-1,DisplayDeviceConfig,requesting nits when no mapping exists.]
12-31 04:17:32.144 I/commit_sys_config_file( 1505): [display-state,9489007]
12-31 04:17:32.156 I/am_wtf ( 1505): [0,1505,system_server,-1,DisplayDeviceConfig,requesting nits when no mapping exists.]
12-31 04:17:32.159 I/am_wtf ( 1505): [0,1505,system_server,-1,DisplayDeviceConfig,requesting nits when no mapping exists.]
12-31 04:17:32.161 I/commit_sys_config_file( 1505): [display-state,9489024]
12-31 04:17:32.173 I/am_wtf ( 1505): [0,1505,system_server,-1,DisplayDeviceConfig,requesting nits when no mapping exists.]
12-31 04:17:32.176 I/am_wtf ( 1505): [0,1505,system_server,-1,DisplayDeviceConfig,requesting nits when no mapping exists.]
12-31 04:17:32.179 I/commit_sys_config_file( 1505): [display-state,9489042]
12-31 04:17:32.182 I/commit_sys_config_file( 1505): [settings-1-0,8]
12-31 04:17:32.189 I/am_wtf ( 1505): [0,1505,system_server,-1,DisplayDeviceConfig,requesting nits when no mapping exists.]
12-31 04:17:32.190 I/am_wtf ( 1505): [0,1505,system_server,-1,DisplayDeviceConfig,requesting nits when no mapping exists.]
12-31 04:17:32.206 I/am_wtf ( 1505): [0,1505,system_server,-1,DisplayDeviceConfig,requesting nits when no mapping exists.]
12-31 04:17:32.207 I/am_wtf ( 1505): [0,1505,system_server,-1,DisplayDeviceConfig,requesting nits when no mapping exists.]
12-31 04:17:33.859 I/auditd ( 0): type=1400 audit(0.0:12472): avc: denied { kill } for comm="swapper/3" capability=5 scontext=u:r:kernel:s0 tcontext=u:r:kernel:s0 tclass=capability permissive=0
12-31 04:17:34.435 I/input_interaction( 1505): Interaction with: 6eab291 com.tencent.tmgp.sgame/com.tencent.tmgp.sgame.SGameActivity (server), edge-swipe (server), swipe-up (server), PointerEventDispatcher0 (server),
12-31 04:17:34.859 I/auditd ( 0): type=1400 audit(0.0:12473): avc: denied { kill } for comm="swapper/3" capability=5 scontext=u:r:kernel:s0 tcontext=u:r:kernel:s0 tclass=capability permissive=0
12-31 04:17:35.154 I/am_uid_idle( 1505): 10089
12-31 04:17:35.559 I/input_interaction( 1505): Interaction with: 1c2e319 StatusBar (server), edge-swipe (server), swipe-up (server), PointerEventDispatcher0 (server),
12-31 04:17:35.564 I/sysui_multi_action( 1996): [757,803,799,panel_open,802,1]
12-31 04:17:35.565 I/sysui_multi_action( 1996): [757,1328,758,4,1326,38,1327,1,1329,0]
12-31 04:17:35.621 I/sysui_multi_action( 1505): [757,127,758,1]
12-31 04:17:35.622 I/sysui_multi_action( 1505): [757,804,799,note_load,801,2,802,1]
12-31 04:17:35.622 I/notification_panel_revealed( 1505): 2
12-31 04:17:35.638 I/input_focus( 1505): [Focus request c825af4 NotificationShade,reason=UpdateInputWindows]
12-31 04:17:35.648 I/sysui_multi_action( 1505): [757,128,758,1,793,9706937,794,0,795,9706937,796,26,798,0,806,android,857,DEVELOPER_IMPORTANT,858,4,947,0,1395,2,1500,9706731,1688,1]
12-31 04:17:35.649 I/sysui_multi_action( 1505): [757,804,799,note_freshness,801,9706937,802,1]
12-31 04:17:35.649 I/notification_visibility( 1505): [-1|android|26|null|1000,1,9706937,9706937,0,0]
12-31 04:17:35.650 I/sysui_multi_action( 1505): [757,128,758,1,793,10971120,794,0,795,10971120,796,32,798,1,806,android,857,USB,858,1,947,0,1395,2,1500,10970660,1688,1]
12-31 04:17:35.650 I/sysui_multi_action( 1505): [757,804,799,note_freshness,801,10971120,802,1]
12-31 04:17:35.650 I/notification_visibility( 1505): [-1|android|32|null|1000,1,10971120,10971120,0,1]
12-31 04:17:35.666 I/input_focus( 1505): [Focus leaving 6eab291 com.tencent.tmgp.sgame/com.tencent.tmgp.sgame.SGameActivity (server),reason=setFocusedWindow]
12-31 04:17:35.666 I/input_focus( 1505): [Focus entering c825af4 NotificationShade (server),reason=setFocusedWindow]
12-31 04:17:35.680 I/sysui_multi_action( 1996): [757,111,758,1]
12-31 04:17:35.681 I/sysui_multi_action( 1996): [757,126,758,1,759,126,927,0,928,1,1593,0]
12-31 04:17:35.681 I/sysui_multi_action( 1996): [757,0,758,1,759,0,927,1,928,0,1593,0]
12-31 04:17:35.681 I/sysui_multi_action( 1996): [757,0,758,1,759,0,927,2,928,0,1593,0]
12-31 04:17:35.681 I/sysui_multi_action( 1996): [757,491,758,1,759,491,927,3,928,0,1311,-1,1593,0]
12-31 04:17:35.681 I/sysui_multi_action( 1996): [757,113,758,1,759,113,927,4,928,1,1593,0]
12-31 04:17:35.681 I/sysui_multi_action( 1996): [757,0,758,1,759,0,927,5,928,0,1593,0]
12-31 04:17:35.682 I/sysui_multi_action( 1996): [757,111,758,1]
12-31 04:17:35.682 I/sysui_multi_action( 1996): [757,126,758,1,759,126,927,0,928,1,1593,0]
12-31 04:17:35.682 I/sysui_multi_action( 1996): [757,0,758,1,759,0,927,1,928,0,1593,0]
12-31 04:17:35.682 I/sysui_multi_action( 1996): [757,0,758,1,759,0,927,2,928,0,1593,0]
12-31 04:17:35.682 I/sysui_multi_action( 1996): [757,491,758,1,759,491,927,3,928,0,1311,-1,1593,0]
12-31 04:17:35.859 I/auditd ( 0): type=1400 audit(0.0:12474): avc: denied { kill } for comm="swapper/3" capability=5 scontext=u:r:kernel:s0 tcontext=u:r:kernel:s0 tclass=capability permissive=0
12-31 04:17:36.859 I/auditd ( 0): type=1400 audit(0.0:12475): avc: denied { kill } for comm="swapper/3" capability=5 scontext=u:r:kernel:s0 tcontext=u:r:kernel:s0 tclass=capability permissive=0
12-31 04:17:37.730 I/input_interaction( 1505): Interaction with: c825af4 NotificationShade (server), edge-swipe (server), swipe-up (server), PointerEventDispatcher0 (server),
12-31 04:17:37.859 I/auditd ( 0): type=1400 audit(0.0:12476): avc: denied { kill } for comm="swapper/3" capability=5 scontext=u:r:kernel:s0 tcontext=u:r:kernel:s0 tclass=capability permissive=0
12-31 04:17:38.173 I/sysui_multi_action( 1996): [757,111,758,2]
12-31 04:17:38.174 I/sysui_multi_action( 1996): [757,111,758,2]
12-31 04:17:38.175 I/notification_enqueue( 1505): [10081,1996,com.android.systemui,2048,NULL,0,Notification(channel=updateNotification shortcut=null contentView=null vibrate=null sound=null defaults=0x0 flags=0x0 color=0x00000000 vis=PRIVATE),1]
12-31 04:17:38.384 I/input_focus( 1505): [Focus request 6eab291 com.tencent.tmgp.sgame/com.tencent.tmgp.sgame.SGameActivity,reason=UpdateInputWindows]
12-31 04:17:38.388 I/sysui_multi_action( 1505): [757,128,758,2,793,9709677,794,2740,795,9709677,796,26,798,0,806,android,857,DEVELOPER_IMPORTANT,858,4,947,0,1395,2,1500,9709471,1688,1]
12-31 04:17:38.388 I/notification_visibility( 1505): [-1|android|26|null|1000,0,9709677,9709677,0,0]
12-31 04:17:38.388 I/sysui_multi_action( 1505): [757,128,758,2,793,10973858,794,2738,795,10973858,796,32,798,1,806,android,857,USB,858,1,947,0,1395,2,1500,10973398,1688,1]
12-31 04:17:38.388 I/notification_visibility( 1505): [-1|android|32|null|1000,0,10973858,10973858,0,1]
12-31 04:17:38.389 I/sysui_multi_action( 1505): [757,127,758,2]
12-31 04:17:38.389 I/notification_panel_hidden( 1505):
12-31 04:17:38.407 I/input_focus( 1505): [Focus leaving c825af4 NotificationShade (server),reason=NO_WINDOW]
12-31 04:17:38.407 I/input_focus( 1505): [Focus entering 6eab291 com.tencent.tmgp.sgame/com.tencent.tmgp.sgame.SGameActivity (server),reason=setFocusedWindow]
12-31 04:17:38.859 I/auditd ( 0): type=1400 audit(0.0:12477): avc: denied { kill } for comm="swapper/3" capability=5 scontext=u:r:kernel:s0 tcontext=u:r:kernel:s0 tclass=capability permissive=0
12-31 04:17:39.186 I/input_interaction( 1505): Interaction with: d0dfbf6 gamemode.floatview (server), edge-swipe (server), swipe-up (server), PointerEventDispatcher0 (server),
12-31 04:17:39.859 I/auditd ( 0): type=1400 audit(0.0:12478): avc: denied { kill } for comm="swapper/3" capability=5 scontext=u:r:kernel:s0 tcontext=u:r:kernel:s0 tclass=capability permissive=0
12-31 04:17:41.859 I/auditd ( 0): type=1400 audit(0.0:12479): avc: denied { kill } for comm="swapper/0" capability=5 scontext=u:r:kernel:s0 tcontext=u:r:kernel:s0 tclass=capability permissive=0
12-31 04:17:42.859 I/auditd ( 0): type=1400 audit(0.0:12480): avc: denied { kill } for comm="swapper/0" capability=5 scontext=u:r:kernel:s0 tcontext=u:r:kernel:s0 tclass=capability permissive=0
12-31 04:17:43.859 I/auditd ( 0): type=1400 audit(0.0:12481): avc: denied { kill } for comm="swapper/0" capability=5 scontext=u:r:kernel:s0 tcontext=u:r:kernel:s0 tclass=capability permissive=0
12-31 04:17:44.027 I/netstats_mobile_sample( 1505): [0,0,0,0,0,0,0,0,0,0,0,0,1672431464026]
12-31 04:17:44.027 I/netstats_wifi_sample( 1505): [7961844853,5557169,210651724,2258988,7961844853,5557169,210651724,2258988,7970018063,5623694,166830875,2160223,1672431464026]
12-31 04:17:44.859 I/auditd ( 0): type=1400 audit(0.0:12482): avc: denied { kill } for comm="swapper/0" capability=5 scontext=u:r:kernel:s0 tcontext=u:r:kernel:s0 tclass=capability permissive=0
12-31 04:17:45.859 I/auditd ( 0): type=1400 audit(0.0:12483): avc: denied { kill } for comm="swapper/0" capability=5 scontext=u:r:kernel:s0 tcontext=u:r:kernel:s0 tclass=capability permissive=0
12-31 04:17:46.859 I/auditd ( 0): type=1400 audit(0.0:12484): avc: denied { kill } for comm="swapper/0" capability=5 scontext=u:r:kernel:s0 tcontext=u:r:kernel:s0 tclass=capability permissive=0
12-31 04:17:47.859 I/auditd ( 0): type=1400 audit(0.0:12485): avc: denied { kill } for comm="swapper/0" capability=5 scontext=u:r:kernel:s0 tcontext=u:r:kernel:s0 tclass=capability permissive=0
12-31 04:17:48.859 I/auditd ( 0): type=1400 audit(0.0:12486): avc: denied { kill } for comm="swapper/0" capability=5 scontext=u:r:kernel:s0 tcontext=u:r:kernel:s0 tclass=capability permissive=0
12-31 04:17:49.859 I/auditd ( 0): type=1400 audit(0.0:12487): avc: denied { kill } for comm="swapper/0" capability=5 scontext=u:r:kernel:s0 tcontext=u:r:kernel:s0 tclass=capability permissive=0
12-31 04:17:50.859 I/auditd ( 0): type=1400 audit(0.0:12488): avc: denied { kill } for comm="swapper/0" capability=5 scontext=u:r:kernel:s0 tcontext=u:r:kernel:s0 tclass=capability permissive=0
12-31 04:17:51.560 I/input_interaction( 1505): Interaction with: 4548cf4 gamemode.menuview (server), edge-swipe (server), swipe-up (server), PointerEventDispatcher0 (server),
12-31 04:17:51.724 I/wm_task_created( 1505): [35,-1]
12-31 04:17:51.727 I/wm_task_moved( 1505): [35,1,10]
12-31 04:17:51.727 I/wm_task_to_front( 1505): [0,35]
12-31 04:17:51.727 I/wm_create_task( 1505): [0,35]
12-31 04:17:51.727 I/wm_create_activity( 1505): [0,92475750,35,com.android.systemui/.screenrecord.ScreenRecordDialog,NULL,NULL,NULL,276824064]
12-31 04:17:51.727 I/wm_task_moved( 1505): [35,1,10]
12-31 04:17:51.727 I/wm_on_top_resumed_lost_called(13479): [95163196,com.tencent.tmgp.sgame.SGameActivity,topStateChangedWhenResumed]
12-31 04:17:51.728 I/wm_pause_activity( 1505): [0,95163196,com.tencent.tmgp.sgame/.SGameActivity,userLeaving=true,pauseBackTasks]
12-31 04:17:51.859 I/auditd ( 0): type=1400 audit(0.0:12489): avc: denied { kill } for comm="swapper/0" capability=5 scontext=u:r:kernel:s0 tcontext=u:r:kernel:s0 tclass=capability permissive=0
12-31 04:17:52.096 I/wm_on_paused_called(13479): [95163196,com.tencent.tmgp.sgame.SGameActivity,performPause]
12-31 04:17:52.098 I/wm_restart_activity( 1505): [0,92475750,35,com.android.systemui/.screenrecord.ScreenRecordDialog]
12-31 04:17:52.098 I/wm_set_resumed_activity( 1505): [0,com.android.systemui/.screenrecord.ScreenRecordDialog,minimalResumeActivityLocked]
12-31 04:17:52.102 I/sysui_multi_action( 1505): [757,803,799,window_time_0,802,33]
12-31 04:17:52.113 I/wm_on_create_called( 1996): [92475750,com.android.systemui.screenrecord.ScreenRecordDialog,performCreate]
12-31 04:17:52.114 I/wm_on_start_called( 1996): [92475750,com.android.systemui.screenrecord.ScreenRecordDialog,handleStartActivity]
12-31 04:17:52.114 I/wm_on_resume_called( 1996): [92475750,com.android.systemui.screenrecord.ScreenRecordDialog,RESUME_ACTIVITY]
12-31 04:17:52.116 I/wm_on_top_resumed_gained_called( 1996): [92475750,com.android.systemui.screenrecord.ScreenRecordDialog,topStateChangedWhenResumed]
12-31 04:17:52.122 I/input_focus( 1505): [Focus request 8572eb5 com.android.systemui/com.android.systemui.screenrecord.ScreenRecordDialog,reason=UpdateInputWindows]
12-31 04:17:52.133 I/sysui_multi_action( 1505): [319,411,322,411,325,10997,757,761,758,8,759,2,806,com.android.systemui,871,com.android.systemui.screenrecord.ScreenRecordDialog,904,com.thundercomm.gamemode,905,0,1320,8,1321,5]
12-31 04:17:52.134 I/wm_activity_launch_time( 1505): [0,92475750,com.android.systemui/.screenrecord.ScreenRecordDialog,411]
12-31 04:17:52.138 I/input_focus( 1505): [Focus leaving 6eab291 com.tencent.tmgp.sgame/com.tencent.tmgp.sgame.SGameActivity (server),reason=Waiting for window because NOT_VISIBLE]
12-31 04:17:52.153 I/input_focus( 1505): [Focus entering 8572eb5 com.android.systemui/com.android.systemui.screenrecord.ScreenRecordDialog (server),reason=Window became focusable. Previous reason: NOT_VISIBLE]
12-31 04:17:52.177 I/am_pss ( 1505): [9308,10096,com.tencent.tmgp.sgame:xg_vip_service,18778112,14807040,61440,106168320,0,3,5]
12-31 04:17:52.184 I/am_pss ( 1505): [13428,10089,com.android.music,23618560,16531456,60416,135831552,0,18,6]
12-31 04:17:52.405 I/commit_sys_config_file( 1505): [settings-1-0,2]
12-31 04:17:53.859 I/auditd ( 0): type=1400 audit(0.0:12490): avc: denied { kill } for comm="swapper/5" capability=5 scontext=u:r:kernel:s0 tcontext=u:r:kernel:s0 tclass=capability permissive=0
12-31 04:17:54.250 I/input_interaction( 1505): Interaction with: 8572eb5 com.android.systemui/com.android.systemui.screenrecord.ScreenRecordDialog (server), edge-swipe (server), swipe-up (server), PointerEventDispatcher0 (server),
12-31 04:17:54.441 I/wm_finish_activity( 1505): [0,92475750,35,com.android.systemui/.screenrecord.ScreenRecordDialog,app-request]
12-31 04:17:54.442 I/wm_task_moved( 1505): [34,1,10]
12-31 04:17:54.442 I/wm_task_to_front( 1505): [0,34]
