12-31 03:58:08.859 I/auditd ( 0): type=1400 audit(0.0:11103): avc: denied { kill } for comm="swapper/3" capability=5 scontext=u:r:kernel:s0 tcontext=u:r:kernel:s0 tclass=capability permissive=0
12-31 03:58:09.859 I/auditd ( 0): type=1400 audit(0.0:11104): avc: denied { kill } for comm="swapper/3" capability=5 scontext=u:r:kernel:s0 tcontext=u:r:kernel:s0 tclass=capability permissive=0
12-31 03:58:10.859 I/auditd ( 0): type=1400 audit(0.0:11105): avc: denied { kill } for comm="swapper/3" capability=5 scontext=u:r:kernel:s0 tcontext=u:r:kernel:s0 tclass=capability permissive=0
12-31 03:58:11.859 I/auditd ( 0): type=1400 audit(0.0:11106): avc: denied { kill } for comm="swapper/3" capability=5 scontext=u:r:kernel:s0 tcontext=u:r:kernel:s0 tclass=capability permissive=0
12-31 03:58:12.859 I/auditd ( 0): type=1400 audit(0.0:11107): avc: denied { kill } for comm="swapper/3" capability=5 scontext=u:r:kernel:s0 tcontext=u:r:kernel:s0 tclass=capability permissive=0
12-31 03:58:13.859 I/auditd (13001): type=1400 audit(0.0:11108): avc: denied { kill } for comm="kworker/u16:7" capability=5 scontext=u:r:kernel:s0 tcontext=u:r:kernel:s0 tclass=capability permissive=0
12-31 03:58:14.859 I/auditd ( 0): type=1400 audit(0.0:11109): avc: denied { kill } for comm="swapper/3" capability=5 scontext=u:r:kernel:s0 tcontext=u:r:kernel:s0 tclass=capability permissive=0
12-31 03:58:15.859 I/auditd ( 0): type=1400 audit(0.0:11110): avc: denied { kill } for comm="swapper/3" capability=5 scontext=u:r:kernel:s0 tcontext=u:r:kernel:s0 tclass=capability permissive=0
12-31 03:58:16.859 I/auditd ( 0): type=1400 audit(0.0:11111): avc: denied { kill } for comm="swapper/3" capability=5 scontext=u:r:kernel:s0 tcontext=u:r:kernel:s0 tclass=capability permissive=0
12-31 03:58:17.859 I/auditd ( 0): type=1400 audit(0.0:11112): avc: denied { kill } for comm="swapper/3" capability=5 scontext=u:r:kernel:s0 tcontext=u:r:kernel:s0 tclass=capability permissive=0
12-31 03:58:18.859 I/auditd ( 0): type=1400 audit(0.0:11113): avc: denied { kill } for comm="swapper/3" capability=5 scontext=u:r:kernel:s0 tcontext=u:r:kernel:s0 tclass=capability permissive=0
12-31 03:58:19.859 I/auditd ( 0): type=1400 audit(0.0:11114): avc: denied { kill } for comm="swapper/3" capability=5 scontext=u:r:kernel:s0 tcontext=u:r:kernel:s0 tclass=capability permissive=0
12-31 03:58:20.859 I/auditd ( 0): type=1400 audit(0.0:11115): avc: denied { kill } for comm="swapper/3" capability=5 scontext=u:r:kernel:s0 tcontext=u:r:kernel:s0 tclass=capability permissive=0
12-31 03:58:21.859 I/auditd ( 0): type=1400 audit(0.0:11116): avc: denied { kill } for comm="swapper/3" capability=5 scontext=u:r:kernel:s0 tcontext=u:r:kernel:s0 tclass=capability permissive=0
12-31 03:58:22.859 I/auditd ( 0): type=1400 audit(0.0:11117): avc: denied { kill } for comm="swapper/3" capability=5 scontext=u:r:kernel:s0 tcontext=u:r:kernel:s0 tclass=capability permissive=0
12-31 03:58:23.859 I/auditd ( 0): type=1400 audit(0.0:11118): avc: denied { kill } for comm="swapper/3" capability=5 scontext=u:r:kernel:s0 tcontext=u:r:kernel:s0 tclass=capability permissive=0
12-31 03:58:24.859 I/auditd ( 0): type=1400 audit(0.0:11119): avc: denied { kill } for comm="swapper/3" capability=5 scontext=u:r:kernel:s0 tcontext=u:r:kernel:s0 tclass=capability permissive=0
12-31 03:58:25.859 I/auditd ( 0): type=1400 audit(0.0:11120): avc: denied { kill } for comm="swapper/3" capability=5 scontext=u:r:kernel:s0 tcontext=u:r:kernel:s0 tclass=capability permissive=0
12-31 03:58:26.859 I/auditd ( 0): type=1400 audit(0.0:11121): avc: denied { kill } for comm="swapper/3" capability=5 scontext=u:r:kernel:s0 tcontext=u:r:kernel:s0 tclass=capability permissive=0
12-31 03:58:28.859 I/auditd ( 0): type=1400 audit(0.0:11122): avc: denied { kill } for comm="swapper/3" capability=5 scontext=u:r:kernel:s0 tcontext=u:r:kernel:s0 tclass=capability permissive=0
12-31 03:58:29.859 I/auditd ( 0): type=1400 audit(0.0:11123): avc: denied { kill } for comm="swapper/3" capability=5 scontext=u:r:kernel:s0 tcontext=u:r:kernel:s0 tclass=capability permissive=0
12-31 03:58:30.859 I/auditd ( 0): type=1400 audit(0.0:11124): avc: denied { kill } for comm="swapper/3" capability=5 scontext=u:r:kernel:s0 tcontext=u:r:kernel:s0 tclass=capability permissive=0
12-31 03:58:31.859 I/auditd ( 0): type=1400 audit(0.0:11125): avc: denied { kill } for comm="swapper/3" capability=5 scontext=u:r:kernel:s0 tcontext=u:r:kernel:s0 tclass=capability permissive=0
12-31 03:58:32.859 I/auditd ( 0): type=1400 audit(0.0:11126): avc: denied { kill } for comm="swapper/3" capability=5 scontext=u:r:kernel:s0 tcontext=u:r:kernel:s0 tclass=capability permissive=0
12-31 03:58:33.859 I/auditd ( 0): type=1400 audit(0.0:11127): avc: denied { kill } for comm="swapper/3" capability=5 scontext=u:r:kernel:s0 tcontext=u:r:kernel:s0 tclass=capability permissive=0
12-31 03:58:34.859 I/auditd ( 0): type=1400 audit(0.0:11128): avc: denied { kill } for comm="swapper/3" capability=5 scontext=u:r:kernel:s0 tcontext=u:r:kernel:s0 tclass=capability permissive=0
12-31 03:58:35.859 I/auditd ( 0): type=1400 audit(0.0:11129): avc: denied { kill } for comm="swapper/3" capability=5 scontext=u:r:kernel:s0 tcontext=u:r:kernel:s0 tclass=capability permissive=0
12-31 03:58:36.859 I/auditd ( 0): type=1400 audit(0.0:11130): avc: denied { kill } for comm="swapper/3" capability=5 scontext=u:r:kernel:s0 tcontext=u:r:kernel:s0 tclass=capability permissive=0
12-31 03:58:37.794 I/input_interaction( 1505): Interaction with: 8ac82ad com.thundercomm.screensaver/android.service.dreams.DreamActivity (server), edge-swipe (server), swipe-up (server), PointerEventDispatcher0 (server),
12-31 03:58:37.798 I/wm_finish_activity( 1505): [0,56625653,28,com.thundercomm.screensaver/android.service.dreams.DreamActivity,finish-activity]
12-31 03:58:37.798 I/wm_task_moved( 1505): [1,1,8]
12-31 03:58:37.799 I/wm_task_moved( 1505): [9,1,2147483647]
12-31 03:58:37.799 I/wm_task_to_front( 1505): [0,9]
12-31 03:58:37.799 I/wm_focused_root_task( 1505): [0,0,1,28,finish-top adjustFocusToNextFocusableTask]
12-31 03:58:37.800 I/wm_set_resumed_activity( 1505): [0,com.android.launcher3/.uioverrides.QuickstepLauncher,finish-top adjustFocusToNextFocusableTask]
12-31 03:58:37.801 I/wm_pause_activity( 1505): [0,56625653,com.thundercomm.screensaver/android.service.dreams.DreamActivity,userLeaving=false,finish]
12-31 03:58:37.808 I/sysui_multi_action( 1505): [757,803,799,window_time_0,802,6152]
12-31 03:58:37.809 I/wm_on_top_resumed_lost_called(12001): [56625653,android.service.dreams.DreamActivity,topStateChangedWhenResumed]
12-31 03:58:37.809 I/wm_on_paused_called(12001): [56625653,android.service.dreams.DreamActivity,performPause]
12-31 03:58:37.809 I/wm_add_to_stopping( 1505): [0,56625653,com.thundercomm.screensaver/android.service.dreams.DreamActivity,completeFinishing]
12-31 03:58:37.812 I/wm_set_resumed_activity( 1505): [0,com.android.launcher3/.uioverrides.QuickstepLauncher,resumeTopActivityInnerLocked]
12-31 03:58:37.817 I/wm_resume_activity( 1505): [0,83241864,9,com.android.launcher3/.uioverrides.QuickstepLauncher]
12-31 03:58:37.827 I/sysui_multi_action( 1505): [757,803,799,window_time_0,802,0]
12-31 03:58:37.828 I/wm_on_restart_called( 2581): [83241864,com.android.launcher3.uioverrides.QuickstepLauncher,performRestartActivity]
12-31 03:58:37.829 I/wm_on_start_called( 2581): [83241864,com.android.launcher3.uioverrides.QuickstepLauncher,handleStartActivity]
12-31 03:58:37.829 I/wm_on_resume_called( 2581): [83241864,com.android.launcher3.uioverrides.QuickstepLauncher,RESUME_ACTIVITY]
12-31 03:58:37.829 I/wm_on_top_resumed_gained_called( 2581): [83241864,com.android.launcher3.uioverrides.QuickstepLauncher,topWhenResuming]
12-31 03:58:37.836 I/input_focus( 1505): [Focus leaving 8ac82ad com.thundercomm.screensaver/android.service.dreams.DreamActivity (server),reason=NO_WINDOW]
12-31 03:58:37.837 I/view_enqueue_input_event(12001): [Motion - Cancel,com.thundercomm.screensaver/android.service.dreams.DreamActivity]
12-31 03:58:37.838 I/input_focus( 1505): [Focus request 5f64dd7 com.android.launcher3/com.android.launcher3.uioverrides.QuickstepLauncher,reason=UpdateInputWindows]
12-31 03:58:37.843 I/am_uid_active( 1505): 10063
12-31 03:58:37.848 I/input_interaction( 1505): Interaction with: edge-swipe (server), swipe-up (server), PointerEventDispatcher0 (server),
12-31 03:58:37.862 I/am_pss ( 1505): [11073,10036,com.microsoft.emmx,206681088,190951424,58368,336183296,0,16,14]
12-31 03:58:37.863 I/input_focus( 1505): [Focus entering 5f64dd7 com.android.launcher3/com.android.launcher3.uioverrides.QuickstepLauncher (server),reason=setFocusedWindow]
12-31 03:58:37.869 I/am_pss ( 1505): [12686,1000,com.thundercomm.gamemode,22592512,17256448,55296,117710848,0,10,6]
12-31 03:58:37.875 I/am_pss ( 1505): [12669,1000,com.qti.diagservices,8254464,4382720,62464,90849280,0,10,5]
12-31 03:58:38.099 I/wm_destroy_activity( 1505): [0,56625653,28,com.thundercomm.screensaver/android.service.dreams.DreamActivity,finish-imm:idle]
12-31 03:58:38.119 I/wm_on_stop_called(12001): [56625653,android.service.dreams.DreamActivity,LIFECYCLER_STOP_ACTIVITY]
12-31 03:58:38.120 I/wm_on_destroy_called(12001): [56625653,android.service.dreams.DreamActivity,performDestroy]
12-31 03:58:38.126 I/sysui_multi_action( 1505): [757,222,758,2]
12-31 03:58:38.126 I/sysui_multi_action( 1505): [757,804,799,dreaming_minutes,801,102,802,1]
12-31 03:58:38.134 I/wm_task_removed( 1505): [28,removeChild:removeChild last r=ActivityRecord{36009f5 u0 com.thundercomm.screensaver/android.service.dreams.DreamActivity t-1 f}} in t=Task{40fed63 #28 type=dream A=10052:android:com.thundercomm.screensaver/dream U=0 visible=false mode=fullscreen translucent=true sz=0}]
12-31 03:58:38.134 I/wm_task_removed( 1505): [28,removeChild]
12-31 03:58:38.859 I/auditd ( 0): type=1400 audit(0.0:11131): avc: denied { kill } for comm="swapper/3" capability=5 scontext=u:r:kernel:s0 tcontext=u:r:kernel:s0 tclass=capability permissive=0
12-31 03:58:39.859 I/auditd ( 0): type=1400 audit(0.0:11132): avc: denied { kill } for comm="swapper/3" capability=5 scontext=u:r:kernel:s0 tcontext=u:r:kernel:s0 tclass=capability permissive=0
12-31 03:58:40.859 I/auditd ( 0): type=1400 audit(0.0:11133): avc: denied { kill } for comm="swapper/3" capability=5 scontext=u:r:kernel:s0 tcontext=u:r:kernel:s0 tclass=capability permissive=0
12-31 03:58:41.859 I/auditd ( 0): type=1400 audit(0.0:11134): avc: denied { kill } for comm="swapper/3" capability=5 scontext=u:r:kernel:s0 tcontext=u:r:kernel:s0 tclass=capability permissive=0
12-31 03:58:42.859 I/auditd ( 0): type=1400 audit(0.0:11135): avc: denied { kill } for comm="swapper/3" capability=5 scontext=u:r:kernel:s0 tcontext=u:r:kernel:s0 tclass=capability permissive=0
12-31 03:58:43.859 I/auditd ( 0): type=1400 audit(0.0:11136): avc: denied { kill } for comm="swapper/3" capability=5 scontext=u:r:kernel:s0 tcontext=u:r:kernel:s0 tclass=capability permissive=0
12-31 03:58:44.859 I/auditd ( 0): type=1400 audit(0.0:11137): avc: denied { kill } for comm="swapper/3" capability=5 scontext=u:r:kernel:s0 tcontext=u:r:kernel:s0 tclass=capability permissive=0
12-31 03:58:45.859 I/auditd ( 0): type=1400 audit(0.0:11138): avc: denied { kill } for comm="swapper/3" capability=5 scontext=u:r:kernel:s0 tcontext=u:r:kernel:s0 tclass=capability permissive=0
12-31 03:58:46.859 I/auditd ( 0): type=1400 audit(0.0:11139): avc: denied { kill } for comm="swapper/3" capability=5 scontext=u:r:kernel:s0 tcontext=u:r:kernel:s0 tclass=capability permissive=0
12-31 03:58:47.859 I/auditd ( 0): type=1400 audit(0.0:11140): avc: denied { kill } for comm="swapper/3" capability=5 scontext=u:r:kernel:s0 tcontext=u:r:kernel:s0 tclass=capability permissive=0
12-31 03:58:48.859 I/auditd ( 0): type=1400 audit(0.0:11141): avc: denied { kill } for comm="swapper/3" capability=5 scontext=u:r:kernel:s0 tcontext=u:r:kernel:s0 tclass=capability permissive=0
12-31 03:58:49.859 I/auditd ( 0): type=1400 audit(0.0:11142): avc: denied { kill } for comm="swapper/3" capability=5 scontext=u:r:kernel:s0 tcontext=u:r:kernel:s0 tclass=capability permissive=0
12-31 03:58:50.859 I/auditd ( 0): type=1400 audit(0.0:11143): avc: denied { kill } for comm="swapper/3" capability=5 scontext=u:r:kernel:s0 tcontext=u:r:kernel:s0 tclass=capability permissive=0
12-31 03:58:51.859 I/auditd ( 0): type=1400 audit(0.0:11144): avc: denied { kill } for comm="swapper/3" capability=5 scontext=u:r:kernel:s0 tcontext=u:r:kernel:s0 tclass=capability permissive=0
12-31 03:58:52.859 I/auditd ( 0): type=1400 audit(0.0:11145): avc: denied { kill } for comm="swapper/3" capability=5 scontext=u:r:kernel:s0 tcontext=u:r:kernel:s0 tclass=capability permissive=0
12-31 03:58:53.859 I/auditd ( 0): type=1400 audit(0.0:11146): avc: denied { kill } for comm="swapper/3" capability=5 scontext=u:r:kernel:s0 tcontext=u:r:kernel:s0 tclass=capability permissive=0
12-31 03:58:54.859 I/auditd ( 0): type=1400 audit(0.0:11147): avc: denied { kill } for comm="swapper/3" capability=5 scontext=u:r:kernel:s0 tcontext=u:r:kernel:s0 tclass=capability permissive=0
12-31 03:58:55.859 I/auditd ( 0): type=1400 audit(0.0:11148): avc: denied { kill } for comm="swapper/3" capability=5 scontext=u:r:kernel:s0 tcontext=u:r:kernel:s0 tclass=capability permissive=0
12-31 03:58:56.859 I/auditd ( 0): type=1400 audit(0.0:11149): avc: denied { kill } for comm="swapper/3" capability=5 scontext=u:r:kernel:s0 tcontext=u:r:kernel:s0 tclass=capability permissive=0
12-31 03:58:57.859 I/auditd ( 0): type=1400 audit(0.0:11150): avc: denied { kill } for comm="swapper/3" capability=5 scontext=u:r:kernel:s0 tcontext=u:r:kernel:s0 tclass=capability permissive=0
12-31 03:58:58.859 I/auditd ( 0): type=1400 audit(0.0:11151): avc: denied { kill } for comm="swapper/3" capability=5 scontext=u:r:kernel:s0 tcontext=u:r:kernel:s0 tclass=capability permissive=0
12-31 03:58:59.859 I/auditd ( 0): type=1400 audit(0.0:11152): avc: denied { kill } for comm="swapper/3" capability=5 scontext=u:r:kernel:s0 tcontext=u:r:kernel:s0 tclass=capability permissive=0
12-31 03:59:00.541 I/am_uid_active( 1505): 10096
12-31 03:59:00.859 I/auditd ( 0): type=1400 audit(0.0:11153): avc: denied { kill } for comm="swapper/3" capability=5 scontext=u:r:kernel:s0 tcontext=u:r:kernel:s0 tclass=capability permissive=0
12-31 03:59:01.859 I/auditd ( 0): type=1400 audit(0.0:11154): avc: denied { kill } for comm="swapper/3" capability=5 scontext=u:r:kernel:s0 tcontext=u:r:kernel:s0 tclass=capability permissive=0
12-31 03:59:02.859 I/auditd ( 0): type=1400 audit(0.0:11155): avc: denied { kill } for comm="swapper/3" capability=5 scontext=u:r:kernel:s0 tcontext=u:r:kernel:s0 tclass=capability permissive=0
12-31 03:59:03.859 I/auditd ( 0): type=1400 audit(0.0:11156): avc: denied { kill } for comm="swapper/3" capability=5 scontext=u:r:kernel:s0 tcontext=u:r:kernel:s0 tclass=capability permissive=0
12-31 03:59:04.859 I/auditd ( 0): type=1400 audit(0.0:11157): avc: denied { kill } for comm="swapper/3" capability=5 scontext=u:r:kernel:s0 tcontext=u:r:kernel:s0 tclass=capability permissive=0
12-31 03:59:05.859 I/auditd ( 0): type=1400 audit(0.0:11158): avc: denied { kill } for comm="swapper/3" capability=5 scontext=u:r:kernel:s0 tcontext=u:r:kernel:s0 tclass=capability permissive=0
12-31 03:59:06.859 I/auditd ( 0): type=1400 audit(0.0:11159): avc: denied { kill } for comm="swapper/3" capability=5 scontext=u:r:kernel:s0 tcontext=u:r:kernel:s0 tclass=capability permissive=0
12-31 03:59:07.859 I/auditd ( 0): type=1400 audit(0.0:11160): avc: denied { kill } for comm="swapper/3" capability=5 scontext=u:r:kernel:s0 tcontext=u:r:kernel:s0 tclass=capability permissive=0
12-31 03:59:08.859 I/auditd ( 0): type=1400 audit(0.0:11161): avc: denied { kill } for comm="swapper/3" capability=5 scontext=u:r:kernel:s0 tcontext=u:r:kernel:s0 tclass=capability permissive=0
12-31 03:59:09.859 I/auditd ( 0): type=1400 audit(0.0:11162): avc: denied { kill } for comm="swapper/3" capability=5 scontext=u:r:kernel:s0 tcontext=u:r:kernel:s0 tclass=capability permissive=0
12-31 03:59:10.859 I/auditd ( 0): type=1400 audit(0.0:11163): avc: denied { kill } for comm="swapper/3" capability=5 scontext=u:r:kernel:s0 tcontext=u:r:kernel:s0 tclass=capability permissive=0
12-31 03:59:11.859 I/auditd ( 0): type=1400 audit(0.0:11164): avc: denied { kill } for comm="swapper/3" capability=5 scontext=u:r:kernel:s0 tcontext=u:r:kernel:s0 tclass=capability permissive=0
12-31 03:59:12.859 I/auditd ( 0): type=1400 audit(0.0:11165): avc: denied { kill } for comm="swapper/3" capability=5 scontext=u:r:kernel:s0 tcontext=u:r:kernel:s0 tclass=capability permissive=0
12-31 03:59:13.859 I/auditd ( 0): type=1400 audit(0.0:11166): avc: denied { kill } for comm="swapper/3" capability=5 scontext=u:r:kernel:s0 tcontext=u:r:kernel:s0 tclass=capability permissive=0
12-31 03:59:14.859 I/auditd ( 0): type=1400 audit(0.0:11167): avc: denied { kill } for comm="swapper/3" capability=5 scontext=u:r:kernel:s0 tcontext=u:r:kernel:s0 tclass=capability permissive=0
12-31 03:59:15.859 I/auditd ( 0): type=1400 audit(0.0:11168): avc: denied { kill } for comm="swapper/3" capability=5 scontext=u:r:kernel:s0 tcontext=u:r:kernel:s0 tclass=capability permissive=0
12-31 03:59:16.859 I/auditd ( 0): type=1400 audit(0.0:11169): avc: denied { kill } for comm="swapper/3" capability=5 scontext=u:r:kernel:s0 tcontext=u:r:kernel:s0 tclass=capability permissive=0
12-31 03:59:17.859 I/auditd ( 0): type=1400 audit(0.0:11170): avc: denied { kill } for comm="swapper/3" capability=5 scontext=u:r:kernel:s0 tcontext=u:r:kernel:s0 tclass=capability permissive=0
12-31 03:59:18.859 I/auditd ( 0): type=1400 audit(0.0:11171): avc: denied { kill } for comm="swapper/3" capability=5 scontext=u:r:kernel:s0 tcontext=u:r:kernel:s0 tclass=capability permissive=0
12-31 03:59:19.859 I/auditd ( 0): type=1400 audit(0.0:11172): avc: denied { kill } for comm="swapper/3" capability=5 scontext=u:r:kernel:s0 tcontext=u:r:kernel:s0 tclass=capability permissive=0
12-31 03:59:20.859 I/auditd ( 0): type=1400 audit(0.0:11173): avc: denied { kill } for comm="swapper/3" capability=5 scontext=u:r:kernel:s0 tcontext=u:r:kernel:s0 tclass=capability permissive=0
12-31 03:59:21.859 I/auditd ( 0): type=1400 audit(0.0:11174): avc: denied { kill } for comm="swapper/3" capability=5 scontext=u:r:kernel:s0 tcontext=u:r:kernel:s0 tclass=capability permissive=0
12-31 03:59:22.859 I/auditd ( 0): type=1400 audit(0.0:11175): avc: denied { kill } for comm="swapper/3" capability=5 scontext=u:r:kernel:s0 tcontext=u:r:kernel:s0 tclass=capability permissive=0
12-31 03:59:23.859 I/auditd ( 0): type=1400 audit(0.0:11176): avc: denied { kill } for comm="swapper/3" capability=5 scontext=u:r:kernel:s0 tcontext=u:r:kernel:s0 tclass=capability permissive=0
12-31 03:59:24.026 I/netstats_mobile_sample( 1505): [0,0,0,0,0,0,0,0,0,0,0,0,1672430364026]
12-31 03:59:24.026 I/netstats_wifi_sample( 1505): [7945990972,5536176,198023962,2227111,7945990972,5536176,198023962,2227111,7952993131,5595356,160367273,2142098,1672430364026]
12-31 03:59:24.859 I/auditd ( 0): type=1400 audit(0.0:11177): avc: denied { kill } for comm="swapper/3" capability=5 scontext=u:r:kernel:s0 tcontext=u:r:kernel:s0 tclass=capability permissive=0
12-31 03:59:25.859 I/auditd ( 0): type=1400 audit(0.0:11178): avc: denied { kill } for comm="swapper/3" capability=5 scontext=u:r:kernel:s0 tcontext=u:r:kernel:s0 tclass=capability permissive=0
12-31 03:59:26.859 I/auditd ( 0): type=1400 audit(0.0:11179): avc: denied { kill } for comm="swapper/3" capability=5 scontext=u:r:kernel:s0 tcontext=u:r:kernel:s0 tclass=capability permissive=0
12-31 03:59:27.859 I/auditd ( 0): type=1400 audit(0.0:11180): avc: denied { kill } for comm="swapper/3" capability=5 scontext=u:r:kernel:s0 tcontext=u:r:kernel:s0 tclass=capability permissive=0
12-31 03:59:29.859 I/auditd ( 0): type=1400 audit(0.0:11181): avc: denied { kill } for comm="swapper/3" capability=5 scontext=u:r:kernel:s0 tcontext=u:r:kernel:s0 tclass=capability permissive=0
12-31 03:59:30.859 I/auditd ( 0): type=1400 audit(0.0:11182): avc: denied { kill } for comm="swapper/3" capability=5 scontext=u:r:kernel:s0 tcontext=u:r:kernel:s0 tclass=capability permissive=0
12-31 03:59:30.907 I/sysui_multi_action( 1505): [757,1696,758,6,759,2]
12-31 03:59:30.926 I/am_wtf ( 1505): [0,1505,system_server,-1,DisplayDeviceConfig,requesting nits when no mapping exists.]
12-31 03:59:30.929 I/am_wtf ( 1505): [0,1505,system_server,-1,DisplayDeviceConfig,requesting nits when no mapping exists.]
12-31 03:59:30.933 I/am_wtf ( 1505): [0,1505,system_server,-1,DisplayDeviceConfig,requesting nits when no mapping exists.]
12-31 03:59:30.935 I/am_wtf ( 1505): [0,1505,system_server,-1,DisplayDeviceConfig,requesting nits when no mapping exists.]
12-31 03:59:30.940 I/am_wtf ( 1505): [0,1505,system_server,-1,DisplayDeviceConfig,requesting nits when no mapping exists.]
12-31 03:59:30.941 I/am_wtf ( 1505): [0,1505,system_server,-1,DisplayDeviceConfig,requesting nits when no mapping exists.]
12-31 03:59:30.956 I/am_wtf ( 1505): [0,1505,system_server,-1,DisplayDeviceConfig,requesting nits when no mapping exists.]
12-31 03:59:30.956 I/am_wtf ( 1505): [0,1505,system_server,-1,DisplayDeviceConfig,requesting nits when no mapping exists.]
12-31 03:59:30.974 I/am_wtf ( 1505): [0,1505,system_server,-1,DisplayDeviceConfig,requesting nits when no mapping exists.]
12-31 03:59:30.975 I/am_wtf ( 1505): [0,1505,system_server,-1,DisplayDeviceConfig,requesting nits when no mapping exists.]
12-31 03:59:30.990 I/am_wtf ( 1505): [0,1505,system_server,-1,DisplayDeviceConfig,requesting nits when no mapping exists.]
12-31 03:59:30.991 I/am_wtf ( 1505): [0,1505,system_server,-1,DisplayDeviceConfig,requesting nits when no mapping exists.]
12-31 03:59:31.007 I/am_wtf ( 1505): [0,1505,system_server,-1,DisplayDeviceConfig,requesting nits when no mapping exists.]
12-31 03:59:31.008 I/am_wtf ( 1505): [0,1505,system_server,-1,DisplayDeviceConfig,requesting nits when no mapping exists.]
12-31 03:59:31.023 I/am_wtf ( 1505): [0,1505,system_server,-1,DisplayDeviceConfig,requesting nits when no mapping exists.]
12-31 03:59:31.024 I/am_wtf ( 1505): [0,1505,system_server,-1,DisplayDeviceConfig,requesting nits when no mapping exists.]
12-31 03:59:31.040 I/am_wtf ( 1505): [0,1505,system_server,-1,DisplayDeviceConfig,requesting nits when no mapping exists.]
12-31 03:59:31.041 I/am_wtf ( 1505): [0,1505,system_server,-1,DisplayDeviceConfig,requesting nits when no mapping exists.]
12-31 03:59:31.058 I/am_wtf ( 1505): [0,1505,system_server,-1,DisplayDeviceConfig,requesting nits when no mapping exists.]
12-31 03:59:31.059 I/service_manager_stats( 1505): [100,56,2697192]
12-31 03:59:31.059 I/am_wtf ( 1505): [0,1505,system_server,-1,DisplayDeviceConfig,requesting nits when no mapping exists.]
12-31 03:59:31.074 I/am_wtf ( 1505): [0,1505,system_server,-1,DisplayDeviceConfig,requesting nits when no mapping exists.]
12-31 03:59:31.075 I/am_wtf ( 1505): [0,1505,system_server,-1,DisplayDeviceConfig,requesting nits when no mapping exists.]
12-31 03:59:31.091 I/am_wtf ( 1505): [0,1505,system_server,-1,DisplayDeviceConfig,requesting nits when no mapping exists.]
12-31 03:59:31.092 I/am_wtf ( 1505): [0,1505,system_server,-1,DisplayDeviceConfig,requesting nits when no mapping exists.]
12-31 03:59:31.108 I/am_wtf ( 1505): [0,1505,system_server,-1,DisplayDeviceConfig,requesting nits when no mapping exists.]
12-31 03:59:31.109 I/am_wtf ( 1505): [0,1505,system_server,-1,DisplayDeviceConfig,requesting nits when no mapping exists.]
12-31 03:59:31.124 I/am_wtf ( 1505): [0,1505,system_server,-1,DisplayDeviceConfig,requesting nits when no mapping exists.]
12-31 03:59:31.125 I/am_wtf ( 1505): [0,1505,system_server,-1,DisplayDeviceConfig,requesting nits when no mapping exists.]
12-31 03:59:31.141 I/am_wtf ( 1505): [0,1505,system_server,-1,DisplayDeviceConfig,requesting nits when no mapping exists.]
12-31 03:59:31.142 I/am_wtf ( 1505): [0,1505,system_server,-1,DisplayDeviceConfig,requesting nits when no mapping exists.]
12-31 03:59:31.157 I/am_wtf ( 1505): [0,1505,system_server,-1,DisplayDeviceConfig,requesting nits when no mapping exists.]
12-31 03:59:31.158 I/am_wtf ( 1505): [0,1505,system_server,-1,DisplayDeviceConfig,requesting nits when no mapping exists.]
12-31 03:59:31.174 I/am_wtf ( 1505): [0,1505,system_server,-1,DisplayDeviceConfig,requesting nits when no mapping exists.]
12-31 03:59:31.175 I/am_wtf ( 1505): [0,1505,system_server,-1,DisplayDeviceConfig,requesting nits when no mapping exists.]
12-31 03:59:31.190 I/am_wtf ( 1505): [0,1505,system_server,-1,DisplayDeviceConfig,requesting nits when no mapping exists.]
12-31 03:59:31.191 I/am_wtf ( 1505): [0,1505,system_server,-1,DisplayDeviceConfig,requesting nits when no mapping exists.]
12-31 03:59:31.208 I/am_wtf ( 1505): [0,1505,system_server,-1,DisplayDeviceConfig,requesting nits when no mapping exists.]
12-31 03:59:31.209 I/am_wtf ( 1505): [0,1505,system_server,-1,DisplayDeviceConfig,requesting nits when no mapping exists.]
12-31 03:59:31.224 I/am_wtf ( 1505): [0,1505,system_server,-1,DisplayDeviceConfig,requesting nits when no mapping exists.]
12-31 03:59:31.225 I/am_wtf ( 1505): [0,1505,system_server,-1,DisplayDeviceConfig,requesting nits when no mapping exists.]
12-31 03:59:31.241 I/am_wtf ( 1505): [0,1505,system_server,-1,DisplayDeviceConfig,requesting nits when no mapping exists.]
12-31 03:59:31.242 I/am_wtf ( 1505): [0,1505,system_server,-1,DisplayDeviceConfig,requesting nits when no mapping exists.]
12-31 03:59:31.258 I/am_wtf ( 1505): [0,1505,system_server,-1,DisplayDeviceConfig,requesting nits when no mapping exists.]
12-31 03:59:31.259 I/am_wtf ( 1505): [0,1505,system_server,-1,DisplayDeviceConfig,requesting nits when no mapping exists.]
12-31 03:59:31.274 I/am_wtf ( 1505): [0,1505,system_server,-1,DisplayDeviceConfig,requesting nits when no mapping exists.]
12-31 03:59:31.274 I/am_wtf ( 1505): [0,1505,system_server,-1,DisplayDeviceConfig,requesting nits when no mapping exists.]
12-31 03:59:31.291 I/am_wtf ( 1505): [0,1505,system_server,-1,DisplayDeviceConfig,requesting nits when no mapping exists.]
12-31 03:59:31.292 I/am_wtf ( 1505): [0,1505,system_server,-1,DisplayDeviceConfig,requesting nits when no mapping exists.]
12-31 03:59:31.308 I/am_wtf ( 1505): [0,1505,system_server,-1,DisplayDeviceConfig,requesting nits when no mapping exists.]
12-31 03:59:31.309 I/am_wtf ( 1505): [0,1505,system_server,-1,DisplayDeviceConfig,requesting nits when no mapping exists.]
12-31 03:59:31.324 I/am_wtf ( 1505): [0,1505,system_server,-1,DisplayDeviceConfig,requesting nits when no mapping exists.]
12-31 03:59:31.325 I/am_wtf ( 1505): [0,1505,system_server,-1,DisplayDeviceConfig,requesting nits when no mapping exists.]
12-31 03:59:31.342 I/am_wtf ( 1505): [0,1505,system_server,-1,DisplayDeviceConfig,requesting nits when no mapping exists.]
12-31 03:59:31.343 I/am_wtf ( 1505): [0,1505,system_server,-1,DisplayDeviceConfig,requesting nits when no mapping exists.]
12-31 03:59:31.358 I/am_wtf ( 1505): [0,1505,system_server,-1,DisplayDeviceConfig,requesting nits when no mapping exists.]
12-31 03:59:31.358 I/am_wtf ( 1505): [0,1505,system_server,-1,DisplayDeviceConfig,requesting nits when no mapping exists.]
12-31 03:59:31.374 I/am_wtf ( 1505): [0,1505,system_server,-1,DisplayDeviceConfig,requesting nits when no mapping exists.]
12-31 03:59:31.375 I/am_wtf ( 1505): [0,1505,system_server,-1,DisplayDeviceConfig,requesting nits when no mapping exists.]
12-31 03:59:31.391 I/am_wtf ( 1505): [0,1505,system_server,-1,DisplayDeviceConfig,requesting nits when no mapping exists.]
12-31 03:59:31.392 I/am_wtf ( 1505): [0,1505,system_server,-1,DisplayDeviceConfig,requesting nits when no mapping exists.]
12-31 03:59:31.408 I/am_wtf ( 1505): [0,1505,system_server,-1,DisplayDeviceConfig,requesting nits when no mapping exists.]
12-31 03:59:31.409 I/am_wtf ( 1505): [0,1505,system_server,-1,DisplayDeviceConfig,requesting nits when no mapping exists.]
12-31 03:59:31.859 I/auditd ( 0): type=1400 audit(0.0:11183): avc: denied { kill } for comm="swapper/3" capability=5 scontext=u:r:kernel:s0 tcontext=u:r:kernel:s0 tclass=capability permissive=0
12-31 03:59:32.859 I/auditd ( 0): type=1400 audit(0.0:11184): avc: denied { kill } for comm="swapper/3" capability=5 scontext=u:r:kernel:s0 tcontext=u:r:kernel:s0 tclass=capability permissive=0
12-31 03:59:33.859 I/auditd ( 0): type=1400 audit(0.0:11185): avc: denied { kill } for comm="swapper/3" capability=5 scontext=u:r:kernel:s0 tcontext=u:r:kernel:s0 tclass=capability permissive=0
12-31 03:59:34.859 I/auditd ( 0): type=1400 audit(0.0:11186): avc: denied { kill } for comm="swapper/3" capability=5 scontext=u:r:kernel:s0 tcontext=u:r:kernel:s0 tclass=capability permissive=0
12-31 03:59:35.859 I/auditd ( 0): type=1400 audit(0.0:11187): avc: denied { kill } for comm="swapper/3" capability=5 scontext=u:r:kernel:s0 tcontext=u:r:kernel:s0 tclass=capability permissive=0
12-31 03:59:36.859 I/auditd ( 0): type=1400 audit(0.0:11188): avc: denied { kill } for comm="swapper/3" capability=5 scontext=u:r:kernel:s0 tcontext=u:r:kernel:s0 tclass=capability permissive=0
12-31 03:59:37.859 I/auditd ( 0): type=1400 audit(0.0:11189): avc: denied { kill } for comm="swapper/3" capability=5 scontext=u:r:kernel:s0 tcontext=u:r:kernel:s0 tclass=capability permissive=0
12-31 03:59:38.106 I/sysui_multi_action( 1505): [757,222,758,1]
12-31 03:59:38.125 I/wm_task_created( 1505): [29,-1]
12-31 03:59:38.129 I/wm_task_moved( 1505): [29,1,9]
12-31 03:59:38.129 I/wm_task_to_front( 1505): [0,29]
12-31 03:59:38.130 I/wm_create_task( 1505): [0,29]
12-31 03:59:38.130 I/wm_create_activity( 1505): [0,231507979,29,com.thundercomm.screensaver/android.service.dreams.DreamActivity,NULL,NULL,NULL,276824064]
12-31 03:59:38.130 I/wm_task_moved( 1505): [29,1,9]
12-31 03:59:38.130 I/wm_on_top_resumed_lost_called( 2581): [83241864,com.android.launcher3.uioverrides.QuickstepLauncher,topStateChangedWhenResumed]
12-31 03:59:38.131 I/wm_pause_activity( 1505): [0,83241864,com.android.launcher3/.uioverrides.QuickstepLauncher,userLeaving=true,pauseBackTasks]
12-31 03:59:38.132 I/am_pss ( 1505): [12705,10063,com.thundercomm.gamemode.provider,9367552,5885952,63488,92262400,0,19,6]
12-31 03:59:38.132 I/wm_on_paused_called( 2581): [83241864,com.android.launcher3.uioverrides.QuickstepLauncher,performPause]
12-31 03:59:38.134 I/wm_add_to_stopping( 1505): [0,83241864,com.android.launcher3/.uioverrides.QuickstepLauncher,makeInvisible]
12-31 03:59:38.135 I/wm_restart_activity( 1505): [0,231507979,29,com.thundercomm.screensaver/android.service.dreams.DreamActivity]
12-31 03:59:38.135 I/wm_set_resumed_activity( 1505): [0,com.thundercomm.screensaver/android.service.dreams.DreamActivity,minimalResumeActivityLocked]
12-31 03:59:38.138 I/sysui_multi_action( 1505): [757,803,799,window_time_0,802,60]
12-31 03:59:38.139 I/am_pss ( 1505): [12686,1000,com.thundercomm.gamemode,22706176,17350656,55296,118083584,0,10,6]
12-31 03:59:38.141 I/wm_on_create_called(12001): [231507979,android.service.dreams.DreamActivity,performCreate]
12-31 03:59:38.141 I/wm_on_start_called(12001): [231507979,android.service.dreams.DreamActivity,handleStartActivity]
12-31 03:59:38.141 I/wm_on_resume_called(12001): [231507979,android.service.dreams.DreamActivity,RESUME_ACTIVITY]
12-31 03:59:38.143 I/wm_on_top_resumed_gained_called(12001): [231507979,android.service.dreams.DreamActivity,topStateChangedWhenResumed]
12-31 03:59:38.145 I/am_pss ( 1505): [12669,1000,com.qti.diagservices,8254464,4382720,62464,90849280,0,10,6]
12-31 03:59:38.157 I/input_focus( 1505): [Focus request 9e76ba6 com.thundercomm.screensaver/android.service.dreams.DreamActivity,reason=UpdateInputWindows]
12-31 03:59:38.158 I/input_focus( 1505): [Focus leaving 5f64dd7 com.android.launcher3/com.android.launcher3.uioverrides.QuickstepLauncher (server),reason=NO_WINDOW]
12-31 03:59:38.166 I/sysui_multi_action( 1505): [319,43,322,43,325,9904,757,761,758,8,759,2,806,com.thundercomm.screensaver,871,android.service.dreams.DreamActivity,904,com.thundercomm.screensaver,905,0,1320,4,1321,2]
12-31 03:59:38.166 I/sysui_multi_action( 1505): [757,1696,758,6,759,3]
12-31 03:59:38.167 I/wm_activity_launch_time( 1505): [0,231507979,com.thundercomm.screensaver/android.service.dreams.DreamActivity,43]
12-31 03:59:38.173 I/am_wtf ( 1505): [0,1505,system_server,-1,DisplayDeviceConfig,requesting nits when no mapping exists.]
12-31 03:59:38.173 I/am_wtf ( 1505): [0,1505,system_server,-1,DisplayDeviceConfig,requesting nits when no mapping exists.]
12-31 03:59:38.190 I/am_wtf ( 1505): [0,1505,system_server,-1,DisplayDeviceConfig,requesting nits when no mapping exists.]
12-31 03:59:38.190 I/am_wtf ( 1505): [0,1505,system_server,-1,DisplayDeviceConfig,requesting nits when no mapping exists.]
12-31 03:59:38.190 I/input_focus( 1505): [Focus entering 9e76ba6 com.thundercomm.screensaver/android.service.dreams.DreamActivity (server),reason=Window became focusable. Previous reason: NOT_VISIBLE]
12-31 03:59:38.206 I/am_wtf ( 1505): [0,1505,system_server,-1,DisplayDeviceConfig,requesting nits when no mapping exists.]
12-31 03:59:38.207 I/am_wtf ( 1505): [0,1505,system_server,-1,DisplayDeviceConfig,requesting nits when no mapping exists.]
12-31 03:59:38.223 I/am_wtf ( 1505): [0,1505,system_server,-1,DisplayDeviceConfig,requesting nits when no mapping exists.]
12-31 03:59:38.223 I/am_wtf ( 1505): [0,1505,system_server,-1,DisplayDeviceConfig,requesting nits when no mapping exists.]
12-31 03:59:38.240 I/am_wtf ( 1505): [0,1505,system_server,-1,DisplayDeviceConfig,requesting nits when no mapping exists.]
12-31 03:59:38.241 I/am_wtf ( 1505): [0,1505,system_server,-1,DisplayDeviceConfig,requesting nits when no mapping exists.]
12-31 03:59:38.256 I/am_wtf ( 1505): [0,1505,system_server,-1,DisplayDeviceConfig,requesting nits when no mapping exists.]
12-31 03:59:38.257 I/am_wtf ( 1505): [0,1505,system_server,-1,DisplayDeviceConfig,requesting nits when no mapping exists.]
12-31 03:59:38.274 I/am_wtf ( 1505): [0,1505,system_server,-1,DisplayDeviceConfig,requesting nits when no mapping exists.]
12-31 03:59:38.274 I/am_wtf ( 1505): [0,1505,system_server,-1,DisplayDeviceConfig,requesting nits when no mapping exists.]
12-31 03:59:38.290 I/am_wtf ( 1505): [0,1505,system_server,-1,DisplayDeviceConfig,requesting nits when no mapping exists.]
12-31 03:59:38.291 I/am_wtf ( 1505): [0,1505,system_server,-1,DisplayDeviceConfig,requesting nits when no mapping exists.]
12-31 03:59:38.306 I/am_wtf ( 1505): [0,1505,system_server,-1,DisplayDeviceConfig,requesting nits when no mapping exists.]
12-31 03:59:38.307 I/am_wtf ( 1505): [0,1505,system_server,-1,DisplayDeviceConfig,requesting nits when no mapping exists.]
12-31 03:59:38.324 I/am_wtf ( 1505): [0,1505,system_server,-1,DisplayDeviceConfig,requesting nits when no mapping exists.]
12-31 03:59:38.324 I/am_wtf ( 1505): [0,1505,system_server,-1,DisplayDeviceConfig,requesting nits when no mapping exists.]
12-31 03:59:38.340 I/am_wtf ( 1505): [0,1505,system_server,-1,DisplayDeviceConfig,requesting nits when no mapping exists.]
12-31 03:59:38.341 I/am_wtf ( 1505): [0,1505,system_server,-1,DisplayDeviceConfig,requesting nits when no mapping exists.]
12-31 03:59:38.357 I/am_wtf ( 1505): [0,1505,system_server,-1,DisplayDeviceConfig,requesting nits when no mapping exists.]
12-31 03:59:38.358 I/am_wtf ( 1505): [0,1505,system_server,-1,DisplayDeviceConfig,requesting nits when no mapping exists.]
12-31 03:59:38.374 I/am_wtf ( 1505): [0,1505,system_server,-1,DisplayDeviceConfig,requesting nits when no mapping exists.]
12-31 03:59:38.374 I/am_wtf ( 1505): [0,1505,system_server,-1,DisplayDeviceConfig,requesting nits when no mapping exists.]
12-31 03:59:38.391 I/am_wtf ( 1505): [0,1505,system_server,-1,DisplayDeviceConfig,requesting nits when no mapping exists.]
12-31 03:59:38.391 I/am_wtf ( 1505): [0,1505,system_server,-1,DisplayDeviceConfig,requesting nits when no mapping exists.]
12-31 03:59:38.407 I/am_wtf ( 1505): [0,1505,system_server,-1,DisplayDeviceConfig,requesting nits when no mapping exists.]
12-31 03:59:38.407 I/am_wtf ( 1505): [0,1505,system_server,-1,DisplayDeviceConfig,requesting nits when no mapping exists.]
12-31 03:59:38.424 I/am_wtf ( 1505): [0,1505,system_server,-1,DisplayDeviceConfig,requesting nits when no mapping exists.]
12-31 03:59:38.424 I/am_wtf ( 1505): [0,1505,system_server,-1,DisplayDeviceConfig,requesting nits when no mapping exists.]
12-31 03:59:38.440 I/am_wtf ( 1505): [0,1505,system_server,-1,DisplayDeviceConfig,requesting nits when no mapping exists.]
12-31 03:59:38.441 I/am_wtf ( 1505): [0,1505,system_server,-1,DisplayDeviceConfig,requesting nits when no mapping exists.]
12-31 03:59:38.457 I/am_wtf ( 1505): [0,1505,system_server,-1,DisplayDeviceConfig,requesting nits when no mapping exists.]
12-31 03:59:38.457 I/wm_stop_activity( 1505): [0,83241864,com.android.launcher3/.uioverrides.QuickstepLauncher]
12-31 03:59:38.458 I/am_wtf ( 1505): [0,1505,system_server,-1,DisplayDeviceConfig,requesting nits when no mapping exists.]
12-31 03:59:38.474 I/am_wtf ( 1505): [0,1505,system_server,-1,DisplayDeviceConfig,requesting nits when no mapping exists.]
12-31 03:59:38.475 I/am_wtf ( 1505): [0,1505,system_server,-1,DisplayDeviceConfig,requesting nits when no mapping exists.]
12-31 03:59:38.477 I/wm_on_stop_called( 2581): [83241864,com.android.launcher3.uioverrides.QuickstepLauncher,STOP_ACTIVITY_ITEM]
12-31 03:59:38.490 I/am_wtf ( 1505): [0,1505,system_server,-1,DisplayDeviceConfig,requesting nits when no mapping exists.]
12-31 03:59:38.491 I/am_wtf ( 1505): [0,1505,system_server,-1,DisplayDeviceConfig,requesting nits when no mapping exists.]
12-31 03:59:38.508 I/am_wtf ( 1505): [0,1505,system_server,-1,DisplayDeviceConfig,requesting nits when no mapping exists.]
12-31 03:59:38.508 I/am_wtf ( 1505): [0,1505,system_server,-1,DisplayDeviceConfig,requesting nits when no mapping exists.]
12-31 03:59:38.524 I/am_wtf ( 1505): [0,1505,system_server,-1,DisplayDeviceConfig,requesting nits when no mapping exists.]
12-31 03:59:38.525 I/am_wtf ( 1505): [0,1505,system_server,-1,DisplayDeviceConfig,requesting nits when no mapping exists.]
12-31 03:59:38.540 I/am_wtf ( 1505): [0,1505,system_server,-1,DisplayDeviceConfig,requesting nits when no mapping exists.]
12-31 03:59:38.541 I/am_wtf ( 1505): [0,1505,system_server,-1,DisplayDeviceConfig,requesting nits when no mapping exists.]
12-31 03:59:38.558 I/am_wtf ( 1505): [0,1505,system_server,-1,DisplayDeviceConfig,requesting nits when no mapping exists.]
12-31 03:59:38.558 I/am_wtf ( 1505): [0,1505,system_server,-1,DisplayDeviceConfig,requesting nits when no mapping exists.]
12-31 03:59:38.575 I/am_wtf ( 1505): [0,1505,system_server,-1,DisplayDeviceConfig,requesting nits when no mapping exists.]
12-31 03:59:38.576 I/am_wtf ( 1505): [0,1505,system_server,-1,DisplayDeviceConfig,requesting nits when no mapping exists.]
12-31 03:59:38.591 I/am_wtf ( 1505): [0,1505,system_server,-1,DisplayDeviceConfig,requesting nits when no mapping exists.]
12-31 03:59:38.592 I/am_wtf ( 1505): [0,1505,system_server,-1,DisplayDeviceConfig,requesting nits when no mapping exists.]
12-31 03:59:38.608 I/am_wtf ( 1505): [0,1505,system_server,-1,DisplayDeviceConfig,requesting nits when no mapping exists.]
12-31 03:59:38.608 I/am_wtf ( 1505): [0,1505,system_server,-1,DisplayDeviceConfig,requesting nits when no mapping exists.]
12-31 03:59:38.625 I/am_wtf ( 1505): [0,1505,system_server,-1,DisplayDeviceConfig,requesting nits when no mapping exists.]
12-31 03:59:38.626 I/service_manager_stats( 1505): [100,33,7567]
12-31 03:59:38.626 I/am_wtf ( 1505): [0,1505,system_server,-1,DisplayDeviceConfig,requesting nits when no mapping exists.]
12-31 03:59:38.642 I/am_wtf ( 1505): [0,1505,system_server,-1,DisplayDeviceConfig,requesting nits when no mapping exists.]
12-31 03:59:38.642 I/am_wtf ( 1505): [0,1505,system_server,-1,DisplayDeviceConfig,requesting nits when no mapping exists.]
12-31 03:59:38.658 I/am_wtf ( 1505): [0,1505,system_server,-1,DisplayDeviceConfig,requesting nits when no mapping exists.]
12-31 03:59:38.659 I/am_wtf ( 1505): [0,1505,system_server,-1,DisplayDeviceConfig,requesting nits when no mapping exists.]
12-31 03:59:38.674 I/am_wtf ( 1505): [0,1505,system_server,-1,DisplayDeviceConfig,requesting nits when no mapping exists.]
12-31 03:59:38.675 I/am_wtf ( 1505): [0,1505,system_server,-1,DisplayDeviceConfig,requesting nits when no mapping exists.]
12-31 03:59:38.859 I/auditd ( 0): type=1400 audit(0.0:11190): avc: denied { kill } for comm="swapper/3" capability=5 scontext=u:r:kernel:s0 tcontext=u:r:kernel:s0 tclass=capability permissive=0
12-31 03:59:39.563 I/input_interaction( 1505): Interaction with: 9e76ba6 com.thundercomm.screensaver/android.service.dreams.DreamActivity (server), edge-swipe (server), swipe-up (server), PointerEventDispatcher0 (server),
12-31 03:59:39.564 I/wm_finish_activity( 1505): [0,231507979,29,com.thundercomm.screensaver/android.service.dreams.DreamActivity,finish-activity]
12-31 03:59:39.564 I/wm_task_moved( 1505): [1,1,8]
12-31 03:59:39.564 I/wm_task_moved( 1505): [9,1,2147483647]
12-31 03:59:39.564 I/wm_task_to_front( 1505): [0,9]
12-31 03:59:39.564 I/wm_focused_root_task( 1505): [0,0,1,29,finish-top adjustFocusToNextFocusableTask]
12-31 03:59:39.564 I/wm_set_resumed_activity( 1505): [0,com.android.launcher3/.uioverrides.QuickstepLauncher,finish-top adjustFocusToNextFocusableTask]
12-31 03:59:39.564 I/wm_pause_activity( 1505): [0,231507979,com.thundercomm.screensaver/android.service.dreams.DreamActivity,userLeaving=false,finish]
12-31 03:59:39.566 I/wm_on_top_resumed_lost_called(12001): [231507979,android.service.dreams.DreamActivity,topStateChangedWhenResumed]
12-31 03:59:39.567 I/wm_on_paused_called(12001): [231507979,android.service.dreams.DreamActivity,performPause]
12-31 03:59:39.567 I/wm_add_to_stopping( 1505): [0,231507979,com.thundercomm.screensaver/android.service.dreams.DreamActivity,completeFinishing]
12-31 03:59:39.568 I/wm_set_resumed_activity( 1505): [0,com.android.launcher3/.uioverrides.QuickstepLauncher,resumeTopActivityInnerLocked]
12-31 03:59:39.568 I/wm_resume_activity( 1505): [0,83241864,9,com.android.launcher3/.uioverrides.QuickstepLauncher]
12-31 03:59:39.570 I/sysui_multi_action( 1505): [757,803,799,window_time_0,802,1]
12-31 03:59:39.571 I/wm_on_restart_called( 2581): [83241864,com.android.launcher3.uioverrides.QuickstepLauncher,performRestartActivity]
12-31 03:59:39.571 I/wm_on_start_called( 2581): [83241864,com.android.launcher3.uioverrides.QuickstepLauncher,handleStartActivity]
12-31 03:59:39.571 I/wm_on_resume_called( 2581): [83241864,com.android.launcher3.uioverrides.QuickstepLauncher,RESUME_ACTIVITY]
12-31 03:59:39.571 I/wm_on_top_resumed_gained_called( 2581): [83241864,com.android.launcher3.uioverrides.QuickstepLauncher,topWhenResuming]
12-31 03:59:39.572 I/sysui_multi_action( 1505): [757,803,799,window_time_0,802,0]
12-31 03:59:39.578 I/input_focus( 1505): [Focus leaving 9e76ba6 com.thundercomm.screensaver/android.service.dreams.DreamActivity (server),reason=NO_WINDOW]
12-31 03:59:39.578 I/view_enqueue_input_event(12001): [Motion - Cancel,com.thundercomm.screensaver/android.service.dreams.DreamActivity]
12-31 03:59:39.580 I/input_focus( 1505): [Focus request 5f64dd7 com.android.launcher3/com.android.launcher3.uioverrides.QuickstepLauncher,reason=UpdateInputWindows]
12-31 03:59:39.588 I/input_interaction( 1505): Interaction with: edge-swipe (server), swipe-up (server), PointerEventDispatcher0 (server),
12-31 03:59:39.595 I/input_focus( 1505): [Focus entering 5f64dd7 com.android.launcher3/com.android.launcher3.uioverrides.QuickstepLauncher (server),reason=setFocusedWindow]
12-31 03:59:39.827 I/wm_destroy_activity( 1505): [0,231507979,29,com.thundercomm.screensaver/android.service.dreams.DreamActivity,finish-imm:idle]
12-31 03:59:39.828 I/wm_on_stop_called(12001): [231507979,android.service.dreams.DreamActivity,LIFECYCLER_STOP_ACTIVITY]
12-31 03:59:39.828 I/wm_on_destroy_called(12001): [231507979,android.service.dreams.DreamActivity,performDestroy]
12-31 03:59:39.830 I/sysui_multi_action( 1505): [757,222,758,2]
12-31 03:59:39.830 I/sysui_multi_action( 1505): [757,804,799,dreaming_minutes,801,0,802,1]
12-31 03:59:39.834 I/wm_task_removed( 1505): [29,removeChild:removeChild last r=ActivityRecord{dcc880b u0 com.thundercomm.screensaver/android.service.dreams.DreamActivity t-1 f}} in t=Task{9fc0fc4 #29 type=dream A=10052:android:com.thundercomm.screensaver/dream U=0 visible=false mode=fullscreen translucent=true sz=0}]
12-31 03:59:39.834 I/wm_task_removed( 1505): [29,removeChild]
12-31 03:59:39.859 I/auditd ( 0): type=1400 audit(0.0:11191): avc: denied { kill } for comm="swapper/3" capability=5 scontext=u:r:kernel:s0 tcontext=u:r:kernel:s0 tclass=capability permissive=0
12-31 03:59:40.859 I/auditd ( 0): type=1400 audit(0.0:11192): avc: denied { kill } for comm="swapper/3" capability=5 scontext=u:r:kernel:s0 tcontext=u:r:kernel:s0 tclass=capability permissive=0
12-31 03:59:40.973 I/input_interaction( 1505): Interaction with: 5f64dd7 com.android.launcher3/com.android.launcher3.uioverrides.QuickstepLauncher (server), 3a8c96a com.android.systemui.ImageWallpaper (server), edge-swipe (server), swipe-up (server), PointerEventDispatcher0 (server),
12-31 03:59:41.126 I/view_enqueue_input_event( 2581): [Motion - Cancel,com.android.launcher3/com.android.launcher3.uioverrides.QuickstepLauncher]
12-31 03:59:41.134 I/input_interaction( 1505): Interaction with: edge-swipe (server), swipe-up (server), PointerEventDispatcher0 (server),
12-31 03:59:41.304 I/commit_sys_config_file( 1505): [settings-1-0,4]
12-31 03:59:41.854 I/commit_sys_config_file( 1505): [settings-1-0,7]
12-31 03:59:41.859 I/auditd ( 0): type=1400 audit(0.0:11193): avc: denied { kill } for comm="swapper/3" capability=5 scontext=u:r:kernel:s0 tcontext=u:r:kernel:s0 tclass=capability permissive=0
12-31 03:59:42.859 I/auditd ( 0): type=1400 audit(0.0:11194): avc: denied { kill } for comm="swapper/3" capability=5 scontext=u:r:kernel:s0 tcontext=u:r:kernel:s0 tclass=capability permissive=0
12-31 03:59:42.971 I/input_interaction( 1505): Interaction with: 5f64dd7 com.android.launcher3/com.android.launcher3.uioverrides.QuickstepLauncher (server), 3a8c96a com.android.systemui.ImageWallpaper (server), edge-swipe (server), swipe-up (server), PointerEventDispatcher0 (server),
12-31 03:59:43.859 I/auditd ( 0): type=1400 audit(0.0:11195): avc: denied { kill } for comm="swapper/3" capability=5 scontext=u:r:kernel:s0 tcontext=u:r:kernel:s0 tclass=capability permissive=0
12-31 03:59:44.546 I/input_interaction( 1505): Interaction with: 1c2e319 StatusBar (server), edge-swipe (server), swipe-up (server), PointerEventDispatcher0 (server),
12-31 03:59:44.550 I/sysui_multi_action( 1996): [757,803,799,panel_open,802,1]
12-31 03:59:44.552 I/sysui_multi_action( 1996): [757,1328,758,4,1326,49,1327,2,1329,0]
12-31 03:59:44.612 I/sysui_multi_action( 1505): [757,127,758,1]
12-31 03:59:44.612 I/sysui_multi_action( 1505): [757,804,799,note_load,801,2,802,1]
12-31 03:59:44.612 I/notification_panel_revealed( 1505): 2
12-31 03:59:44.624 I/input_focus( 1505): [Focus request c825af4 NotificationShade,reason=UpdateInputWindows]
12-31 03:59:44.634 I/sysui_multi_action( 1505): [757,128,758,1,793,8635923,794,0,795,8635923,796,26,798,0,806,android,857,DEVELOPER_IMPORTANT,858,4,947,0,1395,2,1500,8635717,1688,1]
12-31 03:59:44.634 I/sysui_multi_action( 1505): [757,804,799,note_freshness,801,8635923,802,1]
12-31 03:59:44.634 I/notification_visibility( 1505): [-1|android|26|null|1000,1,8635923,8635923,0,0]
12-31 03:59:44.634 I/sysui_multi_action( 1505): [757,128,758,1,793,9900104,794,0,795,9900104,796,32,798,1,806,android,857,USB,858,1,947,0,1395,2,1500,9899644,1688,1]
12-31 03:59:44.634 I/sysui_multi_action( 1505): [757,804,799,note_freshness,801,9900104,802,1]
12-31 03:59:44.634 I/notification_visibility( 1505): [-1|android|32|null|1000,1,9900104,9900104,0,1]
12-31 03:59:44.641 I/input_focus( 1505): [Focus leaving 5f64dd7 com.android.launcher3/com.android.launcher3.uioverrides.QuickstepLauncher (server),reason=setFocusedWindow]
12-31 03:59:44.641 I/input_focus( 1505): [Focus entering c825af4 NotificationShade (server),reason=setFocusedWindow]
12-31 03:59:44.741 I/sysui_multi_action( 1996): [757,111,758,1]
12-31 03:59:44.742 I/sysui_multi_action( 1996): [757,126,758,1,759,126,927,0,928,1,1593,0]
12-31 03:59:44.742 I/sysui_multi_action( 1996): [757,0,758,1,759,0,927,1,928,0,1593,0]
12-31 03:59:44.742 I/sysui_multi_action( 1996): [757,0,758,1,759,0,927,2,928,0,1593,0]
12-31 03:59:44.743 I/sysui_multi_action( 1996): [757,491,758,1,759,491,927,3,928,0,1311,-1,1593,0]
12-31 03:59:44.743 I/sysui_multi_action( 1996): [757,113,758,1,759,113,927,4,928,1,1593,0]
12-31 03:59:44.743 I/sysui_multi_action( 1996): [757,0,758,1,759,0,927,5,928,0,1593,0]
12-31 03:59:44.743 I/sysui_multi_action( 1996): [757,111,758,1]
12-31 03:59:44.743 I/sysui_multi_action( 1996): [757,126,758,1,759,126,927,0,928,1,1593,0]
12-31 03:59:44.743 I/sysui_multi_action( 1996): [757,0,758,1,759,0,927,1,928,0,1593,0]
12-31 03:59:44.744 I/sysui_multi_action( 1996): [757,0,758,1,759,0,927,2,928,0,1593,0]
12-31 03:59:44.744 I/sysui_multi_action( 1996): [757,491,758,1,759,491,927,3,928,0,1311,-1,1593,0]
12-31 03:59:44.859 I/auditd ( 0): type=1400 audit(0.0:11196): avc: denied { kill } for comm="swapper/3" capability=5 scontext=u:r:kernel:s0 tcontext=u:r:kernel:s0 tclass=capability permissive=0
12-31 03:59:45.859 I/auditd ( 0): type=1400 audit(0.0:11197): avc: denied { kill } for comm="swapper/3" capability=5 scontext=u:r:kernel:s0 tcontext=u:r:kernel:s0 tclass=capability permissive=0
12-31 03:59:46.251 I/input_interaction( 1505): Interaction with: c825af4 NotificationShade (server), edge-swipe (server), swipe-up (server), PointerEventDispatcher0 (server),
12-31 03:59:46.668 I/sysui_multi_action( 1996): [757,111,758,2]
12-31 03:59:46.669 I/sysui_multi_action( 1996): [757,111,758,2]
