12-31 04:41:25.885 I/input_focus( 1505): [Focus leaving 8de9c00 com.tencent.tmgp.sgame/com.tencent.tmgp.sgame.SGameActivity (server),reason=NOT_FOCUSABLE]
12-31 04:41:25.885 I/input_focus( 1505): [Focus entering recents_animation_input_consumer (server),reason=setFocusedWindow]
12-31 04:41:25.933 I/commit_sys_config_file( 1505): [settings-1-0,2]
12-31 04:41:26.044 I/sysui_latency( 1505): [8,41]
12-31 04:41:26.357 I/commit_sys_config_file( 1505): [settings-1-0,2]
12-31 04:41:26.788 I/wm_task_moved( 1505): [1,1,8]
12-31 04:41:26.790 I/wm_task_moved( 1505): [9,1,2147483647]
12-31 04:41:26.790 I/wm_task_to_front( 1505): [0,9]
12-31 04:41:26.790 I/wm_focused_root_task( 1505): [0,0,1,45,RecentsAnimation.onAnimationFinished()]
12-31 04:41:26.790 I/wm_on_top_resumed_lost_called(15929): [243050141,com.tencent.tmgp.sgame.SGameActivity,topStateChangedWhenResumed]
12-31 04:41:26.790 I/wm_set_resumed_activity( 1505): [0,com.android.launcher3/.uioverrides.QuickstepLauncher,RecentsAnimation.onAnimationFinished()]
12-31 04:41:26.790 I/wm_pause_activity( 1505): [0,243050141,com.tencent.tmgp.sgame/.SGameActivity,userLeaving=true,pauseBackTasks]
12-31 04:41:26.790 I/wm_add_to_stopping( 1505): [0,243050141,com.tencent.tmgp.sgame/.SGameActivity,makeInvisible]
12-31 04:41:26.791 I/wm_set_resumed_activity( 1505): [0,com.android.launcher3/.uioverrides.QuickstepLauncher,resumeTopActivityInnerLocked]
12-31 04:41:26.791 I/wm_resume_activity( 1505): [0,83241864,9,com.android.launcher3/.uioverrides.QuickstepLauncher]
12-31 04:41:26.792 I/wm_on_resume_called( 2581): [83241864,com.android.launcher3.uioverrides.QuickstepLauncher,RESUME_ACTIVITY]
12-31 04:41:26.795 I/input_focus( 1505): [Focus request 5f64dd7 com.android.launcher3/com.android.launcher3.uioverrides.QuickstepLauncher,reason=UpdateInputWindows]
12-31 04:41:26.797 I/wm_stop_activity( 1505): [0,243050141,com.tencent.tmgp.sgame/.SGameActivity]
12-31 04:41:26.797 I/sysui_multi_action( 1505): [757,803,799,window_time_0,802,18]
12-31 04:41:26.797 I/sysui_multi_action( 1505): [757,803,799,window_time_0,802,0]
12-31 04:41:26.804 I/wm_on_top_resumed_gained_called( 2581): [83241864,com.android.launcher3.uioverrides.QuickstepLauncher,topStateChangedWhenResumed]
12-31 04:41:26.805 I/input_focus( 1505): [Focus leaving recents_animation_input_consumer (server),reason=NOT_VISIBLE]
12-31 04:41:26.821 I/input_focus( 1505): [Focus entering 5f64dd7 com.android.launcher3/com.android.launcher3.uioverrides.QuickstepLauncher (server),reason=setFocusedWindow]
12-31 04:41:26.859 I/auditd ( 0): type=1400 audit(0.0:13990): avc: denied { kill } for comm="swapper/6" capability=5 scontext=u:r:kernel:s0 tcontext=u:r:kernel:s0 tclass=capability permissive=0
12-31 04:41:27.197 I/wm_on_paused_called(15929): [243050141,com.tencent.tmgp.sgame.SGameActivity,performPause]
12-31 04:41:27.201 I/wm_on_stop_called(15929): [243050141,com.tencent.tmgp.sgame.SGameActivity,STOP_ACTIVITY_ITEM]
12-31 04:41:27.859 I/auditd ( 0): type=1400 audit(0.0:13991): avc: denied { kill } for comm="swapper/6" capability=5 scontext=u:r:kernel:s0 tcontext=u:r:kernel:s0 tclass=capability permissive=0
12-31 04:41:28.859 I/auditd ( 0): type=1400 audit(0.0:13992): avc: denied { kill } for comm="swapper/6" capability=5 scontext=u:r:kernel:s0 tcontext=u:r:kernel:s0 tclass=capability permissive=0
12-31 04:41:29.299 I/input_interaction( 1505): Interaction with: 5f64dd7 com.android.launcher3/com.android.launcher3.uioverrides.QuickstepLauncher (server), 3a8c96a com.android.systemui.ImageWallpaper (server), edge-swipe (server), swipe-up (server), PointerEventDispatcher0 (server),
12-31 04:41:29.459 I/view_enqueue_input_event( 2581): [Motion - Cancel,com.android.launcher3/com.android.launcher3.uioverrides.QuickstepLauncher]
12-31 04:41:29.461 I/input_interaction( 1505): Interaction with: edge-swipe (server), swipe-up (server), PointerEventDispatcher0 (server),
12-31 04:41:29.635 I/commit_sys_config_file( 1505): [settings-1-0,5]
12-31 04:41:29.846 I/service_manager_stats( 1505): [100,29,78590]
12-31 04:41:29.859 I/auditd ( 0): type=1400 audit(0.0:13993): avc: denied { kill } for comm="swapper/6" capability=5 scontext=u:r:kernel:s0 tcontext=u:r:kernel:s0 tclass=capability permissive=0
12-31 04:41:30.219 I/commit_sys_config_file( 1505): [settings-1-0,3]
12-31 04:41:30.859 I/auditd ( 0): type=1400 audit(0.0:13994): avc: denied { kill } for comm="swapper/6" capability=5 scontext=u:r:kernel:s0 tcontext=u:r:kernel:s0 tclass=capability permissive=0
12-31 04:41:31.236 I/input_interaction( 1505): Interaction with: 5f64dd7 com.android.launcher3/com.android.launcher3.uioverrides.QuickstepLauncher (server), 3a8c96a com.android.systemui.ImageWallpaper (server), edge-swipe (server), swipe-up (server), PointerEventDispatcher0 (server),
12-31 04:41:31.386 I/wm_task_moved( 1505): [40,1,8]
12-31 04:41:31.386 I/wm_task_to_front( 1505): [0,40]
12-31 04:41:31.387 I/wm_focused_root_task( 1505): [0,0,40,1,bringingFoundTaskToFront]
12-31 04:41:31.387 I/wm_set_resumed_activity( 1505): [0,com.android.settings/.Settings,bringingFoundTaskToFront]
12-31 04:41:31.387 I/wm_new_intent( 1505): [0,2887587,40,com.android.settings/.Settings,android.intent.action.MAIN,NULL,NULL,270532608]
12-31 04:41:31.390 I/wm_pause_activity( 1505): [0,83241864,com.android.launcher3/.uioverrides.QuickstepLauncher,userLeaving=true,pauseBackTasks]
12-31 04:41:31.403 I/wm_on_top_resumed_lost_called( 2581): [83241864,com.android.launcher3.uioverrides.QuickstepLauncher,topStateChangedWhenResumed]
12-31 04:41:31.405 I/wm_on_paused_called( 2581): [83241864,com.android.launcher3.uioverrides.QuickstepLauncher,performPause]
12-31 04:41:31.408 I/wm_set_resumed_activity( 1505): [0,com.android.settings/.Settings,resumeTopActivityInnerLocked]
12-31 04:41:31.408 I/wm_add_to_stopping( 1505): [0,83241864,com.android.launcher3/.uioverrides.QuickstepLauncher,makeInvisible]
12-31 04:41:31.412 I/wm_resume_activity( 1505): [0,2887587,40,com.android.settings/.Settings]
12-31 04:41:31.423 I/sysui_multi_action( 1505): [757,803,799,window_time_0,802,4]
12-31 04:41:31.424 I/wm_on_restart_called(14955): [2887587,com.android.settings.Settings,performRestartActivity]
12-31 04:41:31.433 I/input_focus( 1505): [Focus leaving 5f64dd7 com.android.launcher3/com.android.launcher3.uioverrides.QuickstepLauncher (server),reason=NO_WINDOW]
12-31 04:41:31.436 I/wm_on_start_called(14955): [2887587,com.android.settings.Settings,handleStartActivity]
12-31 04:41:31.437 I/snet_event_log(14955): [120484087,-1,]
12-31 04:41:31.437 I/wm_on_resume_called(14955): [2887587,com.android.settings.Settings,RESUME_ACTIVITY]
12-31 04:41:31.437 I/sysui_multi_action(14955): [757,35,758,1,833,0,1089,0]
12-31 04:41:31.447 I/sysui_multi_action(14955): [757,746,758,1,833,0,1089,0]
12-31 04:41:31.447 D/TelephonyRegistry( 1505): listen oscl: mHasNotifySubscriptionInfoChangedOccurred==false no callback
12-31 04:41:31.451 D/TelephonyRegistry( 1505): listen oscl: mHasNotifySubscriptionInfoChangedOccurred==false no callback
12-31 04:41:31.447 I/auditd ( 566): type=1400 audit(0.0:13995): avc: denied { read } for comm="Binder:566_2" name="wakeup58" dev="sysfs" ino=71727 scontext=u:r:system_suspend:s0 tcontext=u:object_r:sysfs:s0 tclass=dir permissive=0
12-31 04:41:31.447 I/auditd ( 566): type=1400 audit(0.0:13996): avc: denied { read } for comm="Binder:566_2" name="wakeup48" dev="sysfs" ino=67141 scontext=u:r:system_suspend:s0 tcontext=u:object_r:sysfs:s0 tclass=dir permissive=0
12-31 04:41:31.447 I/auditd ( 566): type=1400 audit(0.0:13997): avc: denied { read } for comm="Binder:566_2" name="wakeup4" dev="sysfs" ino=47049 scontext=u:r:system_suspend:s0 tcontext=u:object_r:sysfs:s0 tclass=dir permissive=0
12-31 04:41:31.447 I/auditd ( 566): type=1400 audit(0.0:13998): avc: denied { read } for comm="Binder:566_2" name="wakeup28" dev="sysfs" ino=53114 scontext=u:r:system_suspend:s0 tcontext=u:object_r:sysfs:s0 tclass=dir permissive=0
12-31 04:41:31.447 I/auditd ( 566): type=1400 audit(0.0:13999): avc: denied { read } for comm="Binder:566_2" name="wakeup56" dev="sysfs" ino=71655 scontext=u:r:system_suspend:s0 tcontext=u:object_r:sysfs:s0 tclass=dir permissive=0
12-31 04:41:31.447 I/auditd ( 566): type=1400 audit(0.0:14000): avc: denied { read } for comm="Binder:566_2" name="wakeup2" dev="sysfs" ino=46573 scontext=u:r:system_suspend:s0 tcontext=u:object_r:sysfs:s0 tclass=dir permissive=0
12-31 04:41:31.456 I/wm_on_top_resumed_gained_called(14955): [2887587,com.android.settings.Settings,topWhenResuming]
12-31 04:41:31.461 I/input_focus( 1505): [Focus request adc5c4 com.android.settings/com.android.settings.Settings,reason=UpdateInputWindows]
12-31 04:41:31.467 I/liblog ( 1324): 133
12-31 04:41:31.481 I/sysui_multi_action( 1505): [319,40,321,35,322,97,325,12417,757,761,758,9,759,4,806,com.android.settings,871,com.android.settings.Settings,904,com.android.launcher3,905,0,1320,8,1321,5]
12-31 04:41:31.483 I/input_focus( 1505): [Focus entering adc5c4 com.android.settings/com.android.settings.Settings (server),reason=setFocusedWindow]
12-31 04:41:31.938 I/wm_stop_activity( 1505): [0,83241864,com.android.launcher3/.uioverrides.QuickstepLauncher]
12-31 04:41:31.947 I/wm_on_stop_called( 2581): [83241864,com.android.launcher3.uioverrides.QuickstepLauncher,STOP_ACTIVITY_ITEM]
12-31 04:41:32.289 I/input_interaction( 1505): Interaction with: adc5c4 com.android.settings/com.android.settings.Settings (server), edge-swipe (server), swipe-up (server), PointerEventDispatcher0 (server),
12-31 04:41:33.510 I/liblog ( 1324): 120
12-31 04:41:33.510 I/liblog ( 1324): 4
12-31 04:41:33.609 I/sysui_multi_action(14955): [757,830,758,4,833,0,854,top_level_about_device,1089,0]
12-31 04:41:33.716 I/sysui_multi_action(14955): [757,746,758,2,1089,2269]
12-31 04:41:33.773 I/sysui_multi_action(14955): [757,40,758,1,833,0,1089,38]
12-31 04:41:33.774 W/FeatureConnector(14955): [ImsConnector, 0] connect: not supported.
12-31 04:41:33.776 I/sysui_multi_action(14955): [757,1729,758,4,854,isParalleledControllers:false,1089,42]
12-31 04:41:33.859 I/auditd ( 0): type=1400 audit(0.0:14046): avc: denied { kill } for comm="swapper/1" capability=5 scontext=u:r:kernel:s0 tcontext=u:r:kernel:s0 tclass=capability permissive=0
12-31 04:41:35.032 I/netstats_mobile_sample( 1505): [0,0,0,0,0,0,0,0,0,0,0,0,1672432895031]
12-31 04:41:35.032 I/netstats_wifi_sample( 1505): [7971241997,5577826,227023484,2297531,7971241997,5577826,227023484,2297531,7980826189,5653397,175184569,2180882,1672432895031]
12-31 04:41:36.390 I/sysui_multi_action(14955): [757,830,758,4,833,0,854,top_level_game,1089,0]
12-31 04:41:36.493 I/sysui_multi_action(14955): [757,40,758,2,1089,2720]
12-31 04:41:36.518 I/sysui_multi_action(14955): [757,3000,758,1,833,0,1089,19]
12-31 04:41:36.518 I/sysui_multi_action(14955): [757,1729,758,4,854,isParalleledControllers:false,1089,20]
12-31 04:41:36.859 I/auditd ( 0): type=1400 audit(0.0:14047): avc: denied { kill } for comm="swapper/2" capability=5 scontext=u:r:kernel:s0 tcontext=u:r:kernel:s0 tclass=capability permissive=0
12-31 04:41:37.859 I/auditd ( 0): type=1400 audit(0.0:14048): avc: denied { kill } for comm="swapper/2" capability=5 scontext=u:r:kernel:s0 tcontext=u:r:kernel:s0 tclass=capability permissive=0
12-31 04:41:38.006 I/sysui_multi_action(14955): [757,830,758,4,833,0,854,game_setting_gpu,1089,0]
12-31 04:41:38.021 I/sysui_multi_action(14955): [757,3000,758,2,1089,1502]
12-31 04:41:38.051 I/sysui_multi_action(14955): [757,3000,758,1,833,0,1089,29]
12-31 04:41:38.052 I/sysui_multi_action(14955): [757,1729,758,4,854,isParalleledControllers:false,1089,30]
12-31 04:41:38.859 I/auditd ( 0): type=1400 audit(0.0:14049): avc: denied { kill } for comm="swapper/2" capability=5 scontext=u:r:kernel:s0 tcontext=u:r:kernel:s0 tclass=capability permissive=0
12-31 04:41:39.187 I/sysui_multi_action(14955): [757,830,758,4,833,0,854,game_setting_gpu_custom_dpi,1089,0]
12-31 04:41:39.195 I/input_focus( 1505): [Focus request 2606b4 PopupWindow:592decf,reason=UpdateInputWindows]
12-31 04:41:39.218 I/input_focus( 1505): [Focus leaving adc5c4 com.android.settings/com.android.settings.Settings (server),reason=Waiting for window because NOT_VISIBLE]
12-31 04:41:39.235 I/input_focus( 1505): [Focus entering 2606b4 PopupWindow:592decf (server),reason=Window became focusable. Previous reason: NOT_VISIBLE]
12-31 04:41:39.859 I/auditd ( 0): type=1400 audit(0.0:14050): avc: denied { kill } for comm="swapper/2" capability=5 scontext=u:r:kernel:s0 tcontext=u:r:kernel:s0 tclass=capability permissive=0
12-31 04:41:40.188 I/input_interaction( 1505): Interaction with: 2606b4 PopupWindow:592decf (server), edge-swipe (server), swipe-up (server), PointerEventDispatcher0 (server),
12-31 04:41:40.345 I/input_focus( 1505): [Focus request adc5c4 com.android.settings/com.android.settings.Settings,reason=UpdateInputWindows]
12-31 04:41:40.374 I/input_focus( 1505): [Focus leaving 2606b4 PopupWindow:592decf (server),reason=NOT_FOCUSABLE]
12-31 04:41:40.374 I/input_focus( 1505): [Focus entering adc5c4 com.android.settings/com.android.settings.Settings (server),reason=setFocusedWindow]
12-31 04:41:40.859 I/auditd ( 0): type=1400 audit(0.0:14051): avc: denied { kill } for comm="swapper/2" capability=5 scontext=u:r:kernel:s0 tcontext=u:r:kernel:s0 tclass=capability permissive=0
12-31 04:41:41.313 I/input_interaction( 1505): Interaction with: adc5c4 com.android.settings/com.android.settings.Settings (server), edge-swipe (server), swipe-up (server), PointerEventDispatcher0 (server),
12-31 04:41:41.327 I/wm_task_moved( 1505): [1,0,0]
12-31 04:41:41.327 I/wm_task_moved( 1505): [1,0,7]
12-31 04:41:41.342 I/wm_on_restart_called( 2581): [83241864,com.android.launcher3.uioverrides.QuickstepLauncher,performRestartActivity]
12-31 04:41:41.360 I/wm_on_start_called( 2581): [83241864,com.android.launcher3.uioverrides.QuickstepLauncher,handleStartActivity]
12-31 04:41:41.383 I/sysui_multi_action( 1505): [319,9,322,50,325,12427,757,761,758,9,759,5,806,com.android.launcher3,871,com.android.launcher3.uioverrides.QuickstepLauncher,905,0,1320,8,1321,5]
12-31 04:41:41.448 I/view_enqueue_input_event(14955): [Motion - Cancel,com.android.settings/com.android.settings.Settings]
12-31 04:41:41.462 I/input_interaction( 1505): Interaction with: edge-swipe (server), swipe-up (server), PointerEventDispatcher0 (server),
12-31 04:41:41.470 I/sysui_latency( 2581): [1,58]
12-31 04:41:41.485 I/input_focus( 1505): [Focus request recents_animation_input_consumer,reason=UpdateInputWindows]
12-31 04:41:41.489 I/input_focus( 1505): [Focus leaving adc5c4 com.android.settings/com.android.settings.Settings (server),reason=NOT_FOCUSABLE]
12-31 04:41:41.489 I/input_focus( 1505): [Focus entering recents_animation_input_consumer (server),reason=setFocusedWindow]
12-31 04:41:41.562 I/commit_sys_config_file( 1505): [settings-1-0,5]
12-31 04:41:41.677 I/sysui_latency( 1505): [8,61]
12-31 04:41:41.814 I/commit_sys_config_file( 1505): [settings-1-0,8]
12-31 04:41:42.249 I/wm_task_moved( 1505): [1,1,8]
12-31 04:41:42.252 I/wm_task_moved( 1505): [9,1,2147483647]
12-31 04:41:42.252 I/wm_task_to_front( 1505): [0,9]
12-31 04:41:42.252 I/wm_focused_root_task( 1505): [0,0,1,40,RecentsAnimation.onAnimationFinished()]
12-31 04:41:42.252 I/wm_set_resumed_activity( 1505): [0,com.android.launcher3/.uioverrides.QuickstepLauncher,RecentsAnimation.onAnimationFinished()]
12-31 04:41:42.253 I/wm_pause_activity( 1505): [0,2887587,com.android.settings/.Settings,userLeaving=true,pauseBackTasks]
12-31 04:41:42.253 I/wm_add_to_stopping( 1505): [0,2887587,com.android.settings/.Settings,makeInvisible]
12-31 04:41:42.254 I/wm_set_resumed_activity( 1505): [0,com.android.launcher3/.uioverrides.QuickstepLauncher,resumeTopActivityInnerLocked]
12-31 04:41:42.254 I/wm_resume_activity( 1505): [0,83241864,9,com.android.launcher3/.uioverrides.QuickstepLauncher]
12-31 04:41:42.255 I/wm_on_resume_called( 2581): [83241864,com.android.launcher3.uioverrides.QuickstepLauncher,RESUME_ACTIVITY]
12-31 04:41:42.258 I/input_focus( 1505): [Focus request 5f64dd7 com.android.launcher3/com.android.launcher3.uioverrides.QuickstepLauncher,reason=UpdateInputWindows]
12-31 04:41:42.261 I/wm_stop_activity( 1505): [0,2887587,com.android.settings/.Settings]
12-31 04:41:42.261 I/sysui_multi_action( 1505): [757,803,799,window_time_0,802,11]
12-31 04:41:42.262 I/wm_on_top_resumed_lost_called(14955): [2887587,com.android.settings.Settings,topStateChangedWhenResumed]
12-31 04:41:42.262 I/sysui_multi_action( 1505): [757,803,799,window_time_0,802,0]
12-31 04:41:42.265 I/wm_on_top_resumed_gained_called( 2581): [83241864,com.android.launcher3.uioverrides.QuickstepLauncher,topStateChangedWhenResumed]
12-31 04:41:42.265 I/sysui_multi_action(14955): [757,35,758,2,1089,10828]
12-31 04:41:42.266 I/sysui_multi_action(14955): [757,3000,758,2,1089,4215]
12-31 04:41:42.266 I/wm_on_paused_called(14955): [2887587,com.android.settings.Settings,performPause]
12-31 04:41:42.271 I/wm_on_stop_called(14955): [2887587,com.android.settings.Settings,STOP_ACTIVITY_ITEM]
12-31 04:41:42.275 I/input_focus( 1505): [Focus leaving recents_animation_input_consumer (server),reason=NOT_VISIBLE]
12-31 04:41:42.275 I/input_focus( 1505): [Focus entering 5f64dd7 com.android.launcher3/com.android.launcher3.uioverrides.QuickstepLauncher (server),reason=setFocusedWindow]
12-31 04:41:42.369 I/input_interaction( 1505): Interaction with: 5f64dd7 com.android.launcher3/com.android.launcher3.uioverrides.QuickstepLauncher (server), 3a8c96a com.android.systemui.ImageWallpaper (server), edge-swipe (server), swipe-up (server), PointerEventDispatcher0 (server),
12-31 04:41:42.449 I/view_enqueue_input_event( 2581): [Motion - Cancel,com.android.launcher3/com.android.launcher3.uioverrides.QuickstepLauncher]
12-31 04:41:42.450 I/input_interaction( 1505): Interaction with: edge-swipe (server), swipe-up (server), PointerEventDispatcher0 (server),
12-31 04:41:42.631 I/commit_sys_config_file( 1505): [settings-1-0,4]
12-31 04:41:42.859 I/auditd ( 0): type=1400 audit(0.0:14052): avc: denied { kill } for comm="swapper/0" capability=5 scontext=u:r:kernel:s0 tcontext=u:r:kernel:s0 tclass=capability permissive=0
12-31 04:41:43.130 I/commit_sys_config_file( 1505): [settings-1-0,6]
12-31 04:41:43.859 I/auditd ( 0): type=1400 audit(0.0:14053): avc: denied { kill } for comm="swapper/0" capability=5 scontext=u:r:kernel:s0 tcontext=u:r:kernel:s0 tclass=capability permissive=0
12-31 04:41:44.515 I/input_interaction( 1505): Interaction with: 5f64dd7 com.android.launcher3/com.android.launcher3.uioverrides.QuickstepLauncher (server), 3a8c96a com.android.systemui.ImageWallpaper (server), edge-swipe (server), swipe-up (server), PointerEventDispatcher0 (server),
12-31 04:41:44.859 I/auditd ( 0): type=1400 audit(0.0:14054): avc: denied { kill } for comm="swapper/0" capability=5 scontext=u:r:kernel:s0 tcontext=u:r:kernel:s0 tclass=capability permissive=0
12-31 04:41:45.333 I/wm_finish_activity( 1505): [0,31992741,43,com.android.gallery3d/.app.MovieActivity,remove-task]
12-31 04:41:45.335 I/wm_destroy_activity( 1505): [0,31992741,43,com.android.gallery3d/.app.MovieActivity,finish-imm:finishIfPossible]
12-31 04:41:45.337 I/wm_finish_activity( 1505): [0,198939109,43,com.android.music/.VideoBrowserActivity,remove-task]
12-31 04:41:45.338 I/wm_destroy_activity( 1505): [0,198939109,43,com.android.music/.VideoBrowserActivity,finish-imm:finishIfPossible]
12-31 04:41:45.338 I/wm_on_destroy_called(15841): [31992741,com.android.gallery3d.app.MovieActivity,performDestroy]
12-31 04:41:45.342 I/am_kill ( 1505): [0,15796,com.android.music,910,remove task]
12-31 04:41:45.345 I/sysui_multi_action( 1505): [757,803,799,window_time_0,802,3]
12-31 04:41:45.384 I/am_proc_died( 1505): [0,15796,com.android.music,910,18]
12-31 04:41:45.389 I/am_uid_stopped( 1505): 10089
12-31 04:41:45.390 I/wm_task_removed( 1505): [43,removeChild:removeChild last r=ActivityRecord{bdb91e5 u0 com.android.music/.VideoBrowserActivity t-1 f}} in t=Task{633189d #43 type=standard A=10089:android.task.video U=0 visible=false mode=fullscreen translucent=true sz=0}]
12-31 04:41:45.390 I/wm_task_removed( 1505): [43,removeChild]
12-31 04:41:45.394 I/am_uid_running( 1505): 10089
12-31 04:41:45.404 I/am_proc_start( 1505): [0,16465,10089,com.android.music,NULL,]
12-31 04:41:45.431 I/am_proc_bound( 1505): [0,16465,com.android.music]
12-31 04:41:45.859 I/auditd ( 0): type=1400 audit(0.0:14055): avc: denied { kill } for comm="swapper/0" capability=5 scontext=u:r:kernel:s0 tcontext=u:r:kernel:s0 tclass=capability permissive=0
12-31 04:41:46.518 I/wm_finish_activity( 1505): [0,243050141,45,com.tencent.tmgp.sgame/.SGameActivity,remove-task]
12-31 04:41:46.519 I/wm_destroy_activity( 1505): [0,243050141,45,com.tencent.tmgp.sgame/.SGameActivity,finish-imm:finishIfPossible]
12-31 04:41:46.529 I/am_kill ( 1505): [0,15929,com.tencent.tmgp.sgame,700,remove task]
12-31 04:41:46.531 I/am_kill ( 1505): [0,15964,com.tencent.tmgp.sgame:xg_vip_service,500,remove task]
12-31 04:41:46.531 I/sysui_multi_action( 1505): [757,803,799,window_time_0,802,1]
12-31 04:41:46.541 I/am_proc_died( 1505): [0,15964,com.tencent.tmgp.sgame:xg_vip_service,500,10]
12-31 04:41:46.542 I/am_schedule_service_restart( 1505): [0,com.tencent.tmgp.sgame/com.tencent.android.tpush.service.XGVipPushService,1000]
12-31 04:41:46.738 I/am_proc_died( 1505): [0,15929,com.tencent.tmgp.sgame,700,15]
12-31 04:41:46.743 I/am_uid_stopped( 1505): 10096
12-31 04:41:46.744 I/wm_task_removed( 1505): [45,removeChild:removeChild last r=ActivityRecord{e7ca69d u0 com.tencent.tmgp.sgame/.SGameActivity t-1 f}} in t=Task{ea28b0c #45 type=standard A=10096:com.tencent.tmgp.sgame U=0 visible=false mode=fullscreen translucent=true sz=0}]
12-31 04:41:46.744 I/wm_task_removed( 1505): [45,removeChild]
12-31 04:41:46.859 I/auditd ( 0): type=1400 audit(0.0:14056): avc: denied { kill } for comm="swapper/0" capability=5 scontext=u:r:kernel:s0 tcontext=u:r:kernel:s0 tclass=capability permissive=0
12-31 04:41:47.859 I/auditd ( 0): type=1400 audit(0.0:14057): avc: denied { kill } for comm="swapper/0" capability=5 scontext=u:r:kernel:s0 tcontext=u:r:kernel:s0 tclass=capability permissive=0
12-31 04:41:48.859 I/auditd ( 0): type=1400 audit(0.0:14058): avc: denied { kill } for comm="swapper/0" capability=5 scontext=u:r:kernel:s0 tcontext=u:r:kernel:s0 tclass=capability permissive=0
12-31 04:41:49.142 I/wm_task_created( 1505): [46,-1]
12-31 04:41:49.143 I/wm_task_moved( 1505): [46,1,7]
12-31 04:41:49.143 I/wm_task_to_front( 1505): [0,46]
12-31 04:41:49.143 I/wm_create_task( 1505): [0,46]
12-31 04:41:49.143 I/wm_create_activity( 1505): [0,169576308,46,com.tencent.tmgp.sgame/.SGameActivity,android.intent.action.MAIN,NULL,NULL,270532608]
12-31 04:41:49.144 I/wm_task_moved( 1505): [46,1,7]
12-31 04:41:49.145 I/wm_pause_activity( 1505): [0,83241864,com.android.launcher3/.uioverrides.QuickstepLauncher,userLeaving=true,pauseBackTasks]
12-31 04:41:49.147 I/am_uid_running( 1505): 10096
12-31 04:41:49.147 I/wm_on_top_resumed_lost_called( 2581): [83241864,com.android.launcher3.uioverrides.QuickstepLauncher,topStateChangedWhenResumed]
12-31 04:41:49.148 I/wm_on_paused_called( 2581): [83241864,com.android.launcher3.uioverrides.QuickstepLauncher,performPause]
12-31 04:41:49.149 I/wm_add_to_stopping( 1505): [0,83241864,com.android.launcher3/.uioverrides.QuickstepLauncher,makeInvisible]
12-31 04:41:49.151 I/sysui_multi_action( 1505): [757,803,799,window_time_0,802,3]
12-31 04:41:49.152 I/am_proc_start( 1505): [0,16493,10096,com.tencent.tmgp.sgame,pre-top-activity,{com.tencent.tmgp.sgame/com.tencent.tmgp.sgame.SGameActivity}]
12-31 04:41:49.161 I/am_proc_bound( 1505): [0,16493,com.tencent.tmgp.sgame]
12-31 04:41:49.167 I/wm_restart_activity( 1505): [0,169576308,46,com.tencent.tmgp.sgame/.SGameActivity]
12-31 04:41:49.167 I/wm_set_resumed_activity( 1505): [0,com.tencent.tmgp.sgame/.SGameActivity,minimalResumeActivityLocked]
12-31 04:41:49.169 I/am_uid_active( 1505): 10096
12-31 04:41:49.176 I/input_focus( 1505): [Focus leaving 5f64dd7 com.android.launcher3/com.android.launcher3.uioverrides.QuickstepLauncher (server),reason=NO_WINDOW]
12-31 04:41:49.202 I/am_proc_start( 1505): [0,16526,10096,com.tencent.tmgp.sgame:xg_vip_service,service,{com.tencent.tmgp.sgame/com.tencent.android.tpush.service.XGVipPushService}]
12-31 04:41:49.214 I/am_proc_bound( 1505): [0,16526,com.tencent.tmgp.sgame:xg_vip_service]
12-31 04:41:49.480 I/wm_on_create_called(16493): [169576308,com.tencent.tmgp.sgame.SGameActivity,performCreate]
12-31 04:41:49.480 I/wm_on_start_called(16493): [169576308,com.tencent.tmgp.sgame.SGameActivity,handleStartActivity]
12-31 04:41:49.483 I/wm_on_resume_called(16493): [169576308,com.tencent.tmgp.sgame.SGameActivity,RESUME_ACTIVITY]
12-31 04:41:49.485 I/wm_on_top_resumed_gained_called(16493): [169576308,com.tencent.tmgp.sgame.SGameActivity,topStateChangedWhenResumed]
12-31 04:41:49.499 I/input_focus( 1505): [Focus request eda5de8 com.tencent.tmgp.sgame/com.tencent.tmgp.sgame.SGameActivity,reason=UpdateInputWindows]
12-31 04:41:49.536 I/sysui_multi_action( 1505): [319,24,321,22,322,394,325,12435,757,761,758,7,759,1,806,com.tencent.tmgp.sgame,871,com.tencent.tmgp.sgame.SGameActivity,904,com.android.launcher3,905,0,945,22,1320,8,1321,5]
12-31 04:41:49.536 I/wm_activity_launch_time( 1505): [0,169576308,com.tencent.tmgp.sgame/.SGameActivity,394]
12-31 04:41:49.545 I/input_focus( 1505): [Focus entering eda5de8 com.tencent.tmgp.sgame/com.tencent.tmgp.sgame.SGameActivity (server),reason=Window became focusable. Previous reason: NOT_VISIBLE]
12-31 04:41:49.599 I/auditd (16493): type=1400 audit(0.0:14059): avc: granted { execute } for comm="tbs_preinit" path="/data/user/0/com.tencent.tmgp.sgame/app_tbs_64/core_share/libwebp_base.so" dev="dm-10" ino=8476 scontext=u:r:untrusted_app_29:s0:c96,c256,c512,c768 tcontext=u:object_r:app_data_file:s0:c96,c256,c512,c768 tclass=file app=com.tencent.tmgp.sgame
12-31 04:41:49.607 I/auditd (16493): type=1400 audit(0.0:14060): avc: granted { execute } for comm="logging-thread" path="/data/user/0/com.tencent.tmgp.sgame/app_tbs_64/core_share/libx5log.so" dev="dm-10" ino=8478 scontext=u:r:untrusted_app_29:s0:c96,c256,c512,c768 tcontext=u:object_r:app_data_file:s0:c96,c256,c512,c768 tclass=file app=com.tencent.tmgp.sgame
12-31 04:41:49.615 I/auditd (16493): type=1400 audit(0.0:14061): avc: granted { execute } for comm="TP-IoBound-3" path="/data/user/0/com.tencent.tmgp.sgame/app_tbs_64/core_share/libqb_keystore.so" dev="dm-10" ino=8468 scontext=u:r:untrusted_app_29:s0:c96,c256,c512,c768 tcontext=u:object_r:app_data_file:s0:c96,c256,c512,c768 tclass=file app=com.tencent.tmgp.sgame
12-31 04:41:49.631 I/auditd (16493): type=1400 audit(0.0:14062): avc: granted { execute } for comm="tbs_preinit" path="/data/user/0/com.tencent.tmgp.sgame/app_tbs_64/core_share/libmttwebview.so" dev="dm-10" ino=8441 scontext=u:r:untrusted_app_29:s0:c96,c256,c512,c768 tcontext=u:object_r:app_data_file:s0:c96,c256,c512,c768 tclass=file app=com.tencent.tmgp.sgame
12-31 04:41:49.651 I/auditd (16757): type=1400 audit(0.0:14063): avc: granted { execute } for comm="X5MemoryMonitor" name="libcmdsh.so" dev="dm-10" ino=8439 scontext=u:r:untrusted_app_29:s0:c96,c256,c512,c768 tcontext=u:object_r:app_data_file:s0:c96,c256,c512,c768 tclass=file app=com.tencent.tmgp.sgame
12-31 04:41:49.651 I/auditd (16757): type=1400 audit(0.0:14064): avc: denied { execute_no_trans } for comm="X5MemoryMonitor" path="/data/user/0/com.tencent.tmgp.sgame/app_tbs_64/core_share/libcmdsh.so" dev="dm-10" ino=8439 scontext=u:r:untrusted_app_29:s0:c96,c256,c512,c768 tcontext=u:object_r:app_data_file:s0:c96,c256,c512,c768 tclass=file permissive=0 app=com.tencent.tmgp.sgame
12-31 04:41:49.659 I/auditd (16493): type=1400 audit(0.0:14065): avc: granted { execute } for comm="beacon-thread-1" path="/data/user/0/com.tencent.tmgp.sgame/app_tbs_64/core_share/libtbsbeaconid.so" dev="dm-10" ino=8471 scontext=u:r:untrusted_app_29:s0:c96,c256,c512,c768 tcontext=u:object_r:app_data_file:s0:c96,c256,c512,c768 tclass=file app=com.tencent.tmgp.sgame
12-31 04:41:49.695 I/wm_stop_activity( 1505): [0,83241864,com.android.launcher3/.uioverrides.QuickstepLauncher]
12-31 04:41:49.718 I/wm_on_stop_called( 2581): [83241864,com.android.launcher3.uioverrides.QuickstepLauncher,STOP_ACTIVITY_ITEM]
12-31 04:41:50.859 I/auditd ( 0): type=1400 audit(0.0:14068): avc: denied { kill } for comm="swapper/0" capability=5 scontext=u:r:kernel:s0 tcontext=u:r:kernel:s0 tclass=capability permissive=0
12-31 04:41:51.584 I/am_uid_idle( 1505): 10052
12-31 04:41:51.859 I/auditd ( 0): type=1400 audit(0.0:14069): avc: denied { kill } for comm="swapper/0" capability=5 scontext=u:r:kernel:s0 tcontext=u:r:kernel:s0 tclass=capability permissive=0
12-31 04:41:52.859 I/auditd ( 0): type=1400 audit(0.0:14070): avc: denied { kill } for comm="swapper/0" capability=5 scontext=u:r:kernel:s0 tcontext=u:r:kernel:s0 tclass=capability permissive=0
12-31 04:41:53.859 I/auditd ( 0): type=1400 audit(0.0:14071): avc: denied { kill } for comm="swapper/0" capability=5 scontext=u:r:kernel:s0 tcontext=u:r:kernel:s0 tclass=capability permissive=0
12-31 04:41:54.326 I/am_freeze( 1505): [15531,com.qualcomm.qti.qccauthmgr]
12-31 04:41:54.327 I/am_kill ( 1505): [0,15531,com.qualcomm.qti.qccauthmgr,935,Unable to freeze binder interface]
12-31 04:41:54.343 I/am_proc_died( 1505): [0,15531,com.qualcomm.qti.qccauthmgr,935,19]
12-31 04:41:54.344 I/am_uid_stopped( 1505): 10085
12-31 04:41:54.859 I/auditd ( 0): type=1400 audit(0.0:14072): avc: denied { kill } for comm="swapper/0" capability=5 scontext=u:r:kernel:s0 tcontext=u:r:kernel:s0 tclass=capability permissive=0
12-31 04:41:55.859 I/auditd ( 0): type=1400 audit(0.0:14073): avc: denied { kill } for comm="swapper/0" capability=5 scontext=u:r:kernel:s0 tcontext=u:r:kernel:s0 tclass=capability permissive=0
12-31 04:41:56.859 I/auditd ( 0): type=1400 audit(0.0:14074): avc: denied { kill } for comm="swapper/0" capability=5 scontext=u:r:kernel:s0 tcontext=u:r:kernel:s0 tclass=capability permissive=0
12-31 04:41:56.877 I/input_focus( 1505): [Focus request e6b7083 com.tencent.tmgp.sgame/com.tencent.tmgp.sgame.SGameActivity,reason=UpdateInputWindows]
12-31 04:41:56.877 I/input_focus( 1505): [Focus leaving eda5de8 com.tencent.tmgp.sgame/com.tencent.tmgp.sgame.SGameActivity (server),reason=NOT_VISIBLE]
12-31 04:41:56.894 I/input_focus( 1505): [Focus entering e6b7083 com.tencent.tmgp.sgame/com.tencent.tmgp.sgame.SGameActivity (server),reason=setFocusedWindow]
12-31 04:41:57.283 I/auditd (16493): type=1400 audit(0.0:14075): avc: denied { read } for comm="TuringFdTMFShar" name="version" dev="proc" ino=4026532238 scontext=u:r:untrusted_app_29:s0:c96,c256,c512,c768 tcontext=u:object_r:proc_version:s0 tclass=file permissive=0 app=com.tencent.tmgp.sgame
12-31 04:41:57.859 I/auditd ( 0): type=1400 audit(0.0:14076): avc: denied { kill } for comm="swapper/0" capability=5 scontext=u:r:kernel:s0 tcontext=u:r:kernel:s0 tclass=capability permissive=0
12-31 04:41:58.859 I/auditd ( 0): type=1400 audit(0.0:14077): avc: denied { kill } for comm="swapper/0" capability=5 scontext=u:r:kernel:s0 tcontext=u:r:kernel:s0 tclass=capability permissive=0
12-31 04:41:59.491 I/am_pss ( 1505): [16493,10096,com.tencent.tmgp.sgame,577704960,543694848,54272,730980352,0,2,31]
12-31 04:41:59.859 I/auditd ( 0): type=1400 audit(0.0:14078): avc: denied { kill } for comm="swapper/0" capability=5 scontext=u:r:kernel:s0 tcontext=u:r:kernel:s0 tclass=capability permissive=0
12-31 04:42:00.859 I/auditd ( 0): type=1400 audit(0.0:14079): avc: denied { kill } for comm="swapper/0" capability=5 scontext=u:r:kernel:s0 tcontext=u:r:kernel:s0 tclass=capability permissive=0
12-31 04:42:01.859 I/auditd ( 0): type=1400 audit(0.0:14080): avc: denied { kill } for comm="swapper/0" capability=5 scontext=u:r:kernel:s0 tcontext=u:r:kernel:s0 tclass=capability permissive=0
12-31 04:42:02.199 I/auditd (16493): type=1400 audit(0.0:14081): avc: denied { read } for comm="Thread-89" name="cache" dev="dm-5" ino=16 scontext=u:r:untrusted_app_29:s0:c96,c256,c512,c768 tcontext=u:object_r:cache_file:s0 tclass=lnk_file permissive=0 app=com.tencent.tmgp.sgame
12-31 04:42:02.203 I/auditd (16493): type=1400 audit(0.0:14082): avc: denied { read } for comm="Thread-89" name="cache" dev="dm-5" ino=16 scontext=u:r:untrusted_app_29:s0:c96,c256,c512,c768 tcontext=u:object_r:cache_file:s0 tclass=lnk_file permissive=0 app=com.tencent.tmgp.sgame
12-31 04:42:02.859 I/auditd ( 0): type=1400 audit(0.0:14083): avc: denied { kill } for comm="swapper/0" capability=5 scontext=u:r:kernel:s0 tcontext=u:r:kernel:s0 tclass=capability permissive=0
12-31 04:42:03.859 I/auditd ( 0): type=1400 audit(0.0:14084): avc: denied { kill } for comm="swapper/0" capability=5 scontext=u:r:kernel:s0 tcontext=u:r:kernel:s0 tclass=capability permissive=0
12-31 04:42:04.859 I/auditd ( 0): type=1400 audit(0.0:14085): avc: denied { kill } for comm="swapper/0" capability=5 scontext=u:r:kernel:s0 tcontext=u:r:kernel:s0 tclass=capability permissive=0
12-31 04:42:05.859 I/auditd ( 0): type=1400 audit(0.0:14086): avc: denied { kill } for comm="swapper/0" capability=5 scontext=u:r:kernel:s0 tcontext=u:r:kernel:s0 tclass=capability permissive=0
12-31 04:42:06.859 I/auditd ( 0): type=1400 audit(0.0:14087): avc: denied { kill } for comm="swapper/0" capability=5 scontext=u:r:kernel:s0 tcontext=u:r:kernel:s0 tclass=capability permissive=0
12-31 04:42:07.859 I/auditd ( 0): type=1400 audit(0.0:14088): avc: denied { kill } for comm="swapper/0" capability=5 scontext=u:r:kernel:s0 tcontext=u:r:kernel:s0 tclass=capability permissive=0
12-31 04:42:08.859 I/auditd ( 0): type=1400 audit(0.0:14089): avc: denied { kill } for comm="swapper/0" capability=5 scontext=u:r:kernel:s0 tcontext=u:r:kernel:s0 tclass=capability permissive=0
12-31 04:42:09.859 I/auditd ( 0): type=1400 audit(0.0:14090): avc: denied { kill } for comm="swapper/0" capability=5 scontext=u:r:kernel:s0 tcontext=u:r:kernel:s0 tclass=capability permissive=0
12-31 04:42:11.859 I/auditd ( 0): type=1400 audit(0.0:14091): avc: denied { kill } for comm="swapper/0" capability=5 scontext=u:r:kernel:s0 tcontext=u:r:kernel:s0 tclass=capability permissive=0
12-31 04:42:12.859 I/auditd ( 287): type=1400 audit(0.0:14092): avc: denied { kill } for comm="kgsl_worker_thr" capability=5 scontext=u:r:kernel:s0 tcontext=u:r:kernel:s0 tclass=capability permissive=0
12-31 04:42:13.859 I/auditd ( 0): type=1400 audit(0.0:14093): avc: denied { kill } for comm="swapper/0" capability=5 scontext=u:r:kernel:s0 tcontext=u:r:kernel:s0 tclass=capability permissive=0
12-31 04:42:14.513 I/input_interaction( 1505): Interaction with: c327f0d gamemode.floatview (server), edge-swipe (server), swipe-up (server), PointerEventDispatcher0 (server),
12-31 04:42:14.859 I/auditd ( 0): type=1400 audit(0.0:14094): avc: denied { kill } for comm="swapper/0" capability=5 scontext=u:r:kernel:s0 tcontext=u:r:kernel:s0 tclass=capability permissive=0
12-31 04:42:15.859 I/auditd ( 0): type=1400 audit(0.0:14095): avc: denied { kill } for comm="swapper/0" capability=5 scontext=u:r:kernel:s0 tcontext=u:r:kernel:s0 tclass=capability permissive=0
12-31 04:42:17.859 I/auditd ( 0): type=1400 audit(0.0:14096): avc: denied { kill } for comm="swapper/0" capability=5 scontext=u:r:kernel:s0 tcontext=u:r:kernel:s0 tclass=capability permissive=0
12-31 04:42:19.859 I/auditd ( 0): type=1400 audit(0.0:14097): avc: denied { kill } for comm="swapper/0" capability=5 scontext=u:r:kernel:s0 tcontext=u:r:kernel:s0 tclass=capability permissive=0
12-31 04:42:20.859 I/auditd ( 0): type=1400 audit(0.0:14098): avc: denied { kill } for comm="swapper/0" capability=5 scontext=u:r:kernel:s0 tcontext=u:r:kernel:s0 tclass=capability permissive=0
12-31 04:42:21.859 I/auditd ( 0): type=1400 audit(0.0:14099): avc: denied { kill } for comm="swapper/0" capability=5 scontext=u:r:kernel:s0 tcontext=u:r:kernel:s0 tclass=capability permissive=0
12-31 04:42:22.859 I/auditd ( 0): type=1400 audit(0.0:14100): avc: denied { kill } for comm="swapper/0" capability=5 scontext=u:r:kernel:s0 tcontext=u:r:kernel:s0 tclass=capability permissive=0
12-31 04:42:24.859 I/auditd ( 0): type=1400 audit(0.0:14101): avc: denied { kill } for comm="swapper/0" capability=5 scontext=u:r:kernel:s0 tcontext=u:r:kernel:s0 tclass=capability permissive=0
12-31 04:42:25.859 I/auditd ( 0): type=1400 audit(0.0:14102): avc: denied { kill } for comm="swapper/0" capability=5 scontext=u:r:kernel:s0 tcontext=u:r:kernel:s0 tclass=capability permissive=0
12-31 04:42:26.859 I/auditd ( 0): type=1400 audit(0.0:14103): avc: denied { kill } for comm="swapper/0" capability=5 scontext=u:r:kernel:s0 tcontext=u:r:kernel:s0 tclass=capability permissive=0
12-31 04:42:27.859 I/auditd ( 0): type=1400 audit(0.0:14104): avc: denied { kill } for comm="swapper/0" capability=5 scontext=u:r:kernel:s0 tcontext=u:r:kernel:s0 tclass=capability permissive=0
12-31 04:42:28.859 I/auditd ( 0): type=1400 audit(0.0:14105): avc: denied { kill } for comm="swapper/0" capability=5 scontext=u:r:kernel:s0 tcontext=u:r:kernel:s0 tclass=capability permissive=0
12-31 04:42:29.859 I/auditd ( 0): type=1400 audit(0.0:14106): avc: denied { kill } for comm="swapper/0" capability=5 scontext=u:r:kernel:s0 tcontext=u:r:kernel:s0 tclass=capability permissive=0
12-31 04:42:30.859 I/auditd ( 0): type=1400 audit(0.0:14107): avc: denied { kill } for comm="swapper/0" capability=5 scontext=u:r:kernel:s0 tcontext=u:r:kernel:s0 tclass=capability permissive=0
12-31 04:42:31.859 I/auditd ( 0): type=1400 audit(0.0:14108): avc: denied { kill } for comm="swapper/0" capability=5 scontext=u:r:kernel:s0 tcontext=u:r:kernel:s0 tclass=capability permissive=0
12-31 04:42:33.859 I/auditd ( 0): type=1400 audit(0.0:14109): avc: denied { kill } for comm="swapper/0" capability=5 scontext=u:r:kernel:s0 tcontext=u:r:kernel:s0 tclass=capability permissive=0
12-31 04:42:34.859 I/auditd ( 0): type=1400 audit(0.0:14110): avc: denied { kill } for comm="swapper/0" capability=5 scontext=u:r:kernel:s0 tcontext=u:r:kernel:s0 tclass=capability permissive=0
12-31 04:42:35.859 I/auditd ( 0): type=1400 audit(0.0:14111): avc: denied { kill } for comm="swapper/0" capability=5 scontext=u:r:kernel:s0 tcontext=u:r:kernel:s0 tclass=capability permissive=0
12-31 04:42:38.859 I/auditd ( 0): type=1400 audit(0.0:14112): avc: denied { kill } for comm="swapper/0" capability=5 scontext=u:r:kernel:s0 tcontext=u:r:kernel:s0 tclass=capability permissive=0
12-31 04:42:38.998 I/input_interaction( 1505): Interaction with: 28cfb9d gamemode.menuview (server), edge-swipe (server), swipe-up (server), PointerEventDispatcher0 (server),
12-31 04:42:39.784 I/input_interaction( 1505): Interaction with: 8e06a2f gamemode.floatview (server), edge-swipe (server), swipe-up (server), PointerEventDispatcher0 (server),
12-31 04:42:39.859 I/auditd ( 0): type=1400 audit(0.0:14113): avc: denied { kill } for comm="swapper/0" capability=5 scontext=u:r:kernel:s0 tcontext=u:r:kernel:s0 tclass=capability permissive=0
12-31 04:42:40.859 I/auditd ( 0): type=1400 audit(0.0:14114): avc: denied { kill } for comm="swapper/0" capability=5 scontext=u:r:kernel:s0 tcontext=u:r:kernel:s0 tclass=capability permissive=0
12-31 04:42:40.968 I/input_interaction( 1505): Interaction with: fe6e7c3 gamemode.menuview (server), edge-swipe (server), swipe-up (server), PointerEventDispatcher0 (server),
12-31 04:42:41.859 I/auditd ( 0): type=1400 audit(0.0:14115): avc: denied { kill } for comm="swapper/0" capability=5 scontext=u:r:kernel:s0 tcontext=u:r:kernel:s0 tclass=capability permissive=0
12-31 04:42:42.024 I/input_interaction( 1505): Interaction with: e6b7083 com.tencent.tmgp.sgame/com.tencent.tmgp.sgame.SGameActivity (server), edge-swipe (server), swipe-up (server), PointerEventDispatcher0 (server),
12-31 04:42:42.859 I/auditd ( 0): type=1400 audit(0.0:14116): avc: denied { kill } for comm="swapper/0" capability=5 scontext=u:r:kernel:s0 tcontext=u:r:kernel:s0 tclass=capability permissive=0
12-31 04:42:42.946 I/input_interaction( 1505): Interaction with: 1c2e319 StatusBar (server), edge-swipe (server), swipe-up (server), PointerEventDispatcher0 (server),
12-31 04:42:43.000 I/sysui_multi_action( 1505): [757,127,758,1]
12-31 04:42:43.001 I/sysui_multi_action( 1505): [757,804,799,note_load,801,3,802,1]
12-31 04:42:43.001 I/notification_panel_revealed( 1505): 3
12-31 04:42:43.016 I/sysui_multi_action( 1505): [757,128,758,1,793,11214305,794,0,795,11214305,796,26,798,0,806,android,857,DEVELOPER_IMPORTANT,858,4,947,0,1395,3,1500,11214099,1688,1]
12-31 04:42:43.016 I/sysui_multi_action( 1505): [757,804,799,note_freshness,801,11214305,802,1]
12-31 04:42:43.016 I/notification_visibility( 1505): [-1|android|26|null|1000,1,11214305,11214305,0,0]
12-31 04:42:43.017 I/sysui_multi_action( 1505): [757,128,758,1,793,1346622,794,0,795,1346622,796,4273,798,1,806,com.android.systemui,857,screen_record,858,3,947,0,1395,3,1500,1346420,1688,1,1745,680407814]
12-31 04:42:43.017 I/sysui_multi_action( 1505): [757,804,799,note_freshness,801,1346622,802,1]
12-31 04:42:43.017 I/notification_visibility( 1505): [0|com.android.systemui|4273|null|10081,1,1346622,1346622,0,1]
12-31 04:42:43.017 I/sysui_multi_action( 1505): [757,128,758,1,793,12478487,794,0,795,12478487,796,32,798,2,806,android,857,USB,858,1,947,0,1395,3,1500,12478027,1688,1]
12-31 04:42:43.017 I/sysui_multi_action( 1505): [757,804,799,note_freshness,801,12478487,802,1]
12-31 04:42:43.017 I/notification_visibility( 1505): [-1|android|32|null|1000,1,12478487,12478487,0,2]
12-31 04:42:43.024 I/input_focus( 1505): [Focus request c825af4 NotificationShade,reason=UpdateInputWindows]
12-31 04:42:43.057 I/input_focus( 1505): [Focus leaving e6b7083 com.tencent.tmgp.sgame/com.tencent.tmgp.sgame.SGameActivity (server),reason=setFocusedWindow]
12-31 04:42:43.057 I/input_focus( 1505): [Focus entering c825af4 NotificationShade (server),reason=setFocusedWindow]
12-31 04:42:43.071 I/sysui_multi_action( 1996): [757,111,758,1]
12-31 04:42:43.071 I/sysui_multi_action( 1996): [757,126,758,1,759,126,927,0,928,1,1593,0]
12-31 04:42:43.071 I/sysui_multi_action( 1996): [757,0,758,1,759,0,927,1,928,0,1593,0]
12-31 04:42:43.071 I/sysui_multi_action( 1996): [757,0,758,1,759,0,927,2,928,0,1593,0]
12-31 04:42:43.072 I/sysui_multi_action( 1996): [757,491,758,1,759,491,927,3,928,0,1311,-1,1593,0]
12-31 04:42:43.072 I/sysui_multi_action( 1996): [757,113,758,1,759,113,927,4,928,1,1593,0]
12-31 04:42:43.072 I/sysui_multi_action( 1996): [757,0,758,1,759,0,927,5,928,0,1593,0]
12-31 04:42:43.072 I/sysui_multi_action( 1996): [757,111,758,1]
12-31 04:42:43.072 I/sysui_multi_action( 1996): [757,126,758,1,759,126,927,0,928,1,1593,0]
12-31 04:42:43.072 I/sysui_multi_action( 1996): [757,0,758,1,759,0,927,1,928,0,1593,0]
12-31 04:42:43.072 I/sysui_multi_action( 1996): [757,0,758,1,759,0,927,2,928,0,1593,0]
12-31 04:42:43.073 I/sysui_multi_action( 1996): [757,491,758,1,759,491,927,3,928,0,1311,-1,1593,0]
12-31 04:42:44.859 I/auditd ( 0): type=1400 audit(0.0:14117): avc: denied { kill } for comm="swapper/0" capability=5 scontext=u:r:kernel:s0 tcontext=u:r:kernel:s0 tclass=capability permissive=0
12-31 04:42:45.329 I/input_interaction( 1505): Interaction with: c825af4 NotificationShade (server), edge-swipe (server), swipe-up (server), PointerEventDispatcher0 (server),
12-31 04:42:45.553 I/sysui_multi_action( 1996): [757,803,799,notification_dismissed,802,1]
12-31 04:42:45.563 I/sysui_multi_action( 1505): [757,804,799,note_dismiss_longevity,801,22,802,1]
12-31 04:42:45.564 I/sysui_multi_action( 1505): [757,128,758,5,759,2,793,1349169,794,2547,795,1349169,796,4273,798,2,806,com.android.systemui,857,screen_record,858,3,947,0,1395,3,1500,1348967,1688,1,1745,680407814]
12-31 04:42:45.564 I/notification_canceled( 1505): [0|com.android.systemui|4273|null|10081,2,1349169,1349169,2547,2,3,NULL]
12-31 04:42:45.859 I/auditd ( 0): type=1400 audit(0.0:14118): avc: denied { kill } for comm="swapper/0" capability=5 scontext=u:r:kernel:s0 tcontext=u:r:kernel:s0 tclass=capability permissive=0
12-31 04:42:46.859 I/auditd ( 0): type=1400 audit(0.0:14119): avc: denied { kill } for comm="swapper/0" capability=5 scontext=u:r:kernel:s0 tcontext=u:r:kernel:s0 tclass=capability permissive=0
12-31 04:42:46.892 I/sysui_multi_action( 1996): [757,409,758,4,759,1]
12-31 04:42:47.859 I/auditd ( 0): type=1400 audit(0.0:14120): avc: denied { kill } for comm="swapper/0" capability=5 scontext=u:r:kernel:s0 tcontext=u:r:kernel:s0 tclass=capability permissive=0
12-31 04:42:48.859 I/auditd ( 0): type=1400 audit(0.0:14121): avc: denied { kill } for comm="swapper/0" capability=5 scontext=u:r:kernel:s0 tcontext=u:r:kernel:s0 tclass=capability permissive=0
12-31 04:42:49.337 I/am_pss ( 1505): [16493,10096,com.tencent.tmgp.sgame,819831808,785108992,53248,974045184,0,2,52]
12-31 04:42:49.708 I/sysui_multi_action( 1996): [757,111,758,2]
12-31 04:42:49.709 I/notification_enqueue( 1505): [10081,1996,com.android.systemui,2048,NULL,0,Notification(channel=updateNotification shortcut=null contentView=null vibrate=null sound=null defaults=0x0 flags=0x0 color=0x00000000 vis=PRIVATE),1]
12-31 04:42:49.709 I/sysui_multi_action( 1996): [757,111,758,2]
12-31 04:42:49.859 I/auditd ( 0): type=1400 audit(0.0:14122): avc: denied { kill } for comm="swapper/0" capability=5 scontext=u:r:kernel:s0 tcontext=u:r:kernel:s0 tclass=capability permissive=0
12-31 04:42:49.922 I/input_focus( 1505): [Focus request e6b7083 com.tencent.tmgp.sgame/com.tencent.tmgp.sgame.SGameActivity,reason=UpdateInputWindows]
12-31 04:42:49.927 I/sysui_multi_action( 1505): [757,128,758,2,793,11221216,794,6911,795,11221216,796,26,798,0,806,android,857,DEVELOPER_IMPORTANT,858,4,947,0,1395,2,1500,11221010,1688,1]
12-31 04:42:49.927 I/notification_visibility( 1505): [-1|android|26|null|1000,0,11221216,11221216,0,0]
12-31 04:42:49.928 I/sysui_multi_action( 1505): [757,128,758,2,793,12485398,794,6911,795,12485398,796,32,798,1,806,android,857,USB,858,1,947,0,1395,2,1500,12484938,1688,1]
12-31 04:42:49.928 I/notification_visibility( 1505): [-1|android|32|null|1000,0,12485398,12485398,0,1]
12-31 04:42:49.928 I/sysui_multi_action( 1505): [757,127,758,2]
12-31 04:42:49.929 I/notification_panel_hidden( 1505):
12-31 04:42:49.939 I/input_focus( 1505): [Focus leaving c825af4 NotificationShade (server),reason=NO_WINDOW]
12-31 04:42:49.940 I/input_focus( 1505): [Focus entering e6b7083 com.tencent.tmgp.sgame/com.tencent.tmgp.sgame.SGameActivity (server),reason=setFocusedWindow]
12-31 04:42:50.859 I/auditd ( 0): type=1400 audit(0.0:14123): avc: denied { kill } for comm="swapper/0" capability=5 scontext=u:r:kernel:s0 tcontext=u:r:kernel:s0 tclass=capability permissive=0
12-31 04:42:52.859 I/auditd ( 0): type=1400 audit(0.0:14124): avc: denied { kill } for comm="swapper/3" capability=5 scontext=u:r:kernel:s0 tcontext=u:r:kernel:s0 tclass=capability permissive=0
12-31 04:42:53.859 I/auditd ( 0): type=1400 audit(0.0:14125): avc: denied { kill } for comm="swapper/3" capability=5 scontext=u:r:kernel:s0 tcontext=u:r:kernel:s0 tclass=capability permissive=0
12-31 04:42:54.859 I/auditd ( 0): type=1400 audit(0.0:14126): avc: denied { kill } for comm="swapper/3" capability=5 scontext=u:r:kernel:s0 tcontext=u:r:kernel:s0 tclass=capability permissive=0
12-31 04:42:55.859 I/auditd ( 0): type=1400 audit(0.0:14127): avc: denied { kill } for comm="swapper/3" capability=5 scontext=u:r:kernel:s0 tcontext=u:r:kernel:s0 tclass=capability permissive=0
12-31 04:42:56.859 I/auditd ( 0): type=1400 audit(0.0:14128): avc: denied { kill } for comm="swapper/3" capability=5 scontext=u:r:kernel:s0 tcontext=u:r:kernel:s0 tclass=capability permissive=0
12-31 04:42:57.859 I/auditd ( 0): type=1400 audit(0.0:14129): avc: denied { kill } for comm="swapper/3" capability=5 scontext=u:r:kernel:s0 tcontext=u:r:kernel:s0 tclass=capability permissive=0
12-31 04:43:01.859 I/auditd ( 0): type=1400 audit(0.0:14130): avc: denied { kill } for comm="swapper/1" capability=5 scontext=u:r:kernel:s0 tcontext=u:r:kernel:s0 tclass=capability permissive=0
12-31 04:43:02.859 I/auditd ( 0): type=1400 audit(0.0:14131): avc: denied { kill } for comm="swapper/1" capability=5 scontext=u:r:kernel:s0 tcontext=u:r:kernel:s0 tclass=capability permissive=0
12-31 04:43:03.859 I/auditd ( 0): type=1400 audit(0.0:14132): avc: denied { kill } for comm="swapper/1" capability=5 scontext=u:r:kernel:s0 tcontext=u:r:kernel:s0 tclass=capability permissive=0
12-31 04:43:04.859 I/auditd ( 0): type=1400 audit(0.0:14133): avc: denied { kill } for comm="swapper/1" capability=5 scontext=u:r:kernel:s0 tcontext=u:r:kernel:s0 tclass=capability permissive=0
12-31 04:43:05.859 I/auditd ( 0): type=1400 audit(0.0:14134): avc: denied { kill } for comm="swapper/1" capability=5 scontext=u:r:kernel:s0 tcontext=u:r:kernel:s0 tclass=capability permissive=0
12-31 04:43:06.637 I/input_interaction( 1505): Interaction with: e6b7083 com.tencent.tmgp.sgame/com.tencent.tmgp.sgame.SGameActivity (server), edge-swipe (server), swipe-up (server), PointerEventDispatcher0 (server),
12-31 04:43:07.626 I/input_interaction( 1505): Interaction with: 1c2e319 StatusBar (server), edge-swipe (server), swipe-up (server), PointerEventDispatcher0 (server),
12-31 04:43:07.632 I/sysui_multi_action( 1996): [757,803,799,panel_open,802,1]
12-31 04:43:07.633 I/sysui_multi_action( 1996): [757,1328,758,4,1326,44,1327,4,1329,0]
12-31 04:43:07.673 I/sysui_multi_action( 1505): [757,127,758,1]
12-31 04:43:07.673 I/sysui_multi_action( 1505): [757,804,799,note_load,801,2,802,1]
12-31 04:43:07.673 I/notification_panel_revealed( 1505): 2
12-31 04:43:07.686 I/input_focus( 1505): [Focus request c825af4 NotificationShade,reason=UpdateInputWindows]
12-31 04:43:07.693 I/sysui_multi_action( 1505): [757,128,758,1,793,11238982,794,0,795,11238982,796,26,798,0,806,android,857,DEVELOPER_IMPORTANT,858,4,947,0,1395,2,1500,11238776,1688,1]
12-31 04:43:07.693 I/sysui_multi_action( 1505): [757,804,799,note_freshness,801,11238982,802,1]
