12-31 04:05:40.859 I/auditd ( 0): type=1400 audit(0.0:11635): avc: denied { kill } for comm="swapper/3" capability=5 scontext=u:r:kernel:s0 tcontext=u:r:kernel:s0 tclass=capability permissive=0
12-31 04:05:41.859 I/auditd ( 0): type=1400 audit(0.0:11636): avc: denied { kill } for comm="swapper/3" capability=5 scontext=u:r:kernel:s0 tcontext=u:r:kernel:s0 tclass=capability permissive=0
12-31 04:05:42.859 I/auditd ( 0): type=1400 audit(0.0:11637): avc: denied { kill } for comm="swapper/3" capability=5 scontext=u:r:kernel:s0 tcontext=u:r:kernel:s0 tclass=capability permissive=0
12-31 04:05:43.859 I/auditd ( 0): type=1400 audit(0.0:11638): avc: denied { kill } for comm="swapper/3" capability=5 scontext=u:r:kernel:s0 tcontext=u:r:kernel:s0 tclass=capability permissive=0
12-31 04:05:44.859 I/auditd ( 0): type=1400 audit(0.0:11639): avc: denied { kill } for comm="swapper/3" capability=5 scontext=u:r:kernel:s0 tcontext=u:r:kernel:s0 tclass=capability permissive=0
12-31 04:05:45.859 I/auditd ( 0): type=1400 audit(0.0:11640): avc: denied { kill } for comm="swapper/3" capability=5 scontext=u:r:kernel:s0 tcontext=u:r:kernel:s0 tclass=capability permissive=0
12-31 04:05:46.859 I/auditd ( 0): type=1400 audit(0.0:11641): avc: denied { kill } for comm="swapper/3" capability=5 scontext=u:r:kernel:s0 tcontext=u:r:kernel:s0 tclass=capability permissive=0
12-31 04:05:47.859 I/auditd ( 0): type=1400 audit(0.0:11642): avc: denied { kill } for comm="swapper/3" capability=5 scontext=u:r:kernel:s0 tcontext=u:r:kernel:s0 tclass=capability permissive=0
12-31 04:05:48.859 I/auditd ( 0): type=1400 audit(0.0:11643): avc: denied { kill } for comm="swapper/3" capability=5 scontext=u:r:kernel:s0 tcontext=u:r:kernel:s0 tclass=capability permissive=0
12-31 04:05:49.859 I/auditd ( 0): type=1400 audit(0.0:11644): avc: denied { kill } for comm="swapper/3" capability=5 scontext=u:r:kernel:s0 tcontext=u:r:kernel:s0 tclass=capability permissive=0
12-31 04:05:50.859 I/auditd ( 0): type=1400 audit(0.0:11645): avc: denied { kill } for comm="swapper/3" capability=5 scontext=u:r:kernel:s0 tcontext=u:r:kernel:s0 tclass=capability permissive=0
12-31 04:05:51.859 I/auditd ( 0): type=1400 audit(0.0:11646): avc: denied { kill } for comm="swapper/3" capability=5 scontext=u:r:kernel:s0 tcontext=u:r:kernel:s0 tclass=capability permissive=0
12-31 04:05:52.859 I/auditd ( 0): type=1400 audit(0.0:11647): avc: denied { kill } for comm="swapper/3" capability=5 scontext=u:r:kernel:s0 tcontext=u:r:kernel:s0 tclass=capability permissive=0
12-31 04:05:53.859 I/auditd ( 0): type=1400 audit(0.0:11648): avc: denied { kill } for comm="swapper/3" capability=5 scontext=u:r:kernel:s0 tcontext=u:r:kernel:s0 tclass=capability permissive=0
12-31 04:05:54.859 I/auditd ( 0): type=1400 audit(0.0:11649): avc: denied { kill } for comm="swapper/3" capability=5 scontext=u:r:kernel:s0 tcontext=u:r:kernel:s0 tclass=capability permissive=0
12-31 04:05:55.859 I/auditd ( 0): type=1400 audit(0.0:11650): avc: denied { kill } for comm="swapper/3" capability=5 scontext=u:r:kernel:s0 tcontext=u:r:kernel:s0 tclass=capability permissive=0
12-31 04:05:56.859 I/auditd ( 0): type=1400 audit(0.0:11651): avc: denied { kill } for comm="swapper/3" capability=5 scontext=u:r:kernel:s0 tcontext=u:r:kernel:s0 tclass=capability permissive=0
12-31 04:05:57.859 I/auditd ( 0): type=1400 audit(0.0:11652): avc: denied { kill } for comm="swapper/3" capability=5 scontext=u:r:kernel:s0 tcontext=u:r:kernel:s0 tclass=capability permissive=0
12-31 04:05:58.859 I/auditd ( 0): type=1400 audit(0.0:11653): avc: denied { kill } for comm="swapper/3" capability=5 scontext=u:r:kernel:s0 tcontext=u:r:kernel:s0 tclass=capability permissive=0
12-31 04:06:00.780 I/am_uid_idle( 1505): 10096
12-31 04:06:00.859 I/auditd ( 0): type=1400 audit(0.0:11654): avc: denied { kill } for comm="swapper/3" capability=5 scontext=u:r:kernel:s0 tcontext=u:r:kernel:s0 tclass=capability permissive=0
12-31 04:06:01.859 I/auditd ( 0): type=1400 audit(0.0:11655): avc: denied { kill } for comm="swapper/3" capability=5 scontext=u:r:kernel:s0 tcontext=u:r:kernel:s0 tclass=capability permissive=0
12-31 04:06:02.859 I/auditd ( 0): type=1400 audit(0.0:11656): avc: denied { kill } for comm="swapper/3" capability=5 scontext=u:r:kernel:s0 tcontext=u:r:kernel:s0 tclass=capability permissive=0
12-31 04:06:03.859 I/auditd ( 0): type=1400 audit(0.0:11657): avc: denied { kill } for comm="swapper/3" capability=5 scontext=u:r:kernel:s0 tcontext=u:r:kernel:s0 tclass=capability permissive=0
12-31 04:06:04.859 I/auditd ( 0): type=1400 audit(0.0:11658): avc: denied { kill } for comm="swapper/3" capability=5 scontext=u:r:kernel:s0 tcontext=u:r:kernel:s0 tclass=capability permissive=0
12-31 04:06:05.859 I/auditd ( 0): type=1400 audit(0.0:11659): avc: denied { kill } for comm="swapper/3" capability=5 scontext=u:r:kernel:s0 tcontext=u:r:kernel:s0 tclass=capability permissive=0
12-31 04:06:06.859 I/auditd ( 0): type=1400 audit(0.0:11660): avc: denied { kill } for comm="swapper/3" capability=5 scontext=u:r:kernel:s0 tcontext=u:r:kernel:s0 tclass=capability permissive=0
12-31 04:06:07.859 I/auditd ( 0): type=1400 audit(0.0:11661): avc: denied { kill } for comm="swapper/3" capability=5 scontext=u:r:kernel:s0 tcontext=u:r:kernel:s0 tclass=capability permissive=0
12-31 04:06:08.859 I/auditd ( 0): type=1400 audit(0.0:11662): avc: denied { kill } for comm="swapper/3" capability=5 scontext=u:r:kernel:s0 tcontext=u:r:kernel:s0 tclass=capability permissive=0
12-31 04:06:09.289 I/input_interaction( 1505): Interaction with: 2205b7c com.thundercomm.screensaver/android.service.dreams.DreamActivity (server), edge-swipe (server), swipe-up (server), PointerEventDispatcher0 (server),
12-31 04:06:09.293 I/wm_finish_activity( 1505): [0,212789840,30,com.thundercomm.screensaver/android.service.dreams.DreamActivity,finish-activity]
12-31 04:06:09.293 I/wm_task_moved( 1505): [1,1,8]
12-31 04:06:09.294 I/wm_task_moved( 1505): [9,1,2147483647]
12-31 04:06:09.294 I/wm_task_to_front( 1505): [0,9]
12-31 04:06:09.294 I/wm_focused_root_task( 1505): [0,0,1,30,finish-top adjustFocusToNextFocusableTask]
12-31 04:06:09.294 I/wm_set_resumed_activity( 1505): [0,com.android.launcher3/.uioverrides.QuickstepLauncher,finish-top adjustFocusToNextFocusableTask]
12-31 04:06:09.295 I/wm_pause_activity( 1505): [0,212789840,com.thundercomm.screensaver/android.service.dreams.DreamActivity,userLeaving=false,finish]
12-31 04:06:09.303 I/sysui_multi_action( 1505): [757,803,799,window_time_0,802,303]
12-31 04:06:09.305 I/wm_on_top_resumed_lost_called(12001): [212789840,android.service.dreams.DreamActivity,topStateChangedWhenResumed]
12-31 04:06:09.306 I/wm_on_paused_called(12001): [212789840,android.service.dreams.DreamActivity,performPause]
12-31 04:06:09.307 I/wm_add_to_stopping( 1505): [0,212789840,com.thundercomm.screensaver/android.service.dreams.DreamActivity,completeFinishing]
12-31 04:06:09.311 I/wm_set_resumed_activity( 1505): [0,com.android.launcher3/.uioverrides.QuickstepLauncher,resumeTopActivityInnerLocked]
12-31 04:06:09.311 I/wm_resume_activity( 1505): [0,83241864,9,com.android.launcher3/.uioverrides.QuickstepLauncher]
12-31 04:06:09.314 I/view_enqueue_input_event(12001): [Motion - Cancel,com.thundercomm.screensaver/android.service.dreams.DreamActivity]
12-31 04:06:09.314 I/input_focus( 1505): [Focus leaving 2205b7c com.thundercomm.screensaver/android.service.dreams.DreamActivity (server),reason=NO_WINDOW]
12-31 04:06:09.315 I/input_interaction( 1505): Interaction with: edge-swipe (server), swipe-up (server), PointerEventDispatcher0 (server),
12-31 04:06:09.325 I/sysui_multi_action( 1505): [757,803,799,window_time_0,802,0]
12-31 04:06:09.327 I/wm_on_restart_called( 2581): [83241864,com.android.launcher3.uioverrides.QuickstepLauncher,performRestartActivity]
12-31 04:06:09.327 I/wm_on_start_called( 2581): [83241864,com.android.launcher3.uioverrides.QuickstepLauncher,handleStartActivity]
12-31 04:06:09.328 I/wm_on_resume_called( 2581): [83241864,com.android.launcher3.uioverrides.QuickstepLauncher,RESUME_ACTIVITY]
12-31 04:06:09.328 I/wm_on_top_resumed_gained_called( 2581): [83241864,com.android.launcher3.uioverrides.QuickstepLauncher,topWhenResuming]
12-31 04:06:09.337 I/input_focus( 1505): [Focus request 5f64dd7 com.android.launcher3/com.android.launcher3.uioverrides.QuickstepLauncher,reason=UpdateInputWindows]
12-31 04:06:09.339 I/am_pss ( 1505): [12686,1000,com.thundercomm.gamemode,22969344,17473536,55296,119808000,0,10,6]
12-31 04:06:09.346 I/am_pss ( 1505): [12669,1000,com.qti.diagservices,8043520,4378624,62464,90849280,0,10,5]
12-31 04:06:09.347 I/am_uid_active( 1505): 10063
12-31 04:06:09.364 I/input_focus( 1505): [Focus entering 5f64dd7 com.android.launcher3/com.android.launcher3.uioverrides.QuickstepLauncher (server),reason=Window became focusable. Previous reason: NOT_VISIBLE]
12-31 04:06:09.603 I/wm_destroy_activity( 1505): [0,212789840,30,com.thundercomm.screensaver/android.service.dreams.DreamActivity,finish-imm:idle]
12-31 04:06:09.621 I/wm_on_stop_called(12001): [212789840,android.service.dreams.DreamActivity,LIFECYCLER_STOP_ACTIVITY]
12-31 04:06:09.621 I/wm_on_destroy_called(12001): [212789840,android.service.dreams.DreamActivity,performDestroy]
12-31 04:06:09.627 I/sysui_multi_action( 1505): [757,222,758,2]
12-31 04:06:09.627 I/sysui_multi_action( 1505): [757,804,799,dreaming_minutes,801,5,802,1]
12-31 04:06:09.635 I/wm_task_removed( 1505): [30,removeChild:removeChild last r=ActivityRecord{caeea50 u0 com.thundercomm.screensaver/android.service.dreams.DreamActivity t-1 f}} in t=Task{b7be075 #30 type=dream A=10052:android:com.thundercomm.screensaver/dream U=0 visible=false mode=fullscreen translucent=true sz=0}]
12-31 04:06:09.635 I/wm_task_removed( 1505): [30,removeChild]
12-31 04:06:09.859 I/auditd ( 0): type=1400 audit(0.0:11663): avc: denied { kill } for comm="swapper/3" capability=5 scontext=u:r:kernel:s0 tcontext=u:r:kernel:s0 tclass=capability permissive=0
12-31 04:06:10.330 I/input_interaction( 1505): Interaction with: 5f64dd7 com.android.launcher3/com.android.launcher3.uioverrides.QuickstepLauncher (server), 3a8c96a com.android.systemui.ImageWallpaper (server), edge-swipe (server), swipe-up (server), PointerEventDispatcher0 (server),
12-31 04:06:10.401 I/view_enqueue_input_event( 2581): [Motion - Cancel,com.android.launcher3/com.android.launcher3.uioverrides.QuickstepLauncher]
12-31 04:06:10.409 I/input_interaction( 1505): Interaction with: edge-swipe (server), swipe-up (server), PointerEventDispatcher0 (server),
12-31 04:06:10.592 I/commit_sys_config_file( 1505): [settings-1-0,5]
12-31 04:06:10.859 I/auditd ( 0): type=1400 audit(0.0:11664): avc: denied { kill } for comm="swapper/3" capability=5 scontext=u:r:kernel:s0 tcontext=u:r:kernel:s0 tclass=capability permissive=0
12-31 04:06:11.279 I/commit_sys_config_file( 1505): [settings-1-0,5]
12-31 04:06:11.859 I/auditd ( 0): type=1400 audit(0.0:11665): avc: denied { kill } for comm="swapper/3" capability=5 scontext=u:r:kernel:s0 tcontext=u:r:kernel:s0 tclass=capability permissive=0
12-31 04:06:12.430 I/input_interaction( 1505): Interaction with: 5f64dd7 com.android.launcher3/com.android.launcher3.uioverrides.QuickstepLauncher (server), 3a8c96a com.android.systemui.ImageWallpaper (server), edge-swipe (server), swipe-up (server), PointerEventDispatcher0 (server),
12-31 04:06:12.859 I/auditd ( 717): type=1400 audit(0.0:11666): avc: denied { kill } for comm="crtc_commit:125" capability=5 scontext=u:r:kernel:s0 tcontext=u:r:kernel:s0 tclass=capability permissive=0
12-31 04:06:13.621 I/view_enqueue_input_event( 2581): [Motion - Cancel,com.android.launcher3/com.android.launcher3.uioverrides.QuickstepLauncher]
12-31 04:06:13.633 I/input_interaction( 1505): Interaction with: edge-swipe (server), swipe-up (server), PointerEventDispatcher0 (server),
12-31 04:06:13.814 I/commit_sys_config_file( 1505): [settings-1-0,3]
12-31 04:06:13.859 I/auditd ( 0): type=1400 audit(0.0:11667): avc: denied { kill } for comm="swapper/3" capability=5 scontext=u:r:kernel:s0 tcontext=u:r:kernel:s0 tclass=capability permissive=0
12-31 04:06:14.403 I/commit_sys_config_file( 1505): [settings-1-0,3]
12-31 04:06:14.859 I/auditd ( 0): type=1400 audit(0.0:11668): avc: denied { kill } for comm="swapper/3" capability=5 scontext=u:r:kernel:s0 tcontext=u:r:kernel:s0 tclass=capability permissive=0
12-31 04:06:15.025 I/input_interaction( 1505): Interaction with: 5f64dd7 com.android.launcher3/com.android.launcher3.uioverrides.QuickstepLauncher (server), 3a8c96a com.android.systemui.ImageWallpaper (server), edge-swipe (server), swipe-up (server), PointerEventDispatcher0 (server),
12-31 04:06:15.859 I/auditd ( 0): type=1400 audit(0.0:11669): avc: denied { kill } for comm="swapper/3" capability=5 scontext=u:r:kernel:s0 tcontext=u:r:kernel:s0 tclass=capability permissive=0
12-31 04:06:16.389 I/input_interaction( 1505): Interaction with: 1c2e319 StatusBar (server), edge-swipe (server), swipe-up (server), PointerEventDispatcher0 (server),
12-31 04:06:16.392 I/sysui_multi_action( 1996): [757,803,799,panel_open,802,1]
12-31 04:06:16.394 I/sysui_multi_action( 1996): [757,1328,758,4,1326,47,1327,3,1329,0]
12-31 04:06:16.487 I/sysui_multi_action( 1505): [757,127,758,1]
12-31 04:06:16.487 I/sysui_multi_action( 1505): [757,804,799,note_load,801,2,802,1]
12-31 04:06:16.487 I/notification_panel_revealed( 1505): 2
12-31 04:06:16.497 I/input_focus( 1505): [Focus request c825af4 NotificationShade,reason=UpdateInputWindows]
12-31 04:06:16.506 I/sysui_multi_action( 1505): [757,128,758,1,793,9027795,794,0,795,9027795,796,26,798,0,806,android,857,DEVELOPER_IMPORTANT,858,4,947,0,1395,2,1500,9027589,1688,1]
12-31 04:06:16.506 I/sysui_multi_action( 1505): [757,804,799,note_freshness,801,9027795,802,1]
12-31 04:06:16.506 I/notification_visibility( 1505): [-1|android|26|null|1000,1,9027795,9027795,0,0]
12-31 04:06:16.506 I/sysui_multi_action( 1505): [757,128,758,1,793,10291976,794,0,795,10291976,796,32,798,1,806,android,857,USB,858,1,947,0,1395,2,1500,10291516,1688,1]
12-31 04:06:16.506 I/sysui_multi_action( 1505): [757,804,799,note_freshness,801,10291976,802,1]
12-31 04:06:16.506 I/notification_visibility( 1505): [-1|android|32|null|1000,1,10291976,10291976,0,1]
12-31 04:06:16.517 I/input_focus( 1505): [Focus leaving 5f64dd7 com.android.launcher3/com.android.launcher3.uioverrides.QuickstepLauncher (server),reason=setFocusedWindow]
12-31 04:06:16.517 I/input_focus( 1505): [Focus entering c825af4 NotificationShade (server),reason=setFocusedWindow]
12-31 04:06:16.581 I/sysui_multi_action( 1996): [757,111,758,1]
12-31 04:06:16.582 I/sysui_multi_action( 1996): [757,126,758,1,759,126,927,0,928,1,1593,0]
12-31 04:06:16.582 I/sysui_multi_action( 1996): [757,0,758,1,759,0,927,1,928,0,1593,0]
12-31 04:06:16.582 I/sysui_multi_action( 1996): [757,0,758,1,759,0,927,2,928,0,1593,0]
12-31 04:06:16.582 I/sysui_multi_action( 1996): [757,491,758,1,759,491,927,3,928,0,1311,-1,1593,0]
12-31 04:06:16.582 I/sysui_multi_action( 1996): [757,113,758,1,759,113,927,4,928,1,1593,0]
12-31 04:06:16.583 I/sysui_multi_action( 1996): [757,0,758,1,759,0,927,5,928,0,1593,0]
12-31 04:06:16.583 I/sysui_multi_action( 1996): [757,111,758,1]
12-31 04:06:16.583 I/sysui_multi_action( 1996): [757,126,758,1,759,126,927,0,928,1,1593,0]
12-31 04:06:16.583 I/sysui_multi_action( 1996): [757,0,758,1,759,0,927,1,928,0,1593,0]
12-31 04:06:16.583 I/sysui_multi_action( 1996): [757,0,758,1,759,0,927,2,928,0,1593,0]
12-31 04:06:16.584 I/sysui_multi_action( 1996): [757,491,758,1,759,491,927,3,928,0,1311,-1,1593,0]
12-31 04:06:16.859 I/auditd ( 0): type=1400 audit(0.0:11670): avc: denied { kill } for comm="swapper/3" capability=5 scontext=u:r:kernel:s0 tcontext=u:r:kernel:s0 tclass=capability permissive=0
12-31 04:06:17.859 I/auditd ( 0): type=1400 audit(0.0:11671): avc: denied { kill } for comm="swapper/3" capability=5 scontext=u:r:kernel:s0 tcontext=u:r:kernel:s0 tclass=capability permissive=0
12-31 04:06:18.033 I/input_interaction( 1505): Interaction with: c825af4 NotificationShade (server), edge-swipe (server), swipe-up (server), PointerEventDispatcher0 (server),
12-31 04:06:18.457 I/notification_enqueue( 1505): [10081,1996,com.android.systemui,2048,NULL,0,Notification(channel=updateNotification shortcut=null contentView=null vibrate=null sound=null defaults=0x0 flags=0x0 color=0x00000000 vis=PRIVATE),1]
12-31 04:06:18.458 I/sysui_multi_action( 1996): [757,111,758,2]
12-31 04:06:18.458 I/sysui_multi_action( 1996): [757,111,758,2]
12-31 04:06:18.679 I/input_focus( 1505): [Focus request 5f64dd7 com.android.launcher3/com.android.launcher3.uioverrides.QuickstepLauncher,reason=UpdateInputWindows]
12-31 04:06:18.687 I/sysui_multi_action( 1505): [757,128,758,2,793,9029976,794,2181,795,9029976,796,26,798,0,806,android,857,DEVELOPER_IMPORTANT,858,4,947,0,1395,2,1500,9029770,1688,1]
12-31 04:06:18.687 I/notification_visibility( 1505): [-1|android|26|null|1000,0,9029976,9029976,0,0]
12-31 04:06:18.688 I/sysui_multi_action( 1505): [757,128,758,2,793,10294157,794,2181,795,10294157,796,32,798,1,806,android,857,USB,858,1,947,0,1395,2,1500,10293697,1688,1]
12-31 04:06:18.688 I/notification_visibility( 1505): [-1|android|32|null|1000,0,10294157,10294157,0,1]
12-31 04:06:18.688 I/sysui_multi_action( 1505): [757,127,758,2]
12-31 04:06:18.689 I/notification_panel_hidden( 1505):
12-31 04:06:18.704 I/input_focus( 1505): [Focus leaving c825af4 NotificationShade (server),reason=NOT_FOCUSABLE]
12-31 04:06:18.704 I/input_focus( 1505): [Focus entering 5f64dd7 com.android.launcher3/com.android.launcher3.uioverrides.QuickstepLauncher (server),reason=setFocusedWindow]
12-31 04:06:18.859 I/auditd ( 0): type=1400 audit(0.0:11672): avc: denied { kill } for comm="swapper/3" capability=5 scontext=u:r:kernel:s0 tcontext=u:r:kernel:s0 tclass=capability permissive=0
12-31 04:06:19.316 I/input_interaction( 1505): Interaction with: 5f64dd7 com.android.launcher3/com.android.launcher3.uioverrides.QuickstepLauncher (server), 3a8c96a com.android.systemui.ImageWallpaper (server), edge-swipe (server), swipe-up (server), PointerEventDispatcher0 (server),
12-31 04:06:19.477 I/wm_task_moved( 1505): [24,1,8]
12-31 04:06:19.478 I/wm_task_to_front( 1505): [0,24]
12-31 04:06:19.479 I/wm_focused_root_task( 1505): [0,0,24,1,bringingFoundTaskToFront]
12-31 04:06:19.480 I/wm_set_resumed_activity( 1505): [0,com.android.settings/.homepage.SettingsHomepageActivity,bringingFoundTaskToFront]
12-31 04:06:19.480 I/wm_new_intent( 1505): [0,156323394,24,com.android.settings/.homepage.SettingsHomepageActivity,android.settings.SETTINGS,NULL,NULL,335544320]
12-31 04:06:19.483 I/wm_pause_activity( 1505): [0,83241864,com.android.launcher3/.uioverrides.QuickstepLauncher,userLeaving=true,pauseBackTasks]
12-31 04:06:19.494 I/wm_on_top_resumed_lost_called( 2581): [83241864,com.android.launcher3.uioverrides.QuickstepLauncher,topStateChangedWhenResumed]
12-31 04:06:19.499 I/wm_on_paused_called( 2581): [83241864,com.android.launcher3.uioverrides.QuickstepLauncher,performPause]
12-31 04:06:19.504 I/wm_set_resumed_activity( 1505): [0,com.android.settings/.homepage.SettingsHomepageActivity,resumeTopActivityInnerLocked]
12-31 04:06:19.504 I/wm_add_to_stopping( 1505): [0,83241864,com.android.launcher3/.uioverrides.QuickstepLauncher,makeInvisible]
12-31 04:06:19.505 I/wm_resume_activity( 1505): [0,156323394,24,com.android.settings/.homepage.SettingsHomepageActivity]
12-31 04:06:19.522 I/sysui_multi_action( 1505): [757,803,799,window_time_0,802,10]
12-31 04:06:19.523 I/wm_on_restart_called(10873): [156323394,com.android.settings.homepage.SettingsHomepageActivity,performRestartActivity]
12-31 04:06:19.525 I/wm_on_start_called(10873): [156323394,com.android.settings.homepage.SettingsHomepageActivity,handleStartActivity]
12-31 04:06:19.526 I/snet_event_log(10873): [120484087,-1,]
12-31 04:06:19.527 I/wm_on_resume_called(10873): [156323394,com.android.settings.homepage.SettingsHomepageActivity,RESUME_ACTIVITY]
12-31 04:06:19.527 I/sysui_multi_action(10873): [757,35,758,1,833,0,1089,0]
12-31 04:06:19.529 I/sysui_multi_action(10873): [757,337,758,1,833,0,1089,0]
12-31 04:06:19.531 I/wm_on_top_resumed_gained_called(10873): [156323394,com.android.settings.homepage.SettingsHomepageActivity,topWhenResuming]
12-31 04:06:19.539 I/input_focus( 1505): [Focus leaving 5f64dd7 com.android.launcher3/com.android.launcher3.uioverrides.QuickstepLauncher (server),reason=NO_WINDOW]
12-31 04:06:19.544 I/input_focus( 1505): [Focus request 4ef717c com.android.settings/com.android.settings.homepage.SettingsHomepageActivity,reason=UpdateInputWindows]
12-31 04:06:19.562 I/sysui_multi_action( 1505): [319,36,321,32,322,81,325,10305,757,761,758,9,759,4,806,com.android.settings,871,com.android.settings.homepage.SettingsHomepageActivity,904,com.android.systemui,905,0,1320,21,1321,5]
12-31 04:06:19.563 I/auditd ( 566): type=1400 audit(0.0:11673): avc: denied { read } for comm="Binder:566_2" name="wakeup58" dev="sysfs" ino=71727 scontext=u:r:system_suspend:s0 tcontext=u:object_r:sysfs:s0 tclass=dir permissive=0
12-31 04:06:19.563 I/auditd ( 566): type=1400 audit(0.0:11674): avc: denied { read } for comm="Binder:566_2" name="wakeup48" dev="sysfs" ino=67141 scontext=u:r:system_suspend:s0 tcontext=u:object_r:sysfs:s0 tclass=dir permissive=0
12-31 04:06:19.563 I/auditd ( 566): type=1400 audit(0.0:11675): avc: denied { read } for comm="Binder:566_2" name="wakeup4" dev="sysfs" ino=47049 scontext=u:r:system_suspend:s0 tcontext=u:object_r:sysfs:s0 tclass=dir permissive=0
12-31 04:06:19.563 I/auditd ( 566): type=1400 audit(0.0:11676): avc: denied { read } for comm="Binder:566_2" name="wakeup28" dev="sysfs" ino=53114 scontext=u:r:system_suspend:s0 tcontext=u:object_r:sysfs:s0 tclass=dir permissive=0
12-31 04:06:19.573 I/input_focus( 1505): [Focus entering 4ef717c com.android.settings/com.android.settings.homepage.SettingsHomepageActivity (server),reason=setFocusedWindow]
12-31 04:06:20.046 I/wm_stop_activity( 1505): [0,83241864,com.android.launcher3/.uioverrides.QuickstepLauncher]
12-31 04:06:20.068 I/wm_on_stop_called( 2581): [83241864,com.android.launcher3.uioverrides.QuickstepLauncher,STOP_ACTIVITY_ITEM]
12-31 04:06:20.583 I/input_interaction( 1505): Interaction with: 4ef717c com.android.settings/com.android.settings.homepage.SettingsHomepageActivity (server), edge-swipe (server), swipe-up (server), PointerEventDispatcher0 (server),
12-31 04:06:20.599 I/wm_task_moved( 1505): [1,0,0]
12-31 04:06:20.600 I/wm_task_moved( 1505): [1,0,7]
12-31 04:06:20.628 I/wm_on_restart_called( 2581): [83241864,com.android.launcher3.uioverrides.QuickstepLauncher,performRestartActivity]
12-31 04:06:20.652 I/wm_on_start_called( 2581): [83241864,com.android.launcher3.uioverrides.QuickstepLauncher,handleStartActivity]
12-31 04:06:20.666 I/view_enqueue_input_event(10873): [Motion - Cancel,com.android.settings/com.android.settings.homepage.SettingsHomepageActivity]
12-31 04:06:20.668 I/sysui_latency( 2581): [1,78]
12-31 04:06:20.669 I/input_focus( 1505): [Focus request recents_animation_input_consumer,reason=UpdateInputWindows]
12-31 04:06:20.677 I/input_interaction( 1505): Interaction with: edge-swipe (server), swipe-up (server), PointerEventDispatcher0 (server),
12-31 04:06:20.677 I/sysui_multi_action( 1505): [319,14,322,71,325,10306,757,761,758,9,759,5,806,com.android.launcher3,871,com.android.launcher3.uioverrides.QuickstepLauncher,905,0,1320,8,1321,5]
12-31 04:06:20.678 I/input_focus( 1505): [Focus leaving 4ef717c com.android.settings/com.android.settings.homepage.SettingsHomepageActivity (server),reason=NOT_FOCUSABLE]
12-31 04:06:20.678 I/input_focus( 1505): [Focus entering recents_animation_input_consumer (server),reason=setFocusedWindow]
12-31 04:06:20.850 I/commit_sys_config_file( 1505): [settings-1-0,4]
12-31 04:06:20.859 I/auditd ( 0): type=1400 audit(0.0:11774): avc: denied { kill } for comm="swapper/3" capability=5 scontext=u:r:kernel:s0 tcontext=u:r:kernel:s0 tclass=capability permissive=0
12-31 04:06:20.971 I/sysui_latency( 1505): [8,84]
12-31 04:06:21.104 I/commit_sys_config_file( 1505): [settings-1-0,8]
12-31 04:06:21.550 I/wm_task_moved( 1505): [1,1,8]
12-31 04:06:21.552 I/wm_task_moved( 1505): [9,1,2147483647]
12-31 04:06:21.552 I/wm_task_to_front( 1505): [0,9]
12-31 04:06:21.552 I/wm_focused_root_task( 1505): [0,0,1,24,RecentsAnimation.onAnimationFinished()]
12-31 04:06:21.552 I/wm_on_top_resumed_lost_called(10873): [156323394,com.android.settings.homepage.SettingsHomepageActivity,topStateChangedWhenResumed]
12-31 04:06:21.552 I/wm_set_resumed_activity( 1505): [0,com.android.launcher3/.uioverrides.QuickstepLauncher,RecentsAnimation.onAnimationFinished()]
12-31 04:06:21.554 I/wm_pause_activity( 1505): [0,156323394,com.android.settings/.homepage.SettingsHomepageActivity,userLeaving=true,pauseBackTasks]
12-31 04:06:21.555 I/wm_add_to_stopping( 1505): [0,156323394,com.android.settings/.homepage.SettingsHomepageActivity,makeInvisible]
12-31 04:06:21.556 I/wm_set_resumed_activity( 1505): [0,com.android.launcher3/.uioverrides.QuickstepLauncher,resumeTopActivityInnerLocked]
12-31 04:06:21.557 I/wm_resume_activity( 1505): [0,83241864,9,com.android.launcher3/.uioverrides.QuickstepLauncher]
12-31 04:06:21.557 I/wm_on_resume_called( 2581): [83241864,com.android.launcher3.uioverrides.QuickstepLauncher,RESUME_ACTIVITY]
12-31 04:06:21.561 I/input_focus( 1505): [Focus request 5f64dd7 com.android.launcher3/com.android.launcher3.uioverrides.QuickstepLauncher,reason=UpdateInputWindows]
12-31 04:06:21.564 I/wm_on_top_resumed_gained_called( 2581): [83241864,com.android.launcher3.uioverrides.QuickstepLauncher,topStateChangedWhenResumed]
12-31 04:06:21.568 I/sysui_multi_action(10873): [757,35,758,2,1089,2041]
12-31 04:06:21.569 I/wm_stop_activity( 1505): [0,156323394,com.android.settings/.homepage.SettingsHomepageActivity]
12-31 04:06:21.570 I/sysui_multi_action(10873): [757,337,758,2,1089,2040]
12-31 04:06:21.571 I/sysui_multi_action( 1505): [757,803,799,window_time_0,802,2]
12-31 04:06:21.571 I/sysui_multi_action( 1505): [757,803,799,window_time_0,802,0]
12-31 04:06:21.572 I/wm_on_paused_called(10873): [156323394,com.android.settings.homepage.SettingsHomepageActivity,performPause]
12-31 04:06:21.577 I/input_focus( 1505): [Focus leaving recents_animation_input_consumer (server),reason=NOT_VISIBLE]
12-31 04:06:21.578 I/input_focus( 1505): [Focus entering 5f64dd7 com.android.launcher3/com.android.launcher3.uioverrides.QuickstepLauncher (server),reason=setFocusedWindow]
12-31 04:06:21.585 I/wm_on_stop_called(10873): [156323394,com.android.settings.homepage.SettingsHomepageActivity,STOP_ACTIVITY_ITEM]
12-31 04:06:21.859 I/auditd ( 0): type=1400 audit(0.0:11775): avc: denied { kill } for comm="swapper/3" capability=5 scontext=u:r:kernel:s0 tcontext=u:r:kernel:s0 tclass=capability permissive=0
12-31 04:06:22.859 I/auditd ( 0): type=1400 audit(0.0:11776): avc: denied { kill } for comm="swapper/0" capability=5 scontext=u:r:kernel:s0 tcontext=u:r:kernel:s0 tclass=capability permissive=0
12-31 04:06:23.859 I/auditd ( 0): type=1400 audit(0.0:11777): avc: denied { kill } for comm="swapper/0" capability=5 scontext=u:r:kernel:s0 tcontext=u:r:kernel:s0 tclass=capability permissive=0
12-31 04:06:24.859 I/auditd ( 0): type=1400 audit(0.0:11778): avc: denied { kill } for comm="swapper/0" capability=5 scontext=u:r:kernel:s0 tcontext=u:r:kernel:s0 tclass=capability permissive=0
12-31 04:06:25.859 I/auditd ( 0): type=1400 audit(0.0:11779): avc: denied { kill } for comm="swapper/0" capability=5 scontext=u:r:kernel:s0 tcontext=u:r:kernel:s0 tclass=capability permissive=0
12-31 04:06:26.859 I/auditd ( 0): type=1400 audit(0.0:11780): avc: denied { kill } for comm="swapper/0" capability=5 scontext=u:r:kernel:s0 tcontext=u:r:kernel:s0 tclass=capability permissive=0
12-31 04:06:27.859 I/auditd ( 0): type=1400 audit(0.0:11781): avc: denied { kill } for comm="swapper/0" capability=5 scontext=u:r:kernel:s0 tcontext=u:r:kernel:s0 tclass=capability permissive=0
12-31 04:06:28.859 I/auditd ( 0): type=1400 audit(0.0:11782): avc: denied { kill } for comm="swapper/0" capability=5 scontext=u:r:kernel:s0 tcontext=u:r:kernel:s0 tclass=capability permissive=0
12-31 04:06:29.859 I/auditd ( 0): type=1400 audit(0.0:11783): avc: denied { kill } for comm="swapper/0" capability=5 scontext=u:r:kernel:s0 tcontext=u:r:kernel:s0 tclass=capability permissive=0
12-31 04:06:30.859 I/auditd ( 0): type=1400 audit(0.0:11784): avc: denied { kill } for comm="swapper/0" capability=5 scontext=u:r:kernel:s0 tcontext=u:r:kernel:s0 tclass=capability permissive=0
12-31 04:06:31.859 I/auditd ( 0): type=1400 audit(0.0:11785): avc: denied { kill } for comm="swapper/0" capability=5 scontext=u:r:kernel:s0 tcontext=u:r:kernel:s0 tclass=capability permissive=0
12-31 04:06:32.859 I/auditd ( 0): type=1400 audit(0.0:11786): avc: denied { kill } for comm="swapper/0" capability=5 scontext=u:r:kernel:s0 tcontext=u:r:kernel:s0 tclass=capability permissive=0
12-31 04:06:33.859 I/auditd ( 0): type=1400 audit(0.0:11787): avc: denied { kill } for comm="swapper/0" capability=5 scontext=u:r:kernel:s0 tcontext=u:r:kernel:s0 tclass=capability permissive=0
12-31 04:06:34.859 I/auditd ( 0): type=1400 audit(0.0:11788): avc: denied { kill } for comm="swapper/0" capability=5 scontext=u:r:kernel:s0 tcontext=u:r:kernel:s0 tclass=capability permissive=0
12-31 04:06:35.859 I/auditd ( 0): type=1400 audit(0.0:11789): avc: denied { kill } for comm="swapper/0" capability=5 scontext=u:r:kernel:s0 tcontext=u:r:kernel:s0 tclass=capability permissive=0
12-31 04:06:36.859 I/auditd ( 0): type=1400 audit(0.0:11790): avc: denied { kill } for comm="swapper/0" capability=5 scontext=u:r:kernel:s0 tcontext=u:r:kernel:s0 tclass=capability permissive=0
12-31 04:06:37.859 I/auditd ( 0): type=1400 audit(0.0:11791): avc: denied { kill } for comm="swapper/0" capability=5 scontext=u:r:kernel:s0 tcontext=u:r:kernel:s0 tclass=capability permissive=0
12-31 04:06:38.859 I/auditd ( 0): type=1400 audit(0.0:11792): avc: denied { kill } for comm="swapper/0" capability=5 scontext=u:r:kernel:s0 tcontext=u:r:kernel:s0 tclass=capability permissive=0
12-31 04:06:39.859 I/auditd ( 0): type=1400 audit(0.0:11793): avc: denied { kill } for comm="swapper/0" capability=5 scontext=u:r:kernel:s0 tcontext=u:r:kernel:s0 tclass=capability permissive=0
12-31 04:06:40.859 I/auditd ( 0): type=1400 audit(0.0:11794): avc: denied { kill } for comm="swapper/0" capability=5 scontext=u:r:kernel:s0 tcontext=u:r:kernel:s0 tclass=capability permissive=0
12-31 04:06:41.859 I/auditd ( 0): type=1400 audit(0.0:11795): avc: denied { kill } for comm="swapper/0" capability=5 scontext=u:r:kernel:s0 tcontext=u:r:kernel:s0 tclass=capability permissive=0
12-31 04:06:42.859 I/auditd ( 0): type=1400 audit(0.0:11796): avc: denied { kill } for comm="swapper/0" capability=5 scontext=u:r:kernel:s0 tcontext=u:r:kernel:s0 tclass=capability permissive=0
12-31 04:06:43.859 I/auditd ( 0): type=1400 audit(0.0:11797): avc: denied { kill } for comm="swapper/0" capability=5 scontext=u:r:kernel:s0 tcontext=u:r:kernel:s0 tclass=capability permissive=0
12-31 04:06:44.859 I/auditd ( 0): type=1400 audit(0.0:11798): avc: denied { kill } for comm="swapper/0" capability=5 scontext=u:r:kernel:s0 tcontext=u:r:kernel:s0 tclass=capability permissive=0
12-31 04:06:45.859 I/auditd ( 0): type=1400 audit(0.0:11799): avc: denied { kill } for comm="swapper/0" capability=5 scontext=u:r:kernel:s0 tcontext=u:r:kernel:s0 tclass=capability permissive=0
12-31 04:06:46.859 I/auditd ( 0): type=1400 audit(0.0:11800): avc: denied { kill } for comm="swapper/0" capability=5 scontext=u:r:kernel:s0 tcontext=u:r:kernel:s0 tclass=capability permissive=0
12-31 04:06:47.859 I/auditd ( 0): type=1400 audit(0.0:11801): avc: denied { kill } for comm="swapper/0" capability=5 scontext=u:r:kernel:s0 tcontext=u:r:kernel:s0 tclass=capability permissive=0
12-31 04:06:48.859 I/auditd ( 0): type=1400 audit(0.0:11802): avc: denied { kill } for comm="swapper/0" capability=5 scontext=u:r:kernel:s0 tcontext=u:r:kernel:s0 tclass=capability permissive=0
12-31 04:06:49.859 I/auditd ( 0): type=1400 audit(0.0:11803): avc: denied { kill } for comm="swapper/0" capability=5 scontext=u:r:kernel:s0 tcontext=u:r:kernel:s0 tclass=capability permissive=0
12-31 04:06:50.859 I/auditd ( 0): type=1400 audit(0.0:11804): avc: denied { kill } for comm="swapper/0" capability=5 scontext=u:r:kernel:s0 tcontext=u:r:kernel:s0 tclass=capability permissive=0
12-31 04:06:51.859 I/auditd ( 0): type=1400 audit(0.0:11805): avc: denied { kill } for comm="swapper/0" capability=5 scontext=u:r:kernel:s0 tcontext=u:r:kernel:s0 tclass=capability permissive=0
12-31 04:06:52.859 I/auditd ( 0): type=1400 audit(0.0:11806): avc: denied { kill } for comm="swapper/0" capability=5 scontext=u:r:kernel:s0 tcontext=u:r:kernel:s0 tclass=capability permissive=0
12-31 04:06:53.859 I/auditd ( 0): type=1400 audit(0.0:11807): avc: denied { kill } for comm="swapper/0" capability=5 scontext=u:r:kernel:s0 tcontext=u:r:kernel:s0 tclass=capability permissive=0
12-31 04:06:54.859 I/auditd ( 0): type=1400 audit(0.0:11808): avc: denied { kill } for comm="swapper/0" capability=5 scontext=u:r:kernel:s0 tcontext=u:r:kernel:s0 tclass=capability permissive=0
12-31 04:06:55.859 I/auditd ( 0): type=1400 audit(0.0:11809): avc: denied { kill } for comm="swapper/0" capability=5 scontext=u:r:kernel:s0 tcontext=u:r:kernel:s0 tclass=capability permissive=0
12-31 04:06:56.859 I/auditd ( 0): type=1400 audit(0.0:11810): avc: denied { kill } for comm="swapper/0" capability=5 scontext=u:r:kernel:s0 tcontext=u:r:kernel:s0 tclass=capability permissive=0
12-31 04:06:57.859 I/auditd ( 0): type=1400 audit(0.0:11811): avc: denied { kill } for comm="swapper/2" capability=5 scontext=u:r:kernel:s0 tcontext=u:r:kernel:s0 tclass=capability permissive=0
12-31 04:06:58.859 I/auditd ( 0): type=1400 audit(0.0:11812): avc: denied { kill } for comm="swapper/2" capability=5 scontext=u:r:kernel:s0 tcontext=u:r:kernel:s0 tclass=capability permissive=0
12-31 04:06:59.859 I/auditd ( 0): type=1400 audit(0.0:11813): avc: denied { kill } for comm="swapper/2" capability=5 scontext=u:r:kernel:s0 tcontext=u:r:kernel:s0 tclass=capability permissive=0
12-31 04:07:00.802 I/am_uid_active( 1505): 10096
12-31 04:07:00.824 I/am_pss ( 1505): [1979,1002,com.android.bluetooth,18547712,15429632,62464,104693760,0,0,10]
12-31 04:07:00.841 I/am_pss ( 1505): [3152,10035,com.baidu.input,99806208,89325568,60416,217485312,0,7,15]
12-31 04:07:00.849 I/am_pss ( 1505): [2854,10094,com.android.providers.media.module,20545536,17113088,62464,107372544,0,0,7]
12-31 04:07:00.856 I/am_pss ( 1505): [2389,10095,android.ext.services,14828544,11980800,63488,93245440,0,5,5]
12-31 04:07:00.861 I/am_pss ( 1505): [2920,10074,com.qualcomm.location.XT,6306816,4132864,62464,83083264,0,6,5]
12-31 04:07:00.859 I/auditd ( 0): type=1400 audit(0.0:11814): avc: denied { kill } for comm="swapper/2" capability=5 scontext=u:r:kernel:s0 tcontext=u:r:kernel:s0 tclass=capability permissive=0
12-31 04:07:00.866 I/am_pss ( 1505): [2701,10080,com.qualcomm.location,8893440,6021120,62464,90894336,0,0,5]
12-31 04:07:00.873 I/am_pss ( 1505): [2181,1073,com.android.networkstack.process,13222912,10031104,62464,98402304,0,0,6]
12-31 04:07:00.879 I/am_pss ( 1505): [2148,1001,.dataservices,7610368,5251072,62464,85807104,0,0,5]
12-31 04:07:00.895 I/am_pss ( 1505): [1996,10081,com.android.systemui,213739520,203005952,60416,332201984,0,0,15]
12-31 04:07:00.915 I/am_pss ( 1505): [1505,1000,system,194774016,107569152,58368,475082752,0,0,19]
12-31 04:07:01.859 I/auditd ( 0): type=1400 audit(0.0:11815): avc: denied { kill } for comm="swapper/2" capability=5 scontext=u:r:kernel:s0 tcontext=u:r:kernel:s0 tclass=capability permissive=0
12-31 04:07:02.859 I/auditd ( 0): type=1400 audit(0.0:11816): avc: denied { kill } for comm="swapper/2" capability=5 scontext=u:r:kernel:s0 tcontext=u:r:kernel:s0 tclass=capability permissive=0
12-31 04:07:03.859 I/auditd ( 0): type=1400 audit(0.0:11817): avc: denied { kill } for comm="swapper/2" capability=5 scontext=u:r:kernel:s0 tcontext=u:r:kernel:s0 tclass=capability permissive=0
12-31 04:07:04.859 I/auditd ( 0): type=1400 audit(0.0:11818): avc: denied { kill } for comm="swapper/2" capability=5 scontext=u:r:kernel:s0 tcontext=u:r:kernel:s0 tclass=capability permissive=0
12-31 04:07:06.859 I/auditd ( 0): type=1400 audit(0.0:11819): avc: denied { kill } for comm="swapper/2" capability=5 scontext=u:r:kernel:s0 tcontext=u:r:kernel:s0 tclass=capability permissive=0
12-31 04:07:07.859 I/auditd ( 0): type=1400 audit(0.0:11820): avc: denied { kill } for comm="swapper/2" capability=5 scontext=u:r:kernel:s0 tcontext=u:r:kernel:s0 tclass=capability permissive=0
12-31 04:07:08.859 I/auditd ( 0): type=1400 audit(0.0:11821): avc: denied { kill } for comm="swapper/2" capability=5 scontext=u:r:kernel:s0 tcontext=u:r:kernel:s0 tclass=capability permissive=0
12-31 04:07:09.638 I/am_uid_idle( 1505): 10052
12-31 04:07:09.859 I/auditd ( 0): type=1400 audit(0.0:11822): avc: denied { kill } for comm="swapper/2" capability=5 scontext=u:r:kernel:s0 tcontext=u:r:kernel:s0 tclass=capability permissive=0
12-31 04:07:10.859 I/auditd ( 0): type=1400 audit(0.0:11823): avc: denied { kill } for comm="swapper/2" capability=5 scontext=u:r:kernel:s0 tcontext=u:r:kernel:s0 tclass=capability permissive=0
12-31 04:07:11.859 I/auditd ( 0): type=1400 audit(0.0:11824): avc: denied { kill } for comm="swapper/2" capability=5 scontext=u:r:kernel:s0 tcontext=u:r:kernel:s0 tclass=capability permissive=0
12-31 04:07:12.859 I/auditd ( 0): type=1400 audit(0.0:11825): avc: denied { kill } for comm="swapper/2" capability=5 scontext=u:r:kernel:s0 tcontext=u:r:kernel:s0 tclass=capability permissive=0
12-31 04:07:13.812 I/sysui_multi_action( 1505): [757,1696,758,6,759,2]
12-31 04:07:13.829 I/am_wtf ( 1505): [0,1505,system_server,-1,DisplayDeviceConfig,requesting nits when no mapping exists.]
12-31 04:07:13.832 I/am_wtf ( 1505): [0,1505,system_server,-1,DisplayDeviceConfig,requesting nits when no mapping exists.]
12-31 04:07:13.844 I/am_wtf ( 1505): [0,1505,system_server,-1,DisplayDeviceConfig,requesting nits when no mapping exists.]
12-31 04:07:13.846 I/am_wtf ( 1505): [0,1505,system_server,-1,DisplayDeviceConfig,requesting nits when no mapping exists.]
12-31 04:07:13.852 I/am_wtf ( 1505): [0,1505,system_server,-1,DisplayDeviceConfig,requesting nits when no mapping exists.]
12-31 04:07:13.853 I/am_wtf ( 1505): [0,1505,system_server,-1,DisplayDeviceConfig,requesting nits when no mapping exists.]
12-31 04:07:13.859 I/auditd ( 0): type=1400 audit(0.0:11826): avc: denied { kill } for comm="swapper/2" capability=5 scontext=u:r:kernel:s0 tcontext=u:r:kernel:s0 tclass=capability permissive=0
12-31 04:07:13.869 I/am_wtf ( 1505): [0,1505,system_server,-1,DisplayDeviceConfig,requesting nits when no mapping exists.]
12-31 04:07:13.870 I/am_wtf ( 1505): [0,1505,system_server,-1,DisplayDeviceConfig,requesting nits when no mapping exists.]
12-31 04:07:13.886 I/am_wtf ( 1505): [0,1505,system_server,-1,DisplayDeviceConfig,requesting nits when no mapping exists.]
12-31 04:07:13.887 I/am_wtf ( 1505): [0,1505,system_server,-1,DisplayDeviceConfig,requesting nits when no mapping exists.]
12-31 04:07:13.903 I/am_wtf ( 1505): [0,1505,system_server,-1,DisplayDeviceConfig,requesting nits when no mapping exists.]
12-31 04:07:13.904 I/am_wtf ( 1505): [0,1505,system_server,-1,DisplayDeviceConfig,requesting nits when no mapping exists.]
12-31 04:07:13.920 I/am_wtf ( 1505): [0,1505,system_server,-1,DisplayDeviceConfig,requesting nits when no mapping exists.]
12-31 04:07:13.920 I/am_wtf ( 1505): [0,1505,system_server,-1,DisplayDeviceConfig,requesting nits when no mapping exists.]
12-31 04:07:13.936 I/am_wtf ( 1505): [0,1505,system_server,-1,DisplayDeviceConfig,requesting nits when no mapping exists.]
12-31 04:07:13.937 I/am_wtf ( 1505): [0,1505,system_server,-1,DisplayDeviceConfig,requesting nits when no mapping exists.]
12-31 04:07:13.953 I/am_wtf ( 1505): [0,1505,system_server,-1,DisplayDeviceConfig,requesting nits when no mapping exists.]
12-31 04:07:13.954 I/am_wtf ( 1505): [0,1505,system_server,-1,DisplayDeviceConfig,requesting nits when no mapping exists.]
12-31 04:07:13.970 I/am_wtf ( 1505): [0,1505,system_server,-1,DisplayDeviceConfig,requesting nits when no mapping exists.]
12-31 04:07:13.971 I/am_wtf ( 1505): [0,1505,system_server,-1,DisplayDeviceConfig,requesting nits when no mapping exists.]
12-31 04:07:13.987 I/am_wtf ( 1505): [0,1505,system_server,-1,DisplayDeviceConfig,requesting nits when no mapping exists.]
12-31 04:07:13.987 I/am_wtf ( 1505): [0,1505,system_server,-1,DisplayDeviceConfig,requesting nits when no mapping exists.]
12-31 04:07:14.003 I/am_wtf ( 1505): [0,1505,system_server,-1,DisplayDeviceConfig,requesting nits when no mapping exists.]
12-31 04:07:14.005 I/am_wtf ( 1505): [0,1505,system_server,-1,DisplayDeviceConfig,requesting nits when no mapping exists.]
12-31 04:07:14.019 I/am_wtf ( 1505): [0,1505,system_server,-1,DisplayDeviceConfig,requesting nits when no mapping exists.]
12-31 04:07:14.020 I/am_wtf ( 1505): [0,1505,system_server,-1,DisplayDeviceConfig,requesting nits when no mapping exists.]
12-31 04:07:14.037 I/am_wtf ( 1505): [0,1505,system_server,-1,DisplayDeviceConfig,requesting nits when no mapping exists.]
12-31 04:07:14.038 I/am_wtf ( 1505): [0,1505,system_server,-1,DisplayDeviceConfig,requesting nits when no mapping exists.]
12-31 04:07:14.053 I/am_wtf ( 1505): [0,1505,system_server,-1,DisplayDeviceConfig,requesting nits when no mapping exists.]
12-31 04:07:14.054 I/am_wtf ( 1505): [0,1505,system_server,-1,DisplayDeviceConfig,requesting nits when no mapping exists.]
12-31 04:07:14.057 I/service_manager_stats( 1505): [100,57,367621]
12-31 04:07:14.070 I/am_wtf ( 1505): [0,1505,system_server,-1,DisplayDeviceConfig,requesting nits when no mapping exists.]
12-31 04:07:14.071 I/am_wtf ( 1505): [0,1505,system_server,-1,DisplayDeviceConfig,requesting nits when no mapping exists.]
12-31 04:07:14.087 I/am_wtf ( 1505): [0,1505,system_server,-1,DisplayDeviceConfig,requesting nits when no mapping exists.]
12-31 04:07:14.087 I/am_wtf ( 1505): [0,1505,system_server,-1,DisplayDeviceConfig,requesting nits when no mapping exists.]
12-31 04:07:14.103 I/am_wtf ( 1505): [0,1505,system_server,-1,DisplayDeviceConfig,requesting nits when no mapping exists.]
12-31 04:07:14.105 I/am_wtf ( 1505): [0,1505,system_server,-1,DisplayDeviceConfig,requesting nits when no mapping exists.]
12-31 04:07:14.120 I/am_wtf ( 1505): [0,1505,system_server,-1,DisplayDeviceConfig,requesting nits when no mapping exists.]
12-31 04:07:14.121 I/am_wtf ( 1505): [0,1505,system_server,-1,DisplayDeviceConfig,requesting nits when no mapping exists.]
12-31 04:07:14.137 I/am_wtf ( 1505): [0,1505,system_server,-1,DisplayDeviceConfig,requesting nits when no mapping exists.]
12-31 04:07:14.138 I/am_wtf ( 1505): [0,1505,system_server,-1,DisplayDeviceConfig,requesting nits when no mapping exists.]
12-31 04:07:14.154 I/am_wtf ( 1505): [0,1505,system_server,-1,DisplayDeviceConfig,requesting nits when no mapping exists.]
12-31 04:07:14.155 I/am_wtf ( 1505): [0,1505,system_server,-1,DisplayDeviceConfig,requesting nits when no mapping exists.]
12-31 04:07:14.170 I/am_wtf ( 1505): [0,1505,system_server,-1,DisplayDeviceConfig,requesting nits when no mapping exists.]
12-31 04:07:14.171 I/am_wtf ( 1505): [0,1505,system_server,-1,DisplayDeviceConfig,requesting nits when no mapping exists.]
12-31 04:07:14.187 I/am_wtf ( 1505): [0,1505,system_server,-1,DisplayDeviceConfig,requesting nits when no mapping exists.]
12-31 04:07:14.188 I/am_wtf ( 1505): [0,1505,system_server,-1,DisplayDeviceConfig,requesting nits when no mapping exists.]
12-31 04:07:14.204 I/am_wtf ( 1505): [0,1505,system_server,-1,DisplayDeviceConfig,requesting nits when no mapping exists.]
12-31 04:07:14.205 I/am_wtf ( 1505): [0,1505,system_server,-1,DisplayDeviceConfig,requesting nits when no mapping exists.]
12-31 04:07:14.220 I/am_wtf ( 1505): [0,1505,system_server,-1,DisplayDeviceConfig,requesting nits when no mapping exists.]
12-31 04:07:14.221 I/am_wtf ( 1505): [0,1505,system_server,-1,DisplayDeviceConfig,requesting nits when no mapping exists.]
12-31 04:07:14.237 I/am_wtf ( 1505): [0,1505,system_server,-1,DisplayDeviceConfig,requesting nits when no mapping exists.]
12-31 04:07:14.238 I/am_wtf ( 1505): [0,1505,system_server,-1,DisplayDeviceConfig,requesting nits when no mapping exists.]
12-31 04:07:14.254 I/am_wtf ( 1505): [0,1505,system_server,-1,DisplayDeviceConfig,requesting nits when no mapping exists.]
12-31 04:07:14.255 I/am_wtf ( 1505): [0,1505,system_server,-1,DisplayDeviceConfig,requesting nits when no mapping exists.]
12-31 04:07:14.270 I/am_wtf ( 1505): [0,1505,system_server,-1,DisplayDeviceConfig,requesting nits when no mapping exists.]
12-31 04:07:14.271 I/am_wtf ( 1505): [0,1505,system_server,-1,DisplayDeviceConfig,requesting nits when no mapping exists.]
12-31 04:07:14.288 I/am_wtf ( 1505): [0,1505,system_server,-1,DisplayDeviceConfig,requesting nits when no mapping exists.]
12-31 04:07:14.289 I/am_wtf ( 1505): [0,1505,system_server,-1,DisplayDeviceConfig,requesting nits when no mapping exists.]
12-31 04:07:14.304 I/am_wtf ( 1505): [0,1505,system_server,-1,DisplayDeviceConfig,requesting nits when no mapping exists.]
12-31 04:07:14.306 I/am_wtf ( 1505): [0,1505,system_server,-1,DisplayDeviceConfig,requesting nits when no mapping exists.]
12-31 04:07:14.320 I/am_wtf ( 1505): [0,1505,system_server,-1,DisplayDeviceConfig,requesting nits when no mapping exists.]
12-31 04:07:14.321 I/am_wtf ( 1505): [0,1505,system_server,-1,DisplayDeviceConfig,requesting nits when no mapping exists.]
12-31 04:07:14.859 I/auditd ( 0): type=1400 audit(0.0:11827): avc: denied { kill } for comm="swapper/2" capability=5 scontext=u:r:kernel:s0 tcontext=u:r:kernel:s0 tclass=capability permissive=0
12-31 04:07:15.859 I/auditd ( 0): type=1400 audit(0.0:11828): avc: denied { kill } for comm="swapper/2" capability=5 scontext=u:r:kernel:s0 tcontext=u:r:kernel:s0 tclass=capability permissive=0
12-31 04:07:16.859 I/auditd ( 0): type=1400 audit(0.0:11829): avc: denied { kill } for comm="swapper/2" capability=5 scontext=u:r:kernel:s0 tcontext=u:r:kernel:s0 tclass=capability permissive=0
12-31 04:07:17.859 I/auditd ( 0): type=1400 audit(0.0:11830): avc: denied { kill } for comm="swapper/2" capability=5 scontext=u:r:kernel:s0 tcontext=u:r:kernel:s0 tclass=capability permissive=0
12-31 04:07:18.859 I/auditd ( 0): type=1400 audit(0.0:11831): avc: denied { kill } for comm="swapper/2" capability=5 scontext=u:r:kernel:s0 tcontext=u:r:kernel:s0 tclass=capability permissive=0
12-31 04:07:19.859 I/auditd ( 0): type=1400 audit(0.0:11832): avc: denied { kill } for comm="swapper/2" capability=5 scontext=u:r:kernel:s0 tcontext=u:r:kernel:s0 tclass=capability permissive=0
12-31 04:07:20.815 I/sysui_multi_action( 1505): [757,222,758,1]
12-31 04:07:20.817 I/am_uid_active( 1505): 10052
12-31 04:07:20.829 I/am_pss ( 1505): [2846,10087,com.qualcomm.qti.qccnetstat,5933056,3837952,63488,81264640,0,0,8]
12-31 04:07:20.829 I/wm_task_created( 1505): [31,-1]
12-31 04:07:20.834 I/wm_task_moved( 1505): [31,1,9]
12-31 04:07:20.834 I/wm_task_to_front( 1505): [0,31]
12-31 04:07:20.834 I/wm_create_task( 1505): [0,31]
12-31 04:07:20.834 I/wm_create_activity( 1505): [0,230126406,31,com.thundercomm.screensaver/android.service.dreams.DreamActivity,NULL,NULL,NULL,276824064]
12-31 04:07:20.834 I/wm_task_moved( 1505): [31,1,9]
12-31 04:07:20.835 I/wm_on_top_resumed_lost_called( 2581): [83241864,com.android.launcher3.uioverrides.QuickstepLauncher,topStateChangedWhenResumed]
12-31 04:07:20.836 I/wm_pause_activity( 1505): [0,83241864,com.android.launcher3/.uioverrides.QuickstepLauncher,userLeaving=true,pauseBackTasks]
12-31 04:07:20.837 I/am_pss ( 1505): [2852,10086,com.qualcomm.qti.workloadclassifier,7331840,4898816,62464,86667264,0,0,7]
12-31 04:07:20.838 I/wm_on_paused_called( 2581): [83241864,com.android.launcher3.uioverrides.QuickstepLauncher,performPause]
12-31 04:07:20.840 I/wm_add_to_stopping( 1505): [0,83241864,com.android.launcher3/.uioverrides.QuickstepLauncher,makeInvisible]
12-31 04:07:20.840 I/wm_restart_activity( 1505): [0,230126406,31,com.thundercomm.screensaver/android.service.dreams.DreamActivity]
12-31 04:07:20.841 I/wm_set_resumed_activity( 1505): [0,com.thundercomm.screensaver/android.service.dreams.DreamActivity,minimalResumeActivityLocked]
12-31 04:07:20.843 I/am_pss ( 1505): [2814,10078,com.qualcomm.qti.services.systemhelper:systemhelper_service,5940224,3878912,62464,80998400,0,0,5]
12-31 04:07:20.844 I/sysui_multi_action( 1505): [757,803,799,window_time_0,802,60]
12-31 04:07:20.844 I/wm_on_create_called(12001): [230126406,android.service.dreams.DreamActivity,performCreate]
12-31 04:07:20.844 I/wm_on_start_called(12001): [230126406,android.service.dreams.DreamActivity,handleStartActivity]
12-31 04:07:20.845 I/wm_on_resume_called(12001): [230126406,android.service.dreams.DreamActivity,RESUME_ACTIVITY]
12-31 04:07:20.847 I/wm_on_top_resumed_gained_called(12001): [230126406,android.service.dreams.DreamActivity,topStateChangedWhenResumed]
12-31 04:07:20.850 I/am_pss ( 1505): [2785,10056,.pasr,5612544,3559424,63488,79646720,0,0,5]
12-31 04:07:20.857 I/input_focus( 1505): [Focus request b8e105d com.thundercomm.screensaver/android.service.dreams.DreamActivity,reason=UpdateInputWindows]
12-31 04:07:20.857 I/am_pss ( 1505): [2737,10059,ts.car.uart,5790720,3731456,62464,80273408,0,0,5]
12-31 04:07:20.859 I/auditd ( 0): type=1400 audit(0.0:11833): avc: denied { kill } for comm="swapper/2" capability=5 scontext=u:r:kernel:s0 tcontext=u:r:kernel:s0 tclass=capability permissive=0
12-31 04:07:20.867 I/input_focus( 1505): [Focus leaving 5f64dd7 com.android.launcher3/com.android.launcher3.uioverrides.QuickstepLauncher (server),reason=NO_WINDOW]
