12-31 04:46:59.269 I/sysui_multi_action( 1505): [757,803,799,window_time_0,802,2]
12-31 04:46:59.288 I/am_proc_died( 1505): [0,16526,com.tencent.tmgp.sgame:xg_vip_service,500,10]
12-31 04:46:59.289 I/am_schedule_service_restart( 1505): [0,com.tencent.tmgp.sgame/com.tencent.android.tpush.service.XGVipPushService,1000]
12-31 04:46:59.496 I/am_proc_died( 1505): [0,16493,com.tencent.tmgp.sgame,700,15]
12-31 04:46:59.498 I/am_uid_stopped( 1505): 10096
12-31 04:46:59.499 I/wm_task_removed( 1505): [46,removeChild:removeChild last r=ActivityRecord{a1b8774 u0 com.tencent.tmgp.sgame/.SGameActivity t-1 f}} in t=Task{cc510c #46 type=standard A=10096:com.tencent.tmgp.sgame U=0 visible=false mode=fullscreen translucent=true sz=0}]
12-31 04:46:59.499 I/wm_task_removed( 1505): [46,removeChild]
12-31 04:46:59.859 I/auditd ( 0): type=1400 audit(0.0:14356): avc: denied { kill } for comm="swapper/2" capability=5 scontext=u:r:kernel:s0 tcontext=u:r:kernel:s0 tclass=capability permissive=0
12-31 04:46:59.912 I/wm_task_moved( 1505): [1,1,6]
12-31 04:46:59.912 I/wm_set_resumed_activity( 1505): [0,com.android.launcher3/.uioverrides.QuickstepLauncher,positionChildAt]
12-31 04:46:59.913 I/wm_task_moved( 1505): [40,1,6]
12-31 04:46:59.913 I/wm_task_to_front( 1505): [0,40]
12-31 04:46:59.913 I/wm_focused_root_task( 1505): [0,0,40,1,moveTaskToFront findTaskToMoveToFront]
12-31 04:46:59.914 I/wm_set_resumed_activity( 1505): [0,com.android.settings/.Settings,moveTaskToFront findTaskToMoveToFront]
12-31 04:46:59.915 I/wm_pause_activity( 1505): [0,83241864,com.android.launcher3/.uioverrides.QuickstepLauncher,userLeaving=true,pauseBackTasks]
12-31 04:46:59.920 I/wm_on_top_resumed_lost_called( 2581): [83241864,com.android.launcher3.uioverrides.QuickstepLauncher,topStateChangedWhenResumed]
12-31 04:46:59.922 I/wm_on_paused_called( 2581): [83241864,com.android.launcher3.uioverrides.QuickstepLauncher,performPause]
12-31 04:46:59.930 I/wm_set_resumed_activity( 1505): [0,com.android.settings/.Settings,resumeTopActivityInnerLocked]
12-31 04:46:59.930 I/wm_add_to_stopping( 1505): [0,83241864,com.android.launcher3/.uioverrides.QuickstepLauncher,makeInvisible]
12-31 04:46:59.931 I/wm_resume_activity( 1505): [0,2887587,40,com.android.settings/.Settings]
12-31 04:46:59.939 I/input_focus( 1505): [Focus leaving 5f64dd7 com.android.launcher3/com.android.launcher3.uioverrides.QuickstepLauncher (server),reason=NO_WINDOW]
12-31 04:46:59.948 I/wm_on_restart_called(14955): [2887587,com.android.settings.Settings,performRestartActivity]
12-31 04:46:59.949 I/wm_on_start_called(14955): [2887587,com.android.settings.Settings,handleStartActivity]
12-31 04:46:59.950 I/sysui_multi_action( 1505): [757,803,799,window_time_0,802,1]
12-31 04:46:59.950 I/snet_event_log(14955): [120484087,-1,]
12-31 04:46:59.950 I/wm_on_resume_called(14955): [2887587,com.android.settings.Settings,RESUME_ACTIVITY]
12-31 04:46:59.951 I/sysui_multi_action(14955): [757,35,758,1,833,0,1089,0]
12-31 04:46:59.951 I/sysui_multi_action(14955): [757,3000,758,1,833,0,1089,0]
12-31 04:46:59.952 I/wm_on_top_resumed_gained_called(14955): [2887587,com.android.settings.Settings,topWhenResuming]
12-31 04:46:59.964 I/input_focus( 1505): [Focus request adc5c4 com.android.settings/com.android.settings.Settings,reason=UpdateInputWindows]
12-31 04:46:59.985 I/sysui_multi_action( 1505): [319,26,321,21,322,63,325,12746,757,761,758,9,759,4,806,com.android.settings,871,com.android.settings.Settings,904,com.android.launcher3,905,0,1320,8,1321,5]
12-31 04:46:59.994 I/input_focus( 1505): [Focus entering adc5c4 com.android.settings/com.android.settings.Settings (server),reason=setFocusedWindow]
12-31 04:47:00.310 I/wm_stop_activity( 1505): [0,83241864,com.android.launcher3/.uioverrides.QuickstepLauncher]
12-31 04:47:00.365 I/wm_on_stop_called( 2581): [83241864,com.android.launcher3.uioverrides.QuickstepLauncher,STOP_ACTIVITY_ITEM]
12-31 04:47:00.859 I/auditd ( 0): type=1400 audit(0.0:14357): avc: denied { kill } for comm="swapper/2" capability=5 scontext=u:r:kernel:s0 tcontext=u:r:kernel:s0 tclass=capability permissive=0
12-31 04:47:02.859 I/auditd ( 0): type=1400 audit(0.0:14358): avc: denied { kill } for comm="swapper/2" capability=5 scontext=u:r:kernel:s0 tcontext=u:r:kernel:s0 tclass=capability permissive=0
12-31 04:47:02.921 I/input_interaction( 1505): Interaction with: adc5c4 com.android.settings/com.android.settings.Settings (server), edge-swipe (server), swipe-up (server), PointerEventDispatcher0 (server),
12-31 04:47:03.086 I/sysui_multi_action(14955): [757,830,758,4,833,0,854,game_setting_gpu_custom_dpi,1089,0]
12-31 04:47:03.093 I/input_focus( 1505): [Focus request 7e0f0da PopupWindow:592decf,reason=UpdateInputWindows]
12-31 04:47:03.114 I/input_focus( 1505): [Focus leaving adc5c4 com.android.settings/com.android.settings.Settings (server),reason=setFocusedWindow]
12-31 04:47:03.114 I/input_focus( 1505): [Focus entering 7e0f0da PopupWindow:592decf (server),reason=setFocusedWindow]
12-31 04:47:03.859 I/auditd ( 0): type=1400 audit(0.0:14359): avc: denied { kill } for comm="swapper/2" capability=5 scontext=u:r:kernel:s0 tcontext=u:r:kernel:s0 tclass=capability permissive=0
12-31 04:47:04.859 I/auditd ( 0): type=1400 audit(0.0:14360): avc: denied { kill } for comm="swapper/2" capability=5 scontext=u:r:kernel:s0 tcontext=u:r:kernel:s0 tclass=capability permissive=0
12-31 04:47:04.928 I/input_interaction( 1505): Interaction with: 7e0f0da PopupWindow:592decf (server), edge-swipe (server), swipe-up (server), PointerEventDispatcher0 (server),
12-31 04:47:05.107 I/input_focus( 1505): [Focus request adc5c4 com.android.settings/com.android.settings.Settings,reason=UpdateInputWindows]
12-31 04:47:05.136 I/input_focus( 1505): [Focus leaving 7e0f0da PopupWindow:592decf (server),reason=NOT_FOCUSABLE]
12-31 04:47:05.136 I/input_focus( 1505): [Focus entering adc5c4 com.android.settings/com.android.settings.Settings (server),reason=setFocusedWindow]
12-31 04:47:05.859 I/auditd ( 0): type=1400 audit(0.0:14361): avc: denied { kill } for comm="swapper/2" capability=5 scontext=u:r:kernel:s0 tcontext=u:r:kernel:s0 tclass=capability permissive=0
12-31 04:47:06.859 I/auditd ( 0): type=1400 audit(0.0:14362): avc: denied { kill } for comm="swapper/2" capability=5 scontext=u:r:kernel:s0 tcontext=u:r:kernel:s0 tclass=capability permissive=0
12-31 04:47:07.859 I/auditd ( 0): type=1400 audit(0.0:14363): avc: denied { kill } for comm="swapper/2" capability=5 scontext=u:r:kernel:s0 tcontext=u:r:kernel:s0 tclass=capability permissive=0
12-31 04:47:08.859 I/auditd ( 0): type=1400 audit(0.0:14364): avc: denied { kill } for comm="swapper/2" capability=5 scontext=u:r:kernel:s0 tcontext=u:r:kernel:s0 tclass=capability permissive=0
12-31 04:47:09.800 I/input_interaction( 1505): Interaction with: adc5c4 com.android.settings/com.android.settings.Settings (server), edge-swipe (server), swipe-up (server), PointerEventDispatcher0 (server),
12-31 04:47:09.815 I/wm_task_moved( 1505): [1,0,0]
12-31 04:47:09.816 I/wm_task_moved( 1505): [1,0,5]
12-31 04:47:09.822 I/wm_on_restart_called( 2581): [83241864,com.android.launcher3.uioverrides.QuickstepLauncher,performRestartActivity]
12-31 04:47:09.842 I/wm_on_start_called( 2581): [83241864,com.android.launcher3.uioverrides.QuickstepLauncher,handleStartActivity]
12-31 04:47:09.843 I/view_enqueue_input_event(14955): [Motion - Cancel,com.android.settings/com.android.settings.Settings]
12-31 04:47:09.845 I/input_focus( 1505): [Focus request recents_animation_input_consumer,reason=UpdateInputWindows]
12-31 04:47:09.852 I/input_interaction( 1505): Interaction with: edge-swipe (server), swipe-up (server), PointerEventDispatcher0 (server),
12-31 04:47:09.852 I/sysui_latency( 2581): [1,53]
12-31 04:47:09.864 I/input_focus( 1505): [Focus leaving adc5c4 com.android.settings/com.android.settings.Settings (server),reason=NOT_FOCUSABLE]
12-31 04:47:09.864 I/input_focus( 1505): [Focus entering recents_animation_input_consumer (server),reason=setFocusedWindow]
12-31 04:47:09.865 I/sysui_multi_action( 1505): [319,11,322,43,325,12756,757,761,758,9,759,5,806,com.android.launcher3,871,com.android.launcher3.uioverrides.QuickstepLauncher,905,0,1320,8,1321,5]
12-31 04:47:10.042 I/commit_sys_config_file( 1505): [settings-1-0,4]
12-31 04:47:10.160 I/sysui_latency( 1505): [8,53]
12-31 04:47:10.650 I/wm_task_moved( 1505): [1,1,6]
12-31 04:47:10.650 I/wm_task_moved( 1505): [9,1,2147483647]
12-31 04:47:10.650 I/wm_task_to_front( 1505): [0,9]
12-31 04:47:10.650 I/wm_focused_root_task( 1505): [0,0,1,40,RecentsAnimation.onAnimationFinished()]
12-31 04:47:10.650 I/wm_set_resumed_activity( 1505): [0,com.android.launcher3/.uioverrides.QuickstepLauncher,RecentsAnimation.onAnimationFinished()]
12-31 04:47:10.650 I/wm_on_top_resumed_lost_called(14955): [2887587,com.android.settings.Settings,topStateChangedWhenResumed]
12-31 04:47:10.651 I/wm_pause_activity( 1505): [0,2887587,com.android.settings/.Settings,userLeaving=true,pauseBackTasks]
12-31 04:47:10.652 I/wm_add_to_stopping( 1505): [0,2887587,com.android.settings/.Settings,makeInvisible]
12-31 04:47:10.653 I/wm_set_resumed_activity( 1505): [0,com.android.launcher3/.uioverrides.QuickstepLauncher,resumeTopActivityInnerLocked]
12-31 04:47:10.653 I/wm_resume_activity( 1505): [0,83241864,9,com.android.launcher3/.uioverrides.QuickstepLauncher]
12-31 04:47:10.654 I/wm_on_resume_called( 2581): [83241864,com.android.launcher3.uioverrides.QuickstepLauncher,RESUME_ACTIVITY]
12-31 04:47:10.657 I/input_focus( 1505): [Focus request 5f64dd7 com.android.launcher3/com.android.launcher3.uioverrides.QuickstepLauncher,reason=UpdateInputWindows]
12-31 04:47:10.658 I/wm_on_top_resumed_gained_called( 2581): [83241864,com.android.launcher3.uioverrides.QuickstepLauncher,topStateChangedWhenResumed]
12-31 04:47:10.658 I/sysui_multi_action(14955): [757,35,758,2,1089,10707]
12-31 04:47:10.658 I/sysui_multi_action(14955): [757,3000,758,2,1089,10707]
12-31 04:47:10.658 I/wm_on_paused_called(14955): [2887587,com.android.settings.Settings,performPause]
12-31 04:47:10.659 I/wm_stop_activity( 1505): [0,2887587,com.android.settings/.Settings]
12-31 04:47:10.661 I/sysui_multi_action( 1505): [757,803,799,window_time_0,802,10]
12-31 04:47:10.662 I/sysui_multi_action( 1505): [757,803,799,window_time_0,802,0]
12-31 04:47:10.666 I/input_focus( 1505): [Focus leaving recents_animation_input_consumer (server),reason=NOT_VISIBLE]
12-31 04:47:10.672 I/wm_on_stop_called(14955): [2887587,com.android.settings.Settings,STOP_ACTIVITY_ITEM]
12-31 04:47:10.681 I/input_focus( 1505): [Focus entering 5f64dd7 com.android.launcher3/com.android.launcher3.uioverrides.QuickstepLauncher (server),reason=setFocusedWindow]
12-31 04:47:10.763 I/input_interaction( 1505): Interaction with: 5f64dd7 com.android.launcher3/com.android.launcher3.uioverrides.QuickstepLauncher (server), 3a8c96a com.android.systemui.ImageWallpaper (server), edge-swipe (server), swipe-up (server), PointerEventDispatcher0 (server),
12-31 04:47:10.859 I/auditd ( 0): type=1400 audit(0.0:14365): avc: denied { kill } for comm="swapper/0" capability=5 scontext=u:r:kernel:s0 tcontext=u:r:kernel:s0 tclass=capability permissive=0
12-31 04:47:11.859 I/auditd ( 0): type=1400 audit(0.0:14366): avc: denied { kill } for comm="swapper/0" capability=5 scontext=u:r:kernel:s0 tcontext=u:r:kernel:s0 tclass=capability permissive=0
12-31 04:47:12.033 I/wm_task_created( 1505): [47,-1]
12-31 04:47:12.035 I/wm_task_moved( 1505): [47,1,7]
12-31 04:47:12.035 I/wm_task_to_front( 1505): [0,47]
12-31 04:47:12.035 I/wm_create_task( 1505): [0,47]
12-31 04:47:12.035 I/wm_create_activity( 1505): [0,62701714,47,com.tencent.tmgp.sgame/.SGameActivity,android.intent.action.MAIN,NULL,NULL,270532608]
12-31 04:47:12.035 I/wm_task_moved( 1505): [47,1,7]
12-31 04:47:12.036 I/wm_pause_activity( 1505): [0,83241864,com.android.launcher3/.uioverrides.QuickstepLauncher,userLeaving=true,pauseBackTasks]
12-31 04:47:12.038 I/wm_on_top_resumed_lost_called( 2581): [83241864,com.android.launcher3.uioverrides.QuickstepLauncher,topStateChangedWhenResumed]
12-31 04:47:12.038 I/wm_on_paused_called( 2581): [83241864,com.android.launcher3.uioverrides.QuickstepLauncher,performPause]
12-31 04:47:12.040 I/wm_add_to_stopping( 1505): [0,83241864,com.android.launcher3/.uioverrides.QuickstepLauncher,makeInvisible]
12-31 04:47:12.042 I/am_uid_running( 1505): 10096
12-31 04:47:12.043 I/sysui_multi_action( 1505): [757,803,799,window_time_0,802,2]
12-31 04:47:12.047 I/am_proc_start( 1505): [0,17151,10096,com.tencent.tmgp.sgame,pre-top-activity,{com.tencent.tmgp.sgame/com.tencent.tmgp.sgame.SGameActivity}]
12-31 04:47:12.057 I/am_proc_bound( 1505): [0,17151,com.tencent.tmgp.sgame]
12-31 04:47:12.061 I/wm_restart_activity( 1505): [0,62701714,47,com.tencent.tmgp.sgame/.SGameActivity]
12-31 04:47:12.061 I/wm_set_resumed_activity( 1505): [0,com.tencent.tmgp.sgame/.SGameActivity,minimalResumeActivityLocked]
12-31 04:47:12.063 I/am_uid_active( 1505): 10096
12-31 04:47:12.070 I/input_focus( 1505): [Focus leaving 5f64dd7 com.android.launcher3/com.android.launcher3.uioverrides.QuickstepLauncher (server),reason=NO_WINDOW]
12-31 04:47:12.098 I/am_proc_start( 1505): [0,17185,10096,com.tencent.tmgp.sgame:xg_vip_service,service,{com.tencent.tmgp.sgame/com.tencent.android.tpush.service.XGVipPushService}]
12-31 04:47:12.118 I/am_proc_bound( 1505): [0,17185,com.tencent.tmgp.sgame:xg_vip_service]
12-31 04:47:12.376 I/wm_on_create_called(17151): [62701714,com.tencent.tmgp.sgame.SGameActivity,performCreate]
12-31 04:47:12.377 I/wm_on_start_called(17151): [62701714,com.tencent.tmgp.sgame.SGameActivity,handleStartActivity]
12-31 04:47:12.380 I/wm_on_resume_called(17151): [62701714,com.tencent.tmgp.sgame.SGameActivity,RESUME_ACTIVITY]
12-31 04:47:12.381 I/wm_on_top_resumed_gained_called(17151): [62701714,com.tencent.tmgp.sgame.SGameActivity,topStateChangedWhenResumed]
12-31 04:47:12.389 I/input_focus( 1505): [Focus request f69e8bd com.tencent.tmgp.sgame/com.tencent.tmgp.sgame.SGameActivity,reason=UpdateInputWindows]
12-31 04:47:12.429 I/sysui_multi_action( 1505): [319,26,321,24,322,396,325,12758,757,761,758,7,759,1,806,com.tencent.tmgp.sgame,871,com.tencent.tmgp.sgame.SGameActivity,904,com.android.launcher3,905,0,945,28,1320,8,1321,5]
12-31 04:47:12.430 I/wm_activity_launch_time( 1505): [0,62701714,com.tencent.tmgp.sgame/.SGameActivity,396]
12-31 04:47:12.436 I/input_focus( 1505): [Focus entering f69e8bd com.tencent.tmgp.sgame/com.tencent.tmgp.sgame.SGameActivity (server),reason=Window became focusable. Previous reason: NOT_VISIBLE]
12-31 04:47:12.503 I/auditd (17151): type=1400 audit(0.0:14367): avc: granted { execute } for comm="tbs_preinit" path="/data/user/0/com.tencent.tmgp.sgame/app_tbs_64/core_share/libwebp_base.so" dev="dm-10" ino=8476 scontext=u:r:untrusted_app_29:s0:c96,c256,c512,c768 tcontext=u:object_r:app_data_file:s0:c96,c256,c512,c768 tclass=file app=com.tencent.tmgp.sgame
12-31 04:47:12.511 I/auditd (17151): type=1400 audit(0.0:14368): avc: granted { execute } for comm="logging-thread" path="/data/user/0/com.tencent.tmgp.sgame/app_tbs_64/core_share/libx5log.so" dev="dm-10" ino=8478 scontext=u:r:untrusted_app_29:s0:c96,c256,c512,c768 tcontext=u:object_r:app_data_file:s0:c96,c256,c512,c768 tclass=file app=com.tencent.tmgp.sgame
12-31 04:47:12.523 I/auditd (17151): type=1400 audit(0.0:14369): avc: granted { execute } for comm="TP-IoBound-3" path="/data/user/0/com.tencent.tmgp.sgame/app_tbs_64/core_share/libqb_keystore.so" dev="dm-10" ino=8468 scontext=u:r:untrusted_app_29:s0:c96,c256,c512,c768 tcontext=u:object_r:app_data_file:s0:c96,c256,c512,c768 tclass=file app=com.tencent.tmgp.sgame
12-31 04:47:12.539 I/auditd (17151): type=1400 audit(0.0:14370): avc: granted { execute } for comm="tbs_preinit" path="/data/user/0/com.tencent.tmgp.sgame/app_tbs_64/core_share/libmttwebview.so" dev="dm-10" ino=8441 scontext=u:r:untrusted_app_29:s0:c96,c256,c512,c768 tcontext=u:object_r:app_data_file:s0:c96,c256,c512,c768 tclass=file app=com.tencent.tmgp.sgame
12-31 04:47:12.589 I/wm_stop_activity( 1505): [0,83241864,com.android.launcher3/.uioverrides.QuickstepLauncher]
12-31 04:47:12.608 I/wm_on_stop_called( 2581): [83241864,com.android.launcher3.uioverrides.QuickstepLauncher,STOP_ACTIVITY_ITEM]
12-31 04:47:13.859 I/auditd ( 0): type=1400 audit(0.0:14376): avc: denied { kill } for comm="swapper/0" capability=5 scontext=u:r:kernel:s0 tcontext=u:r:kernel:s0 tclass=capability permissive=0
12-31 04:47:14.859 I/auditd ( 0): type=1400 audit(0.0:14377): avc: denied { kill } for comm="swapper/0" capability=5 scontext=u:r:kernel:s0 tcontext=u:r:kernel:s0 tclass=capability permissive=0
12-31 04:47:15.859 I/auditd ( 0): type=1400 audit(0.0:14378): avc: denied { kill } for comm="swapper/0" capability=5 scontext=u:r:kernel:s0 tcontext=u:r:kernel:s0 tclass=capability permissive=0
12-31 04:47:16.859 I/auditd ( 0): type=1400 audit(0.0:14379): avc: denied { kill } for comm="swapper/0" capability=5 scontext=u:r:kernel:s0 tcontext=u:r:kernel:s0 tclass=capability permissive=0
12-31 04:47:17.859 I/auditd ( 0): type=1400 audit(0.0:14380): avc: denied { kill } for comm="swapper/0" capability=5 scontext=u:r:kernel:s0 tcontext=u:r:kernel:s0 tclass=capability permissive=0
12-31 04:47:18.859 I/auditd ( 0): type=1400 audit(0.0:14381): avc: denied { kill } for comm="swapper/0" capability=5 scontext=u:r:kernel:s0 tcontext=u:r:kernel:s0 tclass=capability permissive=0
12-31 04:47:19.790 I/input_focus( 1505): [Focus request 5535ac com.tencent.tmgp.sgame/com.tencent.tmgp.sgame.SGameActivity,reason=UpdateInputWindows]
12-31 04:47:19.804 I/input_focus( 1505): [Focus entering 5535ac com.tencent.tmgp.sgame/com.tencent.tmgp.sgame.SGameActivity (server),reason=setFocusedWindow]
12-31 04:47:19.859 I/auditd ( 0): type=1400 audit(0.0:14382): avc: denied { kill } for comm="swapper/0" capability=5 scontext=u:r:kernel:s0 tcontext=u:r:kernel:s0 tclass=capability permissive=0
12-31 04:47:20.859 I/auditd ( 0): type=1400 audit(0.0:14383): avc: denied { kill } for comm="swapper/0" capability=5 scontext=u:r:kernel:s0 tcontext=u:r:kernel:s0 tclass=capability permissive=0
12-31 04:47:21.859 I/auditd ( 0): type=1400 audit(0.0:14384): avc: denied { kill } for comm="swapper/0" capability=5 scontext=u:r:kernel:s0 tcontext=u:r:kernel:s0 tclass=capability permissive=0
12-31 04:47:22.386 I/am_pss ( 1505): [17151,10096,com.tencent.tmgp.sgame,581244928,547454976,54272,734126080,0,2,31]
12-31 04:47:22.859 I/auditd ( 0): type=1400 audit(0.0:14385): avc: denied { kill } for comm="swapper/0" capability=5 scontext=u:r:kernel:s0 tcontext=u:r:kernel:s0 tclass=capability permissive=0
12-31 04:47:23.859 I/auditd ( 0): type=1400 audit(0.0:14386): avc: denied { kill } for comm="swapper/0" capability=5 scontext=u:r:kernel:s0 tcontext=u:r:kernel:s0 tclass=capability permissive=0
12-31 04:47:24.859 I/auditd ( 0): type=1400 audit(0.0:14387): avc: denied { kill } for comm="swapper/0" capability=5 scontext=u:r:kernel:s0 tcontext=u:r:kernel:s0 tclass=capability permissive=0
12-31 04:47:25.239 I/auditd (17151): type=1400 audit(0.0:14388): avc: denied { read } for comm="Thread-87" name="cache" dev="dm-5" ino=16 scontext=u:r:untrusted_app_29:s0:c96,c256,c512,c768 tcontext=u:object_r:cache_file:s0 tclass=lnk_file permissive=0 app=com.tencent.tmgp.sgame
12-31 04:47:25.239 I/auditd (17151): type=1400 audit(0.0:14389): avc: denied { read } for comm="Thread-87" name="cache" dev="dm-5" ino=16 scontext=u:r:untrusted_app_29:s0:c96,c256,c512,c768 tcontext=u:object_r:cache_file:s0 tclass=lnk_file permissive=0 app=com.tencent.tmgp.sgame
12-31 04:47:25.859 I/auditd ( 0): type=1400 audit(0.0:14390): avc: denied { kill } for comm="swapper/0" capability=5 scontext=u:r:kernel:s0 tcontext=u:r:kernel:s0 tclass=capability permissive=0
12-31 04:47:26.859 I/auditd ( 0): type=1400 audit(0.0:14391): avc: denied { kill } for comm="swapper/0" capability=5 scontext=u:r:kernel:s0 tcontext=u:r:kernel:s0 tclass=capability permissive=0
12-31 04:47:27.859 I/auditd ( 0): type=1400 audit(0.0:14392): avc: denied { kill } for comm="swapper/0" capability=5 scontext=u:r:kernel:s0 tcontext=u:r:kernel:s0 tclass=capability permissive=0
12-31 04:47:28.859 I/auditd ( 0): type=1400 audit(0.0:14393): avc: denied { kill } for comm="swapper/0" capability=5 scontext=u:r:kernel:s0 tcontext=u:r:kernel:s0 tclass=capability permissive=0
12-31 04:47:29.006 I/netstats_mobile_sample( 1505): [0,0,0,0,0,0,0,0,0,0,0,0,1672433249006]
12-31 04:47:29.006 I/netstats_wifi_sample( 1505): [7973784551,5583445,231150636,2307646,7973784551,5583445,231150636,2307646,7983713296,5661233,177327927,2186571,1672433249006]
12-31 04:47:29.859 I/auditd ( 0): type=1400 audit(0.0:14394): avc: denied { kill } for comm="swapper/0" capability=5 scontext=u:r:kernel:s0 tcontext=u:r:kernel:s0 tclass=capability permissive=0
12-31 04:47:31.859 I/auditd ( 0): type=1400 audit(0.0:14395): avc: denied { kill } for comm="swapper/5" capability=5 scontext=u:r:kernel:s0 tcontext=u:r:kernel:s0 tclass=capability permissive=0
12-31 04:47:31.985 I/input_interaction( 1505): Interaction with: 5535ac com.tencent.tmgp.sgame/com.tencent.tmgp.sgame.SGameActivity (server), edge-swipe (server), swipe-up (server), PointerEventDispatcher0 (server),
12-31 04:47:32.415 I/am_pss ( 1505): [17151,10096,com.tencent.tmgp.sgame,824709120,790376448,53248,978362368,0,2,45]
12-31 04:47:32.631 I/auditd (17151): type=1400 audit(0.0:14396): avc: denied { read } for comm="ace_worker0" name="cache" dev="dm-5" ino=16 scontext=u:r:untrusted_app_29:s0:c96,c256,c512,c768 tcontext=u:object_r:cache_file:s0 tclass=lnk_file permissive=0 app=com.tencent.tmgp.sgame
12-31 04:47:32.655 I/auditd (17151): type=1400 audit(0.0:14397): avc: denied { read } for comm="Thread-101" name="max_user_watches" dev="proc" ino=456847 scontext=u:r:untrusted_app_29:s0:c96,c256,c512,c768 tcontext=u:object_r:proc:s0 tclass=file permissive=0 app=com.tencent.tmgp.sgame
12-31 04:47:32.955 I/auditd (17151): type=1400 audit(0.0:14398): avc: granted { execute } for comm="cent.tmgp.sgame" path="/data/user/0/com.tencent.tmgp.sgame/app_midaslib_0/libunipayutils.so" dev="dm-10" ino=12974 scontext=u:r:untrusted_app_29:s0:c96,c256,c512,c768 tcontext=u:object_r:app_data_file:s0:c96,c256,c512,c768 tclass=file app=com.tencent.tmgp.sgame
12-31 04:47:34.859 I/auditd ( 0): type=1400 audit(0.0:14399): avc: denied { kill } for comm="swapper/2" capability=5 scontext=u:r:kernel:s0 tcontext=u:r:kernel:s0 tclass=capability permissive=0
12-31 04:47:35.859 I/auditd ( 0): type=1400 audit(0.0:14400): avc: denied { kill } for comm="swapper/2" capability=5 scontext=u:r:kernel:s0 tcontext=u:r:kernel:s0 tclass=capability permissive=0
12-31 04:47:36.962 I/am_proc_start( 1505): [0,17846,10096,com.tencent.tmgp.sgame:tgaPlugin,service,{com.tencent.tmgp.sgame/com.tencent.tga.livesdk.service.plugin.PluginProcessService}]
12-31 04:47:36.986 I/am_proc_bound( 1505): [0,17846,com.tencent.tmgp.sgame:tgaPlugin]
12-31 04:47:37.069 I/am_pss ( 1505): [17185,10096,com.tencent.tmgp.sgame:xg_vip_service,16878592,9842688,59392,115245056,0,3,7]
12-31 04:47:37.501 I/netstats_mobile_sample( 1505): [0,0,0,0,0,0,0,0,0,0,0,0,1672433257501]
12-31 04:47:37.501 I/netstats_wifi_sample( 1505): [7976237032,5585755,231413878,2309334,7976237032,5585755,231413878,2309334,7986172927,5663578,177543578,2188153,1672433257501]
12-31 04:47:37.859 I/auditd ( 0): type=1400 audit(0.0:14401): avc: denied { kill } for comm="swapper/2" capability=5 scontext=u:r:kernel:s0 tcontext=u:r:kernel:s0 tclass=capability permissive=0
12-31 04:47:39.859 I/auditd ( 0): type=1400 audit(0.0:14402): avc: denied { kill } for comm="swapper/2" capability=5 scontext=u:r:kernel:s0 tcontext=u:r:kernel:s0 tclass=capability permissive=0
12-31 04:47:41.251 I/auditd (17151): type=1400 audit(0.0:14403): avc: denied { read } for comm="Thread-143" name="cache" dev="dm-5" ino=16 scontext=u:r:untrusted_app_29:s0:c96,c256,c512,c768 tcontext=u:object_r:cache_file:s0 tclass=lnk_file permissive=0 app=com.tencent.tmgp.sgame
12-31 04:47:41.339 I/auditd (17151): type=1400 audit(0.0:14404): avc: denied { read } for comm="Thread-101" name="cache" dev="dm-5" ino=16 scontext=u:r:untrusted_app_29:s0:c96,c256,c512,c768 tcontext=u:object_r:cache_file:s0 tclass=lnk_file permissive=0 app=com.tencent.tmgp.sgame
12-31 04:47:41.859 I/auditd ( 0): type=1400 audit(0.0:14405): avc: denied { kill } for comm="swapper/2" capability=5 scontext=u:r:kernel:s0 tcontext=u:r:kernel:s0 tclass=capability permissive=0
12-31 04:47:43.859 I/auditd ( 0): type=1400 audit(0.0:14406): avc: denied { kill } for comm="swapper/2" capability=5 scontext=u:r:kernel:s0 tcontext=u:r:kernel:s0 tclass=capability permissive=0
12-31 04:47:44.859 I/auditd ( 0): type=1400 audit(0.0:14407): avc: denied { kill } for comm="swapper/2" capability=5 scontext=u:r:kernel:s0 tcontext=u:r:kernel:s0 tclass=capability permissive=0
12-31 04:47:46.859 I/auditd ( 0): type=1400 audit(0.0:14408): avc: denied { kill } for comm="swapper/2" capability=5 scontext=u:r:kernel:s0 tcontext=u:r:kernel:s0 tclass=capability permissive=0
12-31 04:47:47.859 I/auditd ( 0): type=1400 audit(0.0:14409): avc: denied { kill } for comm="swapper/2" capability=5 scontext=u:r:kernel:s0 tcontext=u:r:kernel:s0 tclass=capability permissive=0
12-31 04:47:48.859 I/auditd ( 0): type=1400 audit(0.0:14410): avc: denied { kill } for comm="swapper/2" capability=5 scontext=u:r:kernel:s0 tcontext=u:r:kernel:s0 tclass=capability permissive=0
12-31 04:47:49.859 I/auditd ( 0): type=1400 audit(0.0:14411): avc: denied { kill } for comm="swapper/2" capability=5 scontext=u:r:kernel:s0 tcontext=u:r:kernel:s0 tclass=capability permissive=0
12-31 04:47:51.859 I/auditd ( 0): type=1400 audit(0.0:14412): avc: denied { kill } for comm="swapper/3" capability=5 scontext=u:r:kernel:s0 tcontext=u:r:kernel:s0 tclass=capability permissive=0
12-31 04:47:52.859 I/auditd ( 0): type=1400 audit(0.0:14413): avc: denied { kill } for comm="swapper/3" capability=5 scontext=u:r:kernel:s0 tcontext=u:r:kernel:s0 tclass=capability permissive=0
12-31 04:47:53.859 I/auditd ( 0): type=1400 audit(0.0:14414): avc: denied { kill } for comm="swapper/3" capability=5 scontext=u:r:kernel:s0 tcontext=u:r:kernel:s0 tclass=capability permissive=0
12-31 04:47:54.859 I/auditd ( 0): type=1400 audit(0.0:14415): avc: denied { kill } for comm="swapper/3" capability=5 scontext=u:r:kernel:s0 tcontext=u:r:kernel:s0 tclass=capability permissive=0
12-31 04:47:55.859 I/auditd ( 0): type=1400 audit(0.0:14416): avc: denied { kill } for comm="swapper/3" capability=5 scontext=u:r:kernel:s0 tcontext=u:r:kernel:s0 tclass=capability permissive=0
12-31 04:47:56.045 I/storage_state( 1505): [41217664-9172-527a-b3d5-edabb50a7d69,0,0,105784930304,118610538496]
12-31 04:47:56.859 I/auditd ( 0): type=1400 audit(0.0:14417): avc: denied { kill } for comm="swapper/3" capability=5 scontext=u:r:kernel:s0 tcontext=u:r:kernel:s0 tclass=capability permissive=0
12-31 04:47:58.859 I/auditd ( 0): type=1400 audit(0.0:14418): avc: denied { kill } for comm="swapper/3" capability=5 scontext=u:r:kernel:s0 tcontext=u:r:kernel:s0 tclass=capability permissive=0
12-31 04:47:59.859 I/auditd ( 0): type=1400 audit(0.0:14419): avc: denied { kill } for comm="swapper/3" capability=5 scontext=u:r:kernel:s0 tcontext=u:r:kernel:s0 tclass=capability permissive=0
12-31 04:48:00.859 I/auditd ( 0): type=1400 audit(0.0:14420): avc: denied { kill } for comm="swapper/3" capability=5 scontext=u:r:kernel:s0 tcontext=u:r:kernel:s0 tclass=capability permissive=0
12-31 04:48:01.859 I/auditd ( 0): type=1400 audit(0.0:14421): avc: denied { kill } for comm="swapper/3" capability=5 scontext=u:r:kernel:s0 tcontext=u:r:kernel:s0 tclass=capability permissive=0
12-31 04:48:02.859 I/auditd ( 0): type=1400 audit(0.0:14422): avc: denied { kill } for comm="swapper/3" capability=5 scontext=u:r:kernel:s0 tcontext=u:r:kernel:s0 tclass=capability permissive=0
12-31 04:48:03.859 I/auditd ( 0): type=1400 audit(0.0:14423): avc: denied { kill } for comm="swapper/3" capability=5 scontext=u:r:kernel:s0 tcontext=u:r:kernel:s0 tclass=capability permissive=0
12-31 04:48:04.859 I/auditd ( 0): type=1400 audit(0.0:14424): avc: denied { kill } for comm="swapper/3" capability=5 scontext=u:r:kernel:s0 tcontext=u:r:kernel:s0 tclass=capability permissive=0
12-31 04:48:05.859 I/auditd ( 0): type=1400 audit(0.0:14425): avc: denied { kill } for comm="swapper/0" capability=5 scontext=u:r:kernel:s0 tcontext=u:r:kernel:s0 tclass=capability permissive=0
12-31 04:48:06.859 I/auditd ( 0): type=1400 audit(0.0:14426): avc: denied { kill } for comm="swapper/0" capability=5 scontext=u:r:kernel:s0 tcontext=u:r:kernel:s0 tclass=capability permissive=0
12-31 04:48:07.859 I/auditd ( 0): type=1400 audit(0.0:14427): avc: denied { kill } for comm="swapper/0" capability=5 scontext=u:r:kernel:s0 tcontext=u:r:kernel:s0 tclass=capability permissive=0
12-31 04:48:08.571 I/auditd (17151): type=1400 audit(0.0:14428): avc: denied { search } for comm="Thread-145" name="net" dev="sysfs" ino=46924 scontext=u:r:untrusted_app_29:s0:c96,c256,c512,c768 tcontext=u:object_r:sysfs_net:s0 tclass=dir permissive=0 app=com.tencent.tmgp.sgame
12-31 04:48:08.571 I/auditd (17151): type=1400 audit(0.0:14429): avc: denied { search } for comm="Thread-145" name="net" dev="sysfs" ino=46924 scontext=u:r:untrusted_app_29:s0:c96,c256,c512,c768 tcontext=u:object_r:sysfs_net:s0 tclass=dir permissive=0 app=com.tencent.tmgp.sgame
12-31 04:48:08.575 I/auditd (17151): type=1400 audit(0.0:14430): avc: denied { search } for comm="Thread-145" name="net" dev="sysfs" ino=46924 scontext=u:r:untrusted_app_29:s0:c96,c256,c512,c768 tcontext=u:object_r:sysfs_net:s0 tclass=dir permissive=0 app=com.tencent.tmgp.sgame
12-31 04:48:08.575 I/auditd (17151): type=1400 audit(0.0:14431): avc: denied { search } for comm="Thread-145" name="net" dev="sysfs" ino=46924 scontext=u:r:untrusted_app_29:s0:c96,c256,c512,c768 tcontext=u:object_r:sysfs_net:s0 tclass=dir permissive=0 app=com.tencent.tmgp.sgame
12-31 04:48:08.859 I/auditd ( 0): type=1400 audit(0.0:14432): avc: denied { kill } for comm="swapper/0" capability=5 scontext=u:r:kernel:s0 tcontext=u:r:kernel:s0 tclass=capability permissive=0
12-31 04:48:09.859 I/auditd ( 0): type=1400 audit(0.0:14433): avc: denied { kill } for comm="swapper/0" capability=5 scontext=u:r:kernel:s0 tcontext=u:r:kernel:s0 tclass=capability permissive=0
12-31 04:48:10.859 I/auditd ( 0): type=1400 audit(0.0:14434): avc: denied { kill } for comm="swapper/0" capability=5 scontext=u:r:kernel:s0 tcontext=u:r:kernel:s0 tclass=capability permissive=0
12-31 04:48:12.859 I/auditd ( 0): type=1400 audit(0.0:14435): avc: denied { kill } for comm="swapper/0" capability=5 scontext=u:r:kernel:s0 tcontext=u:r:kernel:s0 tclass=capability permissive=0
12-31 04:48:13.859 I/auditd ( 0): type=1400 audit(0.0:14436): avc: denied { kill } for comm="swapper/0" capability=5 scontext=u:r:kernel:s0 tcontext=u:r:kernel:s0 tclass=capability permissive=0
12-31 04:48:15.859 I/auditd ( 0): type=1400 audit(0.0:14437): avc: denied { kill } for comm="swapper/0" capability=5 scontext=u:r:kernel:s0 tcontext=u:r:kernel:s0 tclass=capability permissive=0
12-31 04:48:16.829 I/am_uid_idle( 1505): 10063
12-31 04:48:17.859 I/auditd ( 0): type=1400 audit(0.0:14438): avc: denied { kill } for comm="swapper/0" capability=5 scontext=u:r:kernel:s0 tcontext=u:r:kernel:s0 tclass=capability permissive=0
12-31 04:48:18.859 I/auditd ( 0): type=1400 audit(0.0:14439): avc: denied { kill } for comm="swapper/0" capability=5 scontext=u:r:kernel:s0 tcontext=u:r:kernel:s0 tclass=capability permissive=0
12-31 04:48:20.859 I/auditd ( 0): type=1400 audit(0.0:14440): avc: denied { kill } for comm="swapper/0" capability=5 scontext=u:r:kernel:s0 tcontext=u:r:kernel:s0 tclass=capability permissive=0
12-31 04:48:21.859 I/auditd ( 0): type=1400 audit(0.0:14441): avc: denied { kill } for comm="swapper/0" capability=5 scontext=u:r:kernel:s0 tcontext=u:r:kernel:s0 tclass=capability permissive=0
12-31 04:48:22.859 I/auditd (13952): type=1400 audit(0.0:14442): avc: denied { kill } for comm="kworker/u16:13" capability=5 scontext=u:r:kernel:s0 tcontext=u:r:kernel:s0 tclass=capability permissive=0
12-31 04:48:23.859 I/auditd ( 0): type=1400 audit(0.0:14443): avc: denied { kill } for comm="swapper/0" capability=5 scontext=u:r:kernel:s0 tcontext=u:r:kernel:s0 tclass=capability permissive=0
12-31 04:48:24.859 I/auditd ( 0): type=1400 audit(0.0:14444): avc: denied { kill } for comm="swapper/0" capability=5 scontext=u:r:kernel:s0 tcontext=u:r:kernel:s0 tclass=capability permissive=0
12-31 04:48:24.986 I/commit_sys_config_file( 1505): [appops,12812144]
12-31 04:48:25.859 I/auditd ( 0): type=1400 audit(0.0:14445): avc: denied { kill } for comm="swapper/0" capability=5 scontext=u:r:kernel:s0 tcontext=u:r:kernel:s0 tclass=capability permissive=0
12-31 04:48:26.070 I/netstats_mobile_sample( 1505): [0,0,0,0,0,0,0,0,0,0,0,0,1672433306070]
12-31 04:48:26.070 I/netstats_wifi_sample( 1505): [7977992536,5587759,232030252,2311380,7977992536,5587759,232030252,2311380,7987974931,5665882,177885458,2189587,1672433306070]
12-31 04:48:26.859 I/auditd ( 0): type=1400 audit(0.0:14446): avc: denied { kill } for comm="swapper/0" capability=5 scontext=u:r:kernel:s0 tcontext=u:r:kernel:s0 tclass=capability permissive=0
12-31 04:48:27.859 I/auditd ( 0): type=1400 audit(0.0:14447): avc: denied { kill } for comm="swapper/0" capability=5 scontext=u:r:kernel:s0 tcontext=u:r:kernel:s0 tclass=capability permissive=0
12-31 04:48:28.859 I/auditd ( 0): type=1400 audit(0.0:14448): avc: denied { kill } for comm="swapper/0" capability=5 scontext=u:r:kernel:s0 tcontext=u:r:kernel:s0 tclass=capability permissive=0
12-31 04:48:29.859 I/auditd ( 0): type=1400 audit(0.0:14449): avc: denied { kill } for comm="swapper/0" capability=5 scontext=u:r:kernel:s0 tcontext=u:r:kernel:s0 tclass=capability permissive=0
12-31 04:48:30.859 I/auditd ( 0): type=1400 audit(0.0:14450): avc: denied { kill } for comm="swapper/0" capability=5 scontext=u:r:kernel:s0 tcontext=u:r:kernel:s0 tclass=capability permissive=0
12-31 04:48:32.859 I/auditd ( 0): type=1400 audit(0.0:14451): avc: denied { kill } for comm="swapper/0" capability=5 scontext=u:r:kernel:s0 tcontext=u:r:kernel:s0 tclass=capability permissive=0
12-31 04:48:34.859 I/auditd ( 0): type=1400 audit(0.0:14452): avc: denied { kill } for comm="swapper/0" capability=5 scontext=u:r:kernel:s0 tcontext=u:r:kernel:s0 tclass=capability permissive=0
12-31 04:48:36.859 I/auditd ( 0): type=1400 audit(0.0:14453): avc: denied { kill } for comm="swapper/2" capability=5 scontext=u:r:kernel:s0 tcontext=u:r:kernel:s0 tclass=capability permissive=0
12-31 04:48:38.859 I/auditd ( 0): type=1400 audit(0.0:14454): avc: denied { kill } for comm="swapper/2" capability=5 scontext=u:r:kernel:s0 tcontext=u:r:kernel:s0 tclass=capability permissive=0
12-31 04:48:39.859 I/auditd ( 0): type=1400 audit(0.0:14455): avc: denied { kill } for comm="swapper/2" capability=5 scontext=u:r:kernel:s0 tcontext=u:r:kernel:s0 tclass=capability permissive=0
12-31 04:48:40.859 I/auditd ( 0): type=1400 audit(0.0:14456): avc: denied { kill } for comm="swapper/2" capability=5 scontext=u:r:kernel:s0 tcontext=u:r:kernel:s0 tclass=capability permissive=0
12-31 04:48:42.859 I/auditd ( 0): type=1400 audit(0.0:14457): avc: denied { kill } for comm="swapper/1" capability=5 scontext=u:r:kernel:s0 tcontext=u:r:kernel:s0 tclass=capability permissive=0
12-31 04:48:43.859 I/auditd ( 0): type=1400 audit(0.0:14458): avc: denied { kill } for comm="swapper/1" capability=5 scontext=u:r:kernel:s0 tcontext=u:r:kernel:s0 tclass=capability permissive=0
12-31 04:48:44.859 I/auditd ( 0): type=1400 audit(0.0:14459): avc: denied { kill } for comm="swapper/1" capability=5 scontext=u:r:kernel:s0 tcontext=u:r:kernel:s0 tclass=capability permissive=0
12-31 04:48:45.859 I/auditd ( 0): type=1400 audit(0.0:14460): avc: denied { kill } for comm="swapper/1" capability=5 scontext=u:r:kernel:s0 tcontext=u:r:kernel:s0 tclass=capability permissive=0
12-31 04:48:46.859 I/auditd ( 0): type=1400 audit(0.0:14461): avc: denied { kill } for comm="swapper/1" capability=5 scontext=u:r:kernel:s0 tcontext=u:r:kernel:s0 tclass=capability permissive=0
12-31 04:48:47.859 I/auditd ( 0): type=1400 audit(0.0:14462): avc: denied { kill } for comm="swapper/1" capability=5 scontext=u:r:kernel:s0 tcontext=u:r:kernel:s0 tclass=capability permissive=0
12-31 04:48:49.859 I/auditd ( 645): type=1400 audit(0.0:14463): avc: denied { kill } for comm="vendor.ts.uart@" capability=5 scontext=u:r:uart_service_deamon:s0 tcontext=u:r:uart_service_deamon:s0 tclass=capability permissive=0
12-31 04:48:50.859 I/auditd ( 0): type=1400 audit(0.0:14464): avc: denied { kill } for comm="swapper/1" capability=5 scontext=u:r:kernel:s0 tcontext=u:r:kernel:s0 tclass=capability permissive=0
12-31 04:48:51.859 I/auditd ( 0): type=1400 audit(0.0:14465): avc: denied { kill } for comm="swapper/1" capability=5 scontext=u:r:kernel:s0 tcontext=u:r:kernel:s0 tclass=capability permissive=0
12-31 04:48:54.859 I/auditd ( 0): type=1400 audit(0.0:14466): avc: denied { kill } for comm="swapper/3" capability=5 scontext=u:r:kernel:s0 tcontext=u:r:kernel:s0 tclass=capability permissive=0
12-31 04:48:55.859 I/auditd ( 0): type=1400 audit(0.0:14467): avc: denied { kill } for comm="swapper/3" capability=5 scontext=u:r:kernel:s0 tcontext=u:r:kernel:s0 tclass=capability permissive=0
12-31 04:48:56.859 I/auditd ( 0): type=1400 audit(0.0:14468): avc: denied { kill } for comm="swapper/3" capability=5 scontext=u:r:kernel:s0 tcontext=u:r:kernel:s0 tclass=capability permissive=0
12-31 04:48:57.859 I/auditd ( 0): type=1400 audit(0.0:14469): avc: denied { kill } for comm="swapper/3" capability=5 scontext=u:r:kernel:s0 tcontext=u:r:kernel:s0 tclass=capability permissive=0
12-31 04:48:58.038 I/netstats_mobile_sample( 1505): [0,0,0,0,0,0,0,0,0,0,0,0,1672433338038]
12-31 04:48:58.038 I/netstats_wifi_sample( 1505): [7981775002,5591048,232447811,2313258,7981775002,5591048,232447811,2313258,7991788357,5669370,178126468,2191071,1672433338038]
12-31 04:48:58.859 I/auditd ( 0): type=1400 audit(0.0:14470): avc: denied { kill } for comm="swapper/3" capability=5 scontext=u:r:kernel:s0 tcontext=u:r:kernel:s0 tclass=capability permissive=0
12-31 04:48:59.859 I/auditd ( 0): type=1400 audit(0.0:14471): avc: denied { kill } for comm="swapper/3" capability=5 scontext=u:r:kernel:s0 tcontext=u:r:kernel:s0 tclass=capability permissive=0
12-31 04:49:02.859 I/auditd ( 0): type=1400 audit(0.0:14472): avc: denied { kill } for comm="swapper/0" capability=5 scontext=u:r:kernel:s0 tcontext=u:r:kernel:s0 tclass=capability permissive=0
12-31 04:49:03.859 I/auditd ( 0): type=1400 audit(0.0:14473): avc: denied { kill } for comm="swapper/0" capability=5 scontext=u:r:kernel:s0 tcontext=u:r:kernel:s0 tclass=capability permissive=0
12-31 04:49:04.859 I/auditd ( 0): type=1400 audit(0.0:14474): avc: denied { kill } for comm="swapper/0" capability=5 scontext=u:r:kernel:s0 tcontext=u:r:kernel:s0 tclass=capability permissive=0
12-31 04:49:05.859 I/auditd ( 0): type=1400 audit(0.0:14475): avc: denied { kill } for comm="swapper/0" capability=5 scontext=u:r:kernel:s0 tcontext=u:r:kernel:s0 tclass=capability permissive=0
12-31 04:49:05.985 I/am_freeze( 1505): [13192,com.qti.diagservices]
12-31 04:49:05.987 I/am_kill ( 1505): [0,13192,com.qti.diagservices,935,Unable to freeze binder interface]
12-31 04:49:06.014 I/am_proc_died( 1505): [0,13192,com.qti.diagservices,935,10]
12-31 04:49:06.015 I/am_schedule_service_restart( 1505): [0,com.qti.diagservices/.QTIDiagServices,1000]
12-31 04:49:06.075 I/am_pss ( 1505): [17151,10096,com.tencent.tmgp.sgame,1031033856,995622912,53248,1195765760,0,2,49]
12-31 04:49:06.083 I/am_pss ( 1505): [17846,10096,com.tencent.tmgp.sgame:tgaPlugin,55394304,45203456,60416,164311040,0,3,7]
12-31 04:49:06.090 I/am_pss ( 1505): [17185,10096,com.tencent.tmgp.sgame:xg_vip_service,16655360,9859072,61440,114880512,0,3,6]
12-31 04:49:06.096 I/am_pss ( 1505): [16465,10089,com.android.music,8330240,5771264,61440,87777280,0,19,6]
12-31 04:49:06.510 I/service_manager_stats( 1505): [100,56,340238]
12-31 04:49:06.859 I/auditd ( 0): type=1400 audit(0.0:14476): avc: denied { kill } for comm="swapper/0" capability=5 scontext=u:r:kernel:s0 tcontext=u:r:kernel:s0 tclass=capability permissive=0
12-31 04:49:07.029 I/am_proc_start( 1505): [0,17977,1000,com.qti.diagservices,service,{com.qti.diagservices/com.qti.diagservices.QTIDiagServices}]
12-31 04:49:07.060 I/am_proc_bound( 1505): [0,17977,com.qti.diagservices]
12-31 04:49:07.095 I/auditd (17977): type=1400 audit(0.0:14477): avc: denied { read write } for comm="ti.diagservices" name="diag" dev="tmpfs" ino=2155 scontext=u:r:system_app:s0 tcontext=u:object_r:vendor_diag_device:s0 tclass=chr_file permissive=0
12-31 04:49:07.859 I/auditd ( 0): type=1400 audit(0.0:14478): avc: denied { kill } for comm="swapper/0" capability=5 scontext=u:r:kernel:s0 tcontext=u:r:kernel:s0 tclass=capability permissive=0
12-31 04:49:08.859 I/auditd ( 0): type=1400 audit(0.0:14479): avc: denied { kill } for comm="swapper/0" capability=5 scontext=u:r:kernel:s0 tcontext=u:r:kernel:s0 tclass=capability permissive=0
12-31 04:49:09.859 I/auditd (16446): type=1400 audit(0.0:14480): avc: denied { kill } for comm="kworker/u17:5" capability=5 scontext=u:r:kernel:s0 tcontext=u:r:kernel:s0 tclass=capability permissive=0
12-31 04:49:10.859 I/auditd ( 0): type=1400 audit(0.0:14481): avc: denied { kill } for comm="swapper/0" capability=5 scontext=u:r:kernel:s0 tcontext=u:r:kernel:s0 tclass=capability permissive=0
12-31 04:49:11.859 I/auditd ( 0): type=1400 audit(0.0:14482): avc: denied { kill } for comm="swapper/0" capability=5 scontext=u:r:kernel:s0 tcontext=u:r:kernel:s0 tclass=capability permissive=0
12-31 04:49:17.859 I/auditd ( 0): type=1400 audit(0.0:14483): avc: denied { kill } for comm="swapper/0" capability=5 scontext=u:r:kernel:s0 tcontext=u:r:kernel:s0 tclass=capability permissive=0
12-31 04:49:18.859 I/auditd ( 0): type=1400 audit(0.0:14484): avc: denied { kill } for comm="swapper/0" capability=5 scontext=u:r:kernel:s0 tcontext=u:r:kernel:s0 tclass=capability permissive=0
12-31 04:49:19.859 I/auditd ( 0): type=1400 audit(0.0:14485): avc: denied { kill } for comm="swapper/0" capability=5 scontext=u:r:kernel:s0 tcontext=u:r:kernel:s0 tclass=capability permissive=0
12-31 04:49:20.859 I/auditd ( 0): type=1400 audit(0.0:14486): avc: denied { kill } for comm="swapper/0" capability=5 scontext=u:r:kernel:s0 tcontext=u:r:kernel:s0 tclass=capability permissive=0
12-31 04:49:21.859 I/auditd ( 0): type=1400 audit(0.0:14487): avc: denied { kill } for comm="swapper/0" capability=5 scontext=u:r:kernel:s0 tcontext=u:r:kernel:s0 tclass=capability permissive=0
12-31 04:49:22.859 I/auditd ( 0): type=1400 audit(0.0:14488): avc: denied { kill } for comm="swapper/0" capability=5 scontext=u:r:kernel:s0 tcontext=u:r:kernel:s0 tclass=capability permissive=0
12-31 04:49:25.859 I/auditd ( 0): type=1400 audit(0.0:14489): avc: denied { kill } for comm="swapper/0" capability=5 scontext=u:r:kernel:s0 tcontext=u:r:kernel:s0 tclass=capability permissive=0
12-31 04:49:29.483 I/netstats_mobile_sample( 1505): [0,0,0,0,0,0,0,0,0,0,0,0,1672433369483]
12-31 04:49:29.483 I/netstats_wifi_sample( 1505): [7985750928,5594657,233053569,2315790,7985750928,5594657,233053569,2315790,7995784837,5673150,178555677,2193209,1672433369483]
12-31 04:49:29.859 I/auditd ( 0): type=1400 audit(0.0:14490): avc: denied { kill } for comm="swapper/1" capability=5 scontext=u:r:kernel:s0 tcontext=u:r:kernel:s0 tclass=capability permissive=0
12-31 04:49:30.859 I/auditd ( 0): type=1400 audit(0.0:14491): avc: denied { kill } for comm="swapper/1" capability=5 scontext=u:r:kernel:s0 tcontext=u:r:kernel:s0 tclass=capability permissive=0
12-31 04:49:30.917 I/netstats_mobile_sample( 1505): [0,0,0,0,0,0,0,0,0,0,0,0,1672433370917]
12-31 04:49:30.917 I/netstats_wifi_sample( 1505): [7994613909,5600811,233101410,2316576,7994613909,5600811,233101410,2316576,8004647818,5679304,178597992,2193983,1672433370917]
12-31 04:49:32.257 I/netstats_mobile_sample( 1505): [0,0,0,0,0,0,0,0,0,0,0,0,1672433372257]
12-31 04:49:32.257 I/netstats_wifi_sample( 1505): [8003815429,5607416,233164573,2317520,8003815429,5607416,233164573,2317520,8013849138,5685904,178650103,2194903,1672433372257]
12-31 04:49:33.859 I/auditd ( 0): type=1400 audit(0.0:14492): avc: denied { kill } for comm="swapper/1" capability=5 scontext=u:r:kernel:s0 tcontext=u:r:kernel:s0 tclass=capability permissive=0
12-31 04:49:34.540 I/input_interaction( 1505): Interaction with: 7b9708e gamemode.floatview (server), edge-swipe (server), swipe-up (server), PointerEventDispatcher0 (server),
12-31 04:49:34.859 I/auditd ( 0): type=1400 audit(0.0:14493): avc: denied { kill } for comm="swapper/1" capability=5 scontext=u:r:kernel:s0 tcontext=u:r:kernel:s0 tclass=capability permissive=0
12-31 04:49:35.733 I/input_interaction( 1505): Interaction with: 9bdbd4 gamemode.menuview (server), edge-swipe (server), swipe-up (server), PointerEventDispatcher0 (server),
12-31 04:49:35.900 I/am_uid_active( 1505): 10063
12-31 04:49:36.859 I/auditd ( 0): type=1400 audit(0.0:14494): avc: denied { kill } for comm="swapper/1" capability=5 scontext=u:r:kernel:s0 tcontext=u:r:kernel:s0 tclass=capability permissive=0
12-31 04:49:37.859 I/auditd ( 0): type=1400 audit(0.0:14495): avc: denied { kill } for comm="swapper/1" capability=5 scontext=u:r:kernel:s0 tcontext=u:r:kernel:s0 tclass=capability permissive=0
12-31 04:49:38.034 I/input_interaction( 1505): Interaction with: 5535ac com.tencent.tmgp.sgame/com.tencent.tmgp.sgame.SGameActivity (server), edge-swipe (server), swipe-up (server), PointerEventDispatcher0 (server),
12-31 04:49:38.859 I/auditd ( 0): type=1400 audit(0.0:14496): avc: denied { kill } for comm="swapper/1" capability=5 scontext=u:r:kernel:s0 tcontext=u:r:kernel:s0 tclass=capability permissive=0
12-31 04:49:39.859 I/auditd ( 0): type=1400 audit(0.0:14497): avc: denied { kill } for comm="swapper/1" capability=5 scontext=u:r:kernel:s0 tcontext=u:r:kernel:s0 tclass=capability permissive=0
12-31 04:49:40.859 I/auditd ( 0): type=1400 audit(0.0:14498): avc: denied { kill } for comm="swapper/2" capability=5 scontext=u:r:kernel:s0 tcontext=u:r:kernel:s0 tclass=capability permissive=0
12-31 04:49:43.859 I/auditd ( 0): type=1400 audit(0.0:14499): avc: denied { kill } for comm="swapper/2" capability=5 scontext=u:r:kernel:s0 tcontext=u:r:kernel:s0 tclass=capability permissive=0
12-31 04:49:44.859 I/auditd ( 0): type=1400 audit(0.0:14500): avc: denied { kill } for comm="swapper/2" capability=5 scontext=u:r:kernel:s0 tcontext=u:r:kernel:s0 tclass=capability permissive=0
12-31 04:49:45.859 I/auditd ( 0): type=1400 audit(0.0:14501): avc: denied { kill } for comm="swapper/2" capability=5 scontext=u:r:kernel:s0 tcontext=u:r:kernel:s0 tclass=capability permissive=0
12-31 04:49:46.859 I/auditd ( 0): type=1400 audit(0.0:14502): avc: denied { kill } for comm="swapper/2" capability=5 scontext=u:r:kernel:s0 tcontext=u:r:kernel:s0 tclass=capability permissive=0
12-31 04:49:47.859 I/auditd ( 0): type=1400 audit(0.0:14503): avc: denied { kill } for comm="swapper/2" capability=5 scontext=u:r:kernel:s0 tcontext=u:r:kernel:s0 tclass=capability permissive=0
12-31 04:49:48.859 I/auditd ( 0): type=1400 audit(0.0:14504): avc: denied { kill } for comm="swapper/2" capability=5 scontext=u:r:kernel:s0 tcontext=u:r:kernel:s0 tclass=capability permissive=0
12-31 04:49:49.859 I/auditd ( 0): type=1400 audit(0.0:14505): avc: denied { kill } for comm="swapper/2" capability=5 scontext=u:r:kernel:s0 tcontext=u:r:kernel:s0 tclass=capability permissive=0
12-31 04:49:51.859 I/auditd ( 0): type=1400 audit(0.0:14506): avc: denied { kill } for comm="swapper/2" capability=5 scontext=u:r:kernel:s0 tcontext=u:r:kernel:s0 tclass=capability permissive=0
12-31 04:49:52.859 I/auditd ( 0): type=1400 audit(0.0:14507): avc: denied { kill } for comm="swapper/2" capability=5 scontext=u:r:kernel:s0 tcontext=u:r:kernel:s0 tclass=capability permissive=0
12-31 04:49:53.859 I/auditd ( 0): type=1400 audit(0.0:14508): avc: denied { kill } for comm="swapper/2" capability=5 scontext=u:r:kernel:s0 tcontext=u:r:kernel:s0 tclass=capability permissive=0
12-31 04:49:56.859 I/auditd ( 0): type=1400 audit(0.0:14509): avc: denied { kill } for comm="swapper/0" capability=5 scontext=u:r:kernel:s0 tcontext=u:r:kernel:s0 tclass=capability permissive=0
12-31 04:49:57.859 I/auditd ( 0): type=1400 audit(0.0:14510): avc: denied { kill } for comm="swapper/0" capability=5 scontext=u:r:kernel:s0 tcontext=u:r:kernel:s0 tclass=capability permissive=0
12-31 04:49:58.859 I/auditd ( 0): type=1400 audit(0.0:14511): avc: denied { kill } for comm="swapper/0" capability=5 scontext=u:r:kernel:s0 tcontext=u:r:kernel:s0 tclass=capability permissive=0
12-31 04:49:59.859 I/auditd ( 0): type=1400 audit(0.0:14512): avc: denied { kill } for comm="swapper/0" capability=5 scontext=u:r:kernel:s0 tcontext=u:r:kernel:s0 tclass=capability permissive=0
12-31 04:50:01.859 I/auditd ( 0): type=1400 audit(0.0:14513): avc: denied { kill } for comm="swapper/0" capability=5 scontext=u:r:kernel:s0 tcontext=u:r:kernel:s0 tclass=capability permissive=0
12-31 04:50:04.859 I/auditd ( 0): type=1400 audit(0.0:14514): avc: denied { kill } for comm="swapper/1" capability=5 scontext=u:r:kernel:s0 tcontext=u:r:kernel:s0 tclass=capability permissive=0
12-31 04:50:06.859 I/auditd ( 0): type=1400 audit(0.0:14515): avc: denied { kill } for comm="swapper/0" capability=5 scontext=u:r:kernel:s0 tcontext=u:r:kernel:s0 tclass=capability permissive=0
12-31 04:50:07.712 I/service_manager_stats( 1505): [100,51,61202]
12-31 04:50:07.859 I/auditd ( 0): type=1400 audit(0.0:14516): avc: denied { kill } for comm="swapper/0" capability=5 scontext=u:r:kernel:s0 tcontext=u:r:kernel:s0 tclass=capability permissive=0
12-31 04:50:08.859 I/auditd ( 0): type=1400 audit(0.0:14517): avc: denied { kill } for comm="swapper/0" capability=5 scontext=u:r:kernel:s0 tcontext=u:r:kernel:s0 tclass=capability permissive=0
