12-31 04:56:50.224 E/DisplayDeviceConfig( 1505): requesting nits when no mapping exists.
12-31 04:56:50.224 E/DisplayDeviceConfig( 1505): requesting nits when no mapping exists.
12-31 04:56:50.224 I/am_wtf ( 1505): [0,1505,system_server,-1,DisplayDeviceConfig,requesting nits when no mapping exists.]
12-31 04:56:50.224 W/View ( 1996): requestLayout() improperly called by android.widget.FrameLayout{7ce9444 I.E...... ......ID 0,0-780,198 #2bc} during second layout pass: posting in next frame
12-31 04:56:50.224 W/View ( 1996): requestLayout() improperly called by com.android.systemui.statusbar.AlphaOptimizedImageView{476e623 VFED..C.. ......ID 0,0-140,198} during second layout pass: posting in next frame
12-31 04:56:50.224 W/View ( 1996): requestLayout() improperly called by android.widget.FrameLayout{ef542c I.E...... ......ID 0,0-780,198 #2bc} during second layout pass: posting in next frame
12-31 04:56:50.224 W/View ( 1996): requestLayout() improperly called by com.android.systemui.statusbar.AlphaOptimizedImageView{e8a8227 VFED..C.. ......ID 0,0-140,84} during second layout pass: posting in next frame
12-31 04:56:50.224 I/am_wtf ( 1505): [0,1505,system_server,-1,DisplayDeviceConfig,requesting nits when no mapping exists.]
12-31 04:56:50.240 E/DisplayDeviceConfig( 1505): requesting nits when no mapping exists.
12-31 04:56:50.240 I/am_wtf ( 1505): [0,1505,system_server,-1,DisplayDeviceConfig,requesting nits when no mapping exists.]
12-31 04:56:50.240 E/DisplayDeviceConfig( 1505): requesting nits when no mapping exists.
12-31 04:56:50.240 W/View ( 1996): requestLayout() improperly called by android.widget.FrameLayout{7ce9444 I.E...... ......ID 0,0-780,198 #2bc} during layout: running second layout pass
12-31 04:56:50.240 W/View ( 1996): requestLayout() improperly called by com.android.systemui.statusbar.AlphaOptimizedImageView{476e623 VFED..C.. ......ID 0,0-140,198} during layout: running second layout pass
12-31 04:56:50.240 W/View ( 1996): requestLayout() improperly called by android.widget.FrameLayout{ef542c I.E...... ......ID 0,0-780,198 #2bc} during layout: running second layout pass
12-31 04:56:50.240 W/View ( 1996): requestLayout() improperly called by com.android.systemui.statusbar.AlphaOptimizedImageView{e8a8227 VFED..C.. ......ID 0,0-140,84} during layout: running second layout pass
12-31 04:56:50.240 I/am_wtf ( 1505): [0,1505,system_server,-1,DisplayDeviceConfig,requesting nits when no mapping exists.]
12-31 04:56:50.241 W/View ( 1996): requestLayout() improperly called by android.widget.FrameLayout{7ce9444 I.E...... ......ID 0,0-780,198 #2bc} during second layout pass: posting in next frame
12-31 04:56:50.241 W/View ( 1996): requestLayout() improperly called by com.android.systemui.statusbar.AlphaOptimizedImageView{476e623 VFED..C.. ......ID 0,0-140,198} during second layout pass: posting in next frame
12-31 04:56:50.241 W/View ( 1996): requestLayout() improperly called by android.widget.FrameLayout{ef542c I.E...... ......ID 0,0-780,198 #2bc} during second layout pass: posting in next frame
12-31 04:56:50.241 W/View ( 1996): requestLayout() improperly called by com.android.systemui.statusbar.AlphaOptimizedImageView{e8a8227 VFED..C.. ......ID 0,0-140,84} during second layout pass: posting in next frame
12-31 04:56:50.256 E/DisplayDeviceConfig( 1505): requesting nits when no mapping exists.
12-31 04:56:50.257 I/am_wtf ( 1505): [0,1505,system_server,-1,DisplayDeviceConfig,requesting nits when no mapping exists.]
12-31 04:56:50.257 E/DisplayDeviceConfig( 1505): requesting nits when no mapping exists.
12-31 04:56:50.257 W/View ( 1996): requestLayout() improperly called by android.widget.FrameLayout{7ce9444 I.E...... ......ID 0,0-780,198 #2bc} during layout: running second layout pass
12-31 04:56:50.257 W/View ( 1996): requestLayout() improperly called by com.android.systemui.statusbar.AlphaOptimizedImageView{476e623 VFED..C.. ......ID 0,0-140,198} during layout: running second layout pass
12-31 04:56:50.257 W/View ( 1996): requestLayout() improperly called by android.widget.FrameLayout{ef542c I.E...... ......ID 0,0-780,198 #2bc} during layout: running second layout pass
12-31 04:56:50.257 W/View ( 1996): requestLayout() improperly called by com.android.systemui.statusbar.AlphaOptimizedImageView{e8a8227 VFED..C.. ......ID 0,0-140,84} during layout: running second layout pass
12-31 04:56:50.257 I/am_wtf ( 1505): [0,1505,system_server,-1,DisplayDeviceConfig,requesting nits when no mapping exists.]
12-31 04:56:50.257 W/View ( 1996): requestLayout() improperly called by android.widget.FrameLayout{7ce9444 I.E...... ......ID 0,0-780,198 #2bc} during second layout pass: posting in next frame
12-31 04:56:50.257 W/View ( 1996): requestLayout() improperly called by com.android.systemui.statusbar.AlphaOptimizedImageView{476e623 VFED..C.. ......ID 0,0-140,198} during second layout pass: posting in next frame
12-31 04:56:50.257 W/View ( 1996): requestLayout() improperly called by android.widget.FrameLayout{ef542c I.E...... ......ID 0,0-780,198 #2bc} during second layout pass: posting in next frame
12-31 04:56:50.257 W/View ( 1996): requestLayout() improperly called by com.android.systemui.statusbar.AlphaOptimizedImageView{e8a8227 VFED..C.. ......ID 0,0-140,84} during second layout pass: posting in next frame
12-31 04:56:50.273 W/View ( 1996): requestLayout() improperly called by android.widget.FrameLayout{7ce9444 I.E...... ......ID 0,0-780,198 #2bc} during layout: running second layout pass
12-31 04:56:50.273 W/View ( 1996): requestLayout() improperly called by com.android.systemui.statusbar.AlphaOptimizedImageView{476e623 VFED..C.. ......ID 0,0-140,198} during layout: running second layout pass
12-31 04:56:50.273 W/View ( 1996): requestLayout() improperly called by android.widget.FrameLayout{ef542c I.E...... ......ID 0,0-780,198 #2bc} during layout: running second layout pass
12-31 04:56:50.274 W/View ( 1996): requestLayout() improperly called by com.android.systemui.statusbar.AlphaOptimizedImageView{e8a8227 VFED..C.. ......ID 0,0-140,84} during layout: running second layout pass
12-31 04:56:50.274 E/DisplayDeviceConfig( 1505): requesting nits when no mapping exists.
12-31 04:56:50.274 E/DisplayDeviceConfig( 1505): requesting nits when no mapping exists.
12-31 04:56:50.274 I/am_wtf ( 1505): [0,1505,system_server,-1,DisplayDeviceConfig,requesting nits when no mapping exists.]
12-31 04:56:50.274 W/View ( 1996): requestLayout() improperly called by android.widget.FrameLayout{7ce9444 I.E...... ......ID 0,0-780,198 #2bc} during second layout pass: posting in next frame
12-31 04:56:50.274 W/View ( 1996): requestLayout() improperly called by com.android.systemui.statusbar.AlphaOptimizedImageView{476e623 VFED..C.. ......ID 0,0-140,198} during second layout pass: posting in next frame
12-31 04:56:50.274 W/View ( 1996): requestLayout() improperly called by android.widget.FrameLayout{ef542c I.E...... ......ID 0,0-780,198 #2bc} during second layout pass: posting in next frame
12-31 04:56:50.274 W/View ( 1996): requestLayout() improperly called by com.android.systemui.statusbar.AlphaOptimizedImageView{e8a8227 VFED..C.. ......ID 0,0-140,84} during second layout pass: posting in next frame
12-31 04:56:50.274 I/am_wtf ( 1505): [0,1505,system_server,-1,DisplayDeviceConfig,requesting nits when no mapping exists.]
12-31 04:56:50.290 E/DisplayDeviceConfig( 1505): requesting nits when no mapping exists.
12-31 04:56:50.290 E/DisplayDeviceConfig( 1505): requesting nits when no mapping exists.
12-31 04:56:50.290 I/am_wtf ( 1505): [0,1505,system_server,-1,DisplayDeviceConfig,requesting nits when no mapping exists.]
12-31 04:56:50.290 W/View ( 1996): requestLayout() improperly called by android.widget.FrameLayout{7ce9444 I.E...... ......ID 0,0-780,198 #2bc} during layout: running second layout pass
12-31 04:56:50.290 W/View ( 1996): requestLayout() improperly called by com.android.systemui.statusbar.AlphaOptimizedImageView{476e623 VFED..C.. ......ID 0,0-140,198} during layout: running second layout pass
12-31 04:56:50.290 W/View ( 1996): requestLayout() improperly called by android.widget.FrameLayout{ef542c I.E...... ......ID 0,0-780,198 #2bc} during layout: running second layout pass
12-31 04:56:50.290 W/View ( 1996): requestLayout() improperly called by com.android.systemui.statusbar.AlphaOptimizedImageView{e8a8227 VFED..C.. ......ID 0,0-140,84} during layout: running second layout pass
12-31 04:56:50.290 I/am_wtf ( 1505): [0,1505,system_server,-1,DisplayDeviceConfig,requesting nits when no mapping exists.]
12-31 04:56:50.291 W/View ( 1996): requestLayout() improperly called by android.widget.FrameLayout{7ce9444 I.E...... ......ID 0,0-780,198 #2bc} during second layout pass: posting in next frame
12-31 04:56:50.291 W/View ( 1996): requestLayout() improperly called by com.android.systemui.statusbar.AlphaOptimizedImageView{476e623 VFED..C.. ......ID 0,0-140,198} during second layout pass: posting in next frame
12-31 04:56:50.291 W/View ( 1996): requestLayout() improperly called by android.widget.FrameLayout{ef542c I.E...... ......ID 0,0-780,198 #2bc} during second layout pass: posting in next frame
12-31 04:56:50.291 W/View ( 1996): requestLayout() improperly called by com.android.systemui.statusbar.AlphaOptimizedImageView{e8a8227 VFED..C.. ......ID 0,0-140,84} during second layout pass: posting in next frame
12-31 04:56:50.307 W/View ( 1996): requestLayout() improperly called by android.widget.FrameLayout{7ce9444 I.E...... ......ID 0,0-780,198 #2bc} during layout: running second layout pass
12-31 04:56:50.307 W/View ( 1996): requestLayout() improperly called by com.android.systemui.statusbar.AlphaOptimizedImageView{476e623 VFED..C.. ......ID 0,0-140,198} during layout: running second layout pass
12-31 04:56:50.307 W/View ( 1996): requestLayout() improperly called by android.widget.FrameLayout{ef542c I.E...... ......ID 0,0-780,198 #2bc} during layout: running second layout pass
12-31 04:56:50.307 W/View ( 1996): requestLayout() improperly called by com.android.systemui.statusbar.AlphaOptimizedImageView{e8a8227 VFED..C.. ......ID 0,0-140,84} during layout: running second layout pass
12-31 04:56:50.307 E/DisplayDeviceConfig( 1505): requesting nits when no mapping exists.
12-31 04:56:50.307 E/DisplayDeviceConfig( 1505): requesting nits when no mapping exists.
12-31 04:56:50.307 I/am_wtf ( 1505): [0,1505,system_server,-1,DisplayDeviceConfig,requesting nits when no mapping exists.]
12-31 04:56:50.307 W/View ( 1996): requestLayout() improperly called by android.widget.FrameLayout{7ce9444 I.E...... ......ID 0,0-780,198 #2bc} during second layout pass: posting in next frame
12-31 04:56:50.307 W/View ( 1996): requestLayout() improperly called by com.android.systemui.statusbar.AlphaOptimizedImageView{476e623 VFED..C.. ......ID 0,0-140,198} during second layout pass: posting in next frame
12-31 04:56:50.307 W/View ( 1996): requestLayout() improperly called by android.widget.FrameLayout{ef542c I.E...... ......ID 0,0-780,198 #2bc} during second layout pass: posting in next frame
12-31 04:56:50.307 W/View ( 1996): requestLayout() improperly called by com.android.systemui.statusbar.AlphaOptimizedImageView{e8a8227 VFED..C.. ......ID 0,0-140,84} during second layout pass: posting in next frame
12-31 04:56:50.308 I/am_wtf ( 1505): [0,1505,system_server,-1,DisplayDeviceConfig,requesting nits when no mapping exists.]
12-31 04:56:50.324 W/View ( 1996): requestLayout() improperly called by android.widget.FrameLayout{7ce9444 I.E...... ......ID 0,0-780,198 #2bc} during layout: running second layout pass
12-31 04:56:50.324 W/View ( 1996): requestLayout() improperly called by com.android.systemui.statusbar.AlphaOptimizedImageView{476e623 VFED..C.. ......ID 0,0-140,198} during layout: running second layout pass
12-31 04:56:50.324 W/View ( 1996): requestLayout() improperly called by android.widget.FrameLayout{ef542c I.E...... ......ID 0,0-780,198 #2bc} during layout: running second layout pass
12-31 04:56:50.324 W/View ( 1996): requestLayout() improperly called by com.android.systemui.statusbar.AlphaOptimizedImageView{e8a8227 VFED..C.. ......ID 0,0-140,84} during layout: running second layout pass
12-31 04:56:50.324 E/DisplayDeviceConfig( 1505): requesting nits when no mapping exists.
12-31 04:56:50.324 E/DisplayDeviceConfig( 1505): requesting nits when no mapping exists.
12-31 04:56:50.324 I/am_wtf ( 1505): [0,1505,system_server,-1,DisplayDeviceConfig,requesting nits when no mapping exists.]
12-31 04:56:50.324 W/View ( 1996): requestLayout() improperly called by android.widget.FrameLayout{7ce9444 I.E...... ......ID 0,0-780,198 #2bc} during second layout pass: posting in next frame
12-31 04:56:50.324 W/View ( 1996): requestLayout() improperly called by com.android.systemui.statusbar.AlphaOptimizedImageView{476e623 VFED..C.. ......ID 0,0-140,198} during second layout pass: posting in next frame
12-31 04:56:50.324 I/am_wtf ( 1505): [0,1505,system_server,-1,DisplayDeviceConfig,requesting nits when no mapping exists.]
12-31 04:56:50.324 W/View ( 1996): requestLayout() improperly called by android.widget.FrameLayout{ef542c I.E...... ......ID 0,0-780,198 #2bc} during second layout pass: posting in next frame
12-31 04:56:50.324 W/View ( 1996): requestLayout() improperly called by com.android.systemui.statusbar.AlphaOptimizedImageView{e8a8227 VFED..C.. ......ID 0,0-140,84} during second layout pass: posting in next frame
12-31 04:56:50.340 W/View ( 1996): requestLayout() improperly called by android.widget.FrameLayout{7ce9444 I.E...... ......ID 0,0-780,198 #2bc} during layout: running second layout pass
12-31 04:56:50.340 W/View ( 1996): requestLayout() improperly called by com.android.systemui.statusbar.AlphaOptimizedImageView{476e623 VFED..C.. ......ID 0,0-140,198} during layout: running second layout pass
12-31 04:56:50.340 W/View ( 1996): requestLayout() improperly called by android.widget.FrameLayout{ef542c I.E...... ......ID 0,0-780,198 #2bc} during layout: running second layout pass
12-31 04:56:50.340 W/View ( 1996): requestLayout() improperly called by com.android.systemui.statusbar.AlphaOptimizedImageView{e8a8227 VFED..C.. ......ID 0,0-140,84} during layout: running second layout pass
12-31 04:56:50.341 E/DisplayDeviceConfig( 1505): requesting nits when no mapping exists.
12-31 04:56:50.341 E/DisplayDeviceConfig( 1505): requesting nits when no mapping exists.
12-31 04:56:50.341 I/am_wtf ( 1505): [0,1505,system_server,-1,DisplayDeviceConfig,requesting nits when no mapping exists.]
12-31 04:56:50.341 W/View ( 1996): requestLayout() improperly called by android.widget.FrameLayout{7ce9444 I.E...... ......ID 0,0-780,198 #2bc} during second layout pass: posting in next frame
12-31 04:56:50.341 W/View ( 1996): requestLayout() improperly called by com.android.systemui.statusbar.AlphaOptimizedImageView{476e623 VFED..C.. ......ID 0,0-140,198} during second layout pass: posting in next frame
12-31 04:56:50.341 W/View ( 1996): requestLayout() improperly called by android.widget.FrameLayout{ef542c I.E...... ......ID 0,0-780,198 #2bc} during second layout pass: posting in next frame
12-31 04:56:50.341 W/View ( 1996): requestLayout() improperly called by com.android.systemui.statusbar.AlphaOptimizedImageView{e8a8227 VFED..C.. ......ID 0,0-140,84} during second layout pass: posting in next frame
12-31 04:56:50.341 I/am_wtf ( 1505): [0,1505,system_server,-1,DisplayDeviceConfig,requesting nits when no mapping exists.]
12-31 04:56:50.357 E/DisplayDeviceConfig( 1505): requesting nits when no mapping exists.
12-31 04:56:50.357 I/am_wtf ( 1505): [0,1505,system_server,-1,DisplayDeviceConfig,requesting nits when no mapping exists.]
12-31 04:56:50.357 E/DisplayDeviceConfig( 1505): requesting nits when no mapping exists.
12-31 04:56:50.357 W/View ( 1996): requestLayout() improperly called by android.widget.FrameLayout{7ce9444 I.E...... ......ID 0,0-780,198 #2bc} during layout: running second layout pass
12-31 04:56:50.357 W/View ( 1996): requestLayout() improperly called by com.android.systemui.statusbar.AlphaOptimizedImageView{476e623 VFED..C.. ......ID 0,0-140,198} during layout: running second layout pass
12-31 04:56:50.357 W/View ( 1996): requestLayout() improperly called by android.widget.FrameLayout{ef542c I.E...... ......ID 0,0-780,198 #2bc} during layout: running second layout pass
12-31 04:56:50.357 W/View ( 1996): requestLayout() improperly called by com.android.systemui.statusbar.AlphaOptimizedImageView{e8a8227 VFED..C.. ......ID 0,0-140,84} during layout: running second layout pass
12-31 04:56:50.357 I/am_wtf ( 1505): [0,1505,system_server,-1,DisplayDeviceConfig,requesting nits when no mapping exists.]
12-31 04:56:50.358 W/View ( 1996): requestLayout() improperly called by android.widget.FrameLayout{7ce9444 I.E...... ......ID 0,0-780,198 #2bc} during second layout pass: posting in next frame
12-31 04:56:50.358 W/View ( 1996): requestLayout() improperly called by com.android.systemui.statusbar.AlphaOptimizedImageView{476e623 VFED..C.. ......ID 0,0-140,198} during second layout pass: posting in next frame
12-31 04:56:50.358 W/View ( 1996): requestLayout() improperly called by android.widget.FrameLayout{ef542c I.E...... ......ID 0,0-780,198 #2bc} during second layout pass: posting in next frame
12-31 04:56:50.358 W/View ( 1996): requestLayout() improperly called by com.android.systemui.statusbar.AlphaOptimizedImageView{e8a8227 VFED..C.. ......ID 0,0-140,84} during second layout pass: posting in next frame
12-31 04:56:50.373 E/DisplayDeviceConfig( 1505): requesting nits when no mapping exists.
12-31 04:56:50.374 E/DisplayDeviceConfig( 1505): requesting nits when no mapping exists.
12-31 04:56:50.374 I/am_wtf ( 1505): [0,1505,system_server,-1,DisplayDeviceConfig,requesting nits when no mapping exists.]
12-31 04:56:50.374 W/View ( 1996): requestLayout() improperly called by android.widget.FrameLayout{7ce9444 I.E...... ......ID 0,0-780,198 #2bc} during layout: running second layout pass
12-31 04:56:50.374 W/View ( 1996): requestLayout() improperly called by com.android.systemui.statusbar.AlphaOptimizedImageView{476e623 VFED..C.. ......ID 0,0-140,198} during layout: running second layout pass
12-31 04:56:50.374 W/View ( 1996): requestLayout() improperly called by android.widget.FrameLayout{ef542c I.E...... ......ID 0,0-780,198 #2bc} during layout: running second layout pass
12-31 04:56:50.374 W/View ( 1996): requestLayout() improperly called by com.android.systemui.statusbar.AlphaOptimizedImageView{e8a8227 VFED..C.. ......ID 0,0-140,84} during layout: running second layout pass
12-31 04:56:50.374 I/am_wtf ( 1505): [0,1505,system_server,-1,DisplayDeviceConfig,requesting nits when no mapping exists.]
12-31 04:56:50.374 W/View ( 1996): requestLayout() improperly called by android.widget.FrameLayout{7ce9444 I.E...... ......ID 0,0-780,198 #2bc} during second layout pass: posting in next frame
12-31 04:56:50.374 W/View ( 1996): requestLayout() improperly called by com.android.systemui.statusbar.AlphaOptimizedImageView{476e623 VFED..C.. ......ID 0,0-140,198} during second layout pass: posting in next frame
12-31 04:56:50.374 W/View ( 1996): requestLayout() improperly called by android.widget.FrameLayout{ef542c I.E...... ......ID 0,0-780,198 #2bc} during second layout pass: posting in next frame
12-31 04:56:50.374 W/View ( 1996): requestLayout() improperly called by com.android.systemui.statusbar.AlphaOptimizedImageView{e8a8227 VFED..C.. ......ID 0,0-140,84} during second layout pass: posting in next frame
12-31 04:56:50.390 W/View ( 1996): requestLayout() improperly called by android.widget.FrameLayout{7ce9444 I.E...... ......ID 0,0-780,198 #2bc} during layout: running second layout pass
12-31 04:56:50.391 W/View ( 1996): requestLayout() improperly called by com.android.systemui.statusbar.AlphaOptimizedImageView{476e623 VFED..C.. ......ID 0,0-140,198} during layout: running second layout pass
12-31 04:56:50.391 W/View ( 1996): requestLayout() improperly called by android.widget.FrameLayout{ef542c I.E...... ......ID 0,0-780,198 #2bc} during layout: running second layout pass
12-31 04:56:50.391 W/View ( 1996): requestLayout() improperly called by com.android.systemui.statusbar.AlphaOptimizedImageView{e8a8227 VFED..C.. ......ID 0,0-140,84} during layout: running second layout pass
12-31 04:56:50.391 E/DisplayDeviceConfig( 1505): requesting nits when no mapping exists.
12-31 04:56:50.391 E/DisplayDeviceConfig( 1505): requesting nits when no mapping exists.
12-31 04:56:50.391 I/am_wtf ( 1505): [0,1505,system_server,-1,DisplayDeviceConfig,requesting nits when no mapping exists.]
12-31 04:56:50.391 I/am_wtf ( 1505): [0,1505,system_server,-1,DisplayDeviceConfig,requesting nits when no mapping exists.]
12-31 04:56:50.391 W/View ( 1996): requestLayout() improperly called by android.widget.FrameLayout{7ce9444 I.E...... ......ID 0,0-780,198 #2bc} during second layout pass: posting in next frame
12-31 04:56:50.391 W/View ( 1996): requestLayout() improperly called by com.android.systemui.statusbar.AlphaOptimizedImageView{476e623 VFED..C.. ......ID 0,0-140,198} during second layout pass: posting in next frame
12-31 04:56:50.391 W/View ( 1996): requestLayout() improperly called by android.widget.FrameLayout{ef542c I.E...... ......ID 0,0-780,198 #2bc} during second layout pass: posting in next frame
12-31 04:56:50.391 W/View ( 1996): requestLayout() improperly called by com.android.systemui.statusbar.AlphaOptimizedImageView{e8a8227 VFED..C.. ......ID 0,0-140,84} during second layout pass: posting in next frame
12-31 04:56:50.407 W/View ( 1996): requestLayout() improperly called by android.widget.FrameLayout{7ce9444 I.E...... ......ID 0,0-780,198 #2bc} during layout: running second layout pass
12-31 04:56:50.407 W/View ( 1996): requestLayout() improperly called by com.android.systemui.statusbar.AlphaOptimizedImageView{476e623 VFED..C.. ......ID 0,0-140,198} during layout: running second layout pass
12-31 04:56:50.407 W/View ( 1996): requestLayout() improperly called by android.widget.FrameLayout{ef542c I.E...... ......ID 0,0-780,198 #2bc} during layout: running second layout pass
12-31 04:56:50.407 W/View ( 1996): requestLayout() improperly called by com.android.systemui.statusbar.AlphaOptimizedImageView{e8a8227 VFED..C.. ......ID 0,0-140,84} during layout: running second layout pass
12-31 04:56:50.407 E/DisplayDeviceConfig( 1505): requesting nits when no mapping exists.
12-31 04:56:50.407 E/DisplayDeviceConfig( 1505): requesting nits when no mapping exists.
12-31 04:56:50.407 I/am_wtf ( 1505): [0,1505,system_server,-1,DisplayDeviceConfig,requesting nits when no mapping exists.]
12-31 04:56:50.408 I/am_wtf ( 1505): [0,1505,system_server,-1,DisplayDeviceConfig,requesting nits when no mapping exists.]
12-31 04:56:50.423 E/DisplayDeviceConfig( 1505): requesting nits when no mapping exists.
12-31 04:56:50.424 E/DisplayDeviceConfig( 1505): requesting nits when no mapping exists.
12-31 04:56:50.424 I/am_wtf ( 1505): [0,1505,system_server,-1,DisplayDeviceConfig,requesting nits when no mapping exists.]
12-31 04:56:50.424 I/am_wtf ( 1505): [0,1505,system_server,-1,DisplayDeviceConfig,requesting nits when no mapping exists.]
12-31 04:56:50.440 E/DisplayDeviceConfig( 1505): requesting nits when no mapping exists.
12-31 04:56:50.440 E/DisplayDeviceConfig( 1505): requesting nits when no mapping exists.
12-31 04:56:50.440 I/am_wtf ( 1505): [0,1505,system_server,-1,DisplayDeviceConfig,requesting nits when no mapping exists.]
12-31 04:56:50.440 I/am_wtf ( 1505): [0,1505,system_server,-1,DisplayDeviceConfig,requesting nits when no mapping exists.]
12-31 04:56:50.457 E/DisplayDeviceConfig( 1505): requesting nits when no mapping exists.
12-31 04:56:50.457 I/am_wtf ( 1505): [0,1505,system_server,-1,DisplayDeviceConfig,requesting nits when no mapping exists.]
12-31 04:56:50.457 E/DisplayDeviceConfig( 1505): requesting nits when no mapping exists.
12-31 04:56:50.457 I/am_wtf ( 1505): [0,1505,system_server,-1,DisplayDeviceConfig,requesting nits when no mapping exists.]
12-31 04:56:50.473 E/DisplayDeviceConfig( 1505): requesting nits when no mapping exists.
12-31 04:56:50.474 E/DisplayDeviceConfig( 1505): requesting nits when no mapping exists.
12-31 04:56:50.474 I/am_wtf ( 1505): [0,1505,system_server,-1,DisplayDeviceConfig,requesting nits when no mapping exists.]
12-31 04:56:50.474 I/am_wtf ( 1505): [0,1505,system_server,-1,DisplayDeviceConfig,requesting nits when no mapping exists.]
12-31 04:56:50.490 E/DisplayDeviceConfig( 1505): requesting nits when no mapping exists.
12-31 04:56:50.490 E/DisplayDeviceConfig( 1505): requesting nits when no mapping exists.
12-31 04:56:50.490 I/am_wtf ( 1505): [0,1505,system_server,-1,DisplayDeviceConfig,requesting nits when no mapping exists.]
12-31 04:56:50.491 I/am_wtf ( 1505): [0,1505,system_server,-1,DisplayDeviceConfig,requesting nits when no mapping exists.]
12-31 04:56:50.507 E/DisplayDeviceConfig( 1505): requesting nits when no mapping exists.
12-31 04:56:50.507 I/am_wtf ( 1505): [0,1505,system_server,-1,DisplayDeviceConfig,requesting nits when no mapping exists.]
12-31 04:56:50.507 E/DisplayDeviceConfig( 1505): requesting nits when no mapping exists.
12-31 04:56:50.507 I/am_wtf ( 1505): [0,1505,system_server,-1,DisplayDeviceConfig,requesting nits when no mapping exists.]
12-31 04:56:50.524 E/DisplayDeviceConfig( 1505): requesting nits when no mapping exists.
12-31 04:56:50.524 I/am_wtf ( 1505): [0,1505,system_server,-1,DisplayDeviceConfig,requesting nits when no mapping exists.]
12-31 04:56:50.524 E/DisplayDeviceConfig( 1505): requesting nits when no mapping exists.
12-31 04:56:50.524 I/am_wtf ( 1505): [0,1505,system_server,-1,DisplayDeviceConfig,requesting nits when no mapping exists.]
12-31 04:56:50.540 E/DisplayDeviceConfig( 1505): requesting nits when no mapping exists.
12-31 04:56:50.540 I/am_wtf ( 1505): [0,1505,system_server,-1,DisplayDeviceConfig,requesting nits when no mapping exists.]
12-31 04:56:50.540 E/DisplayDeviceConfig( 1505): requesting nits when no mapping exists.
12-31 04:56:50.541 I/am_wtf ( 1505): [0,1505,system_server,-1,DisplayDeviceConfig,requesting nits when no mapping exists.]
12-31 04:56:50.557 E/DisplayDeviceConfig( 1505): requesting nits when no mapping exists.
12-31 04:56:50.557 I/am_wtf ( 1505): [0,1505,system_server,-1,DisplayDeviceConfig,requesting nits when no mapping exists.]
12-31 04:56:50.557 E/DisplayDeviceConfig( 1505): requesting nits when no mapping exists.
12-31 04:56:50.557 I/am_wtf ( 1505): [0,1505,system_server,-1,DisplayDeviceConfig,requesting nits when no mapping exists.]
12-31 04:56:50.574 E/DisplayDeviceConfig( 1505): requesting nits when no mapping exists.
12-31 04:56:50.574 E/DisplayDeviceConfig( 1505): requesting nits when no mapping exists.
12-31 04:56:50.574 I/am_wtf ( 1505): [0,1505,system_server,-1,DisplayDeviceConfig,requesting nits when no mapping exists.]
12-31 04:56:50.574 I/am_wtf ( 1505): [0,1505,system_server,-1,DisplayDeviceConfig,requesting nits when no mapping exists.]
12-31 04:56:50.590 E/DisplayDeviceConfig( 1505): requesting nits when no mapping exists.
12-31 04:56:50.591 I/am_wtf ( 1505): [0,1505,system_server,-1,DisplayDeviceConfig,requesting nits when no mapping exists.]
12-31 04:56:50.591 E/DisplayDeviceConfig( 1505): requesting nits when no mapping exists.
12-31 04:56:50.591 I/am_wtf ( 1505): [0,1505,system_server,-1,DisplayDeviceConfig,requesting nits when no mapping exists.]
12-31 04:56:50.607 E/DisplayDeviceConfig( 1505): requesting nits when no mapping exists.
12-31 04:56:50.607 E/DisplayDeviceConfig( 1505): requesting nits when no mapping exists.
12-31 04:56:50.607 I/am_wtf ( 1505): [0,1505,system_server,-1,DisplayDeviceConfig,requesting nits when no mapping exists.]
12-31 04:56:50.607 I/am_wtf ( 1505): [0,1505,system_server,-1,DisplayDeviceConfig,requesting nits when no mapping exists.]
12-31 04:56:50.859 I/auditd ( 0): type=1400 audit(0.0:14971): avc: denied { kill } for comm="swapper/2" capability=5 scontext=u:r:kernel:s0 tcontext=u:r:kernel:s0 tclass=capability permissive=0
12-31 04:56:50.859 W/swapper/2( 0): type=1400 audit(0.0:14971): avc: denied { kill } for capability=5 scontext=u:r:kernel:s0 tcontext=u:r:kernel:s0 tclass=capability permissive=0
01-01 11:42:19.398 D/ ( 0): mv2112_read_status
01-01 11:42:19.398 D/mv2112_update_link( 0): 3.0x901(1G): 0x80
01-01 11:42:19.398 D/mv2112_update_link( 0): 3.0x8109(100M): 0x8
01-01 11:42:19.398 D/mv2112_update_link( 0): link 0x0
01-01 11:42:19.398 D/mv2112_read_status( 0): autoneg is disabled
12-31 04:56:50.917 I/mpu_uart( 645): [MSG-P:RECV]:No message received in 1000 ms
01-01 11:42:19.514 I/logd ( 0): logdr: UID=2000 GID=2000 PID=18706 b tail=0 logMask=bf pid=0 start=0ns deadline=0ns
12-31 04:56:51.786 I/mpu_uart( 645): [MSG-P:R]:recv sync frame timeout
01-01 11:42:20.422 D/ ( 0): mv2112_read_status
01-01 11:42:20.422 D/mv2112_update_link( 0): 3.0x901(1G): 0x80
01-01 11:42:20.423 D/mv2112_update_link( 0): 3.0x8109(100M): 0x8
01-01 11:42:20.423 D/mv2112_update_link( 0): link 0x0
01-01 11:42:20.423 D/mv2112_read_status( 0): autoneg is disabled
12-31 04:56:51.918 I/mpu_uart( 645): [MSG-P:RECV]:No message received in 1000 ms
12-31 04:56:52.518 I/input_interaction( 1505): Interaction with: 118d9e1 com.thundercomm.screensaver/android.service.dreams.DreamActivity (server), swipe-up (server), edge-swipe (server), PointerEventDispatcher0 (server),
12-31 04:56:52.521 I/wm_finish_activity( 1505): [0,140657200,49,com.thundercomm.screensaver/android.service.dreams.DreamActivity,finish-activity]
12-31 04:56:52.521 I/wm_task_moved( 1505): [1,1,5]
12-31 04:56:52.522 I/wm_task_moved( 1505): [9,1,2147483647]
12-31 04:56:52.522 I/wm_task_to_front( 1505): [0,9]
12-31 04:56:52.522 I/wm_focused_root_task( 1505): [0,0,1,49,finish-top adjustFocusToNextFocusableTask]
12-31 04:56:52.523 I/wm_set_resumed_activity( 1505): [0,com.android.launcher3/.uioverrides.QuickstepLauncher,finish-top adjustFocusToNextFocusableTask]
12-31 04:56:52.523 D/ActivityTrigger( 1505): ActivityTrigger activityPauseTrigger
12-31 04:56:52.524 I/wm_pause_activity( 1505): [0,140657200,com.thundercomm.screensaver/android.service.dreams.DreamActivity,userLeaving=false,finish]
12-31 04:56:52.530 I/DreamManagerService( 1505): Gently waking up from dream.
12-31 04:56:52.531 I/DreamManagerService( 1505): Performing gentle wake from dream.
12-31 04:56:52.531 I/wm_on_top_resumed_lost_called(18665): [140657200,android.service.dreams.DreamActivity,topStateChangedWhenResumed]
12-31 04:56:52.533 I/wm_on_paused_called(18665): [140657200,android.service.dreams.DreamActivity,performPause]
12-31 04:56:52.533 I/sysui_multi_action( 1505): [757,803,799,window_time_0,802,3]
12-31 04:56:52.534 I/wm_add_to_stopping( 1505): [0,140657200,com.thundercomm.screensaver/android.service.dreams.DreamActivity,completeFinishing]
12-31 04:56:52.535 I/ActivityTaskManager( 1505): FOREGROUND_APPLICATION_CHANGED to com.android.launcher3.uioverrides.QuickstepLauncher
12-31 04:56:52.537 I/wm_set_resumed_activity( 1505): [0,com.android.launcher3/.uioverrides.QuickstepLauncher,resumeTopActivityInnerLocked]
12-31 04:56:52.537 D/KeyguardViewMediator( 1996): setOccluded false
12-31 04:56:52.538 I/wm_resume_activity( 1505): [0,83241864,9,com.android.launcher3/.uioverrides.QuickstepLauncher]
12-31 04:56:52.539 D/StatusBar( 1996): disable disable2
12-31 04:56:52.540 D/KeyguardViewMediator( 1996): adjustStatusBarLocked: mShowing=false mOccluded=false isSecure=false force=false --> flags=0x0
12-31 04:56:52.543 I/GameMode_ActivityMonitoringService(12686): onForegroundActivitiesChanged uid 10077 pid 2581 fg true
12-31 04:56:52.543 W/View ( 1996): requestLayout() improperly called by android.widget.FrameLayout{7ce9444 I.E...... ......ID 0,0-780,198 #2bc} during second layout pass: posting in next frame
12-31 04:56:52.544 W/View ( 1996): requestLayout() improperly called by com.android.systemui.statusbar.AlphaOptimizedImageView{476e623 VFED..C.. ......ID 0,0-140,198} during second layout pass: posting in next frame
12-31 04:56:52.544 W/View ( 1996): requestLayout() improperly called by android.widget.FrameLayout{ef542c I.E...... ......ID 0,0-780,198 #2bc} during second layout pass: posting in next frame
12-31 04:56:52.544 W/View ( 1996): requestLayout() improperly called by com.android.systemui.statusbar.AlphaOptimizedImageView{e8a8227 VFED..C.. ......ID 0,0-140,84} during second layout pass: posting in next frame
12-31 04:56:52.545 I/sysui_multi_action( 1505): [757,803,799,window_time_0,802,0]
12-31 04:56:52.547 I/input_focus( 1505): [Focus leaving 118d9e1 com.thundercomm.screensaver/android.service.dreams.DreamActivity (server),reason=NO_WINDOW]
12-31 04:56:52.548 I/GameMode_ActivityMonitoringService(12686): Updating top task to: TaskInfoContainer [topActivity=ComponentInfo{com.android.launcher3/com.android.launcher3.uioverrides.QuickstepLauncher}, taskId=9, stackId=1, userId=0, displayId=0, position=5
12-31 04:56:52.548 I/GameMode_ActivityMonitoringService(12686): Notifying about top task: TaskInfoContainer [topActivity=ComponentInfo{com.android.launcher3/com.android.launcher3.uioverrides.QuickstepLauncher}, taskId=9, stackId=1, userId=0, displayId=0, position=5
12-31 04:56:52.548 E/GameMode_ActivityMonitoringService(12686): onActivityLaunch:com.android.launcher3
12-31 04:56:52.548 V/GameMode_GameTypeUtils(12686): judge isGame:com.android.launcher3
12-31 04:56:52.548 V/GameMode_GpuUtils(12686): fps:60
12-31 04:56:52.548 W/View ( 1996): requestLayout() improperly called by android.widget.FrameLayout{7ce9444 I.E...... ......ID 0,0-780,198 #2bc} during layout: running second layout pass
12-31 04:56:52.548 W/View ( 1996): requestLayout() improperly called by com.android.systemui.statusbar.AlphaOptimizedImageView{476e623 VFED..C.. ......ID 0,0-140,198} during layout: running second layout pass
12-31 04:56:52.548 W/View ( 1996): requestLayout() improperly called by android.widget.FrameLayout{ef542c I.E...... ......ID 0,0-780,198 #2bc} during layout: running second layout pass
12-31 04:56:52.548 W/View ( 1996): requestLayout() improperly called by com.android.systemui.statusbar.AlphaOptimizedImageView{e8a8227 VFED..C.. ......ID 0,0-140,84} during layout: running second layout pass
12-31 04:56:52.549 I/wm_on_restart_called( 2581): [83241864,com.android.launcher3.uioverrides.QuickstepLauncher,performRestartActivity]
12-31 04:56:52.549 I/view_enqueue_input_event(18665): [Motion - Cancel,com.thundercomm.screensaver/android.service.dreams.DreamActivity]
12-31 04:56:52.549 I/wm_on_start_called( 2581): [83241864,com.android.launcher3.uioverrides.QuickstepLauncher,handleStartActivity]
12-31 04:56:52.550 I/wm_on_resume_called( 2581): [83241864,com.android.launcher3.uioverrides.QuickstepLauncher,RESUME_ACTIVITY]
12-31 04:56:52.550 I/wm_on_top_resumed_gained_called( 2581): [83241864,com.android.launcher3.uioverrides.QuickstepLauncher,topWhenResuming]
12-31 04:56:52.551 D/GameMode_GameModeActionUtils(12686): Show GameMode entry by service!
12-31 04:56:52.552 W/ContextImpl(12686): Calling a method in the system process without a qualified user: android.app.ContextImpl.startService:1816 android.content.ContextWrapper.startService:774 com.thundercomm.gamemode.ingame.services.GameModeActionUtils.startGameModeService:99 com.thundercomm.gamemode.ingame.services.GameModeActionUtils.startGameModeEntry:22 com.thundercomm.gamemode.ingame.services.ActivityMonitoringService$1.onActivityLaunch:127
12-31 04:56:52.553 D/GameModeIF_GameModeSettings(12686): getUriFor setting_content_uri_root = content://com.thundercomm.gamemode.api/gamemode_settings , name = gamemode_isgaming
12-31 04:56:52.553 D/GameMode_GameModeService(12686): type=hide_entry
12-31 04:56:52.554 I/input_interaction( 1505): Interaction with: swipe-up (server), edge-swipe (server), PointerEventDispatcher0 (server),
12-31 04:56:52.556 I/GameModeConfig( 1505): Current uri is uri = content://com.thundercomm.gamemode.api/gamemode_settings/gamemode_isgaming
12-31 04:56:52.556 D/GameModeIF_GameModeSettings( 1505): getUriFor setting_content_uri_root = content://com.thundercomm.gamemode.api/gamemode_settings , name = gamemode_isgaming
12-31 04:56:52.556 D/GameModeIF_GameModeSettings(12686): gamemode_isgaming set to 0
12-31 04:56:52.557 I/GameModeConfig( 1505): isGameModeOn = false
12-31 04:56:52.557 I/GameModeConfig( 1505): isGameModeOn = false
12-31 04:56:52.557 I/GameModeConfig( 1505): isDisableVoice = true
12-31 04:56:52.558 D/GameMode_GameSettingsObserver(12686): Game Data change!!!! uri = content://com.thundercomm.gamemode.api/gamemode_settings/gamemode_isgaming
12-31 04:56:52.558 D/GameModeIF_GameModeSettings(12686): getUriFor setting_content_uri_root = content://com.thundercomm.gamemode.api/gamemode_settings , name = gamemode_isgaming
12-31 04:56:52.559 D/GameMode_GameModeService(12686): updateGlobalSettings = gamemode_isgaming
12-31 04:56:52.566 I/input_focus( 1505): [Focus request 3670d14 com.android.launcher3/com.android.launcher3.uioverrides.QuickstepLauncher,reason=UpdateInputWindows]
12-31 04:56:52.568 W/FreeFormWindowHelper( 1505): getCurrentDisplayedFreeFormTask is null
12-31 04:56:52.580 I/input_focus( 1505): [Focus entering 3670d14 com.android.launcher3/com.android.launcher3.uioverrides.QuickstepLauncher (server),reason=setFocusedWindow]
12-31 04:56:52.581 I/PowerManagerService( 1505): Powering on display group fromDreaming (groupId=0, uid=1000, reason=WAKE_REASON_UNKNOWN, details=android.server.power:DREAM_FINISHED)...
12-31 04:56:52.581 I/PowerManagerService( 1505): Waking up from Dreaming (uid=1000, reason=WAKE_REASON_UNKNOWN, details=android.server.power:DREAM_FINISHED)...
12-31 04:56:52.588 W/View ( 1996): requestLayout() improperly called by android.widget.FrameLayout{7ce9444 I.E...... ......ID 0,0-780,198 #2bc} during second layout pass: posting in next frame
12-31 04:56:52.588 W/View ( 1996): requestLayout() improperly called by com.android.systemui.statusbar.AlphaOptimizedImageView{476e623 VFED..C.. ......ID 0,0-140,198} during second layout pass: posting in next frame
12-31 04:56:52.588 W/View ( 1996): requestLayout() improperly called by android.widget.FrameLayout{ef542c I.E...... ......ID 0,0-780,198 #2bc} during second layout pass: posting in next frame
12-31 04:56:52.588 W/View ( 1996): requestLayout() improperly called by com.android.systemui.statusbar.AlphaOptimizedImageView{e8a8227 VFED..C.. ......ID 0,0-140,84} during second layout pass: posting in next frame
12-31 04:56:52.600 W/View ( 1996): requestLayout() improperly called by android.widget.FrameLayout{7ce9444 I.E...... ......ID 0,0-780,198 #2bc} during layout: running second layout pass
12-31 04:56:52.600 W/View ( 1996): requestLayout() improperly called by com.android.systemui.statusbar.AlphaOptimizedImageView{476e623 VFED..C.. ......ID 0,0-140,198} during layout: running second layout pass
12-31 04:56:52.600 W/View ( 1996): requestLayout() improperly called by android.widget.FrameLayout{ef542c I.E...... ......ID 0,0-780,198 #2bc} during layout: running second layout pass
12-31 04:56:52.600 W/View ( 1996): requestLayout() improperly called by com.android.systemui.statusbar.AlphaOptimizedImageView{e8a8227 VFED..C.. ......ID 0,0-140,84} during layout: running second layout pass
12-31 04:56:52.615 W/View ( 1996): requestLayout() improperly called by android.widget.FrameLayout{7ce9444 I.E...... ......ID 0,0-780,198 #2bc} during second layout pass: posting in next frame
12-31 04:56:52.615 W/View ( 1996): requestLayout() improperly called by com.android.systemui.statusbar.AlphaOptimizedImageView{476e623 VFED..C.. ......ID 0,0-140,198} during second layout pass: posting in next frame
12-31 04:56:52.615 W/View ( 1996): requestLayout() improperly called by android.widget.FrameLayout{ef542c I.E...... ......ID 0,0-780,198 #2bc} during second layout pass: posting in next frame
12-31 04:56:52.615 W/View ( 1996): requestLayout() improperly called by com.android.systemui.statusbar.AlphaOptimizedImageView{e8a8227 VFED..C.. ......ID 0,0-140,84} during second layout pass: posting in next frame
12-31 04:56:52.634 W/View ( 1996): requestLayout() improperly called by android.widget.FrameLayout{7ce9444 I.E...... ......ID 0,0-780,198 #2bc} during layout: running second layout pass
12-31 04:56:52.634 W/View ( 1996): requestLayout() improperly called by com.android.systemui.statusbar.AlphaOptimizedImageView{476e623 VFED..C.. ......ID 0,0-140,198} during layout: running second layout pass
12-31 04:56:52.634 W/View ( 1996): requestLayout() improperly called by android.widget.FrameLayout{ef542c I.E...... ......ID 0,0-780,198 #2bc} during layout: running second layout pass
12-31 04:56:52.634 W/View ( 1996): requestLayout() improperly called by com.android.systemui.statusbar.AlphaOptimizedImageView{e8a8227 VFED..C.. ......ID 0,0-140,84} during layout: running second layout pass
12-31 04:56:52.640 I/GameMode_ActivityMonitoringService(12686): onTaskStackChanged
12-31 04:56:52.643 I/GameMode_ActivityMonitoringService(12686): Updating top task to: TaskInfoContainer [topActivity=ComponentInfo{com.android.launcher3/com.android.launcher3.uioverrides.QuickstepLauncher}, taskId=9, stackId=1, userId=0, displayId=0, position=5
12-31 04:56:52.644 I/GameMode_ActivityMonitoringService(12686): Notifying about top task: TaskInfoContainer [topActivity=ComponentInfo{com.android.launcher3/com.android.launcher3.uioverrides.QuickstepLauncher}, taskId=9, stackId=1, userId=0, displayId=0, position=5
12-31 04:56:52.644 E/GameMode_ActivityMonitoringService(12686): onActivityLaunch:com.android.launcher3
12-31 04:56:52.644 V/GameMode_GameTypeUtils(12686): judge isGame:com.android.launcher3
12-31 04:56:52.644 V/GameMode_GpuUtils(12686): fps:60
12-31 04:56:52.646 D/GameMode_GameModeActionUtils(12686): Show GameMode entry by service!
12-31 04:56:52.646 W/ContextImpl(12686): Calling a method in the system process without a qualified user: android.app.ContextImpl.startService:1816 android.content.ContextWrapper.startService:774 com.thundercomm.gamemode.ingame.services.GameModeActionUtils.startGameModeService:99 com.thundercomm.gamemode.ingame.services.GameModeActionUtils.startGameModeEntry:22 com.thundercomm.gamemode.ingame.services.ActivityMonitoringService$1.onActivityLaunch:127
12-31 04:56:52.648 D/GameMode_GameModeService(12686): type=hide_entry
12-31 04:56:52.649 D/GameModeIF_GameModeSettings(12686): getUriFor setting_content_uri_root = content://com.thundercomm.gamemode.api/gamemode_settings , name = gamemode_isgaming
12-31 04:56:52.651 D/GameModeIF_GameModeSettings(12686): gamemode_isgaming set to 0
12-31 04:56:52.651 I/GameModeConfig( 1505): Current uri is uri = content://com.thundercomm.gamemode.api/gamemode_settings/gamemode_isgaming
12-31 04:56:52.651 D/GameModeIF_GameModeSettings( 1505): getUriFor setting_content_uri_root = content://com.thundercomm.gamemode.api/gamemode_settings , name = gamemode_isgaming
12-31 04:56:52.656 W/View ( 1996): requestLayout() improperly called by android.widget.FrameLayout{7ce9444 I.E...... ......ID 0,0-780,198 #2bc} during second layout pass: posting in next frame
12-31 04:56:52.656 W/View ( 1996): requestLayout() improperly called by com.android.systemui.statusbar.AlphaOptimizedImageView{476e623 VFED..C.. ......ID 0,0-140,198} during second layout pass: posting in next frame
12-31 04:56:52.656 W/View ( 1996): requestLayout() improperly called by android.widget.FrameLayout{ef542c I.E...... ......ID 0,0-780,198 #2bc} during second layout pass: posting in next frame
12-31 04:56:52.656 W/View ( 1996): requestLayout() improperly called by com.android.systemui.statusbar.AlphaOptimizedImageView{e8a8227 VFED..C.. ......ID 0,0-140,84} during second layout pass: posting in next frame
12-31 04:56:52.657 I/GameModeConfig( 1505): isGameModeOn = false
12-31 04:56:52.657 I/GameModeConfig( 1505): isGameModeOn = false
12-31 04:56:52.657 I/GameModeConfig( 1505): isDisableVoice = true
12-31 04:56:52.661 D/GameMode_GameSettingsObserver(12686): Game Data change!!!! uri = content://com.thundercomm.gamemode.api/gamemode_settings/gamemode_isgaming
12-31 04:56:52.661 D/GameModeIF_GameModeSettings(12686): getUriFor setting_content_uri_root = content://com.thundercomm.gamemode.api/gamemode_settings , name = gamemode_isgaming
12-31 04:56:52.663 D/GameMode_GameModeService(12686): updateGlobalSettings = gamemode_isgaming
12-31 04:56:52.670 W/View ( 1996): requestLayout() improperly called by android.widget.FrameLayout{7ce9444 I.E...... ......ID 0,0-780,198 #2bc} during layout: running second layout pass
12-31 04:56:52.670 W/View ( 1996): requestLayout() improperly called by com.android.systemui.statusbar.AlphaOptimizedImageView{476e623 VFED..C.. ......ID 0,0-140,198} during layout: running second layout pass
12-31 04:56:52.670 W/View ( 1996): requestLayout() improperly called by android.widget.FrameLayout{ef542c I.E...... ......ID 0,0-780,198 #2bc} during layout: running second layout pass
12-31 04:56:52.670 W/View ( 1996): requestLayout() improperly called by com.android.systemui.statusbar.AlphaOptimizedImageView{e8a8227 VFED..C.. ......ID 0,0-140,84} during layout: running second layout pass
12-31 04:56:52.681 W/View ( 1996): requestLayout() improperly called by android.widget.FrameLayout{7ce9444 I.E...... ......ID 0,0-780,198 #2bc} during second layout pass: posting in next frame
12-31 04:56:52.682 W/View ( 1996): requestLayout() improperly called by com.android.systemui.statusbar.AlphaOptimizedImageView{476e623 VFED..C.. ......ID 0,0-140,198} during second layout pass: posting in next frame
12-31 04:56:52.682 W/View ( 1996): requestLayout() improperly called by android.widget.FrameLayout{ef542c I.E...... ......ID 0,0-780,198 #2bc} during second layout pass: posting in next frame
12-31 04:56:52.682 W/View ( 1996): requestLayout() improperly called by com.android.systemui.statusbar.AlphaOptimizedImageView{e8a8227 VFED..C.. ......ID 0,0-140,84} during second layout pass: posting in next frame
12-31 04:56:52.700 W/View ( 1996): requestLayout() improperly called by android.widget.FrameLayout{7ce9444 I.E...... ......ID 0,0-780,198 #2bc} during layout: running second layout pass
12-31 04:56:52.700 W/View ( 1996): requestLayout() improperly called by com.android.systemui.statusbar.AlphaOptimizedImageView{476e623 VFED..C.. ......ID 0,0-140,198} during layout: running second layout pass
12-31 04:56:52.700 W/View ( 1996): requestLayout() improperly called by android.widget.FrameLayout{ef542c I.E...... ......ID 0,0-780,198 #2bc} during layout: running second layout pass
12-31 04:56:52.700 W/View ( 1996): requestLayout() improperly called by com.android.systemui.statusbar.AlphaOptimizedImageView{e8a8227 VFED..C.. ......ID 0,0-140,84} during layout: running second layout pass
12-31 04:56:52.715 W/View ( 1996): requestLayout() improperly called by android.widget.FrameLayout{7ce9444 I.E...... ......ID 0,0-780,198 #2bc} during second layout pass: posting in next frame
12-31 04:56:52.715 W/View ( 1996): requestLayout() improperly called by com.android.systemui.statusbar.AlphaOptimizedImageView{476e623 VFED..C.. ......ID 0,0-140,198} during second layout pass: posting in next frame
12-31 04:56:52.715 W/View ( 1996): requestLayout() improperly called by android.widget.FrameLayout{ef542c I.E...... ......ID 0,0-780,198 #2bc} during second layout pass: posting in next frame
12-31 04:56:52.715 W/View ( 1996): requestLayout() improperly called by com.android.systemui.statusbar.AlphaOptimizedImageView{e8a8227 VFED..C.. ......ID 0,0-140,84} during second layout pass: posting in next frame
12-31 04:56:52.736 W/View ( 1996): requestLayout() improperly called by android.widget.FrameLayout{7ce9444 I.E...... ......ID 0,0-780,198 #2bc} during layout: running second layout pass
12-31 04:56:52.736 W/View ( 1996): requestLayout() improperly called by com.android.systemui.statusbar.AlphaOptimizedImageView{476e623 VFED..C.. ......ID 0,0-140,198} during layout: running second layout pass
12-31 04:56:52.736 W/View ( 1996): requestLayout() improperly called by android.widget.FrameLayout{ef542c I.E...... ......ID 0,0-780,198 #2bc} during layout: running second layout pass
12-31 04:56:52.736 W/View ( 1996): requestLayout() improperly called by com.android.systemui.statusbar.AlphaOptimizedImageView{e8a8227 VFED..C.. ......ID 0,0-140,84} during layout: running second layout pass
12-31 04:56:52.748 W/View ( 1996): requestLayout() improperly called by android.widget.FrameLayout{7ce9444 I.E...... ......ID 0,0-780,198 #2bc} during second layout pass: posting in next frame
12-31 04:56:52.748 W/View ( 1996): requestLayout() improperly called by com.android.systemui.statusbar.AlphaOptimizedImageView{476e623 VFED..C.. ......ID 0,0-140,198} during second layout pass: posting in next frame
12-31 04:56:52.748 W/View ( 1996): requestLayout() improperly called by android.widget.FrameLayout{ef542c I.E...... ......ID 0,0-780,198 #2bc} during second layout pass: posting in next frame
12-31 04:56:52.748 W/View ( 1996): requestLayout() improperly called by com.android.systemui.statusbar.AlphaOptimizedImageView{e8a8227 VFED..C.. ......ID 0,0-140,84} during second layout pass: posting in next frame
12-31 04:56:52.768 W/View ( 1996): requestLayout() improperly called by android.widget.FrameLayout{7ce9444 I.E...... ......ID 0,0-780,198 #2bc} during layout: running second layout pass
12-31 04:56:52.768 W/View ( 1996): requestLayout() improperly called by com.android.systemui.statusbar.AlphaOptimizedImageView{476e623 VFED..C.. ......ID 0,0-140,198} during layout: running second layout pass
12-31 04:56:52.768 W/View ( 1996): requestLayout() improperly called by android.widget.FrameLayout{ef542c I.E...... ......ID 0,0-780,198 #2bc} during layout: running second layout pass
12-31 04:56:52.768 W/View ( 1996): requestLayout() improperly called by com.android.systemui.statusbar.AlphaOptimizedImageView{e8a8227 VFED..C.. ......ID 0,0-140,84} during layout: running second layout pass
